--This is a VIEW for Contact Team in a real env.
insert into auto_ct_isales_proc_vw (userid, contactid, ID, action) values ('testuser-la', 'contact1-la', 'id-100-la', 'ADD');
insert into auto_ct_isales_proc_vw (userid, contactid, ID, action) values ('testuser-la', 'contact2-la', 'id-200-la', 'DEL');

--This is a VIEW for Contact Team in a real env.
insert into auto_ALL_isales_proc_vw (alocacion, action) values ('nueva alocacion-la', 'ADD');
insert into auto_ALL_isales_proc_vw (alocacion, action) values ('borrada alocacion-la', 'DEL');

insert into WS_MONITOR (WS_NAME, DEL_ITEM_NAME, EX_DATE, SYNC_DATE, EX_DURATION, ROWS_PROCESSED, ROWS_DELETED, EX_STATUS, CRM_STATUS, WIMP_STATUS)
  VALUES ('WS-PROCESSID-1', null, sysdate, sysdate, '01:05:10', 2, 4, 'SUCCESSFUL', 'IN_PROGRESS', 'ERROR');
insert into WS_MONITOR (WS_NAME, DEL_ITEM_NAME, EX_DATE, SYNC_DATE, EX_DURATION, ROWS_PROCESSED, ROWS_DELETED, EX_STATUS, CRM_STATUS, WIMP_STATUS)
  VALUES ('WS-PROCESSID-2', null, sysdate, sysdate, '00:01:05', 1, 1, 'SUCCESSFUL', 'SUCCESSFUL', null);
insert into WS_MONITOR (WS_NAME, DEL_ITEM_NAME, EX_DATE, SYNC_DATE, EX_DURATION, ROWS_PROCESSED, ROWS_DELETED, EX_STATUS, CRM_STATUS, WIMP_STATUS)
  VALUES ('WS-PROCESSID-3', null, sysdate, sysdate, '00:01:05', 0, 0, 'SUCCESSFUL', null, 'SUCCESSFUL');
insert into WS_MONITOR (WS_NAME, DEL_ITEM_NAME, EX_DATE, SYNC_DATE, EX_DURATION, ROWS_PROCESSED, ROWS_DELETED, EX_STATUS, CRM_STATUS, WIMP_STATUS)
  VALUES ('WS-PROCESSID-6', null, sysdate, sysdate, '03:10:25', 99, 11, 'SUCCESSFUL', 'SUCCESSFUL', 'SUCCESSFUL');

insert into APP_TASK_SCHEDULER (
  TASK_NAME, REGION, PROCESS_TYPE, PROCESS_ID, TASK_STATUS, LOCATION, APPLICATION_NAME, ARGUMENTS, REP, SEQUENTIAL_ORDER, ROWS_PROCESSED, ROWS_DELETED, DURATION, START_TIME, FINISH_TIME, ACTIVE, DESCRIPTION,RE_RUNNING) 
	VALUES ('DAILY', 'LA', 'JAVA', 'PROCESSID-1', 'COMPLETED', '/APP-REPO', 'connect-isales-modification-tracking',	'DAILY LA connect-isales-modification-tracking', 'Y', 1, 25, 12, NULL, NULL, NULL, 'Y', 'Daily Java Process #1', 'Y');


insert into APP_TASK_SCHEDULER (
  TASK_NAME, REGION, PROCESS_TYPE, PROCESS_ID, TASK_STATUS, LOCATION, APPLICATION_NAME, ARGUMENTS, REP, SEQUENTIAL_ORDER, ROWS_PROCESSED, ROWS_DELETED, DURATION, START_TIME, FINISH_TIME, ACTIVE, DESCRIPTION,RE_RUNNING) 
	VALUES ('NIGHTLY', 'LA', 'JAVA', 'PROCESSID-2', 'COMPLETED', '/APP-REPO', 'connect-isales-modification-tracking', 'NIGHTLY LA connect-isales-modification-tracking', 'Y', 1, 0, 0, NULL, NULL, NULL, 'Y', 'Nightly Java Process #2', 'Y');
insert into APP_TASK_SCHEDULER (
  TASK_NAME, REGION, PROCESS_TYPE, PROCESS_ID, TASK_STATUS, LOCATION, APPLICATION_NAME, ARGUMENTS, REP, SEQUENTIAL_ORDER, ROWS_PROCESSED, ROWS_DELETED, DURATION, START_TIME, FINISH_TIME, ACTIVE, DESCRIPTION,RE_RUNNING) 
	VALUES ('NIGHTLY', 'LA', 'JAVA', 'PROCESSID-3', 'IN_PROGRESS', '/APP-REPO', 'connect-ws-soap-client', 'NIGHTLY LA connect-ws-soap-client', 'Y', 2, 0, 0, NULL, NULL, NULL, 'Y', 'Nightly Java Process #3', 'Y');
insert into APP_TASK_SCHEDULER (
  TASK_NAME, REGION, PROCESS_TYPE, PROCESS_ID, TASK_STATUS, LOCATION, APPLICATION_NAME, ARGUMENTS, REP, SEQUENTIAL_ORDER, ROWS_PROCESSED, ROWS_DELETED, DURATION, START_TIME, FINISH_TIME, ACTIVE, DESCRIPTION,RE_RUNNING) 
	VALUES ('NIGHTLY', 'LA', 'JAVA', 'PROCESSID-4', 'ERROR', '/APP-REPO', 'connect-ws-service', 'NIGHTLY LA connect-ws-service', 'Y', 3, 0, 0, NULL, NULL, NULL, 'Y', 'Nightly Java Process #4', 'Y');
insert into APP_TASK_SCHEDULER (
  TASK_NAME, REGION, PROCESS_TYPE, PROCESS_ID, TASK_STATUS, LOCATION, APPLICATION_NAME, ARGUMENTS, REP, SEQUENTIAL_ORDER, ROWS_PROCESSED, ROWS_DELETED, DURATION, START_TIME, FINISH_TIME, ACTIVE, DESCRIPTION,RE_RUNNING) 
	VALUES ('NIGHTLY', 'LA', 'JAVA', 'PROCESSID-5', 'COMPLETED', '/APP-REPO', 'connect-APP-INACTIVE', 'NIGHTLY LA connect-APP-INACTIVE', 'Y', 4, 0, 0, NULL, NULL, NULL, 'N', 'Nightly Java Process #5', 'Y');
insert into APP_TASK_SCHEDULER (
  TASK_NAME, REGION, PROCESS_TYPE, PROCESS_ID, TASK_STATUS, LOCATION, APPLICATION_NAME, ARGUMENTS, REP, SEQUENTIAL_ORDER, ROWS_PROCESSED, ROWS_DELETED, DURATION, START_TIME, FINISH_TIME, ACTIVE, DESCRIPTION,RE_RUNNING) 
	VALUES ('NIGHTLY', 'LA', 'WS', 'WS-PROCESSID-6', 'COMPLETED', '/APP-REPO', 'SodMasterWS.exe', null, 'Y', 5, 0, 0, NULL, NULL, NULL, 'Y', 'Nightly Java Process #6', 'Y');

-- Records to test the RESTART feature.
insert into APP_TASK_SCHEDULER (
  TASK_NAME, REGION, PROCESS_TYPE, PROCESS_ID, TASK_STATUS, LOCATION, APPLICATION_NAME, ARGUMENTS, REP, SEQUENTIAL_ORDER, ROWS_PROCESSED, ROWS_DELETED, DURATION, START_TIME, FINISH_TIME, ACTIVE, DESCRIPTION,RE_RUNNING) 
	VALUES ('HOURLY', 'LA', 'WS', 'WS-PROCESSID-7', 'RESTART', '/APP-REPO', 'SodMasterWS-1.exe', 'arg1', 'Y', 1, 0, 0, NULL, NULL, NULL, 'Y', 'Hourly Web Service Process #7', 'Y');
insert into APP_TASK_SCHEDULER (
  TASK_NAME, REGION, PROCESS_TYPE, PROCESS_ID, TASK_STATUS, LOCATION, APPLICATION_NAME, ARGUMENTS, REP, SEQUENTIAL_ORDER, ROWS_PROCESSED, ROWS_DELETED, DURATION, START_TIME, FINISH_TIME, ACTIVE, DESCRIPTION,RE_RUNNING) 
	VALUES ('HOURLY', 'LA', 'WS', 'WS-PROCESSID-8', 'RESTART', '/APP-REPO', 'SodMasterWS-2.exe', 'arg1 arg2', 'Y', 2, 0, 0, NULL, NULL, NULL, 'Y', 'Hourly Web Service Process #8', 'Y');

insert into dashb_monitor (STATUS, ENABLE, STATUS_COGNOS, COUNTRY) values ('N', 0, 'N', 'LA');

--This is a VIEW for Contact Team in a real env.
insert into auto_at_isales_proc_vw (userid, accountid, ID, action) values ('testuser-la', 'account1-la', 'id-100-la', 'ADD');
insert into auto_at_isales_proc_vw (userid, accountid, ID, action) values ('testuser-la', 'account2-la', 'id-200-la', 'DEL');


-- Business Rules test
insert into TASK_BUSINESS_RULE
   (COUNTRY, ID_RULE, BUSINESS_UNIT, STATUS, PARAMETER, RULE, DESCRIPTION, FIELD)
 values
   ('TEST1-COUNTRY', 'TEST1-ID', 'TEST1-BU', 'Active', 'TEST1-RULE', NULL, NULL, NULL);
insert into TASK_BUSINESS_RULE
   (COUNTRY, ID_RULE, BUSINESS_UNIT, STATUS, PARAMETER, RULE, DESCRIPTION, FIELD)
 values
   ('NA', 'TEST2-ID', 'TEST2-BU', 'Active', 'TEST2-RULE', NULL, NULL, NULL);
insert into TASK_BUSINESS_RULE
   (COUNTRY, ID_RULE, BUSINESS_UNIT, STATUS, PARAMETER, RULE, DESCRIPTION, FIELD)
 values
   ('TEST3-COUNTRY', 'TEST3-ID', 'NA', 'Active', 'TEST3-RULE', NULL,NULL,NULL);
insert into TASK_BUSINESS_RULE
   (COUNTRY, ID_RULE, BUSINESS_UNIT, STATUS, PARAMETER, RULE, DESCRIPTION, FIELD)
 values
   ('NA', 'TEST4-ID', 'NA', 'Active','TEST4-ID', NULL,NULL,NULL);
insert into TASK_BUSINESS_RULE
   (COUNTRY, ID_RULE, BUSINESS_UNIT, STATUS, PARAMETER, RULE, DESCRIPTION, FIELD)
 values
   ('NA', 'TEST1-ID', 'NA', 'Active','TEST1-ID', NULL,NULL,NULL);
insert into TASK_BUSINESS_RULE
   (COUNTRY, ID_RULE, BUSINESS_UNIT, STATUS, PARAMETER, RULE, DESCRIPTION, FIELD)
 values
   ('TEST1-COUNTRY', 'TEST1-ID', 'NA', 'Active','TEST1-ID', NULL,NULL,NULL);  
insert into TASK_BUSINESS_RULE
   (COUNTRY, ID_RULE, BUSINESS_UNIT, STATUS, PARAMETER, RULE, DESCRIPTION, FIELD)
 values
   ('NA', 'TEST1-ID', 'TEST1-BU', 'Active','TEST1-ID', NULL,NULL,NULL);

-- INSERT EMPLOYEES test  
insert into EMPLOYEES
   (USERID, REGION, DEPARTMENT, DISTRICT, TERRITORY, 
    BUSINESSUNIT, USERFIRSTNAME, USERMIDDLENAME, WEINNO, USERLASTNAME, 
    JOBTITLE, BUSINESSUNITLEVEL1, DIVISION, ROLEID, ROLEDESC, 
    SUPERVISORID, EMAILADDR, LOGINID, USERSTATUS, SALESTEAMID, 
    EXTID, COUNTRY, UPD_DT, UPD_ID, TEST, 
    CRE_DT, CRE_ID, TEL, ADD1, ADD2, 
    ADD3, PCD, CTY, PRV, DLV_COM, 
    JDE_CODE, TEMP_DISABLED)
 Values
   ('AJIA-EIXZIK', 'Peru', NULL, NULL, NULL, 
    'PRIMARY CARE', 'CARLA VERONICA', NULL, '51188264', 'RAMIREZ MONTOYA', 
    'PM', '-', 'MSD PERU', 'AJIA-O0FD0', 'LA-FLM-LSV', 
    'AJIA-LNGZ7L', 'carla.veronica.ramirez@example.com', 'RACARLAV', 'Active', 'PE-LINEA D', 
    '51188264', 'Peru', TO_DATE('09/08/2015 20:34:31', 'MM/DD/YYYY HH24:MI:SS'), 'AGEA-ACU4WZ', 'False', 
    TO_DATE('03/04/2014 15:56:54', 'MM/DD/YYYY HH24:MI:SS'), 'AJIA-21J2X7', '+1', NULL, NULL, 
    NULL, NULL, NULL, NULL, NULL, 
    NULL, NULL);
insert into EMPLOYEES
   (USERID, REGION, DEPARTMENT, DISTRICT, TERRITORY, 
    BUSINESSUNIT, USERFIRSTNAME, USERMIDDLENAME, WEINNO, USERLASTNAME, 
    JOBTITLE, BUSINESSUNITLEVEL1, DIVISION, ROLEID, ROLEDESC, 
    SUPERVISORID, EMAILADDR, LOGINID, USERSTATUS, SALESTEAMID, 
    EXTID, COUNTRY, UPD_DT, UPD_ID, TEST, 
    CRE_DT, CRE_ID, TEL, ADD1, ADD2, 
    ADD3, PCD, CTY, PRV, DLV_COM, 
    JDE_CODE, TEMP_DISABLED)
 Values
   ('AJIA-6LQRUR', 'Peru', NULL, NULL, NULL, 
    'PRIMARY CARE', 'CARLA', NULL, '53078681', 'SOLIMANO', 
    'PM', '-', 'MSD Peru', 'AJIA-O0FD0', 'LA-FLM-LSV', 
    'AJIA-LNGZ7L', 'carla.solimano@example.com', 'CSOLIMAN', 'Active', 'PE-LINEA M', 
    '53078681', 'Peru', TO_DATE('09/08/2015 20:34:31', 'MM/DD/YYYY HH24:MI:SS'), 'AGEA-ACU4WZ', 'False', 
    TO_DATE('04/26/2013 17:17:54', 'MM/DD/YYYY HH24:MI:SS'), 'AJIA-21J2X7', '+41 15172', NULL, NULL, 
    NULL, NULL, NULL, NULL, NULL, 
    NULL, NULL);
insert into EMPLOYEES
   (USERID, REGION, DEPARTMENT, DISTRICT, TERRITORY, 
    BUSINESSUNIT, USERFIRSTNAME, USERMIDDLENAME, WEINNO, USERLASTNAME, 
    JOBTITLE, BUSINESSUNITLEVEL1, DIVISION, ROLEID, ROLEDESC, 
    SUPERVISORID, EMAILADDR, LOGINID, USERSTATUS, SALESTEAMID, 
    EXTID, COUNTRY, UPD_DT, UPD_ID, TEST, 
    CRE_DT, CRE_ID, TEL, ADD1, ADD2, 
    ADD3, PCD, CTY, PRV, DLV_COM, 
    JDE_CODE, TEMP_DISABLED)
 Values
   ('AJIA-AY4Y3I', 'Peru', NULL, 'MINSA', 'MINSA', 
    'KAM', 'JOSE LUIS', NULL, '51178932', 'FERRANDIZ', 
    'Mr.', '-', 'MSD Peru', 'AJIA-F6Q00', 'LA-PSR-LSV', 
    'AJIA-3G083C', 'jose.luis.ferrandiz.quiroz@example.com', 'FEJOSELU', 'Active', 'PE-KAM', 
    '51178932', 'Peru', TO_DATE('09/08/2015 20:34:32', 'MM/DD/YYYY HH24:MI:SS'), 'AGEA-ACU4WZ', 'False', 
    TO_DATE('09/24/2013 12:24:08', 'MM/DD/YYYY HH24:MI:SS'), 'AJIA-21J2X7', '+1', NULL, NULL, 
    NULL, NULL, NULL, NULL, NULL, 
    NULL, NULL);

--
-- Contacts Data
Insert into CONTACTS (PRIMARY_COUNTRY,CONTACTID,CONTACTFIRSTNAME,CONTACTLASTNAME,CONTACTEMAIL,CONTACTTYPE,LOCALREF,EXTID,STATUS,ACCOUNTID)
values ('Colombia','AGEA-4RY0UP','Jose David','Miranda Echavarria',null,'Physician','71774733','CO_CST_5430','Active','AGEA-4QLX16');
insert into EMPLOYEES (USERID, COUNTRY) Values ('AGEA-5DBM5Q', 'Colombia');


--
-- Time Cycles


 
 Insert into TIMECYCLES
   (COUNTRY, CYCLEYEAR, CYCLEID, CYCLESTART, CYCLEEND, 
    BKPROMOTIONALCYCLE, ID, CRE_STA_DT, CRE_END_DT, CRE_APP_DT, 
    DEL_STA_DT, DEL_END_DT, DEL_APP_DT, HIS_SNAP, BUSINESS_UNIT, 
    INV_STA_DT, INV_END_DT, DUMMY, CRE_STA_DT_ACC, CRE_END_DT_ACC, 
    CRE_APP_DT_ACC, DEL_STA_DT_ACC, DEL_END_DT_ACC, DEL_APP_DT_ACC)
 values
   ('CRO', '2016', '02', TO_DATE('02/01/2016 00:00:00', 'MM/DD/YYYY HH24:MI:SS'), TO_DATE('02/29/2016 00:00:00', 'MM/DD/YYYY HH24:MI:SS'), 
    'CA-2016-2', 'AJIA-TQ3A1F', SYSDATE, TO_DATE('02/29/2040 00:00:00', 'MM/DD/YYYY HH24:MI:SS'),  TO_DATE('02/29/2040 00:00:00', 'MM/DD/YYYY HH24:MI:SS'), 
    SYSDATE, TO_DATE('01/01/2050 00:00:00', 'MM/DD/YYYY HH24:MI:SS'), TO_DATE('02/29/2016 00:00:00', 'MM/DD/YYYY HH24:MI:SS'), NULL, NULL, 
    NULL, NULL, NULL, SYSDATE, TO_DATE('02/29/2040 00:00:00', 'MM/DD/YYYY HH24:MI:SS'), 
    TO_DATE('02/29/2016 00:00:00', 'MM/DD/YYYY HH24:MI:SS'), TO_DATE('05/10/2016 14:00:00', 'MM/DD/YYYY HH24:MI:SS'), TO_DATE('02/29/2040 00:00:00', 'MM/DD/YYYY HH24:MI:SS'), TO_DATE('02/29/2016 00:00:00', 'MM/DD/YYYY HH24:MI:SS'));

   
 Insert into TIMECYCLES
   (COUNTRY, CYCLEYEAR, CYCLEID, CYCLESTART, CYCLEEND, 
    BKPROMOTIONALCYCLE, ID, CRE_STA_DT, CRE_END_DT, CRE_APP_DT, 
    DEL_STA_DT, DEL_END_DT, DEL_APP_DT, HIS_SNAP, BUSINESS_UNIT, 
    INV_STA_DT, INV_END_DT, DUMMY, CRE_STA_DT_ACC, CRE_END_DT_ACC, 
    CRE_APP_DT_ACC, DEL_STA_DT_ACC, DEL_END_DT_ACC, DEL_APP_DT_ACC)
 values
   ('Ecuador', '2016', '02', TO_DATE('02/01/2016 00:00:00', 'MM/DD/YYYY HH24:MI:SS'), TO_DATE('02/29/2016 00:00:00', 'MM/DD/YYYY HH24:MI:SS'), 
    'CA-2016-2', 'AJIA-TQ3A1F', SYSDATE, TO_DATE('02/29/2040 00:00:00', 'MM/DD/YYYY HH24:MI:SS'),  TO_DATE('02/29/2040 00:00:00', 'MM/DD/YYYY HH24:MI:SS'), 
    SYSDATE, TO_DATE('02/29/2016 00:00:00', 'MM/DD/YYYY HH24:MI:SS'), TO_DATE('02/29/2016 00:00:00', 'MM/DD/YYYY HH24:MI:SS'), NULL, NULL, 
    NULL, NULL, NULL, SYSDATE, TO_DATE('02/29/2040 00:00:00', 'MM/DD/YYYY HH24:MI:SS'), 
    TO_DATE('02/29/2016 00:00:00', 'MM/DD/YYYY HH24:MI:SS'), TO_DATE('05/10/2016 14:00:00', 'MM/DD/YYYY HH24:MI:SS'), TO_DATE('02/29/2040 00:00:00', 'MM/DD/YYYY HH24:MI:SS'), TO_DATE('02/29/2016 00:00:00', 'MM/DD/YYYY HH24:MI:SS'));
 

 
 Insert into TIMECYCLES
   (COUNTRY, CYCLEYEAR, CYCLEID, CYCLESTART, CYCLEEND, 
    BKPROMOTIONALCYCLE, ID, CRE_STA_DT, CRE_END_DT, CRE_APP_DT, 
    DEL_STA_DT, DEL_END_DT, DEL_APP_DT, HIS_SNAP, BUSINESS_UNIT, 
    INV_STA_DT, INV_END_DT, DUMMY, CRE_STA_DT_ACC, CRE_END_DT_ACC, 
    CRE_APP_DT_ACC, DEL_STA_DT_ACC, DEL_END_DT_ACC, DEL_APP_DT_ACC)
 values
   ('Colombia', '2016', '02', TO_DATE('02/01/2016 00:00:00', 'MM/DD/YYYY HH24:MI:SS'), TO_DATE('02/29/2016 00:00:00', 'MM/DD/YYYY HH24:MI:SS'), 
    'CA-2016-2', 'AJIA-TQ3A1F', SYSDATE, TO_DATE('02/29/2040 00:00:00', 'MM/DD/YYYY HH24:MI:SS'),  TO_DATE('02/29/2040 00:00:00', 'MM/DD/YYYY HH24:MI:SS'), 
    SYSDATE, TO_DATE('02/29/2016 00:00:00', 'MM/DD/YYYY HH24:MI:SS'), TO_DATE('02/29/2016 00:00:00', 'MM/DD/YYYY HH24:MI:SS'), NULL, NULL, 
    NULL, NULL, NULL, SYSDATE, TO_DATE('02/29/2040 00:00:00', 'MM/DD/YYYY HH24:MI:SS'), 
    TO_DATE('02/29/2016 00:00:00', 'MM/DD/YYYY HH24:MI:SS'), TO_DATE('05/10/2016 14:00:00', 'MM/DD/YYYY HH24:MI:SS'), TO_DATE('02/29/2040 00:00:00', 'MM/DD/YYYY HH24:MI:SS'), TO_DATE('02/29/2016 00:00:00', 'MM/DD/YYYY HH24:MI:SS'));

    
 Insert into TIMECYCLES
   (COUNTRY, CYCLEYEAR, CYCLEID, CYCLESTART, CYCLEEND, 
    BKPROMOTIONALCYCLE, ID, CRE_STA_DT, CRE_END_DT, CRE_APP_DT, 
    DEL_STA_DT, DEL_END_DT, DEL_APP_DT, HIS_SNAP, BUSINESS_UNIT, 
    INV_STA_DT, INV_END_DT, DUMMY, CRE_STA_DT_ACC, CRE_END_DT_ACC, 
    CRE_APP_DT_ACC, DEL_STA_DT_ACC, DEL_END_DT_ACC, DEL_APP_DT_ACC)
 values
   ('chile', '2016', '02', TO_DATE('02/01/2016 00:00:00', 'MM/DD/YYYY HH24:MI:SS'), TO_DATE('02/29/2016 00:00:00', 'MM/DD/YYYY HH24:MI:SS'), 
    'CA-2016-2', 'AJIA-TQ3A1F', SYSDATE, TO_DATE('02/29/2040 00:00:00', 'MM/DD/YYYY HH24:MI:SS'),  TO_DATE('02/29/2040 00:00:00', 'MM/DD/YYYY HH24:MI:SS'), 
    SYSDATE, TO_DATE('02/29/2016 00:00:00', 'MM/DD/YYYY HH24:MI:SS'), TO_DATE('02/29/2016 00:00:00', 'MM/DD/YYYY HH24:MI:SS'), NULL, NULL, 
    NULL, NULL, NULL, SYSDATE, TO_DATE('02/29/2040 00:00:00', 'MM/DD/YYYY HH24:MI:SS'), 
    TO_DATE('02/29/2016 00:00:00', 'MM/DD/YYYY HH24:MI:SS'), TO_DATE('05/10/2016 14:00:00', 'MM/DD/YYYY HH24:MI:SS'), TO_DATE('02/29/2040 00:00:00', 'MM/DD/YYYY HH24:MI:SS'), TO_DATE('02/29/2016 00:00:00', 'MM/DD/YYYY HH24:MI:SS'));

    

--Multilanguaje
    
  -- COUNTRIES 
 Insert into MULTILANGUAJE_COUNTRY
   (COUNTRY, LANGUAJE)
 values
   ('Argentina', 'ES');
Insert into MULTILANGUAJE_COUNTRY
   (COUNTRY, LANGUAJE)
 values
   ('Caribe', 'EN');
Insert into MULTILANGUAJE_COUNTRY
   (COUNTRY, LANGUAJE)
 values
   ('Cenam', 'ES');
Insert into MULTILANGUAJE_COUNTRY
   (COUNTRY, LANGUAJE)
 values
   ('Chile', 'ES');
Insert into MULTILANGUAJE_COUNTRY
   (COUNTRY, LANGUAJE)
 values
   ('Colombia', 'ES');
Insert into MULTILANGUAJE_COUNTRY
   (COUNTRY, LANGUAJE)
 values
   ('CRO', 'EN');
Insert into MULTILANGUAJE_COUNTRY
   (COUNTRY, LANGUAJE)
 values
   ('Ecuador', 'ES');
Insert into MULTILANGUAJE_COUNTRY
   (COUNTRY, LANGUAJE)
 values
   ('Peru', 'ES');
Insert into MULTILANGUAJE_COUNTRY
   (COUNTRY, LANGUAJE)
 values
   ('Regional', 'ES');
Insert into MULTILANGUAJE_COUNTRY
   (COUNTRY, LANGUAJE)
 values
   ('Venezuela', 'ES');
   
   
   -- SPANISH

Insert into MULTILANGUAJE_TRASLATION
   (ID, LANGUAJE, TYPE, TRANSLATION)
 values
   ('VC001_VALIDATOR_CONTACT_ERROR_MESSAGE', 'ES', 'MESSAGE', 'El contacto seleccionado en la Tarea no existe en MSD Connect (VC001).');
Insert into MULTILANGUAJE_TRASLATION
   (ID, LANGUAJE, TYPE, TRANSLATION)
 values
   ('VC003_VALIDATOR_ACCOUNT_ERROR_MESSAGE', 'ES', 'MESSAGE', 'La Cuenta seleccionada en la Tarea no existe en MSD Connect (VC003).');
Insert into MULTILANGUAJE_TRASLATION
   (ID, LANGUAJE, TYPE, TRANSLATION)
 values
   ('VC005_VALIDATOR_SELECTED_ERROR_MESSAGE', 'ES', 'MESSAGE', 'La Tarea no cuenta ni con un Contacto ni con una Cuenta seleccionadas (VC005).');
Insert into MULTILANGUAJE_TRASLATION
   (ID, LANGUAJE, TYPE, TRANSLATION)
 values
   ('BR001_CONTACT_ERROR_MESSAGE', 'ES', 'MESSAGE', 'Los siguientes campos requeridos para la afiliación de un Contacto a un Panel no se han completado: %s (BR001).');
Insert into MULTILANGUAJE_TRASLATION
   (ID, LANGUAJE, TYPE, TRANSLATION)
 values
   ('BR006_ACCOUNT_ERROR_MESSAGE', 'ES', 'MESSAGE', 'Los siguientes campos requeridos para la afiliación de una Cuenta a un Panel no se han completado: %s (BR006).');
Insert into MULTILANGUAJE_TRASLATION
   (ID, LANGUAJE, TYPE, TRANSLATION)
 values
   ('BR010_ERROR_MESSAGE', 'ES', 'MESSAGE', 'No es posible afiliar un Contacto a un Panel sin seleccionar una Cuenta relacionada al Contacto (BR010).');

 Insert into MULTILANGUAJE_TRASLATION
   (ID, LANGUAJE, TYPE, TRANSLATION)
 values
   ('addChangeContactType', 'ES', 'FIELD', 'Agregar/cambiar tipo de contacto');
   
   
   Insert into MULTILANGUAJE_TRASLATION
   (ID, LANGUAJE, TYPE, TRANSLATION)
 values
   ('addChangeFirstName', 'ES', 'FIELD', 'Primer Nombre Contacto');
   
   
 Insert into MULTILANGUAJE_TRASLATION
   (ID, LANGUAJE, TYPE, TRANSLATION)
 values
   ('addChangeLastName', 'ES', 'FIELD', 'segundo Nombre Contacto');
   
   -- ENGLISH
 Insert into MULTILANGUAJE_TRASLATION
   (ID, LANGUAJE, TYPE, TRANSLATION)
 values
   ('VC001_VALIDATOR_CONTACT_ERROR_MESSAGE', 'EN', 'MESSAGE', 'The contact selected not exist in MSD Connect (VC001).');
Insert into MULTILANGUAJE_TRASLATION
   (ID, LANGUAJE, TYPE, TRANSLATION)
 values
   ('VC003_VALIDATOR_ACCOUNT_ERROR_MESSAGE', 'EN', 'MESSAGE', 'The account selected not exist in MSD Connect (VC003).');
Insert into MULTILANGUAJE_TRASLATION
   (ID, LANGUAJE, TYPE, TRANSLATION)
 values
   ('VC005_VALIDATOR_SELECTED_ERROR_MESSAGE', 'EN', 'MESSAGE', 'The task are not account and contact selected  (VC005).');
Insert into MULTILANGUAJE_TRASLATION
   (ID, LANGUAJE, TYPE, TRANSLATION)
 values
   ('BR006_ACCOUNT_ERROR_MESSAGE', 'EN', 'MESSAGE', 'The following fields for afiliated account not are completed: %s (BR006).');

Insert into MULTILANGUAJE_TRASLATION
   (ID, LANGUAJE, TYPE, TRANSLATION)
 values
   ('BR010_ERROR_MESSAGE', 'EN', 'MESSAGE', 'It’s not possible to add a Contact to a Panel without having selected an Account where it will be visited (BR010).');

  Insert into MULTILANGUAJE_TRASLATION
   (ID, LANGUAJE, TYPE, TRANSLATION)
 values
   ('addChangeContactType', 'EN', 'FIELD', 'add/change type account');
   
 Insert into MULTILANGUAJE_TRASLATION
   (ID, LANGUAJE, TYPE, TRANSLATION)
 values
   ('addChangeFirstName', 'EN', 'FIELD', 'First name');
   
 Insert into MULTILANGUAJE_TRASLATION
   (ID, LANGUAJE, TYPE, TRANSLATION)
 values
   ('addChangeLastName', 'EN', 'FIELD', 'Last Name');
   
 
	--- LOADER
	   
Insert into SODM_REPORT
   (ID, REGION, QRY)
 values
   ('1616', 'LA', 'SELECT * FROM CTRL_CRM_LOADER');
   
Insert into SODM_REPORT
   (ID, REGION, QRY)
 values
   ('1615', 'Brasil', 'xxxxxxxxx');
   
   
Insert into CTRL_CRM_LOADER
  (RECORDTYPE,ENTITY_NAME,REGION,CSVDELIMITER,WAITFORCOMPLETION,DUPLICATECHECKOPTION,DATAFILEPATH,CLIENTLOGFILEDIR,HOSTURL
	,DATETIMEFORMAT,OPERATION,USERNAME,CHARACTERSET,CLIENTLOGLEVEL,IMPORTLOGLEVEL,DISABLEIMPORTAUDIT,MAPFILEPATH
	,USERPWD,STATUS,ID_REPORT,ID,ROW_NUM,LINK_CRM,LAST_RUN_DATE)
values
  ('Lead','Star by Products -  Regionales INSERT','LA',',','True','externalid','C:\DETServiceLoader\Cargas Masivas\LA\Star by Product'
	,'C:\DETServiceLoader\Cargas Masivas\LA\Star by Product','https://secure-ausomxjia.crmondemand.com','usa','insert','exampleLA/LOADER','UTF-8'
	,'all','all','False','C:\DET_Tools\Mapping\LA\Star by Product.map','Loader123','ACTIVE','1616','LA-002',1982,'xxxxxtestxxxxxx',sysdate);
 

Insert into CONTACTS_X_ACCOUNT
   (ACCOUNTID, CONTACTID, CRE_DT)
 values
   ('AJIA-53JA2I', 'AGEA-4RWZ82', TO_DATE('02/21/2013 20:16:44', 'MM/DD/YYYY HH24:MI:SS'));
Insert into CONTACTS_X_ACCOUNT
   (ACCOUNTID, CONTACTID, CRE_DT)
 values
   ('AGEA-7BXDZJ', 'AGEA-4RWZ82', TO_DATE('02/09/2010 05:44:33', 'MM/DD/YYYY HH24:MI:SS'));
Insert into CONTACTS_X_ACCOUNT
   (ACCOUNTID, CONTACTID, CRE_DT)
 values
   ('AGEA-52KUN6', 'AGEA-4RWZ82', TO_DATE('10/18/2013 13:48:49', 'MM/DD/YYYY HH24:MI:SS'));
 
 Insert into CONTACTS_X_ACCOUNT
   (ACCOUNTID, CONTACTID, CRE_DT)
 values
   ('AGEA-52KUN6', 'AGEA-4RVZAM', TO_DATE('10/18/2013 13:48:49', 'MM/DD/YYYY HH24:MI:SS'));
   
 Insert into CONTACTS_X_ACCOUNT
   (ACCOUNTID, CONTACTID, CRE_DT)
 values
   ('AGEA-52KUN6', 'AGEA-4RWXOX', TO_DATE('10/18/2013 13:48:49', 'MM/DD/YYYY HH24:MI:SS'));
     
    Insert into CONTACTS_X_ACCOUNT
   (ACCOUNTID, CONTACTID, CRE_DT)
 values
   ('AGEA-52KUN6', 'AGEA-4RW00N', TO_DATE('10/18/2013 13:48:49', 'MM/DD/YYYY HH24:MI:SS'));



--ACCOUNTS_X_EMP   
Insert into ACCOUNTS_X_EMP
   (USERID, ACCOUNTID, COUNTRY, ID, ACCOUNTACCESS, 
    CRE_DT)
 values
   ('AGEA-5DD5ZJ', 'AJIA-53JA2I', 'Colombia', 'AJIA-HN3NAY', 'Full', 
    NULL);
Insert into ACCOUNTS_X_EMP
   (USERID, ACCOUNTID, COUNTRY, ID, ACCOUNTACCESS, 
    CRE_DT)
 values
   ('AGEA-5DD5ZJ', 'AGEA-4QLKJA', 'Colombia', 'AJIA-HWP6BT', 'Full', 
    NULL);
Insert into ACCOUNTS_X_EMP
   (USERID, ACCOUNTID, COUNTRY, ID, ACCOUNTACCESS, 
    CRE_DT)
 values
   ('AGEA-5DD5ZJ', 'AGEA-4QLJ42', 'Colombia', 'AJIA-M45WDP', 'Full', 
    NULL);
Insert into ACCOUNTS_X_EMP
   (USERID, ACCOUNTID, COUNTRY, ID, ACCOUNTACCESS, 
    CRE_DT)
 values
   ('AGEA-5DD5ZJ', 'AGEA-4QLKTI', 'Colombia', 'AJIA-F18WKX', 'Full', 
    NULL);
Insert into ACCOUNTS_X_EMP
   (USERID, ACCOUNTID, COUNTRY, ID, ACCOUNTACCESS, 
    CRE_DT)
 values
   ('AGEA-5DD5ZJ', 'AGEA-4QLL9K', 'Colombia', 'AJIA-HVNOHR', 'Full', 
    NULL);   

--- CONTACTS_X_EMP
   

Insert into CONTACTS_X_EMP
   (USERID, CONTACTID, COUNTRY, ID, CONTACTACCESS, 
    CRE_DT)
 values
   ('AGEA-5DD5ZJ', 'AGEA-4RVZHQ', 'Colombia', 'AJIA-M45Z9P', 'Full', 
    NULL);
Insert into CONTACTS_X_EMP
   (USERID, CONTACTID, COUNTRY, ID, CONTACTACCESS, 
    CRE_DT)
 values
   ('AGEA-5DD5ZJ', 'AGEA-4RVZ54', 'Colombia', 'AJIA-M8G2CP', 'Full', 
    NULL);
Insert into CONTACTS_X_EMP
   (USERID, CONTACTID, COUNTRY, ID, CONTACTACCESS, 
    CRE_DT)
 values
   ('AGEA-5DD5ZJ', 'AGEA-4RVZ7S', 'Colombia', 'AJIA-M45Z4T', 'Full', 
    NULL);
Insert into CONTACTS_X_EMP
   (USERID, CONTACTID, COUNTRY, ID, CONTACTACCESS, 
    CRE_DT)
 values
   ('AGEA-5DD5ZJ', 'AGEA-4RVZKN', 'Colombia', 'AJIA-M45Z9B', 'Full', 
    NULL);
Insert into CONTACTS_X_EMP
   (USERID, CONTACTID, COUNTRY, ID, CONTACTACCESS, 
    CRE_DT)
 values
   ('AGEA-5DD5ZJ', 'AGEA-4RW00N', 'Colombia', 'AJIA-M45ZCR', 'Full', 
    NULL);
Insert into CONTACTS_X_EMP
   (USERID, CONTACTID, COUNTRY, ID, CONTACTACCESS, 
    CRE_DT)
 values
   ('AGEA-5DD5ZJ', 'AGEA-4RVZ9D', 'Colombia', 'AJIA-M45Z41', 'Full', 
    NULL);
Insert into CONTACTS_X_EMP
   (USERID, CONTACTID, COUNTRY, ID, CONTACTACCESS, 
    CRE_DT)
 values
   ('AGEA-5DD5ZJ', 'AGEA-4RVZAD', 'Colombia', 'AJIA-M45Z71', 'Full', 
    NULL);
Insert into CONTACTS_X_EMP
   (USERID, CONTACTID, COUNTRY, ID, CONTACTACCESS, 
    CRE_DT)
 values
   ('AGEA-5DD5ZJ', 'AGEA-4RVZAM', 'Colombia', 'AJIA-M45Z9X', 'Full', 
    NULL);
Insert into CONTACTS_X_EMP
   (USERID, CONTACTID, COUNTRY, ID, CONTACTACCESS, 
    CRE_DT)
 values
   ('AGEA-5DD5ZJ', 'AGEA-4RW1HK', 'Colombia', 'AJIA-M45Z4N', 'Full', 
    NULL);
Insert into CONTACTS_X_EMP
   (USERID, CONTACTID, COUNTRY, ID, CONTACTACCESS, 
    CRE_DT)
 values
   ('AGEA-5DD5ZJ', 'AGEA-4RW1HT', 'Colombia', 'AJIA-M45Z8F', 'Full', 
    NULL);
Insert into CONTACTS_X_EMP
   (USERID, CONTACTID, COUNTRY, ID, CONTACTACCESS, 
    CRE_DT)
 values
   ('AGEA-5DD5ZJ', 'AGEA-4RVZAM', 'Colombia', 'AJIA-UADAQ7', 'Full', 
    TO_DATE('02/23/2016 23:10:18', 'MM/DD/YYYY HH24:MI:SS'));	

 
--
-- Star By Product feature to check if the it is audit
--
Insert into EMPLOYEES (
	USERID, REGION, DEPARTMENT, DISTRICT, TERRITORY, BUSINESSUNIT, USERFIRSTNAME, USERMIDDLENAME, WEINNO, USERLASTNAME,
	JOBTITLE, BUSINESSUNITLEVEL1, DIVISION, ROLEID, ROLEDESC, SUPERVISORID, EMAILADDR, LOGINID, USERSTATUS, 
	SALESTEAMID, EXTID, COUNTRY) 
  values (
	'AGEA-645VDH', 'Cenam', 'Sales Force 1', 'Guatemala', null, 'Cardiometabolic', 'Hector', null,'53117041','Rios',
	null, '-', 'MSD Cenam', 'AJIA-F6Q00', 'LA-PSR-LSV', 'AGEA-645VEP', 'h.rios@mail.com', 'HRIOS', 'Active', 
	'CE-GT Sales Force 1', '53117041', 'Guatemala');

Insert into PRODUCTS_R18 (PRODUCT_ID,EXTERNALUNIQUEID,PRODUCTCATEGORY,PRODUCTCATEGORYID,DESCRIPTION,PRODUCTNAME,STATUS,TYPE,CREATEDBYID,CREATEDDATE,MODIFYBYID,MODIFYBYDATE) 
	values ('AJIA-NEC2C','PRD0052','Cozaar','AJIA-NEBVO','Cozaar','Cozaar','Active','Detail','AGEA-EC33B',to_date('27/01/2011','DD/MM/RRRR'),'AGEA-EC33B',to_date('27/01/2011','DD/MM/RRRR'));
Insert into PRODUCTS_R18 (PRODUCT_ID,EXTERNALUNIQUEID,PRODUCTCATEGORY,PRODUCTCATEGORYID,DESCRIPTION,PRODUCTNAME,STATUS,TYPE,CREATEDBYID,CREATEDDATE,MODIFYBYID,MODIFYBYDATE) 
	values ('AJIA-2FTRU3','PRD0200','Cozaar XQ','AJIA-2FTN7I','Cozaar XQ','Cozaar XQ','Active','Detail','AGEA-ACU4WZ',to_date('17/04/2012','DD/MM/RRRR'),'AGEA-ACU4WZ',to_date('17/04/2012','DD/MM/RRRR'));
Insert into PRODUCTS_R18 (PRODUCT_ID,EXTERNALUNIQUEID,PRODUCTCATEGORY,PRODUCTCATEGORYID,DESCRIPTION,PRODUCTNAME,STATUS,TYPE,CREATEDBYID,CREATEDDATE,MODIFYBYID,MODIFYBYDATE) 
	values ('AJIA-NJ8TO','PRD0092','Hyzaar','AJIA-NEBWT','Hyzaar','Hyzaar','Active','Detail','AGEA-EC33B',to_date('27/01/2011','DD/MM/RRRR'),'AGEA-EC33B',to_date('27/01/2011','DD/MM/RRRR'));
Insert into PRODUCTS_R18 (PRODUCT_ID,EXTERNALUNIQUEID,PRODUCTCATEGORY,PRODUCTCATEGORYID,DESCRIPTION,PRODUCTNAME,STATUS,TYPE,CREATEDBYID,CREATEDDATE,MODIFYBYID,MODIFYBYDATE) 
	values ('AJIA-NJ8U6','PRD0101','Janumet','AJIA-NEBX2','Janumet','Janumet','Active','Detail','AGEA-EC33B',to_date('27/01/2011','DD/MM/RRRR'),'AGEA-EC33B',to_date('27/01/2011','DD/MM/RRRR'));
Insert into PRODUCTS_R18 (PRODUCT_ID,EXTERNALUNIQUEID,PRODUCTCATEGORY,PRODUCTCATEGORYID,DESCRIPTION,PRODUCTNAME,STATUS,TYPE,CREATEDBYID,CREATEDDATE,MODIFYBYID,MODIFYBYDATE) 
	values ('AJIA-NJ8U8','PRD0102','Januvia','AJIA-NEBX3','Januvia','Januvia','Active','Detail','AGEA-EC33B',to_date('27/01/2011','DD/MM/RRRR'),'AGEA-EC33B',to_date('27/01/2011','DD/MM/RRRR'));
Insert into PRODUCTS_R18 (PRODUCT_ID,EXTERNALUNIQUEID,PRODUCTCATEGORY,PRODUCTCATEGORYID,DESCRIPTION,PRODUCTNAME,STATUS,TYPE,CREATEDBYID,CREATEDDATE,MODIFYBYID,MODIFYBYDATE) 
	values ('AJIA-NJ8YF','PRD0177','Vytorin','AJIA-NEBZ6','Vytorin','Vytorin','Active','Detail','AGEA-EC33B',to_date('27/01/2011','DD/MM/RRRR'),'AGEA-EC33B',to_date('27/01/2011','DD/MM/RRRR'));

Insert into PRODUCTS_ALLOCATION_R18 (PA_ID,EXTERNALSYSTEMID,ALLOCATIONTYPE,ORDERBY,STARTDATE,ENDDATE,STOPSAMPLINGFLAG,ACTIVEPERIOD,PRODUCTID,PRODUCTEXTERNALSYSTEMID,PRODUCTDESCRIPTION,OWNERID,OWNEREXTERNALSYSTEMID,CREATEDBYID,CREATEDDATE,MODIFYBYID,MODIFYBYDATE,ALLOC_GROUP,SALES_TEAM,REGION,WEIGHT) values ('AJIA-J3PUTC',null,'Detail Allocation','0',to_date('08/09/2014','DD/MM/RRRR'),to_date('29/08/4712','DD/MM/RRRR'),'False','Active','AJIA-NJ8YF','PRD0177','Vytorin','AJIA-17EF1Z','12345admin','AJIA-17EF1Z',to_date('10/09/2014','DD/MM/RRRR'),'AJIA-L2SFY3',to_date('25/02/2015','DD/MM/RRRR'),'Sales Team Allocation','CE-GT Sales Force 1','Cenam','35');
Insert into PRODUCTS_ALLOCATION_R18 (PA_ID,EXTERNALSYSTEMID,ALLOCATIONTYPE,ORDERBY,STARTDATE,ENDDATE,STOPSAMPLINGFLAG,ACTIVEPERIOD,PRODUCTID,PRODUCTEXTERNALSYSTEMID,PRODUCTDESCRIPTION,OWNERID,OWNEREXTERNALSYSTEMID,CREATEDBYID,CREATEDDATE,MODIFYBYID,MODIFYBYDATE,ALLOC_GROUP,SALES_TEAM,REGION,WEIGHT) values ('AJIA-EAJR0E','PRD0052CE-GT Sales Force 1','Detail Allocation','0',to_date('10/02/2014','DD/MM/RRRR'),to_date('02/08/4712','DD/MM/RRRR'),'False','Active','AJIA-NEC2C','PRD0052','Cozaar','AGEA-5AG8TU','31402490','AGEA-5AG8TU',to_date('24/02/2014','DD/MM/RRRR'),'AJIA-17EF1Z',to_date('10/09/2014','DD/MM/RRRR'),'Sales Team Allocation','CE-GT Sales Force 1','Cenam','5');
Insert into PRODUCTS_ALLOCATION_R18 (PA_ID,EXTERNALSYSTEMID,ALLOCATIONTYPE,ORDERBY,STARTDATE,ENDDATE,STOPSAMPLINGFLAG,ACTIVEPERIOD,PRODUCTID,PRODUCTEXTERNALSYSTEMID,PRODUCTDESCRIPTION,OWNERID,OWNEREXTERNALSYSTEMID,CREATEDBYID,CREATEDDATE,MODIFYBYID,MODIFYBYDATE,ALLOC_GROUP,SALES_TEAM,REGION,WEIGHT) values ('AJIA-EAJR0K','PRD0092CE-GT Sales Force 1','Detail Allocation','0',to_date('10/02/2014','DD/MM/RRRR'),to_date('31/07/4712','DD/MM/RRRR'),'False','Active','AJIA-NJ8TO','PRD0092','Hyzaar','AGEA-5AG8TU','31402490','AGEA-5AG8TU',to_date('24/02/2014','DD/MM/RRRR'),'AJIA-17EF1Z',to_date('10/09/2014','DD/MM/RRRR'),'Sales Team Allocation','CE-GT Sales Force 1','Cenam','5');
Insert into PRODUCTS_ALLOCATION_R18 (PA_ID,EXTERNALSYSTEMID,ALLOCATIONTYPE,ORDERBY,STARTDATE,ENDDATE,STOPSAMPLINGFLAG,ACTIVEPERIOD,PRODUCTID,PRODUCTEXTERNALSYSTEMID,PRODUCTDESCRIPTION,OWNERID,OWNEREXTERNALSYSTEMID,CREATEDBYID,CREATEDDATE,MODIFYBYID,MODIFYBYDATE,ALLOC_GROUP,SALES_TEAM,REGION,WEIGHT) values ('AJIA-EAJR0H','PRD0200CE-GT Sales Force 1','Detail Allocation','0',to_date('10/02/2014','DD/MM/RRRR'),to_date('01/08/4712','DD/MM/RRRR'),'False','Active','AJIA-2FTRU3','PRD0200','Cozaar XQ','AGEA-5AG8TU','31402490','AGEA-5AG8TU',to_date('24/02/2014','DD/MM/RRRR'),'AJIA-17EF1Z',to_date('10/09/2014','DD/MM/RRRR'),'Sales Team Allocation','CE-GT Sales Force 1','Cenam','5');
Insert into PRODUCTS_ALLOCATION_R18 (PA_ID,EXTERNALSYSTEMID,ALLOCATIONTYPE,ORDERBY,STARTDATE,ENDDATE,STOPSAMPLINGFLAG,ACTIVEPERIOD,PRODUCTID,PRODUCTEXTERNALSYSTEMID,PRODUCTDESCRIPTION,OWNERID,OWNEREXTERNALSYSTEMID,CREATEDBYID,CREATEDDATE,MODIFYBYID,MODIFYBYDATE,ALLOC_GROUP,SALES_TEAM,REGION,WEIGHT) values ('AJIA-EAJR0Q','PRD0101CE-GT Sales Force 1','Detail Allocation','0',to_date('10/02/2014','DD/MM/RRRR'),to_date('29/07/4712','DD/MM/RRRR'),'False','Active','AJIA-NJ8U6','PRD0101','Janumet','AGEA-5AG8TU','31402490','AGEA-5AG8TU',to_date('24/02/2014','DD/MM/RRRR'),'AJIA-L2SFY3',to_date('25/02/2015','DD/MM/RRRR'),'Sales Team Allocation','CE-GT Sales Force 1','Cenam','25');
Insert into PRODUCTS_ALLOCATION_R18 (PA_ID,EXTERNALSYSTEMID,ALLOCATIONTYPE,ORDERBY,STARTDATE,ENDDATE,STOPSAMPLINGFLAG,ACTIVEPERIOD,PRODUCTID,PRODUCTEXTERNALSYSTEMID,PRODUCTDESCRIPTION,OWNERID,OWNEREXTERNALSYSTEMID,CREATEDBYID,CREATEDDATE,MODIFYBYID,MODIFYBYDATE,ALLOC_GROUP,SALES_TEAM,REGION,WEIGHT) values ('AJIA-EAJR0N','PRD0102CE-GT Sales Force 1','Detail Allocation','0',to_date('10/02/2014','DD/MM/RRRR'),to_date('30/07/4712','DD/MM/RRRR'),'False','Active','AJIA-NJ8U8','PRD0102','Januvia','AGEA-5AG8TU','31402490','AGEA-5AG8TU',to_date('24/02/2014','DD/MM/RRRR'),'AJIA-L2SFY3',to_date('25/02/2015','DD/MM/RRRR'),'Sales Team Allocation','CE-GT Sales Force 1','Cenam','25');

Insert into CONTACTS_STARPRODUCTS (COUNTRY,CONTACTID,USERID,PRODUCTID,SEGMENTID,ADOPTION,SURVEYDATE,COPID,QUINTILEID,TREATMENTTREE,STARPRODUCTSID,EXTERNALID,CREATEDBYID,CREATEDDATE,MODIFIEDID,MODIFIEDDATE,INFO_TO_A_FRANCHISE,FRANCHISE,SBP_TYPE,REF_DT,REGION,PARENTID,RXQUINTIL,RXSEGMENT,RX_REF_DT,ACCOUNTID) values ('Cenam','AGEA-516Q2T','AGEA-645VDH','Cozaar','A_Protect',null,to_date('25/01/2016','DD/MM/RRRR'),null,null,null,'AJIA-TR5LDY','53117041-AJIA-I3K34N','AGEA-5AG8TU',to_date('25/01/2016','DD/MM/RRRR'),'AGEA-5AG8TU',to_date('25/01/2016','DD/MM/RRRR'),'True','COZAAR LINE','SBP Per User',to_date('01/01/0001','DD/MM/RRRR'),'Cenam','AJIA-I3K34N',null,null,null,null);
Insert into CONTACTS_STARPRODUCTS (COUNTRY,CONTACTID,USERID,PRODUCTID,SEGMENTID,ADOPTION,SURVEYDATE,COPID,QUINTILEID,TREATMENTTREE,STARPRODUCTSID,EXTERNALID,CREATEDBYID,CREATEDDATE,MODIFIEDID,MODIFIEDDATE,INFO_TO_A_FRANCHISE,FRANCHISE,SBP_TYPE,REF_DT,REGION,PARENTID,RXQUINTIL,RXSEGMENT,RX_REF_DT,ACCOUNTID) values ('Cenam','AGEA-516Q2T','AGEA-645VDH','Cozaar XQ','A_Protect',null,to_date('25/01/2016','DD/MM/RRRR'),null,null,null,'AJIA-TR5LGQ','53117041-AJIA-TQX5P5','AGEA-5AG8TU',to_date('25/01/2016','DD/MM/RRRR'),'AGEA-5AG8TU',to_date('25/01/2016','DD/MM/RRRR'),'True','COZAAR LINE','SBP Per User',to_date('01/01/0001','DD/MM/RRRR'),'Cenam','AJIA-TQX5P5',null,null,null,null);
Insert into CONTACTS_STARPRODUCTS (COUNTRY,CONTACTID,USERID,PRODUCTID,SEGMENTID,ADOPTION,SURVEYDATE,COPID,QUINTILEID,TREATMENTTREE,STARPRODUCTSID,EXTERNALID,CREATEDBYID,CREATEDDATE,MODIFIEDID,MODIFIEDDATE,INFO_TO_A_FRANCHISE,FRANCHISE,SBP_TYPE,REF_DT,REGION,PARENTID,RXQUINTIL,RXSEGMENT,RX_REF_DT,ACCOUNTID) values ('Cenam','AGEA-516Q2T','AGEA-645VDH','Hyzaar','A_Protect',null,to_date('25/01/2016','DD/MM/RRRR'),null,null,null,'AJIA-TR5LFQ','53117041-AJIA-I3K34R','AGEA-5AG8TU',to_date('25/01/2016','DD/MM/RRRR'),'AGEA-5AG8TU',to_date('25/01/2016','DD/MM/RRRR'),'True','COZAAR LINE','SBP Per User',to_date('01/01/0001','DD/MM/RRRR'),'Cenam','AJIA-I3K34R',null,null,null,null);
Insert into CONTACTS_STARPRODUCTS (COUNTRY,CONTACTID,USERID,PRODUCTID,SEGMENTID,ADOPTION,SURVEYDATE,COPID,QUINTILEID,TREATMENTTREE,STARPRODUCTSID,EXTERNALID,CREATEDBYID,CREATEDDATE,MODIFIEDID,MODIFIEDDATE,INFO_TO_A_FRANCHISE,FRANCHISE,SBP_TYPE,REF_DT,REGION,PARENTID,RXQUINTIL,RXSEGMENT,RX_REF_DT,ACCOUNTID) values ('Cenam','AGEA-516Q2T','AGEA-645VDH','Janumet','A_Protect',null,to_date('25/01/2016','DD/MM/RRRR'),null,null,null,'AJIA-TR5LEU','53117041-AJIA-I3HBPG','AGEA-5AG8TU',to_date('25/01/2016','DD/MM/RRRR'),'AGEA-5AG8TU',to_date('25/01/2016','DD/MM/RRRR'),'True','JANUVIA LINE','SBP Per User',to_date('01/01/0001','DD/MM/RRRR'),'Cenam','AJIA-I3HBPG',null,null,null,null);
Insert into CONTACTS_STARPRODUCTS (COUNTRY,CONTACTID,USERID,PRODUCTID,SEGMENTID,ADOPTION,SURVEYDATE,COPID,QUINTILEID,TREATMENTTREE,STARPRODUCTSID,EXTERNALID,CREATEDBYID,CREATEDDATE,MODIFIEDID,MODIFIEDDATE,INFO_TO_A_FRANCHISE,FRANCHISE,SBP_TYPE,REF_DT,REGION,PARENTID,RXQUINTIL,RXSEGMENT,RX_REF_DT,ACCOUNTID) values ('Cenam','AGEA-516Q2T','AGEA-645VDH','Januvia','B_Engage',null,to_date('25/01/2016','DD/MM/RRRR'),null,null,null,'AJIA-TR5LF0','53117041-AJIA-I3HBPC','AGEA-5AG8TU',to_date('25/01/2016','DD/MM/RRRR'),'AGEA-5AG8TU',to_date('25/01/2016','DD/MM/RRRR'),'True','JANUVIA LINE','SBP Per User',to_date('01/01/0001','DD/MM/RRRR'),'Cenam','AJIA-I3HBPC',null,null,null,null);
Insert into CONTACTS_STARPRODUCTS (COUNTRY,CONTACTID,USERID,PRODUCTID,SEGMENTID,ADOPTION,SURVEYDATE,COPID,QUINTILEID,TREATMENTTREE,STARPRODUCTSID,EXTERNALID,CREATEDBYID,CREATEDDATE,MODIFIEDID,MODIFIEDDATE,INFO_TO_A_FRANCHISE,FRANCHISE,SBP_TYPE,REF_DT,REGION,PARENTID,RXQUINTIL,RXSEGMENT,RX_REF_DT,ACCOUNTID) values ('Cenam','AGEA-516Q2T','AGEA-645VDH','Vytorin','A_Protect',null,to_date('25/01/2016','DD/MM/RRRR'),null,'Q5',null,'AJIA-TR5LCE','53117041-AJIA-I3GREU','AGEA-5AG8TU',to_date('25/01/2016','DD/MM/RRRR'),'AGEA-5AG8TU',to_date('25/01/2016','DD/MM/RRRR'),'False',null,'SBP Per User',to_date('01/01/0001','DD/MM/RRRR'),'Cenam','AJIA-I3GREU','5',null,'201511',null);


