use bd_iut;

DROP TABLE APPRENTI;
DROP TABLE STAGIAIRE;
DROP TABLE ENTREPRISE;
DROP TABLE ETUDIANT;
DROP TABLE GROUPEINFO1;
DROP TABLE RESPONSABILITE;
DROP TABLE ENSEIGNANT;


CREATE TABLE ENSEIGNANT(

	idEns VARCHAR(4),

	nomEns VARCHAR(20),

	prenomEns VARCHAR(20),

	CONSTRAINT pk_Enseignant PRIMARY KEY(idens)

);

CREATE TABLE GROUPEINFO1(

	idGroupe VARCHAR(1),

	tuteurGroupe VARCHAR(4) NOT NULL,

	CONSTRAINT pk_GroupeInfo1 PRIMARY KEY(idGroupe),

	CONSTRAINT fk_GroupeInfo1_Enseignant FOREIGN KEY(tuteurGroupe) REFERENCES ENSEIGNANT(idEns),
	CONSTRAINT uq_tuteurGroupe UNIQUE(tuteurGroupe)

);

CREATE TABLE ETUDIANT(

	idEtud INTEGER,

	nomEtud VARCHAR(20),

	prenomEtud VARCHAR(20),

	sexe VARCHAR(1),

	bac VARCHAR(6),

	nomLycee VARCHAR(50),

	depLycee INTEGER(3),

	leGroupeInfo1 VARCHAR(1),

	parcoursInfo2 VARCHAR(2),

	formationInfo2 VARCHAR(3),

	poursuiteEtudes VARCHAR(50),

	CONSTRAINT pk_Etudiant PRIMARY KEY(idEtud),	
	
	CONSTRAINT fk_Etudiant_GroupeInfo1 FOREIGN KEY(leGroupeInfo1) REFERENCES GROUPEINFO1(idGroupe)

);

CREATE TABLE ENTREPRISE(

	idEntreprise INTEGER,

	nomEntreprise VARCHAR(50),

	depEntreprise INTEGER(3),

	CONSTRAINT pk_Entreprise PRIMARY KEY(idEntreprise)

);

CREATE TABLE STAGIAIRE(

	etudStagiaire INTEGER,

	CONSTRAINT pk_Stagiaire PRIMARY KEY(etudStagiaire),
	CONSTRAINT fk_Stagiaire_Etuiant FOREIGN KEY(etudStagiaire) REFERENCES ETUDIANT(idEtud),

	entrepriseStage INTEGER NOT NULL,
	CONSTRAINT fk_Stagiaire_Entreprise FOREIGN KEY(entrepriseStage) REFERENCES ENTREPRISE(idEntreprise)

);

CREATE TABLE APPRENTI(

	etudApp INTEGER,
	CONSTRAINT pk_Apprenti PRIMARY KEY(etudApp),
	CONSTRAINT fk_Apprenti_Etuiant FOREIGN KEY(etudApp) REFERENCES ETUDIANT(idEtud),

	entrepriseApp INTEGER NOT NULL,
	CONSTRAINT fk_Apprenti_Entreprise FOREIGN KEY(entrepriseApp) REFERENCES ENTREPRISE(idEntreprise),

	tuteurApp VARCHAR(4) NOT NULL,
	CONSTRAINT fk_Apprenti_Enseignant FOREIGN KEY(tuteurApp) REFERENCES ENSEIGNANT(idEns)

);

CREATE TABLE RESPONSABILITE(

	intituleResp VARCHAR(20),

	CONSTRAINT pk_Responsable PRIMARY KEY(intituleResp),

	leResp VARCHAR(4) NOT NULL,
	CONSTRAINT fk_Responsable_Enseignant FOREIGN KEY(leResp) REFERENCES ENSEIGNANT(idEns)

);

-- Ce script a été généré automatiquement (ou presque) par le SGBD
-- C'est pour cela qu'il ne respecte pas les conventions d'écriture !

DELETE FROM APPRENTI;
DELETE FROM STAGIAIRE;
DELETE FROM ENTREPRISE;
DELETE FROM ETUDIANT;
DELETE FROM GROUPEINFO1;
DELETE FROM RESPONSABILITE;
DELETE FROM ENSEIGNANT;

 

--------------------------------------------------------
--  Table ENSEIGNANT
--------------------------------------------------------

Insert into ENSEIGNANT (IDENS,NOMENS,PRENOMENS) values ('MA','Adam','Michel');
Insert into ENSEIGNANT (IDENS,NOMENS,PRENOMENS) values ('PB','Baudont','Pascal');
Insert into ENSEIGNANT (IDENS,NOMENS,PRENOMENS) values ('IB','Borne','Isabelle');
Insert into ENSEIGNANT (IDENS,NOMENS,PRENOMENS) values ('RF','Fleurquin','Regis');
Insert into ENSEIGNANT (IDENS,NOMENS,PRENOMENS) values ('TG','Godin','Thibault');
Insert into ENSEIGNANT (IDENS,NOMENS,PRENOMENS) values ('PJ','Joucla','Philippe');
Insert into ENSEIGNANT (IDENS,NOMENS,PRENOMENS) values ('GK','Kerbellec','Goulven');
Insert into ENSEIGNANT (IDENS,NOMENS,PRENOMENS) values ('MLL','Le Lain','Matthieu');
Insert into ENSEIGNANT (IDENS,NOMENS,PRENOMENS) values ('NLS','Le Sommer','Nicolas');
Insert into ENSEIGNANT (IDENS,NOMENS,PRENOMENS) values ('SL','Lefevre','Sebastien');
Insert into ENSEIGNANT (IDENS,NOMENS,PRENOMENS) values ('FL','Lesueur','Francois');
Insert into ENSEIGNANT (IDENS,NOMENS,PRENOMENS) values ('MM','Mannevy','Muriel');
Insert into ENSEIGNANT (IDENS,NOMENS,PRENOMENS) values ('FME','Merciol','Francois');
Insert into ENSEIGNANT (IDENS,NOMENS,PRENOMENS) values ('LN','Naert','Lucie');
Insert into ENSEIGNANT (IDENS,NOMENS,PRENOMENS) values ('MTP','Pham','Minh-Tan');
Insert into ENSEIGNANT (IDENS,NOMENS,PRENOMENS) values ('AR','Ridard','Anthony');
Insert into ENSEIGNANT (IDENS,NOMENS,PRENOMENS) values ('XR','Roirand','Xavier');
Insert into ENSEIGNANT (IDENS,NOMENS,PRENOMENS) values ('HT','Tuffigo','Helene');
Insert into ENSEIGNANT (IDENS,NOMENS,PRENOMENS) values ('MV','Volin','Manon');
Insert into ENSEIGNANT (IDENS,NOMENS,PRENOMENS) values ('JFK','Kamp','Jean-Francois');

--------------------------------------------------------
--  Table GROUPEINFO1
--------------------------------------------------------

Insert into GROUPEINFO1 (IDGROUPE,TUTEURGROUPE) values ('A','TG');
Insert into GROUPEINFO1 (IDGROUPE,TUTEURGROUPE) values ('B','HT');
Insert into GROUPEINFO1 (IDGROUPE,TUTEURGROUPE) values ('C','PJ');
Insert into GROUPEINFO1 (IDGROUPE,TUTEURGROUPE) values ('D','MA');

--------------------------------------------------------
--  Table ETUDIANT
--------------------------------------------------------

Insert into ETUDIANT (IDETUD,NOMETUD,PRENOMETUD,SEXE,BAC,NOMLYCEE,DEPLYCEE,LEGROUPEINFO1,PARCOURSINFO2,FORMATIONINFO2,POURSUITEETUDES) values (21900754,'ADAM','ANTOINE','M','S','LYCEE GENERAL ET TECHNOLOGIQUE FELIX LE',22,'B','IA','App',null);
Insert into ETUDIANT (IDETUD,NOMETUD,PRENOMETUD,SEXE,BAC,NOMLYCEE,DEPLYCEE,LEGROUPEINFO1,PARCOURSINFO2,FORMATIONINFO2,POURSUITEETUDES) values (21900678,'AJELLO','PAUL','M','S','LYCEE GENERAL PRIVE ST FRANCOIS-XAVIER',56,'B',null,null,null);
Insert into ETUDIANT (IDETUD,NOMETUD,PRENOMETUD,SEXE,BAC,NOMLYCEE,DEPLYCEE,LEGROUPEINFO1,PARCOURSINFO2,FORMATIONINFO2,POURSUITEETUDES) values (21905324,'ARTAUD','PAUL','M','STI2D','LYCEE POLYVALENT PRIVE ST JOSEPH LA JOLI',49,'D',null,null,null);
Insert into ETUDIANT (IDETUD,NOMETUD,PRENOMETUD,SEXE,BAC,NOMLYCEE,DEPLYCEE,LEGROUPEINFO1,PARCOURSINFO2,FORMATIONINFO2,POURSUITEETUDES) values (21900265,'AUVRAY','ALEXANDRE','M','S','LYCEE GEN.ET TECHNOL.PRIVE INSTITUT SAIN',50,'A','DA','FI','IFSI Normandie');
Insert into ETUDIANT (IDETUD,NOMETUD,PRENOMETUD,SEXE,BAC,NOMLYCEE,DEPLYCEE,LEGROUPEINFO1,PARCOURSINFO2,FORMATIONINFO2,POURSUITEETUDES) values (21901052,'BEAUCLAIR','ADRIEN','M','STMG','LYC POLYVAL PRIVE des METIERS JEAN-BAPTI',35,'A','IA','FI','ESNA');
Insert into ETUDIANT (IDETUD,NOMETUD,PRENOMETUD,SEXE,BAC,NOMLYCEE,DEPLYCEE,LEGROUPEINFO1,PARCOURSINFO2,FORMATIONINFO2,POURSUITEETUDES) values (21906543,'BENABBOU','ANAS','M',null,null,null,'D',null,null,null);
Insert into ETUDIANT (IDETUD,NOMETUD,PRENOMETUD,SEXE,BAC,NOMLYCEE,DEPLYCEE,LEGROUPEINFO1,PARCOURSINFO2,FORMATIONINFO2,POURSUITEETUDES) values (21902500,'BERNIER','ALLAN','M','STI2D','LYCEE GENERAL ET TECHNOLOGIQUE JOLIOT-CU',35,'C','DA','FI','EPITECH Rennes');
Insert into ETUDIANT (IDETUD,NOMETUD,PRENOMETUD,SEXE,BAC,NOMLYCEE,DEPLYCEE,LEGROUPEINFO1,PARCOURSINFO2,FORMATIONINFO2,POURSUITEETUDES) values (21900646,'BIERI','KERYANN','M','S','LPO LYCEE DES METIERS COLBERT',56,'B',null,null,null);
Insert into ETUDIANT (IDETUD,NOMETUD,PRENOMETUD,SEXE,BAC,NOMLYCEE,DEPLYCEE,LEGROUPEINFO1,PARCOURSINFO2,FORMATIONINFO2,POURSUITEETUDES) values (21903032,'BLIVET','LAURELINE','F','S','LYCEE GENERAL ET TECHNOLOGIQUE EMILE ZOL',35,'A','IA','FI','Licence Pro Nantes');
Insert into ETUDIANT (IDETUD,NOMETUD,PRENOMETUD,SEXE,BAC,NOMLYCEE,DEPLYCEE,LEGROUPEINFO1,PARCOURSINFO2,FORMATIONINFO2,POURSUITEETUDES) values (21901464,'BOIVENT','PIERRE','M','S','LPO PRIVE DES METIERS INSTITUTION ST MAL',35,'A','IA','FI','ENIBrest');
Insert into ETUDIANT (IDETUD,NOMETUD,PRENOMETUD,SEXE,BAC,NOMLYCEE,DEPLYCEE,LEGROUPEINFO1,PARCOURSINFO2,FORMATIONINFO2,POURSUITEETUDES) values (21900169,'BONNET','BENJAMIN','M','S','LYCEE GENERAL GALILEE',44,'B','DA','FI','Licence Histoire Nantes');
Insert into ETUDIANT (IDETUD,NOMETUD,PRENOMETUD,SEXE,BAC,NOMLYCEE,DEPLYCEE,LEGROUPEINFO1,PARCOURSINFO2,FORMATIONINFO2,POURSUITEETUDES) values (21900298,'BOUTINAUD','ALEXANDRE','M','STI2D','LYCEE GENERAL ET TECHNOLOGIQUE BEAUMONT',35,'B',null,null,null);
Insert into ETUDIANT (IDETUD,NOMETUD,PRENOMETUD,SEXE,BAC,NOMLYCEE,DEPLYCEE,LEGROUPEINFO1,PARCOURSINFO2,FORMATIONINFO2,POURSUITEETUDES) values (21900347,'BRAUD','ANTOINE','M','S','LY ST JOSEPH VANNES',56,'B','DA','FI','ESAIP');
Insert into ETUDIANT (IDETUD,NOMETUD,PRENOMETUD,SEXE,BAC,NOMLYCEE,DEPLYCEE,LEGROUPEINFO1,PARCOURSINFO2,FORMATIONINFO2,POURSUITEETUDES) values (21905341,'BRAULT','MAXIME','M','S','LYCEE EMILE ZOLA RENNES',35,'C',null,null,null);
Insert into ETUDIANT (IDETUD,NOMETUD,PRENOMETUD,SEXE,BAC,NOMLYCEE,DEPLYCEE,LEGROUPEINFO1,PARCOURSINFO2,FORMATIONINFO2,POURSUITEETUDES) values (21901463,'BREIT HOARAU','EMELINE','F','S','LYC POLYVAL PRIVE DES METIERS LA MENNAIS',35,'A',null,null,null);
Insert into ETUDIANT (IDETUD,NOMETUD,PRENOMETUD,SEXE,BAC,NOMLYCEE,DEPLYCEE,LEGROUPEINFO1,PARCOURSINFO2,FORMATIONINFO2,POURSUITEETUDES) values (21901620,'BRUN','DONOVAN','M','STI2D','LYCEE GENERAL ET TECHNOLOGIQUE JOLIOT-CU',35,'B','IA','FI','IMT');
Insert into ETUDIANT (IDETUD,NOMETUD,PRENOMETUD,SEXE,BAC,NOMLYCEE,DEPLYCEE,LEGROUPEINFO1,PARCOURSINFO2,FORMATIONINFO2,POURSUITEETUDES) values (21900755,'BUAN','KILIAN','M','S','LYCEE GENERAL ET TECHNOLOGIQUE LESAGE',56,'B','IA','FI','Licence info Vannes');
Insert into ETUDIANT (IDETUD,NOMETUD,PRENOMETUD,SEXE,BAC,NOMLYCEE,DEPLYCEE,LEGROUPEINFO1,PARCOURSINFO2,FORMATIONINFO2,POURSUITEETUDES) values (21901179,'BUCHE','SYLVAIN','M','S','LYCEE GENERAL ET TECHNOLOGIQUE JOLIOT-CU',35,'C','DA','FI','Licence info Vannes');
Insert into ETUDIANT (IDETUD,NOMETUD,PRENOMETUD,SEXE,BAC,NOMLYCEE,DEPLYCEE,LEGROUPEINFO1,PARCOURSINFO2,FORMATIONINFO2,POURSUITEETUDES) values (21902463,'CALVEZ','LOUIS','M','S','LYCEE GEN TECHNO LE LIKES',29,'B','IA','FI','BUT Génie Biologique');
Insert into ETUDIANT (IDETUD,NOMETUD,PRENOMETUD,SEXE,BAC,NOMLYCEE,DEPLYCEE,LEGROUPEINFO1,PARCOURSINFO2,FORMATIONINFO2,POURSUITEETUDES) values (21901650,'CARN','YOHAN','M','S','LYCEE GENERAL DE LHARTELOIRE',29,'D','IA','App',null);
Insert into ETUDIANT (IDETUD,NOMETUD,PRENOMETUD,SEXE,BAC,NOMLYCEE,DEPLYCEE,LEGROUPEINFO1,PARCOURSINFO2,FORMATIONINFO2,POURSUITEETUDES) values (21900282,'CASTELLA','MATEO','M','S','LY ST JOSEPH VANNES',56,'D','IA','App','ESIEA Laval');
Insert into ETUDIANT (IDETUD,NOMETUD,PRENOMETUD,SEXE,BAC,NOMLYCEE,DEPLYCEE,LEGROUPEINFO1,PARCOURSINFO2,FORMATIONINFO2,POURSUITEETUDES) values (21900839,'CHASTANIER','TANGUY','M','S','LYCEE GEN ET TECHNOL PRIVE ST PAUL',56,'C','DA','FI',null);
Insert into ETUDIANT (IDETUD,NOMETUD,PRENOMETUD,SEXE,BAC,NOMLYCEE,DEPLYCEE,LEGROUPEINFO1,PARCOURSINFO2,FORMATIONINFO2,POURSUITEETUDES) values (21903410,'CHIFFOT','CALVIN','M','S','LYCEE GENERAL PRIVE LA PERVERIE SACRE CO',44,'D','DA','FI',null);
Insert into ETUDIANT (IDETUD,NOMETUD,PRENOMETUD,SEXE,BAC,NOMLYCEE,DEPLYCEE,LEGROUPEINFO1,PARCOURSINFO2,FORMATIONINFO2,POURSUITEETUDES) values (21900496,'CHOLLET','QUENTIN','M','S','LYCEE GENERAL ET TECHNOLOGIQUE CITE TECH',86,'C','IA','FI','ENSI Caen');
Insert into ETUDIANT (IDETUD,NOMETUD,PRENOMETUD,SEXE,BAC,NOMLYCEE,DEPLYCEE,LEGROUPEINFO1,PARCOURSINFO2,FORMATIONINFO2,POURSUITEETUDES) values (21900427,'CHRISTOPH','NIELS','M','STI2D','LYCEE POLYVALENT VAUBAN',29,'D',null,null,null);
Insert into ETUDIANT (IDETUD,NOMETUD,PRENOMETUD,SEXE,BAC,NOMLYCEE,DEPLYCEE,LEGROUPEINFO1,PARCOURSINFO2,FORMATIONINFO2,POURSUITEETUDES) values (21901954,'CLOAREC','THOMAS','M','S','LYCEE GEN TECH PRIVE NOTRE DAME DU VOEU',56,'A','IA','App','CentraleSupelec');
Insert into ETUDIANT (IDETUD,NOMETUD,PRENOMETUD,SEXE,BAC,NOMLYCEE,DEPLYCEE,LEGROUPEINFO1,PARCOURSINFO2,FORMATIONINFO2,POURSUITEETUDES) values (21901457,'COBAT','GUILLAUME','M','S','LPO PRIVE DES METIERS INSTITUTION ST MAL',35,'C','DA','FI','Licence info Vannes');
Insert into ETUDIANT (IDETUD,NOMETUD,PRENOMETUD,SEXE,BAC,NOMLYCEE,DEPLYCEE,LEGROUPEINFO1,PARCOURSINFO2,FORMATIONINFO2,POURSUITEETUDES) values (21900537,'COMBRISSON','EWEN','M','S','LYCEE GENERAL ET TECHNOLOGIQUE JEAN BRIT',35,'C','IA','FI','ESIEA Laval');
Insert into ETUDIANT (IDETUD,NOMETUD,PRENOMETUD,SEXE,BAC,NOMLYCEE,DEPLYCEE,LEGROUPEINFO1,PARCOURSINFO2,FORMATIONINFO2,POURSUITEETUDES) values (21900563,'CORBEAU','REMI','M','S','LYCEE BENJAMIN FRANKLIN (AURAY)',56,'D',null,null,null);
Insert into ETUDIANT (IDETUD,NOMETUD,PRENOMETUD,SEXE,BAC,NOMLYCEE,DEPLYCEE,LEGROUPEINFO1,PARCOURSINFO2,FORMATIONINFO2,POURSUITEETUDES) values (21900448,'COSNIER','QUENTIN','M','S','LYCEE GENERAL ET TECHNOLOGIQUE COLBERT D',72,'D','IA','FI','Licence info Vannes');
Insert into ETUDIANT (IDETUD,NOMETUD,PRENOMETUD,SEXE,BAC,NOMLYCEE,DEPLYCEE,LEGROUPEINFO1,PARCOURSINFO2,FORMATIONINFO2,POURSUITEETUDES) values (21902355,'DE LA TULLAYE','ADRIEN','M','S','LYCEE GEN ET TECHNOL PRIVE ST LOUIS LORI',29,'B',null,null,null);
Insert into ETUDIANT (IDETUD,NOMETUD,PRENOMETUD,SEXE,BAC,NOMLYCEE,DEPLYCEE,LEGROUPEINFO1,PARCOURSINFO2,FORMATIONINFO2,POURSUITEETUDES) values (21900262,'DELAUNAY','GURWAN','M','S','LPO LYCEE DES METIERS BROCELIANDE',56,'C','IA','FI','ENSSAT Lannion');
Insert into ETUDIANT (IDETUD,NOMETUD,PRENOMETUD,SEXE,BAC,NOMLYCEE,DEPLYCEE,LEGROUPEINFO1,PARCOURSINFO2,FORMATIONINFO2,POURSUITEETUDES) values (21901481,'DESMONTS','LEO','M','S','LYCEE POLYVALENT JEAN PERRIN',95,'B','IA','App','ENSIBS cyberdéfense');
Insert into ETUDIANT (IDETUD,NOMETUD,PRENOMETUD,SEXE,BAC,NOMLYCEE,DEPLYCEE,LEGROUPEINFO1,PARCOURSINFO2,FORMATIONINFO2,POURSUITEETUDES) values (21900272,'DESORMEAUX-DELAUNAY','TOM','M','STI2D','LYCEE GENERAL ET TECHNOLOGIQUE BEAUMONT',35,'D','DA','FI','Travail');
Insert into ETUDIANT (IDETUD,NOMETUD,PRENOMETUD,SEXE,BAC,NOMLYCEE,DEPLYCEE,LEGROUPEINFO1,PARCOURSINFO2,FORMATIONINFO2,POURSUITEETUDES) values (21900976,'DEWILDE','YOANN','M','S','LYCEE GEN TECHNO LE LIKES',29,'D','DA','App','Licence info Vannes');
Insert into ETUDIANT (IDETUD,NOMETUD,PRENOMETUD,SEXE,BAC,NOMLYCEE,DEPLYCEE,LEGROUPEINFO1,PARCOURSINFO2,FORMATIONINFO2,POURSUITEETUDES) values (21900698,'DIBERDER','EVAN','M','S','LYCEE GENERAL ET TECHNOLOGIQUE LESAGE',56,'A','IA','FI','Licence info Vannes');
Insert into ETUDIANT (IDETUD,NOMETUD,PRENOMETUD,SEXE,BAC,NOMLYCEE,DEPLYCEE,LEGROUPEINFO1,PARCOURSINFO2,FORMATIONINFO2,POURSUITEETUDES) values (21902446,'DINEL','ROMAIN','M','S','LYCEE F.R de Chateaubriand COMBOURG - CO',35,'D','IA','FI','EPITECH Rennes');
Insert into ETUDIANT (IDETUD,NOMETUD,PRENOMETUD,SEXE,BAC,NOMLYCEE,DEPLYCEE,LEGROUPEINFO1,PARCOURSINFO2,FORMATIONINFO2,POURSUITEETUDES) values (21900965,'DUFILS','ROMAIN','M','S','LYCEE GENERAL ET TECHNOLOGIQUE PIERRE ME',85,'D','IA','App','EPSI Nantes');
Insert into ETUDIANT (IDETUD,NOMETUD,PRENOMETUD,SEXE,BAC,NOMLYCEE,DEPLYCEE,LEGROUPEINFO1,PARCOURSINFO2,FORMATIONINFO2,POURSUITEETUDES) values (21901046,'ERMINE','LOUIS','M','S','LYCEE GENERAL FRANCOIS RENE DE CHATEAUBR',35,'C','IA','FI','Travail');
Insert into ETUDIANT (IDETUD,NOMETUD,PRENOMETUD,SEXE,BAC,NOMLYCEE,DEPLYCEE,LEGROUPEINFO1,PARCOURSINFO2,FORMATIONINFO2,POURSUITEETUDES) values (21901680,'FAUGERON','LUCAS','M','S','LYCEE POLYVALENT JEAN MACE',56,'A','DA','App','Licence Pro Vannes Delice');
Insert into ETUDIANT (IDETUD,NOMETUD,PRENOMETUD,SEXE,BAC,NOMLYCEE,DEPLYCEE,LEGROUPEINFO1,PARCOURSINFO2,FORMATIONINFO2,POURSUITEETUDES) values (21902089,'FLOHIC','JORIS','M','S','LYCEE GENERAL GALILEE',44,'D','IA','App','EPSI Nantes');
Insert into ETUDIANT (IDETUD,NOMETUD,PRENOMETUD,SEXE,BAC,NOMLYCEE,DEPLYCEE,LEGROUPEINFO1,PARCOURSINFO2,FORMATIONINFO2,POURSUITEETUDES) values (21900815,'FRANCIS','TEIVA','M','S','LYCEE BENJAMIN FRANKLIN (AURAY)',56,'D','DA','App',null);
Insert into ETUDIANT (IDETUD,NOMETUD,PRENOMETUD,SEXE,BAC,NOMLYCEE,DEPLYCEE,LEGROUPEINFO1,PARCOURSINFO2,FORMATIONINFO2,POURSUITEETUDES) values (21901869,'GARAUD','ORIANNE','F','S','LYCEE POLYVALENT PRIVE STE ANNE-ST LOUIS',56,'A','IA','FI',null);
Insert into ETUDIANT (IDETUD,NOMETUD,PRENOMETUD,SEXE,BAC,NOMLYCEE,DEPLYCEE,LEGROUPEINFO1,PARCOURSINFO2,FORMATIONINFO2,POURSUITEETUDES) values (21901634,'GARCIA','CHRISTOPHE','M','S','LPO LYCEE DES METIERS YVES THEPOT',29,'A','DA','FI','Licence Info Brest');
Insert into ETUDIANT (IDETUD,NOMETUD,PRENOMETUD,SEXE,BAC,NOMLYCEE,DEPLYCEE,LEGROUPEINFO1,PARCOURSINFO2,FORMATIONINFO2,POURSUITEETUDES) values (21903624,'GARIN-HAMELINE','GILDAS','M','S','LYCEE GEN.ET TECHNOL.PRIVE ASSOMPTION BE',69,'D','IA','App','ENSIBS cyberdéfense');
Insert into ETUDIANT (IDETUD,NOMETUD,PRENOMETUD,SEXE,BAC,NOMLYCEE,DEPLYCEE,LEGROUPEINFO1,PARCOURSINFO2,FORMATIONINFO2,POURSUITEETUDES) values (21902979,'GARREC','MEVEN','M','STI2D','LPO LYCEE DES METIERS YVES THEPOT',29,'A','DA','FI','Licence Pro Vannes Delice');
Insert into ETUDIANT (IDETUD,NOMETUD,PRENOMETUD,SEXE,BAC,NOMLYCEE,DEPLYCEE,LEGROUPEINFO1,PARCOURSINFO2,FORMATIONINFO2,POURSUITEETUDES) values (21900989,'GASTEBOIS','LUCY','F','ES','LYCEE GENERAL ET TECHNOLOGIQUE SEVIGNE',35,'B','DA','FI','ESNA');
Insert into ETUDIANT (IDETUD,NOMETUD,PRENOMETUD,SEXE,BAC,NOMLYCEE,DEPLYCEE,LEGROUPEINFO1,PARCOURSINFO2,FORMATIONINFO2,POURSUITEETUDES) values (21902450,'GLORENNEC','OSCAR','M','S','LYCEE GENERAL ET TECHNOLOGIQUE JOLIOT-CU',35,'A',null,null,null);
Insert into ETUDIANT (IDETUD,NOMETUD,PRENOMETUD,SEXE,BAC,NOMLYCEE,DEPLYCEE,LEGROUPEINFO1,PARCOURSINFO2,FORMATIONINFO2,POURSUITEETUDES) values (21900316,'GODET','LOUIS-XAVIER','M','STI2D','LYCEE TECHNOLOGIQUE PRIVE LES RIMAINS',35,'A','IA','FI','Licence Info Poitiers');
Insert into ETUDIANT (IDETUD,NOMETUD,PRENOMETUD,SEXE,BAC,NOMLYCEE,DEPLYCEE,LEGROUPEINFO1,PARCOURSINFO2,FORMATIONINFO2,POURSUITEETUDES) values (21902833,'GONTARD','ALICE','F','S','LYCEE GENERAL ET TECHNO DE CORNOUAILLE',29,'B','IA','FI','ESNA');
Insert into ETUDIANT (IDETUD,NOMETUD,PRENOMETUD,SEXE,BAC,NOMLYCEE,DEPLYCEE,LEGROUPEINFO1,PARCOURSINFO2,FORMATIONINFO2,POURSUITEETUDES) values (21903180,'GOYER','ENZO','M','S','LYCEE GEN.ET TECHNOL.PRIVE DAVESNIERES',53,'C',null,null,null);
Insert into ETUDIANT (IDETUD,NOMETUD,PRENOMETUD,SEXE,BAC,NOMLYCEE,DEPLYCEE,LEGROUPEINFO1,PARCOURSINFO2,FORMATIONINFO2,POURSUITEETUDES) values (21901478,'GREGOIRE','EWAN','M','S','LYCEE METIERS MARCELIN BERTHELOT (QUEST',56,'B','IA','App','Licence Pro Vannes Cyber');
Insert into ETUDIANT (IDETUD,NOMETUD,PRENOMETUD,SEXE,BAC,NOMLYCEE,DEPLYCEE,LEGROUPEINFO1,PARCOURSINFO2,FORMATIONINFO2,POURSUITEETUDES) values (21900144,'GUENNEC','PAUL','M','S','LYCEE GEN. TECHNO VICTOR HUGO (HENNEBONT',56,'D','IA','FI','ENSIBS cyberdéfense');
Insert into ETUDIANT (IDETUD,NOMETUD,PRENOMETUD,SEXE,BAC,NOMLYCEE,DEPLYCEE,LEGROUPEINFO1,PARCOURSINFO2,FORMATIONINFO2,POURSUITEETUDES) values (21903367,'GUENNOU','NICOLAS','M','STI2D','LYCEE GEN ET TECHNOL PRIVE ST SEBASTIEN',90,'D',null,null,null);
Insert into ETUDIANT (IDETUD,NOMETUD,PRENOMETUD,SEXE,BAC,NOMLYCEE,DEPLYCEE,LEGROUPEINFO1,PARCOURSINFO2,FORMATIONINFO2,POURSUITEETUDES) values (21902502,'GUILLOU','DORYAN','M','S','LYCEE GENERAL AUGUSTE BRIZEUX',29,'B',null,null,null);
Insert into ETUDIANT (IDETUD,NOMETUD,PRENOMETUD,SEXE,BAC,NOMLYCEE,DEPLYCEE,LEGROUPEINFO1,PARCOURSINFO2,FORMATIONINFO2,POURSUITEETUDES) values (21900788,'GUILLOUZO','BENJAMIN','M','S','LYCEE GENERAL PRIVE ND DE TOUTES AIDES',44,'B','IA','App','ENSIBS cyberdéfense');
Insert into ETUDIANT (IDETUD,NOMETUD,PRENOMETUD,SEXE,BAC,NOMLYCEE,DEPLYCEE,LEGROUPEINFO1,PARCOURSINFO2,FORMATIONINFO2,POURSUITEETUDES) values (21903081,'HAMON','CLEMENT','M','S','LYCEE GEN ET TECHNOL PRIVE ST MARTIN',35,'C','IA','FI','EPITECH Rennes');
Insert into ETUDIANT (IDETUD,NOMETUD,PRENOMETUD,SEXE,BAC,NOMLYCEE,DEPLYCEE,LEGROUPEINFO1,PARCOURSINFO2,FORMATIONINFO2,POURSUITEETUDES) values (21902069,'HERARD','THIBAULT','M','S','LYCEE GENERAL ET TECHNOLOGIQUE RENE DESC',35,'B','IA','App','ENSIBS cyberdéfense');
Insert into ETUDIANT (IDETUD,NOMETUD,PRENOMETUD,SEXE,BAC,NOMLYCEE,DEPLYCEE,LEGROUPEINFO1,PARCOURSINFO2,FORMATIONINFO2,POURSUITEETUDES) values (21802862,'JOSSE','ELOUAN','M','S','LPO LYCEE DES METIERS COLBERT',56,'D','DA','FI',null);
Insert into ETUDIANT (IDETUD,NOMETUD,PRENOMETUD,SEXE,BAC,NOMLYCEE,DEPLYCEE,LEGROUPEINFO1,PARCOURSINFO2,FORMATIONINFO2,POURSUITEETUDES) values (21900318,'JOSSE','SAMUEL','M','S','LYCEE GENERAL ET TECHNOLOGIQUE MAUPERTUI',35,'C','DA','FI','Licence info Vannes');
Insert into ETUDIANT (IDETUD,NOMETUD,PRENOMETUD,SEXE,BAC,NOMLYCEE,DEPLYCEE,LEGROUPEINFO1,PARCOURSINFO2,FORMATIONINFO2,POURSUITEETUDES) values (21903258,'KERSULLEC','ANTOINE','M','S','LYCEE GEN ET TECHNO DE KERNEUZEC',29,'A','IA','FI','Licence 2 info Rennes');
Insert into ETUDIANT (IDETUD,NOMETUD,PRENOMETUD,SEXE,BAC,NOMLYCEE,DEPLYCEE,LEGROUPEINFO1,PARCOURSINFO2,FORMATIONINFO2,POURSUITEETUDES) values (21901901,'KOENIGS','THEO','M','S','LYCEE GENERAL ET TECHNOLOGIQUE JACQUES D',37,'A','IA','App','UTT');
Insert into ETUDIANT (IDETUD,NOMETUD,PRENOMETUD,SEXE,BAC,NOMLYCEE,DEPLYCEE,LEGROUPEINFO1,PARCOURSINFO2,FORMATIONINFO2,POURSUITEETUDES) values (21903040,'LAGUE','PIERRE','M','S','LYCEE GENERAL FRANCOIS RENE DE CHATEAUBR',35,'C','IA','FI','Licence info Vannes');
Insert into ETUDIANT (IDETUD,NOMETUD,PRENOMETUD,SEXE,BAC,NOMLYCEE,DEPLYCEE,LEGROUPEINFO1,PARCOURSINFO2,FORMATIONINFO2,POURSUITEETUDES) values (21906101,'LALIMAN','SIMON','M','S','LYCEE GENERAL ET TECHNOLOGIQUE MARCEL PA',null,'C',null,null,null);
Insert into ETUDIANT (IDETUD,NOMETUD,PRENOMETUD,SEXE,BAC,NOMLYCEE,DEPLYCEE,LEGROUPEINFO1,PARCOURSINFO2,FORMATIONINFO2,POURSUITEETUDES) values (21900878,'LAMBERT','TANGUY','M','S','LYCEE GEN ET TECHNOL PRIVE ST PAUL',56,'C','IA','App','Licence info Rennes');
Insert into ETUDIANT (IDETUD,NOMETUD,PRENOMETUD,SEXE,BAC,NOMLYCEE,DEPLYCEE,LEGROUPEINFO1,PARCOURSINFO2,FORMATIONINFO2,POURSUITEETUDES) values (21903405,'LAROQUE','ARTHUR','M','S','LYCEE GEN. ET TECHNOL. PRIVE GERMAIN',50,'D','IA','FI','Licence info Nantes');
Insert into ETUDIANT (IDETUD,NOMETUD,PRENOMETUD,SEXE,BAC,NOMLYCEE,DEPLYCEE,LEGROUPEINFO1,PARCOURSINFO2,FORMATIONINFO2,POURSUITEETUDES) values (21903763,'LE BORGNE','ANTOINE','M','STI2D','LPO LYCEE DES METIERS COLBERT',56,'B','DA','FI','Licence Pro Vannes Delice');
Insert into ETUDIANT (IDETUD,NOMETUD,PRENOMETUD,SEXE,BAC,NOMLYCEE,DEPLYCEE,LEGROUPEINFO1,PARCOURSINFO2,FORMATIONINFO2,POURSUITEETUDES) values (21902012,'LE BOT','KILLIAN','M','STI2D','LY ST JOSEPH VANNES',56,'A',null,null,null);
Insert into ETUDIANT (IDETUD,NOMETUD,PRENOMETUD,SEXE,BAC,NOMLYCEE,DEPLYCEE,LEGROUPEINFO1,PARCOURSINFO2,FORMATIONINFO2,POURSUITEETUDES) values (21900924,'LE BRETON','DAN','M','S','LYCEE GEN ET TECHNOL PRIVE ST PAUL',56,'B','DA','App',null);
Insert into ETUDIANT (IDETUD,NOMETUD,PRENOMETUD,SEXE,BAC,NOMLYCEE,DEPLYCEE,LEGROUPEINFO1,PARCOURSINFO2,FORMATIONINFO2,POURSUITEETUDES) values (21901106,'LE CHENADEC','SARAH','F','S','LYCEE GEN. TECHNO VICTOR HUGO (HENNEBONT',56,'A','IA','FI','ENSIBS cyberdéfense');
Insert into ETUDIANT (IDETUD,NOMETUD,PRENOMETUD,SEXE,BAC,NOMLYCEE,DEPLYCEE,LEGROUPEINFO1,PARCOURSINFO2,FORMATIONINFO2,POURSUITEETUDES) values (21900900,'LE DOUSSAL','RIWAN','M','S','LYCEE GEN. TECHNO VICTOR HUGO (HENNEBONT',56,'C',null,null,null);
Insert into ETUDIANT (IDETUD,NOMETUD,PRENOMETUD,SEXE,BAC,NOMLYCEE,DEPLYCEE,LEGROUPEINFO1,PARCOURSINFO2,FORMATIONINFO2,POURSUITEETUDES) values (21900858,'LE GARREC','VINCENT','M','S','LYCEE GEN. TECHNO VICTOR HUGO (HENNEBONT',56,'A','IA','FI','ENSIBS cyberdéfense');
Insert into ETUDIANT (IDETUD,NOMETUD,PRENOMETUD,SEXE,BAC,NOMLYCEE,DEPLYCEE,LEGROUPEINFO1,PARCOURSINFO2,FORMATIONINFO2,POURSUITEETUDES) values (21900875,'LE GOFF','BENJAMIN','M','S','LYCEE GEN ET TECHNO DE KERNEUZEC',29,'A','DA','FI','Travail');
Insert into ETUDIANT (IDETUD,NOMETUD,PRENOMETUD,SEXE,BAC,NOMLYCEE,DEPLYCEE,LEGROUPEINFO1,PARCOURSINFO2,FORMATIONINFO2,POURSUITEETUDES) values (21900911,'LE LAN','QUENTIN','M','S','LYCEE POLYVALENT PRIVE STE ANNE-ST LOUIS',56,'B','IA','FI','ESIR');
Insert into ETUDIANT (IDETUD,NOMETUD,PRENOMETUD,SEXE,BAC,NOMLYCEE,DEPLYCEE,LEGROUPEINFO1,PARCOURSINFO2,FORMATIONINFO2,POURSUITEETUDES) values (21900219,'LE PORS','YANIS','M','S','LYCEE POLYVALENT PAUL SERUSIER',29,'A','IA','App','Licence info Brest');
Insert into ETUDIANT (IDETUD,NOMETUD,PRENOMETUD,SEXE,BAC,NOMLYCEE,DEPLYCEE,LEGROUPEINFO1,PARCOURSINFO2,FORMATIONINFO2,POURSUITEETUDES) values (21903169,'LEBOEUF','SULLLIVAN','M','STI2D','LYCEE JEANNE DARC ST IVY',56,'A','DA','FI','Licence Pro Vannes Delice');
Insert into ETUDIANT (IDETUD,NOMETUD,PRENOMETUD,SEXE,BAC,NOMLYCEE,DEPLYCEE,LEGROUPEINFO1,PARCOURSINFO2,FORMATIONINFO2,POURSUITEETUDES) values (21807519,'LEBORGNE','AYMERICK','M','S','LYCEE GENERAL ET TECHNOLOGIQUE JOLIOT-CU',56,'A','IA','App','Licence info Rennes');
Insert into ETUDIANT (IDETUD,NOMETUD,PRENOMETUD,SEXE,BAC,NOMLYCEE,DEPLYCEE,LEGROUPEINFO1,PARCOURSINFO2,FORMATIONINFO2,POURSUITEETUDES) values (21901089,'LEDOUX','MATTEO','M','S','LGT LYCEE DES METIERS MARIE CURIE',60,'A','IA','FI','ESNA');
Insert into ETUDIANT (IDETUD,NOMETUD,PRENOMETUD,SEXE,BAC,NOMLYCEE,DEPLYCEE,LEGROUPEINFO1,PARCOURSINFO2,FORMATIONINFO2,POURSUITEETUDES) values (21908182,'LEDREAU','ERIN','M',null,null,null,'B',null,null,null);
Insert into ETUDIANT (IDETUD,NOMETUD,PRENOMETUD,SEXE,BAC,NOMLYCEE,DEPLYCEE,LEGROUPEINFO1,PARCOURSINFO2,FORMATIONINFO2,POURSUITEETUDES) values (21900432,'LELEUX','KIERAN','M','S','LYCEE POLYVALENT JEAN MACE',56,'B',null,null,null);
Insert into ETUDIANT (IDETUD,NOMETUD,PRENOMETUD,SEXE,BAC,NOMLYCEE,DEPLYCEE,LEGROUPEINFO1,PARCOURSINFO2,FORMATIONINFO2,POURSUITEETUDES) values (21900834,'LENOBLE','ALEXANDRE','M','S','LYCEE GEN ET TECHNOL PRIVE ST PAUL',56,'A','IA','FI','Licence info Vannes');
Insert into ETUDIANT (IDETUD,NOMETUD,PRENOMETUD,SEXE,BAC,NOMLYCEE,DEPLYCEE,LEGROUPEINFO1,PARCOURSINFO2,FORMATIONINFO2,POURSUITEETUDES) values (21902830,'LEVEL','VALENTIN','M','STI2D','LYCEE GEN ET TECHNOL PRIVE ST SEBASTIEN',29,'D',null,null,null);
Insert into ETUDIANT (IDETUD,NOMETUD,PRENOMETUD,SEXE,BAC,NOMLYCEE,DEPLYCEE,LEGROUPEINFO1,PARCOURSINFO2,FORMATIONINFO2,POURSUITEETUDES) values (21901136,'LICKINDORF','BORIS','M','S','LYCEE GENERAL ET TECHNOLOGIQUE JOLIOT-CU',35,'C','IA','App','ENSIBS cyberdéfense');
Insert into ETUDIANT (IDETUD,NOMETUD,PRENOMETUD,SEXE,BAC,NOMLYCEE,DEPLYCEE,LEGROUPEINFO1,PARCOURSINFO2,FORMATIONINFO2,POURSUITEETUDES) values (21902778,'LIGER','VICTOR','M','STI2D','LYCEE GEN TECHNO LE LIKES',29,'B',null,null,null);
Insert into ETUDIANT (IDETUD,NOMETUD,PRENOMETUD,SEXE,BAC,NOMLYCEE,DEPLYCEE,LEGROUPEINFO1,PARCOURSINFO2,FORMATIONINFO2,POURSUITEETUDES) values (21900162,'MADELAINE','DYLAN','M','S','LYCEE GEN ET TECHNOL PRIVE ST SAUVEUR',35,'C','DA','App','Licence info Vannes');
Insert into ETUDIANT (IDETUD,NOMETUD,PRENOMETUD,SEXE,BAC,NOMLYCEE,DEPLYCEE,LEGROUPEINFO1,PARCOURSINFO2,FORMATIONINFO2,POURSUITEETUDES) values (21900748,'MAHEO','CORENTIN','M','S','LYCEE GENERAL ET TECHNOLOGIQUE JOSEPH LO',56,'D','IA','FI','Travail');
Insert into ETUDIANT (IDETUD,NOMETUD,PRENOMETUD,SEXE,BAC,NOMLYCEE,DEPLYCEE,LEGROUPEINFO1,PARCOURSINFO2,FORMATIONINFO2,POURSUITEETUDES) values (21901709,'MAINDRON','ELOUAN','M','STI2D','LYCEE POLYVALENT LEONARD DE VINCI',85,'C','DA','FI','Bachelor GL  CESI Nantes');
Insert into ETUDIANT (IDETUD,NOMETUD,PRENOMETUD,SEXE,BAC,NOMLYCEE,DEPLYCEE,LEGROUPEINFO1,PARCOURSINFO2,FORMATIONINFO2,POURSUITEETUDES) values (21901009,'MEAUZE','BAPTISTE','M','S','LYCEE GENERAL ET TECHNOLOGIQUE RENE DESC',35,'C','IA','FI','Licence info Rennes');
Insert into ETUDIANT (IDETUD,NOMETUD,PRENOMETUD,SEXE,BAC,NOMLYCEE,DEPLYCEE,LEGROUPEINFO1,PARCOURSINFO2,FORMATIONINFO2,POURSUITEETUDES) values (21900422,'MERIC-PONS','MATHIS','M','S','LPO LYCEE DES METIERS COLBERT',72,'C','IA','FI','Licence info Brest');
Insert into ETUDIANT (IDETUD,NOMETUD,PRENOMETUD,SEXE,BAC,NOMLYCEE,DEPLYCEE,LEGROUPEINFO1,PARCOURSINFO2,FORMATIONINFO2,POURSUITEETUDES) values (21902602,'MESNAGE','MARIUS','M','STI2D','LYCEE TECHNOLOGIQUE PRIVE LES RIMAINS',35,'C',null,null,null);
Insert into ETUDIANT (IDETUD,NOMETUD,PRENOMETUD,SEXE,BAC,NOMLYCEE,DEPLYCEE,LEGROUPEINFO1,PARCOURSINFO2,FORMATIONINFO2,POURSUITEETUDES) values (21900482,'MICHENEAU','TIMOTHE','M','S','LYCEE GENERAL GALILEE',44,'A','DA','FI','Licence Pro Vannes Delice');
Insert into ETUDIANT (IDETUD,NOMETUD,PRENOMETUD,SEXE,BAC,NOMLYCEE,DEPLYCEE,LEGROUPEINFO1,PARCOURSINFO2,FORMATIONINFO2,POURSUITEETUDES) values (21901766,'MIONET','PIERRE','M','STI2D','LYCEE GENERAL ET TECHNOLOGIQUE FELIX LE',22,'D','IA','FI','ENSIBS cyberdéfense');
Insert into ETUDIANT (IDETUD,NOMETUD,PRENOMETUD,SEXE,BAC,NOMLYCEE,DEPLYCEE,LEGROUPEINFO1,PARCOURSINFO2,FORMATIONINFO2,POURSUITEETUDES) values (21901272,'MULTAN','GABRIELLE','F','S','LYCEE GEN ET TECHNOL PRIVE ST PAUL',56,'B','IA','FI','ESIEA Laval');
Insert into ETUDIANT (IDETUD,NOMETUD,PRENOMETUD,SEXE,BAC,NOMLYCEE,DEPLYCEE,LEGROUPEINFO1,PARCOURSINFO2,FORMATIONINFO2,POURSUITEETUDES) values (21901069,'PEDRON','MATISSE','M','S','LYCEE GEN ET TECHNOL PRIVE ST LOUIS LORI',56,'D','IA','FI','ENSIBS cyberlogiciel');
Insert into ETUDIANT (IDETUD,NOMETUD,PRENOMETUD,SEXE,BAC,NOMLYCEE,DEPLYCEE,LEGROUPEINFO1,PARCOURSINFO2,FORMATIONINFO2,POURSUITEETUDES) values (21900234,'PLOQUIN','NATHAN','M','S','LY ST JOSEPH VANNES',56,'C','IA','App','ENSIBS cyberdéfense');
Insert into ETUDIANT (IDETUD,NOMETUD,PRENOMETUD,SEXE,BAC,NOMLYCEE,DEPLYCEE,LEGROUPEINFO1,PARCOURSINFO2,FORMATIONINFO2,POURSUITEETUDES) values (21902387,'PLOUZENNEC','MORGAN','M','STI2D','LYCEE GEN TECHNO LE LIKES',29,'C',null,null,null);
Insert into ETUDIANT (IDETUD,NOMETUD,PRENOMETUD,SEXE,BAC,NOMLYCEE,DEPLYCEE,LEGROUPEINFO1,PARCOURSINFO2,FORMATIONINFO2,POURSUITEETUDES) values (21900466,'QUACH','VALENTIN','M','STI2D','LYCEE POLYVALENT DE LA FONTAINE DES EAUX',22,'C','DA','FI','Travail');
Insert into ETUDIANT (IDETUD,NOMETUD,PRENOMETUD,SEXE,BAC,NOMLYCEE,DEPLYCEE,LEGROUPEINFO1,PARCOURSINFO2,FORMATIONINFO2,POURSUITEETUDES) values (21900244,'QUINIOU','CHRISTOPHE','M','STI2D','LPO LYCEE DES METIERS YVES THEPOT',29,'C','DA','FI','Licence MIAGE Rennes');
Insert into ETUDIANT (IDETUD,NOMETUD,PRENOMETUD,SEXE,BAC,NOMLYCEE,DEPLYCEE,LEGROUPEINFO1,PARCOURSINFO2,FORMATIONINFO2,POURSUITEETUDES) values (21900078,'RECOLIN','ANGELE','F','S','LYCEE POLYVALENT LES BOURDONNIERES',44,'B','DA','FI','Licence Pro Nantes');
Insert into ETUDIANT (IDETUD,NOMETUD,PRENOMETUD,SEXE,BAC,NOMLYCEE,DEPLYCEE,LEGROUPEINFO1,PARCOURSINFO2,FORMATIONINFO2,POURSUITEETUDES) values (21901881,'RIAT','PAUL','M','STI2D','LYCEE GEN TECHNO LE LIKES',29,'B',null,null,null);
Insert into ETUDIANT (IDETUD,NOMETUD,PRENOMETUD,SEXE,BAC,NOMLYCEE,DEPLYCEE,LEGROUPEINFO1,PARCOURSINFO2,FORMATIONINFO2,POURSUITEETUDES) values (21902206,'ROUILLIER','JULIEN','M','S','LYCEE GENERAL ET TECHNOLOGIQUE MIREILLE ',60,'B','IA','App','ENSIBS cyberdéfense');
Insert into ETUDIANT (IDETUD,NOMETUD,PRENOMETUD,SEXE,BAC,NOMLYCEE,DEPLYCEE,LEGROUPEINFO1,PARCOURSINFO2,FORMATIONINFO2,POURSUITEETUDES) values (21900626,'SAMSON','BENOIT','M','STI2D','LYCEE JEANNE DARC ST IVY',56,'A',null,null,null);
Insert into ETUDIANT (IDETUD,NOMETUD,PRENOMETUD,SEXE,BAC,NOMLYCEE,DEPLYCEE,LEGROUPEINFO1,PARCOURSINFO2,FORMATIONINFO2,POURSUITEETUDES) values (21900343,'SIMAR','CEDRIC','M','S','LYCEE GENERAL PRIVE ST FRANCOIS-XAVIER',56,'D','IA','FI','Bachelor Info De vinci');
Insert into ETUDIANT (IDETUD,NOMETUD,PRENOMETUD,SEXE,BAC,NOMLYCEE,DEPLYCEE,LEGROUPEINFO1,PARCOURSINFO2,FORMATIONINFO2,POURSUITEETUDES) values (21900864,'SUARD','MAEL','M','S','LYCEE GEN TECHNO LE LIKES',29,'D','IA','App','IMT');
Insert into ETUDIANT (IDETUD,NOMETUD,PRENOMETUD,SEXE,BAC,NOMLYCEE,DEPLYCEE,LEGROUPEINFO1,PARCOURSINFO2,FORMATIONINFO2,POURSUITEETUDES) values (21900238,'TIRLEMONT','KIERIAN','M','S','LYCEE GENERAL ET TECHNOLOGIQUE JULLIOT D',50,'D','IA','App','ESIEA Laval');
Insert into ETUDIANT (IDETUD,NOMETUD,PRENOMETUD,SEXE,BAC,NOMLYCEE,DEPLYCEE,LEGROUPEINFO1,PARCOURSINFO2,FORMATIONINFO2,POURSUITEETUDES) values (21901836,'TRETON','PIERRE','M','S','LY.GEN CHARLES PEG GORGES',44,'A','DA','FI','Licence 2 Info Rennes');
Insert into ETUDIANT (IDETUD,NOMETUD,PRENOMETUD,SEXE,BAC,NOMLYCEE,DEPLYCEE,LEGROUPEINFO1,PARCOURSINFO2,FORMATIONINFO2,POURSUITEETUDES) values (21702527,'VIAUD','BENJAMIN','M','S','LYCEE GEN TECH PRIVE NOTRE DAME DU VOEU',29,'C','IA','FI','Licence Info Rennes');

--------------------------------------------------------
--  ENTREPRISE
--------------------------------------------------------

Insert into ENTREPRISE (IDENTREPRISE,NOMENTREPRISE,DEPENTREPRISE) values (1,'ACCENTURE',75);
Insert into ENTREPRISE (IDENTREPRISE,NOMENTREPRISE,DEPENTREPRISE) values (2,'ADAPEI56',56);
Insert into ENTREPRISE (IDENTREPRISE,NOMENTREPRISE,DEPENTREPRISE) values (3,'ADM',56);
Insert into ENTREPRISE (IDENTREPRISE,NOMENTREPRISE,DEPENTREPRISE) values (4,'ALADOM',35);
Insert into ENTREPRISE (IDENTREPRISE,NOMENTREPRISE,DEPENTREPRISE) values (5,'ANVERGUR',56);
Insert into ENTREPRISE (IDENTREPRISE,NOMENTREPRISE,DEPENTREPRISE) values (6,'APRAS',35);
Insert into ENTREPRISE (IDENTREPRISE,NOMENTREPRISE,DEPENTREPRISE) values (7,'AWAHOTO',35);
Insert into ENTREPRISE (IDENTREPRISE,NOMENTREPRISE,DEPENTREPRISE) values (8,'BIOTHOT',56);
Insert into ENTREPRISE (IDENTREPRISE,NOMENTREPRISE,DEPENTREPRISE) values (9,'BYSTAMP',56);
Insert into ENTREPRISE (IDENTREPRISE,NOMENTREPRISE,DEPENTREPRISE) values (10,'CADIOU INDUSTRIE',29);
Insert into ENTREPRISE (IDENTREPRISE,NOMENTREPRISE,DEPENTREPRISE) values (11,'CAISSE DEPARGNE LOIRE DROME ARDECHE',42);
Insert into ENTREPRISE (IDENTREPRISE,NOMENTREPRISE,DEPENTREPRISE) values (12,'CGI',56);
Insert into ENTREPRISE (IDENTREPRISE,NOMENTREPRISE,DEPENTREPRISE) values (13,'CGI',35);
Insert into ENTREPRISE (IDENTREPRISE,NOMENTREPRISE,DEPENTREPRISE) values (14,'CMB',29);
Insert into ENTREPRISE (IDENTREPRISE,NOMENTREPRISE,DEPENTREPRISE) values (15,'CNRS',35);
Insert into ENTREPRISE (IDENTREPRISE,NOMENTREPRISE,DEPENTREPRISE) values (16,'COLLEGE SACRE COEUR',56);
Insert into ENTREPRISE (IDENTREPRISE,NOMENTREPRISE,DEPENTREPRISE) values (17,'CONSEIL DEPARTEMENTAL DU MORBIHAN',56);
Insert into ENTREPRISE (IDENTREPRISE,NOMENTREPRISE,DEPENTREPRISE) values (18,'CREDIT AGRICOLE',56);
Insert into ENTREPRISE (IDENTREPRISE,NOMENTREPRISE,DEPENTREPRISE) values (19,'DAVID SYSTEMS GMBH',null);
Insert into ENTREPRISE (IDENTREPRISE,NOMENTREPRISE,DEPENTREPRISE) values (20,'DAWIZZ',56);
Insert into ENTREPRISE (IDENTREPRISE,NOMENTREPRISE,DEPENTREPRISE) values (21,'DCODE-IT',27);
Insert into ENTREPRISE (IDENTREPRISE,NOMENTREPRISE,DEPENTREPRISE) values (22,'DEPARTEMENT DE LA VENDEE',85);
Insert into ENTREPRISE (IDENTREPRISE,NOMENTREPRISE,DEPENTREPRISE) values (23,'DEPARTEMENT DILLE-ET-VILAINE',35);
Insert into ENTREPRISE (IDENTREPRISE,NOMENTREPRISE,DEPENTREPRISE) values (24,'DIOTAL SAS',56);
Insert into ENTREPRISE (IDENTREPRISE,NOMENTREPRISE,DEPENTREPRISE) values (25,'DGFIP',35);
Insert into ENTREPRISE (IDENTREPRISE,NOMENTREPRISE,DEPENTREPRISE) values (26,'DIRISI',29);
Insert into ENTREPRISE (IDENTREPRISE,NOMENTREPRISE,DEPENTREPRISE) values (27,'ÉCOLES DE SAINT-CYR COËTQUIDAN',56);
Insert into ENTREPRISE (IDENTREPRISE,NOMENTREPRISE,DEPENTREPRISE) values (28,'ENSIBS',56);
Insert into ENTREPRISE (IDENTREPRISE,NOMENTREPRISE,DEPENTREPRISE) values (29,'ERCII',56);
Insert into ENTREPRISE (IDENTREPRISE,NOMENTREPRISE,DEPENTREPRISE) values (30,'EXOTIC ANIMALS',56);
Insert into ENTREPRISE (IDENTREPRISE,NOMENTREPRISE,DEPENTREPRISE) values (31,'GROUPE ROCHER',35);
Insert into ENTREPRISE (IDENTREPRISE,NOMENTREPRISE,DEPENTREPRISE) values (32,'HIPPOCAD',77);
Insert into ENTREPRISE (IDENTREPRISE,NOMENTREPRISE,DEPENTREPRISE) values (33,'HORIZON SYSTEMES DINFORMATION',60);
Insert into ENTREPRISE (IDENTREPRISE,NOMENTREPRISE,DEPENTREPRISE) values (34,'IDEMIA',95);
Insert into ENTREPRISE (IDENTREPRISE,NOMENTREPRISE,DEPENTREPRISE) values (35,'IFREMER',29);
Insert into ENTREPRISE (IDENTREPRISE,NOMENTREPRISE,DEPENTREPRISE) values (36,'INPIXAL',35);
Insert into ENTREPRISE (IDENTREPRISE,NOMENTREPRISE,DEPENTREPRISE) values (37,'INRAE ET FN3PT',75);
Insert into ENTREPRISE (IDENTREPRISE,NOMENTREPRISE,DEPENTREPRISE) values (38,'IOLE SOLUTIONS',56);
Insert into ENTREPRISE (IDENTREPRISE,NOMENTREPRISE,DEPENTREPRISE) values (39,'IRISA, EQUIPE OBELIX',56);
Insert into ENTREPRISE (IDENTREPRISE,NOMENTREPRISE,DEPENTREPRISE) values (40,'JEXLPROD',56);
Insert into ENTREPRISE (IDENTREPRISE,NOMENTREPRISE,DEPENTREPRISE) values (41,'JULIANA MULTIMEDIA',56);
Insert into ENTREPRISE (IDENTREPRISE,NOMENTREPRISE,DEPENTREPRISE) values (42,'KARROAD',65);
Insert into ENTREPRISE (IDENTREPRISE,NOMENTREPRISE,DEPENTREPRISE) values (43,'LA BIDOUILLERIE',35);
Insert into ENTREPRISE (IDENTREPRISE,NOMENTREPRISE,DEPENTREPRISE) values (44,'LACTALIS',53);
Insert into ENTREPRISE (IDENTREPRISE,NOMENTREPRISE,DEPENTREPRISE) values (45,'LEAD OFF',56);
Insert into ENTREPRISE (IDENTREPRISE,NOMENTREPRISE,DEPENTREPRISE) values (46,'LETSEAT',87);
Insert into ENTREPRISE (IDENTREPRISE,NOMENTREPRISE,DEPENTREPRISE) values (47,'LUNION DES FORGERONS',91);
Insert into ENTREPRISE (IDENTREPRISE,NOMENTREPRISE,DEPENTREPRISE) values (48,'MAIRIE DE SÉNÉ',56);
Insert into ENTREPRISE (IDENTREPRISE,NOMENTREPRISE,DEPENTREPRISE) values (49,'MENBAT',56);
Insert into ENTREPRISE (IDENTREPRISE,NOMENTREPRISE,DEPENTREPRISE) values (50,'MONSTOCK',51);
Insert into ENTREPRISE (IDENTREPRISE,NOMENTREPRISE,DEPENTREPRISE) values (51,'NAVAL GROUP',83);
Insert into ENTREPRISE (IDENTREPRISE,NOMENTREPRISE,DEPENTREPRISE) values (52,'NIJI',44);
Insert into ENTREPRISE (IDENTREPRISE,NOMENTREPRISE,DEPENTREPRISE) values (53,'NIRYO',59);
Insert into ENTREPRISE (IDENTREPRISE,NOMENTREPRISE,DEPENTREPRISE) values (54,'NOVOSYS INGENIERIE',88);
Insert into ENTREPRISE (IDENTREPRISE,NOMENTREPRISE,DEPENTREPRISE) values (55,'OPTIC PERFORMANCE',56);
Insert into ENTREPRISE (IDENTREPRISE,NOMENTREPRISE,DEPENTREPRISE) values (56,'ORANGE CYBERDÉFENSE',92);
Insert into ENTREPRISE (IDENTREPRISE,NOMENTREPRISE,DEPENTREPRISE) values (57,'OUEST BOISSON',56);
Insert into ENTREPRISE (IDENTREPRISE,NOMENTREPRISE,DEPENTREPRISE) values (58,'PLASTEOL',56);
Insert into ENTREPRISE (IDENTREPRISE,NOMENTREPRISE,DEPENTREPRISE) values (59,'PORT DE PÊCHE KEROMAN',56);
Insert into ENTREPRISE (IDENTREPRISE,NOMENTREPRISE,DEPENTREPRISE) values (60,'SCM VIAUD-FORMAGNE',56);
Insert into ENTREPRISE (IDENTREPRISE,NOMENTREPRISE,DEPENTREPRISE) values (61,'SEM LORIENT KEROMAN',56);
Insert into ENTREPRISE (IDENTREPRISE,NOMENTREPRISE,DEPENTREPRISE) values (62,'SIB',35);
Insert into ENTREPRISE (IDENTREPRISE,NOMENTREPRISE,DEPENTREPRISE) values (63,'SITIA',44);
Insert into ENTREPRISE (IDENTREPRISE,NOMENTREPRISE,DEPENTREPRISE) values (64,'SMARTMOOV',35);
Insert into ENTREPRISE (IDENTREPRISE,NOMENTREPRISE,DEPENTREPRISE) values (65,'SMURFIT KAPPA FRANCE',56);
Insert into ENTREPRISE (IDENTREPRISE,NOMENTREPRISE,DEPENTREPRISE) values (66,'SOLIDR',56);
Insert into ENTREPRISE (IDENTREPRISE,NOMENTREPRISE,DEPENTREPRISE) values (67,'UBS',56);
Insert into ENTREPRISE (IDENTREPRISE,NOMENTREPRISE,DEPENTREPRISE) values (68,'VIDEOR INFORMATIQUE',56);
Insert into ENTREPRISE (IDENTREPRISE,NOMENTREPRISE,DEPENTREPRISE) values (69,'WINNOVE MEDICAL',35);
Insert into ENTREPRISE (IDENTREPRISE,NOMENTREPRISE,DEPENTREPRISE) values (70,'WISEBAND',85);
Insert into ENTREPRISE (IDENTREPRISE,NOMENTREPRISE,DEPENTREPRISE) values (71,'YOGOKO',35);

--------------------------------------------------------
--  Table STAGIAIRE
--------------------------------------------------------

Insert into STAGIAIRE (ETUDSTAGIAIRE,ENTREPRISESTAGE) values (21900265,37);
Insert into STAGIAIRE (ETUDSTAGIAIRE,ENTREPRISESTAGE) values (21901052,53);
Insert into STAGIAIRE (ETUDSTAGIAIRE,ENTREPRISESTAGE) values (21902500,2);
Insert into STAGIAIRE (ETUDSTAGIAIRE,ENTREPRISESTAGE) values (21903032,15);
Insert into STAGIAIRE (ETUDSTAGIAIRE,ENTREPRISESTAGE) values (21901464,23);
Insert into STAGIAIRE (ETUDSTAGIAIRE,ENTREPRISESTAGE) values (21900169,30);
Insert into STAGIAIRE (ETUDSTAGIAIRE,ENTREPRISESTAGE) values (21900347,47);
Insert into STAGIAIRE (ETUDSTAGIAIRE,ENTREPRISESTAGE) values (21901620,15);
Insert into STAGIAIRE (ETUDSTAGIAIRE,ENTREPRISESTAGE) values (21900755,18);
Insert into STAGIAIRE (ETUDSTAGIAIRE,ENTREPRISESTAGE) values (21901179,66);
Insert into STAGIAIRE (ETUDSTAGIAIRE,ENTREPRISESTAGE) values (21902463,18);
Insert into STAGIAIRE (ETUDSTAGIAIRE,ENTREPRISESTAGE) values (21900839,28);
Insert into STAGIAIRE (ETUDSTAGIAIRE,ENTREPRISESTAGE) values (21903410,14);
Insert into STAGIAIRE (ETUDSTAGIAIRE,ENTREPRISESTAGE) values (21900496,36);
Insert into STAGIAIRE (ETUDSTAGIAIRE,ENTREPRISESTAGE) values (21901457,42);
Insert into STAGIAIRE (ETUDSTAGIAIRE,ENTREPRISESTAGE) values (21900537,31);
Insert into STAGIAIRE (ETUDSTAGIAIRE,ENTREPRISESTAGE) values (21900448,29);
Insert into STAGIAIRE (ETUDSTAGIAIRE,ENTREPRISESTAGE) values (21900262,46);
Insert into STAGIAIRE (ETUDSTAGIAIRE,ENTREPRISESTAGE) values (21900834,3);
Insert into STAGIAIRE (ETUDSTAGIAIRE,ENTREPRISESTAGE) values (21900272,66);
Insert into STAGIAIRE (ETUDSTAGIAIRE,ENTREPRISESTAGE) values (21900698,17);
Insert into STAGIAIRE (ETUDSTAGIAIRE,ENTREPRISESTAGE) values (21902446,6);
Insert into STAGIAIRE (ETUDSTAGIAIRE,ENTREPRISESTAGE) values (21901046,32);
Insert into STAGIAIRE (ETUDSTAGIAIRE,ENTREPRISESTAGE) values (21901869,28);
Insert into STAGIAIRE (ETUDSTAGIAIRE,ENTREPRISESTAGE) values (21901634,50);
Insert into STAGIAIRE (ETUDSTAGIAIRE,ENTREPRISESTAGE) values (21902979,19);
Insert into STAGIAIRE (ETUDSTAGIAIRE,ENTREPRISESTAGE) values (21900989,34);
Insert into STAGIAIRE (ETUDSTAGIAIRE,ENTREPRISESTAGE) values (21900316,10);
Insert into STAGIAIRE (ETUDSTAGIAIRE,ENTREPRISESTAGE) values (21902833,11);
Insert into STAGIAIRE (ETUDSTAGIAIRE,ENTREPRISESTAGE) values (21900144,39);
Insert into STAGIAIRE (ETUDSTAGIAIRE,ENTREPRISESTAGE) values (21903081,24);
Insert into STAGIAIRE (ETUDSTAGIAIRE,ENTREPRISESTAGE) values (21802862,12);
Insert into STAGIAIRE (ETUDSTAGIAIRE,ENTREPRISESTAGE) values (21900318,38);
Insert into STAGIAIRE (ETUDSTAGIAIRE,ENTREPRISESTAGE) values (21903258,15);
Insert into STAGIAIRE (ETUDSTAGIAIRE,ENTREPRISESTAGE) values (21903040,1);
Insert into STAGIAIRE (ETUDSTAGIAIRE,ENTREPRISESTAGE) values (21903405,21);
Insert into STAGIAIRE (ETUDSTAGIAIRE,ENTREPRISESTAGE) values (21903763,61);
Insert into STAGIAIRE (ETUDSTAGIAIRE,ENTREPRISESTAGE) values (21901106,38);
Insert into STAGIAIRE (ETUDSTAGIAIRE,ENTREPRISESTAGE) values (21908182,55);
Insert into STAGIAIRE (ETUDSTAGIAIRE,ENTREPRISESTAGE) values (21900858,9);
Insert into STAGIAIRE (ETUDSTAGIAIRE,ENTREPRISESTAGE) values (21900875,19);
Insert into STAGIAIRE (ETUDSTAGIAIRE,ENTREPRISESTAGE) values (21900911,41);
Insert into STAGIAIRE (ETUDSTAGIAIRE,ENTREPRISESTAGE) values (21903169,65);
Insert into STAGIAIRE (ETUDSTAGIAIRE,ENTREPRISESTAGE) values (21901089,33);
Insert into STAGIAIRE (ETUDSTAGIAIRE,ENTREPRISESTAGE) values (21900748,16);
Insert into STAGIAIRE (ETUDSTAGIAIRE,ENTREPRISESTAGE) values (21901709,22);
Insert into STAGIAIRE (ETUDSTAGIAIRE,ENTREPRISESTAGE) values (21901009,44);
Insert into STAGIAIRE (ETUDSTAGIAIRE,ENTREPRISESTAGE) values (21900422,12);
Insert into STAGIAIRE (ETUDSTAGIAIRE,ENTREPRISESTAGE) values (21900482,29);
Insert into STAGIAIRE (ETUDSTAGIAIRE,ENTREPRISESTAGE) values (21901766,51);
Insert into STAGIAIRE (ETUDSTAGIAIRE,ENTREPRISESTAGE) values (21901272,20);
Insert into STAGIAIRE (ETUDSTAGIAIRE,ENTREPRISESTAGE) values (21901069,12);
Insert into STAGIAIRE (ETUDSTAGIAIRE,ENTREPRISESTAGE) values (21900466,58);
Insert into STAGIAIRE (ETUDSTAGIAIRE,ENTREPRISESTAGE) values (21900244,30);
Insert into STAGIAIRE (ETUDSTAGIAIRE,ENTREPRISESTAGE) values (21900078,1);
Insert into STAGIAIRE (ETUDSTAGIAIRE,ENTREPRISESTAGE) values (21900343,12);
Insert into STAGIAIRE (ETUDSTAGIAIRE,ENTREPRISESTAGE) values (21901836,63);
Insert into STAGIAIRE (ETUDSTAGIAIRE,ENTREPRISESTAGE) values (21702527,60);

--------------------------------------------------------
--  Table APPRENTI
--------------------------------------------------------

Insert into APPRENTI (ETUDAPP,ENTREPRISEAPP,TUTEURAPP) values (21807519,5,'RF');
Insert into APPRENTI (ETUDAPP,ENTREPRISEAPP,TUTEURAPP) values (21901901,7,'MM');
Insert into APPRENTI (ETUDAPP,ENTREPRISEAPP,TUTEURAPP) values (21901680,12,'AR');
Insert into APPRENTI (ETUDAPP,ENTREPRISEAPP,TUTEURAPP) values (21901136,25,'PB');
Insert into APPRENTI (ETUDAPP,ENTREPRISEAPP,TUTEURAPP) values (21900282,26,'SL');
Insert into APPRENTI (ETUDAPP,ENTREPRISEAPP,TUTEURAPP) values (21901463,27,'PB');
Insert into APPRENTI (ETUDAPP,ENTREPRISEAPP,TUTEURAPP) values (21901650,35,'SL');
Insert into APPRENTI (ETUDAPP,ENTREPRISEAPP,TUTEURAPP) values (21900878,38,'JFK');
Insert into APPRENTI (ETUDAPP,ENTREPRISEAPP,TUTEURAPP) values (21901954,40,'PB');
Insert into APPRENTI (ETUDAPP,ENTREPRISEAPP,TUTEURAPP) values (21903624,40,'PB');
Insert into APPRENTI (ETUDAPP,ENTREPRISEAPP,TUTEURAPP) values (21900924,48,'MM');
Insert into APPRENTI (ETUDAPP,ENTREPRISEAPP,TUTEURAPP) values (21900219,49,'MM');
Insert into APPRENTI (ETUDAPP,ENTREPRISEAPP,TUTEURAPP) values (21900162,49,'MM');
Insert into APPRENTI (ETUDAPP,ENTREPRISEAPP,TUTEURAPP) values (21902206,56,'MM');
Insert into APPRENTI (ETUDAPP,ENTREPRISEAPP,TUTEURAPP) values (21901478,57,'JFK');
Insert into APPRENTI (ETUDAPP,ENTREPRISEAPP,TUTEURAPP) values (21900754,59,'HT');
Insert into APPRENTI (ETUDAPP,ENTREPRISEAPP,TUTEURAPP) values (21902069,62,'AR');
Insert into APPRENTI (ETUDAPP,ENTREPRISEAPP,TUTEURAPP) values (21900238,64,'MM');
Insert into APPRENTI (ETUDAPP,ENTREPRISEAPP,TUTEURAPP) values (21902089,67,'RF');
Insert into APPRENTI (ETUDAPP,ENTREPRISEAPP,TUTEURAPP) values (21900864,68,'PB');
Insert into APPRENTI (ETUDAPP,ENTREPRISEAPP,TUTEURAPP) values (21901481,69,'HT');
Insert into APPRENTI (ETUDAPP,ENTREPRISEAPP,TUTEURAPP) values (21900788,69,'HT');
Insert into APPRENTI (ETUDAPP,ENTREPRISEAPP,TUTEURAPP) values (21900965,70,'PB');
Insert into APPRENTI (ETUDAPP,ENTREPRISEAPP,TUTEURAPP) values (21900234,71,'MM');

--------------------------------------------------------
--  Table RESPONSABILITE
--------------------------------------------------------

Insert into RESPONSABILITE (intituleResp, leResp) values ("admin", "LN");
Insert into RESPONSABILITE (intituleResp, leResp) values ("stages", "JFK");
Insert into RESPONSABILITE (intituleResp, leResp) values ("apprentis", "PB");
Insert into RESPONSABILITE (intituleResp, leResp) values ("poursuite_etudes", "RF");
Insert into RESPONSABILITE (intituleResp, leResp) values ("chef_departement", "JFK");
Insert into RESPONSABILITE (intituleResp, leResp) values ("direction_etudes", "AR");