﻿--
-- Script was generated by Devart dbForge Studio for MySQL, Version 8.0.40.0
-- Product home page: http://www.devart.com/dbforge/mysql/studio
-- Script date 03/06/2022 20:08:26
-- Server version: 5.5.5-10.1.40-MariaDB
-- Client version: 4.1
--

-- 
-- Disable foreign keys
-- 
/*!40014 SET @OLD_FOREIGN_KEY_CHECKS=@@FOREIGN_KEY_CHECKS, FOREIGN_KEY_CHECKS=0 */;

-- 
-- Set SQL mode
-- 
/*!40101 SET @OLD_SQL_MODE=@@SQL_MODE, SQL_MODE='NO_AUTO_VALUE_ON_ZERO' */;

-- 
-- Set character set the client will use to send SQL statements to the server
--
SET NAMES 'utf8';

DROP DATABASE IF EXISTS proyecto_bomberos;

CREATE DATABASE proyecto_bomberos
CHARACTER SET latin1
COLLATE latin1_swedish_ci;

--
-- Set default database
--
USE proyecto_bomberos;

--
-- Create table `parques`
--
CREATE TABLE IF NOT EXISTS parques (
  id int(100) NOT NULL AUTO_INCREMENT,
  zona varchar(200) DEFAULT NULL,
  radio_accion float(100, 2) DEFAULT NULL,
  PRIMARY KEY (id)
)
ENGINE = INNODB,
AUTO_INCREMENT = 6,
AVG_ROW_LENGTH = 546,
CHARACTER SET latin1,
COLLATE latin1_swedish_ci;

--
-- Create index `zona` on table `parques`
--
ALTER TABLE parques
ADD UNIQUE INDEX zona (zona);

--
-- Create table `vehiculos`
--
CREATE TABLE IF NOT EXISTS vehiculos (
  id int(100) NOT NULL AUTO_INCREMENT,
  matricula varchar(8) DEFAULT NULL,
  tipo varchar(100) DEFAULT NULL,
  zona varchar(200) DEFAULT NULL,
  PRIMARY KEY (id)
)
ENGINE = INNODB,
AUTO_INCREMENT = 15,
AVG_ROW_LENGTH = 546,
CHARACTER SET latin1,
COLLATE latin1_swedish_ci;

--
-- Create index `matricula` on table `vehiculos`
--
ALTER TABLE vehiculos
ADD UNIQUE INDEX matricula (matricula);

--
-- Create foreign key
--
ALTER TABLE vehiculos
ADD CONSTRAINT fk_vehiculos_parques FOREIGN KEY (zona)
REFERENCES parques (zona) ON DELETE CASCADE ON UPDATE CASCADE;

--
-- Create table `funciones_vehiculo`
--
CREATE TABLE IF NOT EXISTS funciones_vehiculo (
  id int(100) NOT NULL AUTO_INCREMENT,
  matricula varchar(8) DEFAULT NULL,
  funciones varchar(200) DEFAULT NULL,
  PRIMARY KEY (id)
)
ENGINE = INNODB,
AUTO_INCREMENT = 14,
AVG_ROW_LENGTH = 546,
CHARACTER SET latin1,
COLLATE latin1_swedish_ci;

--
-- Create index `uk_funciones_vehiculo_vehiculos` on table `funciones_vehiculo`
--
ALTER TABLE funciones_vehiculo
ADD UNIQUE INDEX uk_funciones_vehiculo_vehiculos (matricula, funciones);

--
-- Create foreign key
--
ALTER TABLE funciones_vehiculo
ADD CONSTRAINT fk_funciones_vehiculo_vehiculos FOREIGN KEY (matricula)
REFERENCES vehiculos (matricula) ON DELETE CASCADE ON UPDATE CASCADE;

--
-- Create table `cuadrillas`
--
CREATE TABLE IF NOT EXISTS cuadrillas (
  id int(200) NOT NULL AUTO_INCREMENT,
  num_cuadrilla int(200) DEFAULT NULL,
  zona varchar(200) DEFAULT NULL,
  disponible tinyint(1) DEFAULT NULL,
  num_bomberos int(200) DEFAULT NULL,
  PRIMARY KEY (id)
)
ENGINE = INNODB,
AUTO_INCREMENT = 26,
AVG_ROW_LENGTH = 546,
CHARACTER SET latin1,
COLLATE latin1_swedish_ci;

--
-- Create index `uk_cuadrillas_parques` on table `cuadrillas`
--
ALTER TABLE cuadrillas
ADD UNIQUE INDEX uk_cuadrillas_parques (num_cuadrilla, zona);

--
-- Create foreign key
--
ALTER TABLE cuadrillas
ADD CONSTRAINT fk_cuadrillas_parques FOREIGN KEY (zona)
REFERENCES parques (zona) ON DELETE CASCADE ON UPDATE CASCADE;

--
-- Create table `bomberos`
--
CREATE TABLE IF NOT EXISTS bomberos (
  id int(100) NOT NULL AUTO_INCREMENT,
  codigo varchar(200) DEFAULT NULL,
  idcuadrilla int(200) DEFAULT NULL,
  rango varchar(200) DEFAULT NULL,
  nombre varchar(200) DEFAULT NULL,
  apellidos varchar(400) DEFAULT NULL,
  disponible tinyint(1) DEFAULT 1,
  PRIMARY KEY (id)
)
ENGINE = INNODB,
AUTO_INCREMENT = 31,
AVG_ROW_LENGTH = 546,
CHARACTER SET latin1,
COLLATE latin1_swedish_ci;

--
-- Create index `codigo` on table `bomberos`
--
ALTER TABLE bomberos
ADD UNIQUE INDEX codigo (codigo);

--
-- Create foreign key
--
ALTER TABLE bomberos
ADD CONSTRAINT fk_bomberos_cuadrillas FOREIGN KEY (idcuadrilla)
REFERENCES cuadrillas (id) ON DELETE CASCADE ON UPDATE CASCADE;

--
-- Create table `utilizan`
--
CREATE TABLE IF NOT EXISTS utilizan (
  id int(100) NOT NULL AUTO_INCREMENT,
  codigo_bombero varchar(200) DEFAULT NULL,
  matricula varchar(8) DEFAULT NULL,
  PRIMARY KEY (id)
)
ENGINE = INNODB,
AUTO_INCREMENT = 17,
AVG_ROW_LENGTH = 546,
CHARACTER SET latin1,
COLLATE latin1_swedish_ci;

--
-- Create index `uk_utilizan_bomberos_vehiculos` on table `utilizan`
--
ALTER TABLE utilizan
ADD UNIQUE INDEX uk_utilizan_bomberos_vehiculos (codigo_bombero, matricula);

--
-- Create foreign key
--
ALTER TABLE utilizan
ADD CONSTRAINT fk_utilizan_bomberos FOREIGN KEY (codigo_bombero)
REFERENCES bomberos (codigo) ON DELETE CASCADE ON UPDATE CASCADE;

--
-- Create foreign key
--
ALTER TABLE utilizan
ADD CONSTRAINT fk_utilizan_vehiculos FOREIGN KEY (matricula)
REFERENCES vehiculos (matricula) ON DELETE CASCADE ON UPDATE CASCADE;

--
-- Create table `funciones_bombero`
--
CREATE TABLE IF NOT EXISTS funciones_bombero (
  id int(100) NOT NULL AUTO_INCREMENT,
  codigo varchar(200) DEFAULT NULL,
  funciones varchar(300) DEFAULT NULL,
  PRIMARY KEY (id)
)
ENGINE = INNODB,
AUTO_INCREMENT = 10,
AVG_ROW_LENGTH = 546,
CHARACTER SET latin1,
COLLATE latin1_swedish_ci;

--
-- Create index `uk_funciones_bombero_bomberos` on table `funciones_bombero`
--
ALTER TABLE funciones_bombero
ADD UNIQUE INDEX uk_funciones_bombero_bomberos (codigo, funciones);

--
-- Create foreign key
--
ALTER TABLE funciones_bombero
ADD CONSTRAINT fk_funciones_bombero_bomberos FOREIGN KEY (codigo)
REFERENCES bomberos (codigo) ON DELETE CASCADE ON UPDATE CASCADE;

--
-- Create table `epis`
--
CREATE TABLE IF NOT EXISTS epis (
  codigo int(100) NOT NULL AUTO_INCREMENT,
  nivel_proteccion int(200) DEFAULT NULL,
  codigo_bombero varchar(200) DEFAULT NULL,
  PRIMARY KEY (codigo)
)
ENGINE = INNODB,
AUTO_INCREMENT = 44,
AVG_ROW_LENGTH = 546,
CHARACTER SET latin1,
COLLATE latin1_swedish_ci;

--
-- Create index `uk_epis_bomberos` on table `epis`
--
ALTER TABLE epis
ADD UNIQUE INDEX uk_epis_bomberos (codigo_bombero);

--
-- Create foreign key
--
ALTER TABLE epis
ADD CONSTRAINT fk_epis_bomberos FOREIGN KEY (codigo_bombero)
REFERENCES bomberos (codigo) ON DELETE CASCADE ON UPDATE CASCADE;

--
-- Create table `usos`
--
CREATE TABLE IF NOT EXISTS usos (
  id int(100) NOT NULL AUTO_INCREMENT,
  codigo int(100) DEFAULT NULL,
  usos varchar(200) DEFAULT NULL,
  PRIMARY KEY (id)
)
ENGINE = INNODB,
AUTO_INCREMENT = 6,
AVG_ROW_LENGTH = 546,
CHARACTER SET latin1,
COLLATE latin1_swedish_ci;

--
-- Create index `uk_usos_epis` on table `usos`
--
ALTER TABLE usos
ADD UNIQUE INDEX uk_usos_epis (codigo, usos);

--
-- Create foreign key
--
ALTER TABLE usos
ADD CONSTRAINT fk_usos_epis FOREIGN KEY (codigo)
REFERENCES epis (codigo) ON DELETE CASCADE ON UPDATE CASCADE;

--
-- Create table `alertas`
--
CREATE TABLE IF NOT EXISTS alertas (
  codigo int(100) NOT NULL AUTO_INCREMENT,
  epis_utilizados int(100) DEFAULT NULL,
  vehiculos_utilizados int(100) DEFAULT NULL,
  tipo varchar(200) DEFAULT NULL,
  descripcion varchar(500) DEFAULT NULL,
  PRIMARY KEY (codigo)
)
ENGINE = INNODB,
AUTO_INCREMENT = 8,
AVG_ROW_LENGTH = 546,
CHARACTER SET latin1,
COLLATE latin1_swedish_ci;

--
-- Create table `acuden`
--
CREATE TABLE IF NOT EXISTS acuden (
  id int(100) NOT NULL AUTO_INCREMENT,
  codigo int(100) DEFAULT NULL,
  idcuadrilla int(200) DEFAULT NULL,
  PRIMARY KEY (id)
)
ENGINE = INNODB,
AUTO_INCREMENT = 8,
AVG_ROW_LENGTH = 546,
CHARACTER SET latin1,
COLLATE latin1_swedish_ci;

--
-- Create index `uk_acuden_alertas_cuadrillas` on table `acuden`
--
ALTER TABLE acuden
ADD UNIQUE INDEX uk_acuden_alertas_cuadrillas (codigo, idcuadrilla);

--
-- Create foreign key
--
ALTER TABLE acuden
ADD CONSTRAINT fk_acuden_alertas FOREIGN KEY (codigo)
REFERENCES alertas (codigo) ON DELETE CASCADE ON UPDATE CASCADE;

--
-- Create foreign key
--
ALTER TABLE acuden
ADD CONSTRAINT fk_acuden_cuadrillas FOREIGN KEY (idcuadrilla)
REFERENCES cuadrillas (id) ON DELETE CASCADE ON UPDATE CASCADE;

-- 
-- Dumping data for table parques
--
INSERT INTO parques VALUES
(1, 'Santander', 8.00),
(2, 'Torrelavega', 5.00),
(3, 'Colindres', 6.00),
(4, 'Piélagos', 4.50),
(5, 'Valdáliga', 4.00);

-- 
-- Dumping data for table cuadrillas
--
INSERT INTO cuadrillas VALUES
(1, 1, 'Santander', 1, 4),
(2, 2, 'Santander', 1, 6),
(3, 3, 'Santander', 0, 4),
(4, 4, 'Santander', 1, 4),
(5, 5, 'Santander', 0, 6),
(6, 6, 'Torrelavega', 1, 4),
(7, 7, 'Torrelavega', 1, 4),
(8, 8, 'Torrelavega', 0, 6),
(9, 9, 'Torrelavega', 0, 4),
(10, 10, 'Torrelavega', 1, 4),
(11, 11, 'Colindres', 1, 4),
(12, 12, 'Colindres', 0, 4),
(13, 13, 'Colindres', 1, 6),
(14, 14, 'Colindres', 1, 4),
(15, 15, 'Colindres', 0, 6),
(16, 16, 'Piélagos', 1, 4),
(17, 17, 'Piélagos', 0, 4),
(18, 18, 'Piélagos', 1, 4),
(19, 19, 'Piélagos', 0, 4),
(20, 20, 'Piélagos', 1, 6),
(21, 21, 'Valdáliga', 1, 4),
(22, 22, 'Valdáliga', 0, 4),
(23, 23, 'Valdáliga', 1, 4),
(24, 24, 'Valdáliga', 0, 4),
(25, 25, 'Valdáliga', 0, 6);

-- 
-- Dumping data for table bomberos
--
INSERT INTO bomberos VALUES
(1, '1', 1, 'Oficial', 'Ramón', 'Perez Gonzalez', 1),
(2, '2', 1, 'Suboficial', 'Eric', 'Garcia Díez', 1),
(3, '3', 1, 'Cabo', 'Roman', 'Rybak', 1),
(4, '4', 1, 'Cabo', 'Javier', 'Rodriguez Fernandez', 1),
(5, '5', 2, 'Oficial', 'Mario', 'Díaz Garcia', 1),
(6, '6', 2, 'Cabo', 'Bibian', 'Marin Muñoz', 1),
(7, '7', 2, 'Cabo', 'Pablo', 'Gomez Garcia', 1),
(8, '8', 2, 'Suboficial', 'Jorge', 'Pardo Checo', 1),
(9, '9', 2, 'Cabo', 'Tomas', 'Moziman Gutierrez', 1),
(10, '10', 2, 'Cabo', 'Fran', 'Gomez Lopez', 1),
(11, '11', 6, 'Oficial', 'Cristian', 'Ruiz Alonso', 1),
(12, '12', 6, 'Cabo', 'Miguel', 'Martínez Jimenez', 1),
(13, '13', 6, 'Cabo', 'Ismael', 'Romero Alvarez', 1),
(14, '14', 6, 'Cabo', 'Eduardo', 'Gil Moreno', 1),
(15, '15', 7, 'Suboficial', 'Jaime', 'Blanco Molina', 1),
(16, '16', 7, 'Cabo', 'Antonio', 'Fernandez Gonzalez', 1),
(17, '17', 7, 'Cabo', 'Angel', 'Rubio Morales', 1),
(18, '18', 7, 'Cabo', 'Fernando', 'Alonso Díaz', 1),
(19, '19', 11, 'Oficial', 'Carlos', 'Saiz Vázquez', 1),
(20, '20', 11, 'Cabo', 'Sergio', 'Perez Nuñez', 1),
(21, '21', 11, 'Cabo', 'Felipe', 'Ortiz Cano', 1),
(22, '22', 11, 'Cabo', 'Jose', 'Mendez Garrido', 1),
(23, '23', 16, 'Oficial', 'Marcelo', 'Díaz Saro', 1),
(24, '24', 16, 'Cabo', 'Daniel', 'Cortes Cruz', 1),
(25, '25', 16, 'Cabo', 'Alvaro', 'Peña Prieto', 1),
(26, '26', 16, 'Cabo', 'Juan', 'Vega Aguilar', 1),
(27, '27', 21, 'Suboficial', 'Andres', 'Caballero Campos', 1),
(28, '28', 21, 'Cabo', 'Raúl', 'Leon Calvo', 1),
(29, '29', 21, 'Cabo', 'Alfonso', 'Santana Ibañez', 1),
(30, '30', 21, 'Cabo', 'Pedro', 'Soto Roman', 1);

-- 
-- Dumping data for table epis
--
INSERT INTO epis VALUES
(1, 1, '1'),
(2, 1, '2'),
(3, 1, '3'),
(4, 1, '4'),
(5, 2, '5'),
(6, 1, '6'),
(7, 3, '7'),
(8, 1, '8'),
(9, 4, '9'),
(10, 3, '10'),
(11, 1, '11'),
(12, 1, '12'),
(13, 1, '13'),
(14, 2, '14'),
(15, 4, '15'),
(16, 1, '16'),
(17, 3, '17'),
(18, 1, '18'),
(19, 1, '19'),
(20, 1, '20'),
(21, 2, '21'),
(22, 3, '22'),
(23, 4, '23'),
(24, 1, '24'),
(25, 1, '25'),
(26, 1, '26'),
(27, 2, '27'),
(28, 1, '28'),
(29, 2, '29'),
(30, 4, '30'),
(31, 1, NULL),
(32, 1, NULL),
(33, 1, NULL),
(34, 1, NULL),
(35, 2, NULL),
(36, 2, NULL),
(37, 2, NULL),
(38, 3, NULL),
(39, 3, NULL),
(40, 3, NULL),
(41, 4, NULL),
(42, 4, NULL),
(43, 4, NULL);

-- 
-- Dumping data for table vehiculos
--
INSERT INTO vehiculos VALUES
(1, '1111-GXP', 'ligero', 'Santander'),
(2, '1112-ABC', 'ligero', 'Santander'),
(3, '1113-AXE', 'ligero', 'Torrelavega'),
(4, '1114-AKM', 'pesado', 'Santander'),
(5, '1115-ADF', 'pesado', 'Torrelavega'),
(6, '1116-ARE', 'autoescala', 'Santander'),
(7, '1117-ATE', 'ligero', 'Colindres'),
(8, '1118-PLS', 'ligero', 'Piélagos'),
(9, '1119-BTE', 'ligero', 'Valdáliga'),
(10, '1120-BSE', 'autoescala', 'Torrelavega'),
(11, '1121-BQA', 'pesado', 'Piélagos'),
(12, '1122-CES', 'pesado', 'Colindres'),
(13, '1123-CTA', 'pesado', 'Valdáliga'),
(14, '1124-ETR', 'ligero', 'Santander');

-- 
-- Dumping data for table alertas
--
INSERT INTO alertas VALUES
(1, 4, 1, 'FMA', 'Desbordamiento de rio'),
(2, 4, 1, 'Rescate', 'Rescate de tres jovenes de la playa'),
(3, 8, 2, 'Incendio', 'Incendio en una vivienda'),
(4, 4, 1, 'Evento', 'Concierto en el palacio de deportes'),
(5, 4, 1, 'Accidente', 'Accidente de tráfico varios vehiculos implicados'),
(6, 4, 1, 'Otros', 'Hundimiento de garage subterraneo'),
(7, 4, 2, 'Rescate', 'Rescate de un hombre en la montaña');

-- 
-- Dumping data for table utilizan
--
INSERT INTO utilizan VALUES
(6, '11', '1113-AXE'),
(9, '11', '1115-ADF'),
(8, '11', '1120-BSE'),
(7, '12', '1113-AXE'),
(10, '12', '1115-ADF'),
(1, '2', '1111-GXP'),
(3, '2', '1112-ABC'),
(5, '2', '1116-ARE'),
(11, '21', '1117-ATE'),
(12, '21', '1122-CES'),
(13, '23', '1118-PLS'),
(14, '23', '1121-BQA'),
(15, '27', '1119-BTE'),
(16, '27', '1123-CTA'),
(2, '6', '1112-ABC'),
(4, '6', '1114-AKM');

-- 
-- Dumping data for table usos
--
INSERT INTO usos VALUES
(1, 1, 'incendios'),
(2, 1, 'rescates'),
(3, 2, 'rescates'),
(4, 7, 'edificios en peligro de derrumbe'),
(5, 9, 'residuos quimicos');

-- 
-- Dumping data for table funciones_vehiculo
--
INSERT INTO funciones_vehiculo VALUES
(1, '1111-GXP', 'extincion de incendios'),
(2, '1112-ABC', 'intervención en accidentes de trafico'),
(5, '1113-AXE', 'intervención en inundaciones'),
(3, '1114-AKM', 'transporte de herramientas'),
(6, '1115-ADF', 'abastecimiento de agua'),
(4, '1116-ARE', 'rescate de altura'),
(8, '1117-ATE', 'intervención mercancias peligrosas'),
(10, '1118-PLS', 'rescate en altura'),
(12, '1119-BTE', 'extincion incendios'),
(7, '1120-BSE', 'intervenciones a distinto nivel'),
(11, '1121-BQA', 'abastecimiento de agua'),
(9, '1122-CES', 'transporte de herramientas'),
(13, '1123-CTA', 'rescates en altura');

-- 
-- Dumping data for table funciones_bombero
--
INSERT INTO funciones_bombero VALUES
(4, '10', 'Respuesta quimica'),
(5, '11', 'Conductor'),
(6, '16', 'Conductor'),
(1, '2', 'Conductor'),
(7, '21', 'Conductor'),
(8, '23', 'Conductor'),
(9, '27', 'Conductor'),
(2, '6', 'Conductor'),
(3, '8', 'Buzo');

-- 
-- Dumping data for table acuden
--
INSERT INTO acuden VALUES
(1, 1, 1),
(2, 2, 1),
(3, 3, 20),
(4, 4, 4),
(5, 5, 8),
(6, 6, 11),
(7, 7, 10);

-- 
-- Restore previous SQL mode
-- 
/*!40101 SET SQL_MODE=@OLD_SQL_MODE */;

-- 
-- Enable foreign keys
-- 
/*!40014 SET FOREIGN_KEY_CHECKS = @OLD_FOREIGN_KEY_CHECKS */;