﻿--
-- Script was generated by Devart dbForge Studio for MySQL, Version 8.0.40.0
-- Product home page: http://www.devart.com/dbforge/mysql/studio
-- Script date 17/02/2022 10:44:58
-- Server version: 5.5.5-10.1.40-MariaDB
-- Client version: 4.1
--

-- 
-- Disable foreign keys
-- 
/*!40014 SET @OLD_FOREIGN_KEY_CHECKS=@@FOREIGN_KEY_CHECKS, FOREIGN_KEY_CHECKS=0 */;

-- 
-- Set SQL mode
-- 
/*!40101 SET @OLD_SQL_MODE=@@SQL_MODE, SQL_MODE='NO_AUTO_VALUE_ON_ZERO' */;

-- 
-- Set character set the client will use to send SQL statements to the server
--
SET NAMES 'utf8';

--
-- Set default database
--
USE musica;

--
-- Drop table `forman`
--
DROP TABLE IF EXISTS forman;

--
-- Drop table `albumes`
--
DROP TABLE IF EXISTS albumes;

--
-- Drop table `lanzan`
--
DROP TABLE IF EXISTS lanzan;

--
-- Drop table `canciones`
--
DROP TABLE IF EXISTS canciones;

--
-- Drop table `artistas`
--
DROP TABLE IF EXISTS artistas;

--
-- Drop table `grupos`
--
DROP TABLE IF EXISTS grupos;

--
-- Set default database
--
USE musica;

--
-- Create table `grupos`
--
CREATE TABLE grupos (
  codigo int(100) NOT NULL AUTO_INCREMENT,
  nombre varchar(50) DEFAULT NULL,
  PRIMARY KEY (codigo)
)
ENGINE = INNODB,
AUTO_INCREMENT = 9752932,
AVG_ROW_LENGTH = 1638,
CHARACTER SET latin1,
COLLATE latin1_swedish_ci;

--
-- Create table `artistas`
--
CREATE TABLE artistas (
  codigo int(100) NOT NULL AUTO_INCREMENT,
  nombre varchar(50) DEFAULT NULL,
  g_codigo int(100) DEFAULT NULL,
  PRIMARY KEY (codigo)
)
ENGINE = INNODB,
AUTO_INCREMENT = 9349394,
AVG_ROW_LENGTH = 1638,
CHARACTER SET latin1,
COLLATE latin1_swedish_ci;

--
-- Create foreign key
--
ALTER TABLE artistas
ADD CONSTRAINT fk_artistas_grupos FOREIGN KEY (g_codigo)
REFERENCES grupos (codigo);

--
-- Create table `canciones`
--
CREATE TABLE canciones (
  codigo int(100) NOT NULL AUTO_INCREMENT,
  nombre varchar(50) DEFAULT NULL,
  duracion int(100) DEFAULT NULL,
  f_lanzamiento date DEFAULT NULL,
  reproducciones int(100) DEFAULT NULL,
  PRIMARY KEY (codigo)
)
ENGINE = INNODB,
AUTO_INCREMENT = 9168707,
AVG_ROW_LENGTH = 1638,
CHARACTER SET latin1,
COLLATE latin1_swedish_ci;

--
-- Create table `lanzan`
--
CREATE TABLE lanzan (
  a_codigo int(100) NOT NULL,
  c_codigo int(100) NOT NULL,
  PRIMARY KEY (a_codigo, c_codigo)
)
ENGINE = INNODB,
AVG_ROW_LENGTH = 1638,
CHARACTER SET latin1,
COLLATE latin1_swedish_ci;

--
-- Create foreign key
--
ALTER TABLE lanzan
ADD CONSTRAINT fk_lanzan_artistas FOREIGN KEY (a_codigo)
REFERENCES artistas (codigo);

--
-- Create foreign key
--
ALTER TABLE lanzan
ADD CONSTRAINT fk_lanzan_canciones FOREIGN KEY (c_codigo)
REFERENCES canciones (codigo);

--
-- Create table `albumes`
--
CREATE TABLE albumes (
  codigo int(100) NOT NULL AUTO_INCREMENT,
  titulo varchar(100) DEFAULT NULL,
  genero varchar(100) DEFAULT NULL,
  PRIMARY KEY (codigo)
)
ENGINE = INNODB,
AUTO_INCREMENT = 9757884,
AVG_ROW_LENGTH = 1638,
CHARACTER SET latin1,
COLLATE latin1_swedish_ci;

--
-- Create table `forman`
--
CREATE TABLE forman (
  a_codigo int(100) NOT NULL,
  c_codigo int(100) NOT NULL,
  PRIMARY KEY (a_codigo, c_codigo)
)
ENGINE = INNODB,
AVG_ROW_LENGTH = 1638,
CHARACTER SET latin1,
COLLATE latin1_swedish_ci;

--
-- Create foreign key
--
ALTER TABLE forman
ADD CONSTRAINT fk_forman_albumes FOREIGN KEY (a_codigo)
REFERENCES albumes (codigo);

--
-- Create foreign key
--
ALTER TABLE forman
ADD CONSTRAINT fk_forman_caniones FOREIGN KEY (c_codigo)
REFERENCES canciones (codigo);

-- 
-- Dumping data for table grupos
--
INSERT INTO grupos VALUES
(643526, 'National Software Corp.'),
(1643527, 'American High-Technologies Corporation'),
(2862097, 'Special High-Technologies Group'),
(5741353, NULL),
(6949425, 'Union Transport Co.'),
(6949426, 'Professional High-Technologies Group'),
(7949426, 'North V-Mobile Inc.'),
(8752933, 'Smart Entertainment Inc.'),
(9752930, 'International High-Technologies Co.'),
(9752931, 'General I-Mobile Corporation');

-- 
-- Dumping data for table artistas
--
INSERT INTO artistas VALUES
(84524, NULL, NULL),
(2179551, 'Stevie Frizzell', 8752933),
(2179552, 'Reina Adkins', 8752933),
(2179553, 'Raul Palma', 643526),
(3179552, 'Jackeline Acker', 9752930),
(3179553, 'Lavonia Whiteside', 8752933),
(4207529, 'Lorette Ortiz', 6949426),
(6584179, 'Kim Desantis', 7949426),
(7584179, 'Twila Bock', 6949425),
(9349393, 'Kendrick Naranjo', 5741353);

-- 
-- Dumping data for table canciones
--
INSERT INTO canciones VALUES
(46467, 'Quebec', 3, '2021-10-22', 72516481),
(46468, NULL, NULL, NULL, NULL),
(1046467, 'Ontario', 1, '2020-12-24', 618424319),
(1046468, 'British Columbia', 5, '2006-10-25', 168803406),
(2092192, 'Prince Edward Island', 2, '1978-04-19', 8022),
(3092193, 'New Brunswick', 2, '2000-02-17', 795971897),
(4009767, 'Nova Scotia', 4, '1970-12-25', 2105340258),
(8168708, 'Prince Edward Island', 3, '1971-03-12', 1529629951),
(8168709, 'Nova Scotia', 1, '1971-06-17', 1137233009),
(9168706, 'Alberta', 5, '2012-06-07', 1536187488);

-- 
-- Dumping data for table albumes
--
INSERT INTO albumes VALUES
(545139, 'Transbanderator', 'Japanese'),
(1545139, 'Ancyclfiphone', 'Aragonese'),
(2763071, NULL, 'Wolof'),
(3763071, 'Conlifiedgor', 'Akan'),
(4242856, 'Charcessridge', 'Aragonese'),
(4242857, 'Transculgaentor', 'Kongo'),
(5242856, 'Projectry', 'Slovak'),
(5242857, 'Confinder', NULL),
(6099922, 'Speakcessfiry', 'Manx'),
(9757883, 'Transcessletor', 'Kyrgyz');

-- 
-- Dumping data for table lanzan
--
INSERT INTO lanzan VALUES
(84524, 8168708),
(2179551, 2092192),
(2179552, 46467),
(2179553, 8168709),
(3179552, 9168706),
(3179553, 3092193),
(4207529, 46468),
(6584179, 4009767),
(7584179, 1046467),
(9349393, 1046468);

-- 
-- Dumping data for table forman
--
INSERT INTO forman VALUES
(545139, 4009767),
(1545139, 1046467),
(2763071, 8168709),
(3763071, 2092192),
(4242856, 9168706),
(4242857, 46468),
(5242856, 8168708),
(5242857, 3092193),
(6099922, 1046468),
(9757883, 46467);

-- 
-- Restore previous SQL mode
-- 
/*!40101 SET SQL_MODE=@OLD_SQL_MODE */;

-- 
-- Enable foreign keys
-- 
/*!40014 SET FOREIGN_KEY_CHECKS = @OLD_FOREIGN_KEY_CHECKS */;