CREATE DATABASE  IF NOT EXISTS `mydb` /*!40100 DEFAULT CHARACTER SET utf8mb4 COLLATE utf8mb4_0900_ai_ci */;
USE `mydb`;
-- MySQL dump 10.13  Distrib 8.0.13, for Win64 (x86_64)
--
-- Host: 10.0.75.1    Database: mydb
-- ------------------------------------------------------
-- Server version	8.0.13

/*!40101 SET @OLD_CHARACTER_SET_CLIENT=@@CHARACTER_SET_CLIENT */;
/*!40101 SET @OLD_CHARACTER_SET_RESULTS=@@CHARACTER_SET_RESULTS */;
/*!40101 SET @OLD_COLLATION_CONNECTION=@@COLLATION_CONNECTION */;
 SET NAMES utf8 ;
/*!40103 SET @OLD_TIME_ZONE=@@TIME_ZONE */;
/*!40103 SET TIME_ZONE='+00:00' */;
/*!40014 SET @OLD_UNIQUE_CHECKS=@@UNIQUE_CHECKS, UNIQUE_CHECKS=0 */;
/*!40014 SET @OLD_FOREIGN_KEY_CHECKS=@@FOREIGN_KEY_CHECKS, FOREIGN_KEY_CHECKS=0 */;
/*!40101 SET @OLD_SQL_MODE=@@SQL_MODE, SQL_MODE='NO_AUTO_VALUE_ON_ZERO' */;
/*!40111 SET @OLD_SQL_NOTES=@@SQL_NOTES, SQL_NOTES=0 */;

--
-- Table structure for table `CarMakes`
--

DROP TABLE IF EXISTS `CarMakes`;
/*!40101 SET @saved_cs_client     = @@character_set_client */;
 SET character_set_client = utf8mb4 ;
CREATE TABLE `CarMakes` (
  `MakeId` int(11) NOT NULL,
  `Description` varchar(250) NOT NULL,
  PRIMARY KEY (`MakeId`)
) ENGINE=InnoDB DEFAULT CHARSET=utf8;
/*!40101 SET character_set_client = @saved_cs_client */;

--
-- Dumping data for table `CarMakes`
--

LOCK TABLES `CarMakes` WRITE;
/*!40000 ALTER TABLE `CarMakes` DISABLE KEYS */;
INSERT INTO `CarMakes` VALUES (6,'Alfa Romeo'),(8,'Aston Martin'),(9,'Audi'),(11,'Bentley'),(13,'BMW'),(14,'Alpina'),(15,'Bugatti'),(16,'Buick'),(17,'Cadillac'),(19,'Chevrolet'),(20,'Chrysler'),(21,'Citroen'),(22,'Daewoo'),(23,'Daihatsu'),(27,'Ferrari'),(28,'Fiat'),(29,'Ford'),(31,'Honda'),(33,'Hyundai'),(35,'Isuzu'),(37,'Jaguar'),(38,'Jeep'),(39,'Kia'),(40,'Lada'),(41,'Lamborghini'),(42,'Lancia'),(43,'Lexus'),(44,'Lotus'),(45,'Maserati'),(46,'Mazda'),(47,'Mercedes-Benz'),(48,'MG'),(50,'Mitsubishi'),(51,'Morgan'),(52,'Nissan'),(53,'Oldsmobile'),(54,'Opel'),(55,'Peugeot'),(56,'Pontiac'),(57,'Porsche'),(60,'Renault'),(61,'Rolls-Royce'),(62,'Rover'),(63,'Saab'),(64,'SEAT'),(65,'Skoda'),(66,'SsangYong'),(67,'Subaru'),(68,'Suzuki'),(70,'Toyota'),(71,'TVR'),(73,'Volvo'),(74,'Volkswagen'),(2120,'Triumph'),(2152,'Dodge'),(2153,'GMC'),(14882,'Iveco'),(14890,'Lincoln'),(14979,'AC'),(15525,'smart'),(15629,'Innocenti'),(15633,'Trabant'),(15636,'Proton'),(15641,'Land Rover'),(15643,'Austin'),(15644,'Autobianchi'),(15670,'Oldtimer'),(15672,'Caravans-Wohnm'),(15674,'HUMMER'),(16253,'Trucks-Lkw'),(16326,'Trailer-Anh„nger'),(16327,'Tata'),(16328,'Others'),(16333,'DAF'),(16335,'Caterham'),(16336,'Wartburg'),(16337,'Galloper'),(16338,'MINI'),(16339,'Donkervoort'),(16341,'Pagani'),(16348,'Maybach'),(16350,'Piaggio'),(16351,'Wiesmann'),(16352,'Aixam'),(16353,'Ligier'),(16355,'Infiniti'),(16356,'Acura'),(16357,'Chatenet'),(16359,'Mahindra'),(16360,'Dacia'),(16361,'Microcar'),(16367,'Brilliance'),(16369,'Santana'),(16377,'Spyker'),(16379,'BYD'),(16380,'Corvette'),(16382,'Great Wall'),(16383,'DR Motor'),(16384,'Chery'),(16385,'VAZ'),(16386,'GAZ'),(16387,'IZH'),(16388,'Moskvich'),(16389,'UAZ'),(16391,'Derways'),(16392,'Geely'),(16393,'Lifan'),(16394,'ZAZ'),(16395,'TagAZ'),(16396,'Abarth'),(16397,'Daimler'),(16398,'Reliant'),(16399,'Melex'),(16400,'Bedford'),(16401,'Changhe'),(16402,'Iso Rivolta'),(16403,'GEM'),(16404,'Tasso'),(16405,'Savel'),(16406,'CMC'),(16407,'Casalini'),(16408,'Zastava'),(16409,'Grecav'),(16410,'Martin Motors'),(16411,'CityEL'),(16412,'Qoros'),(16415,'DS Automobiles'),(16416,'Bellier'),(16417,'Karabag'),(16418,'Bollor‚'),(16419,'Ariel Motor'),(16420,'Town Life'),(16421,'Giotti Victoria'),(16422,'VEM'),(16423,'De la Chapelle'),(16424,'Borgward'),(16425,'Qvale'),(16426,'LDV'),(16427,'Artega'),(16429,'ACM'),(16431,'Aspid'),(16434,'Dangel'),(16435,'Mansory'),(16436,'Estrima'),(16437,'Auverland'),(50060,'KTM'),(50083,'PGO'),(51512,'Haima'),(51513,'Westfield'),(51514,'Vortex'),(51519,'McLaren'),(51520,'Tesla'),(51534,'Hamann'),(51535,'TECHART'),(51536,'Ruf'),(51538,'SpeedArt'),(51539,'9ff'),(51540,'GEMBALLA'),(51542,'Gac Gonow'),(51543,'FISKER'),(51545,'Amphicar'),(51551,'Talbot'),(51552,'Dutton'),(51553,'Panther Westwinds'),(51554,'MP Lafer'),(51557,'Tazzari EV'),(51558,'Courb'),(51766,'Minauto'),(51767,'Hurtan'),(51768,'Puch'),(51770,'Plymouth'),(51771,'SDG'),(51773,'DFSK'),(51774,'Baic'),(51776,'Wallys'),(51779,'De Tomaso'),(51780,'MAN'),(51781,'Koenigsegg'),(51782,'Mitsuoka'),(51788,'MPM Motors'),(51791,'Gillet'),(51792,'Genesis'),(51793,'RAM'),(51794,'e.GO'),(51795,'StreetScooter'),(51796,'Alpine'),(51798,'Zhidou');
/*!40000 ALTER TABLE `CarMakes` ENABLE KEYS */;
UNLOCK TABLES;

--
-- Table structure for table `CarModel`
--

DROP TABLE IF EXISTS `CarModel`;
/*!40101 SET @saved_cs_client     = @@character_set_client */;
 SET character_set_client = utf8mb4 ;
CREATE TABLE `CarModel` (
  `ModelId` int(11) NOT NULL,
  `Description` varchar(250) NOT NULL,
  PRIMARY KEY (`ModelId`)
) ENGINE=InnoDB DEFAULT CHARSET=utf8;
/*!40101 SET character_set_client = @saved_cs_client */;

--
-- Dumping data for table `CarModel`
--

LOCK TABLES `CarModel` WRITE;
/*!40000 ALTER TABLE `CarModel` DISABLE KEYS */;
INSERT INTO `CarModel` VALUES (1600,'33'),(1601,'145'),(1602,'146'),(1603,'155'),(1604,'164'),(1606,'75'),(1607,'90'),(1608,'Alfasud'),(1609,'Alfetta'),(1611,'Giulietta'),(1612,'GTV'),(1614,'Spider'),(1615,'DB7'),(1616,'Lagonda'),(1617,'Virage'),(1619,'100'),(1620,'200'),(1622,'80'),(1623,'90'),(1624,'A3'),(1626,'A4'),(1628,'A6'),(1629,'A8'),(1630,'Cabriolet'),(1631,'Coupe'),(1633,'S6'),(1634,'V8'),(1639,'316'),(1640,'318'),(1641,'320'),(1642,'323'),(1643,'324'),(1644,'325'),(1645,'328'),(1646,'M3'),(1647,'518'),(1648,'520'),(1649,'523'),(1650,'524'),(1651,'525'),(1652,'530'),(1653,'535'),(1654,'540'),(1655,'M5'),(1656,'635'),(1657,'725'),(1658,'728'),(1659,'730'),(1660,'735'),(1661,'740'),(1662,'750'),(1663,'840'),(1664,'850'),(1665,'Z3'),(1666,'Z1'),(1667,'M1'),(1668,'Century'),(1669,'Electra'),(1670,'Park Avenue'),(1671,'Regal'),(1672,'Riviera'),(1673,'Skylark'),(1674,'Allante'),(1675,'Deville'),(1676,'Eldorado'),(1677,'Fleetwood'),(1678,'Seville'),(1679,'Astro'),(1680,'Beretta'),(1681,'Blazer'),(1683,'Camaro'),(1684,'Caprice'),(1685,'Cavalier'),(1686,'Citation'),(1687,'Celebrity'),(1688,'Corsica'),(1689,'Corvette'),(1690,'Malibu'),(1691,'ES'),(1692,'GTS'),(1693,'GS'),(1694,'Daytona'),(1695,'Le Baron'),(1696,'Neon'),(1697,'New Yorker'),(1698,'Saratoga'),(1699,'Stratus'),(1700,'Viper'),(1701,'Vision'),(1702,'Voyager'),(1703,'2CV'),(1704,'AX'),(1705,'BX'),(1706,'CX'),(1707,'Evasion'),(1708,'GSA'),(1709,'LNA'),(1710,'SAXO'),(1712,'Xantia'),(1713,'XM'),(1714,'ZX'),(1715,'Espero'),(1716,'Nexia'),(1717,'Applause'),(1718,'Charade'),(1719,'Charmant'),(1720,'Cuore'),(1721,'Feroza'),(1722,'Rocky'),(1723,'Taft'),(1725,'328'),(1726,'348'),(1727,'412'),(1728,'456'),(1729,'512'),(1730,'550'),(1731,'F355'),(1732,'F40'),(1733,'Mondial'),(1734,'Testarossa'),(1735,'126'),(1736,'127'),(1737,'131'),(1739,'Barchetta'),(1740,'Brava'),(1741,'Bravo'),(1742,'Cinquecento'),(1743,'Coupe'),(1744,'Croma'),(1745,'Marea'),(1746,'Panda'),(1747,'Punto'),(1748,'Regata'),(1749,'Ritmo'),(1750,'Spider Europa'),(1751,'Tempra'),(1752,'Tipo'),(1753,'Ulysse'),(1754,'Uno'),(1755,'X 1/9'),(1756,'Capri'),(1757,'Escort'),(1758,'Fiesta'),(1759,'Galaxy'),(1760,'Granada'),(1761,'Ka/Ka+'),(1762,'Maverick'),(1763,'Mondeo'),(1764,'Orion'),(1765,'Scorpio'),(1766,'Sierra'),(1767,'Aerostar'),(1768,'Bronco'),(1769,'Explorer'),(1770,'Probe'),(1771,'Taurus'),(1772,'Windstar'),(1773,'Accord'),(1775,'Civic'),(1776,'Concerto'),(1777,'CR-V'),(1778,'CRX'),(1781,'Legend'),(1782,'NSX'),(1783,'Prelude'),(1785,'Shuttle'),(1786,'Accent'),(1787,'Coupe'),(1788,'Lantra'),(1789,'Pony'),(1791,'Sonata'),(1793,'Trooper'),(1795,'Daimler'),(1796,'XJS'),(1797,'XJ40'),(1798,'XJ12'),(1799,'XJ6'),(1800,'XJR'),(1801,'XK8'),(1803,'Cherokee'),(1804,'CJ-7'),(1805,'CJ-8'),(1806,'Grand Cherokee'),(1807,'Wrangler'),(1808,'Clarus'),(1810,'Pride'),(1811,'Sephia'),(1812,'Sportage'),(1816,'Niva'),(1817,'Samara'),(1819,'Beta'),(1820,'Dedra'),(1822,'Delta'),(1823,'Gamma'),(1824,'Kappa'),(1825,'Prisma'),(1826,'Thema'),(1828,'Y'),(1832,'Elan'),(1833,'Elise'),(1834,'Esprit'),(1835,'Biturbo'),(1836,'121'),(1837,'323'),(1838,'626'),(1839,'929'),(1840,'MPV'),(1841,'MX-3'),(1842,'MX-5'),(1843,'MX-6'),(1844,'RX-7'),(1845,'Xedos'),(1846,'190'),(1847,'200'),(1848,'230'),(1849,'240'),(1850,'250'),(1851,'260'),(1852,'280'),(1853,'300'),(1854,'320'),(1855,'380'),(1856,'400'),(1857,'500'),(1858,'600'),(1859,'C 180'),(1860,'C 200'),(1861,'C 230'),(1862,'E 200'),(1863,'E 220'),(1864,'E 280'),(1865,'E 290'),(1866,'E 420'),(1867,'SL 280'),(1868,'SL 320'),(1869,'SL 500'),(1870,'SL 600'),(1871,'SLK'),(1873,'MGF'),(1875,'3000 GT'),(1876,'Carisma'),(1877,'Colt'),(1879,'Eclipse'),(1882,'Galant'),(1884,'Lancer'),(1885,'Pajero'),(1888,'Sigma'),(1890,'Space Gear'),(1891,'Space Runner'),(1892,'Space Wagon'),(1893,'Starion'),(1895,'100 NX'),(1896,'200 SX'),(1897,'280 ZX'),(1898,'300 ZX'),(1899,'Almera'),(1900,'Bluebird'),(1901,'Cherry'),(1903,'Maxima'),(1904,'Micra'),(1905,'Patrol'),(1906,'Prairie'),(1907,'Primera'),(1908,'Serena'),(1911,'Sunny'),(1912,'Terrano'),(1913,'Terrano II'),(1914,'Cutlass'),(1915,'Ascona'),(1916,'Astra'),(1917,'Calibra'),(1918,'Corsa'),(1919,'Frontera'),(1920,'Kadett'),(1921,'Manta'),(1922,'Monterey'),(1923,'Monza'),(1924,'Omega'),(1926,'Rekord'),(1927,'Senator'),(1929,'Sintra'),(1930,'Tigra'),(1931,'Vectra'),(1932,'104'),(1933,'106'),(1934,'205'),(1935,'305'),(1936,'306'),(1937,'309'),(1938,'405'),(1939,'406'),(1940,'505'),(1942,'605'),(1943,'806'),(1944,'6000'),(1945,'Bonneville'),(1946,'Firebird'),(1947,'Grand-Am'),(1948,'Grand-Prix'),(1949,'Trans Sport'),(1950,'911'),(1951,'924'),(1952,'928'),(1953,'944'),(1954,'968'),(1955,'Boxster'),(1958,'Alpine A310'),(1959,'Alpine A610'),(1960,'Alpine V6'),(1961,'Clio'),(1962,'Espace'),(1963,'Fuego'),(1964,'Laguna'),(1965,'Megane'),(1966,'R 11'),(1967,'R 14'),(1968,'R 18'),(1969,'R 19'),(1970,'R 20'),(1971,'R 21'),(1972,'R 25'),(1973,'R 30'),(1974,'R 4'),(1975,'R 5'),(1976,'R 9'),(1977,'Safrane'),(1978,'Super 5'),(1979,'Twingo'),(1980,'114'),(1981,'200'),(1982,'214'),(1983,'216'),(1984,'220'),(1987,'416'),(1988,'420'),(1989,'620'),(1990,'623'),(1991,'800'),(1992,'820'),(1993,'825'),(1994,'827'),(1999,'90'),(2000,'900'),(2001,'9000'),(2002,'99'),(2003,'Alhambra'),(2004,'Cordoba'),(2006,'Ibiza'),(2007,'Malaga'),(2008,'Marbella'),(2010,'Toledo'),(2014,'Favorit'),(2015,'Felicia'),(2016,'Forman'),(2017,'MUSSO'),(2019,'1800'),(2021,'E10'),(2023,'Impreza'),(2024,'Justy'),(2025,'Legacy'),(2026,'SVX'),(2028,'XT'),(2029,'Alto'),(2030,'Baleno'),(2031,'LJ 80'),(2032,'SA 310'),(2033,'Samurai'),(2034,'SJ 410'),(2035,'SJ 413'),(2036,'Swift'),(2037,'Vitara'),(2038,'X-90'),(2045,'4-Runner'),(2046,'Camry'),(2047,'Carina'),(2050,'Celica'),(2052,'Corolla'),(2053,'Cressida'),(2055,'Fun Cruiser'),(2056,'Land Cruiser'),(2058,'MR 2'),(2059,'Paseo'),(2060,'Picnic'),(2061,'Previa'),(2062,'Starlet'),(2063,'Supra'),(2064,'Tercel'),(2065,'240'),(2066,'340'),(2067,'360'),(2068,'440'),(2069,'460'),(2070,'480'),(2071,'740'),(2072,'760'),(2073,'780'),(2074,'850'),(2075,'940'),(2076,'960'),(2077,'S40'),(2078,'S70'),(2079,'V70'),(2080,'S90'),(2081,'V90'),(2082,'V40'),(2083,'Corrado'),(2084,'Golf'),(2087,'Jetta'),(2089,'Passat'),(2090,'Polo'),(2091,'Santana'),(2092,'Scirocco'),(2093,'Sharan'),(2094,'Vento'),(2096,'Trafic'),(2099,'C 280'),(2106,'Bus'),(2107,'Tourneo'),(2108,'S4'),(2109,'S2'),(2111,'Super Seven'),(2112,'L200'),(2113,'Anfibio'),(2114,'K„fer'),(2115,'365'),(2116,'308'),(2117,'E 320'),(2118,'MK II'),(2119,'E-Type'),(2121,'TR5'),(2122,'TR6'),(2123,'965'),(2126,'420'),(2127,'560'),(2129,'Sovereign'),(2130,'130'),(2131,'Delta 88'),(2132,'Toronado'),(2133,'Express'),(2134,'Urvan'),(2136,'744'),(2137,'944'),(2138,'244'),(2139,'945'),(2140,'764'),(2141,'855'),(2142,'Lite-Ace'),(2143,'RAV 4'),(2144,'245'),(2145,'528'),(2146,'Hijet'),(2147,'C 220'),(2148,'Super-Carry'),(2149,'Mustang'),(2150,'Sebring'),(2154,'Stealth'),(2155,'Grand Caravan'),(2157,'Typhoon'),(2158,'Diplomat'),(2159,'Taunus'),(2160,'Transit'),(2161,'Thunderbird'),(2162,'E 500'),(2163,'2002'),(2164,'400'),(2165,'Cloud'),(2166,'Silver Shadow'),(2167,'Corniche'),(2168,'Dino'),(2169,'Cargo'),(2171,'L300'),(14710,'Jumper'),(14711,'Hiace'),(14717,'Master'),(14762,'Inca'),(14763,'Arosa'),(14773,'Fulvia'),(14777,'E Series'),(14783,'Ducato'),(14786,'Scenic'),(14789,'Hilux'),(14792,'T4'),(14803,'Puma'),(14807,'C 36 AMG'),(14810,'Xsara'),(14811,'C15'),(14821,'Boxer'),(14822,'Partner'),(14825,'Combo'),(14827,'Fiorino'),(14830,'Coupe'),(14838,'242'),(14845,'Camper'),(14851,'Expert'),(14854,'Commodore'),(14865,'450'),(14867,'Trans Am'),(14869,'A 160'),(14894,'Town Car'),(14908,'Canter'),(14911,'Integra'),(14926,'CLK'),(14984,'Cobra'),(14988,'Midi'),(14992,'Valiant'),(14996,'Lanos'),(14997,'Nubira'),(14998,'Leganza'),(15002,'Dolomite'),(15029,'E 230'),(15033,'Europa'),(15057,'09-mar'),(15058,'09-mag'),(15087,'Syclone'),(15103,'S 280'),(15105,'S 320'),(15107,'S 420'),(15108,'S 500'),(15109,'S 600'),(15117,'156'),(15119,'V8'),(15120,'Vantage'),(15123,'S8'),(15125,'Brooklands'),(15126,'Turbo RT'),(15127,'Continental'),(15128,'Azure'),(15130,'B3'),(15131,'B10'),(15132,'B12'),(15136,'Tahoe'),(15137,'Trans Sport'),(15139,'300 M'),(15140,'Grand Voyager'),(15142,'Berlingo'),(15144,'Move'),(15145,'Gran Move'),(15146,'Terios'),(15160,'500'),(15161,'Palio'),(15164,'Galloper'),(15165,'H-1 Starex'),(15166,'Atos'),(15168,'XJ8'),(15169,'XJ'),(15170,'XKR'),(15174,'Diablo'),(15189,'Ghibli'),(15190,'Quattroporte'),(15199,'V 230'),(15200,'V 280'),(15201,'ML 230'),(15202,'ML 320'),(15204,'MGB'),(15207,'Pathfinder'),(15215,'Silver Dawn'),(15217,'Park Ward Turbo'),(15218,'Touring'),(15219,'Silver Seraph'),(15222,'Octavia'),(15224,'Forester'),(15226,'Wagon R+'),(15228,'Korando'),(15230,'Avensis'),(15232,'Chimaera'),(15233,'Griffith'),(15234,'Cerbera'),(15236,'C70'),(15237,'Polar'),(15247,'Seicento'),(15248,'Scudo'),(15317,'Kangoo'),(15321,'RAM'),(15351,'124 Spider'),(15359,'Carrera GT'),(15363,'T2'),(15381,'New Beetle'),(15383,'350'),(15384,'C 250'),(15401,'206'),(15517,'E 240'),(15534,'Lupo'),(15535,'Bora'),(15537,'Focus'),(15540,'Volante'),(15543,'E 300'),(15546,'Space Star'),(15549,'E 50 AMG'),(15565,'Demio'),(15627,'TT'),(15629,'Targa'),(15632,'C 43 AMG'),(15633,'Spitfire'),(15636,'166'),(15637,'S3'),(15638,'Visa'),(15639,'Sirion'),(15640,'Multipla'),(15644,'Matiz'),(15647,'Cougar'),(15648,'Alero'),(15649,'Logo'),(15650,'HR-V'),(15652,'Nova'),(15653,'110'),(15654,'S-Type'),(15659,'Premacy'),(15660,'Zafira'),(15662,'Jimny'),(15663,'Yaris'),(15664,'S80'),(15665,'Karif'),(15666,'Shamal'),(15667,'3200'),(15668,'F50'),(15671,'F512'),(15672,'Jalpa'),(15673,'Countach'),(15674,'Silver Spirit'),(15675,'Silver Spur'),(15676,'Flying Spur'),(15677,'EB 110'),(15678,'Shuma'),(15680,'S4'),(15681,'V8S'),(15682,'B6'),(15683,'Turbo R'),(15684,'Turbo S'),(15685,'Arnage'),(15690,'220'),(15691,'SL 300'),(15693,'C 240'),(15694,'E 36 AMG'),(15695,'E 250'),(15696,'S 300'),(15697,'S 350'),(15698,'E 430'),(15699,'E 55 AMG'),(15700,'V 220'),(15701,'A 140'),(15702,'A 170'),(15703,'A 190'),(15704,'S 430'),(15705,'ML 430'),(15706,'Spider'),(15708,'LS 400'),(15709,'GS 300'),(15710,'IS 200'),(15711,'B8'),(15713,'CJ-5'),(15714,'SC 400'),(15715,'CE 300'),(15716,'DS'),(15717,'SM'),(15718,'404'),(15720,'LKW/TRUCKS'),(15721,'Courier'),(15723,'270'),(15724,'S 560'),(15725,'CL'),(15726,'111'),(15728,'75'),(15730,'Duna'),(15731,'Montero'),(15732,'Fiero'),(15733,'Carry'),(15734,'Caddy'),(15735,'RS'),(15737,'Rapid'),(15738,'Crew cab'),(15739,'G'),(15740,'Arena'),(15741,'Freeclimber'),(15742,'Merak'),(15743,'959'),(15744,'Elba'),(15745,'Small'),(15748,'city-coup‚/city-cabrio'),(15749,'Trabant'),(15753,'208'),(15754,'250'),(15755,'288'),(15757,'750'),(15758,'Daytona'),(15759,'Miura'),(15761,'618'),(15763,'E 270'),(15764,'204'),(15767,'LT'),(15768,'Marengo'),(15769,'Maxi'),(15770,'Terra'),(15771,'Roadmaster'),(15772,'Dixie van'),(15775,'S 400'),(15776,'G'),(15777,'Elan'),(15778,'Indy'),(15779,'330'),(15780,'628'),(15781,'414'),(15782,'Vanette'),(15787,'H 100'),(15788,'Clip'),(15791,'Discovery'),(15792,'Freelander'),(15793,'Range Rover'),(15794,'Defender'),(15796,'Besta'),(15798,'Y10'),(15799,'A 112'),(15801,'K1500'),(15802,'Durango'),(15806,'Maestro'),(15807,'Metro'),(15811,'Santamo'),(15812,'WFR'),(15814,'Leo'),(15820,'B 2500'),(15821,'Phantom'),(15823,'Montego'),(15830,'Z'),(15831,'A 1000'),(15832,'Renegade'),(15833,'422'),(15834,'424'),(15849,'Pick up'),(15850,'King Cab'),(15851,'Pick Up'),(15852,'Campo'),(15853,'STS'),(15854,'K30'),(15855,'Van'),(15857,'KJ'),(15858,'HDJ'),(15860,'M'),(15861,'Crown'),(15862,'Ranger'),(15863,'Continental'),(15864,'Maggiolino'),(15866,'ML 270'),(15867,'304'),(15868,'Cappuccino'),(15869,'Leon'),(15870,'Movano'),(15871,'25'),(15872,'45'),(15874,'Trade'),(15875,'Maruti'),(15876,'Stratos'),(15877,'Galloper'),(15878,'Fabia'),(15880,'996'),(15881,'993'),(15882,'Carnival'),(15893,'Rocsta'),(15942,'Vito'),(15943,'Sprinter'),(15944,'LKW/TRUCKS'),(15945,'V'),(15947,'Santana'),(15949,'418'),(15952,'Aranos'),(15953,'732'),(15954,'Eight'),(15955,'E 260'),(15957,'356'),(15959,'100'),(15960,'400'),(15961,'600'),(15962,'Estate'),(15963,'Racing'),(15964,'Campagnola'),(15965,'Willys'),(15967,'Bravada'),(15968,'Joice'),(15969,'Pregio'),(15970,'Retona'),(15973,'C 320'),(15975,'SLK 320'),(15976,'Nash'),(15977,'964'),(15978,'Facel Vega'),(15980,'914'),(15981,'Buggy'),(15982,'Karmann Ghia'),(15983,'Silverado'),(15984,'Xsara Picasso'),(15985,'Lybra'),(15986,'Adria'),(15987,'430'),(15989,'Talento'),(15991,'Abarth'),(15992,'AMC'),(15993,'ASC'),(15994,'AC'),(15995,'Adler'),(15996,'Alfa Romeo'),(15997,'Alvis'),(15998,'American'),(15999,'Amphicar'),(16000,'Aston Martin'),(16001,'Auburn'),(16002,'Audi'),(16003,'Aurora'),(16004,'Austin'),(16005,'Austin-Healey'),(16006,'Autobianchi'),(16007,'Avanti'),(16008,'BMW'),(16009,'Beast'),(16010,'Bentley'),(16011,'Borgward'),(16012,'Bitter'),(16013,'Bricklin'),(16014,'Buick'),(16015,'CJ Rayburn'),(16016,'Cadillac'),(16017,'Checker'),(16018,'Chevrolet'),(16019,'Chrysler'),(16020,'Citroen'),(16021,'Clenet'),(16022,'Continental'),(16023,'Cord'),(16024,'Daf'),(16025,'Daimler'),(16026,'Dante'),(16027,'Datsun'),(16028,'Deutz'),(16029,'De Tomaso'),(16030,'De Soto'),(16031,'De Lorean'),(16032,'Dodge'),(16033,'Dort'),(16034,'Dutton'),(16035,'Durant'),(16036,'Edsel'),(16037,'EMW'),(16038,'England'),(16039,'Essex'),(16040,'Excalibur'),(16042,'Fenton-Riley'),(16043,'Ferrari'),(16044,'Fiat'),(16045,'Fire Vehicle'),(16046,'Ford'),(16047,'Formula-Car'),(16048,'Franklin'),(16049,'GMC'),(16050,'Goggomobil'),(16051,'Goliath'),(16052,'Graham-Paige'),(16053,'Hanomag'),(16054,'Harley Davidson'),(16055,'Heritage'),(16056,'Hillman'),(16057,'Hispano-Suiza'),(16058,'Honda'),(16059,'Hudson'),(16060,'Hupmobile'),(16061,'IHC'),(16062,'International'),(16063,'Isuzu'),(16064,'Jaguar'),(16065,'Jeep'),(16066,'Jensen'),(16067,'Kaiser'),(16068,'Kelly'),(16069,'Lanz'),(16070,'LaSalle'),(16071,'Lamborghini'),(16072,'Land Rover'),(16073,'Lea Francis'),(16074,'Lincoln'),(16075,'LKW-Trucks'),(16076,'Lotus'),(16077,'MG'),(16078,'Mack'),(16079,'Magirus'),(16080,'MAN'),(16081,'Marcos'),(16082,'Marmon'),(16083,'Maserati'),(16084,'Matra'),(16085,'Maybach'),(16086,'Mazda'),(16087,'Mercedes Benz'),(16088,'Mercury'),(16089,'Messerschmitt'),(16091,'Military Vehicle'),(16092,'Morgan'),(16093,'Morris Minor'),(16094,'Moskvitch'),(16096,'Nissan'),(16097,'NSU'),(16098,'Oldsmobile'),(16099,'Opel'),(16100,'Packard'),(16101,'Panhard'),(16102,'Peerless'),(16103,'Peugeot'),(16104,'Pierce Arrow'),(16106,'Pontiac'),(16107,'Porsche'),(16108,'Rambler'),(16109,'Reliant'),(16110,'Renault'),(16111,'Republic'),(16112,'Riley'),(16113,'Rolls Royce'),(16114,'Rotus'),(16115,'Roush'),(16116,'Rover'),(16117,'Saab'),(16118,'Saurer'),(16119,'Sebring'),(16120,'Setra'),(16121,'Simca'),(16122,'Shelby'),(16123,'Shores'),(16124,'Skoda'),(16125,'Spartan'),(16126,'Spitzer'),(16127,'Studebaker'),(16128,'Stutz'),(16129,'Subaru'),(16130,'Sunbeam'),(16132,'Tempo'),(16133,'Toyota'),(16134,'Tractor'),(16135,'Triumph'),(16136,'TVR'),(16137,'Unimog'),(16138,'Vanden Plas'),(16139,'Volkswagen'),(16140,'Volvo'),(16141,'Wanderer'),(16142,'Wartburg'),(16143,'Westfalia'),(16144,'Westfield'),(16145,'Wetsch'),(16146,'Willys'),(16147,'Zimmer'),(16148,'DKW'),(16149,'Fordson'),(16150,'Horch'),(16151,'IFA'),(16152,'Heinkel'),(16153,'Holden'),(16154,'Karmann'),(16155,'Panther'),(16156,'Puma'),(16157,'Excel'),(16158,'Allard'),(16160,'Armstrong Siddeley'),(16161,'Ariel'),(16162,'Aries'),(16163,'Arnolt'),(16164,'ASA'),(16165,'Auto Union'),(16166,'Benjamin'),(16167,'Berkeley'),(16168,'Bizzarrini'),(16170,'Bugatti'),(16171,'Chaika'),(16172,'Champion'),(16173,'Charron'),(16174,'Chenard & Walker'),(16175,'Cisitalia'),(16176,'Clan'),(16177,'Commer'),(16178,'Cunningham'),(16179,'Delage'),(16180,'Delahaye'),(16181,'Denzel'),(16182,'DeSoto'),(16183,'D.F.P'),(16184,'De Dion Bouton'),(16185,'Duesenberg'),(16186,'Elva'),(16187,'Enzmann'),(16188,'Fairthorpe'),(16189,'Falcon'),(16190,'FN'),(16191,'Frazer Nash'),(16192,'Fuldamobil'),(16193,'Ghia'),(16194,'Gilbern'),(16195,'Ginatta'),(16196,'Glas'),(16198,'Gordon Keeble'),(16199,'GSM'),(16200,'Gutbrod'),(16201,'Healey'),(16202,'Hino'),(16203,'Hotchkiss'),(16204,'HRG'),(16206,'Humber'),(16207,'Iso Rivolta'),(16208,'Kaiser - Frazer'),(16209,'Kleinschnittger'),(16210,'Lagonda'),(16211,'Lanchester'),(16212,'La Licorne'),(16214,'Ligier'),(16215,'Lorraine Dietrich'),(16216,'Lloyd'),(16217,'LMX'),(16218,'Lombardi'),(16219,'Marauder'),(16220,'Mathis'),(16221,'Monica'),(16222,'Monteverdi'),(16223,'Moretti'),(16224,'Morgan Darmont'),(16225,'Morris Leon Bolle'),(16227,'Munga'),(16228,'Muntz'),(16229,'Ogle'),(16230,'Osca'),(16231,'Pegaso'),(16232,'RenT Bonnet'),(16233,'Rosengart'),(16234,'Rovin'),(16235,'Salmson'),(16236,'Siata'),(16237,'Stephens'),(16239,'Trident'),(16240,'Tucker'),(16241,'Turner'),(16242,'Unic'),(16243,'Veritas'),(16244,'Vignale'),(16245,'Voisin'),(16246,'Wolseley'),(16247,'Zndapp'),(16248,'Others'),(16249,'Merlin'),(16251,'Uaz'),(16252,'Yugo'),(16255,'Alpha'),(16256,'Arca'),(16257,'Autoroller'),(16258,'Bimobil'),(16259,'Brstner'),(16260,'Burow'),(16261,'Ca-Mo-Car'),(16262,'Caro'),(16263,'Carthago'),(16264,'Chausson'),(16265,'Chrysler'),(16266,'Ci International'),(16267,'Coachmen'),(16268,'Concorde'),(16269,'Cristall'),(16270,'Cs Reisemobile'),(16271,'Damon'),(16272,'Dethleffs'),(16273,'Elnagh'),(16274,'Eriba'),(16275,'Euramobil'),(16276,'Euro Liner'),(16277,'Fendt'),(16278,'Ffb / Tabbert'),(16279,'Fiat'),(16281,'Fleetwood'),(16282,'Ford'),(16283,'Ford / Reimo'),(16284,'Frankia'),(16285,'General Motors'),(16286,'Granduca'),(16287,'Hehn'),(16288,'Heku'),(16289,'Hobby'),(16290,'Holiday Rambler'),(16291,'Hymer'),(16292,'Karmann'),(16293,'Knaus'),(16294,'Laika'),(16295,'La Strada'),(16296,'LMC'),(16297,'M+M Mobile'),(16298,'Ma-Bu'),(16299,'Mazda'),(16300,'Mercedes-Benz'),(16301,'Mirage'),(16302,'Mitsubishi'),(16303,'Mobilvetta'),(16304,'Pilote'),(16305,'Rapido'),(16306,'Reimo'),(16307,'Reisemobile Beier'),(16308,'Renault'),(16309,'Rimor'),(16310,'Riva'),(16311,'Riviera'),(16312,'RMB'),(16313,'Roadtrek'),(16314,'Rockwood'),(16315,'Selbstbau'),(16316,'TEC'),(16317,'Tischer'),(16318,'Triple E'),(16319,'Vario'),(16320,'VW'),(16321,'Weinsberg'),(16322,'Westfalia'),(16323,'Wilk'),(16324,'Winnebago'),(16325,'Others'),(16326,'Others'),(16327,'Atlas'),(16328,'Cat'),(16329,'Citroen'),(16330,'Daewoo'),(16331,'DAF'),(16332,'Deutz-Fahr'),(16333,'Fiat'),(16334,'Ford'),(16335,'Fuchs'),(16336,'Hanomag'),(16337,'Hitachi'),(16338,'Iveco'),(16339,'Iveco-Fiat'),(16340,'Iveco Magirus'),(16341,'Jungheinrich'),(16342,'Koegel'),(16343,'Komatsu'),(16344,'Liebherr'),(16345,'Linde'),(16346,'MAN'),(16347,'Mercedes-Benz'),(16348,'Mitsubishi'),(16349,'Neoplan'),(16350,'O & K'),(16351,'Peugeot'),(16352,'Renault'),(16353,'Scania'),(16354,'Schaeff'),(16355,'Setra'),(16356,'Volvo'),(16357,'VW'),(16358,'Zeppelin'),(16359,'Zettelmeyer'),(16360,'Others'),(16362,'X-Type'),(16363,'Jumpy'),(16364,'Express'),(16365,'J5'),(16366,'400'),(16367,'Libero'),(16368,'SD'),(16370,'XG 30'),(16371,'Telcosport'),(16372,'Strada'),(16373,'Lancia'),(16374,'Innocenti'),(16375,'Motorr„der-Bike'),(16376,'Seat'),(16378,'S-10'),(16379,'2500'),(16380,'Trabant'),(16381,'SLR'),(16382,'DB'),(16383,'MK'),(16385,'195'),(16386,'246'),(16387,'275'),(16388,'330'),(16389,'360'),(16390,'D-Type'),(16391,'Espada'),(16392,'LM'),(16393,'V8'),(16396,'Expedition'),(16397,'Navigator'),(16398,'Cosmos'),(16399,'Escalade'),(16400,'Suburban'),(16401,'Dakota'),(16402,'Z8'),(16403,'Quest'),(16404,'RX 300'),(16405,'745'),(16406,'X5'),(16407,'Penny'),(16408,'S 2000'),(16409,'Multicar'),(16410,'Nordstar'),(16412,'L400'),(16414,'Allroad'),(16415,'Flaminia'),(16416,'A2'),(16417,'Agila'),(16420,'PT Cruiser'),(16421,'147'),(16435,'D10'),(16436,'633'),(16437,'K'),(16438,'ML 55 AMG'),(16439,'Santamo'),(16440,'Plus 4'),(16441,'Plus 8'),(16442,'Dyna'),(16443,'Solara'),(16444,'Tundra'),(16445,'LX 470'),(16446,'SLK 230'),(16447,'Speedster'),(16450,'Viper'),(16451,'Exige'),(16453,'Montego'),(16455,'Impala'),(16456,'Lumina'),(16457,'Monte Carlo'),(16458,'C25'),(16459,'400'),(16460,'Valera'),(16464,'Sapporo'),(16465,'Mini'),(16466,'Vivio'),(16468,'Telcoline'),(16469,'F'),(16473,'Trajet'),(16474,'H-1'),(16475,'S-Coupe'),(16476,'Rio'),(16479,'Moss'),(16480,'Ginetta'),(16481,'SL 380'),(16482,'SL 420'),(16483,'SL 350'),(16484,'SL 450'),(16485,'SL 560'),(16486,'S60'),(16487,'124 CoupŠ'),(16488,'C 270'),(16489,'S 55 AMG'),(16490,'Jazz'),(16491,'Tatra'),(16492,'CE 200'),(16493,'Elantra'),(16494,'LS 430'),(16495,'607'),(16504,'MGA'),(16505,'Grand Espace'),(16506,'CLK 55 AMG'),(16507,'TR7'),(16508,'TR8'),(16509,'SLK 32 AMG'),(16510,'Panda'),(16511,'96'),(16512,'Tacuma'),(16513,'DLX'),(16514,'Stilo'),(16515,'Doblo'),(16516,'Prius'),(16517,'Tourer'),(16518,'F 150'),(16519,'F 250'),(16520,'Taro'),(16521,'L80'),(16522,'Insight'),(16523,'Odyssey'),(16524,'H 200'),(16525,'C5'),(16526,'Santa Fe'),(16527,'Estate'),(16528,'Sumo'),(16529,'Safari'),(16530,'Ignis'),(16532,'Metro'),(16534,'Tribute'),(16535,'Forma'),(16536,'Campo'),(16537,'Roadster'),(16538,'Carens'),(16539,'313'),(16540,'315'),(16541,'316'),(16542,'318'),(16543,'413'),(16544,'415'),(16545,'416'),(16546,'418'),(16547,'420'),(16548,'111'),(16549,'112'),(16551,'Aleko'),(16553,'307'),(16554,'X-Trail'),(16555,'ML 400'),(16556,'ML 500'),(16557,'340 R'),(16558,'315'),(16559,'206'),(16562,'GALLOPER'),(16564,'Others'),(16567,'WARTBURG'),(16568,'GS 430'),(16571,'EVM'),(16572,'Liana'),(16573,'504'),(16574,'Others'),(16575,'MB 100'),(16576,'Vaneo'),(16577,'ZR'),(16578,'ZS'),(16579,'ZT'),(16580,'264'),(16581,'50'),(16582,'C 32 AMG'),(16583,'Magentis'),(16584,'Iltis'),(16585,'181'),(16586,'Stream'),(16587,'Prowler'),(16588,'YRV'),(16589,'Excel'),(16590,'Elite'),(16591,'Omega'),(16592,'Cortina'),(16593,'LS'),(16594,'Eifelland'),(16595,'Burow-Mobil'),(16596,'Matrix'),(16597,'Terracan'),(16598,'745'),(16599,'Trailblazer'),(16600,'1000'),(16601,'1300'),(16602,'One'),(16603,'Cooper'),(16604,'GT'),(16605,'D8'),(16606,'S8'),(16607,'Excursion'),(16609,'Aero 8'),(16610,'S 22018-10-13 16:16:18.700000000'),(16612,'Vivaro'),(16613,'Thesis'),(16614,'Zonda'),(16615,'McLouis'),(16616,'Avantime'),(16617,'Vel Satis'),(16618,'Murci‚lago'),(16620,'Spyder'),(16621,'Superb'),(16622,'TR3'),(16623,'Karmann Ghia'),(16628,'RZ'),(16630,'Ahorn'),(16631,'Due Erre'),(16632,'Miller'),(16635,'Urraco P250'),(18000,'QUATTRO'),(18010,'PICK UP'),(18020,'K2700'),(18030,'ZETA'),(18040,'IS 300'),(18050,'SC 430'),(18060,'SL 55 AMG'),(18070,'PICK UP'),(18080,'Pick Up Sportscap'),(18100,'P 1400'),(18110,'213'),(18120,'120'),(18130,'135'),(18140,'Pick-up'),(18150,'1200'),(18160,'OUTBACK'),(18170,'Grand Vitara'),(18180,'SJ Samurai'),(18190,'T4 Allstar'),(18200,'T3 Blue Star'),(18210,'T5 Caravelle'),(18220,'T5 Multivan'),(18230,'Transporter'),(18240,'T3 White Star'),(18261,'Vanquish'),(18262,'REXTON'),(18263,'Coupe'),(18264,'C3'),(18265,'Dehler'),(18266,'6'),(18267,'Getz'),(18268,'XC90'),(18269,'TF'),(18272,'Vario'),(18273,'A 210'),(18274,'Fusion'),(18275,'NPR'),(18276,'Phaeton'),(18277,'Mascott'),(18278,'962'),(18280,'Sorento'),(18281,'C8'),(18282,'807'),(18283,'Cabstar'),(18284,'Cayenne'),(18285,'Touareg'),(18286,'Interstar'),(18287,'El Camino'),(18288,'416'),(18289,'Dino GT4'),(18291,'Kalos'),(18292,'Atego'),(18293,'Actros'),(18294,'Venturi'),(18295,'Econoline'),(18296,'Savana'),(18297,'Vandura'),(18298,'Sonoma'),(18299,'Envoy'),(18300,'Yukon'),(18301,'Sierra'),(18302,'Safari'),(18303,'Others'),(18304,'57'),(18305,'62'),(18306,'Family'),(18307,'Navara'),(18308,'Z4'),(18309,'Enzo Ferrari'),(18313,'Phedra'),(18314,'Sienna'),(18315,'Mercury'),(18316,'Silvia'),(18317,'T3'),(18318,'Murano'),(18319,'ML 350'),(18323,'Frontier'),(18324,'350Z'),(18325,'Element'),(18326,'Aviator'),(18327,'760'),(18328,'XC70'),(18329,'Touran'),(18330,'Porter'),(18331,'MF 28'),(18332,'MF 3'),(18333,'MF 30'),(18334,'400'),(18335,'500'),(18336,'Mac'),(18337,'R 6'),(18338,'Pacifica'),(18339,'Crossfire'),(18341,'Meriva'),(18342,'2'),(18343,'RX-8'),(18344,'TR4'),(18345,'Signum'),(18346,'B7'),(18347,'575'),(18348,'Rezzo'),(18349,'Musso'),(18350,'Korando'),(18351,'Autostar'),(18352,'Bavaria'),(18354,'Peugeot'),(18355,'Outlander'),(18356,'Gallardo'),(18357,'Ultra'),(18358,'Primastar'),(18359,'XG 350'),(18360,'Evanda'),(18361,'Opirus'),(18362,'222'),(18363,'224'),(18364,'228'),(18365,'418'),(18366,'420'),(18367,'Avalanche'),(18368,'E 400'),(18369,'Man'),(18370,'T5'),(18371,'C 30 AMG'),(18372,'Streetka'),(18373,'C2'),(18374,'Minerva'),(18375,'Belsize'),(18376,'Nova'),(18377,'Be-Up'),(18378,'Ambra'),(18379,'162'),(18380,'Prima'),(18381,'Optima'),(18383,'545'),(18385,'Tuscan'),(18386,'Gemini'),(18387,'X3'),(18388,'3'),(18389,'F 350'),(18390,'Focus C-Max'),(18391,'Pajero Pinin'),(18392,'Kubistar'),(18393,'Ypsilon'),(18394,'Viano'),(18395,'Sonica'),(18396,'Truck Plus'),(18399,'Idea'),(18400,'645'),(18401,'Silhouette'),(18402,'Mulsanne'),(18403,'4200'),(18404,'V50'),(18405,'CTS'),(18410,'Sunbird'),(18411,'Almera Tino'),(18412,'GT'),(18413,'Streetwise'),(18414,'GX 470'),(18415,'Barkas'),(18416,'Satellite'),(18417,'Picanto'),(18418,'Cerato'),(18419,'Weippert'),(18420,'Chevy Van'),(18421,'407'),(18422,'C 55 AMG'),(18423,'CL 55 AMG'),(18424,'SLK 55 AMG'),(18425,'G 55 AMG'),(18426,'Copen'),(18427,'Altea'),(18428,'Grandis'),(18434,'Domino'),(18436,'Lacetti'),(18438,'forFour'),(18439,'forTwo'),(18440,'roadster'),(18442,'crossblade'),(18446,'RL'),(18447,'TL'),(18448,'TSX'),(18449,'RSX'),(18450,'NSX'),(18451,'MDX'),(18452,'FX'),(18453,'G35'),(18454,'I35'),(18455,'M45'),(18456,'Q45'),(18457,'QX56'),(18458,'Gaz'),(18460,'Speedino'),(18461,'Media'),(18462,'Barooder'),(18466,'Beisl'),(18468,'612'),(18469,'AR1'),(18470,'G6'),(18471,'GTO'),(18472,'Vibe'),(18473,'Sunfire'),(18474,'Montana'),(18475,'Aztek'),(18476,'E 60 AMG'),(18478,'Laurel'),(18480,'116'),(18481,'118'),(18482,'120'),(18485,'A 150'),(18486,'A 180'),(18487,'A 200'),(18488,'X300'),(18489,'262'),(18491,'630'),(18492,'SL 65 AMG'),(18493,'Tucson'),(18494,'CJ'),(18495,'SRX'),(18496,'RX 330'),(18497,'300C'),(18498,'Logan'),(18499,'Solenza'),(18500,'Berlina'),(18501,'Break'),(18502,'Pick Up'),(18503,'Double Cab'),(18504,'Drop Side'),(18505,'CLS'),(18507,'CL 180'),(18508,'CL 200'),(18509,'CL 220'),(18510,'CL 230'),(18511,'CL 420'),(18512,'CL 500'),(18513,'CL 600'),(18515,'K2500'),(18516,'C1500'),(18517,'DB9'),(18519,'MC1'),(18520,'Virgo'),(18521,'TD'),(18522,'Modus'),(18523,'Le Sabre'),(18524,'Highway'),(18525,'Mark'),(18527,'912'),(18528,'Mentor'),(18529,'Cordia'),(18530,'Jeep'),(18531,'March'),(18532,'Steyr'),(18533,'Vixen'),(18534,'Fleur de Lys'),(18535,'Custom Cruiser'),(18536,'Supreme'),(18541,'MUSA'),(18543,'XLR'),(18544,'Roadster S'),(18545,'C4'),(18546,'E 350'),(18547,'F430'),(18548,'997'),(18553,'Giulia'),(18555,'Range Rover Sport'),(18559,'FR-V'),(18560,'SLK 200'),(18561,'SLK 350'),(18562,'V 200'),(18565,'Comanche'),(18566,'Magnum'),(18567,'Neon'),(18568,'Stratus'),(18569,'Matiz'),(18570,'Rezzo'),(18571,'Kalos'),(18572,'Evanda'),(18573,'Lacetti'),(18574,'Nubira'),(18575,'T5 California'),(18577,'M6'),(18579,'Armada'),(18580,'S 65 AMG'),(18581,'Brera'),(18582,'A.'),(18583,'Sequoia'),(18585,'C6'),(18587,'Rodius'),(18588,'130'),(18589,'Escape'),(18595,'Bitter'),(18597,'9-7X'),(18599,'Fox'),(18600,'Grandeur'),(18601,'B5'),(18602,'BLS'),(18603,'R 320'),(18604,'R 350'),(18605,'R 500'),(18606,'B 150'),(18607,'B 170'),(18608,'B 180'),(18609,'B 200'),(18610,'Wagoneer'),(18611,'Solstice'),(18613,'C 160'),(18614,'C 350'),(18615,'ML 280'),(18617,'SLK 280'),(18618,'Estate'),(18619,'NKR'),(18620,'LDV'),(18621,'1007'),(18623,'RX 400'),(18624,'5'),(18625,'Titan'),(18627,'XJSC'),(18629,'Acadiane'),(18630,'Barkas'),(18631,'Sprint'),(18632,'Superamerica'),(18633,'Econovan'),(18634,'1200'),(18635,'GranSport'),(18636,'CL 65 AMG'),(18637,'604'),(18639,'Rover'),(18640,'Fura'),(18641,'Ronda'),(18642,'105'),(18643,'130'),(18644,'Trax'),(18645,'Tredia'),(18647,'107'),(18649,'Mega'),(18651,'C1'),(18654,'SSR'),(18655,'Aygo'),(18657,'Baja'),(18659,'Crown'),(18661,'MC12'),(18663,'H 350'),(18669,'FSO'),(18670,'Daily'),(18671,'Tribeca'),(18673,'Tacuma'),(18679,'Kyron'),(18681,'159'),(18682,'Note'),(18683,'Q7'),(18684,'Cayman'),(18685,'Aveo'),(18689,'T350'),(18690,'Sagaris'),(18691,'Holden'),(18693,'Charger'),(18695,'Skyline'),(18697,'Bristol'),(18698,'Avalon'),(18699,'Jinbei'),(18700,'Granse'),(18701,'Zunchi'),(18702,'Zhonghua'),(18703,'Freestar'),(18705,'Nova'),(18707,'Eos'),(18708,'GT'),(18709,'650'),(18710,'550'),(18711,'Grand Scenic'),(18713,'Zephyr'),(18715,'PS-10'),(18717,'D3'),(18719,'Niva'),(18722,'AMC'),(18723,'Talbot'),(18729,'Monaco'),(18731,'Grande Punto'),(18733,'ARO'),(18734,'Hartge'),(18737,'Fortuner'),(18739,'IS 250'),(18740,'IS 220d'),(18745,'Burton'),(18747,'T5 Shuttle'),(18749,'Beat'),(18750,'Cube'),(18751,'Figaro'),(18753,'ML 63 AMG'),(18761,'S-Max'),(18763,'RX 350'),(18765,'H1'),(18766,'H2'),(18767,'H3'),(18768,'SX4'),(18769,'GL 320'),(18770,'GL 420'),(18771,'GL 450'),(18772,'GL 500'),(18773,'04-apr'),(18777,'Van Diemen'),(18779,'Sedici'),(18781,'Crafter'),(18783,'Overland'),(18784,'Paterson'),(18785,'Commander'),(18787,'S 550'),(18789,'Captiva'),(18790,'Epica'),(18791,'599'),(18795,'CX-7'),(18797,'207'),(18799,'Quargo'),(18801,'R 280'),(18802,'R 63 AMG'),(18803,'ML 420'),(18804,'E 63 AMG'),(18805,'335'),(18807,'FJ Cruiser'),(18811,'Extol'),(18813,'CLS 55 AMG'),(18814,'CLS 63 AMG'),(18815,'CLK 63 AMG'),(18817,'GS 450h'),(18819,'Brennabor'),(18821,'XK'),(18823,'ES 350'),(18825,'Caliber'),(18827,'Antara'),(18833,'Goa'),(18834,'Bolero'),(18835,'B 2600'),(18837,'Freestyle'),(18839,'Pajero Sport'),(18841,'Tabbert'),(18843,'Veyron'),(18845,'Airstream'),(18846,'Bawemo'),(18847,'Benimar'),(18848,'Caravelair'),(18849,'Challenger'),(18850,'Delta'),(18851,'Gigant'),(18852,'Giottiline'),(18853,'Globecar'),(18854,'Home-Car'),(18855,'ICF'),(18856,'Iveco'),(18857,'Linne-Liner'),(18858,'Maesss'),(18859,'Moncayo'),(18860,'Neotec'),(18861,'Niesmann+Bischoff'),(18862,'Niewiadow'),(18863,'Ormocar'),(18864,'Phoenix'),(18865,'ProCab'),(18866,'Robel-Mobil'),(18867,'Sterckeman'),(18868,'Swift'),(18869,'Trigano'),(18871,'X-Too'),(18872,'X-Pro'),(18873,'Be-Two'),(18875,'Saleen'),(18877,'Roomster'),(18879,'CLK 200'),(18881,'CLK 220'),(18882,'CLK 230'),(18883,'CLK 240'),(18885,'CLK 270'),(18886,'CLK 280'),(18887,'CLK 320'),(18889,'CLK 350'),(18891,'CLK 430'),(18892,'CLK 500'),(18895,'S 450'),(18897,'Trevis'),(18899,'Pick-Up'),(18901,'Uplander'),(18907,'Sportwagon'),(18908,'Acadia'),(18909,'Pick Up'),(18911,'Kalina'),(18912,'C30'),(18913,'Edge'),(18915,'C4 Picasso'),(18916,'Nitro'),(18919,'Effedi Maranello'),(18921,'Qashqai'),(18923,'cee\'d'),(18924,'Materia'),(18925,'R8'),(18949,'420'),(18967,'Compass'),(18987,'D-Max'),(18988,'Actyon'),(18989,'LS 460'),(18990,'S 63 AMG'),(18991,'CL 63 AMG'),(18992,'Auris'),(18993,'Focus CC'),(19007,'C8'),(19008,'C12'),(19009,'D12'),(19027,'Grand C4 Picasso'),(19047,'A5'),(19048,'S5'),(19049,'BT-50'),(19050,'Avenger'),(19051,'Patriot'),(19052,'Splash'),(19053,'Cooper Clubman'),(19054,'C-Crosser'),(19055,'308'),(19056,'Linea'),(19057,'Phantom Drophead'),(19058,'Enclave'),(19061,'Canta'),(19062,'C35'),(19063,'Tiguan'),(19064,'Praktik'),(19065,'i30'),(19066,'4007'),(19067,'Tiida'),(19068,'DBS'),(19069,'XF'),(19072,'Kuga'),(19073,'G37'),(19074,'Journey'),(19075,'GranTurismo'),(19076,'LS 600'),(19078,'123'),(19079,'135'),(19080,'BS2'),(19081,'BS6'),(19083,'A1'),(19084,'125'),(19085,'Targa'),(19086,'Ape'),(19087,'M500'),(19088,'PK500'),(19089,'C-Max'),(19091,'TC'),(19093,'300'),(19094,'350'),(19095,'410'),(19096,'Italcar'),(19099,'Turner'),(19100,'HHR'),(19101,'Insignia'),(19102,'Challenger'),(19103,'LRX'),(19105,'Carver'),(19106,'EX35'),(19107,'C 63 AMG'),(19109,'Aspen'),(19110,'X6'),(19111,'Nano'),(19112,'CLS 320'),(19113,'CLS 350'),(19114,'LX 570'),(19115,'GS 460'),(19116,'Mohave/Borrego'),(19117,'Nemo'),(19118,'CLS 500'),(19119,'Nissan'),(19120,'Florence'),(19121,'Colorado'),(19122,'Equinox'),(19123,'i10'),(19124,'XC60'),(19125,'8C'),(19126,'Koleos'),(19127,'Routan'),(19129,'Sandero'),(19130,'F1'),(19131,'F3'),(19132,'F3R'),(19133,'F6'),(19134,'F8'),(19135,'BC3'),(19136,'Panamera'),(19137,'Xenon'),(19138,'iQ'),(19139,'Urban Cruiser'),(19140,'C6 Coupe'),(19141,'C6 Convertible'),(19142,'Z06'),(19143,'ZR1'),(19144,'CLC'),(19145,'Bipper'),(19149,'Rogue'),(19150,'Pro_ceed'),(19151,'SL 63 AMG'),(19152,'MF 4'),(19153,'MF 5'),(19154,'CX-9'),(19155,'Q5'),(19156,'MC2'),(19157,'California'),(19159,'IS F'),(19160,'B11'),(19161,'MiTo'),(19162,'Exeo'),(19163,'Azera'),(19164,'City'),(19165,'Roadline'),(19166,'Crossline'),(19167,'Scouty R'),(19168,'NP300'),(19169,'Grand Modus'),(19170,'C3 Picasso'),(19171,'Soul'),(19172,'Cruze'),(19173,'Roadster'),(19174,'Corvette'),(19175,'Qashqai+2'),(19176,'C-Cross'),(19178,'Loremo'),(19179,'Crosswagon'),(19180,'Volt'),(19181,'GLK 220'),(19182,'GLK 320'),(19183,'GLK 350'),(19184,'GLK 280'),(19185,'Altea XL'),(19186,'BS4'),(19187,'Qubo'),(19188,'i20'),(19189,'Priora'),(19190,'370Z'),(19191,'EX37'),(19193,'Gwperi'),(19194,'Cowry'),(19195,'Hover'),(19196,'Safe'),(19197,'Pegasus'),(19198,'Sing'),(19199,'Wingle'),(19200,'Deer'),(19201,'Sailor'),(19202,'Socool'),(19203,'Express'),(19204,'Indica'),(19205,'Indigo'),(19206,'Kentucky'),(19207,'Dream'),(19208,'Mizar'),(19209,'218'),(19210,'Biod'),(19211,'Kip'),(19212,'iX55'),(19213,'Rodeo'),(19215,'Massif'),(19216,'A7'),(19217,'3008'),(19218,'Steed'),(19219,'H-1 Travel'),(19220,'H-1 Cargo'),(19221,'Spark'),(19222,'Pixo'),(19223,'SLS'),(19224,'Evora'),(19225,'Verso'),(19226,'RV8'),(19228,'DR1'),(19229,'DR2'),(19230,'DR3'),(19231,'DR5'),(19232,'KATAY'),(19233,'Stepway'),(19234,'GT-R'),(19235,'5008'),(19236,'Yeti'),(19238,'RX 450h'),(19239,'cee\'d Sportswagon'),(19240,'B 160'),(19241,'Bedford'),(19242,'X1'),(19243,'2-Eleven'),(19245,'458'),(19246,'RCZ'),(19247,'H 300'),(19248,'Venga'),(19249,'C 300'),(19250,'Fluence'),(19251,'R 300'),(19252,'GL 350'),(19253,'GLK 250'),(19254,'GLK 300'),(19255,'ML 300'),(19256,'ML 450'),(19257,'SLK 300'),(19258,'iX35'),(19259,'Punto Evo'),(19260,'Grand C-Max'),(19261,'Amarok'),(19262,'Flex'),(19263,'Ghost'),(19264,'Duster'),(19265,'128'),(19266,'NV200'),(19267,'One Countryman'),(19268,'ASX'),(19269,'CR-Z'),(19271,'Mosler'),(19272,'M.Go'),(19273,'Avancier'),(19274,'Capa'),(19275,'Fit'),(19276,'Inspire'),(19277,'Mobilio'),(19278,'Partner'),(19279,'Pilot'),(19280,'Saber'),(19281,'Stepwgn'),(19282,'Torneo'),(19283,'AD'),(19284,'Avenir'),(19285,'Cedric'),(19286,'Cefiro'),(19287,'Datsun'),(19288,'Expert'),(19289,'Gloria'),(19290,'Liberty'),(19291,'March'),(19292,'Presage'),(19293,'Pulsar'),(19294,'R Nessa'),(19295,'Safari'),(19296,'Teana'),(19298,'Wingroad'),(19299,'Caldina'),(19300,'Chaser'),(19301,'Corona'),(19302,'Cresta'),(19303,'Funcargo'),(19304,'Harrier'),(19305,'Highlander'),(19306,'Ipsum'),(19307,'Ist'),(19308,'Land Cruiser Prado'),(19309,'Mark II'),(19310,'Premio'),(19311,'Sprinter'),(19312,'Vista'),(19313,'Vitz'),(19314,'Tracker'),(19315,'Viva'),(19316,'Lanos'),(19317,'Intrepid'),(19318,'Caravan'),(19319,'Albea'),(19320,'NF'),(19321,'Starex'),(19322,'Verna'),(19323,'Bighorn'),(19324,'Spectra'),(19325,'Bongo'),(19326,'Protege'),(19327,'Atenza'),(19328,'Xedos 6'),(19329,'Capella'),(19330,'Familia'),(19331,'Airtrek'),(19332,'Dion'),(19333,'Others'),(19334,'Legnum'),(19335,'Delica'),(19336,'Diamante'),(19337,'Chariot'),(19338,'Mirage'),(19339,'RVR'),(19340,'Symbol'),(19341,'Logan'),(19342,'XL-7'),(19343,'Escudo'),(19344,'Pointer'),(19345,'A18'),(19346,'A21'),(19347,'A3'),(19348,'Amulet'),(19349,'B13'),(19350,'B14'),(19351,'CrossEastar'),(19352,'Crossover'),(19353,'Eastar'),(19354,'FengYun'),(19355,'Fora'),(19356,'Karry'),(19357,'Kimo'),(19358,'M14'),(19359,'Mikado'),(19360,'MPV'),(19361,'QQ'),(19362,'Sweet'),(19363,'Tiggo'),(19364,'WOW'),(19365,'1111'),(19366,'11113'),(19367,'11118'),(19368,'1113'),(19369,'1117'),(19370,'1118'),(19371,'1119'),(19372,'1706'),(19373,'1922'),(19374,'2016'),(19375,'2101'),(19376,'21011'),(19377,'21013'),(19378,'2102'),(19379,'2103'),(19380,'21033'),(19381,'2104'),(19382,'21043'),(19383,'21045'),(19384,'21046'),(19385,'21047'),(19386,'2105'),(19387,'21051'),(19388,'21053'),(19389,'2106'),(19390,'21060'),(19391,'21061'),(19392,'21063'),(19393,'21065'),(19394,'2107'),(19395,'21073'),(19396,'21074'),(19397,'2108'),(19398,'21081'),(19399,'21083'),(19400,'21086'),(19401,'2109'),(19402,'21091'),(19403,'21093'),(19404,'21096'),(19405,'21099'),(19406,'2110'),(19407,'21101'),(19408,'21102'),(19409,'21103'),(19410,'21104'),(19411,'21106'),(19412,'21108'),(19413,'2111'),(19414,'21111'),(19415,'21112'),(19416,'21113'),(19417,'21114'),(19418,'2112'),(19419,'21120'),(19420,'21121'),(19421,'21122'),(19422,'21123'),(19423,'21124'),(19424,'2113'),(19425,'21130'),(19426,'2114'),(19427,'21140'),(19428,'2115'),(19429,'21150'),(19430,'21150i'),(19431,'2120'),(19432,'2121'),(19433,'21213'),(19434,'21214'),(19435,'21218'),(19436,'212180'),(19437,'2123'),(19438,'2129'),(19439,'2131'),(19440,'21312'),(19441,'2170'),(19442,'2199'),(19443,'2328'),(19444,'2329'),(19445,'2364'),(19446,'Roadster'),(19447,'22171'),(19448,'22177'),(19449,'24'),(19450,'2401'),(19451,'2402'),(19452,'2404'),(19453,'2410'),(19454,'2411'),(19455,'2412'),(19456,'2434'),(19457,'31'),(19458,'3102'),(19459,'31022'),(19460,'310221'),(19461,'31026'),(19462,'31029'),(19463,'3105'),(19464,'3110'),(19465,'31105'),(19466,'3111'),(19467,'38407'),(19468,'38649'),(19469,'38710'),(19470,'Siber'),(19471,'2106'),(19472,'2125'),(19473,'21251'),(19474,'2126'),(19475,'21261'),(19476,'2715'),(19477,'27156'),(19478,'2717'),(19479,'27171'),(19480,'412'),(19481,'Nika'),(19482,'21215'),(19483,'2137'),(19484,'2138'),(19485,'2140'),(19486,'21406'),(19487,'2141'),(19488,'21412'),(19489,'214145'),(19490,'2142'),(19491,'2335'),(19492,'408'),(19493,'412'),(19494,'426'),(19495,'427'),(19496,'434'),(19497,'Duet'),(19498,'Ivan Kalita'),(19499,'Knjaz Vladimir'),(19500,'Svjatogor'),(19501,'Jurij Dolgorukij'),(19502,'2206'),(19503,'2315'),(19504,'23632'),(19505,'3151'),(19506,'31512'),(19507,'31514'),(19508,'31519'),(19509,'315195'),(19510,'3153'),(19511,'3159'),(19512,'3160'),(19513,'31601'),(19514,'31602'),(19515,'3162'),(19516,'3163'),(19517,'3303'),(19518,'3692'),(19519,'3909'),(19520,'3962'),(19521,'469'),(19522,'Hunter'),(19523,'DS3'),(19526,'Anibal'),(19527,'Reventon'),(19528,'Venza'),(19529,'GX 460'),(19530,'GranCabrio'),(19531,'Rapide'),(19532,'Hobbycar'),(19533,'500C'),(19534,'Reva'),(19536,'Think City'),(19537,'Series'),(19538,'Mega'),(19541,'Active Hybrid 7'),(19542,'Juke'),(19543,'Scion'),(19544,'Optima'),(19545,'Latitude'),(19546,'SL 60 AMG'),(19547,'SL 70 AMG'),(19548,'SL 73 AMG'),(19550,'Ace'),(19552,'Wind'),(19553,'508'),(19600,'Range Rover Evoque'),(19604,'Orlando'),(19605,'Verso-S'),(19606,'DS4'),(19607,'iX20'),(19608,'Grandin Dallas'),(19609,'Kizashi'),(19610,'V60'),(19611,'I-MiEV'),(19612,'500 Abarth'),(19613,'500C Abarth'),(19615,'Chevelle'),(19616,'GLK 200'),(19617,'Z4 M'),(19618,'T1'),(19619,'EX30'),(19620,'Ascot'),(19621,'City'),(19622,'Life'),(19623,'Orthia'),(19624,'Sabre'),(19625,'Sm-x'),(19626,'Genesis'),(19627,'Solaris'),(19628,'Axela'),(19629,'Millenia'),(19630,'DINGO'),(19631,'Libero'),(19632,'Bassara'),(19633,'Elgrand'),(19634,'Presea'),(19635,'Allion'),(19636,'Altezza'),(19637,'Aristo'),(19638,'BB'),(19639,'Belta'),(19640,'Cami'),(19641,'Corsa'),(19642,'Duet'),(19643,'Estima'),(19644,'Gaia'),(19645,'Noah'),(19646,'Nadia'),(19647,'Opa'),(19648,'Passo'),(19649,'Platz'),(19650,'Ractis'),(19651,'Raum'),(19652,'Town Ace'),(19653,'Verossa'),(19655,'Voxy'),(19656,'Windom'),(19657,'Wish'),(19658,'Will'),(19659,'Polo Sedan'),(19661,'Tiger'),(19662,'Aurora'),(19663,'Cowboy'),(19664,'Land Crown'),(19665,'Plutus'),(19666,'Shuttle'),(19667,'MK'),(19668,'Otaka'),(19669,'Vision'),(19670,'Breez (520)'),(19671,'Solano (620)'),(19672,'1102'),(19673,'1103'),(19674,'1105'),(19675,'Chance'),(19676,'Sens'),(19677,'Estina'),(19678,'Road Partner'),(19679,'Tager'),(19680,'Tiggo'),(19681,'Vega'),(19682,'Accent'),(19683,'Excalibur'),(19684,'Genesis Coupe'),(19685,'Ranch'),(19686,'Flavia'),(19687,'Veloster'),(19688,'500'),(19689,'500C'),(19690,'695'),(19691,'Grande Punto'),(19692,'Punto EVO'),(19693,'Trezia'),(19694,'X-TOO2'),(19695,'X-TOO Max'),(19696,'X-TOO R'),(19697,'X-TOO R DCI'),(19698,'X-TOO S'),(19699,'X-TOO RS'),(19700,'Optimax'),(19701,'IXO'),(19702,'Due'),(19703,'Cargo'),(19704,'Due'),(19705,'CH 26'),(19706,'John Cooper Works'),(19707,'M30'),(19708,'M37'),(19709,'C1'),(19710,'C2'),(19711,'C3'),(19712,'C4'),(19713,'C5'),(19714,'640'),(19715,'Q3'),(19716,'K2900'),(19717,'CT 200h'),(19718,'DS5'),(19719,'FF'),(19720,'Freemont'),(19721,'B-Max'),(19722,'Aventador'),(19723,'CX-5'),(19724,'Beetle'),(19725,'Others'),(19726,'S 250'),(19727,'S 260'),(19728,'RS2'),(19729,'RS3'),(19730,'RS4'),(19731,'RS5'),(19732,'RS6'),(19733,'Leaf'),(19734,'C-Zero'),(19735,'Cygnet'),(19736,'Others'),(19737,'Others'),(19738,'i40'),(19741,'1er M Coup‚'),(19742,'One Clubman'),(19743,'Cooper S'),(19744,'Cooper D'),(19745,'Cooper SD'),(19746,'One D'),(19747,'ML 250'),(19748,'SLK 250'),(19749,'Ampera'),(19750,'up!'),(19752,'Morris'),(19753,'Grand Starex H1'),(19754,'Avante'),(19755,'Sandero'),(19756,'Florid'),(19757,'Hover H3'),(19758,'Wingle 3'),(19759,'Coolbear'),(19760,'·13'),(19761,'S18'),(19762,'M11'),(19763,'Town & Country'),(19764,'Axiom'),(19766,'Others'),(19767,'2'),(19768,'3'),(19769,'3 HB'),(19770,'6'),(19771,'Freema'),(19772,'Family'),(19773,'Voyager'),(19774,'XV'),(19776,'Others'),(19777,'Others'),(19778,'Avensis Verso'),(19779,'Citigo'),(19780,'CC'),(19781,'NV400'),(19782,'Sam'),(19784,'Reva'),(19785,'Others'),(19786,'Others'),(19787,'Dynamic 88'),(19788,'Mii'),(19789,'Aria'),(19790,'M35'),(20000,'Cooper Cabrio'),(20001,'Cooper D Cabrio'),(20002,'Cooper S Cabrio'),(20003,'Cooper SD Cabrio'),(20004,'Cooper D Clubman'),(20005,'Cooper S Clubman'),(20006,'Cooper SD Clubman'),(20007,'Cooper Countryman'),(20008,'Cooper D Countryman'),(20009,'Cooper S Countryman'),(20010,'Cooper SD Countryman'),(20011,'Cooper Coupe'),(20012,'Cooper D Coupe'),(20013,'Cooper S Coupe'),(20014,'Cooper SD Coupe'),(20015,'John Cooper Works Cabrio'),(20016,'John Cooper Works Clubman'),(20017,'John Cooper Works Coupe'),(20018,'One Cabrio'),(20023,'One D Clubman'),(20024,'One D Countryman'),(20025,'991'),(20026,'Golf Plus'),(20027,'Active Hybrid 5'),(20028,'Others'),(20029,'F1'),(20030,'MP4-12C'),(20031,'Others'),(20032,'Model S'),(20033,'Model X'),(20034,'Roadster'),(20036,'Lodgy'),(20037,'iOn'),(20038,'New Panda'),(20039,'G25'),(20040,'EX25'),(20041,'Liberty'),(20042,'RDX'),(20043,'ZDX'),(20044,'Very'),(20045,'Ridgeline'),(20046,'Equus'),(20047,'Granta'),(20048,'Smily'),(20049,'Corda'),(20050,'Estina'),(20051,'Tingo'),(20052,'C10'),(20053,'Duster'),(20054,'Sandero Stepway'),(20055,'TTS'),(20056,'TT RS'),(20057,'208'),(20058,'Twizy'),(20059,'Kangoo Z.E.'),(20060,'Fluence Z.E.'),(20061,'M8'),(20102,'Keinath'),(20103,'Ginetta'),(20104,'La Forza'),(20105,'Marcos'),(20106,'Venturi'),(20107,'Fun Tech'),(20108,'Teener'),(20109,'Noble'),(20110,'De Lorean'),(20111,'Vauxhall'),(20114,'Landwind'),(20117,'YES!'),(20118,'Bertone'),(20120,'Continental'),(20121,'Asia'),(20123,'China Automobile'),(20124,'HDPIC'),(20125,'Polaris'),(20126,'Mercury'),(20128,'JDM'),(20129,'D5'),(20130,'Midget'),(20131,'BRZ'),(20132,'Healey'),(20133,'Crosstour'),(20134,'Porter'),(20135,'Largus'),(20136,'C190'),(20137,'Hardy'),(20138,'Ram Van'),(20139,'FXX'),(20140,'F12'),(20141,'Huayra'),(20142,'Zenvo'),(20143,'GT6'),(20144,'Others'),(20145,'Standard'),(20146,'Weineck'),(20147,'Puch'),(20148,'Mokka'),(20149,'114'),(20150,'GT86'),(20151,'Special'),(20152,'Prius+'),(20153,'4008'),(20154,'FJ40'),(20155,'S7'),(20156,'918'),(20158,'Tramontana'),(20162,'C4 Aircross'),(20163,'Cooper Roadster'),(20164,'SQ5'),(20165,'A 250'),(20166,'B 250'),(20167,'G 63 AMG'),(20168,'G 65 AMG'),(20169,'G 300'),(20170,'Polo Cross'),(20172,'500L'),(20173,'Zoyte'),(20174,'X5 M'),(20175,'X6 M'),(20176,'E 550'),(20177,'Cooper S Roadster'),(20178,'Cooper SD Roadster'),(20179,'John Cooper Works Roadster'),(20180,'Cooper Paceman'),(20181,'Cooper S Paceman'),(20182,'Cooper SD Paceman'),(20183,'John Cooper Works Paceman'),(20184,'Rapid/Spaceback'),(20185,'B 220'),(20186,'Dokker'),(20187,'Active Hybrid 3'),(20191,'Adam'),(20192,'LFA'),(20193,'GS 250'),(20194,'F-Type'),(20195,'Citan'),(20196,'NNR'),(20197,'P”ssl'),(20198,'FTO'),(20199,'Carado'),(20200,'JX35'),(20201,'Radical'),(20202,'Monteverdi'),(20203,'Melkus'),(20205,'Quadix'),(20206,'Coupe'),(20207,'GTI'),(20208,'GTO'),(20209,'Crossover'),(20210,'Voleex'),(20211,'301'),(20212,'XUV500'),(20213,'Evalia'),(20214,'Pro Ace'),(20215,'G 350'),(20216,'G 500'),(20217,'SL 230'),(20218,'A 220'),(20219,'C-Elys‚e'),(20220,'Morelo'),(20221,'Cascada'),(20222,'Corolla Verso'),(20223,'Z3 M'),(20224,'Torino'),(20225,'Gran Torino'),(20226,'ATS'),(20228,'ZOE'),(20229,'CLA 180'),(20230,'CLA 200'),(20231,'CLA 220'),(20232,'CLA 250'),(20233,'Coaster'),(20234,'Trax'),(20235,'Captur'),(20236,'Silver Wraith'),(20237,'2008'),(20238,'Mia'),(20239,'Altima'),(20240,'CE 220'),(20241,'CE 230'),(20242,'CE 280'),(20243,'CL 160'),(20244,'CLS 250'),(20245,'G 230'),(20246,'G 240'),(20247,'G 250'),(20248,'G 280'),(20249,'G 290'),(20250,'G 320'),(20251,'G 400'),(20252,'GL 55 AMG'),(20253,'GL 63 AMG'),(20254,'595 Abarth'),(20255,'A 45 AMG'),(20256,'Others'),(20257,'Others'),(20258,'595 Turismo'),(20259,'Others'),(20260,'CTR'),(20261,'CTR2'),(20262,'CTR3'),(20263,'RGT'),(20264,'BTR'),(20265,'Turbo R'),(20266,'R Kompressor'),(20267,'R Turbo'),(20268,'RT 12'),(20269,'RT 12S'),(20270,'RT 12R'),(20271,'3400S'),(20272,'3600S'),(20273,'RK Coupe/Spyder'),(20274,'RGT-8'),(20275,'Dakara'),(20276,'SZ'),(20277,'Sportka'),(20278,'Clubvan'),(20279,'JS'),(20280,'Tourneo Connect'),(20281,'Datsun Go'),(20282,'Tacoma'),(20283,'Others'),(20284,'Others'),(20285,'Others'),(20286,'Traverse'),(20287,'428'),(20288,'435'),(20289,'420'),(20290,'C7'),(20291,'4C'),(20292,'Cooper D Paceman'),(20293,'M‚hari'),(20294,'Wraith'),(20295,'RS7'),(20296,'V40 CC'),(20297,'Iseki'),(20298,'Others'),(20299,'GA200'),(20300,'WAY'),(20301,'CLA 45 AMG'),(20302,'E12'),(20303,'EcoSport'),(20304,'Q50'),(20305,'Q60'),(20306,'QX50'),(20307,'QX70'),(20309,'City Cross'),(20310,'John Cooper Works Countryman'),(20311,'Macan'),(20312,'SX4 S-Cross'),(20313,'Mitsubishi'),(20314,'IHC'),(20315,'Cross Golf'),(20316,'Cross Touran'),(20317,'RS7 Sportback'),(20318,'Transit Connect'),(20319,'i3'),(20320,'i8'),(20321,'Grand Santa Fe'),(20322,'Others'),(20323,'595 Competizione'),(20324,'Karma'),(20325,'G 270'),(20326,'220'),(20327,'218'),(20328,'225'),(20329,'235'),(20330,'430'),(20331,'LaFerrari'),(20332,'Shandong'),(20333,'Polo Plus'),(20334,'Polo Variant'),(20335,'Polo GTI'),(20336,'Polo R WRC'),(20337,'Passat CC'),(20338,'Passat Variant'),(20339,'Passat Alltrack'),(20340,'Golf Variant'),(20341,'Golf Cabriolet'),(20342,'Golf GTI'),(20343,'GLA 200'),(20344,'GLA 220'),(20345,'GLA 250'),(20352,'T3 Multivan'),(20353,'T4 Multivan'),(20354,'T3 California'),(20355,'T4 California'),(20356,'T3 Caravelle'),(20357,'T4 Caravelle'),(20358,'T5 Kombi'),(20359,'T4 Kombi'),(20360,'T3 Kombi'),(20361,'Hurac n'),(20362,'Flying Spur'),(20363,'WRX'),(20364,'X4'),(20369,'S1'),(20370,'Series 62'),(20371,'Series 6200'),(20372,'LaSalle'),(20373,'Brougham'),(20374,'108'),(20375,'can-am'),(20376,'Golf Sportsvan'),(20378,'Others'),(20380,'XL1'),(20381,'Zafira Tourer'),(20382,'Gumpert'),(20383,'CLS 280'),(20384,'CLS 300'),(20385,'RS Q3'),(20386,'695C'),(20387,'595C'),(20388,'GLA 45 AMG'),(20389,'SL 400'),(20390,'Apal'),(20391,'SL 250'),(20392,'Romeo Ferraris'),(20393,'M4'),(20397,'216'),(20398,'418'),(20399,'425'),(20400,'170'),(20401,'180'),(20403,'Q70'),(20404,'i800'),(20405,'Tourneo Courier'),(20406,'C4 Cactus'),(20407,'Hover 5'),(20408,'Alpine A110'),(20409,'Arnage Green Label'),(20410,'Arnage Red Label'),(20411,'Azure'),(20412,'Azure Mulliner'),(20413,'Continental  R Mulliner'),(20414,'Continental R'),(20415,'Continental SC'),(20416,'Le Mains Series'),(20417,'Park Ward'),(20418,'T'),(20419,'Pininfarina'),(20422,'12 C'),(20423,'650S Coupe'),(20424,'650S Spider'),(20426,'Connect Elekto'),(20427,'F Modelle'),(20428,'A 112'),(20431,'100-Years-Special'),(20432,'3-Wheeler'),(20433,'4-Sitzer'),(20434,'Aero Coupe'),(20435,'Aero Max'),(20436,'Aero Supersports'),(20437,'EVA GT'),(20438,'Lifecar'),(20439,'Plus 8 Speedster'),(20440,'Plus E'),(20441,'Roadster Sport'),(20442,'Supersport Pedal'),(20443,'T1'),(20444,'T2'),(20445,'92'),(20446,'93'),(20447,'900 Sedan'),(20448,'900 Sedan GL'),(20449,'900 Turbo'),(20450,'9-2X'),(20451,'9-4X'),(20452,'96/95'),(20453,'GT 750'),(20454,'Sonett I'),(20455,'Sonett II'),(20456,'Sonett III'),(20457,'Sport / GT 850'),(20458,'21'),(20459,'Classic 7'),(20460,'Classic S7'),(20461,'Cosworth CSR 200'),(20462,'CSR 175'),(20463,'CSR 260'),(20464,'R 400'),(20465,'R300 Superlight'),(20466,'Roadsport Seven'),(20467,'Seven 458'),(20468,'SP/300.R'),(20469,'Super 7'),(20470,'Superlight'),(20471,'Others'),(20472,'Solar GL'),(20473,'Solar LS'),(20474,'Solar Ralley'),(20475,'Horizont GL'),(20476,'Horizont GLS'),(20479,'Taiga'),(20480,'770'),(20481,'228'),(20482,'F 1'),(20483,'F 100'),(20484,'F 360'),(20485,'F 550'),(20486,'F 450'),(20487,'F 650'),(20488,'F Super Duty'),(20489,'XD3'),(20490,'D4'),(20491,'NX 300h'),(20492,'GLA 180'),(20493,'A4 allroad'),(20494,'A6 allroad'),(20495,'Catalina Safari'),(20497,'Cosmopolitan'),(20498,'Imperial'),(20499,'Coronet'),(20500,'H6'),(20501,'Cord'),(20510,'B4'),(20517,'B9'),(20528,'Roadster Limited Edition'),(20529,'Roadster V8'),(20530,'Others'),(20531,'P1'),(20532,'B Type'),(20533,'B Plus'),(20534,'Malaga'),(20535,'Malaga B+'),(20536,'Cantera'),(20537,'Phaeton Series 1'),(20538,'Phaeton Series 2'),(20539,'Phaeton Series 3'),(20540,'Phaeton Series 4'),(20541,'B Plus Series 2'),(20542,'Melos'),(20543,'Legerra'),(20544,'Sierra Series 1'),(20545,'Sierra Series 2'),(20546,'Sierra Series 3'),(20547,'Sierra Drop Head'),(20548,'Rico'),(20549,'Rico Shuttle'),(20550,'Beneto'),(20551,'Others'),(20552,'Lima'),(20553,'Herald'),(20554,'311'),(20555,'312'),(20556,'313'),(20557,'353'),(20558,'1.3'),(20559,'1.6'),(20560,'Others'),(20561,'Lafer'),(20562,'Barkas'),(20563,'De Ville'),(20564,'Lazer'),(20565,'Rio'),(20566,'Kallista'),(20567,'GTurbo'),(20568,'GTronic'),(20569,'GT9'),(20570,'Speed9'),(20571,'F70 Etronic'),(20600,'Others'),(20601,'CLS 220'),(20610,'Others'),(20616,'Others'),(20617,'IFA F9'),(20618,'Framo'),(20619,'1000'),(20620,'1.1'),(20621,'P50'),(20622,'P60'),(20623,'P601'),(20624,'Rallye'),(20625,'Attrage'),(20626,'Celerio'),(20627,'B Electric Drive'),(20628,'500X'),(20629,'Others'),(20630,'Zero Classic'),(20631,'Zero Evo'),(20632,'Zero Special Edition'),(20633,'Zero Speedster'),(20634,'EM1 Citysport'),(20635,'EM1 Anniversary'),(20636,'AMG GT'),(20637,'V 250'),(20638,'Stagea'),(20639,'Karl'),(20640,'Super Eight'),(20641,'Super V8'),(20642,'Double Six'),(20643,'Six'),(20644,'Sovereign'),(20645,'Other'),(20646,'Ant'),(20647,'Fox'),(20648,'Kitten'),(20649,'Rebel'),(20650,'Regal'),(20651,'Regent'),(20652,'Rialto'),(20653,'Robin'),(20654,'Sabre Four'),(20655,'Scimitar'),(20656,'Other'),(20657,'148'),(20658,'341'),(20659,'343'),(20660,'345'),(20661,'363'),(20662,'364'),(20663,'366'),(20664,'378'),(20665,'381'),(20666,'385'),(20667,'391'),(20668,'392'),(20669,'395'),(20670,'627'),(20671,'833'),(20672,'835'),(20673,'843'),(20674,'845'),(20675,'848'),(20676,'860'),(20677,'861'),(20678,'864'),(20679,'865'),(20680,'943'),(20681,'945'),(20682,'947'),(20683,'960'),(20684,'961'),(20685,'963'),(20686,'966'),(20687,'967'),(20688,'969'),(20689,'986'),(20701,'563'),(20703,'565'),(20714,'962'),(20716,'964'),(20717,'965'),(20720,'Others'),(20721,'CF2'),(20722,'Rascal'),(20723,'HA'),(20724,'CA'),(20726,'Blitz'),(20727,'Dormobile'),(20728,'Chevanne'),(20729,'KB'),(20730,'Midi'),(20731,'Astravan'),(20732,'Astramax'),(20733,'Beagle'),(20734,'TJ'),(20735,'Brava'),(20736,'MW'),(20737,'Other'),(20738,'Freedom'),(20739,'Mini Truck'),(20740,'Ideal'),(20741,'CoolCar'),(20742,'X5'),(20743,'Other'),(20744,'300'),(20745,'Grifo'),(20746,'Fidia'),(20747,'Lele'),(20748,'Other'),(20749,'e2'),(20750,'e4'),(20751,'eL'),(20752,'eS'),(20753,'Four'),(20754,'Two'),(20755,'e6'),(20756,'Other'),(20757,'Bingo'),(20758,'C1DB'),(20759,'C1DM'),(20760,'Hola'),(20761,'King'),(20762,'T2'),(20763,'T3'),(20764,'TD'),(20765,'Other'),(20766,'Agora'),(20767,'Spacia'),(20768,'Other'),(20769,'Electric Mistry'),(20770,'Gipsy 500'),(20771,'Other'),(20772,'Alfa 6'),(20773,'Mini'),(20774,'Mini Moke'),(20775,'EB 112'),(20776,'e6'),(20777,'Pick-Up'),(20778,'Sporteevo'),(20779,'Stella'),(20780,'Axel'),(20781,'Dyane'),(20782,'CZ6'),(20783,'Lublin'),(20784,'Pionier'),(20785,'Scuderia Spider 16M'),(20786,'132'),(20787,'133'),(20788,'600'),(20789,'850'),(20790,'Argenta'),(20792,'Latigo CS'),(20793,'Santamo'),(20794,'Quintet'),(20795,'Stellar'),(20796,'Tiburon'),(20797,'Minitre'),(20798,'Campagnola'),(20799,'Troy'),(20800,'Victor'),(20801,'Victory'),(20802,'2106'),(20803,'Carlota'),(20804,'1300/1500/1600'),(20805,'Natacha'),(20806,'Sagona'),(20807,'Sprint'),(20808,'Universal'),(20809,'VAZ 215'),(20810,'HPE'),(20811,'Trevi'),(20812,'NX 200t'),(20813,'RC F'),(20814,'Thar'),(20818,'Metro'),(20819,'Stanza'),(20820,'J9'),(20821,'gen-02'),(20822,'Persona'),(20823,'City Rover'),(20824,'MINI'),(20825,'2500'),(20826,'S300'),(20827,'S350'),(20828,'Samurai'),(20829,'Vitara'),(20830,'Vitara Cabriolet'),(20831,'brabus'),(20832,'Kallista'),(20834,'Vanille'),(20835,'Simca 1100'),(20836,'Simca 1510'),(20837,'Horizon'),(20838,'Samba'),(20839,'Solara'),(20840,'Tagora'),(20841,'Derby'),(20842,'Gazelle'),(20843,'Next'),(20844,'Sobol'),(20845,'930'),(20847,'CH 28'),(20848,'CH 30'),(20849,'CH 32'),(20850,'Kerry'),(20851,'M10'),(20852,'M110'),(20853,'M12'),(20854,'M14'),(20855,'Pick Up12'),(20856,'Sulky'),(20857,'Sulkycar'),(20858,'Sulkydea/Ydea'),(20859,'Other'),(20860,'Yugo'),(20861,'600'),(20862,'750'),(20863,'850'),(20864,'1300'),(20865,'125 PZ'),(20866,'101'),(20867,'128'),(20868,'Skala'),(20869,'Koral'),(20870,'10'),(20871,'1100 TF'),(20872,'850 AK'),(20873,'900 AK'),(20874,'Other'),(20875,'Amica'),(20876,'EKE'),(20877,'Sonique'),(20878,'Other'),(20879,'X-Bow GT'),(20880,'X-Bow R'),(20881,'X-Bow RR'),(20882,'Other'),(20883,'C‚vennes'),(20884,'Cobra'),(20885,'Hemera'),(20886,'Speedster'),(20887,'Speedster II'),(20888,'Bubble'),(20889,'CEO'),(20890,'CoolCar'),(20891,'MM520'),(20892,'MM620'),(20893,'Other'),(20894,'Other'),(20895,'FW400'),(20896,'Megabusa'),(20897,'Megablade'),(20898,'MegaS2000'),(20899,'7SE'),(20900,'SE'),(20901,'SEi'),(20902,'Sport'),(20903,'Seight'),(20904,'SDV'),(20905,'Sport Turbo'),(20906,'XTR2'),(20907,'XTR4'),(20908,'XI'),(20909,'MiniEL'),(20910,'CityEL'),(20911,'CityEL Fact Four'),(20912,'Other'),(20913,'Discovery Sport'),(20914,'Qoros 3'),(20915,'Other'),(20916,'C 400'),(20917,'Tigr'),(20918,'C 450'),(20919,'Domino'),(20920,'GLE 350'),(20921,'GLE 400'),(20922,'GLE 450'),(20923,'GLE 63 AMG'),(20924,'GL 400'),(20926,'CLS 400'),(20927,'208'),(20928,'210/310'),(20930,'Others'),(20931,'Rexton'),(20932,'Others'),(20933,'S2'),(20934,'S3'),(20935,'Others'),(20936,'Leone'),(20937,'Others'),(20938,'1310'),(20939,'Others'),(20940,'1750'),(20941,'2000'),(20942,'Others'),(20943,'Tamora'),(20944,'900'),(20945,'Ecology/Lyra'),(20946,'Flex'),(20947,'Others'),(20948,'M60'),(20949,'M70'),(20950,'M80'),(20951,'Stag'),(20952,'Tivoli'),(20953,'Others'),(20954,'Mille'),(20955,'Others'),(20956,'Punto Supersport'),(20957,'Others'),(20958,'214'),(20959,'Others'),(20960,'Others'),(20961,'Exceed'),(20962,'Super Exceed'),(20963,'Others'),(20967,'DR Zero'),(20968,'Others'),(20975,'Dart'),(20976,'Others'),(20977,'F97 A-Max'),(21000,'Others'),(21001,'Others'),(21002,'Others'),(21003,'Others'),(21004,'Others'),(21005,'Others'),(21006,'Others'),(21007,'Others'),(21008,'Others'),(21009,'Others'),(21010,'Others'),(21011,'Others'),(21012,'Others'),(21013,'Others'),(21014,'Others'),(21015,'Others'),(21016,'Others'),(21017,'Others'),(21018,'Others'),(21019,'Others'),(21020,'Others'),(21021,'Others'),(21022,'Others'),(21023,'Others'),(21024,'Others'),(21025,'Others'),(21026,'Others'),(21027,'Others'),(21028,'Others'),(21029,'Others'),(21030,'Others'),(21031,'Others'),(21032,'Others'),(21033,'Others'),(21034,'Others'),(21035,'Others'),(21036,'Others'),(21037,'Others'),(21038,'Others'),(21039,'Others'),(21040,'Others'),(21041,'Others'),(21042,'Others'),(21043,'Others'),(21044,'Others'),(21045,'Others'),(21046,'Others'),(21047,'Others'),(21048,'Others'),(21049,'Others'),(21050,'Others'),(21051,'Others'),(21052,'Others'),(21053,'Others'),(21054,'Others'),(21055,'Others'),(21056,'Others'),(21057,'Others'),(21058,'Others'),(21059,'Others'),(21060,'Others'),(21061,'Others'),(21062,'Others'),(21063,'Others'),(21064,'Others'),(21065,'Others'),(21066,'Others'),(21067,'Others'),(21068,'Others'),(21069,'Others'),(21070,'Others'),(21071,'Others'),(21072,'Others'),(21073,'Others'),(21075,'C-Zen'),(21076,'Others'),(21077,'Kadjar'),(21078,'XE'),(21080,'T6 Transporter'),(21081,'T6 Caravelle'),(21082,'T6 Multivan'),(21083,'T6 California'),(21084,'CX-3'),(21085,'488'),(21086,'GLC 220'),(21087,'GLC 250'),(21088,'DS 3'),(21090,'DS 4'),(21091,'DS 5'),(21092,'Other'),(21093,'GLE 250'),(21094,'GLE 500'),(21095,'Talisman'),(21096,'Levorg'),(21097,'340'),(21098,'Mirai'),(21099,'F-Pace'),(21100,'830'),(21101,'B8'),(21102,'Docker'),(21103,'Other'),(21104,'500e'),(21105,'Other'),(21106,'Others'),(21107,'Others'),(21108,'Others'),(21109,'Others'),(21110,'265'),(21111,'Divane'),(21112,'Jade'),(21113,'Opale'),(21114,'Sturdy'),(21115,'VX'),(21116,'Genio'),(21117,'Dakar'),(21118,'Bluecar'),(21119,'Others'),(21120,'Atom'),(21121,'Nomad'),(21122,'Others'),(21123,'Ginevra'),(21124,'Helektra'),(21125,'Others'),(21126,'Gladiator'),(21127,'Gyppo'),(21128,'Others'),(21129,'Cargo'),(21130,'People'),(21131,'Cover'),(21132,'Ribaltabile'),(21133,'Open'),(21134,'Double'),(21135,'Multi'),(21136,'Others'),(21137,'Type 55 Roadster'),(21138,'Type 55 Tourer'),(21139,'Atalante 57S'),(21140,'Grand-Prix'),(21141,'Roadster'),(21142,'Others'),(21143,'BX7'),(21144,'Hansa 400/500'),(21145,'Hansa 1100'),(21146,'Hansa 1700'),(21147,'Hansa 3500'),(21148,'Hansa 2000'),(21149,'Hansa 2300'),(21150,'Hansa 1500'),(21151,'Hansa 1800'),(21152,'Hansa 2400'),(21153,'Isabella'),(21154,'Arabella'),(21155,'P100'),(21156,'Others'),(21157,'M2'),(21158,'Asso'),(21159,'Matra Murena'),(21160,'Matra Rancho'),(21161,'Alpine'),(21162,'Sunbeam'),(21164,'Mangusta'),(21166,'540C'),(21167,'570S'),(21168,'675LT'),(21169,'P1'),(21170,'595'),(21171,'Alphard'),(21172,'C1'),(21173,'C2'),(21174,'Q30'),(21175,'RC 200t'),(21176,'RC 300h'),(21177,'RC 350'),(21178,'Snowman'),(21179,'Coccinelle'),(21180,'Escarabajo'),(21181,'Bentayga'),(21182,'Messenger'),(21183,'Convoy'),(21184,'Others'),(21185,'GT'),(21186,'Scalo'),(21187,'Others'),(21191,'GX6'),(21192,'4 WD'),(21193,'Biagini Passo'),(21194,'Others'),(21195,'AL500'),(21196,'Maxus'),(21197,'Bluesummer'),(21200,'GT-21'),(21201,'SS'),(21202,'Others'),(21207,'505'),(21208,'504'),(21209,'Boxer'),(21210,'C25'),(21211,'J5'),(21212,'Jumpy'),(21213,'Jumper'),(21214,'Scudo'),(21215,'Partner'),(21216,'Ducato'),(21217,'Berlingo'),(21218,'Expert'),(21219,'Others'),(21220,'Blueutility'),(74248,'Transit Custom'),(74249,'Transit Courier'),(74250,'Transit Bus'),(74251,'Tourneo Custom'),(74252,'RX 200t'),(74254,'GLS 350'),(74255,'GLS 400'),(74256,'GLS 500'),(74257,'GLS 63 AMG'),(74258,'SLC 180'),(74259,'SLC 200'),(74260,'SLC 250'),(74261,'SLC 300'),(74262,'SLC 43 AMG'),(74263,'A3'),(74264,'A4'),(74265,'Others'),(74267,'Audi - R8'),(74268,'Bugatti - Veyron'),(74269,'McLaren - 12C'),(74270,'Land Rover - Range Rover'),(74271,'Tesla - Model S'),(74272,'Others'),(74273,'Aston Martin - DB9'),(74274,'Aston Martin - Vantage'),(74275,'Aston Martin - Vanquish'),(74276,'Aston Martin - Cyrus'),(74277,'Bentley - Continental GT'),(74278,'Bentley - Flying Spur'),(74279,'Bentley - Le Mansory'),(74280,'Bentley - Vitesse Ros‚'),(74281,'BMW - 7'),(74282,'BMW - X5'),(74283,'BMW - X6'),(74284,'Ferrari - La Revoluzione'),(74285,'Ferrari - F12'),(74286,'Ferrari - Siracusa'),(74287,'Ferrari - 458'),(74288,'Ferrari - 599 GTB'),(74289,'Lotus - Elise'),(74290,'Lotus - Evora'),(74291,'Maserati - Gran Turismo'),(74292,'Maserati - Ghibli'),(74293,'Mercedes-Benz - G'),(74294,'Mercedes-Benz - GL'),(74295,'Mercedes-Benz - ML'),(74296,'Mercedes-Benz - S'),(74297,'Mercedes-Benz - CLS'),(74298,'Mercedes-Benz - C'),(74299,'Mercedes-Benz - SLS'),(74300,'Mercedes-Benz - SLK'),(74301,'Mercedes-Benz - SL'),(74302,'Mercedes-Benz - Viano'),(74303,'Mercedes-Benz - V'),(74304,'Mercedes-Benz - E'),(74305,'Mercedes-Benz - M'),(74306,'Mercedes-Benz - SLR'),(74307,'Porsche - Cayenne'),(74308,'Porsche - Macan'),(74309,'Porsche - Panamera'),(74310,'Porsche - 918'),(74311,'Porsche - 997'),(74312,'Porsche - 991'),(74313,'Rolls-Royce - Ghost'),(74314,'Rolls-Royce - Wraith'),(74315,'Rolls-Royce - Phantom'),(74316,'Bir•'),(74317,'Others'),(74322,'X4 M'),(74323,'CT6'),(74324,'GS F'),(74325,'Quanto'),(74326,'Levante'),(74327,'Niro'),(74328,'GTC4 Lusso'),(74329,'LC 500'),(74330,'Ateca'),(74331,'Ioniq'),(74332,'Traveller'),(74333,'XLV'),(74334,'308'),(74335,'440'),(74336,'124 Spider'),(74357,'XT5'),(74358,'Matrix'),(74366,'Minauto'),(74367,'others'),(74368,'Fullback'),(74369,'Albayc¡n'),(74370,'Grand Albayc¡n'),(74371,'T2'),(74372,'Other'),(74373,'Q2'),(74374,'C-HR'),(74375,'Kodiaq'),(74376,'Grace'),(74377,'QX30'),(74378,'Vesta'),(74379,'4x4'),(74380,'550'),(74381,'Chiron'),(74382,'British Leyland'),(74383,'G'),(74384,'Haflinger'),(74385,'Other'),(74386,'140'),(74387,'230'),(74388,'240'),(74389,'GLC 43 AMG'),(74390,'GLC 350'),(74391,'GLE 43 AMG'),(74394,'Other'),(74395,'Acclaim'),(74396,'Arrow'),(74397,'Barracuda'),(74398,'Belvedere'),(74399,'Breeze'),(74400,'Caravelle'),(74401,'Colt'),(74402,'Conquest'),(74403,'Cricket'),(74404,'Duster'),(74405,'Fury'),(74406,'Gran Fury'),(74407,'GTX'),(74408,'Horizon'),(74409,'Laser'),(74410,'Neon'),(74411,'Prowler'),(74412,'Reliant'),(74413,'Road Runner'),(74414,'Sapporo'),(74415,'Satellite'),(74416,'Savoy'),(74417,'Scamp'),(74418,'Sundance'),(74419,'Trailduster'),(74420,'Turismo'),(74421,'Valiant'),(74422,'Volar‚'),(74423,'Voyager'),(74424,'Dawn'),(74425,'DTS'),(74436,'E-NV200'),(74438,'DB11'),(74439,'SQ7'),(74440,'570GT'),(74441,'Spacetourer'),(74442,'Auto Elettrica'),(74443,'Other'),(74448,'Day Elder'),(74449,'K01'),(74450,'K02'),(74451,'C32'),(74452,'C35'),(74453,'City Pickup'),(74454,'OM'),(74455,'TR1'),(74456,'TR2'),(74457,'E 43 AMG'),(74460,'Others'),(74461,'NV300'),(74483,'QX60'),(74484,'QX80'),(74485,'Senova X25'),(74486,'Senova X55'),(74487,'Senova X65'),(74488,'B40'),(74489,'V21'),(74490,'V25'),(74491,'MGC'),(74492,'Indimo'),(74495,'Others'),(74511,'Iris'),(74512,'Izis'),(74513,'Others'),(74532,'Crossland X'),(74533,'Vallelunga'),(74534,'Mangusta'),(74535,'Pantera'),(74536,'Deauville'),(74537,'Longchamp'),(74538,'Guar…'),(74539,'Others'),(74543,'Stelvio'),(74544,'GS 200t'),(74545,'Camargue'),(74546,'Mini'),(74547,'X-Bow Street'),(74548,'Marco Polo'),(74549,'3-Eleven'),(74550,'Arteon'),(74551,'GLC 300'),(74552,'Range Rover Velar'),(74574,'G 650'),(74575,'720S'),(74576,'E-M‚hari'),(74626,'Grantura'),(74627,'Grandland X'),(74628,'Karoq'),(74629,'GLC 63 AMG'),(74630,'S 650'),(74631,'Bolt'),(74632,'Stonic'),(74636,'TGE'),(74637,'Others'),(74638,'Regera'),(74639,'Agera'),(74640,'CC'),(74641,'Others'),(74642,'Galue'),(74643,'Ryugi'),(74644,'Viewt'),(74645,'Himiko'),(74646,'Others'),(74647,'433'),(74648,'443'),(74660,'812'),(74661,'DS 7 Crossback'),(74662,'LS 500'),(74663,'Kona'),(74664,'Arona'),(74665,'Model 3'),(74666,'Stinger'),(74667,'T-Roc'),(74668,'VM'),(74669,'E-Pace'),(74670,'XC40'),(74671,'Centenario'),(74672,'Veneno'),(74673,'Asterion'),(74674,'Estoque'),(74675,'Urus'),(74676,'La Crosse'),(74677,'Verano'),(74678,'Encore'),(74679,'Envision'),(74680,'Cascada'),(74681,'ILX'),(74682,'TLX'),(74683,'RLX'),(74684,'Senova X35'),(74685,'D20'),(74686,'BJ20'),(74687,'Portofino'),(74728,'Marendaz'),(74729,'Metz'),(74730,'Quadrifoglio'),(74731,'DR4'),(74732,'DR6'),(74733,'DR EVO5'),(74734,'Q8'),(74735,'SQ2'),(74736,'Demon'),(74737,'X-Ray'),(74738,'Be-Sun'),(74739,'Ik-2'),(74740,'S1'),(74741,'S2'),(74742,'S3'),(74743,'X 220'),(74744,'X 250'),(74745,'Binz'),(74769,'X2'),(74771,'Alaskan'),(74773,'Canyon'),(74774,'Terrain'),(74784,'Bel Air'),(74785,'Valkyrie'),(74786,'GA500'),(74787,'I-Pace'),(74788,'Cullinan'),(74790,'Senna'),(74791,'Bilenkin Classic Cars'),(74792,'Pinzgauer'),(74804,'C3 Aircross'),(74805,'Eclipse Cross'),(74806,'PS160'),(74807,'Others'),(74824,'BM Grupa'),(74825,'Amazon'),(74826,'Q80'),(74831,'MKZ'),(74832,'MKC'),(74833,'MKX'),(74834,'MKT'),(74835,'Turbo Florio'),(74836,'M20'),(74837,'CH 40'),(74838,'Stingray'),(74935,'Creta'),(74937,'KUV100'),(74938,'Atlas'),(74939,'Kever'),(74940,'Others'),(74957,'Vertigo'),(74958,'Donkervoort'),(74959,'Others'),(74960,'G70'),(74961,'G80'),(74962,'G90'),(74963,'Others'),(74964,'CLS 450'),(74965,'E 53 AMG'),(74966,'Crosstrek'),(74967,'Ascent'),(74968,'Nexo'),(74969,'RS Q5'),(74970,'Shogun'),(74971,'LC F'),(74972,'UX 200'),(74973,'UX 250h'),(74975,'1500'),(74976,'2500'),(74977,'3500'),(74978,'Chassis Cab'),(74979,'Promaster'),(74980,'Others'),(74981,'Life 20'),(74982,'Life 40'),(74983,'Life 60'),(74984,'Mover'),(74985,'Others'),(74986,'ES 300'),(74987,'ES 330'),(74988,'Work'),(74989,'Work L'),(74990,'Others'),(74991,'A110'),(74992,'Others'),(74993,'620'),(74994,'XG 250'),(74995,'Rifter'),(74996,'Tiago'),(74997,'Bolt'),(74998,'Tigor'),(74999,'Zest'),(75000,'Hexa'),(75001,'Sport'),(75004,'RS 200'),(75006,'C4 SpaceTourer'),(75007,'Grand C4 SpaceTourer'),(75008,'428'),(75009,'435'),(75010,'C5 Aircross'),(75011,'Glory 580'),(75012,'K05'),(75013,'K07'),(75014,'V22'),(75015,'C31'),(75016,'C37'),(75017,'Zero SE'),(75018,'Zero EM1'),(75019,'Zero EM2'),(75020,'Zero City'),(75021,'Zero Junior'),(75022,'Sherpa'),(75023,'600LT'),(75024,'C15'),(75025,'Like-T3'),(75026,'One:1'),(75027,'Author'),(75028,'Route 44'),(75029,'Solo'),(75030,'Mistrale'),(75031,'Tornado'),(75032,'Avalanche'),(75033,'Mirage'),(75034,'MIG'),(75035,'GT'),(75036,'Aero'),(75037,'GTP'),(75038,'S7'),(75039,'S5'),(75040,'M5'),(75041,'M3'),(75042,'V70'),(75043,'Fstar'),(75044,'EMotion'),(75045,'Orbit'),(75046,'SCR'),(75047,'Karo'),(75048,'BX5'),(75049,'Qoros 5'),(75050,'eM'),(75051,'Vision GT'),(75052,'A6'),(75053,'Q25'),(75054,'Q35'),(75055,'Q7'),(75056,'Aquila'),(75057,'Lanos'),(75058,'Vida'),(75059,'820'),(75060,'650'),(75061,'X80'),(75062,'X70'),(75063,'X50'),(75064,'X7'),(75065,'Seasion'),(75066,'Foison'),(75067,'1022'),(75068,'1025'),(75069,'330EV'),(75070,'650EV'),(75071,'C30E'),(75072,'M7'),(75073,'Emgrand'),(75074,'GC 6'),(75075,'X7'),(75076,'Patriot'),(75077,'Pickup'),(75078,'2901'),(75079,'Arrizo 5'),(75080,'eQ'),(75081,'H5E'),(75082,'M4'),(75083,'D-truck'),(75084,'HX'),(75085,'Nautilus'),(75089,'D2'),(75090,'D2S'),(75091,'D3'),(75092,'Others');
/*!40000 ALTER TABLE `CarModel` ENABLE KEYS */;
UNLOCK TABLES;

--
-- Table structure for table `Cars`
--

DROP TABLE IF EXISTS `Cars`;
/*!40101 SET @saved_cs_client     = @@character_set_client */;
 SET character_set_client = utf8mb4 ;
CREATE TABLE `Cars` (
  `CarId` int(11) NOT NULL,
  `MakeId` int(11) NOT NULL,
  `ModelId` int(11) DEFAULT NULL,
  PRIMARY KEY (`CarId`),
  KEY `fk_Carmakes_idx` (`MakeId`),
  KEY `fk_CarModel_idx` (`ModelId`),
  CONSTRAINT `fk_CarModel` FOREIGN KEY (`ModelId`) REFERENCES `CarModel` (`modelid`),
  CONSTRAINT `fk_Carmakes` FOREIGN KEY (`MakeId`) REFERENCES `CarMakes` (`makeid`)
) ENGINE=InnoDB DEFAULT CHARSET=utf8;
/*!40101 SET character_set_client = @saved_cs_client */;

--
-- Dumping data for table `Cars`
--

LOCK TABLES `Cars` WRITE;
/*!40000 ALTER TABLE `Cars` DISABLE KEYS */;
/*!40000 ALTER TABLE `Cars` ENABLE KEYS */;
UNLOCK TABLES;

--
-- Table structure for table `Login`
--

DROP TABLE IF EXISTS `Login`;
/*!40101 SET @saved_cs_client     = @@character_set_client */;
 SET character_set_client = utf8mb4 ;
CREATE TABLE `Login` (
  `Email` varchar(250) NOT NULL,
  PRIMARY KEY (`Email`)
) ENGINE=InnoDB DEFAULT CHARSET=utf8;
/*!40101 SET character_set_client = @saved_cs_client */;

--
-- Dumping data for table `Login`
--

LOCK TABLES `Login` WRITE;
/*!40000 ALTER TABLE `Login` DISABLE KEYS */;
INSERT INTO `Login` VALUES (''),('bi@alice.it'),('c.v@alice.it'),('fra@tiscali.it'),('m.f@alice.it'),('m.o@alice.it'),('m.prova1@alice.it'),('m.prova@alice.it'),('m.prova@gmail.com'),('m.provas@alice.it'),('m.t@alice.it'),('p.p@alice.it'),('prova1@gmail.com'),('prova2@gmail.com'),('prova3@gmail.com'),('prova4@gmail.com'),('prova5@gmail.com'),('prova@gmail.com'),('provad@alice.it'),('provamail@gmail.com'),('s.o@alice.com'),('s.o@alice.it'),('sal@gmail.com'),('t.c@alice.it'),('t.p@alice.it'),('t.r@gmail.com'),('te@alice.it'),('w@alice.it');
/*!40000 ALTER TABLE `Login` ENABLE KEYS */;
UNLOCK TABLES;

--
-- Table structure for table `MakeModels`
--

DROP TABLE IF EXISTS `MakeModels`;
/*!40101 SET @saved_cs_client     = @@character_set_client */;
 SET character_set_client = utf8mb4 ;
CREATE TABLE `MakeModels` (
  `SerieId` int(11) NOT NULL,
  `MakeId` int(11) NOT NULL,
  `ModelId` int(11) NOT NULL,
  PRIMARY KEY (`MakeId`,`SerieId`,`ModelId`),
  KEY `fk_Carmakes_idx` (`MakeId`),
  KEY `fk_CarModel_idx` (`ModelId`),
  CONSTRAINT `fk_CarModel0` FOREIGN KEY (`ModelId`) REFERENCES `CarModel` (`modelid`),
  CONSTRAINT `fk_Carmakes0` FOREIGN KEY (`MakeId`) REFERENCES `CarMakes` (`makeid`)
) ENGINE=InnoDB DEFAULT CHARSET=utf8;
/*!40101 SET character_set_client = @saved_cs_client */;

--
-- Dumping data for table `MakeModels`
--

LOCK TABLES `MakeModels` WRITE;
/*!40000 ALTER TABLE `MakeModels` DISABLE KEYS */;
INSERT INTO `MakeModels` VALUES (0,6,1600),(0,6,1601),(0,6,1602),(0,6,1603),(0,6,1604),(0,6,1606),(0,6,1607),(0,6,1608),(0,6,1609),(0,6,1611),(0,6,1612),(0,6,1614),(0,6,15117),(0,6,15636),(0,6,16421),(0,6,16628),(0,6,18412),(0,6,18553),(0,6,18581),(0,6,18631),(0,6,18681),(0,6,18907),(0,6,19125),(0,6,19161),(0,6,19179),(0,6,20276),(0,6,20291),(0,6,20772),(0,6,20940),(0,6,20941),(0,6,20942),(0,6,74543),(0,6,74730),(0,8,1615),(0,8,1616),(0,8,1617),(0,8,15119),(0,8,15120),(0,8,15540),(0,8,16382),(0,8,18261),(0,8,18469),(0,8,18517),(0,8,19068),(0,8,19531),(0,8,19735),(0,8,21000),(0,8,74438),(0,8,74785),(0,9,1619),(0,9,1620),(0,9,1622),(0,9,1623),(0,9,1624),(0,9,1626),(0,9,1628),(0,9,1629),(0,9,1630),(0,9,1631),(0,9,1633),(0,9,1634),(0,9,2108),(0,9,2109),(0,9,15123),(0,9,15627),(0,9,15637),(0,9,15735),(0,9,16414),(0,9,16416),(0,9,16581),(0,9,18000),(0,9,18683),(0,9,18925),(0,9,19047),(0,9,19048),(0,9,19083),(0,9,19155),(0,9,19216),(0,9,19715),(0,9,19728),(0,9,19729),(0,9,19730),(0,9,19731),(0,9,19732),(0,9,20055),(0,9,20056),(0,9,20155),(0,9,20164),(0,9,20295),(0,9,20317),(0,9,20369),(0,9,20385),(0,9,20493),(0,9,20494),(0,9,21001),(0,9,74373),(0,9,74439),(0,9,74734),(0,9,74735),(0,9,74969),(0,11,15125),(0,11,15126),(0,11,15127),(0,11,15128),(0,11,15683),(0,11,15684),(0,11,15685),(0,11,15954),(0,11,18402),(0,11,20362),(0,11,21002),(0,11,21181),(0,11,74740),(0,11,74741),(0,11,74742),(0,13,1667),(0,13,2163),(0,13,20319),(0,13,20320),(0,13,21073),(37,13,18480),(37,13,18481),(37,13,18482),(37,13,18588),(37,13,19078),(37,13,19079),(37,13,19084),(37,13,20149),(37,13,74386),(38,13,1639),(38,13,1640),(38,13,1641),(38,13,1642),(38,13,1643),(38,13,1644),(38,13,1645),(38,13,15779),(38,13,16558),(38,13,18805),(38,13,20187),(38,13,21097),(39,13,1647),(39,13,1648),(39,13,1649),(39,13,1650),(39,13,1651),(39,13,1652),(39,13,1653),(39,13,1654),(39,13,2145),(39,13,18383),(39,13,18710),(39,13,20027),(40,13,1656),(40,13,15780),(40,13,16436),(40,13,18400),(40,13,18491),(40,13,18709),(40,13,19714),(40,13,74993),(41,13,1657),(41,13,1658),(41,13,1659),(41,13,1660),(41,13,1661),(41,13,1662),(41,13,15953),(41,13,16598),(41,13,18327),(41,13,19541),(42,13,1663),(42,13,1664),(42,13,21100),(43,13,1646),(43,13,1655),(43,13,18577),(43,13,19741),(43,13,20393),(43,13,21157),(44,13,16406),(44,13,18387),(44,13,19110),(44,13,19242),(44,13,20174),(44,13,20175),(44,13,20364),(44,13,74322),(44,13,74769),(45,13,1665),(45,13,1666),(45,13,16402),(45,13,18308),(45,13,19617),(45,13,20223),(97,13,20287),(97,13,20288),(97,13,20289),(97,13,20330),(97,13,20398),(97,13,20399),(97,13,74335),(98,13,20326),(98,13,20327),(98,13,20328),(98,13,20329),(98,13,20397),(98,13,20481),(98,13,20958),(98,13,74387),(98,13,74388),(0,14,15130),(0,14,15131),(0,14,15132),(0,14,15682),(0,14,15711),(0,14,16435),(0,14,18346),(0,14,18544),(0,14,18601),(0,14,18717),(0,14,19160),(0,14,19786),(0,14,20129),(0,14,20489),(0,14,20490),(0,14,20510),(0,14,20517),(0,14,20528),(0,14,20529),(0,14,21172),(0,14,21173),(0,15,15677),(0,15,18843),(0,15,20775),(0,15,21003),(0,15,74381),(0,16,1668),(0,16,1669),(0,16,1670),(0,16,1671),(0,16,1672),(0,16,1673),(0,16,15771),(0,16,18523),(0,16,19058),(0,16,20151),(0,16,21004),(0,16,74676),(0,16,74677),(0,16,74678),(0,16,74679),(0,16,74680),(0,17,1674),(0,17,1675),(0,17,1676),(0,17,1677),(0,17,1678),(0,17,15853),(0,17,16399),(0,17,18405),(0,17,18495),(0,17,18543),(0,17,18602),(0,17,20226),(0,17,20370),(0,17,20371),(0,17,20372),(0,17,20373),(0,17,21005),(0,17,74323),(0,17,74357),(0,17,74425),(0,19,1679),(0,19,1680),(0,19,1681),(0,19,1683),(0,19,1684),(0,19,1685),(0,19,1686),(0,19,1687),(0,19,1688),(0,19,1689),(0,19,1690),(0,19,15136),(0,19,15137),(0,19,15648),(0,19,15738),(0,19,15739),(0,19,15772),(0,19,15801),(0,19,15854),(0,19,15983),(0,19,16378),(0,19,16379),(0,19,16400),(0,19,16455),(0,19,16456),(0,19,16457),(0,19,16599),(0,19,18287),(0,19,18367),(0,19,18420),(0,19,18516),(0,19,18569),(0,19,18570),(0,19,18571),(0,19,18572),(0,19,18573),(0,19,18574),(0,19,18654),(0,19,18673),(0,19,18685),(0,19,18719),(0,19,18789),(0,19,18790),(0,19,18901),(0,19,19100),(0,19,19121),(0,19,19122),(0,19,19172),(0,19,19180),(0,19,19203),(0,19,19221),(0,19,19314),(0,19,19315),(0,19,19316),(0,19,19604),(0,19,19615),(0,19,20234),(0,19,20286),(0,19,21006),(0,19,74631),(0,19,74784),(0,20,1691),(0,20,1692),(0,20,1693),(0,20,1694),(0,20,1695),(0,20,1696),(0,20,1697),(0,20,1698),(0,20,1699),(0,20,1700),(0,20,1701),(0,20,1702),(0,20,2150),(0,20,14992),(0,20,15139),(0,20,15140),(0,20,16420),(0,20,16587),(0,20,18338),(0,20,18339),(0,20,18497),(0,20,19109),(0,20,19763),(0,20,20138),(0,20,20498),(0,20,21007),(0,21,1703),(0,21,1704),(0,21,1705),(0,21,1706),(0,21,1707),(0,21,1708),(0,21,1709),(0,21,1710),(0,21,1712),(0,21,1713),(0,21,1714),(0,21,14710),(0,21,14810),(0,21,14811),(0,21,15142),(0,21,15638),(0,21,15716),(0,21,15717),(0,21,15984),(0,21,16363),(0,21,16458),(0,21,18281),(0,21,18373),(0,21,18585),(0,21,18629),(0,21,18651),(0,21,19054),(0,21,19062),(0,21,19117),(0,21,19523),(0,21,19606),(0,21,19718),(0,21,19734),(0,21,20219),(0,21,20293),(0,21,20780),(0,21,20781),(0,21,21008),(0,21,74441),(0,21,74576),(145,21,18264),(145,21,19170),(145,21,74804),(146,21,18545),(146,21,18915),(146,21,19027),(146,21,20162),(146,21,20406),(146,21,75006),(146,21,75007),(147,21,16525),(147,21,75010),(0,22,1715),(0,22,1716),(0,22,14996),(0,22,14997),(0,22,14998),(0,22,15644),(0,22,15952),(0,22,16512),(0,22,18291),(0,22,18348),(0,22,18349),(0,22,18350),(0,22,18360),(0,22,18396),(0,22,18436),(0,22,20783),(0,22,20931),(0,22,20932),(0,23,1717),(0,23,1718),(0,23,1719),(0,23,1720),(0,23,1721),(0,23,1722),(0,23,1723),(0,23,2146),(0,23,15144),(0,23,15145),(0,23,15146),(0,23,15639),(0,23,15741),(0,23,16460),(0,23,16588),(0,23,18426),(0,23,18434),(0,23,18811),(0,23,18897),(0,23,18924),(0,23,20427),(0,23,20784),(0,23,21009),(0,27,1725),(0,27,1726),(0,27,1727),(0,27,1728),(0,27,1729),(0,27,1730),(0,27,1731),(0,27,1732),(0,27,1733),(0,27,1734),(0,27,2115),(0,27,2116),(0,27,2164),(0,27,15668),(0,27,15671),(0,27,15753),(0,27,15754),(0,27,15755),(0,27,15757),(0,27,15758),(0,27,16385),(0,27,16386),(0,27,16387),(0,27,16388),(0,27,16389),(0,27,16559),(0,27,18289),(0,27,18309),(0,27,18347),(0,27,18468),(0,27,18547),(0,27,18632),(0,27,18791),(0,27,19157),(0,27,19245),(0,27,19719),(0,27,20139),(0,27,20140),(0,27,20331),(0,27,20785),(0,27,21010),(0,27,21085),(0,27,74328),(0,27,74660),(0,27,74687),(0,28,1735),(0,28,1736),(0,28,1737),(0,28,1739),(0,28,1740),(0,28,1741),(0,28,1742),(0,28,1743),(0,28,1744),(0,28,1745),(0,28,1746),(0,28,1747),(0,28,1748),(0,28,1749),(0,28,1750),(0,28,1751),(0,28,1752),(0,28,1753),(0,28,1754),(0,28,1755),(0,28,2130),(0,28,2168),(0,28,14783),(0,28,14827),(0,28,14838),(0,28,15160),(0,28,15161),(0,28,15247),(0,28,15248),(0,28,15351),(0,28,15640),(0,28,15730),(0,28,15768),(0,28,15769),(0,28,15964),(0,28,15989),(0,28,16372),(0,28,16407),(0,28,16487),(0,28,16514),(0,28,16515),(0,28,18399),(0,28,18731),(0,28,18779),(0,28,19056),(0,28,19187),(0,28,19259),(0,28,19265),(0,28,19319),(0,28,19533),(0,28,19612),(0,28,19613),(0,28,19720),(0,28,20038),(0,28,20172),(0,28,20254),(0,28,20419),(0,28,20628),(0,28,20786),(0,28,20787),(0,28,20788),(0,28,20789),(0,28,20790),(0,28,20944),(0,28,21011),(0,28,74368),(0,29,1756),(0,29,1757),(0,29,1758),(0,29,1759),(0,29,1760),(0,29,1761),(0,29,1762),(0,29,1763),(0,29,1764),(0,29,1765),(0,29,1766),(0,29,1767),(0,29,1768),(0,29,1769),(0,29,1770),(0,29,1771),(0,29,1772),(0,29,2149),(0,29,2159),(0,29,2161),(0,29,14803),(0,29,15537),(0,29,15647),(0,29,15721),(0,29,15860),(0,29,15861),(0,29,15862),(0,29,16364),(0,29,16396),(0,29,16518),(0,29,16519),(0,29,16607),(0,29,18274),(0,29,18295),(0,29,18315),(0,29,18372),(0,29,18389),(0,29,18390),(0,29,18589),(0,29,18633),(0,29,18703),(0,29,18708),(0,29,18761),(0,29,18837),(0,29,18913),(0,29,18993),(0,29,19072),(0,29,19089),(0,29,19260),(0,29,19262),(0,29,19721),(0,29,20224),(0,29,20225),(0,29,20277),(0,29,20303),(0,29,20426),(0,29,20482),(0,29,20483),(0,29,20484),(0,29,20485),(0,29,20486),(0,29,20487),(0,29,20488),(0,29,21012),(0,29,75004),(118,29,2107),(118,29,20280),(118,29,20405),(118,29,74251),(119,29,2160),(119,29,20318),(119,29,74248),(119,29,74249),(119,29,74250),(0,31,1773),(0,31,1775),(0,31,1776),(0,31,1777),(0,31,1778),(0,31,1781),(0,31,1782),(0,31,1783),(0,31,1785),(0,31,14911),(0,31,15649),(0,31,15650),(0,31,16408),(0,31,16490),(0,31,16522),(0,31,16523),(0,31,16586),(0,31,18325),(0,31,18559),(0,31,18749),(0,31,19269),(0,31,19273),(0,31,19274),(0,31,19275),(0,31,19276),(0,31,19277),(0,31,19278),(0,31,19279),(0,31,19280),(0,31,19281),(0,31,19282),(0,31,19620),(0,31,19621),(0,31,19622),(0,31,19623),(0,31,19624),(0,31,19625),(0,31,20045),(0,31,20133),(0,31,20794),(0,31,21106),(0,33,1786),(0,33,1787),(0,33,1788),(0,33,1789),(0,33,1791),(0,33,15164),(0,33,15165),(0,33,15166),(0,33,15787),(0,33,15811),(0,33,16157),(0,33,16370),(0,33,16473),(0,33,16474),(0,33,16475),(0,33,16493),(0,33,16524),(0,33,16526),(0,33,16596),(0,33,16597),(0,33,18267),(0,33,18359),(0,33,18395),(0,33,18416),(0,33,18493),(0,33,18524),(0,33,18600),(0,33,18663),(0,33,19065),(0,33,19123),(0,33,19163),(0,33,19188),(0,33,19212),(0,33,19219),(0,33,19220),(0,33,19247),(0,33,19258),(0,33,19320),(0,33,19321),(0,33,19322),(0,33,19607),(0,33,19626),(0,33,19627),(0,33,19684),(0,33,19687),(0,33,19738),(0,33,19753),(0,33,19754),(0,33,20046),(0,33,20134),(0,33,20321),(0,33,20404),(0,33,20795),(0,33,20796),(0,33,21013),(0,33,74331),(0,33,74376),(0,33,74663),(0,33,74935),(0,33,74968),(0,33,74994),(0,35,1793),(0,35,14988),(0,35,15812),(0,35,16513),(0,35,16536),(0,35,18010),(0,35,18275),(0,35,18386),(0,35,18619),(0,35,18987),(0,35,19213),(0,35,19323),(0,35,19764),(0,35,20196),(0,35,21014),(0,37,1795),(0,37,1796),(0,37,1797),(0,37,1798),(0,37,1799),(0,37,1800),(0,37,1801),(0,37,2118),(0,37,2119),(0,37,2129),(0,37,15168),(0,37,15169),(0,37,15170),(0,37,15654),(0,37,16362),(0,37,16390),(0,37,18488),(0,37,18627),(0,37,18821),(0,37,18949),(0,37,19069),(0,37,19737),(0,37,20194),(0,37,21078),(0,37,21099),(0,37,74669),(0,37,74787),(0,38,1803),(0,38,1804),(0,38,1805),(0,38,1806),(0,38,1807),(0,38,15713),(0,38,15832),(0,38,15965),(0,38,18565),(0,38,18610),(0,38,18785),(0,38,18967),(0,38,19051),(0,38,20041),(0,38,21015),(0,39,1808),(0,39,1810),(0,39,1811),(0,39,1812),(0,39,15678),(0,39,15777),(0,39,15796),(0,39,15814),(0,39,15882),(0,39,15893),(0,39,15968),(0,39,15969),(0,39,15970),(0,39,16476),(0,39,16537),(0,39,16538),(0,39,16583),(0,39,18020),(0,39,18280),(0,39,18361),(0,39,18417),(0,39,18418),(0,39,18515),(0,39,18528),(0,39,18923),(0,39,19116),(0,39,19150),(0,39,19171),(0,39,19239),(0,39,19248),(0,39,19324),(0,39,19544),(0,39,19716),(0,39,21016),(0,39,74327),(0,39,74632),(0,39,74666),(0,40,1816),(0,40,1817),(0,40,15652),(0,40,15653),(0,40,16535),(0,40,16548),(0,40,16549),(0,40,16551),(0,40,18634),(0,40,18911),(0,40,19176),(0,40,19189),(0,40,20047),(0,40,20135),(0,40,20479),(0,40,20802),(0,40,20803),(0,40,20804),(0,40,20805),(0,40,20806),(0,40,20807),(0,40,20808),(0,40,20809),(0,40,21017),(0,40,74378),(0,40,74379),(0,40,74737),(0,41,15174),(0,41,15672),(0,41,15673),(0,41,15759),(0,41,16391),(0,41,16392),(0,41,16618),(0,41,16635),(0,41,18356),(0,41,19527),(0,41,19722),(0,41,20361),(0,41,21018),(0,41,74671),(0,41,74672),(0,41,74673),(0,41,74674),(0,41,74675),(0,42,1819),(0,42,1820),(0,42,1822),(0,42,1823),(0,42,1824),(0,42,1825),(0,42,1826),(0,42,1828),(0,42,14773),(0,42,15830),(0,42,15876),(0,42,15985),(0,42,16415),(0,42,16437),(0,42,16613),(0,42,18030),(0,42,18313),(0,42,18393),(0,42,18541),(0,42,19686),(0,42,19773),(0,42,20428),(0,42,20810),(0,42,20811),(0,42,21019),(0,43,19717),(0,43,20192),(0,43,21020),(46,43,18823),(46,43,74986),(46,43,74987),(47,43,15709),(47,43,16568),(47,43,18817),(47,43,19115),(47,43,20193),(47,43,74324),(47,43,74544),(48,43,18414),(48,43,19529),(49,43,15710),(49,43,18040),(49,43,18739),(49,43,18740),(49,43,19159),(50,43,15708),(50,43,16494),(50,43,18989),(50,43,19076),(50,43,74662),(51,43,16445),(51,43,19114),(52,43,16404),(52,43,18496),(52,43,18623),(52,43,18763),(52,43,19238),(52,43,74252),(53,43,15714),(53,43,18050),(120,43,20491),(120,43,20812),(121,43,20813),(121,43,21175),(121,43,21176),(121,43,21177),(143,43,74329),(143,43,74971),(144,43,74972),(144,43,74973),(0,44,1832),(0,44,1833),(0,44,1834),(0,44,2111),(0,44,15033),(0,44,16393),(0,44,16451),(0,44,16557),(0,44,16589),(0,44,16590),(0,44,16591),(0,44,16592),(0,44,18294),(0,44,19224),(0,44,19243),(0,44,21021),(0,44,74549),(0,45,1835),(0,45,15189),(0,45,15190),(0,45,15665),(0,45,15666),(0,45,15667),(0,45,15742),(0,45,15778),(0,45,15833),(0,45,15834),(0,45,15963),(0,45,15987),(0,45,16620),(0,45,18263),(0,45,18362),(0,45,18363),(0,45,18364),(0,45,18365),(0,45,18366),(0,45,18403),(0,45,18635),(0,45,18661),(0,45,19075),(0,45,19091),(0,45,19530),(0,45,21022),(0,45,74326),(0,46,1836),(0,46,1837),(0,46,1838),(0,46,1839),(0,46,1840),(0,46,1841),(0,46,1842),(0,46,1843),(0,46,1844),(0,46,1845),(0,46,14777),(0,46,15565),(0,46,15659),(0,46,15820),(0,46,16534),(0,46,18266),(0,46,18342),(0,46,18343),(0,46,18388),(0,46,18624),(0,46,18795),(0,46,18835),(0,46,18909),(0,46,19049),(0,46,19154),(0,46,19325),(0,46,19326),(0,46,19327),(0,46,19328),(0,46,19329),(0,46,19330),(0,46,19628),(0,46,19629),(0,46,19723),(0,46,21023),(0,46,21084),(0,47,1846),(0,47,1847),(0,47,1848),(0,47,1849),(0,47,1850),(0,47,1851),(0,47,1852),(0,47,1853),(0,47,1854),(0,47,1855),(0,47,1856),(0,47,1857),(0,47,1858),(0,47,2126),(0,47,2127),(0,47,14865),(0,47,15383),(0,47,15690),(0,47,15723),(0,47,15942),(0,47,15943),(0,47,15944),(0,47,16381),(0,47,16575),(0,47,16576),(0,47,18272),(0,47,18288),(0,47,18292),(0,47,18293),(0,47,18394),(0,47,19144),(0,47,19223),(0,47,20195),(0,47,20400),(0,47,20401),(0,47,20443),(0,47,20444),(0,47,20636),(0,47,20927),(0,47,20928),(0,47,20930),(0,47,74334),(0,47,74548),(54,47,14869),(54,47,15701),(54,47,15702),(54,47,15703),(54,47,18273),(54,47,18485),(54,47,18486),(54,47,18487),(54,47,20165),(54,47,20218),(54,47,20255),(55,47,18606),(55,47,18607),(55,47,18608),(55,47,18609),(55,47,19240),(55,47,20166),(55,47,20185),(55,47,20627),(56,47,1859),(56,47,1860),(56,47,1861),(56,47,2099),(56,47,2147),(56,47,14807),(56,47,15384),(56,47,15632),(56,47,15693),(56,47,15973),(56,47,16488),(56,47,16582),(56,47,18371),(56,47,18422),(56,47,18613),(56,47,18614),(56,47,19107),(56,47,19249),(56,47,20916),(56,47,20918),(57,47,15715),(57,47,16492),(57,47,20240),(57,47,20241),(57,47,20242),(58,47,15725),(58,47,18423),(58,47,18507),(58,47,18508),(58,47,18509),(58,47,18510),(58,47,18511),(58,47,18512),(58,47,18513),(58,47,18636),(58,47,18991),(58,47,20243),(59,47,14926),(59,47,16506),(59,47,18815),(59,47,18879),(59,47,18881),(59,47,18882),(59,47,18883),(59,47,18885),(59,47,18886),(59,47,18887),(59,47,18889),(59,47,18891),(59,47,18892),(60,47,18505),(60,47,18813),(60,47,18814),(60,47,19112),(60,47,19113),(60,47,19118),(60,47,20244),(60,47,20383),(60,47,20384),(60,47,20601),(60,47,20926),(60,47,74964),(61,47,1862),(61,47,1863),(61,47,1864),(61,47,1865),(61,47,1866),(61,47,2117),(61,47,2162),(61,47,15029),(61,47,15517),(61,47,15543),(61,47,15549),(61,47,15694),(61,47,15695),(61,47,15698),(61,47,15699),(61,47,15763),(61,47,15955),(61,47,18368),(61,47,18476),(61,47,18546),(61,47,18804),(61,47,20176),(61,47,74457),(61,47,74965),(62,47,15776),(62,47,18425),(62,47,20167),(62,47,20168),(62,47,20169),(62,47,20215),(62,47,20216),(62,47,20245),(62,47,20246),(62,47,20247),(62,47,20248),(62,47,20249),(62,47,20250),(62,47,20251),(62,47,20325),(62,47,74574),(63,47,18769),(63,47,18770),(63,47,18771),(63,47,18772),(63,47,19252),(63,47,20252),(63,47,20253),(63,47,20924),(64,47,15201),(64,47,15202),(64,47,15705),(64,47,15866),(64,47,16438),(64,47,16555),(64,47,16556),(64,47,18319),(64,47,18615),(64,47,18753),(64,47,18803),(64,47,19255),(64,47,19256),(64,47,19747),(65,47,18603),(65,47,18604),(65,47,18605),(65,47,18801),(65,47,18802),(65,47,19251),(66,47,15103),(66,47,15105),(66,47,15107),(66,47,15108),(66,47,15109),(66,47,15696),(66,47,15697),(66,47,15704),(66,47,15724),(66,47,15775),(66,47,16489),(66,47,18580),(66,47,18787),(66,47,18895),(66,47,18990),(66,47,19726),(66,47,19727),(66,47,74630),(67,47,1867),(67,47,1868),(67,47,1869),(67,47,1870),(67,47,15691),(67,47,16481),(67,47,16482),(67,47,16483),(67,47,16484),(67,47,16485),(67,47,18060),(67,47,18492),(67,47,19151),(67,47,19546),(67,47,19547),(67,47,19548),(67,47,20217),(67,47,20389),(67,47,20391),(68,47,1871),(68,47,15975),(68,47,16446),(68,47,16509),(68,47,18424),(68,47,18560),(68,47,18561),(68,47,18617),(68,47,19257),(68,47,19748),(69,47,15199),(69,47,15200),(69,47,15700),(69,47,15945),(69,47,18562),(69,47,20637),(83,47,19181),(83,47,19182),(83,47,19183),(83,47,19184),(83,47,19253),(83,47,19254),(83,47,19616),(96,47,20229),(96,47,20230),(96,47,20231),(96,47,20232),(96,47,20301),(102,47,20343),(102,47,20344),(102,47,20345),(102,47,20388),(102,47,20492),(114,47,20920),(114,47,20921),(114,47,20922),(114,47,20923),(114,47,21093),(114,47,21094),(114,47,74391),(116,47,21086),(116,47,21087),(116,47,74389),(116,47,74390),(116,47,74551),(116,47,74629),(122,47,74254),(122,47,74255),(122,47,74256),(122,47,74257),(123,47,74258),(123,47,74259),(123,47,74260),(123,47,74261),(123,47,74262),(142,47,74743),(142,47,74744),(0,48,1873),(0,48,15204),(0,48,16504),(0,48,16577),(0,48,16578),(0,48,16579),(0,48,18269),(0,48,18521),(0,48,19226),(0,48,20130),(0,48,20818),(0,48,21024),(0,48,74491),(0,50,1875),(0,50,1876),(0,50,1877),(0,50,1879),(0,50,1882),(0,50,1884),(0,50,1885),(0,50,1888),(0,50,1890),(0,50,1891),(0,50,1892),(0,50,1893),(0,50,2112),(0,50,2171),(0,50,14908),(0,50,15546),(0,50,15731),(0,50,15877),(0,50,16366),(0,50,16398),(0,50,16412),(0,50,16439),(0,50,16464),(0,50,18070),(0,50,18355),(0,50,18391),(0,50,18428),(0,50,18529),(0,50,18645),(0,50,18839),(0,50,19268),(0,50,19331),(0,50,19332),(0,50,19333),(0,50,19334),(0,50,19335),(0,50,19336),(0,50,19337),(0,50,19338),(0,50,19339),(0,50,19611),(0,50,19630),(0,50,19631),(0,50,20198),(0,50,20625),(0,50,74805),(0,50,74970),(0,51,16440),(0,51,16441),(0,51,16609),(0,51,18773),(0,51,19173),(0,51,20431),(0,51,20432),(0,51,20433),(0,51,20434),(0,51,20435),(0,51,20436),(0,51,20437),(0,51,20438),(0,51,20439),(0,51,20440),(0,51,20441),(0,51,20442),(0,51,20600),(0,52,1895),(0,52,1896),(0,52,1897),(0,52,1898),(0,52,1899),(0,52,1900),(0,52,1901),(0,52,1903),(0,52,1904),(0,52,1905),(0,52,1906),(0,52,1907),(0,52,1908),(0,52,1911),(0,52,1912),(0,52,1913),(0,52,2134),(0,52,2169),(0,52,15207),(0,52,15782),(0,52,15850),(0,52,15851),(0,52,15874),(0,52,16403),(0,52,16554),(0,52,18283),(0,52,18286),(0,52,18307),(0,52,18316),(0,52,18318),(0,52,18323),(0,52,18324),(0,52,18358),(0,52,18392),(0,52,18411),(0,52,18478),(0,52,18579),(0,52,18625),(0,52,18682),(0,52,18695),(0,52,18750),(0,52,18751),(0,52,18921),(0,52,19067),(0,52,19149),(0,52,19168),(0,52,19175),(0,52,19190),(0,52,19222),(0,52,19234),(0,52,19266),(0,52,19283),(0,52,19284),(0,52,19285),(0,52,19286),(0,52,19287),(0,52,19288),(0,52,19289),(0,52,19290),(0,52,19291),(0,52,19292),(0,52,19293),(0,52,19294),(0,52,19295),(0,52,19296),(0,52,19298),(0,52,19542),(0,52,19632),(0,52,19633),(0,52,19634),(0,52,19733),(0,52,19781),(0,52,20213),(0,52,20239),(0,52,20638),(0,52,20819),(0,52,21025),(0,52,74436),(0,52,74461),(0,53,1914),(0,53,2131),(0,53,2132),(0,53,15967),(0,53,18401),(0,53,18535),(0,53,18536),(0,53,19785),(0,53,19787),(0,54,1915),(0,54,1916),(0,54,1917),(0,54,1918),(0,54,1919),(0,54,1920),(0,54,1921),(0,54,1922),(0,54,1923),(0,54,1924),(0,54,1926),(0,54,1927),(0,54,1929),(0,54,1930),(0,54,1931),(0,54,2158),(0,54,14825),(0,54,14854),(0,54,15660),(0,54,15740),(0,54,15852),(0,54,15870),(0,54,16417),(0,54,16447),(0,54,16604),(0,54,16612),(0,54,18080),(0,54,18341),(0,54,18345),(0,54,18827),(0,54,19101),(0,54,19749),(0,54,20148),(0,54,20191),(0,54,20221),(0,54,20381),(0,54,20639),(0,54,20960),(0,54,74532),(0,54,74627),(0,55,1932),(0,55,1933),(0,55,1934),(0,55,1935),(0,55,1936),(0,55,1937),(0,55,1938),(0,55,1939),(0,55,1940),(0,55,1942),(0,55,1943),(0,55,14821),(0,55,14822),(0,55,14845),(0,55,14851),(0,55,15401),(0,55,15718),(0,55,15764),(0,55,15867),(0,55,16365),(0,55,16495),(0,55,16553),(0,55,16573),(0,55,18282),(0,55,18421),(0,55,18621),(0,55,18637),(0,55,18647),(0,55,18797),(0,55,19055),(0,55,19066),(0,55,19145),(0,55,19217),(0,55,19235),(0,55,19246),(0,55,19553),(0,55,19685),(0,55,20037),(0,55,20057),(0,55,20153),(0,55,20211),(0,55,20237),(0,55,20374),(0,55,20820),(0,55,21107),(0,55,74332),(0,55,74995),(0,56,1944),(0,56,1945),(0,56,1946),(0,56,1947),(0,56,1948),(0,56,1949),(0,56,14867),(0,56,15629),(0,56,15732),(0,56,18410),(0,56,18470),(0,56,18471),(0,56,18472),(0,56,18473),(0,56,18474),(0,56,18475),(0,56,18611),(0,56,20495),(0,56,21026),(0,57,1951),(0,57,1952),(0,57,1953),(0,57,1954),(0,57,1955),(0,57,15359),(0,57,15743),(0,57,15957),(0,57,15980),(0,57,18278),(0,57,18284),(0,57,18527),(0,57,18684),(0,57,19085),(0,57,19136),(0,57,20156),(0,57,20311),(0,57,21027),(0,57,74380),(70,57,1950),(70,57,15880),(70,57,15881),(70,57,15977),(70,57,18548),(70,57,20025),(70,57,20845),(0,60,1958),(0,60,1959),(0,60,1960),(0,60,1961),(0,60,1962),(0,60,1963),(0,60,1964),(0,60,1965),(0,60,1966),(0,60,1967),(0,60,1968),(0,60,1969),(0,60,1970),(0,60,1971),(0,60,1972),(0,60,1973),(0,60,1974),(0,60,1975),(0,60,1976),(0,60,1977),(0,60,1978),(0,60,1979),(0,60,2096),(0,60,2133),(0,60,14717),(0,60,14786),(0,60,14830),(0,60,15317),(0,60,15706),(0,60,15737),(0,60,16505),(0,60,16616),(0,60,16617),(0,60,18100),(0,60,18277),(0,60,18337),(0,60,18522),(0,60,18711),(0,60,19126),(0,60,19169),(0,60,19250),(0,60,19340),(0,60,19341),(0,60,19545),(0,60,19552),(0,60,19725),(0,60,19755),(0,60,20053),(0,60,20054),(0,60,20058),(0,60,20059),(0,60,20060),(0,60,20228),(0,60,20235),(0,60,20408),(0,60,21077),(0,60,21095),(0,60,21182),(0,60,74771),(0,61,2165),(0,61,2166),(0,61,2167),(0,61,15215),(0,61,15217),(0,61,15218),(0,61,15219),(0,61,15674),(0,61,15675),(0,61,15676),(0,61,15821),(0,61,19057),(0,61,19263),(0,61,20236),(0,61,20294),(0,61,20409),(0,61,20410),(0,61,20411),(0,61,20412),(0,61,20413),(0,61,20414),(0,61,20415),(0,61,20416),(0,61,20417),(0,61,20418),(0,61,21028),(0,61,74424),(0,61,74545),(0,61,74788),(0,62,1980),(0,62,1981),(0,62,1982),(0,62,1983),(0,62,1984),(0,62,1987),(0,62,1988),(0,62,1989),(0,62,1990),(0,62,1991),(0,62,1992),(0,62,1993),(0,62,1994),(0,62,15726),(0,62,15728),(0,62,15761),(0,62,15781),(0,62,15823),(0,62,15871),(0,62,15872),(0,62,15949),(0,62,15959),(0,62,15960),(0,62,15961),(0,62,15962),(0,62,16368),(0,62,16517),(0,62,16532),(0,62,18110),(0,62,18413),(0,62,18639),(0,62,19209),(0,62,20823),(0,62,20824),(0,62,21029),(0,63,1999),(0,63,2000),(0,63,2001),(0,63,2002),(0,63,15057),(0,63,15058),(0,63,16511),(0,63,18597),(0,63,20445),(0,63,20446),(0,63,20447),(0,63,20448),(0,63,20449),(0,63,20450),(0,63,20451),(0,63,20452),(0,63,20453),(0,63,20454),(0,63,20455),(0,63,20456),(0,63,20457),(0,63,21030),(0,64,2003),(0,64,2004),(0,64,2006),(0,64,2007),(0,64,2008),(0,64,2010),(0,64,14762),(0,64,14763),(0,64,15770),(0,64,15869),(0,64,16510),(0,64,18427),(0,64,18640),(0,64,18641),(0,64,19162),(0,64,19185),(0,64,19788),(0,64,21031),(0,64,74330),(0,64,74664),(0,65,2014),(0,65,2015),(0,65,2016),(0,65,15222),(0,65,15878),(0,65,16621),(0,65,18120),(0,65,18130),(0,65,18140),(0,65,18642),(0,65,18643),(0,65,18877),(0,65,19064),(0,65,19236),(0,65,19779),(0,65,20184),(0,65,21032),(0,65,21178),(0,65,74375),(0,65,74628),(0,66,2017),(0,66,15228),(0,66,18262),(0,66,18306),(0,66,18587),(0,66,18679),(0,66,18988),(0,66,20832),(0,66,20952),(0,66,20953),(0,66,74333),(0,67,2019),(0,67,2021),(0,67,2023),(0,67,2024),(0,67,2025),(0,67,2026),(0,67,2028),(0,67,15224),(0,67,16367),(0,67,16465),(0,67,16466),(0,67,18150),(0,67,18160),(0,67,18657),(0,67,18671),(0,67,19693),(0,67,19774),(0,67,20131),(0,67,20302),(0,67,20363),(0,67,20834),(0,67,20936),(0,67,20937),(0,67,20948),(0,67,20949),(0,67,20950),(0,67,21096),(0,67,74966),(0,67,74967),(0,68,2029),(0,68,2030),(0,68,2031),(0,68,2032),(0,68,2033),(0,68,2034),(0,68,2035),(0,68,2036),(0,68,2037),(0,68,2038),(0,68,2148),(0,68,15226),(0,68,15662),(0,68,15733),(0,68,15868),(0,68,15875),(0,68,15947),(0,68,16530),(0,68,16572),(0,68,18170),(0,68,18180),(0,68,18768),(0,68,19052),(0,68,19342),(0,68,19343),(0,68,19609),(0,68,20312),(0,68,20626),(0,68,21109),(0,68,74739),(0,70,2045),(0,70,2046),(0,70,2047),(0,70,2050),(0,70,2052),(0,70,2053),(0,70,2055),(0,70,2056),(0,70,2058),(0,70,2059),(0,70,2060),(0,70,2061),(0,70,2062),(0,70,2063),(0,70,2064),(0,70,2142),(0,70,2143),(0,70,14711),(0,70,14789),(0,70,15230),(0,70,15663),(0,70,15849),(0,70,15857),(0,70,15858),(0,70,16442),(0,70,16443),(0,70,16444),(0,70,16469),(0,70,16516),(0,70,18314),(0,70,18583),(0,70,18655),(0,70,18659),(0,70,18698),(0,70,18737),(0,70,18807),(0,70,18992),(0,70,19138),(0,70,19139),(0,70,19225),(0,70,19299),(0,70,19300),(0,70,19301),(0,70,19302),(0,70,19303),(0,70,19304),(0,70,19305),(0,70,19306),(0,70,19307),(0,70,19308),(0,70,19309),(0,70,19310),(0,70,19311),(0,70,19312),(0,70,19313),(0,70,19528),(0,70,19605),(0,70,19635),(0,70,19636),(0,70,19637),(0,70,19638),(0,70,19639),(0,70,19640),(0,70,19641),(0,70,19642),(0,70,19643),(0,70,19644),(0,70,19645),(0,70,19646),(0,70,19647),(0,70,19648),(0,70,19649),(0,70,19650),(0,70,19651),(0,70,19652),(0,70,19653),(0,70,19655),(0,70,19656),(0,70,19657),(0,70,19658),(0,70,19778),(0,70,20150),(0,70,20152),(0,70,20154),(0,70,20214),(0,70,20222),(0,70,20233),(0,70,20282),(0,70,21033),(0,70,21098),(0,70,21171),(0,70,74358),(0,70,74374),(0,71,15232),(0,71,15233),(0,71,15234),(0,71,15680),(0,71,15681),(0,71,16610),(0,71,18385),(0,71,18689),(0,71,18690),(0,71,20933),(0,71,20934),(0,71,20935),(0,71,20943),(0,71,74626),(0,73,2065),(0,73,2066),(0,73,2067),(0,73,2068),(0,73,2069),(0,73,2070),(0,73,2071),(0,73,2072),(0,73,2073),(0,73,2074),(0,73,2075),(0,73,2076),(0,73,2077),(0,73,2078),(0,73,2079),(0,73,2080),(0,73,2081),(0,73,2082),(0,73,2123),(0,73,2136),(0,73,2137),(0,73,2138),(0,73,2139),(0,73,2140),(0,73,2141),(0,73,2144),(0,73,15236),(0,73,15237),(0,73,15664),(0,73,16405),(0,73,16486),(0,73,16580),(0,73,18268),(0,73,18328),(0,73,18404),(0,73,18489),(0,73,18912),(0,73,19124),(0,73,19610),(0,73,20144),(0,73,20296),(0,73,21110),(0,73,74670),(0,73,74825),(0,74,2083),(0,74,2087),(0,74,2091),(0,74,2092),(0,74,2093),(0,74,2094),(0,74,2106),(0,74,2113),(0,74,2114),(0,74,15363),(0,74,15381),(0,74,15534),(0,74,15535),(0,74,15734),(0,74,15767),(0,74,15864),(0,74,15981),(0,74,16520),(0,74,16521),(0,74,16584),(0,74,16585),(0,74,16623),(0,74,18230),(0,74,18276),(0,74,18285),(0,74,18329),(0,74,18599),(0,74,18707),(0,74,18781),(0,74,19063),(0,74,19127),(0,74,19261),(0,74,19344),(0,74,19618),(0,74,19724),(0,74,19750),(0,74,19780),(0,74,20316),(0,74,20380),(0,74,20841),(0,74,21034),(0,74,21179),(0,74,21180),(0,74,74550),(0,74,74667),(0,74,74938),(0,74,74939),(99,74,2090),(99,74,19659),(99,74,20170),(99,74,20333),(99,74,20334),(99,74,20335),(99,74,20336),(100,74,2089),(100,74,20337),(100,74,20338),(100,74,20339),(101,74,2084),(101,74,20026),(101,74,20315),(101,74,20340),(101,74,20341),(101,74,20342),(101,74,20376),(104,74,18200),(104,74,18240),(104,74,18317),(104,74,20352),(104,74,20354),(104,74,20356),(104,74,20360),(105,74,14792),(105,74,18190),(105,74,20353),(105,74,20355),(105,74,20357),(105,74,20359),(106,74,18210),(106,74,18220),(106,74,18370),(106,74,18575),(106,74,18747),(106,74,20358),(115,74,21080),(115,74,21081),(115,74,21082),(115,74,21083),(0,2120,2121),(0,2120,2122),(0,2120,15002),(0,2120,15633),(0,2120,16479),(0,2120,16507),(0,2120,16508),(0,2120,16622),(0,2120,18344),(0,2120,20143),(0,2120,20553),(0,2120,20951),(0,2120,20959),(0,2120,74455),(0,2120,74456),(0,2152,2154),(0,2152,2155),(0,2152,15321),(0,2152,15802),(0,2152,15855),(0,2152,16401),(0,2152,16450),(0,2152,18566),(0,2152,18567),(0,2152,18568),(0,2152,18693),(0,2152,18825),(0,2152,18916),(0,2152,19050),(0,2152,19074),(0,2152,19102),(0,2152,19317),(0,2152,19318),(0,2152,20499),(0,2152,20975),(0,2152,20976),(0,2152,74736),(0,2153,2157),(0,2153,15087),(0,2153,18296),(0,2153,18297),(0,2153,18298),(0,2153,18299),(0,2153,18300),(0,2153,18301),(0,2153,18302),(0,2153,18303),(0,2153,18908),(0,2153,74773),(0,2153,74774),(0,14882,15720),(0,14882,18670),(0,14882,19215),(0,14882,20798),(0,14882,21035),(0,14890,14894),(0,14890,15863),(0,14890,16397),(0,14890,16593),(0,14890,18326),(0,14890,18525),(0,14890,18713),(0,14890,20497),(0,14890,21036),(0,14890,74831),(0,14890,74832),(0,14890,74833),(0,14890,74834),(0,14890,75085),(0,14979,14984),(0,14979,19550),(0,14979,21037),(0,15525,15748),(0,15525,18438),(0,15525,18439),(0,15525,18440),(0,15525,18442),(0,15525,20831),(0,15525,21038),(0,15629,15744),(0,15629,15745),(0,15629,15788),(0,15629,20797),(0,15629,20954),(0,15629,20955),(0,15629,74546),(0,15633,15749),(0,15633,20620),(0,15633,20621),(0,15633,20622),(0,15633,20623),(0,15633,20624),(0,15633,21039),(0,15636,16539),(0,15636,16540),(0,15636,16541),(0,15636,16542),(0,15636,16543),(0,15636,16544),(0,15636,16545),(0,15636,16546),(0,15636,16547),(0,15636,20821),(0,15636,20822),(0,15636,21040),(0,15641,15791),(0,15641,15792),(0,15641,15793),(0,15641,15794),(0,15641,18555),(0,15641,19103),(0,15641,19537),(0,15641,19600),(0,15641,20913),(0,15641,21041),(0,15641,74552),(0,15643,15806),(0,15643,15807),(0,15643,16383),(0,15643,16453),(0,15643,18618),(0,15643,20132),(0,15643,20773),(0,15643,20774),(0,15643,21042),(0,15644,15798),(0,15644,15799),(0,15644,15831),(0,15644,21043),(0,15670,15976),(0,15670,15978),(0,15670,15982),(0,15670,15991),(0,15670,15992),(0,15670,15993),(0,15670,15994),(0,15670,15995),(0,15670,15996),(0,15670,15997),(0,15670,15998),(0,15670,15999),(0,15670,16000),(0,15670,16001),(0,15670,16002),(0,15670,16003),(0,15670,16004),(0,15670,16005),(0,15670,16006),(0,15670,16007),(0,15670,16008),(0,15670,16009),(0,15670,16010),(0,15670,16011),(0,15670,16012),(0,15670,16013),(0,15670,16014),(0,15670,16015),(0,15670,16016),(0,15670,16017),(0,15670,16018),(0,15670,16019),(0,15670,16020),(0,15670,16021),(0,15670,16022),(0,15670,16023),(0,15670,16024),(0,15670,16025),(0,15670,16026),(0,15670,16027),(0,15670,16028),(0,15670,16029),(0,15670,16030),(0,15670,16031),(0,15670,16032),(0,15670,16033),(0,15670,16034),(0,15670,16035),(0,15670,16036),(0,15670,16037),(0,15670,16038),(0,15670,16039),(0,15670,16040),(0,15670,16042),(0,15670,16043),(0,15670,16044),(0,15670,16045),(0,15670,16046),(0,15670,16047),(0,15670,16048),(0,15670,16049),(0,15670,16050),(0,15670,16051),(0,15670,16052),(0,15670,16053),(0,15670,16054),(0,15670,16055),(0,15670,16056),(0,15670,16057),(0,15670,16058),(0,15670,16059),(0,15670,16060),(0,15670,16061),(0,15670,16062),(0,15670,16063),(0,15670,16064),(0,15670,16065),(0,15670,16066),(0,15670,16067),(0,15670,16068),(0,15670,16069),(0,15670,16070),(0,15670,16071),(0,15670,16072),(0,15670,16073),(0,15670,16074),(0,15670,16075),(0,15670,16076),(0,15670,16077),(0,15670,16078),(0,15670,16079),(0,15670,16080),(0,15670,16081),(0,15670,16082),(0,15670,16083),(0,15670,16084),(0,15670,16085),(0,15670,16086),(0,15670,16087),(0,15670,16088),(0,15670,16089),(0,15670,16091),(0,15670,16092),(0,15670,16093),(0,15670,16094),(0,15670,16096),(0,15670,16097),(0,15670,16098),(0,15670,16099),(0,15670,16100),(0,15670,16101),(0,15670,16102),(0,15670,16103),(0,15670,16104),(0,15670,16106),(0,15670,16107),(0,15670,16108),(0,15670,16109),(0,15670,16110),(0,15670,16111),(0,15670,16112),(0,15670,16113),(0,15670,16114),(0,15670,16115),(0,15670,16116),(0,15670,16117),(0,15670,16118),(0,15670,16119),(0,15670,16120),(0,15670,16121),(0,15670,16122),(0,15670,16123),(0,15670,16124),(0,15670,16125),(0,15670,16126),(0,15670,16127),(0,15670,16128),(0,15670,16129),(0,15670,16130),(0,15670,16132),(0,15670,16133),(0,15670,16134),(0,15670,16135),(0,15670,16136),(0,15670,16137),(0,15670,16138),(0,15670,16139),(0,15670,16140),(0,15670,16141),(0,15670,16142),(0,15670,16143),(0,15670,16144),(0,15670,16145),(0,15670,16146),(0,15670,16147),(0,15670,16148),(0,15670,16149),(0,15670,16150),(0,15670,16151),(0,15670,16152),(0,15670,16153),(0,15670,16154),(0,15670,16155),(0,15670,16156),(0,15670,16158),(0,15670,16160),(0,15670,16161),(0,15670,16162),(0,15670,16163),(0,15670,16164),(0,15670,16165),(0,15670,16166),(0,15670,16167),(0,15670,16168),(0,15670,16170),(0,15670,16171),(0,15670,16172),(0,15670,16173),(0,15670,16174),(0,15670,16175),(0,15670,16176),(0,15670,16177),(0,15670,16178),(0,15670,16179),(0,15670,16180),(0,15670,16181),(0,15670,16182),(0,15670,16183),(0,15670,16184),(0,15670,16185),(0,15670,16186),(0,15670,16187),(0,15670,16188),(0,15670,16189),(0,15670,16190),(0,15670,16191),(0,15670,16192),(0,15670,16193),(0,15670,16194),(0,15670,16195),(0,15670,16196),(0,15670,16198),(0,15670,16199),(0,15670,16200),(0,15670,16201),(0,15670,16202),(0,15670,16203),(0,15670,16204),(0,15670,16206),(0,15670,16207),(0,15670,16208),(0,15670,16209),(0,15670,16210),(0,15670,16211),(0,15670,16212),(0,15670,16214),(0,15670,16215),(0,15670,16216),(0,15670,16217),(0,15670,16218),(0,15670,16219),(0,15670,16220),(0,15670,16221),(0,15670,16222),(0,15670,16223),(0,15670,16224),(0,15670,16225),(0,15670,16227),(0,15670,16228),(0,15670,16229),(0,15670,16230),(0,15670,16231),(0,15670,16232),(0,15670,16233),(0,15670,16234),(0,15670,16235),(0,15670,16236),(0,15670,16237),(0,15670,16239),(0,15670,16240),(0,15670,16241),(0,15670,16242),(0,15670,16243),(0,15670,16244),(0,15670,16245),(0,15670,16246),(0,15670,16247),(0,15670,16248),(0,15670,16249),(0,15670,16251),(0,15670,16252),(0,15670,16373),(0,15670,16374),(0,15670,16375),(0,15670,16376),(0,15670,16380),(0,15670,16480),(0,15670,16491),(0,15670,18374),(0,15670,18375),(0,15670,18415),(0,15670,18458),(0,15670,18531),(0,15670,18532),(0,15670,18533),(0,15670,18534),(0,15670,18723),(0,15670,18783),(0,15670,18784),(0,15670,18819),(0,15670,19174),(0,15670,19241),(0,15670,20145),(0,15670,20147),(0,15670,20313),(0,15670,74448),(0,15670,74454),(0,15670,74728),(0,15670,74729),(0,15672,15986),(0,15672,16255),(0,15672,16256),(0,15672,16257),(0,15672,16258),(0,15672,16259),(0,15672,16260),(0,15672,16261),(0,15672,16262),(0,15672,16263),(0,15672,16264),(0,15672,16265),(0,15672,16266),(0,15672,16267),(0,15672,16268),(0,15672,16269),(0,15672,16270),(0,15672,16271),(0,15672,16272),(0,15672,16273),(0,15672,16274),(0,15672,16275),(0,15672,16276),(0,15672,16277),(0,15672,16278),(0,15672,16279),(0,15672,16281),(0,15672,16282),(0,15672,16283),(0,15672,16284),(0,15672,16285),(0,15672,16286),(0,15672,16287),(0,15672,16288),(0,15672,16289),(0,15672,16290),(0,15672,16291),(0,15672,16292),(0,15672,16293),(0,15672,16294),(0,15672,16295),(0,15672,16296),(0,15672,16297),(0,15672,16298),(0,15672,16299),(0,15672,16300),(0,15672,16301),(0,15672,16302),(0,15672,16303),(0,15672,16304),(0,15672,16305),(0,15672,16306),(0,15672,16307),(0,15672,16308),(0,15672,16309),(0,15672,16310),(0,15672,16311),(0,15672,16312),(0,15672,16313),(0,15672,16314),(0,15672,16315),(0,15672,16316),(0,15672,16317),(0,15672,16318),(0,15672,16319),(0,15672,16320),(0,15672,16321),(0,15672,16322),(0,15672,16323),(0,15672,16324),(0,15672,16325),(0,15672,16410),(0,15672,16571),(0,15672,16594),(0,15672,16595),(0,15672,16615),(0,15672,16630),(0,15672,16631),(0,15672,16632),(0,15672,18265),(0,15672,18351),(0,15672,18352),(0,15672,18354),(0,15672,18357),(0,15672,18369),(0,15672,18419),(0,15672,18466),(0,15672,18729),(0,15672,18841),(0,15672,18845),(0,15672,18846),(0,15672,18847),(0,15672,18848),(0,15672,18849),(0,15672,18850),(0,15672,18851),(0,15672,18852),(0,15672,18853),(0,15672,18854),(0,15672,18855),(0,15672,18856),(0,15672,18857),(0,15672,18858),(0,15672,18859),(0,15672,18860),(0,15672,18861),(0,15672,18862),(0,15672,18863),(0,15672,18864),(0,15672,18865),(0,15672,18866),(0,15672,18867),(0,15672,18868),(0,15672,18869),(0,15672,19120),(0,15672,19206),(0,15672,19207),(0,15672,19208),(0,15672,19210),(0,15672,19211),(0,15672,20197),(0,15672,20199),(0,15672,20220),(0,15674,18765),(0,15674,18766),(0,15674,18767),(0,15674,21044),(0,15674,75084),(0,16253,16327),(0,16253,16328),(0,16253,16329),(0,16253,16330),(0,16253,16331),(0,16253,16332),(0,16253,16333),(0,16253,16334),(0,16253,16335),(0,16253,16336),(0,16253,16337),(0,16253,16338),(0,16253,16339),(0,16253,16340),(0,16253,16341),(0,16253,16342),(0,16253,16343),(0,16253,16344),(0,16253,16345),(0,16253,16346),(0,16253,16347),(0,16253,16348),(0,16253,16349),(0,16253,16350),(0,16253,16351),(0,16253,16352),(0,16253,16353),(0,16253,16354),(0,16253,16355),(0,16253,16356),(0,16253,16357),(0,16253,16358),(0,16253,16359),(0,16253,16360),(0,16253,16409),(0,16253,18620),(0,16253,19119),(0,16326,16326),(0,16327,16371),(0,16327,16468),(0,16327,16527),(0,16327,16528),(0,16327,16529),(0,16327,18899),(0,16327,19111),(0,16327,19137),(0,16327,19204),(0,16327,19205),(0,16327,19789),(0,16327,21045),(0,16327,74996),(0,16327,74997),(0,16327,74998),(0,16327,74999),(0,16327,75000),(0,16327,75001),(0,16328,16564),(0,16328,18595),(0,16328,18630),(0,16328,18644),(0,16328,18669),(0,16328,18691),(0,16328,18697),(0,16328,18722),(0,16328,18733),(0,16328,18734),(0,16328,18745),(0,16328,18777),(0,16328,18875),(0,16328,18919),(0,16328,19061),(0,16328,19096),(0,16328,19099),(0,16328,19105),(0,16328,19178),(0,16328,19271),(0,16328,19532),(0,16328,19534),(0,16328,19536),(0,16328,19538),(0,16328,19543),(0,16328,19608),(0,16328,19661),(0,16328,19683),(0,16328,19752),(0,16328,19782),(0,16328,20102),(0,16328,20103),(0,16328,20104),(0,16328,20105),(0,16328,20106),(0,16328,20107),(0,16328,20108),(0,16328,20109),(0,16328,20110),(0,16328,20111),(0,16328,20114),(0,16328,20117),(0,16328,20118),(0,16328,20120),(0,16328,20121),(0,16328,20123),(0,16328,20124),(0,16328,20125),(0,16328,20126),(0,16328,20128),(0,16328,20142),(0,16328,20146),(0,16328,20158),(0,16328,20173),(0,16328,20201),(0,16328,20202),(0,16328,20203),(0,16328,20205),(0,16328,20238),(0,16328,20281),(0,16328,20297),(0,16328,20314),(0,16328,20332),(0,16328,20375),(0,16328,20382),(0,16328,20390),(0,16328,20392),(0,16328,20501),(0,16328,74382),(0,16328,74492),(0,16328,74668),(0,16328,74745),(0,16328,74791),(0,16328,74824),(0,16333,16459),(0,16333,21046),(0,16333,75008),(0,16333,75009),(0,16335,20458),(0,16335,20459),(0,16335,20460),(0,16335,20461),(0,16335,20462),(0,16335,20463),(0,16335,20464),(0,16335,20465),(0,16335,20466),(0,16335,20467),(0,16335,20468),(0,16335,20469),(0,16335,20470),(0,16335,21047),(0,16336,16567),(0,16336,20554),(0,16336,20555),(0,16336,20556),(0,16336,20557),(0,16336,20558),(0,16336,20559),(0,16336,20562),(0,16336,20610),(0,16336,20617),(0,16336,20618),(0,16336,20619),(0,16337,16562),(0,16337,20793),(0,16337,20961),(0,16337,20962),(0,16337,20963),(0,16338,16574),(0,16338,16600),(0,16338,16601),(0,16338,20278),(90,16338,20011),(90,16338,20012),(90,16338,20013),(90,16338,20014),(90,16338,20017),(91,16338,20000),(91,16338,20001),(91,16338,20002),(91,16338,20003),(91,16338,20015),(91,16338,20018),(92,16338,19053),(92,16338,19742),(92,16338,20004),(92,16338,20005),(92,16338,20006),(92,16338,20016),(92,16338,20023),(93,16338,19267),(93,16338,20007),(93,16338,20008),(93,16338,20009),(93,16338,20010),(93,16338,20024),(93,16338,20310),(94,16338,20163),(94,16338,20177),(94,16338,20178),(94,16338,20179),(95,16338,20180),(95,16338,20181),(95,16338,20182),(95,16338,20183),(95,16338,20292),(141,16338,16602),(141,16338,16603),(141,16338,19706),(141,16338,19743),(141,16338,19744),(141,16338,19745),(141,16338,19746),(0,16339,16605),(0,16339,16606),(0,16339,21048),(0,16341,16614),(0,16341,20141),(0,16341,21049),(0,16348,18304),(0,16348,18305),(0,16348,21050),(0,16350,18330),(0,16350,18799),(0,16350,19086),(0,16350,19087),(0,16350,19088),(0,16350,21108),(0,16350,21195),(0,16351,18331),(0,16351,18332),(0,16351,18333),(0,16351,19152),(0,16351,19153),(0,16351,21051),(0,16352,18334),(0,16352,18335),(0,16352,18336),(0,16352,18582),(0,16352,18649),(0,16352,19164),(0,16352,19165),(0,16352,19166),(0,16352,19167),(0,16352,19736),(0,16352,20206),(0,16352,20207),(0,16352,20208),(0,16352,20209),(0,16352,75083),(0,16353,18376),(0,16353,18377),(0,16353,18378),(0,16353,18379),(0,16353,18380),(0,16353,18381),(0,16353,18871),(0,16353,18872),(0,16353,18873),(0,16353,19694),(0,16353,19695),(0,16353,19696),(0,16353,19697),(0,16353,19698),(0,16353,19699),(0,16353,19700),(0,16353,19701),(0,16353,19702),(0,16353,20279),(0,16353,21052),(0,16353,74738),(0,16355,18452),(0,16355,18453),(0,16355,18454),(0,16355,18455),(0,16355,18456),(0,16355,18457),(0,16355,19073),(0,16355,19106),(0,16355,19191),(0,16355,19619),(0,16355,19707),(0,16355,19708),(0,16355,19790),(0,16355,20039),(0,16355,20040),(0,16355,20200),(0,16355,20304),(0,16355,20305),(0,16355,20306),(0,16355,20307),(0,16355,20403),(0,16355,21053),(0,16355,21174),(0,16355,74377),(0,16355,74483),(0,16355,74484),(0,16355,74826),(0,16356,18446),(0,16356,18447),(0,16356,18448),(0,16356,18449),(0,16356,18450),(0,16356,18451),(0,16356,20042),(0,16356,20043),(0,16356,21054),(0,16356,74681),(0,16356,74682),(0,16356,74683),(0,16357,18460),(0,16357,18461),(0,16357,18462),(0,16357,19705),(0,16357,20777),(0,16357,20778),(0,16357,20779),(0,16357,20847),(0,16357,20848),(0,16357,20849),(0,16357,21055),(0,16357,74837),(0,16359,18494),(0,16359,18530),(0,16359,18833),(0,16359,18834),(0,16359,19784),(0,16359,20212),(0,16359,20814),(0,16359,21056),(0,16359,21116),(0,16359,74325),(0,16359,74937),(0,16360,18498),(0,16360,18499),(0,16360,18500),(0,16360,18501),(0,16360,18502),(0,16360,18503),(0,16360,18504),(0,16360,18705),(0,16360,19129),(0,16360,19233),(0,16360,19264),(0,16360,20036),(0,16360,20186),(0,16360,20938),(0,16360,20939),(0,16361,18519),(0,16361,18520),(0,16361,19156),(0,16361,19272),(0,16361,19703),(0,16361,19704),(0,16361,20061),(0,16361,20945),(0,16361,20946),(0,16361,20947),(0,16361,75022),(0,16367,18699),(0,16367,18700),(0,16367,18701),(0,16367,18702),(0,16367,19080),(0,16367,19081),(0,16367,19135),(0,16367,19186),(0,16367,21057),(0,16369,18715),(0,16369,19093),(0,16369,19094),(0,16369,19095),(0,16369,19526),(0,16369,20825),(0,16369,20826),(0,16369,20827),(0,16369,20828),(0,16369,20829),(0,16369,20830),(0,16369,21058),(0,16377,19007),(0,16377,19008),(0,16377,19009),(0,16377,21059),(0,16379,19130),(0,16379,19131),(0,16379,19132),(0,16379,19133),(0,16379,19134),(0,16379,20776),(0,16379,21060),(0,16380,19140),(0,16380,19141),(0,16380,19142),(0,16380,19143),(0,16380,19709),(0,16380,19710),(0,16380,19711),(0,16380,19712),(0,16380,19713),(0,16380,20290),(0,16380,20782),(0,16380,21061),(0,16380,74838),(0,16382,19193),(0,16382,19194),(0,16382,19195),(0,16382,19196),(0,16382,19197),(0,16382,19198),(0,16382,19199),(0,16382,19200),(0,16382,19201),(0,16382,19202),(0,16382,19218),(0,16382,19756),(0,16382,19757),(0,16382,19758),(0,16382,19759),(0,16382,20210),(0,16382,20407),(0,16382,20500),(0,16382,21062),(0,16382,75081),(0,16382,75082),(0,16383,19228),(0,16383,19229),(0,16383,19230),(0,16383,19231),(0,16383,19232),(0,16383,20309),(0,16383,20967),(0,16383,20968),(0,16383,74731),(0,16383,74732),(0,16383,74733),(0,16384,19345),(0,16384,19346),(0,16384,19347),(0,16384,19348),(0,16384,19349),(0,16384,19350),(0,16384,19351),(0,16384,19352),(0,16384,19353),(0,16384,19354),(0,16384,19355),(0,16384,19356),(0,16384,19357),(0,16384,19358),(0,16384,19359),(0,16384,19360),(0,16384,19361),(0,16384,19362),(0,16384,19363),(0,16384,19364),(0,16384,19760),(0,16384,19761),(0,16384,19762),(0,16384,20044),(0,16384,21063),(0,16384,75079),(0,16384,75080),(0,16385,19365),(0,16385,19366),(0,16385,19367),(0,16385,19368),(0,16385,19369),(0,16385,19370),(0,16385,19371),(0,16385,19372),(0,16385,19373),(0,16385,19374),(0,16385,19375),(0,16385,19376),(0,16385,19377),(0,16385,19378),(0,16385,19379),(0,16385,19380),(0,16385,19381),(0,16385,19382),(0,16385,19383),(0,16385,19384),(0,16385,19385),(0,16385,19386),(0,16385,19387),(0,16385,19388),(0,16385,19389),(0,16385,19390),(0,16385,19391),(0,16385,19392),(0,16385,19393),(0,16385,19394),(0,16385,19395),(0,16385,19396),(0,16385,19397),(0,16385,19398),(0,16385,19399),(0,16385,19400),(0,16385,19401),(0,16385,19402),(0,16385,19403),(0,16385,19404),(0,16385,19405),(0,16385,19406),(0,16385,19407),(0,16385,19408),(0,16385,19409),(0,16385,19410),(0,16385,19411),(0,16385,19412),(0,16385,19413),(0,16385,19414),(0,16385,19415),(0,16385,19416),(0,16385,19417),(0,16385,19418),(0,16385,19419),(0,16385,19420),(0,16385,19421),(0,16385,19422),(0,16385,19423),(0,16385,19424),(0,16385,19425),(0,16385,19426),(0,16385,19427),(0,16385,19428),(0,16385,19429),(0,16385,19430),(0,16385,19431),(0,16385,19432),(0,16385,19433),(0,16385,19434),(0,16385,19435),(0,16385,19436),(0,16385,19437),(0,16385,19438),(0,16385,19439),(0,16385,19440),(0,16385,19441),(0,16385,19442),(0,16385,19443),(0,16385,19444),(0,16385,19445),(0,16385,19446),(0,16385,21064),(0,16386,19447),(0,16386,19448),(0,16386,19449),(0,16386,19450),(0,16386,19451),(0,16386,19452),(0,16386,19453),(0,16386,19454),(0,16386,19455),(0,16386,19456),(0,16386,19457),(0,16386,19458),(0,16386,19459),(0,16386,19460),(0,16386,19461),(0,16386,19462),(0,16386,19463),(0,16386,19464),(0,16386,19465),(0,16386,19466),(0,16386,19467),(0,16386,19468),(0,16386,19469),(0,16386,19470),(0,16386,20842),(0,16386,20843),(0,16386,20844),(0,16386,21065),(0,16387,19471),(0,16387,19472),(0,16387,19473),(0,16387,19474),(0,16387,19475),(0,16387,19476),(0,16387,19477),(0,16387,19478),(0,16387,19479),(0,16387,19480),(0,16387,19481),(0,16387,21066),(0,16388,19482),(0,16388,19483),(0,16388,19484),(0,16388,19485),(0,16388,19486),(0,16388,19487),(0,16388,19488),(0,16388,19489),(0,16388,19490),(0,16388,19491),(0,16388,19492),(0,16388,19493),(0,16388,19494),(0,16388,19495),(0,16388,19496),(0,16388,19497),(0,16388,19498),(0,16388,19499),(0,16388,19500),(0,16388,19501),(0,16388,21067),(0,16388,75078),(0,16389,19502),(0,16389,19503),(0,16389,19504),(0,16389,19505),(0,16389,19506),(0,16389,19507),(0,16389,19508),(0,16389,19509),(0,16389,19510),(0,16389,19511),(0,16389,19512),(0,16389,19513),(0,16389,19514),(0,16389,19515),(0,16389,19516),(0,16389,19517),(0,16389,19518),(0,16389,19519),(0,16389,19520),(0,16389,19521),(0,16389,19522),(0,16389,20894),(0,16389,20917),(0,16389,21117),(0,16389,75076),(0,16389,75077),(0,16391,19662),(0,16391,19663),(0,16391,19664),(0,16391,19665),(0,16391,19666),(0,16391,21068),(0,16392,19667),(0,16392,19668),(0,16392,19669),(0,16392,21069),(0,16392,75073),(0,16392,75074),(0,16392,75075),(0,16393,19670),(0,16393,19671),(0,16393,20048),(0,16393,21070),(0,16393,75059),(0,16393,75060),(0,16393,75061),(0,16393,75062),(0,16393,75063),(0,16393,75064),(0,16393,75065),(0,16393,75066),(0,16393,75067),(0,16393,75068),(0,16393,75069),(0,16393,75070),(0,16393,75071),(0,16393,75072),(0,16394,19672),(0,16394,19673),(0,16394,19674),(0,16394,19675),(0,16394,19676),(0,16394,21071),(0,16394,75057),(0,16394,75058),(0,16395,19677),(0,16395,19678),(0,16395,19679),(0,16395,19680),(0,16395,19681),(0,16395,19682),(0,16395,20052),(0,16395,20136),(0,16395,20137),(0,16395,21072),(0,16395,75056),(0,16396,19688),(0,16396,19689),(0,16396,19690),(0,16396,19691),(0,16396,19692),(0,16396,20258),(0,16396,20323),(0,16396,20386),(0,16396,20387),(0,16396,20956),(0,16396,20957),(0,16396,21170),(0,16396,74336),(0,16397,20640),(0,16397,20641),(0,16397,20642),(0,16397,20643),(0,16397,20644),(0,16397,20645),(0,16398,20646),(0,16398,20647),(0,16398,20648),(0,16398,20649),(0,16398,20650),(0,16398,20651),(0,16398,20652),(0,16398,20653),(0,16398,20654),(0,16398,20655),(0,16398,20656),(0,16399,20657),(0,16399,20658),(0,16399,20659),(0,16399,20660),(0,16399,20661),(0,16399,20662),(0,16399,20663),(0,16399,20664),(0,16399,20665),(0,16399,20666),(0,16399,20667),(0,16399,20668),(0,16399,20669),(0,16399,20670),(0,16399,20671),(0,16399,20672),(0,16399,20673),(0,16399,20674),(0,16399,20675),(0,16399,20676),(0,16399,20677),(0,16399,20678),(0,16399,20679),(0,16399,20680),(0,16399,20681),(0,16399,20682),(0,16399,20683),(0,16399,20684),(0,16399,20685),(0,16399,20686),(0,16399,20687),(0,16399,20688),(0,16399,20689),(0,16399,20701),(0,16399,20703),(0,16399,20714),(0,16399,20716),(0,16399,20717),(0,16399,20720),(0,16399,74647),(0,16399,74648),(0,16400,20721),(0,16400,20722),(0,16400,20723),(0,16400,20724),(0,16400,20726),(0,16400,20727),(0,16400,20728),(0,16400,20729),(0,16400,20730),(0,16400,20731),(0,16400,20732),(0,16400,20733),(0,16400,20734),(0,16400,20735),(0,16400,20736),(0,16400,20737),(0,16401,20738),(0,16401,20739),(0,16401,20740),(0,16401,20741),(0,16401,20742),(0,16401,20743),(0,16401,75052),(0,16401,75053),(0,16401,75054),(0,16401,75055),(0,16402,20744),(0,16402,20745),(0,16402,20746),(0,16402,20747),(0,16402,20748),(0,16402,75051),(0,16403,20749),(0,16403,20750),(0,16403,20751),(0,16403,20752),(0,16403,20753),(0,16403,20754),(0,16403,20755),(0,16403,20756),(0,16403,75050),(0,16404,20757),(0,16404,20758),(0,16404,20759),(0,16404,20760),(0,16404,20761),(0,16404,20762),(0,16404,20763),(0,16404,20764),(0,16404,20765),(0,16404,20919),(0,16405,20766),(0,16405,20767),(0,16405,20768),(0,16406,20769),(0,16406,20770),(0,16406,20771),(0,16407,20850),(0,16407,20851),(0,16407,20852),(0,16407,20853),(0,16407,20854),(0,16407,20855),(0,16407,20856),(0,16407,20857),(0,16407,20858),(0,16407,20859),(0,16407,74836),(0,16408,20860),(0,16408,20861),(0,16408,20862),(0,16408,20863),(0,16408,20864),(0,16408,20865),(0,16408,20866),(0,16408,20867),(0,16408,20868),(0,16408,20869),(0,16408,20870),(0,16408,20871),(0,16408,20872),(0,16408,20873),(0,16408,20874),(0,16409,20875),(0,16409,20876),(0,16409,20877),(0,16409,20878),(0,16410,20888),(0,16410,20889),(0,16410,20890),(0,16410,20891),(0,16410,20892),(0,16410,20893),(0,16411,20909),(0,16411,20910),(0,16411,20911),(0,16411,20912),(0,16412,20914),(0,16412,20915),(0,16412,75049),(0,16415,21088),(0,16415,21090),(0,16415,21091),(0,16415,21092),(0,16415,74661),(0,16416,21101),(0,16416,21102),(0,16416,21103),(0,16416,21111),(0,16416,21112),(0,16416,21113),(0,16416,21114),(0,16416,21115),(0,16416,21158),(0,16417,21104),(0,16417,21105),(0,16418,21118),(0,16418,21119),(0,16418,21197),(0,16418,21220),(0,16419,21120),(0,16419,21121),(0,16419,21122),(0,16420,21123),(0,16420,21124),(0,16420,21125),(0,16421,21126),(0,16421,21127),(0,16421,21128),(0,16422,21129),(0,16422,21130),(0,16422,21131),(0,16422,21132),(0,16422,21133),(0,16422,21134),(0,16422,21135),(0,16422,21136),(0,16423,21137),(0,16423,21138),(0,16423,21139),(0,16423,21140),(0,16423,21141),(0,16423,21142),(0,16424,21143),(0,16424,21144),(0,16424,21145),(0,16424,21146),(0,16424,21147),(0,16424,21148),(0,16424,21149),(0,16424,21150),(0,16424,21151),(0,16424,21152),(0,16424,21153),(0,16424,21154),(0,16424,21155),(0,16424,21156),(0,16424,75048),(0,16425,21164),(0,16425,74940),(0,16426,21183),(0,16426,21184),(0,16426,21196),(0,16427,21185),(0,16427,21186),(0,16427,21187),(0,16427,75047),(0,16429,21192),(0,16429,21193),(0,16429,21194),(0,16431,21200),(0,16431,21201),(0,16431,21202),(0,16434,21207),(0,16434,21208),(0,16434,21209),(0,16434,21210),(0,16434,21211),(0,16434,21212),(0,16434,21213),(0,16434,21214),(0,16434,21215),(0,16434,21216),(0,16434,21217),(0,16434,21218),(0,16434,21219),(0,16434,75024),(0,16435,74267),(0,16435,74268),(0,16435,74269),(0,16435,74270),(0,16435,74271),(0,16435,74272),(124,16435,74273),(124,16435,74274),(124,16435,74275),(124,16435,74276),(125,16435,74277),(125,16435,74278),(125,16435,74279),(125,16435,74280),(126,16435,74281),(126,16435,74282),(126,16435,74283),(127,16435,74284),(127,16435,74285),(127,16435,74286),(127,16435,74287),(127,16435,74288),(128,16435,74289),(128,16435,74290),(129,16435,74291),(129,16435,74292),(130,16435,74293),(130,16435,74294),(130,16435,74295),(130,16435,74296),(130,16435,74297),(130,16435,74298),(130,16435,74299),(130,16435,74300),(130,16435,74301),(130,16435,74302),(130,16435,74303),(130,16435,74304),(130,16435,74305),(130,16435,74306),(131,16435,74307),(131,16435,74308),(131,16435,74309),(131,16435,74310),(131,16435,74311),(131,16435,74312),(132,16435,74313),(132,16435,74314),(132,16435,74315),(0,16436,74316),(0,16436,74317),(0,16437,74263),(0,16437,74264),(0,16437,74265),(0,50060,20879),(0,50060,20880),(0,50060,20881),(0,50060,20882),(0,50060,74547),(0,50083,20616),(0,50083,20883),(0,50083,20884),(0,50083,20885),(0,50083,20886),(0,50083,20887),(0,51512,19766),(0,51512,19767),(0,51512,19768),(0,51512,19769),(0,51512,19770),(0,51512,19771),(0,51512,19772),(0,51512,75038),(0,51512,75039),(0,51512,75040),(0,51512,75041),(0,51512,75042),(0,51512,75043),(0,51513,19776),(0,51513,20895),(0,51513,20896),(0,51513,20897),(0,51513,20898),(0,51513,20899),(0,51513,20900),(0,51513,20901),(0,51513,20902),(0,51513,20903),(0,51513,20904),(0,51513,20905),(0,51513,20906),(0,51513,20907),(0,51513,20908),(0,51514,19777),(0,51514,20049),(0,51514,20050),(0,51514,20051),(0,51519,20028),(0,51519,20029),(0,51519,20030),(0,51519,20422),(0,51519,20423),(0,51519,20424),(0,51519,21166),(0,51519,21167),(0,51519,21168),(0,51519,21169),(0,51519,74440),(0,51519,74575),(0,51519,74790),(0,51519,75023),(0,51520,20031),(0,51520,20032),(0,51520,20033),(0,51520,20034),(0,51520,74665),(0,51534,20256),(0,51535,20257),(0,51536,20259),(0,51536,20260),(0,51536,20261),(0,51536,20262),(0,51536,20263),(0,51536,20264),(0,51536,20265),(0,51536,20266),(0,51536,20267),(0,51536,20268),(0,51536,20269),(0,51536,20270),(0,51536,20271),(0,51536,20272),(0,51536,20273),(0,51536,20274),(0,51536,20275),(0,51536,74835),(0,51536,75046),(0,51538,20283),(0,51539,20284),(0,51539,20567),(0,51539,20568),(0,51539,20569),(0,51539,20570),(0,51539,20571),(0,51539,20977),(0,51540,20285),(0,51540,75030),(0,51540,75031),(0,51540,75032),(0,51540,75033),(0,51540,75034),(0,51540,75035),(0,51540,75036),(0,51540,75037),(0,51542,20298),(0,51542,20299),(0,51542,20300),(0,51542,20799),(0,51542,20800),(0,51542,20801),(0,51542,21191),(0,51542,74786),(0,51543,20322),(0,51543,20324),(0,51543,20792),(0,51543,75044),(0,51543,75045),(0,51545,20378),(0,51545,20480),(0,51551,20471),(0,51551,20472),(0,51551,20473),(0,51551,20474),(0,51551,20475),(0,51551,20476),(0,51551,20835),(0,51551,20836),(0,51551,20837),(0,51551,20838),(0,51551,20839),(0,51551,20840),(0,51551,21159),(0,51551,21160),(0,51551,21161),(0,51551,21162),(0,51552,20530),(0,51552,20531),(0,51552,20532),(0,51552,20533),(0,51552,20534),(0,51552,20535),(0,51552,20536),(0,51552,20537),(0,51552,20538),(0,51552,20539),(0,51552,20540),(0,51552,20541),(0,51552,20542),(0,51552,20543),(0,51552,20544),(0,51552,20545),(0,51552,20546),(0,51552,20547),(0,51552,20548),(0,51552,20549),(0,51552,20550),(0,51553,20551),(0,51553,20552),(0,51553,20563),(0,51553,20564),(0,51553,20565),(0,51553,20566),(0,51553,75029),(0,51554,20560),(0,51554,20561),(0,51557,20629),(0,51557,20630),(0,51557,20631),(0,51557,20632),(0,51557,20633),(0,51557,20634),(0,51557,20635),(0,51557,75017),(0,51557,75018),(0,51557,75019),(0,51557,75020),(0,51557,75021),(0,51558,21075),(0,51558,21076),(0,51766,74366),(0,51766,74367),(0,51767,74369),(0,51767,74370),(0,51767,74371),(0,51767,74372),(0,51767,75027),(0,51767,75028),(0,51768,74383),(0,51768,74384),(0,51768,74385),(0,51768,74792),(0,51770,74394),(0,51770,74395),(0,51770,74396),(0,51770,74397),(0,51770,74398),(0,51770,74399),(0,51770,74400),(0,51770,74401),(0,51770,74402),(0,51770,74403),(0,51770,74404),(0,51770,74405),(0,51770,74406),(0,51770,74407),(0,51770,74408),(0,51770,74409),(0,51770,74410),(0,51770,74411),(0,51770,74412),(0,51770,74413),(0,51770,74414),(0,51770,74415),(0,51770,74416),(0,51770,74417),(0,51770,74418),(0,51770,74419),(0,51770,74420),(0,51770,74421),(0,51770,74422),(0,51770,74423),(0,51771,74442),(0,51771,74443),(0,51773,74449),(0,51773,74450),(0,51773,74451),(0,51773,74452),(0,51773,74453),(0,51773,74460),(0,51773,74489),(0,51773,74490),(0,51773,75011),(0,51773,75012),(0,51773,75013),(0,51773,75014),(0,51773,75015),(0,51773,75016),(0,51774,74485),(0,51774,74486),(0,51774,74487),(0,51774,74488),(0,51774,74495),(0,51774,74684),(0,51774,74685),(0,51774,74686),(0,51776,74511),(0,51776,74512),(0,51776,74513),(0,51779,74533),(0,51779,74534),(0,51779,74535),(0,51779,74536),(0,51779,74537),(0,51779,74538),(0,51779,74539),(0,51780,74636),(0,51780,74637),(0,51781,74638),(0,51781,74639),(0,51781,74640),(0,51781,74641),(0,51781,75026),(0,51782,74642),(0,51782,74643),(0,51782,74644),(0,51782,74645),(0,51782,74646),(0,51782,75025),(0,51788,74806),(0,51788,74807),(0,51791,74957),(0,51791,74958),(0,51791,74959),(0,51792,74960),(0,51792,74961),(0,51792,74962),(0,51792,74963),(0,51793,74975),(0,51793,74976),(0,51793,74977),(0,51793,74978),(0,51793,74979),(0,51793,74980),(0,51794,74981),(0,51794,74982),(0,51794,74983),(0,51794,74984),(0,51794,74985),(0,51795,74988),(0,51795,74989),(0,51795,74990),(0,51796,74991),(0,51796,74992),(0,51798,75089),(0,51798,75090),(0,51798,75091),(0,51798,75092);
/*!40000 ALTER TABLE `MakeModels` ENABLE KEYS */;
UNLOCK TABLES;

--
-- Table structure for table `Risposte`
--

DROP TABLE IF EXISTS `Risposte`;
/*!40101 SET @saved_cs_client     = @@character_set_client */;
 SET character_set_client = utf8mb4 ;
CREATE TABLE `Risposte` (
  `Email` varchar(250) NOT NULL,
  `Marca` varchar(45) NOT NULL,
  `Modello` varchar(45) NOT NULL,
  `Anno` int(11) NOT NULL,
  `HP` int(11) NOT NULL,
  `Km` int(11) NOT NULL,
  `Nuova` varchar(45) NOT NULL,
  `Prezzo` int(11) DEFAULT NULL,
  `Valuta` varchar(100) DEFAULT NULL,
  PRIMARY KEY (`Email`)
) ENGINE=InnoDB DEFAULT CHARSET=utf8;
/*!40101 SET character_set_client = @saved_cs_client */;

--
-- Dumping data for table `Risposte`
--

LOCK TABLES `Risposte` WRITE;
/*!40000 ALTER TABLE `Risposte` DISABLE KEYS */;
INSERT INTO `Risposte` VALUES ('bi@alice.it','Aston Martin','Lagonda',1995,2334,3434545,'UsataVal',34,'USD'),('m.prova1@alice.it','Alfa Romeo','145',2018,1345,1234,'UsataVal',83,'USD'),('m.prova@alice.it','Alfa Romeo','146',2018,12,2,'NuovaVal',22,'EUR'),('provamail@gmail.com','Alfa Romeo','155',2017,2000,10000,'NuovaVal',30000,'EUR'),('s.o@alice.com','Audi','80',2018,34,4,'UsataVal',6,'USD');
/*!40000 ALTER TABLE `Risposte` ENABLE KEYS */;
UNLOCK TABLES;

--
-- Table structure for table `Series`
--

DROP TABLE IF EXISTS `Series`;
/*!40101 SET @saved_cs_client     = @@character_set_client */;
 SET character_set_client = utf8mb4 ;
CREATE TABLE `Series` (
  `SerieId` int(11) NOT NULL,
  `Description` varchar(250) NOT NULL,
  PRIMARY KEY (`SerieId`)
) ENGINE=InnoDB DEFAULT CHARSET=utf8;
/*!40101 SET character_set_client = @saved_cs_client */;

--
-- Dumping data for table `Series`
--

LOCK TABLES `Series` WRITE;
/*!40000 ALTER TABLE `Series` DISABLE KEYS */;
INSERT INTO `Series` VALUES (0,'Nessuna Serie'),(37,'1-Series'),(38,'3-Series'),(39,'5-Series'),(40,'6-Series'),(41,'7-Series'),(42,'8-Series'),(43,'M-Series'),(44,'X-Series'),(45,'Z-Series'),(46,'ES-Series'),(47,'GS-Series'),(48,'GX-Series'),(49,'IS-Series'),(50,'LS-Series'),(51,'LX-Series'),(52,'RX-Series'),(53,'SC-Series'),(54,'A-Series'),(55,'B-Series'),(56,'C-Series'),(57,'CE-Series'),(58,'CL-Series'),(59,'CLK-Series'),(60,'CLS-Series'),(61,'E-Series'),(62,'G-Series'),(63,'GL-Series'),(64,'ML-Series'),(65,'R-Series'),(66,'S-Series'),(67,'SL-Series'),(68,'SLK-Series'),(69,'V-Series'),(70,'911-Series'),(83,'GLK-series'),(90,'Coupe'),(91,'Cabrio'),(92,'Clubman'),(93,'Countryman'),(94,'Roadster'),(95,'Paceman'),(96,'CLA-Series'),(97,'4-Series'),(98,'2-series'),(99,'Polo (alle)'),(100,'Passat (alle)'),(101,'Golf (alle)'),(102,'GLA-Klasse (alle)'),(104,'T3 (alle)'),(105,'T4 (alle)'),(106,'T5 (alle)'),(114,'GLE-Series'),(115,'T6 Series'),(116,'GLC-Series'),(118,'Tourneo (alle)'),(119,'Transit (alle)'),(120,'NX-Serie'),(121,'RC-Serie'),(122,'GLS (alle)'),(123,'SLC (alle)'),(124,'Aston Martin (alle)'),(125,'Bentley (alle)'),(126,'BMW(alle)'),(127,'Ferrari (alle)'),(128,'Lotus (alle)'),(129,'Maserati (alle)'),(130,'Mercedes-Benz (alle)'),(131,'Porsche (alle)'),(132,'Rolls-Royce (alle)'),(141,'3/5 Doors'),(142,'X-Series'),(143,'LC-Serie'),(144,'UX-Serie'),(145,'C3 (alle)'),(146,'C4 (alle)'),(147,'C5 (alle)');
/*!40000 ALTER TABLE `Series` ENABLE KEYS */;
UNLOCK TABLES;
/*!40103 SET TIME_ZONE=@OLD_TIME_ZONE */;

/*!40101 SET SQL_MODE=@OLD_SQL_MODE */;
/*!40014 SET FOREIGN_KEY_CHECKS=@OLD_FOREIGN_KEY_CHECKS */;
/*!40014 SET UNIQUE_CHECKS=@OLD_UNIQUE_CHECKS */;
/*!40101 SET CHARACTER_SET_CLIENT=@OLD_CHARACTER_SET_CLIENT */;
/*!40101 SET CHARACTER_SET_RESULTS=@OLD_CHARACTER_SET_RESULTS */;
/*!40101 SET COLLATION_CONNECTION=@OLD_COLLATION_CONNECTION */;
/*!40111 SET SQL_NOTES=@OLD_SQL_NOTES */;

-- Dump completed on 2018-11-01 18:47:28
