-- --------------------------------------------------------
-- Host:                         127.0.0.1
-- Server version:               10.5.5-MariaDB - mariadb.org binary distribution
-- Server OS:                    Win64
-- HeidiSQL Version:             11.0.0.5919
-- --------------------------------------------------------

/*!40101 SET @OLD_CHARACTER_SET_CLIENT=@@CHARACTER_SET_CLIENT */;
/*!40101 SET NAMES utf8 */;
/*!50503 SET NAMES utf8mb4 */;
/*!40014 SET @OLD_FOREIGN_KEY_CHECKS=@@FOREIGN_KEY_CHECKS, FOREIGN_KEY_CHECKS=0 */;
/*!40101 SET @OLD_SQL_MODE=@@SQL_MODE, SQL_MODE='NO_AUTO_VALUE_ON_ZERO' */;


-- Dumping database structure for safety_car
DROP DATABASE IF EXISTS `safety_car`;
CREATE DATABASE IF NOT EXISTS `safety_car` /*!40100 DEFAULT CHARACTER SET latin1 */;
USE `safety_car`;

-- Dumping structure for table safety_car.authorities
CREATE TABLE IF NOT EXISTS `authorities` (
  `username` varchar(50) NOT NULL,
  `authority` varchar(50) NOT NULL,
  UNIQUE KEY `username_authority` (`username`,`authority`),
  CONSTRAINT `authorities_fk` FOREIGN KEY (`username`) REFERENCES `users` (`username`)
) ENGINE=InnoDB DEFAULT CHARSET=latin1;

-- Dumping data for table safety_car.authorities: ~29 rows (approximately)
/*!40000 ALTER TABLE `authorities` DISABLE KEYS */;
INSERT INTO `authorities` (`username`, `authority`) VALUES
	('alabala@ala.bala', 'ROLE_USER'),
	('bobi.dostumski@gmail.com', 'ROLE_USER'),
	('denica.ivanova@mail.bg', 'ROLE_USER'),
	('georgi.georgiev@gmail.com', 'ROLE_USER'),
	('haralampi@abv.bg', 'ROLE_USER'),
	('ina.petleshkova@gmail.com', 'ROLE_ADMIN'),
	('ina.petleshkova@gmail.com', 'ROLE_USER'),
	('kamenoshi@gmail.com', 'ROLE_USER'),
	('konstantin.v@mail.com', 'ROLE_USER'),
	('kosta.kolev@gmail.com', 'ROLE_USER'),
	('kris.dobrev@mail.bg', 'ROLE_USER'),
	('m.filipov@me.com', 'ROLE_ADMIN'),
	('m.filipov@me.com', 'ROLE_FULLADMIN'),
	('m.filipov@me.com', 'ROLE_USER'),
	('mfilipov@me.com', 'ROLE_ADMIN'),
	('mfilipov@me.com', 'ROLE_USER'),
	('miroslav.d.filipov+123@gmail.com', 'ROLE_USER'),
	('miroslav.d.filipov+test@gmail.com', 'ROLE_USER'),
	('miroslav.d.filipov+testpic@gmail.com', 'ROLE_USER'),
	('miroslav.d.filipov+testt@gmail.com', 'ROLE_USER'),
	('miroslav.d.filipov+testt@me.com', 'ROLE_USER'),
	('miroslav.d.filipov@gmail.com', 'ROLE_USER'),
	('misho.gerganchev@mail.com', 'ROLE_USER'),
	('pesho.raykov@mail.bg', 'ROLE_USER'),
	('petar.petrov@gmail.com', 'ROLE_USER'),
	('petya.gr@mail.com', 'ROLE_USER'),
	('stef4o.s@abv.bg', 'ROLE_USER'),
	('test.pri.testa+testnasnimka@gmail.com', 'ROLE_USER'),
	('test.pri.testa@gmail.com', 'ROLE_USER'),
	('test@test.test', 'ROLE_USER'),
	('toshko.andonov@mail.bg', 'ROLE_USER'),
	('trendafilka@mail.com', 'ROLE_USER'),
	('vancho.e@gmail.com', 'ROLE_USER'),
	('venko.zlatanov@email.com', 'ROLE_USER'),
	('viktor.nikolov@gmail.com', 'ROLE_USER');
/*!40000 ALTER TABLE `authorities` ENABLE KEYS */;

-- Dumping structure for table safety_car.cities
CREATE TABLE IF NOT EXISTS `cities` (
  `id` int(11) NOT NULL AUTO_INCREMENT,
  `name` varchar(50) NOT NULL,
  PRIMARY KEY (`id`),
  UNIQUE KEY `cities_name_uindex` (`name`)
) ENGINE=InnoDB AUTO_INCREMENT=45 DEFAULT CHARSET=latin1;

-- Dumping data for table safety_car.cities: ~44 rows (approximately)
/*!40000 ALTER TABLE `cities` DISABLE KEYS */;
INSERT INTO `cities` (`id`, `name`) VALUES
	(3, 'Asenovgrad'),
	(4, 'Blagoevgrad'),
	(5, 'Burgas'),
	(6, 'Dimitrovgrad'),
	(7, 'Dobrich'),
	(8, 'Dupnitsa'),
	(9, 'Gabrovo'),
	(10, 'Gorna Oryahovitsa'),
	(11, 'Haskovo'),
	(12, 'Kalofer'),
	(13, 'Karlovo'),
	(14, 'Kazanluk'),
	(15, 'Kurdzhali'),
	(16, 'Kyustendil'),
	(17, 'Lom'),
	(18, 'Lovech'),
	(19, 'Melnik'),
	(20, 'Montana'),
	(21, 'Nova Zagora'),
	(22, 'Pazardzhik'),
	(23, 'Pernik'),
	(24, 'Petrich'),
	(25, 'Pleven'),
	(1, 'Plovdiv'),
	(26, 'Razgrad'),
	(27, 'Ruse'),
	(28, 'Samokov'),
	(29, 'Sandanski'),
	(30, 'Sevlievo'),
	(31, 'Shumen'),
	(32, 'Silistra'),
	(33, 'Sliven'),
	(34, 'Smolyan'),
	(2, 'Sofia'),
	(35, 'Stara Zagora'),
	(36, 'Svishtov'),
	(37, 'Troyan'),
	(38, 'Turgovishte'),
	(39, 'Varna'),
	(40, 'Veliko Turnovo'),
	(41, 'Velingrad'),
	(42, 'Vidin'),
	(43, 'Vratsa'),
	(44, 'Yambol');
/*!40000 ALTER TABLE `cities` ENABLE KEYS */;

-- Dumping structure for table safety_car.makes
CREATE TABLE IF NOT EXISTS `makes` (
  `id` int(11) NOT NULL AUTO_INCREMENT,
  `name` varchar(30) NOT NULL,
  PRIMARY KEY (`id`),
  UNIQUE KEY `brands_brand_name_uindex` (`name`)
) ENGINE=InnoDB AUTO_INCREMENT=74 DEFAULT CHARSET=latin1;

-- Dumping data for table safety_car.makes: ~73 rows (approximately)
/*!40000 ALTER TABLE `makes` DISABLE KEYS */;
INSERT INTO `makes` (`id`, `name`) VALUES
	(1, 'Acura'),
	(2, 'Alfa Romeo'),
	(3, 'AMC'),
	(4, 'Aston Martin'),
	(5, 'Audi'),
	(6, 'Avanti'),
	(7, 'Bentley'),
	(8, 'BMW'),
	(9, 'Buick'),
	(10, 'Cadillac'),
	(11, 'Chevrolet'),
	(12, 'Chrysler'),
	(73, 'Citroen'),
	(13, 'Daewoo'),
	(14, 'Daihatsu'),
	(15, 'Datsun'),
	(16, 'DeLorean'),
	(17, 'Dodge'),
	(18, 'Eagle'),
	(19, 'Ferrari'),
	(20, 'FIAT'),
	(21, 'Fisker'),
	(22, 'Ford'),
	(23, 'Freightliner'),
	(24, 'Geo'),
	(25, 'GMC'),
	(26, 'Honda'),
	(27, 'HUMMER'),
	(28, 'Hyundai'),
	(29, 'Infiniti'),
	(30, 'Isuzu'),
	(31, 'Jaguar'),
	(32, 'Jeep'),
	(33, 'Kia'),
	(34, 'Lada'),
	(35, 'Lamborghini'),
	(36, 'Lancia'),
	(37, 'Land Rover'),
	(38, 'Lexus'),
	(39, 'Lincoln'),
	(40, 'Lotus'),
	(41, 'Maserati'),
	(42, 'Maybach'),
	(43, 'Mazda'),
	(44, 'McLaren'),
	(45, 'Mercedes-Benz'),
	(46, 'Mercury'),
	(47, 'Merkur'),
	(48, 'MINI'),
	(49, 'Mitsubishi'),
	(50, 'Nissan'),
	(51, 'Oldsmobile'),
	(52, 'Peugeot'),
	(53, 'Plymouth'),
	(54, 'Pontiac'),
	(55, 'Porsche'),
	(56, 'RAM'),
	(57, 'Renault'),
	(58, 'Rolls-Royce'),
	(59, 'Saab'),
	(60, 'Saturn'),
	(61, 'Scion'),
	(62, 'smart'),
	(63, 'SRT'),
	(64, 'Sterling'),
	(65, 'Subaru'),
	(66, 'Suzuki'),
	(67, 'Tesla'),
	(68, 'Toyota'),
	(69, 'Triumph'),
	(70, 'Volkswagen'),
	(71, 'Volvo'),
	(72, 'Yugo');
/*!40000 ALTER TABLE `makes` ENABLE KEYS */;

-- Dumping structure for table safety_car.models
CREATE TABLE IF NOT EXISTS `models` (
  `id` int(11) NOT NULL AUTO_INCREMENT,
  `make_id` int(11) DEFAULT NULL,
  `model` varchar(50) NOT NULL,
  PRIMARY KEY (`id`),
  KEY `models_makes_id_fk` (`make_id`),
  CONSTRAINT `models_makes_id_fk` FOREIGN KEY (`make_id`) REFERENCES `makes` (`id`)
) ENGINE=InnoDB AUTO_INCREMENT=8699 DEFAULT CHARSET=latin1;

-- Dumping data for table safety_car.models: ~1,508 rows (approximately)
/*!40000 ALTER TABLE `models` DISABLE KEYS */;
INSERT INTO `models` (`id`, `make_id`, `model`) VALUES
	(1, 1, 'ILX'),
	(2, 1, 'MDX'),
	(3, 1, 'MDXSportHybrid'),
	(4, 1, 'NSX'),
	(5, 1, 'RDX'),
	(6, 1, 'RLXSportHybrid'),
	(7, 1, 'TL'),
	(8, 1, 'TLX'),
	(9, 1, 'TSX'),
	(10, 1, 'ZDX'),
	(11, 10, 'Allante'),
	(12, 10, 'Brougham'),
	(13, 10, 'Catera'),
	(14, 10, 'CTS'),
	(15, 10, 'CTS-V'),
	(16, 10, 'DeVille'),
	(17, 10, 'DTS'),
	(18, 10, 'Eldorado'),
	(19, 10, 'Escalade ESV'),
	(20, 10, 'Escalade'),
	(21, 10, 'Fleetwood'),
	(22, 10, 'Seville'),
	(23, 10, 'Sixty Special'),
	(24, 10, 'SRX'),
	(25, 10, 'STS'),
	(26, 10, 'STS-V'),
	(27, 10, 'XLR'),
	(28, 10, 'XLR-V'),
	(29, 10, 'ATS'),
	(30, 10, 'ATS-V'),
	(31, 10, 'CT6'),
	(32, 10, 'CT6-V'),
	(33, 10, 'CTS'),
	(34, 10, 'CTS-V'),
	(35, 10, 'ELR'),
	(36, 10, 'Escalade'),
	(37, 10, 'EscaladeESV'),
	(38, 10, 'SRX'),
	(39, 10, 'XT4'),
	(40, 10, 'XT5'),
	(41, 10, 'XT6'),
	(42, 10, 'XTS'),
	(43, 11, '1500'),
	(44, 11, '2500'),
	(45, 11, '3500'),
	(46, 11, 'APV'),
	(47, 11, 'Astro'),
	(48, 11, 'Avalanche 1500'),
	(49, 11, 'Avalanche'),
	(50, 11, 'Aveo'),
	(51, 11, 'Bel Air'),
	(52, 11, 'Beretta'),
	(53, 11, 'Blazer'),
	(54, 11, 'Camaro'),
	(55, 11, 'Caprice Classic'),
	(56, 11, 'Caprice'),
	(57, 11, 'Cavalier'),
	(58, 11, 'Citation'),
	(59, 11, 'Classic'),
	(60, 11, 'Cobalt SS'),
	(61, 11, 'Cobalt'),
	(62, 11, 'Colorado'),
	(63, 11, 'Corsica'),
	(64, 11, 'Corvair 500'),
	(65, 11, 'Corvair'),
	(66, 11, 'Corvette'),
	(67, 11, 'Cruze'),
	(68, 11, 'Equinox'),
	(69, 11, 'Express 1500'),
	(70, 11, 'Express 2500'),
	(71, 11, 'Express 3500'),
	(72, 11, 'Express'),
	(73, 11, 'G-Series 1500'),
	(74, 11, 'G-Series 2500'),
	(75, 11, 'G-Series 3500'),
	(76, 11, 'G-Series G10'),
	(77, 11, 'G-Series G20'),
	(78, 11, 'G-Series G30'),
	(79, 11, 'HHR Panel'),
	(80, 11, 'HHR'),
	(81, 11, 'Impala SS'),
	(82, 11, 'Impala'),
	(83, 11, 'K5 Blazer'),
	(84, 11, 'Lumina APV'),
	(85, 11, 'Lumina'),
	(86, 11, 'LUV'),
	(87, 11, 'Malibu Maxx'),
	(88, 11, 'Malibu'),
	(89, 11, 'Metro'),
	(90, 11, 'Monte Carlo'),
	(91, 11, 'Monza'),
	(92, 11, 'Prizm'),
	(93, 11, 'S10 Blazer'),
	(94, 11, 'S10'),
	(95, 11, 'Silverado 1500'),
	(96, 11, 'Silverado 2500'),
	(97, 11, 'Silverado 3500'),
	(98, 11, 'Silverado 3500HD'),
	(99, 11, 'Silverado Hybrid'),
	(100, 11, 'Silverado'),
	(101, 11, 'Sonic'),
	(102, 11, 'Sportvan G10'),
	(103, 11, 'Sportvan G20'),
	(104, 11, 'Sportvan G30'),
	(105, 11, 'SSR'),
	(106, 11, 'Suburban 1500'),
	(107, 11, 'Suburban 2500'),
	(108, 11, 'Suburban'),
	(109, 11, 'Tahoe'),
	(110, 11, 'Tracker'),
	(111, 11, 'Trailblazer'),
	(112, 11, 'Traverse'),
	(113, 11, 'Uplander'),
	(114, 11, 'Vega'),
	(115, 11, 'Venture'),
	(116, 11, 'Volt'),
	(117, 11, 'Avalanche'),
	(118, 11, 'Blazer'),
	(119, 11, 'BoltEV'),
	(120, 11, 'Camaro'),
	(121, 11, 'CaptivaSport'),
	(122, 11, 'CityExpress'),
	(123, 11, 'ColoradoCrewCab'),
	(124, 11, 'ColoradoExtendedCab'),
	(125, 11, 'Corvette'),
	(126, 11, 'Cruze'),
	(127, 11, 'CruzeLimited'),
	(128, 11, 'Equinox'),
	(129, 11, 'Express1500Cargo'),
	(130, 11, 'Express1500Passenger'),
	(131, 11, 'Express2500Cargo'),
	(132, 11, 'Express2500Passenger'),
	(133, 11, 'Express3500Cargo'),
	(134, 11, 'Express3500Passenger'),
	(135, 11, 'Impala'),
	(136, 11, 'ImpalaLimited'),
	(137, 11, 'Malibu'),
	(138, 11, 'MalibuLimited'),
	(139, 11, 'Silverado1500CrewCab'),
	(140, 11, 'Silverado1500DoubleCab'),
	(141, 11, 'Silverado1500ExtendedCab'),
	(142, 11, 'Silverado1500LDDoubleCab'),
	(143, 11, 'Silverado1500RegularCab'),
	(144, 11, 'Silverado2500HDCrewCab'),
	(145, 11, 'Silverado2500HDDoubleCab'),
	(146, 11, 'Silverado2500HDExtendedCab'),
	(147, 11, 'Silverado2500HDRegularCab'),
	(148, 11, 'Silverado3500HDCrewCab'),
	(149, 11, 'Silverado3500HDDoubleCab'),
	(150, 11, 'Silverado3500HDExtendedCab'),
	(151, 11, 'Silverado3500HDRegularCab'),
	(152, 11, 'Sonic'),
	(153, 11, 'Spark'),
	(154, 11, 'SparkEV'),
	(155, 11, 'SS'),
	(156, 11, 'Suburban'),
	(157, 11, 'Suburban1500'),
	(158, 11, 'Suburban2500'),
	(159, 11, 'Suburban3500HD'),
	(160, 11, 'Tahoe'),
	(161, 11, 'Traverse'),
	(162, 11, 'Trax'),
	(163, 11, 'Volt'),
	(164, 12, '200'),
	(165, 12, '300'),
	(166, 12, '300C'),
	(167, 12, '300M'),
	(168, 12, 'Aspen'),
	(169, 12, 'Cirrus'),
	(170, 12, 'Concorde'),
	(171, 12, 'Crossfire Roadster'),
	(172, 12, 'Crossfire'),
	(173, 12, 'Fifth Ave'),
	(174, 12, 'Grand Voyager'),
	(175, 12, 'Imperial'),
	(176, 12, 'LeBaron'),
	(177, 12, 'LHS'),
	(178, 12, 'New Yorker'),
	(179, 12, 'Pacifica'),
	(180, 12, 'Prowler'),
	(181, 12, 'PT Cruiser'),
	(182, 12, 'Sebring'),
	(183, 12, 'Town & Country'),
	(184, 12, 'Voyager'),
	(185, 12, '200'),
	(186, 12, '300'),
	(187, 12, 'Pacifica'),
	(188, 12, 'PacificaHybrid'),
	(189, 12, 'Town&Country'),
	(190, 13, 'Lanos'),
	(191, 13, 'Leganza'),
	(192, 13, 'Nubira'),
	(193, 17, 'Aries'),
	(194, 17, 'Aspen'),
	(195, 17, 'Avenger'),
	(196, 17, 'Caliber'),
	(197, 17, 'Caravan'),
	(198, 17, 'Challenger'),
	(199, 17, 'Charger'),
	(200, 17, 'Colt'),
	(201, 17, 'D150 Club'),
	(202, 17, 'D150'),
	(203, 17, 'D250 Club'),
	(204, 17, 'D250'),
	(205, 17, 'D350 Club'),
	(206, 17, 'D350'),
	(207, 17, 'Dakota Club'),
	(208, 17, 'Dakota'),
	(209, 17, 'Daytona'),
	(210, 17, 'Durango'),
	(211, 17, 'Dynasty'),
	(212, 17, 'Grand Caravan'),
	(213, 17, 'Intrepid'),
	(214, 17, 'Journey'),
	(215, 17, 'Magnum'),
	(216, 17, 'Monaco'),
	(217, 17, 'Neon'),
	(218, 17, 'Nitro'),
	(219, 17, 'Omni'),
	(220, 17, 'Shadow'),
	(221, 17, 'Spirit'),
	(222, 17, 'Sprinter'),
	(223, 17, 'Stealth'),
	(224, 17, 'Stratus'),
	(225, 17, 'Viper RT/10'),
	(226, 17, 'Viper'),
	(227, 17, 'Avenger'),
	(228, 17, 'Challenger'),
	(229, 17, 'Charger'),
	(230, 17, 'Dart'),
	(231, 17, 'Durango'),
	(232, 17, 'GrandCaravanPassenger'),
	(233, 17, 'Journey'),
	(234, 17, 'Viper'),
	(235, 19, '430 Scuderia'),
	(236, 19, '458 Italia'),
	(237, 19, '599 GTB Fiorano'),
	(238, 19, '612 Scaglietti'),
	(239, 19, 'California'),
	(240, 19, 'F430 Spider'),
	(241, 19, 'F430'),
	(242, 19, 'FF'),
	(243, 19, '458Italia'),
	(244, 19, '458Speciale'),
	(245, 19, '458Spider'),
	(246, 19, '488GTB'),
	(247, 19, '488Spider'),
	(248, 19, '812Superfast'),
	(249, 19, 'California'),
	(250, 19, 'F12berlinetta'),
	(251, 19, 'FF'),
	(252, 19, 'GTC4Lusso'),
	(253, 19, 'Portofino'),
	(254, 2, '164'),
	(255, 2, 'Spider'),
	(256, 2, '4C'),
	(257, 2, '4CSpider'),
	(258, 2, 'Giulia'),
	(259, 2, 'Stelvio'),
	(260, 20, '500'),
	(261, 20, 'Nuova 500'),
	(262, 20, '124Spider'),
	(263, 20, '500'),
	(264, 20, '500Abarth'),
	(265, 20, '500c'),
	(266, 20, '500cAbarth'),
	(267, 20, '500e'),
	(268, 20, '500L'),
	(269, 20, '500X'),
	(270, 22, 'Aerostar'),
	(271, 22, 'Aspire'),
	(272, 22, 'Bronco II'),
	(273, 22, 'Bronco'),
	(274, 22, 'Club Wagon'),
	(275, 22, 'C-MAX Hybrid'),
	(276, 22, 'Contour'),
	(277, 22, 'Country'),
	(278, 22, 'Courier'),
	(279, 22, 'Crown Victoria'),
	(280, 22, 'E150'),
	(281, 22, 'E250'),
	(282, 22, 'E-350 Super Duty Van'),
	(283, 22, 'E-350 Super Duty'),
	(284, 22, 'E350'),
	(285, 22, 'Econoline E150'),
	(286, 22, 'Econoline E250'),
	(287, 22, 'Econoline E350'),
	(288, 22, 'Edge'),
	(289, 22, 'Escape'),
	(290, 22, 'Escort ZX2'),
	(291, 22, 'Escort'),
	(292, 22, 'E-Series'),
	(293, 22, 'Excursion'),
	(294, 22, 'EXP'),
	(295, 22, 'Expedition EL'),
	(296, 22, 'Expedition'),
	(297, 22, 'Explorer Sport Trac'),
	(298, 22, 'Explorer Sport'),
	(299, 22, 'Explorer'),
	(300, 22, 'F150'),
	(301, 22, 'F-250 Super Duty'),
	(302, 22, 'F250'),
	(303, 22, 'F-350 Super Duty'),
	(304, 22, 'F350'),
	(305, 22, 'F450'),
	(306, 22, 'Fairlane'),
	(307, 22, 'Falcon'),
	(308, 22, 'Festiva'),
	(309, 22, 'Fiesta'),
	(310, 22, 'Five Hundred'),
	(311, 22, 'Flex'),
	(312, 22, 'Focus ST'),
	(313, 22, 'Focus'),
	(314, 22, 'Freestar'),
	(315, 22, 'Freestyle'),
	(316, 22, 'F-Series Super Duty'),
	(317, 22, 'F-Series'),
	(318, 22, 'Fusion'),
	(319, 22, 'Galaxie'),
	(320, 22, 'GT'),
	(321, 22, 'GT500'),
	(322, 22, 'Laser'),
	(323, 22, 'Lightning'),
	(324, 22, 'LTD Crown Victoria'),
	(325, 22, 'LTD'),
	(326, 22, 'Model T'),
	(327, 22, 'Mustang'),
	(328, 22, 'Probe'),
	(329, 22, 'Ranger'),
	(330, 22, 'Taurus X'),
	(331, 22, 'Taurus'),
	(332, 22, 'Tempo'),
	(333, 22, 'Th!nk'),
	(334, 22, 'Thunderbird'),
	(335, 22, 'Torino'),
	(336, 22, 'Transit Connect'),
	(337, 22, 'Windstar'),
	(338, 22, 'ZX2'),
	(339, 22, 'C-MAXEnergi'),
	(340, 22, 'C-MAXHybrid'),
	(341, 22, 'E150Cargo'),
	(342, 22, 'E150Passenger'),
	(343, 22, 'E250Cargo'),
	(344, 22, 'E350SuperDutyCargo'),
	(345, 22, 'E350SuperDutyPassenger'),
	(346, 22, 'EcoSport'),
	(347, 22, 'Edge'),
	(348, 22, 'Escape'),
	(349, 22, 'Expedition'),
	(350, 22, 'ExpeditionEL'),
	(351, 22, 'ExpeditionMAX'),
	(352, 22, 'Explorer'),
	(353, 22, 'F150RegularCab'),
	(354, 22, 'F150SuperCab'),
	(355, 22, 'F150SuperCrewCab'),
	(356, 22, 'F250SuperDutyCrewCab'),
	(357, 22, 'F250SuperDutyRegularCab'),
	(358, 22, 'F250SuperDutySuperCab'),
	(359, 22, 'F350SuperDutyCrewCab'),
	(360, 22, 'F350SuperDutyRegularCab'),
	(361, 22, 'F350SuperDutySuperCab'),
	(362, 22, 'F450SuperDutyCrewCab'),
	(363, 22, 'Fiesta'),
	(364, 22, 'Flex'),
	(365, 22, 'Focus'),
	(366, 22, 'FocusST'),
	(367, 22, 'Fusion'),
	(368, 22, 'FusionEnergi'),
	(369, 22, 'Mustang'),
	(370, 22, 'RangerSuperCab'),
	(371, 22, 'RangerSuperCrew'),
	(372, 22, 'Taurus'),
	(373, 22, 'Transit150Van'),
	(374, 22, 'Transit150Wagon'),
	(375, 22, 'Transit250Van'),
	(376, 22, 'Transit350HDVan'),
	(377, 22, 'Transit350Van'),
	(378, 22, 'Transit350Wagon'),
	(379, 22, 'TransitConnectCargo'),
	(380, 22, 'TransitConnectPassenger'),
	(381, 25, 'Acadia'),
	(382, 25, 'AcadiaLimited'),
	(383, 25, 'CanyonCrewCab'),
	(384, 25, 'CanyonExtendedCab'),
	(385, 25, 'Savana1500Cargo'),
	(386, 25, 'Savana1500Passenger'),
	(387, 25, 'Savana2500Cargo'),
	(388, 25, 'Savana2500Passenger'),
	(389, 25, 'Savana3500Cargo'),
	(390, 25, 'Savana3500Passenger'),
	(391, 25, 'Sierra1500CrewCab'),
	(392, 25, 'Sierra1500DoubleCab'),
	(393, 25, 'Sierra1500ExtendedCab'),
	(394, 25, 'Sierra1500LimitedDoubleCab'),
	(395, 25, 'Sierra1500RegularCab'),
	(396, 25, 'Sierra2500HDCrewCab'),
	(397, 25, 'Sierra2500HDDoubleCab'),
	(398, 25, 'Sierra2500HDExtendedCab'),
	(399, 25, 'Sierra2500HDRegularCab'),
	(400, 25, 'Sierra3500HDCrewCab'),
	(401, 25, 'Sierra3500HDDoubleCab'),
	(402, 25, 'Sierra3500HDExtendedCab'),
	(403, 25, 'Sierra3500HDRegularCab'),
	(404, 25, 'Terrain'),
	(405, 25, 'Yukon'),
	(406, 25, 'YukonXL'),
	(407, 25, 'YukonXL1500'),
	(408, 25, 'YukonXL2500'),
	(409, 26, 'Accord Crosstour'),
	(410, 26, 'Accord'),
	(411, 26, 'Civic GX'),
	(412, 26, 'Civic Si'),
	(413, 26, 'Civic'),
	(414, 26, 'Crosstour'),
	(415, 26, 'CR-V'),
	(416, 26, 'CR-X'),
	(417, 26, 'CR-Z'),
	(418, 26, 'del Sol'),
	(419, 26, 'Element'),
	(420, 26, 'FCX Clarity'),
	(421, 26, 'Fit'),
	(422, 26, 'Insight'),
	(423, 26, 'Odyssey'),
	(424, 26, 'Passport'),
	(425, 26, 'Pilot'),
	(426, 26, 'Prelude'),
	(427, 26, 'Ridgeline'),
	(428, 26, 'S2000'),
	(429, 26, 'Accord'),
	(430, 26, 'AccordHybrid'),
	(431, 26, 'Civic'),
	(432, 26, 'CivicTypeR'),
	(433, 26, 'ClarityElectric'),
	(434, 26, 'ClarityFuelCell'),
	(435, 26, 'ClarityPlug-inHybrid'),
	(436, 26, 'Crosstour'),
	(437, 26, 'CR-V'),
	(438, 26, 'CR-Z'),
	(439, 26, 'Fit'),
	(440, 26, 'HR-V'),
	(441, 26, 'Insight'),
	(442, 26, 'Odyssey'),
	(443, 26, 'Passport'),
	(444, 26, 'Pilot'),
	(445, 26, 'Ridgeline'),
	(446, 27, 'H1'),
	(447, 27, 'H2 SUT'),
	(448, 27, 'H2 SUV'),
	(449, 27, 'H2'),
	(450, 27, 'H3'),
	(451, 27, 'H3T'),
	(452, 28, 'Accent'),
	(453, 28, 'Azera'),
	(454, 28, 'Elantra'),
	(455, 28, 'Entourage'),
	(456, 28, 'Equus'),
	(457, 28, 'Excel'),
	(458, 28, 'Genesis Coupe'),
	(459, 28, 'Genesis'),
	(460, 28, 'HED-5'),
	(461, 28, 'Santa Fe'),
	(462, 28, 'Scoupe'),
	(463, 28, 'Sonata'),
	(464, 28, 'Tiburon'),
	(465, 28, 'Tucson'),
	(466, 28, 'Veloster'),
	(467, 28, 'Veracruz'),
	(468, 28, 'XG300'),
	(469, 28, 'XG350'),
	(470, 28, 'Accent'),
	(471, 28, 'Azera'),
	(472, 28, 'Elantra'),
	(473, 28, 'ElantraGT'),
	(474, 28, 'Equus'),
	(475, 28, 'IoniqElectric'),
	(476, 28, 'IoniqHybrid'),
	(477, 28, 'IoniqPlug-inHybrid'),
	(478, 28, 'Kona'),
	(479, 28, 'KonaElectric'),
	(480, 28, 'NEXO'),
	(481, 28, 'SantaFe'),
	(482, 28, 'SantaFeSport'),
	(483, 28, 'SantaFeXL'),
	(484, 28, 'Sonata'),
	(485, 28, 'SonataHybrid'),
	(486, 28, 'SonataPlug-inHybrid'),
	(487, 28, 'Tucson'),
	(488, 28, 'TucsonFuelCell'),
	(489, 28, 'Veloster'),
	(490, 29, 'EX'),
	(491, 29, 'FX'),
	(492, 29, 'G'),
	(493, 29, 'G25'),
	(494, 29, 'G35'),
	(495, 29, 'G37'),
	(496, 29, 'I'),
	(497, 29, 'IPL G'),
	(498, 29, 'J'),
	(499, 29, 'JX'),
	(500, 29, 'M'),
	(501, 29, 'Q'),
	(502, 29, 'QX'),
	(503, 29, 'QX56'),
	(504, 29, 'EX'),
	(505, 29, 'FX'),
	(506, 29, 'G'),
	(507, 29, 'JX'),
	(508, 29, 'M'),
	(509, 29, 'Q40'),
	(510, 29, 'Q50'),
	(511, 29, 'Q60'),
	(512, 29, 'Q70'),
	(513, 29, 'QX'),
	(514, 29, 'QX30'),
	(515, 29, 'QX50'),
	(516, 29, 'QX60'),
	(517, 29, 'QX70'),
	(518, 29, 'QX80'),
	(519, 30, 'Amigo'),
	(520, 30, 'Ascender'),
	(521, 30, 'Axiom'),
	(522, 30, 'Hombre Space'),
	(523, 30, 'Hombre'),
	(524, 30, 'i-280'),
	(525, 30, 'i-290'),
	(526, 30, 'i-350'),
	(527, 30, 'i-370'),
	(528, 30, 'Impulse'),
	(529, 30, 'i-Series'),
	(530, 30, 'Oasis'),
	(531, 30, 'Rodeo Sport'),
	(532, 30, 'Rodeo'),
	(533, 30, 'Space'),
	(534, 30, 'Stylus'),
	(535, 30, 'Trooper'),
	(536, 30, 'VehiCROSS'),
	(537, 31, 'S-Type'),
	(538, 31, 'XF'),
	(539, 31, 'XJ Series'),
	(540, 31, 'XJ'),
	(541, 31, 'XK Series'),
	(542, 31, 'XK'),
	(543, 31, 'X-Type'),
	(544, 31, 'E-PACE'),
	(545, 31, 'F-PACE'),
	(546, 31, 'F-TYPE'),
	(547, 31, 'I-PACE'),
	(548, 31, 'XE'),
	(549, 31, 'XF'),
	(550, 31, 'XJ'),
	(551, 31, 'XK'),
	(552, 32, 'Cherokee'),
	(553, 32, 'Comanche'),
	(554, 32, 'Commander'),
	(555, 32, 'Compass'),
	(556, 32, 'Grand Cherokee'),
	(557, 32, 'Liberty'),
	(558, 32, 'Patriot'),
	(559, 32, 'Wrangler'),
	(560, 32, 'Cherokee'),
	(561, 32, 'Compass'),
	(562, 32, 'GrandCherokee'),
	(563, 32, 'Patriot'),
	(564, 32, 'Renegade'),
	(565, 32, 'Wrangler'),
	(566, 32, 'WranglerUnlimited'),
	(567, 33, 'Amanti'),
	(568, 33, 'Borrego'),
	(569, 33, 'Carens'),
	(570, 33, 'Forte'),
	(571, 33, 'Mentor'),
	(572, 33, 'Mohave/Borrego'),
	(573, 33, 'Optima'),
	(574, 33, 'Rio'),
	(575, 33, 'Rio5'),
	(576, 33, 'Rondo'),
	(577, 33, 'Sedona'),
	(578, 33, 'Sephia'),
	(579, 33, 'Sorento'),
	(580, 33, 'Soul'),
	(581, 33, 'Spectra'),
	(582, 33, 'Spectra5'),
	(583, 33, 'Sportage'),
	(584, 33, 'Cadenza'),
	(585, 33, 'Forte'),
	(586, 33, 'Forte5'),
	(587, 33, 'ForteKoup'),
	(588, 33, 'K900'),
	(589, 33, 'Niro'),
	(590, 33, 'NiroPlug-inHybrid'),
	(591, 33, 'Optima'),
	(592, 33, 'OptimaHybrid'),
	(593, 33, 'OptimaPlug-inHybrid'),
	(594, 33, 'Rio'),
	(595, 33, 'Sedona'),
	(596, 33, 'Sorento'),
	(597, 33, 'Soul'),
	(598, 33, 'SoulEV'),
	(599, 33, 'Sportage'),
	(600, 33, 'Stinger'),
	(601, 33, 'Telluride'),
	(602, 35, 'Aventador'),
	(603, 35, 'Countach'),
	(604, 35, 'Diablo'),
	(605, 35, 'Gallardo'),
	(606, 35, 'MurciÃ©lago LP640'),
	(607, 35, 'MurciÃ©lago'),
	(608, 35, 'ReventÃ³n'),
	(609, 35, 'Aventador'),
	(610, 35, 'Gallardo'),
	(611, 35, 'Huracan'),
	(612, 37, 'Defender 110'),
	(613, 37, 'Defender 90'),
	(614, 37, 'Defender Ice Edition'),
	(615, 37, 'Defender'),
	(616, 37, 'Discovery Series II'),
	(617, 37, 'Discovery'),
	(618, 37, 'Freelander'),
	(619, 37, 'LR2'),
	(620, 37, 'LR3'),
	(621, 37, 'LR4'),
	(622, 37, 'Range Rover Classic'),
	(623, 37, 'Range Rover Evoque'),
	(624, 37, 'Range Rover Sport'),
	(625, 37, 'Range Rover'),
	(626, 37, 'Sterling'),
	(627, 37, 'Discovery'),
	(628, 37, 'DiscoverySport'),
	(629, 37, 'LR2'),
	(630, 37, 'LR4'),
	(631, 37, 'RangeRover'),
	(632, 37, 'RangeRoverEvoque'),
	(633, 37, 'RangeRoverSport'),
	(634, 37, 'RangeRoverVelar'),
	(635, 38, 'CT'),
	(636, 38, 'ES'),
	(637, 38, 'GS'),
	(638, 38, 'GX'),
	(639, 38, 'HS'),
	(640, 38, 'IS F'),
	(641, 38, 'IS'),
	(642, 38, 'IS-F'),
	(643, 38, 'LFA'),
	(644, 38, 'LS Hybrid'),
	(645, 38, 'LS'),
	(646, 38, 'LX'),
	(647, 38, 'RX Hybrid'),
	(648, 38, 'RX'),
	(649, 38, 'SC'),
	(650, 38, 'CT'),
	(651, 38, 'ES'),
	(652, 38, 'GS'),
	(653, 38, 'GX'),
	(654, 38, 'IS'),
	(655, 38, 'LC'),
	(656, 38, 'LS'),
	(657, 38, 'LX'),
	(658, 38, 'NX'),
	(659, 38, 'RC'),
	(660, 38, 'RX'),
	(661, 38, 'UX'),
	(662, 39, 'Aviator'),
	(663, 39, 'Continental'),
	(664, 39, 'MKC'),
	(665, 39, 'MKS'),
	(666, 39, 'MKT'),
	(667, 39, 'MKX'),
	(668, 39, 'MKZ'),
	(669, 39, 'Nautilus'),
	(670, 39, 'Navigator'),
	(671, 39, 'NavigatorL'),
	(672, 4, 'DB9 Volante'),
	(673, 4, 'DB9'),
	(674, 4, 'DBS'),
	(675, 4, 'Rapide'),
	(676, 4, 'V12 Vantage'),
	(677, 4, 'V8 Vantage S'),
	(678, 4, 'V8 Vantage'),
	(679, 4, 'Vanquish S'),
	(680, 4, 'Vantage'),
	(681, 4, 'Virage'),
	(682, 4, 'DB11'),
	(683, 4, 'DB9'),
	(684, 4, 'DB9GT'),
	(685, 4, 'RapideS'),
	(686, 4, 'Vanquish'),
	(687, 4, 'VanquishS'),
	(688, 4, 'Vantage'),
	(689, 41, '228'),
	(690, 41, '430'),
	(691, 41, 'Biturbo'),
	(692, 41, 'Coupe'),
	(693, 41, 'Gran Sport'),
	(694, 41, 'GranSport'),
	(695, 41, 'GranTurismo'),
	(696, 41, 'Karif'),
	(697, 41, 'Quattroporte'),
	(698, 41, 'Spyder'),
	(699, 41, 'Ghibli'),
	(700, 41, 'GranTurismo'),
	(701, 41, 'Levante'),
	(702, 41, 'Quattroporte'),
	(703, 43, '323'),
	(704, 43, '432'),
	(705, 43, '433'),
	(706, 43, '435'),
	(707, 43, '436 5-Door'),
	(708, 43, '436 Sport'),
	(709, 43, '436'),
	(710, 43, '43speed 3'),
	(711, 43, '43speed6'),
	(712, 43, '626'),
	(713, 43, '929'),
	(714, 43, 'B2000'),
	(715, 43, 'B2500'),
	(716, 43, 'B2600'),
	(717, 43, 'B-Series Plus'),
	(718, 43, 'B-Series'),
	(719, 43, 'CX-5'),
	(720, 43, 'CX-7'),
	(721, 43, 'CX-9'),
	(722, 43, 'Familia'),
	(723, 43, 'GLC'),
	(724, 43, 'Miata MX-5'),
	(725, 43, 'Millenia'),
	(726, 43, 'MPV'),
	(727, 43, 'MX-3'),
	(728, 43, 'MX-5'),
	(729, 43, 'MX-6'),
	(730, 43, 'Navajo'),
	(731, 43, 'Protege'),
	(732, 43, 'Protege5'),
	(733, 43, 'RX-7'),
	(734, 43, 'RX-8'),
	(735, 43, 'Tribute'),
	(736, 43, 'CX-3'),
	(737, 43, 'CX-5'),
	(738, 43, 'CX-9'),
	(739, 43, 'MAZDA2'),
	(740, 43, 'MAZDA3'),
	(741, 43, 'MAZDA5'),
	(742, 43, 'MAZDA6'),
	(743, 43, 'MX-5Miata'),
	(744, 43, 'MX-5MiataRF'),
	(745, 44, 'MP4-12C'),
	(746, 44, '570GT'),
	(747, 44, '570S'),
	(748, 44, '650S'),
	(749, 44, '675LT'),
	(750, 44, '720S'),
	(751, 44, 'MP4-12C'),
	(752, 45, '190E'),
	(753, 45, '300CE'),
	(754, 45, '300D'),
	(755, 45, '300E'),
	(756, 45, '300SD'),
	(757, 45, '300SE'),
	(758, 45, '300SL'),
	(759, 45, '300TE'),
	(760, 45, '400E'),
	(761, 45, '400SE'),
	(762, 45, '400SEL'),
	(763, 45, '500E'),
	(764, 45, '500SEC'),
	(765, 45, '500SEL'),
	(766, 45, '500SL'),
	(767, 45, '600SEC'),
	(768, 45, '600SEL'),
	(769, 45, '600SL'),
	(770, 45, 'C-Class'),
	(771, 45, 'CL-Class'),
	(772, 45, 'CLK-Class'),
	(773, 45, 'CLS-Class'),
	(774, 45, 'E-Class'),
	(775, 45, 'G-Class'),
	(776, 45, 'GL-Class'),
	(777, 45, 'GLK-Class'),
	(778, 45, 'M-Class'),
	(779, 45, 'R-Class'),
	(780, 45, 'S-Class'),
	(781, 45, 'SL-Class'),
	(782, 45, 'SLK-Class'),
	(783, 45, 'SLR 44'),
	(784, 45, 'SLS-Class'),
	(785, 45, 'Sprinter 2500'),
	(786, 45, 'Sprinter 3500'),
	(787, 45, 'Sprinter'),
	(788, 45, 'W123'),
	(789, 45, 'W126'),
	(790, 45, 'W201'),
	(791, 45, 'A-Class'),
	(792, 45, 'B-Class'),
	(793, 45, 'C-Class'),
	(794, 45, 'CLA'),
	(795, 45, 'CLA-Class'),
	(796, 45, 'CL-Class'),
	(797, 45, 'CLS'),
	(798, 45, 'CLS-Class'),
	(799, 45, 'E-Class'),
	(800, 45, 'G-Class'),
	(801, 45, 'GLA'),
	(802, 45, 'GLA-Class'),
	(803, 45, 'GLC'),
	(804, 45, 'GLCCoupe'),
	(805, 45, 'GL-Class'),
	(806, 45, 'GLE'),
	(807, 45, 'GLECoupe'),
	(808, 45, 'GLK-Class'),
	(809, 45, 'GLS'),
	(810, 45, 'M-Class'),
	(811, 45, 'Mercedes-AMGC-Class'),
	(812, 45, 'Mercedes-AMGCLA'),
	(813, 45, 'Mercedes-AMGCLS'),
	(814, 45, 'Mercedes-AMGE-Class'),
	(815, 45, 'Mercedes-AMGG-Class'),
	(816, 45, 'Mercedes-AMGGLA'),
	(817, 45, 'Mercedes-AMGGLC'),
	(818, 45, 'Mercedes-AMGGLCCoupe'),
	(819, 45, 'Mercedes-AMGGLE'),
	(820, 45, 'Mercedes-AMGGLECoupe'),
	(821, 45, 'Mercedes-AMGGLS'),
	(822, 45, 'Mercedes-AMGGT'),
	(823, 45, 'Mercedes-AMGS-Class'),
	(824, 45, 'Mercedes-AMGSL'),
	(825, 45, 'Mercedes-AMGSLC'),
	(826, 45, 'Mercedes-AMGSLK'),
	(827, 45, 'Mercedes-MaybachS600'),
	(828, 45, 'Mercedes-MaybachS-Class'),
	(829, 45, 'MetrisCargo'),
	(830, 45, 'MetrisPassenger'),
	(831, 45, 'MetrisWORKERCargo'),
	(832, 45, 'MetrisWORKERPassenger'),
	(833, 45, 'S-Class'),
	(834, 45, 'SL'),
	(835, 45, 'SLC'),
	(836, 45, 'SL-Class'),
	(837, 45, 'SLK'),
	(838, 45, 'SLK-Class'),
	(839, 45, 'SLS-Class'),
	(840, 45, 'Sprinter2500Cargo'),
	(841, 45, 'Sprinter2500Crew'),
	(842, 45, 'Sprinter2500Passenger'),
	(843, 45, 'Sprinter3500Cargo'),
	(844, 45, 'Sprinter3500XDCargo'),
	(845, 45, 'SprinterWORKERCargo'),
	(846, 45, 'SprinterWORKERPassenger'),
	(847, 48, '48'),
	(848, 48, 'Clubman'),
	(849, 48, 'Cooper Clubman'),
	(850, 48, 'Cooper Countryman'),
	(851, 48, 'Cooper'),
	(852, 48, 'Countryman'),
	(853, 48, 'Clubman'),
	(854, 48, 'Convertible'),
	(855, 48, 'Countryman'),
	(856, 48, 'Coupe'),
	(857, 48, 'Hardtop'),
	(858, 48, 'Hardtop2Door'),
	(859, 48, 'Hardtop4Door'),
	(860, 48, 'Paceman'),
	(861, 48, 'Roadster'),
	(862, 49, '3000GT'),
	(863, 49, 'Challenger'),
	(864, 49, 'Chariot'),
	(865, 49, 'Cordia'),
	(866, 49, 'Diamante'),
	(867, 49, 'Eclipse'),
	(868, 49, 'Endeavor'),
	(869, 49, 'Excel'),
	(870, 49, 'Expo LRV'),
	(871, 49, 'Expo'),
	(872, 49, 'Galant'),
	(873, 49, 'GTO'),
	(874, 49, 'i-MiEV'),
	(875, 49, 'L300'),
	(876, 49, 'Lancer Evolution'),
	(877, 49, 'Lancer'),
	(878, 49, 'Mighty Max Macro'),
	(879, 49, 'Mighty Max'),
	(880, 49, 'Mirage'),
	(881, 49, 'Montero Sport'),
	(882, 49, 'Montero'),
	(883, 49, 'Outlander Sport'),
	(884, 49, 'Outlander'),
	(885, 49, 'Pajero'),
	(886, 49, 'Precis'),
	(887, 49, 'Raider'),
	(888, 49, 'RVR'),
	(889, 49, 'Sigma'),
	(890, 49, 'Space'),
	(891, 49, 'Starion'),
	(892, 49, 'Tredia'),
	(893, 49, 'Truck'),
	(894, 49, 'Tundra'),
	(895, 49, 'EclipseCross'),
	(896, 49, 'i-MiEV'),
	(897, 49, 'Lancer'),
	(898, 49, 'LancerEvolution'),
	(899, 49, 'Mirage'),
	(900, 49, 'MirageG4'),
	(901, 49, 'Outlander'),
	(902, 49, 'OutlanderPHEV'),
	(903, 49, 'OutlanderSport'),
	(904, 5, '100'),
	(905, 5, '200'),
	(906, 5, '4000'),
	(907, 5, '4000CS Quattro'),
	(908, 5, '4000s Quattro'),
	(909, 5, '4000s'),
	(910, 5, '5000CS Quattro'),
	(911, 5, '5000CS'),
	(912, 5, '5000S'),
	(913, 5, '80'),
	(914, 5, '80/90'),
	(915, 5, '90'),
	(916, 5, 'A3'),
	(917, 5, 'A4'),
	(918, 5, 'A5'),
	(919, 5, 'A6'),
	(920, 5, 'A7'),
	(921, 5, 'A8'),
	(922, 5, 'Allroad'),
	(923, 5, 'Cabriolet'),
	(924, 5, 'Coupe GT'),
	(925, 5, 'Coupe Quattro'),
	(926, 5, 'Q5'),
	(927, 5, 'Q7'),
	(928, 5, 'Quattro'),
	(929, 5, 'R8'),
	(930, 5, 'riolet'),
	(931, 5, 'RS 4'),
	(932, 5, 'RS 6'),
	(933, 5, 'RS4'),
	(934, 5, 'RS6'),
	(935, 5, 'S4'),
	(936, 5, 'S5'),
	(937, 5, 'S6'),
	(938, 5, 'S8'),
	(939, 5, 'TT'),
	(940, 5, 'V8'),
	(941, 5, 'A3'),
	(942, 5, 'A3Sportbacke-tron'),
	(943, 5, 'A4'),
	(944, 5, 'A4allroad'),
	(945, 5, 'A5'),
	(946, 5, 'A5Sport'),
	(947, 5, 'A6'),
	(948, 5, 'A7'),
	(949, 5, 'A8'),
	(950, 5, 'allroad'),
	(951, 5, 'e-tron'),
	(952, 5, 'Q3'),
	(953, 5, 'Q5'),
	(954, 5, 'Q7'),
	(955, 5, 'Q8'),
	(956, 5, 'R8'),
	(957, 5, 'RS3'),
	(958, 5, 'RS5'),
	(959, 5, 'RS7'),
	(960, 5, 'S3'),
	(961, 5, 'S4'),
	(962, 5, 'S5'),
	(963, 5, 'S6'),
	(964, 5, 'S7'),
	(965, 5, 'S8'),
	(966, 5, 'SQ5'),
	(967, 5, 'TT'),
	(968, 50, '200SX'),
	(969, 50, '240SX'),
	(970, 50, '280ZX'),
	(971, 50, '300ZX'),
	(972, 50, '350Z Roadster'),
	(973, 50, '350Z'),
	(974, 50, '370Z'),
	(975, 50, 'Altima'),
	(976, 50, 'Armada'),
	(977, 50, 'Cube'),
	(978, 50, 'Datsun/50 Z-car'),
	(979, 50, 'Frontier'),
	(980, 50, 'GT-R'),
	(981, 50, 'JUKE'),
	(982, 50, 'Leaf'),
	(983, 50, 'Maxima'),
	(984, 50, 'Murano'),
	(985, 50, 'NV1500'),
	(986, 50, 'NV2500'),
	(987, 50, 'NV3500'),
	(988, 50, 'NX'),
	(989, 50, 'Pathfinder Armada'),
	(990, 50, 'Pathfinder'),
	(991, 50, 'Quest'),
	(992, 50, 'Rogue'),
	(993, 50, 'Sentra'),
	(994, 50, 'Stanza'),
	(995, 50, 'Titan'),
	(996, 50, 'Versa'),
	(997, 50, 'Xterra'),
	(998, 50, '370Z'),
	(999, 50, 'Altima'),
	(1000, 50, 'Armada'),
	(1001, 50, 'cube'),
	(1002, 50, 'FrontierCrewCab'),
	(1003, 50, 'FrontierKingCab'),
	(1004, 50, 'GT-R'),
	(1005, 50, 'JUKE'),
	(1006, 50, 'Kicks'),
	(1007, 50, 'LEAF'),
	(1008, 50, 'Maxima'),
	(1009, 50, 'Murano'),
	(1010, 50, 'NV1500Cargo'),
	(1011, 50, 'NV200'),
	(1012, 50, 'NV200Taxi'),
	(1013, 50, 'NV2500HDCargo'),
	(1014, 50, 'NV3500HDCargo'),
	(1015, 50, 'NV3500HDPassenger'),
	(1016, 50, 'Pathfinder'),
	(1017, 50, 'Quest'),
	(1018, 50, 'Rogue'),
	(1019, 50, 'RogueSelect'),
	(1020, 50, 'RogueSport'),
	(1021, 50, 'Sentra'),
	(1022, 50, 'TitanCrewCab'),
	(1023, 50, 'TitanKingCab'),
	(1024, 50, 'TITANSingleCab'),
	(1025, 50, 'TITANXDCrewCab'),
	(1026, 50, 'TITANXDKingCab'),
	(1027, 50, 'TITANXDSingleCab'),
	(1028, 50, 'Versa'),
	(1029, 50, 'VersaNote'),
	(1030, 50, 'Xterra'),
	(1031, 54, '1000'),
	(1032, 54, '13 Kalos'),
	(1033, 54, '6000'),
	(1034, 54, 'Aztek'),
	(1035, 54, 'Bonneville'),
	(1036, 54, 'Chevette'),
	(1037, 54, 'Fiero'),
	(1038, 54, 'Firebird Formula'),
	(1039, 54, 'Firebird Trans Am'),
	(1040, 54, 'Firebird'),
	(1041, 54, 'Firefly'),
	(1042, 54, 'G3'),
	(1043, 54, 'G5'),
	(1044, 54, 'G6'),
	(1045, 54, 'G8'),
	(1046, 54, 'Ge48'),
	(1047, 54, 'Grand Am'),
	(1048, 54, 'Grand Prix Turbo'),
	(1049, 54, 'Grand Prix'),
	(1050, 54, 'GTO'),
	(1051, 54, 'LeMans'),
	(1052, 54, 'Montana SV6'),
	(1053, 54, 'Montana'),
	(1054, 54, 'Monterey'),
	(1055, 54, 'Parisienne'),
	(1056, 54, 'Safari'),
	(1057, 54, 'Solstice'),
	(1058, 54, 'Sunbird'),
	(1059, 54, 'Sunfire'),
	(1060, 54, 'Tempest'),
	(1061, 54, 'Torrent'),
	(1062, 54, 'Trans Sport'),
	(1063, 54, 'Turbo Firefly'),
	(1064, 54, 'Vibe'),
	(1065, 55, '911'),
	(1066, 55, '914'),
	(1067, 55, '924 S'),
	(1068, 55, '924'),
	(1069, 55, '928'),
	(1070, 55, '944'),
	(1071, 55, '968'),
	(1072, 55, 'Boxster'),
	(1073, 55, 'Carrera GT'),
	(1074, 55, 'Cayenne'),
	(1075, 55, 'Cayman'),
	(1076, 55, 'Panamera'),
	(1077, 55, '718Boxster'),
	(1078, 55, '718Cayman'),
	(1079, 55, '911'),
	(1080, 55, 'Boxster'),
	(1081, 55, 'Cayenne'),
	(1082, 55, 'Cayman'),
	(1083, 55, 'Macan'),
	(1084, 55, 'Panamera'),
	(1085, 56, '1500ClassicCrewCab'),
	(1086, 56, '1500ClassicQuadCab'),
	(1087, 56, '1500ClassicRegularCab'),
	(1088, 56, '1500CrewCab'),
	(1089, 56, '1500QuadCab'),
	(1090, 56, '1500RegularCab'),
	(1091, 56, '2500CrewCab'),
	(1092, 56, '2500MegaCab'),
	(1093, 56, '2500RegularCab'),
	(1094, 56, '3500CrewCab'),
	(1095, 56, '3500MegaCab'),
	(1096, 56, '3500RegularCab'),
	(1097, 56, 'C/VTradesman'),
	(1098, 56, 'ProMaster1500Cargo'),
	(1099, 56, 'ProMaster2500Cargo'),
	(1100, 56, 'ProMaster3500Cargo'),
	(1101, 56, 'ProMasterCargoVan'),
	(1102, 56, 'ProMasterCity'),
	(1103, 56, 'ProMasterWindowVan'),
	(1104, 57, 'Alliance'),
	(1105, 58, 'Ghost'),
	(1106, 58, 'Phantom'),
	(1107, 58, 'Dawn'),
	(1108, 58, 'Ghost'),
	(1109, 58, 'Phantom'),
	(1110, 58, 'Wraith'),
	(1111, 59, '900'),
	(1112, 59, '9000'),
	(1113, 59, '9-2X'),
	(1114, 59, '9-3'),
	(1115, 59, '9-4X'),
	(1116, 59, '9-5'),
	(1117, 59, '9-7X'),
	(1118, 62, 'Fortwo'),
	(1119, 62, 'fortwo'),
	(1120, 62, 'fortwocabrio'),
	(1121, 62, 'fortwoelectricdrive'),
	(1122, 62, 'fortwoelectricdrivecabrio'),
	(1123, 65, 'Alcyone SVX'),
	(1124, 65, 'B9 Tribeca'),
	(1125, 65, 'Baja'),
	(1126, 65, 'Brat'),
	(1127, 65, 'BRZ'),
	(1128, 65, 'Forester'),
	(1129, 65, 'Impreza WRX'),
	(1130, 65, 'Impreza'),
	(1131, 65, 'Justy'),
	(1132, 65, 'Legacy'),
	(1133, 65, 'Leone'),
	(1134, 65, 'Loyale'),
	(1135, 65, 'Outback Sport'),
	(1136, 65, 'Outback'),
	(1137, 65, 'SVX'),
	(1138, 65, 'Tribeca'),
	(1139, 65, 'XT'),
	(1140, 65, 'Ascent'),
	(1141, 65, 'BRZ'),
	(1142, 65, 'Crosstrek'),
	(1143, 65, 'Forester'),
	(1144, 65, 'Impreza'),
	(1145, 65, 'Legacy'),
	(1146, 65, 'Outback'),
	(1147, 65, 'Tribeca'),
	(1148, 65, 'WRX'),
	(1149, 65, 'XVCrosstrek'),
	(1150, 66, '13 Lacetti'),
	(1151, 66, '13 Magnus'),
	(1152, 66, 'Aerio'),
	(1153, 66, 'Cultus'),
	(1154, 66, 'Equator'),
	(1155, 66, 'Esteem'),
	(1156, 66, 'Forenza'),
	(1157, 66, 'Grand Vitara'),
	(1158, 66, 'Kizashi'),
	(1159, 66, 'Reno'),
	(1160, 66, 'Samurai'),
	(1161, 66, 'Sidekick'),
	(1162, 66, 'SJ 410'),
	(1163, 66, 'SJ'),
	(1164, 66, 'Swift'),
	(1165, 66, 'SX4'),
	(1166, 66, 'Verona'),
	(1167, 66, 'Vitara'),
	(1168, 66, 'X-90'),
	(1169, 66, 'XL7'),
	(1170, 66, 'XL-7'),
	(1171, 66, 'GrandVitara'),
	(1172, 66, 'Kizashi'),
	(1173, 66, 'SX4'),
	(1174, 67, 'Model S'),
	(1175, 67, 'Roadster'),
	(1176, 67, 'Model3'),
	(1177, 67, 'ModelS'),
	(1178, 67, 'ModelX'),
	(1179, 68, '4Runner'),
	(1180, 68, 'Avalon'),
	(1181, 68, 'Camry Hybrid'),
	(1182, 68, 'Camry Solara'),
	(1183, 68, 'Camry'),
	(1184, 68, 'Celica'),
	(1185, 68, 'Corolla'),
	(1186, 68, 'Cressida'),
	(1187, 68, 'Echo'),
	(1188, 68, 'FJ Cruiser'),
	(1189, 68, 'Highlander Hybrid'),
	(1190, 68, 'Highlander'),
	(1191, 68, 'Ipsum'),
	(1192, 68, 'Land Cruiser'),
	(1193, 68, 'Matrix'),
	(1194, 68, 'MR2'),
	(1195, 68, 'Paseo'),
	(1196, 68, 'Previa'),
	(1197, 68, 'Prius c'),
	(1198, 68, 'Prius Plug-in Hybrid'),
	(1199, 68, 'Prius Plug-in'),
	(1200, 68, 'Prius v'),
	(1201, 68, 'Prius'),
	(1202, 68, 'RAV4'),
	(1203, 68, 'Sequoia'),
	(1204, 68, 'Sienna'),
	(1205, 68, 'Solara'),
	(1206, 68, 'Supra'),
	(1207, 68, 'T100 Xtra'),
	(1208, 68, 'T100'),
	(1209, 68, 'Tacoma Xtra'),
	(1210, 68, 'Tacoma'),
	(1211, 68, 'Tercel'),
	(1212, 68, 'Truck Xtracab SR5'),
	(1213, 68, 'Tundra'),
	(1214, 68, 'Venza'),
	(1215, 68, 'Xtra'),
	(1216, 68, 'Yaris'),
	(1217, 68, '4Runner'),
	(1218, 68, '86'),
	(1219, 68, 'Avalon'),
	(1220, 68, 'AvalonHybrid'),
	(1221, 68, 'Camry'),
	(1222, 68, 'CamryHybrid'),
	(1223, 68, 'C-HR'),
	(1224, 68, 'Corolla'),
	(1225, 68, 'CorollaHatchback'),
	(1226, 68, 'CorollaHybrid'),
	(1227, 68, 'CorollaiM'),
	(1228, 68, 'FJCruiser'),
	(1229, 68, 'Highlander'),
	(1230, 68, 'HighlanderHybrid'),
	(1231, 68, 'LandCruiser'),
	(1232, 68, 'Matrix'),
	(1233, 68, 'Mirai'),
	(1234, 68, 'Prius'),
	(1235, 68, 'Priusc'),
	(1236, 68, 'PriusPlug-inHybrid'),
	(1237, 68, 'PriusPrime'),
	(1238, 68, 'Priusv'),
	(1239, 68, 'RAV4'),
	(1240, 68, 'RAV4Hybrid'),
	(1241, 68, 'Sequoia'),
	(1242, 68, 'Sienna'),
	(1243, 68, 'TacomaAccessCab'),
	(1244, 68, 'TacomaDoubleCab'),
	(1245, 68, 'TacomaRegularCab'),
	(1246, 68, 'TundraCrewMax'),
	(1247, 68, 'TundraDoubleCab'),
	(1248, 68, 'TundraRegularCab'),
	(1249, 68, 'Venza'),
	(1250, 68, 'Yaris'),
	(1251, 68, 'YarisiA'),
	(1252, 7, 'Arnage'),
	(1253, 7, 'Azure T'),
	(1254, 7, 'Azure'),
	(1255, 7, 'Brooklands'),
	(1256, 7, 'Continental Flying Spur'),
	(1257, 7, 'Continental GT'),
	(1258, 7, 'Continental GTC'),
	(1259, 7, 'Continental Super'),
	(1260, 7, 'Continental'),
	(1261, 7, 'Mulsanne'),
	(1262, 7, 'Bentayga'),
	(1263, 7, 'Continental'),
	(1264, 7, 'FlyingSpur'),
	(1265, 7, 'Mulsanne'),
	(1266, 70, 'Beetle'),
	(1267, 70, 'Cabriolet'),
	(1268, 70, 'CC'),
	(1269, 70, 'Corrado'),
	(1270, 70, 'Eos'),
	(1271, 70, 'Eurovan'),
	(1272, 70, 'Fox'),
	(1273, 70, 'GLI'),
	(1274, 70, 'Golf III'),
	(1275, 70, 'Golf'),
	(1276, 70, 'GTI'),
	(1277, 70, 'Jetta III'),
	(1278, 70, 'Jetta'),
	(1279, 70, 'New Beetle'),
	(1280, 70, 'Passat'),
	(1281, 70, 'Phaeton'),
	(1282, 70, 'Quantum'),
	(1283, 70, 'R32'),
	(1284, 70, 'Rabbit'),
	(1285, 70, 'rio'),
	(1286, 70, 'riolet'),
	(1287, 70, 'Routan'),
	(1288, 70, 'Scirocco'),
	(1289, 70, 'Tiguan'),
	(1290, 70, 'Touareg 2'),
	(1291, 70, 'Touareg'),
	(1292, 70, 'Type 2'),
	(1293, 70, 'Vanagon'),
	(1294, 70, 'Atlas'),
	(1295, 70, 'Beetle'),
	(1296, 70, 'CC'),
	(1297, 70, 'e-Golf'),
	(1298, 70, 'Eos'),
	(1299, 70, 'Golf'),
	(1300, 70, 'GolfAlltrack'),
	(1301, 70, 'GolfGTI'),
	(1302, 70, 'GolfR'),
	(1303, 70, 'GolfSportWagen'),
	(1304, 70, 'GTI'),
	(1305, 70, 'Jetta'),
	(1306, 70, 'JettaSportWagen'),
	(1307, 70, 'Passat'),
	(1308, 70, 'Routan'),
	(1309, 70, 'Tiguan'),
	(1310, 70, 'TiguanLimited'),
	(1311, 70, 'Touareg'),
	(1312, 71, '240'),
	(1313, 71, '740'),
	(1314, 71, '850'),
	(1315, 71, '940'),
	(1316, 71, '960'),
	(1317, 71, 'C30'),
	(1318, 71, 'C70'),
	(1319, 71, 'S40'),
	(1320, 71, 'S60'),
	(1321, 71, 'S70'),
	(1322, 71, 'S80'),
	(1323, 71, 'S90'),
	(1324, 71, 'V40'),
	(1325, 71, 'V50'),
	(1326, 71, 'V70'),
	(1327, 71, 'V90'),
	(1328, 71, 'XC60'),
	(1329, 71, 'XC70'),
	(1330, 71, 'XC90'),
	(1331, 71, 'C30'),
	(1332, 71, 'C70'),
	(1333, 71, 'S60'),
	(1334, 71, 'S80'),
	(1335, 71, 'S90'),
	(1336, 71, 'V60'),
	(1337, 71, 'V90'),
	(1338, 71, 'XC40'),
	(1339, 71, 'XC60'),
	(1340, 71, 'XC70'),
	(1341, 71, 'XC90'),
	(1342, 73, '2CV'),
	(1343, 73, 'CX'),
	(1344, 73, 'SM'),
	(1345, 8, '1 Series'),
	(1346, 8, '3 Series'),
	(1347, 8, '325'),
	(1348, 8, '330'),
	(1349, 8, '5 Series'),
	(1350, 8, '525'),
	(1351, 8, '530'),
	(1352, 8, '545'),
	(1353, 8, '550'),
	(1354, 8, '6 Series'),
	(1355, 8, '600'),
	(1356, 8, '645'),
	(1357, 8, '650'),
	(1358, 8, '7 Series'),
	(1359, 8, '745'),
	(1360, 8, '750'),
	(1361, 8, '760'),
	(1362, 8, '8 Series'),
	(1363, 8, 'Alpina B7'),
	(1364, 8, 'M Roadster'),
	(1365, 8, 'M'),
	(1366, 8, 'M3'),
	(1367, 8, 'M5'),
	(1368, 8, 'M6'),
	(1369, 8, 'X3'),
	(1370, 8, 'X5 M'),
	(1371, 8, 'X5'),
	(1372, 8, 'X6 M'),
	(1373, 8, 'X6'),
	(1374, 8, 'Z3'),
	(1375, 8, 'Z4 M Roadster'),
	(1376, 8, 'Z4 M'),
	(1377, 8, 'Z4'),
	(1378, 8, 'Z8'),
	(1379, 8, '1Series'),
	(1380, 8, '2Series'),
	(1381, 8, '3Series'),
	(1382, 8, '4Series'),
	(1383, 8, '5Series'),
	(1384, 8, '6Series'),
	(1385, 8, '7Series'),
	(1386, 8, 'i3'),
	(1387, 8, 'i8'),
	(1388, 8, 'M2'),
	(1389, 8, 'M3'),
	(1390, 8, 'M4'),
	(1391, 8, 'M5'),
	(1392, 8, 'M6'),
	(1393, 8, 'X1'),
	(1394, 8, 'X2'),
	(1395, 8, 'X3'),
	(1396, 8, 'X4'),
	(1397, 8, 'X5'),
	(1398, 8, 'X5M'),
	(1399, 8, 'X6'),
	(1400, 8, 'X6M'),
	(1401, 8, 'X7'),
	(1402, 8, 'Z4'),
	(1403, 9, 'Century'),
	(1404, 9, 'Coachbuilder'),
	(1405, 9, 'Electra'),
	(1406, 9, 'Enclave'),
	(1407, 9, 'Estate'),
	(1408, 9, 'Hearse'),
	(1409, 9, 'LaCrosse'),
	(1410, 9, 'LeSabre'),
	(1411, 9, 'Lucerne'),
	(1412, 9, 'Park Avenue'),
	(1413, 9, 'Rainier'),
	(1414, 9, 'Reatta'),
	(1415, 9, 'Regal'),
	(1416, 9, 'Rendezvous'),
	(1417, 9, 'Riviera'),
	(1418, 9, 'Roadmaster'),
	(1419, 9, 'Skyhawk'),
	(1420, 9, 'Skylark'),
	(1421, 9, 'Somerset'),
	(1422, 9, 'Special'),
	(1423, 9, 'Terraza'),
	(1424, 9, 'Verano'),
	(1425, 9, 'Cascada'),
	(1426, 9, 'Enclave'),
	(1427, 9, 'Encore'),
	(1428, 9, 'Envision'),
	(1429, 9, 'LaCrosse'),
	(1430, 9, 'Regal'),
	(1431, 9, 'RegalSportback'),
	(1432, 9, 'RegalTourX'),
	(1433, 9, 'Verano'),
	(1434, 3, 'Ambassador'),
	(1435, 3, 'Concord'),
	(1436, 14, 'Luxio'),
	(1437, 14, 'Mira Tocot'),
	(1438, 14, 'Taft'),
	(1439, 15, 'Go'),
	(1440, 15, 'on-Do'),
	(1441, 15, 'Cross'),
	(1442, 18, 'Talon'),
	(1443, 18, 'Vision'),
	(1444, 21, 'Karma'),
	(1445, 23, '108SD AB'),
	(1446, 23, '114SD AB'),
	(1447, 23, '114SD AF'),
	(1448, 23, 'Classic'),
	(1449, 24, 'Metro'),
	(1450, 24, 'Prizm'),
	(1451, 24, 'Spectrum'),
	(1452, 24, 'Storm'),
	(1453, 24, 'Tracker'),
	(1454, 34, 'Niva'),
	(1455, 34, '4x4'),
	(1456, 34, 'Largus'),
	(1457, 34, 'XRAY'),
	(1458, 34, 'Vesta'),
	(1459, 34, 'Granta'),
	(1460, 36, 'Ypsilon'),
	(1461, 40, 'Elise'),
	(1462, 40, 'Exige'),
	(1463, 40, 'Evora'),
	(1464, 42, 'Exelero'),
	(1465, 42, '62S'),
	(1466, 46, 'Milan'),
	(1467, 46, 'Monterey'),
	(1468, 46, 'Mariner'),
	(1469, 46, 'Mountaineer'),
	(1470, 46, 'Mystique'),
	(1471, 46, 'Villager'),
	(1472, 47, 'XR4Ti'),
	(1473, 47, 'Scorpio'),
	(1474, 51, 'Silhouette'),
	(1475, 51, 'Bravada'),
	(1476, 51, 'Alero'),
	(1477, 52, '108'),
	(1478, 52, '208'),
	(1479, 52, '301'),
	(1480, 52, '308'),
	(1481, 52, '408'),
	(1482, 52, '508'),
	(1483, 52, '2008'),
	(1484, 52, '3008'),
	(1485, 52, '5008'),
	(1486, 52, 'Partner'),
	(1487, 52, 'Expert'),
	(1488, 52, 'Boxer'),
	(1489, 53, 'Laser'),
	(1490, 53, 'Neon'),
	(1491, 53, 'Voyager'),
	(1492, 60, 'Sky'),
	(1493, 60, 'AURA'),
	(1494, 60, 'VUE'),
	(1495, 61, 'xD'),
	(1496, 61, 'tC'),
	(1497, 61, 'xB'),
	(1498, 61, 'FR-S'),
	(1499, 64, '825'),
	(1500, 64, '827'),
	(1501, 69, 'TR2'),
	(1502, 69, 'TR3'),
	(1503, 72, 'Tempo'),
	(1504, 72, 'Ciao'),
	(1505, 72, 'GV'),
	(1506, 72, 'Cabrio'),
	(1507, 16, 'DeLorean'),
	(1508, 6, 'Avanti'),
	(1509, 63, 'Challenger SRT'),
	(1510, 63, 'Charger SRT'),
	(1511, 63, 'Durango SRT');
/*!40000 ALTER TABLE `models` ENABLE KEYS */;

-- Dumping structure for table safety_car.multicriteria_calculator
CREATE TABLE IF NOT EXISTS `multicriteria_calculator` (
  `cc_min` int(11) NOT NULL,
  `cc_max` int(11) NOT NULL,
  `car_age_min` int(11) NOT NULL,
  `car_age_max` int(11) NOT NULL,
  `base_amount` double NOT NULL
) ENGINE=InnoDB DEFAULT CHARSET=latin1;

-- Dumping data for table safety_car.multicriteria_calculator: ~14 rows (approximately)
/*!40000 ALTER TABLE `multicriteria_calculator` DISABLE KEYS */;
INSERT INTO `multicriteria_calculator` (`cc_min`, `cc_max`, `car_age_min`, `car_age_max`, `base_amount`) VALUES
	(0, 1047, 0, 19, 403.25),
	(0, 1047, 20, 999, 413.25),
	(1048, 1309, 0, 19, 529.63),
	(1048, 1309, 20, 999, 539.63),
	(1310, 2356, 0, 19, 690.96),
	(1310, 2356, 20, 999, 700.96),
	(2357, 2880, 0, 19, 862.86),
	(2357, 2880, 20, 999, 892.86),
	(2881, 4188, 0, 19, 957.89),
	(2881, 4188, 20, 999, 987.89),
	(4189, 5497, 0, 19, 1076.62),
	(4189, 5497, 20, 999, 1106.62),
	(5498, 999999, 0, 19, 1193.25),
	(5498, 999999, 20, 999, 1263.25);
/*!40000 ALTER TABLE `multicriteria_calculator` ENABLE KEYS */;

-- Dumping structure for table safety_car.policy_requests
CREATE TABLE IF NOT EXISTS `policy_requests` (
  `id` int(11) NOT NULL AUTO_INCREMENT,
  `request_number` int(11) DEFAULT NULL,
  `start_date` date NOT NULL,
  `end_date` date DEFAULT NULL,
  `first_name` varchar(40) NOT NULL,
  `last_name` varchar(40) NOT NULL,
  `phone` varchar(20) NOT NULL,
  `email` varchar(80) NOT NULL,
  `city_id` int(11) NOT NULL,
  `postal_address` varchar(500) DEFAULT NULL,
  `vehicle_reg_certificate_image` varchar(500) DEFAULT NULL,
  `request_date` date NOT NULL,
  `simulation_offer_id` int(11) NOT NULL,
  `owner_id` int(11) NOT NULL,
  `deleted` tinyint(1) DEFAULT 0,
  `status_id` int(11) DEFAULT NULL,
  PRIMARY KEY (`id`),
  UNIQUE KEY `policy_requests_request_number_uindex` (`request_number`),
  KEY `policies_simulation_forms_id_fk` (`simulation_offer_id`),
  KEY `policies_user_info_id_fk` (`owner_id`),
  KEY `policy_requests_statuses_id_fk` (`status_id`),
  CONSTRAINT `policies_simulation_forms_id_fk` FOREIGN KEY (`simulation_offer_id`) REFERENCES `simulation_offers` (`id`),
  CONSTRAINT `policies_user_info_id_fk` FOREIGN KEY (`owner_id`) REFERENCES `user_info` (`id`),
  CONSTRAINT `policy_requests_statuses_id_fk` FOREIGN KEY (`status_id`) REFERENCES `statuses` (`id`)
) ENGINE=InnoDB AUTO_INCREMENT=51 DEFAULT CHARSET=latin1;

-- Dumping data for table safety_car.policy_requests: ~27 rows (approximately)
/*!40000 ALTER TABLE `policy_requests` DISABLE KEYS */;
INSERT INTO `policy_requests` (`id`, `request_number`, `start_date`, `end_date`, `first_name`, `last_name`, `phone`, `email`, `city_id`, `postal_address`, `vehicle_reg_certificate_image`, `request_date`, `simulation_offer_id`, `owner_id`, `deleted`, `status_id`) VALUES
	(1, 1001, '2020-10-11', '2021-10-10', 'Miroslav', 'Filipov', '153815852', 'miro@mail.bg', 1, 'GoshoPriIvan', 'http://res.cloudinary.com/dopjcnzjt/image/upload/v1606069874/hpmh94a8ppelhqmgbijx.jpg', '2020-10-10', 1, 3, 0, 1),
	(2, 1002, '2020-09-09', '2020-10-29', 'Georgi', 'Georgiev', '544546566', 'gosho@gosho.com', 2, 'gosho goshov 21', 'http://res.cloudinary.com/dopjcnzjt/image/upload/v1606069874/hpmh94a8ppelhqmgbijx.jpg', '2020-10-02', 2, 20, 0, 1),
	(3, 1003, '2020-10-21', '2021-06-21', 'Ivan', 'Ivanov', '+359123456789', 'test.pri.testa@gmail.com', 2, 'Mladost 1A', 'http://res.cloudinary.com/dopjcnzjt/image/upload/v1606069874/hpmh94a8ppelhqmgbijx.jpg', '2020-10-20', 3, 2, 0, 1),
	(4, 1004, '2020-10-21', '2021-06-20', 'Ivan', 'Testov', '+359123456789', 'test.pri.testa@gmail.com', 2, 'Mladost 1A', 'http://res.cloudinary.com/dopjcnzjt/image/upload/v1606069874/hpmh94a8ppelhqmgbijx.jpg', '2020-10-20', 45, 2, 0, 1),
	(5, 1005, '2020-10-22', '2021-03-06', 'Test', 'Testov', '+359321456987', 'test@test.be', 2, 'Mladost 1A', 'http://res.cloudinary.com/dopjcnzjt/image/upload/v1606069874/hpmh94a8ppelhqmgbijx.jpg', '2020-10-22', 5, 2, 0, 4),
	(6, 1006, '2020-10-22', '2021-02-14', 'Ivan', 'Testov', '+359888777666', 'test@test.be', 2, 'Mladost 1A', 'http://res.cloudinary.com/dopjcnzjt/image/upload/v1606069874/hpmh94a8ppelhqmgbijx.jpg', '2020-10-22', 22, 2, 0, 1),
	(7, 1007, '2020-10-22', '2020-10-31', 'Ivan', 'Testov', '+359123456789', 'ddd@dd.bg', 2, 'Mladost 1A', 'http://res.cloudinary.com/dopjcnzjt/image/upload/v1606069804/rtozulsqw20jc2hau0dr.jpg', '2020-10-22', 11, 2, 0, 1),
	(8, 1008, '2020-10-22', '2021-03-28', 'Test', 'Ivanov', '+359123456789', 'ddd@dd.bg', 2, 'Mladost 1A', 'http://res.cloudinary.com/dopjcnzjt/image/upload/v1606069804/rtozulsqw20jc2hau0dr.jpg', '2020-10-22', 3, 2, 0, 1),
	(9, 1009, '2020-10-23', '2021-04-03', 'Test', 'Testov', '+359321456987', 'test@test.be', 2, 'Mladost 1', 'http://res.cloudinary.com/dopjcnzjt/image/upload/v1606069874/hpmh94a8ppelhqmgbijx.jpg', '2020-10-22', 5, 2, 0, 4),
	(10, 1010, '2020-10-22', '2020-11-01', 'Ivan', 'Testov', '+359123456789', 'test@test.be', 2, 'Mladost 1A', 'http://res.cloudinary.com/dopjcnzjt/image/upload/v1606069874/hpmh94a8ppelhqmgbijx.jpg', '2020-10-22', 4, 2, 0, 1),
	(11, 1011, '2020-10-22', '2021-03-27', 'Test', 'Testov', '+359123456789', 'test@test.be', 2, 'Mladost 1A', 'http://res.cloudinary.com/dopjcnzjt/image/upload/v1606069804/rtozulsqw20jc2hau0dr.jpg', '2020-10-22', 26, 2, 0, 1),
	(12, 1012, '2020-10-23', '2021-03-27', 'Test', 'Ivanov', '+359123456789', 'test@test.be', 2, 'Mladost 1A', 'http://res.cloudinary.com/dopjcnzjt/image/upload/v1606069804/rtozulsqw20jc2hau0dr.jpg', '2020-10-22', 50, 2, 0, 1),
	(16, 1016, '2020-10-23', '2021-07-23', 'Ivan', 'Testov', '+359123456789', 'test@test.be', 2, 'Mladost 1A', 'http://res.cloudinary.com/dopjcnzjt/image/upload/v1606069804/rtozulsqw20jc2hau0dr.jpg', '2020-10-23', 58, 2, 0, 1),
	(34, 1034, '2020-10-29', '2021-10-29', 'Ina', 'Testova', '+359123456789', 'test.pri.testa@gmail.com', 2, 'Mladost 1A', 'http://res.cloudinary.com/dopjcnzjt/image/upload/v1606069874/hpmh94a8ppelhqmgbijx.jpg', '2020-10-28', 78, 2, 0, 4),
	(35, 1035, '2020-10-29', '2021-10-29', 'Ina', 'Petleshkova', '+359321456987', 'ina.petleshkova@gmail.com', 2, 'Mladost 1A', 'http://res.cloudinary.com/dopjcnzjt/image/upload/v1606069804/rtozulsqw20jc2hau0dr.jpg', '2020-10-28', 79, 2, 0, 1),
	(38, 1038, '2020-10-28', '2021-10-28', 'Ivan', 'Ivanov', '+359888777666', 'test.pri.testa@gmail.com', 1, 'Kapana', 'http://res.cloudinary.com/dopjcnzjt/image/upload/v1606069874/hpmh94a8ppelhqmgbijx.jpg', '2020-10-28', 82, 2, 0, 1),
	(39, 1039, '2020-10-28', '2021-10-28', 'Ivan', 'Testov', '+359888777666', 'test.pri.testa@gmail.com', 2, 'Mladost 1', 'http://res.cloudinary.com/dopjcnzjt/image/upload/v1606069804/rtozulsqw20jc2hau0dr.jpg', '2020-10-28', 83, 2, 0, 4),
	(40, 1040, '2020-10-29', '2021-10-29', 'Georgi', 'Ivanov', '+359321456987', 'test.pri.testa@gmail.com', 1, 'kv. Kapana', 'http://res.cloudinary.com/dopjcnzjt/image/upload/v1606069874/hpmh94a8ppelhqmgbijx.jpg', '2020-10-28', 86, 2, 0, 1),
	(41, 1041, '2020-10-29', '2021-10-29', 'Test', 'Testov', '+359123456789', 'test.pri.testa@gmail.com', 1, 'kv. Kapana', 'http://res.cloudinary.com/dopjcnzjt/image/upload/v1606069804/rtozulsqw20jc2hau0dr.jpg', '2020-10-29', 87, 44, 0, 2),
	(42, 1042, '2020-10-30', '2021-10-30', 'Ivan', 'Georgiev', '+359888777666', 'asdfgfdsasdfgfdsa55@gmail.com', 2, 'Mladost 1A', 'http://res.cloudinary.com/dopjcnzjt/image/upload/v1606069874/hpmh94a8ppelhqmgbijx.jpg', '2020-10-29', 88, 2, 0, 3),
	(43, 1043, '2020-10-30', '2021-10-30', 'Test', 'Testov', '+359888777111', 'test.pri.testa@gmail.com', 2, 'jk Drujba 1', 'http://res.cloudinary.com/dopjcnzjt/image/upload/v1606069804/rtozulsqw20jc2hau0dr.jpg', '2020-10-29', 89, 44, 0, 1),
	(44, 1044, '2020-11-20', '2021-11-20', 'Test', 'Testov', '4684684468', 'test.pri.testa@gmail.com', 2, 'Mladost 1a', 'http://res.cloudinary.com/dopjcnzjt/image/upload/v1606069804/rtozulsqw20jc2hau0dr.jpg', '2020-11-11', 90, 44, 0, 1),
	(45, 1045, '2021-01-01', '2022-01-01', 'Test', 'Testov', '+359878120102', 'test.pri.testa@gmail.com', 2, 'Mladost 1a', 'http://res.cloudinary.com/dopjcnzjt/image/upload/v1606069804/rtozulsqw20jc2hau0dr.jpg', '2020-11-11', 91, 26, 0, 1),
	(46, 1046, '2020-11-19', '2021-11-19', 'Test', 'Testov', '4684684468', 'test.pri.testa@gmail.com', 1, 'Mladost 1a', 'http://res.cloudinary.com/dopjcnzjt/image/upload/v1606069874/hpmh94a8ppelhqmgbijx.jpg', '2020-11-11', 92, 26, 0, 2),
	(47, 1047, '2020-11-20', '2021-11-20', 'Miroslav', 'Filipov', '+359878120102', 'm.filipov@me.com', 2, 'Mladost 1a', 'http://res.cloudinary.com/dopjcnzjt/image/upload/v1606069804/rtozulsqw20jc2hau0dr.jpg', '2020-11-15', 93, 55, 0, 2),
	(48, 1048, '2020-11-23', '2021-11-23', 'Miroslav', 'Filipov', '+359878128252', 'm.filipov@me.com', 1, 'Ul. Ivan Ivanov 20', 'http://res.cloudinary.com/dopjcnzjt/image/upload/v1606069804/rtozulsqw20jc2hau0dr.jpg', '2020-11-22', 94, 26, 0, 1),
	(49, 1049, '2020-11-23', '2021-11-23', 'Miroslav', 'Filipov', '+359878858585', 'm.filipov@me.com', 2, 'Mladost 1a', 'http://res.cloudinary.com/dopjcnzjt/image/upload/v1606069874/hpmh94a8ppelhqmgbijx.jpg', '2020-11-22', 95, 3, 0, 1),
	(50, 1050, '2020-11-30', '2021-11-30', 'Miroslav', 'Filipov', '+35898258852', 'miroslav.d.filipov+123@gmail.com', 1, 'Mladost1', 'http://res.cloudinary.com/dopjcnzjt/image/upload/v1606310832/w7igkdzoqxbpmmc56dna.jpg', '2020-11-25', 96, 56, 0, 2);
/*!40000 ALTER TABLE `policy_requests` ENABLE KEYS */;

-- Dumping structure for table safety_car.questions
CREATE TABLE IF NOT EXISTS `questions` (
  `id` int(11) NOT NULL AUTO_INCREMENT,
  `name` varchar(500) DEFAULT NULL,
  PRIMARY KEY (`id`)
) ENGINE=InnoDB AUTO_INCREMENT=4 DEFAULT CHARSET=latin1;

-- Dumping data for table safety_car.questions: ~3 rows (approximately)
/*!40000 ALTER TABLE `questions` DISABLE KEYS */;
INSERT INTO `questions` (`id`, `name`) VALUES
	(1, 'What was the name of your first pet?'),
	(2, 'Who was your childhood hero?'),
	(3, 'What is the name of your best friend from childhood?');
/*!40000 ALTER TABLE `questions` ENABLE KEYS */;

-- Dumping structure for table safety_car.secrets
CREATE TABLE IF NOT EXISTS `secrets` (
  `id` int(11) NOT NULL AUTO_INCREMENT,
  `user_id` int(11) DEFAULT NULL,
  `question_id` int(11) DEFAULT NULL,
  `answer` varchar(50) DEFAULT NULL,
  PRIMARY KEY (`id`),
  KEY `secrets_questions_id_fk` (`question_id`),
  KEY `secrets_user_info_id_fk` (`user_id`),
  CONSTRAINT `secrets_questions_id_fk` FOREIGN KEY (`question_id`) REFERENCES `questions` (`id`),
  CONSTRAINT `secrets_user_info_id_fk` FOREIGN KEY (`user_id`) REFERENCES `user_info` (`id`)
) ENGINE=InnoDB DEFAULT CHARSET=latin1;

-- Dumping data for table safety_car.secrets: ~0 rows (approximately)
/*!40000 ALTER TABLE `secrets` DISABLE KEYS */;
/*!40000 ALTER TABLE `secrets` ENABLE KEYS */;

-- Dumping structure for table safety_car.simulation_offers
CREATE TABLE IF NOT EXISTS `simulation_offers` (
  `id` int(11) NOT NULL AUTO_INCREMENT,
  `cubic_capacity` int(11) NOT NULL,
  `first_registration_date` date NOT NULL,
  `driver_age` int(11) NOT NULL,
  `prev_year_accidents` tinyint(1) NOT NULL,
  `model_id` int(11) NOT NULL,
  `premium` decimal(6,2) DEFAULT NULL,
  PRIMARY KEY (`id`),
  KEY `simulation_offers_models_id_fk` (`model_id`),
  CONSTRAINT `simulation_offers_models_id_fk` FOREIGN KEY (`model_id`) REFERENCES `models` (`id`)
) ENGINE=InnoDB AUTO_INCREMENT=97 DEFAULT CHARSET=latin1;

-- Dumping data for table safety_car.simulation_offers: ~89 rows (approximately)
/*!40000 ALTER TABLE `simulation_offers` DISABLE KEYS */;
INSERT INTO `simulation_offers` (`id`, `cubic_capacity`, `first_registration_date`, `driver_age`, `prev_year_accidents`, `model_id`, `premium`) VALUES
	(1, 2459, '1996-12-19', 30, 0, 1, 798.06),
	(2, 1600, '2019-10-03', 28, 1, 1, 798.06),
	(3, 1600, '2020-04-16', 20, 0, 1, 798.06),
	(4, 1600, '2020-04-16', 20, 0, 1, 798.06),
	(5, 1600, '2020-10-01', 20, 1, 1, 957.67),
	(6, 1600, '2020-08-14', 20, 1, 1, 957.67),
	(7, 1660, '2000-01-05', 20, 0, 1, 809.61),
	(8, 1666, '2019-07-01', 30, 1, 206, 912.07),
	(9, 1680, '2003-11-17', 30, 1, 403, 912.07),
	(10, 1234, '2015-01-22', 30, 1, 37, 699.11),
	(11, 1342, '2020-10-02', 30, 1, 6, 912.07),
	(12, 1555, '2020-10-01', 40, 1, 1, 912.07),
	(13, 1234, '2020-10-02', 33, 1, 703, 699.11),
	(14, 1696, '2003-11-12', 30, 0, 740, 760.06),
	(15, 1662, '2020-05-08', 30, 0, 740, 760.06),
	(16, 1662, '2020-05-31', 30, 0, 1, 760.06),
	(17, 1000, '2020-10-18', 0, 0, 672, 465.75),
	(18, 1255, '2020-10-21', 0, 0, 635, 611.72),
	(19, 1200, '2020-10-21', 0, 0, 742, 611.72),
	(20, 0, '2020-10-20', 0, 0, 740, 465.75),
	(21, 1220, '2020-10-02', 20, 0, 740, 611.72),
	(22, 1100, '2020-10-21', 20, 1, 740, 734.07),
	(23, 1100, '2020-10-21', 20, 1, 740, 734.07),
	(24, 1100, '2020-10-21', 20, 1, 740, 734.07),
	(25, 1000, '2020-10-08', 23, 1, 740, 558.90),
	(26, 1800, '2020-10-22', 30, 1, 737, 912.07),
	(27, 1000, '2020-10-22', 20, 0, 766, 465.75),
	(28, 1600, '2020-10-22', 60, 0, 181, 760.06),
	(29, 1600, '2020-10-22', 28, 0, 10, 760.06),
	(30, 1234, '2020-10-22', 50, 0, 55, 582.59),
	(31, 1200, '2020-10-22', 24, 0, 191, 611.72),
	(32, 1232, '2020-10-22', 23, 0, 179, 611.72),
	(33, 1888, '2020-10-22', 43, 0, 57, 760.06),
	(34, 1400, '2020-10-22', 53, 0, 1440, 760.06),
	(35, 1234, '2020-10-22', 34, 0, 175, 582.59),
	(36, 1000, '2020-10-22', 42, 0, 176, 443.58),
	(37, 1234, '2020-10-22', 43, 0, 191, 582.59),
	(38, 1600, '2020-10-22', 64, 0, 1326, 760.06),
	(39, 1523, '2020-10-22', 33, 0, 1437, 760.06),
	(40, 1336, '2020-10-22', 53, 0, 1282, 760.06),
	(41, 1600, '2020-10-22', 20, 0, 1276, 798.06),
	(42, 1000, '2020-10-22', 24, 0, 177, 465.75),
	(43, 1600, '2020-10-22', 23, 0, 1187, 798.06),
	(44, 1655, '2020-10-22', 52, 0, 255, 760.06),
	(45, 1666, '2020-10-22', 32, 0, 1442, 760.06),
	(46, 1200, '2020-10-22', 32, 0, 209, 582.59),
	(47, 1600, '2020-10-22', 52, 0, 1279, 760.06),
	(48, 1600, '2020-10-22', 21, 0, 1440, 798.06),
	(49, 1600, '2020-10-22', 43, 0, 1502, 760.06),
	(50, 1600, '2020-10-22', 30, 0, 1185, 760.06),
	(51, 1600, '2020-10-22', 20, 0, 1437, 798.06),
	(52, 1500, '2020-10-22', 26, 0, 717, 760.06),
	(53, 1500, '2020-10-22', 26, 0, 717, 760.06),
	(54, 1500, '2020-10-22', 26, 0, 717, 760.06),
	(55, 3422, '2020-10-03', 34, 0, 1116, 1053.68),
	(56, 1300, '2020-10-23', 23, 0, 1508, 611.72),
	(57, 1455, '2020-10-23', 43, 0, 24, 760.06),
	(58, 2000, '2020-10-23', 32, 1, 1507, 912.07),
	(59, 1234, '2020-10-06', 20, 1, 1437, 734.07),
	(60, 1234, '2020-10-06', 30, 0, 1440, 582.59),
	(61, 1234, '2020-10-06', 30, 0, 1440, 582.59),
	(62, 1999, '2020-10-07', 30, 0, 1508, 760.06),
	(63, 1999, '2020-10-12', 30, 0, 1436, 760.06),
	(64, 1454, '2020-10-12', 20, 0, 1437, 798.06),
	(65, 1234, '2020-10-06', 30, 0, 1435, 582.59),
	(66, 1234, '2020-09-30', 23, 0, 1507, 611.72),
	(67, 1234, '2020-10-12', 38, 1, 1440, 699.11),
	(68, 1324, '2020-09-30', 34, 1, 1439, 912.07),
	(69, 1324, '2020-09-30', 34, 1, 1439, 912.07),
	(70, 1343, '2020-10-06', 31, 1, 1441, 912.07),
	(71, 1234, '2020-10-06', 30, 0, 178, 582.59),
	(72, 1321, '2020-10-06', 30, 1, 1441, 912.07),
	(73, 1343, '2020-10-06', 31, 1, 191, 912.07),
	(74, 1343, '2020-10-14', 31, 1, 1440, 912.07),
	(75, 3212, '2020-10-06', 30, 1, 20, 1264.41),
	(76, 1234, '2020-10-27', 30, 0, 1437, 582.59),
	(77, 1234, '2020-10-06', 32, 1, 1440, 699.11),
	(78, 1300, '2020-10-01', 20, 0, 1340, 611.72),
	(79, 1600, '2003-11-19', 30, 0, 740, 760.06),
	(80, 1600, '2020-10-09', 43, 0, 1488, 760.06),
	(81, 1300, '2020-06-12', 42, 0, 249, 582.59),
	(82, 1600, '2020-10-08', 25, 0, 670, 760.06),
	(83, 1600, '2020-10-01', 33, 0, 1095, 760.06),
	(84, 1600, '2020-10-10', 30, 1, 255, 912.07),
	(85, 1660, '2000-01-05', 20, 0, 255, 809.61),
	(86, 1500, '2020-10-01', 23, 0, 209, 798.06),
	(87, 1600, '2020-10-05', 42, 0, 1437, 760.06),
	(88, 1600, '2020-10-01', 23, 0, 1509, 798.06),
	(89, 1600, '2020-10-29', 32, 0, 1440, 760.06),
	(90, 1234, '2020-11-02', 31, 1, 24, 699.11),
	(91, 1234, '2020-11-04', 31, 1, 1437, 699.11),
	(92, 1234, '2020-10-27', 31, 1, 1437, 699.11),
	(93, 3000, '2020-11-04', 30, 0, 190, 1053.68),
	(94, 2495, '1996-11-11', 30, 0, 1346, 982.15),
	(95, 1359, '2020-10-27', 35, 1, 181, 912.07),
	(96, 1234, '2020-10-27', 31, 1, 179, 699.11);
/*!40000 ALTER TABLE `simulation_offers` ENABLE KEYS */;

-- Dumping structure for table safety_car.statuses
CREATE TABLE IF NOT EXISTS `statuses` (
  `id` int(11) NOT NULL AUTO_INCREMENT,
  `status` enum('pending','approved','rejected','cancelled') DEFAULT NULL,
  PRIMARY KEY (`id`),
  UNIQUE KEY `statuses_status_uindex` (`status`)
) ENGINE=InnoDB AUTO_INCREMENT=5 DEFAULT CHARSET=latin1;

-- Dumping data for table safety_car.statuses: ~4 rows (approximately)
/*!40000 ALTER TABLE `statuses` DISABLE KEYS */;
INSERT INTO `statuses` (`id`, `status`) VALUES
	(1, 'pending'),
	(2, 'approved'),
	(3, 'rejected'),
	(4, 'cancelled');
/*!40000 ALTER TABLE `statuses` ENABLE KEYS */;

-- Dumping structure for table safety_car.users
CREATE TABLE IF NOT EXISTS `users` (
  `username` varchar(50) NOT NULL,
  `password` varchar(68) NOT NULL,
  `enabled` tinyint(4) NOT NULL,
  PRIMARY KEY (`username`)
) ENGINE=InnoDB DEFAULT CHARSET=latin1;

-- Dumping data for table safety_car.users: ~28 rows (approximately)
/*!40000 ALTER TABLE `users` DISABLE KEYS */;
INSERT INTO `users` (`username`, `password`, `enabled`) VALUES
	('alabala@ala.bala', '$2a$10$RRzEr1H50ZabxcWVS9HYduAS54hdwe0KIjAKBQsUL2xFDD1zaOuRu', 1),
	('bobi.dostumski@gmail.com', '$2a$10$RRzEr1H50ZabxcWVS9HYduAS54hdwe0KIjAKBQsUL2xFDD1zaOuRu', 1),
	('denica.ivanova@mail.bg', '$2a$10$RRzEr1H50ZabxcWVS9HYduAS54hdwe0KIjAKBQsUL2xFDD1zaOuRu', 1),
	('georgi.georgiev@gmail.com', '$2a$10$RRzEr1H50ZabxcWVS9HYduAS54hdwe0KIjAKBQsUL2xFDD1zaOuRu', 1),
	('haralampi@abv.bg', '$2a$10$RRzEr1H50ZabxcWVS9HYduAS54hdwe0KIjAKBQsUL2xFDD1zaOuRu', 1),
	('ina.petleshkova@gmail.com', '$2a$10$RRzEr1H50ZabxcWVS9HYduAS54hdwe0KIjAKBQsUL2xFDD1zaOuRu', 1),
	('kamenoshi@gmail.com', '$2a$10$RRzEr1H50ZabxcWVS9HYduAS54hdwe0KIjAKBQsUL2xFDD1zaOuRu', 1),
	('konstantin.v@mail.com', '$2a$10$RRzEr1H50ZabxcWVS9HYduAS54hdwe0KIjAKBQsUL2xFDD1zaOuRu', 1),
	('kosta.kolev@gmail.com', '$2a$10$RRzEr1H50ZabxcWVS9HYduAS54hdwe0KIjAKBQsUL2xFDD1zaOuRu', 1),
	('kris.dobrev@mail.bg', '$2a$10$RRzEr1H50ZabxcWVS9HYduAS54hdwe0KIjAKBQsUL2xFDD1zaOuRu', 1),
	('m.filipov@me.com', '$2a$10$Mf0DSAcJ55Xn27CfyC/JlODLDXLQnOwKCTrAZJCHzuc1HAokFaP6.', 1),
	('mfilipov@me.com', '$2a$10$RRzEr1H50ZabxcWVS9HYduAS54hdwe0KIjAKBQsUL2xFDD1zaOuRu', 1),
	('miroslav.d.filipov+123@gmail.com', '$2a$10$mCzrZzAmv9/aeiabflm2huuoJbAXX2XwThy8q/moMsiC2juVLnyde', 1),
	('miroslav.d.filipov+test@gmail.com', '$2a$10$g1I9x3/2YGs8dyVsRMWRguMX6wZAUlviO/TUQh44/lyZEKw/iAqu2', 1),
	('miroslav.d.filipov+testpic@gmail.com', '$2a$10$uOUz1WiBuZJlCEFjldDNb.Rv2LoBK63SOWRBQX7afu.xldMiQPkmS', 1),
	('miroslav.d.filipov+testt@gmail.com', '$2a$10$3A.S4twoRKAgqzNE5fkumexPCKMe.sQxrLyUwZ3P..yPqwXOnkIIe', 1),
	('miroslav.d.filipov+testt@me.com', '$2a$10$Ekfqr/hpgN1AP0hXQrbt2uFy63zCK9KBWDySTo2c8Ig67h7AvJfRy', 0),
	('miroslav.d.filipov@gmail.com', '$2a$10$1l0wosrqJUYavod8x1sA3.q7sPXW1dbDoyxuV1zYDbi9TctgwYcze', 1),
	('misho.gerganchev@mail.com', '$2a$10$RRzEr1H50ZabxcWVS9HYduAS54hdwe0KIjAKBQsUL2xFDD1zaOuRu', 1),
	('pesho.raykov@mail.bg', '$2a$10$RRzEr1H50ZabxcWVS9HYduAS54hdwe0KIjAKBQsUL2xFDD1zaOuRu', 1),
	('petar.petrov@gmail.com', '$2a$10$RRzEr1H50ZabxcWVS9HYduAS54hdwe0KIjAKBQsUL2xFDD1zaOuRu', 1),
	('petya.gr@mail.com', '$2a$10$RRzEr1H50ZabxcWVS9HYduAS54hdwe0KIjAKBQsUL2xFDD1zaOuRu', 1),
	('stef4o.s@abv.bg', '$2a$10$RRzEr1H50ZabxcWVS9HYduAS54hdwe0KIjAKBQsUL2xFDD1zaOuRu', 1),
	('test.pri.testa+testnasnimka@gmail.com', '$2a$10$.uM1ltMPVI8U6FkI/VwtvOV5aa4YgsL1NR5Td3SchVaig1JKJ9WIW', 1),
	('test.pri.testa@gmail.com', '$2a$10$A0vm9otMzjKYV2mzkovSXeIPMwkmyq0dqCEFNkebF8.ijIoczZXEm', 1),
	('test@test.test', '$2a$10$RRzEr1H50ZabxcWVS9HYduAS54hdwe0KIjAKBQsUL2xFDD1zaOuRu', 1),
	('toshko.andonov@mail.bg', '$2a$10$RRzEr1H50ZabxcWVS9HYduAS54hdwe0KIjAKBQsUL2xFDD1zaOuRu', 1),
	('trendafilka@mail.com', '$2a$10$RRzEr1H50ZabxcWVS9HYduAS54hdwe0KIjAKBQsUL2xFDD1zaOuRu', 1),
	('vancho.e@gmail.com', '$2a$10$RRzEr1H50ZabxcWVS9HYduAS54hdwe0KIjAKBQsUL2xFDD1zaOuRu', 1),
	('venko.zlatanov@email.com', '$2a$10$RRzEr1H50ZabxcWVS9HYduAS54hdwe0KIjAKBQsUL2xFDD1zaOuRu', 1),
	('viktor.nikolov@gmail.com', '$2a$10$RRzEr1H50ZabxcWVS9HYduAS54hdwe0KIjAKBQsUL2xFDD1zaOuRu', 1);
/*!40000 ALTER TABLE `users` ENABLE KEYS */;

-- Dumping structure for table safety_car.user_info
CREATE TABLE IF NOT EXISTS `user_info` (
  `id` int(11) NOT NULL AUTO_INCREMENT,
  `first_name` varchar(30) DEFAULT NULL,
  `last_name` varchar(30) DEFAULT NULL,
  `email` varchar(100) DEFAULT NULL,
  `phone` varchar(20) DEFAULT NULL,
  `picture` varchar(500) DEFAULT NULL,
  `deleted` tinyint(1) DEFAULT 1,
  PRIMARY KEY (`id`),
  KEY `user_info_users_email_fk` (`email`),
  CONSTRAINT `user_info_users_email_fk` FOREIGN KEY (`email`) REFERENCES `users` (`username`)
) ENGINE=InnoDB AUTO_INCREMENT=57 DEFAULT CHARSET=latin1;

-- Dumping data for table safety_car.user_info: ~28 rows (approximately)
/*!40000 ALTER TABLE `user_info` DISABLE KEYS */;
INSERT INTO `user_info` (`id`, `first_name`, `last_name`, `email`, `phone`, `picture`, `deleted`) VALUES
	(2, 'Ina', 'Petleshkova', 'ina.petleshkova@gmail.com', '+3598543218', 'http://res.cloudinary.com/dopjcnzjt/image/upload/v1606069253/dz9xdufunrezqknavkmr.jpg', 0),
	(3, 'Miro', 'Filipov', 'mfilipov@me.com', '+3594831588', 'http://res.cloudinary.com/dopjcnzjt/image/upload/v1606069279/buldgrjcj0nlslo7e8ux.jpg', 0),
	(4, 'Kamen', 'Hristov', 'kamenoshi@gmail.com', '+3593465346', 'http://res.cloudinary.com/dopjcnzjt/image/upload/v1606069313/jc7bfiadtexdwuydifli.jpg', 0),
	(5, 'Viktor', 'Nikolov', 'viktor.nikolov@gmail.com', '+3597894456', 'http://res.cloudinary.com/dopjcnzjt/image/upload/v1606069342/d6ukweeqg29rwcr0hrvj.jpg', 0),
	(6, 'Borislav', 'Dostumski', 'bobi.dostumski@gmail.com', '+3599423456', 'http://res.cloudinary.com/dopjcnzjt/image/upload/v1606069363/eodrxlfcomfks4nynr7g.jpg', 0),
	(7, 'Kosta', 'Kolev', 'kosta.kolev@gmail.com', '+3595687345', 'http://res.cloudinary.com/dopjcnzjt/image/upload/v1606069385/cjj02wdlmaphktlqkhbk.jpg', 0),
	(8, 'Mihail', 'Gerganchev', 'misho.gerganchev@mail.com', '+3593486543', 'http://res.cloudinary.com/dopjcnzjt/image/upload/v1606069405/vag61f1kiskqnwbyjuc3.jpg', 0),
	(9, 'Venelin', 'Zlatanov', 'venko.zlatanov@email.com', '+3592344567', 'http://res.cloudinary.com/dopjcnzjt/image/upload/v1605115307/wq5hhgxf1qnyp2uvd0rj.png', 0),
	(10, 'Denica', 'Ivanova', 'denica.ivanova@mail.bg', '+3591234567', 'http://res.cloudinary.com/dopjcnzjt/image/upload/v1605115307/wq5hhgxf1qnyp2uvd0rj.png', 0),
	(11, 'Petar', 'Raykov', 'pesho.raykov@mail.bg', '+3594455667', 'http://res.cloudinary.com/dopjcnzjt/image/upload/v1606069446/avqblxyhcjl98jxsyvmf.jpg', 0),
	(12, 'Todor', 'Andonov', 'toshko.andonov@mail.bg', '+3594323432', 'http://res.cloudinary.com/dopjcnzjt/image/upload/v1606069468/nhrnsvheeon4qhzlso7j.jpg', 0),
	(13, 'Petya', 'Grozdarska', 'petya.gr@mail.com', '+3591232123', 'http://res.cloudinary.com/dopjcnzjt/image/upload/v1606069486/icpqjknuswhraumu4ctm.jpg', 0),
	(14, 'Petar', 'Petrov', 'petar.petrov@gmail.com', '+3595278975', 'http://res.cloudinary.com/dopjcnzjt/image/upload/v1605115307/wq5hhgxf1qnyp2uvd0rj.png', 0),
	(15, 'Haralampi', 'Goshov', 'haralampi@abv.bg', '+3591111111', 'http://res.cloudinary.com/dopjcnzjt/image/upload/v1605115307/wq5hhgxf1qnyp2uvd0rj.png', 0),
	(16, 'Trendafilka', 'Nemska', 'trendafilka@mail.com', '+3592342222', 'http://res.cloudinary.com/dopjcnzjt/image/upload/v1605115307/wq5hhgxf1qnyp2uvd0rj.png', 0),
	(17, 'Stefan', 'Stefanov', 'stef4o.s@abv.bg', '+3592222222', 'http://res.cloudinary.com/dopjcnzjt/image/upload/v1605115307/wq5hhgxf1qnyp2uvd0rj.png', 0),
	(18, 'Kristiyan', 'Dobrev', 'kris.dobrev@mail.bg', '+3593232333', 'http://res.cloudinary.com/dopjcnzjt/image/upload/v1605115307/wq5hhgxf1qnyp2uvd0rj.png', 0),
	(19, 'Konstantin', 'Velichkov', 'konstantin.v@mail.com', '+4444223244', 'http://res.cloudinary.com/dopjcnzjt/image/upload/v1605115307/wq5hhgxf1qnyp2uvd0rj.png', 0),
	(20, 'Georgi', 'Georgiev', 'georgi.georgiev@gmail.com', '+3592445554', 'http://res.cloudinary.com/dopjcnzjt/image/upload/v1605115307/wq5hhgxf1qnyp2uvd0rj.png', 0),
	(21, 'Ivan', 'Ivanov', 'vancho.e@gmail.com', '+3591231112', 'http://res.cloudinary.com/dopjcnzjt/image/upload/v1605115307/wq5hhgxf1qnyp2uvd0rj.png', 0),
	(22, 'Test', 'Testov', 'test@test.test', '+359875221', 'http://res.cloudinary.com/dopjcnzjt/image/upload/v1605115307/wq5hhgxf1qnyp2uvd0rj.png', 0),
	(23, 'ala', 'bala', 'alabala@ala.bala', '+35852525', 'http://res.cloudinary.com/dopjcnzjt/image/upload/v1605115307/wq5hhgxf1qnyp2uvd0rj.png', 0),
	(26, 'Miroslav', 'Filipov', 'm.filipov@me.com', '+359878565656', 'http://res.cloudinary.com/dopjcnzjt/image/upload/v1606060085/ifeid4v0icnwnb56qkww.jpg', 0),
	(44, 'Testat', 'Testov', 'test.pri.testa@gmail.com', '+359585225', 'http://res.cloudinary.com/dopjcnzjt/image/upload/v1605115307/wq5hhgxf1qnyp2uvd0rj.png', 0),
	(45, 'Test', 'Testov', 'test.pri.testa+testnasnimka@gmail.com', '4684684468', 'http://res.cloudinary.com/dopjcnzjt/image/upload/v1605115307/wq5hhgxf1qnyp2uvd0rj.png', 0),
	(46, 'Miro', 'Filipov', 'miroslav.d.filipov@gmail.com', '+359878120102', 'http://res.cloudinary.com/dopjcnzjt/image/upload/v1606233730/odibbxka02y1qrtlzbq0.jpg', 0),
	(52, 'Miroslav', 'Filipov', 'miroslav.d.filipov+test@gmail.com', '+359878120102', 'http://res.cloudinary.com/dopjcnzjt/image/upload/v1605456743/yhuegou2pw6gcw6hgghx.jpg', 0),
	(53, 'Miroslav', 'Filipov', 'miroslav.d.filipov+testpic@gmail.com', '+359878120102', 'http://res.cloudinary.com/dopjcnzjt/image/upload/v1605115307/wq5hhgxf1qnyp2uvd0rj.png', 0),
	(54, 'Miroslav', 'Filipov', 'miroslav.d.filipov+testt@me.com', '+359878120102', 'http://res.cloudinary.com/dopjcnzjt/image/upload/v1605115307/wq5hhgxf1qnyp2uvd0rj.png', 1),
	(55, 'Miroslav', 'Filipov', 'miroslav.d.filipov+testt@gmail.com', '+359878120102', 'http://res.cloudinary.com/dopjcnzjt/image/upload/v1605115307/wq5hhgxf1qnyp2uvd0rj.png', 0),
	(56, 'Miroslav', 'Filipov', 'miroslav.d.filipov+123@gmail.com', '+359885285285', 'http://res.cloudinary.com/dopjcnzjt/image/upload/v1606310756/yboqqmkpippbat1kbj0a.jpg', 0);
/*!40000 ALTER TABLE `user_info` ENABLE KEYS */;

-- Dumping structure for table safety_car.verification_token
CREATE TABLE IF NOT EXISTS `verification_token` (
  `id` int(11) NOT NULL AUTO_INCREMENT,
  `username` varchar(50) DEFAULT NULL,
  `token` varchar(50) DEFAULT NULL,
  `expiry_date` date DEFAULT NULL,
  PRIMARY KEY (`id`),
  KEY `verification_token_users_username_fk` (`username`),
  CONSTRAINT `verification_token_users_username_fk` FOREIGN KEY (`username`) REFERENCES `users` (`username`)
) ENGINE=InnoDB AUTO_INCREMENT=50 DEFAULT CHARSET=latin1;

-- Dumping data for table safety_car.verification_token: ~12 rows (approximately)
/*!40000 ALTER TABLE `verification_token` DISABLE KEYS */;
INSERT INTO `verification_token` (`id`, `username`, `token`, `expiry_date`) VALUES
	(3, 'm.filipov@me.com', 'a35fed68-6eb5-4ba9-b061-0386623e50fa', '2020-10-16'),
	(21, 'test.pri.testa@gmail.com', '677019ea-36e6-4809-a6f1-165ab738e9b8', '2020-10-29'),
	(22, 'test.pri.testa+testnasnimka@gmail.com', 'ee3d5e02-1f87-49b7-b809-a6ea3462c0e1', '2020-11-12'),
	(37, 'miroslav.d.filipov+test@gmail.com', '229e9d44-2f53-4b67-ad3e-86c9fd3cf415', '2020-11-16'),
	(38, 'miroslav.d.filipov+testpic@gmail.com', 'fab3d5c6-09a2-4f00-8ba4-8c1a24502e97', '2020-11-16'),
	(39, 'miroslav.d.filipov+testt@me.com', '40aa91b4-ab8d-46c6-8994-415b279c0bba', '2020-11-16'),
	(42, 'miroslav.d.filipov@gmail.com', 'dd55e069-7336-4511-9005-3d5dfd91b294', '2020-11-24'),
	(43, 'miroslav.d.filipov@gmail.com', '8ef7e4cd-4ee1-486a-b037-187adf3f2070', '2020-11-24'),
	(44, 'miroslav.d.filipov+123@gmail.com', 'f7b59d85-c1fe-40ed-9d3e-8a529bb52dc4', '2020-11-26'),
	(45, 'miroslav.d.filipov@gmail.com', '53e262e5-be8f-470f-aa39-d0c3bba35aa0', '2020-11-30'),
	(46, 'miroslav.d.filipov@gmail.com', '69556056-ba66-4b1a-8219-060a6ab41112', '2020-11-30'),
	(47, 'miroslav.d.filipov@gmail.com', 'a8613f07-a736-4f3a-bc48-7c4efbed6513', '2020-11-30'),
	(48, 'miroslav.d.filipov@gmail.com', 'b75bfb0d-c157-4c77-be77-72390a0fcb2f', '2020-11-30'),
	(49, 'miroslav.d.filipov@gmail.com', '009f632b-452b-47de-8bdb-8102053e8da4', '2020-11-30');
/*!40000 ALTER TABLE `verification_token` ENABLE KEYS */;

/*!40101 SET SQL_MODE=IFNULL(@OLD_SQL_MODE, '') */;
/*!40014 SET FOREIGN_KEY_CHECKS=IF(@OLD_FOREIGN_KEY_CHECKS IS NULL, 1, @OLD_FOREIGN_KEY_CHECKS) */;
/*!40101 SET CHARACTER_SET_CLIENT=@OLD_CHARACTER_SET_CLIENT */;
