
-- init server
SET character_set_server = 'utf8';
SET collation_server = 'utf8_general_ci';

-- init connection
SET NAMES 'utf8' COLLATE 'utf8_general_ci';

/******************************************************************************/
/***                         Database krautundrueben                        ***/
/******************************************************************************/

DROP DATABASE IF EXISTS krautundrueben;
CREATE DATABASE IF NOT EXISTS krautundrueben;

USE krautundrueben;

/***        kunde table        ***/

CREATE TABLE KUNDE (
    KUNDENNR        INTEGER NOT NULL,
    NACHNAME        VARCHAR(50),
    VORNAME         VARCHAR(50),
    GEBURTSDATUM    DATE,
    STRASSE         VARCHAR(50),
    HAUSNR          VARCHAR(6),
    PLZ             VARCHAR(5),
    ORT             VARCHAR(50),
    TELEFON         VARCHAR(25),
    EMAIL           VARCHAR(50)
);

-- primary keys

ALTER TABLE KUNDE ADD PRIMARY KEY (KUNDENNR);

/***        lieferant table        ***/

CREATE TABLE LIEFERANT (
    LIEFERANTENNR   INTEGER NOT NULL,
    LIEFERANTENNAME VARCHAR(50),
    STRASSE         VARCHAR(50),
    HAUSNR          VARCHAR(6),
    PLZ             VARCHAR(5),
    ORT             VARCHAR(50),
    TELEFON         VARCHAR(25),
    EMAIL           VARCHAR(50)
);

-- primary keys

ALTER TABLE LIEFERANT ADD PRIMARY KEY (LIEFERANTENNR);

/***        zutat table        ***/

CREATE TABLE ZUTAT(
    ZUTATENNR        INTEGER NOT NULL,
    BEZEICHNUNG      VARCHAR(50),
    EINHEIT          VARCHAR (25),
    NETTOPREIS       DECIMAL(10,2),
    BESTAND          INTEGER,
    LIEFERANT        INTEGER NOT NULL,
    KALORIEN         INTEGER,
    KOHLENHYDRATE    DECIMAL (10,2),
    PROTEIN          DECIMAL(10,2)
);

-- primary keys

ALTER TABLE ZUTAT ADD PRIMARY KEY (ZUTATENNR);

-- foreign keys

ALTER TABLE ZUTAT ADD FOREIGN KEY (LIEFERANT) REFERENCES LIEFERANT (LIEFERANTENNR);

/***        bestellung table        ***/

CREATE TABLE BESTELLUNG (
    BESTELLNR        INTEGER AUTO_INCREMENT NOT NULL,
    KUNDENNR         INTEGER NOT NULL,
    BESTELLDATUM     DATE,
    RECHNUNGSBETRAG  DECIMAL(10,2),
    PRIMARY KEY (BESTELLNR)
);

CREATE TABLE BESTELLUNGZUTAT (
    BESTELLNR       INTEGER NOT NULL,
    ZUTATENNR       INTEGER NOT NULL,
    MENGE           INTEGER NOT NULL
);

-- primary keys

ALTER TABLE BESTELLUNGZUTAT ADD PRIMARY KEY (BESTELLNR, ZUTATENNR);

-- foreign keys

ALTER TABLE BESTELLUNG ADD FOREIGN KEY (KUNDENNR) REFERENCES KUNDE (KUNDENNR);
ALTER TABLE BESTELLUNGZUTAT ADD FOREIGN KEY (BESTELLNR) REFERENCES BESTELLUNG (BESTELLNR);
ALTER TABLE BESTELLUNGZUTAT ADD FOREIGN KEY (ZUTATENNR) REFERENCES ZUTAT (ZUTATENNR);


/***        rezept table        ***/

CREATE TABLE REZEPT(
    REZEPTNR            INTEGER NOT NULL,
    `NAME`              VARCHAR(50) NOT NULL,
    ANLEITUNG           VARCHAR(4096)
);

CREATE TABLE REZEPTZUTAT(
    REZEPTNR            INTEGER NOT NULL,
    ZUTATENNR           INTEGER NOT NULL,
    MENGE               INTEGER NOT NULL
);

-- primary keys

ALTER TABLE REZEPT ADD PRIMARY KEY (REZEPTNR);
ALTER TABLE REZEPTZUTAT ADD PRIMARY KEY (REZEPTNR, ZUTATENNR);

-- foreign keys

ALTER TABLE REZEPTZUTAT ADD FOREIGN KEY (ZUTATENNR) REFERENCES ZUTAT (ZUTATENNR);
ALTER TABLE REZEPTZUTAT ADD FOREIGN KEY (REZEPTNR) REFERENCES REZEPT (REZEPTNR);

/***        ernaehrungskategorie table        ***/

CREATE TABLE ERNAEHRUNGSKATEGORIE(
    ERNAEHRUNGSKATEGORIENR  INTEGER NOT NULL,
    `NAME`                  VARCHAR(50) NOT NULL,
    BESCHREIBUNG            VARCHAR(4096)
);

CREATE TABLE REZEPTERNAEHRUNGSKATEGORIE(
    REZEPTNR                INTEGER NOT NULL,
    ERNAEHRUNGSKATEGORIENR  INTEGER NOT NULL
);

-- primary keys

ALTER TABLE ERNAEHRUNGSKATEGORIE ADD PRIMARY KEY (ERNAEHRUNGSKATEGORIENR);
ALTER TABLE REZEPTERNAEHRUNGSKATEGORIE ADD PRIMARY KEY (REZEPTNR, ERNAEHRUNGSKATEGORIENR);

-- foreign keys

ALTER TABLE REZEPTERNAEHRUNGSKATEGORIE ADD FOREIGN KEY (REZEPTNR) REFERENCES REZEPT (REZEPTNR);
ALTER TABLE REZEPTERNAEHRUNGSKATEGORIE ADD FOREIGN KEY (ERNAEHRUNGSKATEGORIENR) REFERENCES ERNAEHRUNGSKATEGORIE (ERNAEHRUNGSKATEGORIENR);

/***        allergen table        ***/

CREATE TABLE ALLERGEN(
    ALLERGENNR          INTEGER NOT NULL,
    `NAME`              VARCHAR(50) NOT NULL
);

CREATE TABLE REZEPTALLERGEN(
    REZEPTNR            INTEGER NOT NULL,
    ALLERGENNR          INTEGER NOT NULL
);

-- primary keys

ALTER TABLE ALLERGEN ADD PRIMARY KEY (ALLERGENNR);
ALTER TABLE REZEPTALLERGEN ADD PRIMARY KEY (REZEPTNR, ALLERGENNR);

-- foreign keys

ALTER TABLE REZEPTALLERGEN ADD FOREIGN KEY (REZEPTNR) REFERENCES REZEPT (REZEPTNR);
ALTER TABLE REZEPTALLERGEN ADD FOREIGN KEY (ALLERGENNR) REFERENCES ALLERGEN (ALLERGENNR);

-- init connection
SET NAMES 'utf8' COLLATE 'utf8_general_ci';

/******************************************************************************/
/***                         Data of krautundrueben                         ***/
/******************************************************************************/

USE krautundrueben;

/***        kunde        ***/

INSERT INTO KUNDE (KUNDENNR, NACHNAME, VORNAME, GEBURTSDATUM, STRASSE, HAUSNR, PLZ, ORT, TELEFON, EMAIL) VALUES (2001, 'Wellensteyn','Kira','1990-05-05','Eppendorfer Landstrasse', '104', '20249','Hamburg','040/443322','k.wellensteyn@yahoo.de');
INSERT INTO KUNDE (KUNDENNR, NACHNAME, VORNAME, GEBURTSDATUM, STRASSE, HAUSNR, PLZ, ORT, TELEFON, EMAIL) VALUES (2002, 'Foede','Dorothea','2000-03-24','Ohmstraße', '23', '22765','Hamburg','040/543822','d.foede@web.de');
INSERT INTO KUNDE (KUNDENNR, NACHNAME, VORNAME, GEBURTSDATUM, STRASSE, HAUSNR, PLZ, ORT, TELEFON, EMAIL) VALUES (2003, 'Leberer','Sigrid','1989-09-21','Bilser Berg', '6', '20459','Hamburg','0175/1234588','sigrid@leberer.de');
INSERT INTO KUNDE (KUNDENNR, NACHNAME, VORNAME, GEBURTSDATUM, STRASSE, HAUSNR, PLZ, ORT, TELEFON, EMAIL) VALUES (2004, 'Soerensen','Hanna','1974-04-03','Alter Teichweg', '95', '22049','Hamburg','040/634578','h.soerensen@yahoo.de');
INSERT INTO KUNDE (KUNDENNR, NACHNAME, VORNAME, GEBURTSDATUM, STRASSE, HAUSNR, PLZ, ORT, TELEFON, EMAIL) VALUES (2005, 'Schnitter','Marten','1964-04-17','Stübels', '10', '22835','Barsbüttel','0176/447587','schni_mart@gmail.com');
INSERT INTO KUNDE (KUNDENNR, NACHNAME, VORNAME, GEBURTSDATUM, STRASSE, HAUSNR, PLZ, ORT, TELEFON, EMAIL) VALUES (2006, 'Maurer','Belinda','1978-09-09','Grotelertwiete', '4a', '21075','Hamburg','040/332189','belinda1978@yahoo.de');
INSERT INTO KUNDE (KUNDENNR, NACHNAME, VORNAME, GEBURTSDATUM, STRASSE, HAUSNR, PLZ, ORT, TELEFON, EMAIL) VALUES (2007, 'Gessert','Armin','1978-01-29','Küstersweg', '3', '21079','Hamburg','040/67890','armin@gessert.de');
INSERT INTO KUNDE (KUNDENNR, NACHNAME, VORNAME, GEBURTSDATUM, STRASSE, HAUSNR, PLZ, ORT, TELEFON, EMAIL) VALUES (2008, 'Haessig','Jean-Marc','1982-08-30','Neugrabener Bahnhofstraße', '30', '21149','Hamburg','0178-67013390','jm@haessig.de');
INSERT INTO KUNDE (KUNDENNR, NACHNAME, VORNAME, GEBURTSDATUM, STRASSE, HAUSNR, PLZ, ORT, TELEFON, EMAIL) VALUES (2009, 'Urocki','Eric','1999-12-04','Elbchaussee', '228', '22605','Hamburg','0152-96701390','urocki@outlook.de');

/***        lieferant        ***/

INSERT INTO LIEFERANT (LIEFERANTENNR, LIEFERANTENNAME, STRASSE, HAUSNR, PLZ, ORT, TELEFON, EMAIL) values (101, 'Bio-Hof Müller', 'Dorfstraße', '74', '24354', 'Weseby', '04354-9080', 'mueller@biohof.de');
INSERT INTO LIEFERANT (LIEFERANTENNR, LIEFERANTENNAME, STRASSE, HAUSNR, PLZ, ORT, TELEFON, EMAIL) values (102, 'Obst-Hof Altes Land', 'Westerjork 74', '76', '21635', 'Jork', '04162-4523', 'info@biohof-altesland.de');
INSERT INTO LIEFERANT (LIEFERANTENNR, LIEFERANTENNAME, STRASSE, HAUSNR, PLZ, ORT, TELEFON, EMAIL) values (103, 'Molkerei Henning', 'Molkereiwegkundekunde', '13','19217', 'Dechow', '038873-8976', 'info@molkerei-henning.de');

/***        zutat        ***/

INSERT INTO ZUTAT (ZUTATENNR, BEZEICHNUNG, EINHEIT, NETTOPREIS, BESTAND, lieferant, KALORIEN, KOHLENHYDRATE, PROTEIN) VALUES (1001,'Zucchini','Stück', 0.89, 100, 101,19,2,1.6);
INSERT INTO ZUTAT (ZUTATENNR, BEZEICHNUNG, EINHEIT, NETTOPREIS, BESTAND, lieferant, KALORIEN, KOHLENHYDRATE, PROTEIN) VALUES (1002,'Zwiebel','Stück', 0.15, 50, 101, 28, 4.9, 1.20);
INSERT INTO ZUTAT (ZUTATENNR, BEZEICHNUNG, EINHEIT, NETTOPREIS, BESTAND, lieferant, KALORIEN, KOHLENHYDRATE, PROTEIN) VALUES (1003, 'Tomate', 'Stück', 0.45, 50, 101, 18, 2.6, 1);
INSERT INTO ZUTAT (ZUTATENNR, BEZEICHNUNG, EINHEIT, NETTOPREIS, BESTAND, lieferant, KALORIEN, KOHLENHYDRATE, PROTEIN) VALUES (1004, 'Schalotte', 'Stück', 0.20, 500, 101, 25, 3.3, 1.5);
INSERT INTO ZUTAT (ZUTATENNR, BEZEICHNUNG, EINHEIT, NETTOPREIS, BESTAND, lieferant, KALORIEN, KOHLENHYDRATE, PROTEIN) VALUES (1005, 'Karotte', 'Stück', 0.30, 500, 101, 41, 10, 0.9);
INSERT INTO ZUTAT (ZUTATENNR, BEZEICHNUNG, EINHEIT, NETTOPREIS, BESTAND, lieferant, KALORIEN, KOHLENHYDRATE, PROTEIN) VALUES (1006, 'Kartoffel', 'Stück', 0.15, 1500, 101, 71, 14.6, 2);
INSERT INTO ZUTAT (ZUTATENNR, BEZEICHNUNG, EINHEIT, NETTOPREIS, BESTAND, lieferant, KALORIEN, KOHLENHYDRATE, PROTEIN) VALUES (1007, 'Rucola', 'Bund', 0.90, 10, 101, 27, 2.1, 2.6);
INSERT INTO ZUTAT (ZUTATENNR, BEZEICHNUNG, EINHEIT, NETTOPREIS, BESTAND, lieferant, KALORIEN, KOHLENHYDRATE, PROTEIN) VALUES (1008, 'Lauch', 'Stück', 1.2, 35, 101, 29, 3.3, 2.1);
INSERT INTO ZUTAT (ZUTATENNR, BEZEICHNUNG, EINHEIT, NETTOPREIS, BESTAND, lieferant, KALORIEN, KOHLENHYDRATE, PROTEIN) VALUES (1009, 'Knoblauch', 'Stück', 0.25, 250, 101, 141, 28.4, 6.1);
INSERT INTO ZUTAT (ZUTATENNR, BEZEICHNUNG, EINHEIT, NETTOPREIS, BESTAND, lieferant, KALORIEN, KOHLENHYDRATE, PROTEIN) VALUES (1010, 'Basilikum', 'Bund', 1.3, 10, 101, 41, 5.1, 3.1);
INSERT INTO ZUTAT (ZUTATENNR, BEZEICHNUNG, EINHEIT, NETTOPREIS, BESTAND, lieferant, KALORIEN, KOHLENHYDRATE, PROTEIN) VALUES (1011, 'Süßkartoffel', 'Stück', 2.0, 200, 101, 86, 20, 1.6);
INSERT INTO ZUTAT (ZUTATENNR, BEZEICHNUNG, EINHEIT, NETTOPREIS, BESTAND, lieferant, KALORIEN, KOHLENHYDRATE, PROTEIN) VALUES (1012, 'Schnittlauch', 'Bund', 0.9, 10, 101, 28, 1, 3);
INSERT INTO ZUTAT (ZUTATENNR, BEZEICHNUNG, EINHEIT, NETTOPREIS, BESTAND, lieferant, KALORIEN, KOHLENHYDRATE, PROTEIN) VALUES (2001, 'Apfel', 'Stück', 1.2, 750, 102, 54, 14.4, 0.3);
INSERT INTO ZUTAT (ZUTATENNR, BEZEICHNUNG, EINHEIT, NETTOPREIS, BESTAND, lieferant, KALORIEN, KOHLENHYDRATE, PROTEIN) VALUES (3001, 'Vollmilch. 3.5%', 'Liter', 1.5, 50, 103, 65, 4.7, 3.4);
INSERT INTO ZUTAT (ZUTATENNR, BEZEICHNUNG, EINHEIT, NETTOPREIS, BESTAND, lieferant, KALORIEN, KOHLENHYDRATE, PROTEIN) VALUES (3002, 'Mozzarella', 'Packung', 3.5, 20, 103, 241, 1, 18.1);
INSERT INTO ZUTAT (ZUTATENNR, BEZEICHNUNG, EINHEIT, NETTOPREIS, BESTAND, lieferant, KALORIEN, KOHLENHYDRATE, PROTEIN) VALUES (3003, 'Butter', 'Stück', 3.0, 50, 103, 741, 0.6, 0.7);
INSERT INTO ZUTAT (ZUTATENNR, BEZEICHNUNG, EINHEIT, NETTOPREIS, BESTAND, lieferant, KALORIEN, KOHLENHYDRATE, PROTEIN) VALUES (4001, 'Ei', 'Stück', 0.4, 300, 102, 137, 1.5, 11.9);
INSERT INTO ZUTAT (ZUTATENNR, BEZEICHNUNG, EINHEIT, NETTOPREIS, BESTAND, lieferant, KALORIEN, KOHLENHYDRATE, PROTEIN) VALUES (5001, 'Wiener Würstchen', 'Paar', 1.8, 40, 101, 331, 1.2, 9.9);
INSERT INTO ZUTAT (ZUTATENNR, BEZEICHNUNG, EINHEIT, NETTOPREIS, BESTAND, lieferant, KALORIEN, KOHLENHYDRATE, PROTEIN) VALUES (9001, 'Tofu-Würstchen', 'Stück', 1.8, 20, 103, 252, 7, 17);
INSERT INTO ZUTAT (ZUTATENNR, BEZEICHNUNG, EINHEIT, NETTOPREIS, BESTAND, lieferant, KALORIEN, KOHLENHYDRATE, PROTEIN) VALUES (6408, 'Couscous', 'Packung', 1.9, 15, 102, 351, 67, 12);
INSERT INTO ZUTAT (ZUTATENNR, BEZEICHNUNG, EINHEIT, NETTOPREIS, BESTAND, lieferant, KALORIEN, KOHLENHYDRATE, PROTEIN) VALUES (7043, 'Gemüsebrühe', 'Würfel', 0.2, 4000, 101, 1, 0.5, 0.5);
INSERT INTO ZUTAT (ZUTATENNR, BEZEICHNUNG, EINHEIT, NETTOPREIS, BESTAND, lieferant, KALORIEN, KOHLENHYDRATE, PROTEIN) VALUES (6300, 'Kichererbsen', 'Dose', 1.0, 400, 103, 150, 21.2, 9);

/***        bestellung        ***/

INSERT INTO BESTELLUNG (KUNDENNR, BESTELLDATUM, RECHNUNGSBETRAG) VALUES (2001,'2020-07-01', 6.21);
INSERT INTO BESTELLUNG (KUNDENNR, BESTELLDATUM, RECHNUNGSBETRAG) VALUES (2002,'2020-07-08', 32.96);
INSERT INTO BESTELLUNG (KUNDENNR, BESTELLDATUM, RECHNUNGSBETRAG) VALUES (2003,'2020-08-01',24.08);
INSERT INTO BESTELLUNG (KUNDENNR, BESTELLDATUM, RECHNUNGSBETRAG) VALUES (2004,'2020-08-02', 19.90);
INSERT INTO BESTELLUNG (KUNDENNR, BESTELLDATUM, RECHNUNGSBETRAG) VALUES (2005,'2020-08-02', 6.47);
INSERT INTO BESTELLUNG (KUNDENNR, BESTELLDATUM, RECHNUNGSBETRAG) VALUES (2006,'2020-08-10', 6.96);
INSERT INTO BESTELLUNG (KUNDENNR, BESTELLDATUM, RECHNUNGSBETRAG) VALUES (2007,'2020-08-10', 2.41);
INSERT INTO BESTELLUNG (KUNDENNR, BESTELLDATUM, RECHNUNGSBETRAG) VALUES (2008,'2020-08-10', 13.80);
INSERT INTO BESTELLUNG (KUNDENNR, BESTELLDATUM, RECHNUNGSBETRAG) VALUES (2009,'2020-08-10', 8.67);
INSERT INTO BESTELLUNG (KUNDENNR, BESTELLDATUM, RECHNUNGSBETRAG) VALUES (2007,'2020-08-15', 17.98);
INSERT INTO BESTELLUNG (KUNDENNR, BESTELLDATUM, RECHNUNGSBETRAG) VALUES (2005,'2020-08-12', 8.67);
INSERT INTO BESTELLUNG (KUNDENNR, BESTELLDATUM, RECHNUNGSBETRAG) VALUES (2003,'2020-08-13', 20.87);

INSERT INTO BESTELLUNGZUTAT(BESTELLNR, ZUTATENNR, MENGE) VALUES (1, 1001, 5);
INSERT INTO BESTELLUNGZUTAT(BESTELLNR, ZUTATENNR, MENGE) VALUES (1, 1002, 3);
INSERT INTO BESTELLUNGZUTAT(BESTELLNR, ZUTATENNR, MENGE) VALUES (1, 1006, 2);
INSERT INTO BESTELLUNGZUTAT(BESTELLNR, ZUTATENNR, MENGE) VALUES (1, 1004, 3);
INSERT INTO BESTELLUNGZUTAT(BESTELLNR, ZUTATENNR, MENGE) VALUES (2, 9001, 10);
INSERT INTO BESTELLUNGZUTAT(BESTELLNR, ZUTATENNR, MENGE) VALUES (2, 1005, 5);
INSERT INTO BESTELLUNGZUTAT(BESTELLNR, ZUTATENNR, MENGE) VALUES (2, 1003, 4);
INSERT INTO BESTELLUNGZUTAT(BESTELLNR, ZUTATENNR, MENGE) VALUES (2, 6408, 5);
INSERT INTO BESTELLUNGZUTAT(BESTELLNR, ZUTATENNR, MENGE) VALUES (3, 6300, 15);
INSERT INTO BESTELLUNGZUTAT(BESTELLNR, ZUTATENNR, MENGE) VALUES (3, 3001, 5);
INSERT INTO BESTELLUNGZUTAT(BESTELLNR, ZUTATENNR, MENGE) VALUES (4, 5001, 7);
INSERT INTO BESTELLUNGZUTAT(BESTELLNR, ZUTATENNR, MENGE) VALUES (4, 3003, 2);
INSERT INTO BESTELLUNGZUTAT(BESTELLNR, ZUTATENNR, MENGE) VALUES (5, 1002, 4);
INSERT INTO BESTELLUNGZUTAT(BESTELLNR, ZUTATENNR, MENGE) VALUES (5, 1004, 5);
INSERT INTO BESTELLUNGZUTAT(BESTELLNR, ZUTATENNR, MENGE) VALUES (5, 1001, 5);
INSERT INTO BESTELLUNGZUTAT(BESTELLNR, ZUTATENNR, MENGE) VALUES (7, 1009, 9);
INSERT INTO BESTELLUNGZUTAT(BESTELLNR, ZUTATENNR, MENGE) VALUES (6, 1010, 5);
INSERT INTO BESTELLUNGZUTAT(BESTELLNR, ZUTATENNR, MENGE) VALUES (8, 1012, 5);
INSERT INTO BESTELLUNGZUTAT(BESTELLNR, ZUTATENNR, MENGE) VALUES (8, 1008, 7);
INSERT INTO BESTELLUNGZUTAT(BESTELLNR, ZUTATENNR, MENGE) VALUES (9, 1007, 4);
INSERT INTO BESTELLUNGZUTAT(BESTELLNR, ZUTATENNR, MENGE) VALUES (9, 1012, 5);
INSERT INTO BESTELLUNGZUTAT(BESTELLNR, ZUTATENNR, MENGE) VALUES (10, 1011, 7);
INSERT INTO BESTELLUNGZUTAT(BESTELLNR, ZUTATENNR, MENGE) VALUES (10, 4001, 7);
INSERT INTO BESTELLUNGZUTAT(BESTELLNR, ZUTATENNR, MENGE) VALUES (11, 5001, 2);
INSERT INTO BESTELLUNGZUTAT(BESTELLNR, ZUTATENNR, MENGE) VALUES (11, 1012, 5);
INSERT INTO BESTELLUNGZUTAT(BESTELLNR, ZUTATENNR, MENGE) VALUES (12, 1010, 15);
/***        rezept        ***/

INSERT INTO REZEPT(REZEPTNR, `NAME`, ANLEITUNG) VALUES(200, 'Kartoffelpuffer', 'Kartoffeln schälen, reiben und für ca. 20 min Wasser ziehen lassen. Das überschüssige Wasser weggießen. Die geschälte und geriebene Zwiebel mit den restlichen Zutaten zu den Kartoffeln geben und alles gut verrühren. Eine Pfanne erhitzen und die Kartoffelpuffer ausbacken/braten. Um die Kartoffelpuffer in einer normalen Größe (ca. 7-9cm) zu portionieren, benutze ich für einen Kartoffelpuffer eine kleine Suppenkelle. Zu den Kartoffelpuffern essen wir immer gerne Apfelmus. Guten Appetit!');
INSERT INTO REZEPT(REZEPTNR, `NAME`, ANLEITUNG) VALUES(201, 'Apfelmus', 'Äpfel schälen, entkernen und in kleine Stückchen schneiden. Alles in einen Topf geben und zusammen mit den restlichen Zutaten 15 - 20 min auf kleiner Flamme köcheln lassen. Nun alles mit dem Pürierstab zu einem Mus pürieren. Abkühlen lassen. Fertig. Guten Appetit! Wenn man die Menge nicht nach dem Abkühlen serviert, sondern haltbar machen möchte, das Apfelmus sofort in heiß ausgespülte Gläser füllen und diese gut verschließen!');
INSERT INTO REZEPT(REZEPTNR, `NAME`, ANLEITUNG) VALUES(202, 'Tomaten-Couscous', 'Couscous in einer Schüssel mit 300 ml kochendem Salzwasser übergießen und zugedeckt 10 Minuten quellen lassen. Zwiebel halbieren und in Streifen schneiden. Knoblauch in feine Scheiben schneiden. Tomaten halbieren. Öl in einer Pfanne erhitzen. Zwiebel und Knoblauch darin bei mittlerer Hitze glasig dünsten. Tomatenmark einrühren und kurz mitdünsten. Tomaten zugeben, mit Salz, Pfeffer und 1 Prise Zucker würzen und bei mittlerer Hitze 5 Min. schmoren. Petersilien- und Minzblätter von den Stielen zupfen und hacken. Feta zerbröseln. Couscous mit einer Gabel auflockern. Mit der Tomatenmischung anrichten und mit Feta, Petersilie und Minze bestreut servieren. Nach Belieben mit 1 EL Öl beträufeln und pfeffern.');

INSERT INTO REZEPTZUTAT(REZEPTNR, ZUTATENNR, MENGE) VALUES(200, 1006, 10);
INSERT INTO REZEPTZUTAT(REZEPTNR, ZUTATENNR, MENGE) VALUES(200, 1002, 1);
INSERT INTO REZEPTZUTAT(REZEPTNR, ZUTATENNR, MENGE) VALUES(201, 2001, 15);
INSERT INTO REZEPTZUTAT(REZEPTNR, ZUTATENNR, MENGE) VALUES(202, 1002, 1);
INSERT INTO REZEPTZUTAT(REZEPTNR, ZUTATENNR, MENGE) VALUES(202, 1003, 6);
INSERT INTO REZEPTZUTAT(REZEPTNR, ZUTATENNR, MENGE) VALUES(202, 1009, 4);
INSERT INTO REZEPTZUTAT(REZEPTNR, ZUTATENNR, MENGE) VALUES(202, 6408, 15);

/***        ernährungskategorie        ***/

INSERT INTO ERNAEHRUNGSKATEGORIE VALUES(1,'Vegan',          'Veganismus ist eine aus dem Vegetarismus hervorgegangene Einstellung sowie Lebens- und Ernährungsweise. Vegan lebende Menschen meiden entweder alle Nahrungsmittel tierischen Ursprungs oder sie lehnen generell die Verwertung tierischer Produkte und Ausbeutung der Tiere ab.');
INSERT INTO ERNAEHRUNGSKATEGORIE VALUES(2,'Vegetarisch',    'Vegetarismus bezeichnet eine Ernährungs- und Lebensweise, welche Nahrungsmittel meidet, die von getöteten Tieren stammen. Dies sind Fleisch, Fisch (einschließlich anderer aquatischer Tiere) sowie daraus hergestellte Produkte.');
INSERT INTO ERNAEHRUNGSKATEGORIE VALUES(3,'Frutarisch',     'Frutarier, auch Fruitarier, Fructarier, Frutaner, Fruitaner oder Fruganer genannt, sind Menschen, die eine vegetarische Ernährungsweise auf der Basis von Früchten befolgen. Diese Ernährungsweise wird als Fruitarismus oder Fruganismus bezeichnet.');
INSERT INTO ERNAEHRUNGSKATEGORIE VALUES(4,'ohne Gentechnik','Die Begriffe gentechnikfrei, ohne Gentechnik oder genfrei werden verwendet, um Produkte zu bezeichnen, die frei von gentechnisch veränderten Organismen sind und auch ohne deren Hilfe erzeugt wurden.');
INSERT INTO ERNAEHRUNGSKATEGORIE VALUES(5,'Low Carb',       'Der Begriff Kohlenhydratminimierung bzw. Low-Carb bezeichnet verschiedene Ernährungsformen oder Diäten, bei denen der Anteil der Kohlenhydrate an der täglichen Nahrung reduziert wird.');

INSERT INTO REZEPTERNAEHRUNGSKATEGORIE VALUES(200, 1);
INSERT INTO REZEPTERNAEHRUNGSKATEGORIE VALUES(200, 2);
INSERT INTO REZEPTERNAEHRUNGSKATEGORIE VALUES(200, 4);
INSERT INTO REZEPTERNAEHRUNGSKATEGORIE VALUES(201, 1);
INSERT INTO REZEPTERNAEHRUNGSKATEGORIE VALUES(201, 2);
INSERT INTO REZEPTERNAEHRUNGSKATEGORIE VALUES(201, 3);
INSERT INTO REZEPTERNAEHRUNGSKATEGORIE VALUES(201, 4);
INSERT INTO REZEPTERNAEHRUNGSKATEGORIE VALUES(202, 1);
INSERT INTO REZEPTERNAEHRUNGSKATEGORIE VALUES(202, 2);
INSERT INTO REZEPTERNAEHRUNGSKATEGORIE VALUES(202, 4);

/***        allergen        ***/

INSERT INTO ALLERGEN(ALLERGENNR, `NAME`) VALUES (300, 'Äpfel');
INSERT INTO ALLERGEN(ALLERGENNR, `NAME`) VALUES (301, 'Gluten');
INSERT INTO ALLERGEN(ALLERGENNR, `NAME`) VALUES (302, 'Eier');
INSERT INTO ALLERGEN(ALLERGENNR, `NAME`) VALUES (303, 'Fisch');
INSERT INTO ALLERGEN(ALLERGENNR, `NAME`) VALUES (304, 'Erdnüsse');
INSERT INTO ALLERGEN(ALLERGENNR, `NAME`) VALUES (305, 'Laktose');
INSERT INTO ALLERGEN(ALLERGENNR, `NAME`) VALUES (306, 'Schalenfrüchte');
INSERT INTO ALLERGEN(ALLERGENNR, `NAME`) VALUES (307, 'Sellerie');
INSERT INTO ALLERGEN(ALLERGENNR, `NAME`) VALUES (308, 'Senf');
INSERT INTO ALLERGEN(ALLERGENNR, `NAME`) VALUES (309, 'Solanin');

INSERT INTO REZEPTALLERGEN(REZEPTNR, ALLERGENNR) VALUES(200, 309);
INSERT INTO REZEPTALLERGEN(REZEPTNR, ALLERGENNR) VALUES(201, 300);
INSERT INTO REZEPTALLERGEN(REZEPTNR, ALLERGENNR) VALUES(202, 305);
INSERT INTO REZEPTALLERGEN(REZEPTNR, ALLERGENNR) VALUES(202, 309);
