INSERT INTO users VALUES (59, 50, 'perico@palotes.com', 0, 0);
INSERT INTO tokens VALUES (715, 'X5a42b2135ce2f250000000043c7664700000000', 9, '2017-12-26 17:33:22.993384', '2017-12-26 17:33:23.13952', '10.0.10.132', 'authenticate', NULL, NULL);
INSERT INTO tokens VALUES (716, 'X5a42b2132cb073d30000000073a0bad600000000', 9, '2017-12-26 17:33:23.13952', '2017-12-26 17:33:26.405578', '10.0.10.132', 'spamfilter', NULL, NULL);
INSERT INTO tokens VALUES (717, 'X5a42b216315f298a000000002e7cd99400000000', 9, '2017-12-26 17:33:26.405578', '2017-12-26 17:33:29.75835', '10.0.10.132', 'listadmins', NULL, NULL);
INSERT INTO tokens VALUES (718, 'X5a42b21a6da167370000000027f7c9b200000000', 9, '2017-12-26 17:33:29.75835', '2017-12-26 17:33:29.78108', '10.0.10.132', 'listadmins', NULL, NULL);
INSERT INTO tokens VALUES (719, 'X5a42b21a2c8d11200000000012725aaa00000000', 9, '2017-12-26 17:33:29.78108', '2017-12-26 17:33:32.968315', '10.0.10.132', 'search_ads', NULL, NULL);
INSERT INTO tokens VALUES (720, 'X5a42b21d28f419c60000000049eaf49b00000000', 9, '2017-12-26 17:33:32.968315', '2017-12-26 17:33:33.032403', '10.0.10.132', 'adqueues', NULL, NULL);
INSERT INTO tokens VALUES (721, 'X5a42b21d13cb566000000004c92e4c400000000', 9, '2017-12-26 17:33:33.032403', '2017-12-26 17:33:33.043145', '10.0.10.132', 'block_list', NULL, NULL);
INSERT INTO tokens VALUES (722, 'X5a42b21d4cc6f23100000000459ba96000000000', 9, '2017-12-26 17:33:33.043145', '2017-12-26 17:33:33.053287', '10.0.10.132', 'block_list', NULL, NULL);
INSERT INTO tokens VALUES (723, 'X5a42b21d4b69d8850000000039aab07700000000', 9, '2017-12-26 17:33:33.053287', '2017-12-26 17:33:44.690439', '10.0.10.132', 'block_list', NULL, NULL);
INSERT INTO tokens VALUES (724, 'X5a42b2292d4b6b4d000000007458120200000000', 9, '2017-12-26 17:33:44.690439', '2017-12-26 17:34:08.886927', '10.0.10.132', 'review', NULL, NULL);
INSERT INTO tokens VALUES (725, 'X5a42b25e2e681e7f000000007378cb900000000', 9, '2017-12-26 17:34:37.535445', '2017-12-26 17:34:37.715335', '10.0.10.132', 'authenticate', NULL, NULL);
INSERT INTO tokens VALUES (726, 'X5a42b25e565fe8310000000066902fd100000000', 9, '2017-12-26 17:34:37.715335', '2017-12-26 17:34:40.003332', '10.0.10.132', 'spamfilter', NULL, NULL);
INSERT INTO tokens VALUES (727, 'X5a42b26079028a7b00000000b19337f00000000', 9, '2017-12-26 17:34:40.003332', '2017-12-26 17:34:43.207411', '10.0.10.132', 'listadmins', NULL, NULL);
INSERT INTO tokens VALUES (728, 'X5a42b2635504281a00000000303ccb2200000000', 9, '2017-12-26 17:34:43.207411', '2017-12-26 17:34:43.222768', '10.0.10.132', 'listadmins', NULL, NULL);
INSERT INTO tokens VALUES (729, 'X5a42b2637ccfafe6000000004ed5a29600000000', 9, '2017-12-26 17:34:43.222768', '2017-12-26 17:34:46.80588', '10.0.10.132', 'search_ads', NULL, NULL);
INSERT INTO tokens VALUES (730, 'X5a42b26779a8aa600000000141c52700000000', 9, '2017-12-26 17:34:46.80588', '2017-12-26 17:34:46.872749', '10.0.10.132', 'adqueues', NULL, NULL);
INSERT INTO tokens VALUES (731, 'X5a42b2676e90a66a00000000550b298600000000', 9, '2017-12-26 17:34:46.872749', '2017-12-26 17:34:46.879827', '10.0.10.132', 'block_list', NULL, NULL);
INSERT INTO tokens VALUES (732, 'X5a42b2675472c7fb0000000085667ec00000000', 9, '2017-12-26 17:34:46.879827', '2017-12-26 17:34:46.887208', '10.0.10.132', 'block_list', NULL, NULL);
INSERT INTO tokens VALUES (733, 'X5a42b267315fc2b000000003405824700000000', 9, '2017-12-26 17:34:46.887208', '2017-12-26 17:34:55.669435', '10.0.10.132', 'block_list', NULL, NULL);
INSERT INTO tokens VALUES (734, 'X5a42b27055fc26890000000043954cc600000000', 9, '2017-12-26 17:34:55.669435', '2017-12-26 18:34:55.669435', '10.0.10.132', 'review', NULL, NULL);
INSERT INTO ads VALUES (126, NULL, NULL, 'refused', 'sell', 'perico', '956789234', 15, 0, 5020, 59, NULL, false, false, false, 'Mesa', 'mesa para testing', 10000, NULL, NULL, NULL, NULL, NULL, NULL, '$1024$[f"rR hO;yPK$Q/521d639c4121d3a6496445dfa13c86feffea5a436', NULL, 'es');
INSERT INTO payment_groups (payment_group_id, code, status, added_at, parent_payment_group_id) VALUES (166, '633026231', 'verified', '2017-12-26 17:33:14.233167', NULL);
INSERT INTO payment_groups (payment_group_id, code, status, added_at, parent_payment_group_id) VALUES (167, '768418254', 'verified', '2017-12-26 17:34:26.918164', NULL);
INSERT INTO ad_actions (ad_id, action_id, action_type, current_state, state, queue, locked_by, locked_until, payment_group_id) VALUES (126, 1, 'new', 701, 'refused', 'normal', NULL, NULL, 166);
INSERT INTO ad_actions (ad_id, action_id, action_type, current_state, state, queue, locked_by, locked_until, payment_group_id) VALUES (126, 2, 'editrefused', 705, 'refused', 'normal', NULL, NULL, 167);
INSERT INTO action_params (ad_id, action_id, name, value) VALUES (126, 1, 'source', 'web');
INSERT INTO action_params (ad_id, action_id, name, value) VALUES (126, 1, 'redir', 'dW5rbm93bg==');
INSERT INTO action_params (ad_id, action_id, name, value) VALUES (126, 2, 'prev_action_id', '1');
INSERT INTO action_params (ad_id, action_id, name, value) VALUES (126, 2, 'source', 'web');
INSERT INTO action_params (ad_id, action_id, name, value) VALUES (126, 2, 'redir', 'dW5rbm93bg==');
INSERT INTO action_states (ad_id, action_id, state_id, state, transition, "timestamp", remote_addr, token_id) VALUES (126, 1, 698, 'reg', 'initial', '2017-12-26 17:33:14.233167', '10.0.10.132', NULL);
INSERT INTO action_states (ad_id, action_id, state_id, state, transition, "timestamp", remote_addr, token_id) VALUES (126, 1, 699, 'unverified', 'verifymail', '2017-12-26 17:33:14.233167', '10.0.10.132', NULL);
INSERT INTO action_states (ad_id, action_id, state_id, state, transition, "timestamp", remote_addr, token_id) VALUES (126, 1, 700, 'pending_review', 'verify', '2017-12-26 17:33:14.340768', '10.0.10.132', NULL);
INSERT INTO action_states (ad_id, action_id, state_id, state, transition, "timestamp", remote_addr, token_id) VALUES (126, 1, 701, 'refused', 'refuse', '2017-12-26 17:33:44.692785', '10.0.10.132', 723);
INSERT INTO action_states (ad_id, action_id, state_id, state, transition, "timestamp", remote_addr, token_id) VALUES (126, 2, 702, 'reg', 'initial', '2017-12-26 17:34:26.918164', '10.0.10.132', NULL);
INSERT INTO action_states (ad_id, action_id, state_id, state, transition, "timestamp", remote_addr, token_id) VALUES (126, 2, 703, 'unverified', 'verifymail', '2017-12-26 17:34:26.918164', '10.0.10.132', NULL);
INSERT INTO action_states (ad_id, action_id, state_id, state, transition, "timestamp", remote_addr, token_id) VALUES (126, 2, 704, 'pending_review', 'verify', '2017-12-26 17:34:26.990875', '10.0.10.132', NULL);
INSERT INTO action_states (ad_id, action_id, state_id, state, transition, "timestamp", remote_addr, token_id) VALUES (126, 2, 705, 'refused', 'refuse', '2017-12-26 17:34:55.671795', '10.0.10.132', 733);
SELECT pg_catalog.setval('action_states_state_id_seq', 705, true);
INSERT INTO ad_changes (ad_id, action_id, state_id, is_param, column_name, old_value, new_value) VALUES (126, 2, 702, false, 'subject', 'Mesa', 'Mesa edit refused');
INSERT INTO ad_codes (code, code_type) VALUES (24741, 'pay');
INSERT INTO ad_codes (code, code_type) VALUES (56764, 'pay');
INSERT INTO ad_image_changes (ad_id, action_id, state_id, seq_no, name, is_new) VALUES (126, 2, 702, 0, NULL, false);
INSERT INTO ad_params (ad_id, name, value) VALUES (126, 'communes', '296');
INSERT INTO ad_params (ad_id, name, value) VALUES (126, 'currency', 'peso');
INSERT INTO ad_params (ad_id, name, value) VALUES (126, 'geoposition_is_precise', '0');
INSERT INTO ad_params (ad_id, name, value) VALUES (126, 'country', 'UNK');
SELECT pg_catalog.setval('ads_ad_id_seq', 126, true);
SELECT pg_catalog.setval('pay_code_seq', 468, true);
INSERT INTO pay_log (pay_log_id, pay_type, amount, code, token_id, paid_at, payment_group_id, status) VALUES (213, 'save', 0, '633026231', NULL, '2017-12-26 17:33:14', 166, 'SAVE');
INSERT INTO pay_log (pay_log_id, pay_type, amount, code, token_id, paid_at, payment_group_id, status) VALUES (214, 'verify', 0, '633026231', NULL, '2017-12-26 17:33:14', 166, 'OK');
INSERT INTO pay_log (pay_log_id, pay_type, amount, code, token_id, paid_at, payment_group_id, status) VALUES (215, 'save', 0, '768418254', NULL, '2017-12-26 17:34:27', 167, 'SAVE');
INSERT INTO pay_log (pay_log_id, pay_type, amount, code, token_id, paid_at, payment_group_id, status) VALUES (216, 'verify', 0, '768418254', NULL, '2017-12-26 17:34:27', 167, 'OK');
SELECT pg_catalog.setval('pay_log_pay_log_id_seq', 216, true);
INSERT INTO pay_log_references (pay_log_id, ref_num, ref_type, reference) VALUES (213, 0, 'adphone', '956789234');
INSERT INTO pay_log_references (pay_log_id, ref_num, ref_type, reference) VALUES (213, 1, 'remote_addr', '10.0.10.132');
INSERT INTO pay_log_references (pay_log_id, ref_num, ref_type, reference) VALUES (214, 0, 'remote_addr', '10.0.10.132');
INSERT INTO pay_log_references (pay_log_id, ref_num, ref_type, reference) VALUES (215, 0, 'adphone', '956789234');
INSERT INTO pay_log_references (pay_log_id, ref_num, ref_type, reference) VALUES (215, 1, 'remote_addr', '10.0.10.132');
INSERT INTO pay_log_references (pay_log_id, ref_num, ref_type, reference) VALUES (216, 0, 'remote_addr', '10.0.10.132');
SELECT pg_catalog.setval('payment_groups_payment_group_id_seq', 167, true);
INSERT INTO payments (payment_group_id, payment_type, pay_amount, discount) VALUES (166, 'ad_action', 0, 0);
INSERT INTO payments (payment_group_id, payment_type, pay_amount, discount) VALUES (167, 'ad_action', 0, 0);
INSERT INTO review_log (ad_id, action_id, admin_id, review_time, queue, action_type, action, refusal_reason_text, category) VALUES (126, 1, 9, '2017-12-26 17:33:44.692785', 'all', 'new', 'refused', 'Varios elementos', 5020);
INSERT INTO review_log (ad_id, action_id, admin_id, review_time, queue, action_type, action, refusal_reason_text, category) VALUES (126, 2, 9, '2017-12-26 17:34:55.671795', 'all', 'new', 'refused', 'Link', 5020);
INSERT INTO state_params (ad_id, action_id, state_id, name, value) VALUES (126, 1, 700, 'queue', 'normal');
INSERT INTO state_params (ad_id, action_id, state_id, name, value) VALUES (126, 1, 701, 'reason', '7');
INSERT INTO state_params (ad_id, action_id, state_id, name, value) VALUES (126, 1, 701, 'filter_name', 'all');
INSERT INTO state_params (ad_id, action_id, state_id, name, value) VALUES (126, 2, 704, 'queue', 'normal');
INSERT INTO state_params (ad_id, action_id, state_id, name, value) VALUES (126, 2, 705, 'reason', '18');
INSERT INTO state_params (ad_id, action_id, state_id, name, value) VALUES (126, 2, 705, 'filter_name', 'all');
SELECT pg_catalog.setval('tokens_token_id_seq', 734, true);
INSERT INTO user_params (user_id, name, value) VALUES (59, 'first_inserted_ad', '2013-06-04 10:51:58.847484-04');
SELECT pg_catalog.setval('users_user_id_seq', 59, true);
