INSERT INTO tokens (token_id, token, admin_id, created_at, valid_to, remote_addr, info, store_id, email) VALUES (715, 'X59fb77337ab59c5d000000007254d58400000000', 9, '2017-11-02 16:51:15.344929', '2017-11-02 16:51:15.46824', '10.0.10.120', 'authenticate', NULL, NULL);
INSERT INTO tokens (token_id, token, admin_id, created_at, valid_to, remote_addr, info, store_id, email) VALUES (716, 'X59fb773366f6e9f00000000033fb0e2900000000', 9, '2017-11-02 16:51:15.46824', '2017-11-02 16:51:17.782032', '10.0.10.120', 'spamfilter', NULL, NULL);
INSERT INTO tokens (token_id, token, admin_id, created_at, valid_to, remote_addr, info, store_id, email) VALUES (717, 'X59fb77362a48bff400000000195b302d00000000', 9, '2017-11-02 16:51:17.782032', '2017-11-02 16:51:19.393031', '10.0.10.120', 'adqueues', NULL, NULL);
INSERT INTO tokens (token_id, token, admin_id, created_at, valid_to, remote_addr, info, store_id, email) VALUES (718, 'X59fb7737542bd21e0000000025dffa7900000000', 9, '2017-11-02 16:51:19.393031', '2017-11-02 16:51:19.450576', '10.0.10.120', 'adqueues', NULL, NULL);
INSERT INTO tokens (token_id, token, admin_id, created_at, valid_to, remote_addr, info, store_id, email) VALUES (719, 'X59fb7737ce5f82000000000797d09c00000000', 9, '2017-11-02 16:51:19.450576', '2017-11-02 16:51:19.455741', '10.0.10.120', 'block_list', NULL, NULL);
INSERT INTO tokens (token_id, token, admin_id, created_at, valid_to, remote_addr, info, store_id, email) VALUES (720, 'X59fb77377b1241c800000000513cef4a00000000', 9, '2017-11-02 16:51:19.455741', '2017-11-02 16:51:19.460971', '10.0.10.120', 'block_list', NULL, NULL);
INSERT INTO tokens (token_id, token, admin_id, created_at, valid_to, remote_addr, info, store_id, email) VALUES (721, 'X59fb77374da2c9c9000000002a88aebe00000000', 9, '2017-11-02 16:51:19.460971', '2017-11-02 16:51:31.140879', '10.0.10.120', 'block_list', NULL, NULL);
INSERT INTO tokens (token_id, token, admin_id, created_at, valid_to, remote_addr, info, store_id, email) VALUES (722, 'X59fb774325584228000000005f65ecf900000000', 9, '2017-11-02 16:51:31.140879', '2017-11-02 16:51:31.201761', '10.0.10.120', 'adqueues', NULL, NULL);
INSERT INTO tokens (token_id, token, admin_id, created_at, valid_to, remote_addr, info, store_id, email) VALUES (723, 'X59fb7743758dd0430000000075deeb800000000', 9, '2017-11-02 16:51:31.201761', '2017-11-02 16:51:31.20578', '10.0.10.120', 'block_list', NULL, NULL);
INSERT INTO tokens (token_id, token, admin_id, created_at, valid_to, remote_addr, info, store_id, email) VALUES (724, 'X59fb774311b9119b000000006c67ca0500000000', 9, '2017-11-02 16:51:31.20578', '2017-11-02 16:51:31.209959', '10.0.10.120', 'block_list', NULL, NULL);
INSERT INTO tokens (token_id, token, admin_id, created_at, valid_to, remote_addr, info, store_id, email) VALUES (725, 'X59fb77433c69b624000000006e37d83800000000', 9, '2017-11-02 16:51:31.209959', '2017-11-02 16:51:34.424773', '10.0.10.120', 'block_list', NULL, NULL);
INSERT INTO tokens (token_id, token, admin_id, created_at, valid_to, remote_addr, info, store_id, email) VALUES (726, 'X59fb77461349b8450000000031a2802700000000', 9, '2017-11-02 16:51:34.424773', '2017-11-02 16:51:38.102095', '10.0.10.120', 'review', NULL, NULL);
INSERT INTO tokens (token_id, token, admin_id, created_at, valid_to, remote_addr, info, store_id, email) VALUES (727, 'X59fb774ae9e7ac000000007721df6b00000000', 9, '2017-11-02 16:51:38.102095', '2017-11-02 16:51:47.975648', '10.0.10.120', 'review', NULL, NULL);
INSERT INTO tokens (token_id, token, admin_id, created_at, valid_to, remote_addr, info, store_id, email) VALUES (728, 'X59fb77541bd73793000000007ce600be00000000', 9, '2017-11-02 16:51:47.975648', '2017-11-02 16:51:55.571095', '10.0.10.120', 'review', NULL, NULL);
INSERT INTO tokens (token_id, token, admin_id, created_at, valid_to, remote_addr, info, store_id, email) VALUES (729, 'X59fb775c571d19c50000000064f2ac6100000000', 9, '2017-11-02 16:51:55.571095', '2017-11-02 16:51:57.673541', '10.0.10.120', 'spamfilter', NULL, NULL);

INSERT INTO ads (ad_id, list_id, list_time, status, type, name, phone, region, city, category, user_id, passwd, phone_hidden, no_salesmen, company_ad, subject, body, price, image, infopage, infopage_title, orig_list_time, old_price, store_id, salted_passwd, modified_at, lang) VALUES (127, 8000085, '2017-11-02 16:51:34', 'active', 'let', 'Usuario 01', '987654321', 15, 0, 1260, 58, NULL, false, false, false, 'Test at combo 2', 'desc', NULL, NULL, NULL, NULL, NULL, NULL, NULL, '$1024$2y1bQ}VYRD}zF4QCbf07a971b784888658a20e62156de64dfde5ffb6', '2017-11-02 16:51:34.427654', 'es');
INSERT INTO ads (ad_id, list_id, list_time, status, type, name, phone, region, city, category, user_id, passwd, phone_hidden, no_salesmen, company_ad, subject, body, price, image, infopage, infopage_title, orig_list_time, old_price, store_id, salted_passwd, modified_at, lang) VALUES (128, 8000086, '2017-11-02 16:51:38', 'active', 'let', 'Usuario 01', '987654321', 15, 0, 1260, 58, NULL, false, false, false, 'Test at combo 3', 'desc', NULL, NULL, NULL, NULL, NULL, NULL, NULL, '$1024$2y1bQ}VYRD}zF4QCbf07a971b784888658a20e62156de64dfde5ffb6', '2017-11-02 16:51:38.115342', 'es');
INSERT INTO ads (ad_id, list_id, list_time, status, type, name, phone, region, city, category, user_id, passwd, phone_hidden, no_salesmen, company_ad, subject, body, price, image, infopage, infopage_title, orig_list_time, old_price, store_id, salted_passwd, modified_at, lang) VALUES (126, 8000087, '2017-11-02 16:51:47', 'active', 'let', 'Usuario 01', '987654321', 15, 0, 1260, 58, NULL, false, false, false, 'Test at combo 1', 'desc', NULL, NULL, NULL, NULL, NULL, NULL, NULL, '$1024$2y1bQ}VYRD}zF4QCbf07a971b784888658a20e62156de64dfde5ffb6', '2017-11-02 16:51:47.977995', 'es');

INSERT INTO payment_groups (payment_group_id, code, status, added_at, parent_payment_group_id) VALUES (166, '633026231', 'verified', '2017-11-02 16:49:16.717907', NULL);
INSERT INTO payment_groups (payment_group_id, code, status, added_at, parent_payment_group_id) VALUES (167, '768418254', 'verified', '2017-11-02 16:50:37.458978', NULL);
INSERT INTO payment_groups (payment_group_id, code, status, added_at, parent_payment_group_id) VALUES (168, '903810277', 'verified', '2017-11-02 16:51:08.617549', NULL);

SELECT pg_catalog.setval('payment_groups_payment_group_id_seq', 168, true);

INSERT INTO ad_actions (ad_id, action_id, action_type, current_state, state, queue, locked_by, locked_until, payment_group_id) VALUES (127, 1, 'new', 709, 'accepted', 'duplicated', 9, '2017-11-02 16:56:19.395382', 167);
INSERT INTO ad_actions (ad_id, action_id, action_type, current_state, state, queue, locked_by, locked_until, payment_group_id) VALUES (128, 1, 'new', 710, 'accepted', 'duplicated', 9, '2017-11-02 16:56:19.395382', 168);
INSERT INTO ad_actions (ad_id, action_id, action_type, current_state, state, queue, locked_by, locked_until, payment_group_id) VALUES (126, 1, 'new', 711, 'accepted', 'normal', NULL, NULL, 166);

INSERT INTO action_params (ad_id, action_id, name, value) VALUES (126, 1, 'source', 'web');
INSERT INTO action_params (ad_id, action_id, name, value) VALUES (126, 1, 'redir', 'dW5rbm93bg==');
INSERT INTO action_params (ad_id, action_id, name, value) VALUES (127, 1, 'source', 'web');
INSERT INTO action_params (ad_id, action_id, name, value) VALUES (127, 1, 'redir', 'dW5rbm93bg==');
INSERT INTO action_params (ad_id, action_id, name, value) VALUES (127, 1, 'force_queue', 'duplicated');
INSERT INTO action_params (ad_id, action_id, name, value) VALUES (128, 1, 'source', 'web');
INSERT INTO action_params (ad_id, action_id, name, value) VALUES (128, 1, 'redir', 'dW5rbm93bg==');
INSERT INTO action_params (ad_id, action_id, name, value) VALUES (128, 1, 'force_queue', 'duplicated');

INSERT INTO action_states (ad_id, action_id, state_id, state, transition, "timestamp", remote_addr, token_id) VALUES (126, 1, 698, 'reg', 'initial', '2017-11-02 16:49:16.717907', '10.0.10.120', NULL);
INSERT INTO action_states (ad_id, action_id, state_id, state, transition, "timestamp", remote_addr, token_id) VALUES (126, 1, 699, 'unverified', 'verifymail', '2017-11-02 16:49:16.717907', '10.0.10.120', NULL);
INSERT INTO action_states (ad_id, action_id, state_id, state, transition, "timestamp", remote_addr, token_id) VALUES (126, 1, 700, 'pending_review', 'verify', '2017-11-02 16:49:16.810297', '10.0.10.120', NULL);
INSERT INTO action_states (ad_id, action_id, state_id, state, transition, "timestamp", remote_addr, token_id) VALUES (127, 1, 701, 'reg', 'initial', '2017-11-02 16:50:37.458978', '10.0.10.120', NULL);
INSERT INTO action_states (ad_id, action_id, state_id, state, transition, "timestamp", remote_addr, token_id) VALUES (127, 1, 702, 'unverified', 'verifymail', '2017-11-02 16:50:37.458978', '10.0.10.120', NULL);
INSERT INTO action_states (ad_id, action_id, state_id, state, transition, "timestamp", remote_addr, token_id) VALUES (127, 1, 703, 'pending_review', 'verify', '2017-11-02 16:50:37.538865', '10.0.10.120', NULL);
INSERT INTO action_states (ad_id, action_id, state_id, state, transition, "timestamp", remote_addr, token_id) VALUES (128, 1, 704, 'reg', 'initial', '2017-11-02 16:51:08.617549', '10.0.10.120', NULL);
INSERT INTO action_states (ad_id, action_id, state_id, state, transition, "timestamp", remote_addr, token_id) VALUES (128, 1, 705, 'unverified', 'verifymail', '2017-11-02 16:51:08.617549', '10.0.10.120', NULL);
INSERT INTO action_states (ad_id, action_id, state_id, state, transition, "timestamp", remote_addr, token_id) VALUES (128, 1, 706, 'pending_review', 'verify', '2017-11-02 16:51:08.66175', '10.0.10.120', NULL);
INSERT INTO action_states (ad_id, action_id, state_id, state, transition, "timestamp", remote_addr, token_id) VALUES (127, 1, 707, 'locked', 'checkout', '2017-11-02 16:51:19.395382', '10.0.10.120', 717);
INSERT INTO action_states (ad_id, action_id, state_id, state, transition, "timestamp", remote_addr, token_id) VALUES (128, 1, 708, 'locked', 'checkout', '2017-11-02 16:51:19.395382', '10.0.10.120', 717);
INSERT INTO action_states (ad_id, action_id, state_id, state, transition, "timestamp", remote_addr, token_id) VALUES (127, 1, 709, 'accepted', 'accept', '2017-11-02 16:51:34.427654', '10.0.10.120', 725);
INSERT INTO action_states (ad_id, action_id, state_id, state, transition, "timestamp", remote_addr, token_id) VALUES (128, 1, 710, 'accepted', 'accept', '2017-11-02 16:51:38.115342', '10.0.10.120', 726);
INSERT INTO action_states (ad_id, action_id, state_id, state, transition, "timestamp", remote_addr, token_id) VALUES (126, 1, 711, 'accepted', 'accept', '2017-11-02 16:51:47.977995', '10.0.10.120', 727);

SELECT pg_catalog.setval('action_states_state_id_seq', 711, true);

INSERT INTO ad_codes (code, code_type) VALUES (24741, 'pay');
INSERT INTO ad_codes (code, code_type) VALUES (56764, 'pay');
INSERT INTO ad_codes (code, code_type) VALUES (88787, 'pay');

INSERT INTO ad_image_changes (ad_id, action_id, state_id, seq_no, name, is_new) VALUES (127, 1, 709, 0, '7208523319.jpg', false);
INSERT INTO ad_image_changes (ad_id, action_id, state_id, seq_no, name, is_new) VALUES (128, 1, 710, 0, '7217046638.jpg', false);
INSERT INTO ad_image_changes (ad_id, action_id, state_id, seq_no, name, is_new) VALUES (126, 1, 711, 0, NULL, false);

INSERT INTO ad_images_digests (ad_id, name, digest, uid, previously_inserted) VALUES (127, '7208523319.jpg', '6837a4578f2ce7b100e01b0c162c920b', 54, false);
INSERT INTO ad_images_digests (ad_id, name, digest, uid, previously_inserted) VALUES (128, '7217046638.jpg', '6837a4578f2ce7b100e01b0c162c920b', 54, false);

INSERT INTO ad_media (ad_media_id, ad_id, seq_no, upload_time, media_type, width, height, length) VALUES (7208523319, 127, 0, '2017-11-02 16:50:34.073983', 'image', NULL, NULL, NULL);
INSERT INTO ad_media (ad_media_id, ad_id, seq_no, upload_time, media_type, width, height, length) VALUES (7217046638, 128, 0, '2017-11-02 16:51:03.568867', 'image', NULL, NULL, NULL);

INSERT INTO ad_params (ad_id, name, value) VALUES (126, 'rooms', '2');
INSERT INTO ad_params (ad_id, name, value) VALUES (126, 'communes', '315');
INSERT INTO ad_params (ad_id, name, value) VALUES (126, 'currency', 'peso');
INSERT INTO ad_params (ad_id, name, value) VALUES (126, 'geoposition_is_precise', '0');
INSERT INTO ad_params (ad_id, name, value) VALUES (126, 'estate_type', '1');
INSERT INTO ad_params (ad_id, name, value) VALUES (126, 'services', '');
INSERT INTO ad_params (ad_id, name, value) VALUES (126, 'country', 'UNK');
INSERT INTO ad_params (ad_id, name, value) VALUES (127, 'rooms', '1');
INSERT INTO ad_params (ad_id, name, value) VALUES (127, 'communes', '315');
INSERT INTO ad_params (ad_id, name, value) VALUES (127, 'currency', 'peso');
INSERT INTO ad_params (ad_id, name, value) VALUES (127, 'geoposition_is_precise', '0');
INSERT INTO ad_params (ad_id, name, value) VALUES (127, 'estate_type', '2');
INSERT INTO ad_params (ad_id, name, value) VALUES (127, 'services', '');
INSERT INTO ad_params (ad_id, name, value) VALUES (127, 'country', 'UNK');
INSERT INTO ad_params (ad_id, name, value) VALUES (128, 'rooms', '1');
INSERT INTO ad_params (ad_id, name, value) VALUES (128, 'communes', '315');
INSERT INTO ad_params (ad_id, name, value) VALUES (128, 'currency', 'peso');
INSERT INTO ad_params (ad_id, name, value) VALUES (128, 'geoposition_is_precise', '0');
INSERT INTO ad_params (ad_id, name, value) VALUES (128, 'estate_type', '8');
INSERT INTO ad_params (ad_id, name, value) VALUES (128, 'country', 'UNK');
INSERT INTO ad_params (ad_id, name, value) VALUES (127, 'prev_currency', 'peso');
INSERT INTO ad_params (ad_id, name, value) VALUES (128, 'prev_currency', 'peso');
INSERT INTO ad_params (ad_id, name, value) VALUES (126, 'prev_currency', 'peso');

SELECT pg_catalog.setval('ads_ad_id_seq', 128, true);


SELECT pg_catalog.setval('list_id_seq', 8000087, true);

SELECT pg_catalog.setval('next_image_id', 2, true);

SELECT pg_catalog.setval('pay_code_seq', 469, true);

INSERT INTO pay_log (pay_log_id, pay_type, amount, code, token_id, paid_at, payment_group_id, status) VALUES (213, 'save', 0, '633026231', NULL, '2017-11-02 16:49:17', 166, 'SAVE');
INSERT INTO pay_log (pay_log_id, pay_type, amount, code, token_id, paid_at, payment_group_id, status) VALUES (214, 'verify', 0, '633026231', NULL, '2017-11-02 16:49:17', 166, 'OK');
INSERT INTO pay_log (pay_log_id, pay_type, amount, code, token_id, paid_at, payment_group_id, status) VALUES (215, 'save', 0, '768418254', NULL, '2017-11-02 16:50:37', 167, 'SAVE');
INSERT INTO pay_log (pay_log_id, pay_type, amount, code, token_id, paid_at, payment_group_id, status) VALUES (216, 'verify', 0, '768418254', NULL, '2017-11-02 16:50:38', 167, 'OK');
INSERT INTO pay_log (pay_log_id, pay_type, amount, code, token_id, paid_at, payment_group_id, status) VALUES (217, 'save', 0, '903810277', NULL, '2017-11-02 16:51:09', 168, 'SAVE');
INSERT INTO pay_log (pay_log_id, pay_type, amount, code, token_id, paid_at, payment_group_id, status) VALUES (218, 'verify', 0, '903810277', NULL, '2017-11-02 16:51:09', 168, 'OK');

SELECT pg_catalog.setval('pay_log_pay_log_id_seq', 218, true);

INSERT INTO pay_log_references (pay_log_id, ref_num, ref_type, reference) VALUES (213, 0, 'adphone', '987654321');
INSERT INTO pay_log_references (pay_log_id, ref_num, ref_type, reference) VALUES (213, 1, 'remote_addr', '10.0.10.120');
INSERT INTO pay_log_references (pay_log_id, ref_num, ref_type, reference) VALUES (214, 0, 'remote_addr', '10.0.10.120');
INSERT INTO pay_log_references (pay_log_id, ref_num, ref_type, reference) VALUES (215, 0, 'adphone', '987654321');
INSERT INTO pay_log_references (pay_log_id, ref_num, ref_type, reference) VALUES (215, 1, 'remote_addr', '10.0.10.120');
INSERT INTO pay_log_references (pay_log_id, ref_num, ref_type, reference) VALUES (216, 0, 'remote_addr', '10.0.10.120');
INSERT INTO pay_log_references (pay_log_id, ref_num, ref_type, reference) VALUES (217, 0, 'adphone', '987654321');
INSERT INTO pay_log_references (pay_log_id, ref_num, ref_type, reference) VALUES (217, 1, 'remote_addr', '10.0.10.120');
INSERT INTO pay_log_references (pay_log_id, ref_num, ref_type, reference) VALUES (218, 0, 'remote_addr', '10.0.10.120');

SELECT pg_catalog.setval('payment_groups_payment_group_id_seq', 168, true);

INSERT INTO payments (payment_group_id, payment_type, pay_amount, discount) VALUES (166, 'ad_action', 0, 0);
INSERT INTO payments (payment_group_id, payment_type, pay_amount, discount) VALUES (167, 'ad_action', 0, 0);
INSERT INTO payments (payment_group_id, payment_type, pay_amount, discount) VALUES (168, 'ad_action', 0, 0);

INSERT INTO review_log (ad_id, action_id, admin_id, review_time, queue, action_type, action, refusal_reason_text, category) VALUES (127, 1, 9, '2017-11-02 16:51:34.427654', 'duplicated', 'new', 'accepted', NULL, 1260);
INSERT INTO review_log (ad_id, action_id, admin_id, review_time, queue, action_type, action, refusal_reason_text, category) VALUES (128, 1, 9, '2017-11-02 16:51:38.115342', 'duplicated', 'new', 'accepted', NULL, 1260);
INSERT INTO review_log (ad_id, action_id, admin_id, review_time, queue, action_type, action, refusal_reason_text, category) VALUES (126, 1, 9, '2017-11-02 16:51:47.977995', 'all', 'new', 'accepted', NULL, 1260);

INSERT INTO state_params (ad_id, action_id, state_id, name, value) VALUES (126, 1, 700, 'queue', 'normal');
INSERT INTO state_params (ad_id, action_id, state_id, name, value) VALUES (127, 1, 703, 'queue', 'duplicated');
INSERT INTO state_params (ad_id, action_id, state_id, name, value) VALUES (128, 1, 706, 'queue', 'duplicated');
INSERT INTO state_params (ad_id, action_id, state_id, name, value) VALUES (127, 1, 709, 'filter_name', 'duplicated');
INSERT INTO state_params (ad_id, action_id, state_id, name, value) VALUES (128, 1, 710, 'filter_name', 'duplicated');
INSERT INTO state_params (ad_id, action_id, state_id, name, value) VALUES (126, 1, 711, 'filter_name', 'all');

SELECT pg_catalog.setval('tokens_token_id_seq', 729, true);

INSERT INTO trans_queue (trans_queue_id, added_at, added_by, execute_at, executed_at, executed_by, status, locked_at, locked_by, command, response, queue, sub_queue, info) VALUES (94, '2017-11-02 16:51:38.149986', '4421@lisa.schibsted.cl', NULL, '2017-11-02 16:52:08.786422', '4421@lisa.schibsted.cl', 'TRANS_OK', '2017-11-02 16:52:08.748396', NULL, 'cmd:admail
commit:1
ad_id:128
action_id:1
mail_type:accept
', '220 Welcome.
status:TRANS_OK
end
', 'accepted_mail', NULL, NULL);
INSERT INTO trans_queue (trans_queue_id, added_at, added_by, execute_at, executed_at, executed_by, status, locked_at, locked_by, command, response, queue, sub_queue, info) VALUES (95, '2017-11-02 16:51:47.990217', '4421@lisa.schibsted.cl', NULL, '2017-11-02 16:52:08.786733', '4421@lisa.schibsted.cl', 'TRANS_OK', '2017-11-02 16:52:08.748396', NULL, 'cmd:admail
commit:1
ad_id:126
action_id:1
mail_type:accept
', '220 Welcome.
status:TRANS_OK
end
', 'accepted_mail', NULL, NULL);
INSERT INTO trans_queue (trans_queue_id, added_at, added_by, execute_at, executed_at, executed_by, status, locked_at, locked_by, command, response, queue, sub_queue, info) VALUES (93, '2017-11-02 16:51:34.454727', '4421@lisa.schibsted.cl', NULL, '2017-11-02 16:52:08.80209', '4421@lisa.schibsted.cl', 'TRANS_OK', '2017-11-02 16:52:08.748396', NULL, 'cmd:admail
commit:1
ad_id:127
action_id:1
mail_type:accept
', '220 Welcome.
status:TRANS_OK
end
', 'accepted_mail', NULL, NULL);

SELECT pg_catalog.setval('trans_queue_id_seq', 95, true);

