INSERT INTO users (user_id, uid, email, account, paid_total) VALUES (59, 5, 'carlos@yapo.cl', 0, 15300);
INSERT INTO tokens (token_id, token, admin_id, created_at, valid_to, remote_addr, info, store_id, email) VALUES (715, 'X55b7fad88a2cc42000000002ce8487700000000', 9, '2015-07-28 18:57:44.251625', '2015-07-28 18:57:44.408193', '10.0.1.165', 'authenticate', NULL, NULL);
INSERT INTO tokens (token_id, token, admin_id, created_at, valid_to, remote_addr, info, store_id, email) VALUES (716, 'X55b7fad85274b0fa000000006d29d9b00000000', 9, '2015-07-28 18:57:44.408193', '2015-07-28 18:57:45.941303', '10.0.1.165', 'spamfilter', NULL, NULL);
INSERT INTO tokens (token_id, token, admin_id, created_at, valid_to, remote_addr, info, store_id, email) VALUES (717, 'X55b7fadaec73e1d000000004f50b49600000000', 9, '2015-07-28 18:57:45.941303', '2015-07-28 18:57:53.211302', '10.0.1.165', 'listadmins', NULL, NULL);
INSERT INTO tokens (token_id, token, admin_id, created_at, valid_to, remote_addr, info, store_id, email) VALUES (718, 'X55b7fae1520d5fa700000000ab6ab5800000000', 9, '2015-07-28 18:57:53.211302', '2015-07-28 18:57:53.230368', '10.0.1.165', 'listadmins', NULL, NULL);
INSERT INTO tokens (token_id, token, admin_id, created_at, valid_to, remote_addr, info, store_id, email) VALUES (719, 'X55b7fae1306e1ba40000000037d161ad00000000', 9, '2015-07-28 18:57:53.230368', '2015-07-28 18:58:03.718755', '10.0.1.165', 'search_ads', NULL, NULL);
INSERT INTO tokens (token_id, token, admin_id, created_at, valid_to, remote_addr, info, store_id, email) VALUES (720, 'X55b7faec1b1326ab0000000037b1edc100000000', 9, '2015-07-28 18:58:03.718755', '2015-07-28 18:58:03.847743', '10.0.1.165', 'adqueues', NULL, NULL);
INSERT INTO tokens (token_id, token, admin_id, created_at, valid_to, remote_addr, info, store_id, email) VALUES (721, 'X55b7faec1efc209800000000e5bef2400000000', 9, '2015-07-28 18:58:03.847743', '2015-07-28 18:58:03.857627', '10.0.1.165', 'block_list', NULL, NULL);
INSERT INTO tokens (token_id, token, admin_id, created_at, valid_to, remote_addr, info, store_id, email) VALUES (722, 'X55b7faec562c0c2300000000779950e600000000', 9, '2015-07-28 18:58:03.857627', '2015-07-28 18:58:03.865112', '10.0.1.165', 'block_list', NULL, NULL);
INSERT INTO tokens (token_id, token, admin_id, created_at, valid_to, remote_addr, info, store_id, email) VALUES (723, 'X55b7faec3c1d2800000000472dfd4500000000', 9, '2015-07-28 18:58:03.865112', '2015-07-28 18:58:06.618173', '10.0.1.165', 'block_list', NULL, NULL);
INSERT INTO tokens (token_id, token, admin_id, created_at, valid_to, remote_addr, info, store_id, email) VALUES (724, 'X55b7faef4e009ae00000000047195c0a00000000', 9, '2015-07-28 18:58:06.618173', '2015-07-28 18:58:09.053003', '10.0.1.165', 'review', NULL, NULL);
INSERT INTO tokens (token_id, token, admin_id, created_at, valid_to, remote_addr, info, store_id, email) VALUES (725, 'X55b7faf137d936690000000031bceccf00000000', 9, '2015-07-28 18:58:09.053003', '2015-07-28 18:58:09.132583', '10.0.1.165', 'adqueues', NULL, NULL);
INSERT INTO tokens (token_id, token, admin_id, created_at, valid_to, remote_addr, info, store_id, email) VALUES (726, 'X55b7faf14cfc3fc2000000007948255800000000', 9, '2015-07-28 18:58:09.132583', '2015-07-28 18:58:09.142765', '10.0.1.165', 'block_list', NULL, NULL);
INSERT INTO tokens (token_id, token, admin_id, created_at, valid_to, remote_addr, info, store_id, email) VALUES (727, 'X55b7faf130f47905000000005dda68fd00000000', 9, '2015-07-28 18:58:09.142765', '2015-07-28 18:58:09.151354', '10.0.1.165', 'block_list', NULL, NULL);
INSERT INTO tokens (token_id, token, admin_id, created_at, valid_to, remote_addr, info, store_id, email) VALUES (728, 'X55b7faf17840a9df000000006910eec000000000', 9, '2015-07-28 18:58:09.151354', '2015-07-28 18:58:12.322323', '10.0.1.165', 'block_list', NULL, NULL);
INSERT INTO tokens (token_id, token, admin_id, created_at, valid_to, remote_addr, info, store_id, email) VALUES (729, 'X55b7faf459d81680000000005434712400000000', 9, '2015-07-28 18:58:12.322323', '2015-07-28 18:58:15.209832', '10.0.1.165', 'review', NULL, NULL);
INSERT INTO tokens (token_id, token, admin_id, created_at, valid_to, remote_addr, info, store_id, email) VALUES (730, 'X55b7faf7166a10a000000000a90802c00000000', 9, '2015-07-28 18:58:15.209832', '2015-07-28 18:58:15.268875', '10.0.1.165', 'adqueues', NULL, NULL);
INSERT INTO tokens (token_id, token, admin_id, created_at, valid_to, remote_addr, info, store_id, email) VALUES (731, 'X55b7faf715472b8500000000a005cff00000000', 9, '2015-07-28 18:58:15.268875', '2015-07-28 18:58:15.27546', '10.0.1.165', 'block_list', NULL, NULL);
INSERT INTO tokens (token_id, token, admin_id, created_at, valid_to, remote_addr, info, store_id, email) VALUES (732, 'X55b7faf741d1beac000000004e5eb9d200000000', 9, '2015-07-28 18:58:15.27546', '2015-07-28 18:58:15.282798', '10.0.1.165', 'block_list', NULL, NULL);
INSERT INTO tokens (token_id, token, admin_id, created_at, valid_to, remote_addr, info, store_id, email) VALUES (733, 'X55b7faf7610a7930000000091566e00000000', 9, '2015-07-28 18:58:15.282798', '2015-07-28 18:58:17.882789', '10.0.1.165', 'block_list', NULL, NULL);
INSERT INTO tokens (token_id, token, admin_id, created_at, valid_to, remote_addr, info, store_id, email) VALUES (734, 'X55b7fafaeed4593000000006cbcdeec00000000', 9, '2015-07-28 18:58:17.882789', '2015-07-28 18:58:22.030668', '10.0.1.165', 'review', NULL, NULL);
INSERT INTO tokens (token_id, token, admin_id, created_at, valid_to, remote_addr, info, store_id, email) VALUES (740, 'X55b7fb0564562fd30000000073de8f6300000000', 9, '2015-07-28 18:58:28.955267', '2015-07-28 18:58:29.017891', '10.0.1.165', 'adqueues', NULL, NULL);
INSERT INTO tokens (token_id, token, admin_id, created_at, valid_to, remote_addr, info, store_id, email) VALUES (741, 'X55b7fb053b0c8ca800000000685c7a1400000000', 9, '2015-07-28 18:58:29.017891', '2015-07-28 18:58:29.024887', '10.0.1.165', 'block_list', NULL, NULL);
INSERT INTO tokens (token_id, token, admin_id, created_at, valid_to, remote_addr, info, store_id, email) VALUES (742, 'X55b7fb052f75d61e000000006b603c4b00000000', 9, '2015-07-28 18:58:29.024887', '2015-07-28 18:58:29.033061', '10.0.1.165', 'block_list', NULL, NULL);
INSERT INTO tokens (token_id, token, admin_id, created_at, valid_to, remote_addr, info, store_id, email) VALUES (743, 'X55b7fb0575f0bc77000000005f85d60b00000000', 9, '2015-07-28 18:58:29.033061', '2015-07-28 18:58:32.009034', '10.0.1.165', 'block_list', NULL, NULL);
INSERT INTO tokens (token_id, token, admin_id, created_at, valid_to, remote_addr, info, store_id, email) VALUES (744, 'X55b7fb086986330a0000000040f7fe1200000000', 9, '2015-07-28 18:58:32.009034', '2015-07-28 18:58:34.802594', '10.0.1.165', 'review', NULL, NULL);
INSERT INTO tokens (token_id, token, admin_id, created_at, valid_to, remote_addr, info, store_id, email) VALUES (735, 'X55b7fafe2db3c2190000000041f52d6800000000', 9, '2015-07-28 18:58:22.030668', '2015-07-28 18:58:22.093197', '10.0.1.165', 'adqueues', NULL, NULL);
INSERT INTO tokens (token_id, token, admin_id, created_at, valid_to, remote_addr, info, store_id, email) VALUES (736, 'X55b7fafe4a2bd25000000001261e500000000', 9, '2015-07-28 18:58:22.093197', '2015-07-28 18:58:22.100516', '10.0.1.165', 'block_list', NULL, NULL);
INSERT INTO tokens (token_id, token, admin_id, created_at, valid_to, remote_addr, info, store_id, email) VALUES (737, 'X55b7fafe51201209000000004f6c3a8a00000000', 9, '2015-07-28 18:58:22.100516', '2015-07-28 18:58:22.107701', '10.0.1.165', 'block_list', NULL, NULL);
INSERT INTO tokens (token_id, token, admin_id, created_at, valid_to, remote_addr, info, store_id, email) VALUES (738, 'X55b7fafe129275900000000392053db00000000', 9, '2015-07-28 18:58:22.107701', '2015-07-28 18:58:25.555236', '10.0.1.165', 'block_list', NULL, NULL);
INSERT INTO tokens (token_id, token, admin_id, created_at, valid_to, remote_addr, info, store_id, email) VALUES (739, 'X55b7fb0232687933000000003ca2ca4800000000', 9, '2015-07-28 18:58:25.555236', '2015-07-28 18:58:28.955267', '10.0.1.165', 'review', NULL, NULL);
INSERT INTO tokens (token_id, token, admin_id, created_at, valid_to, remote_addr, info, store_id, email) VALUES (745, 'X55b7fb0b1a7d334500000000579b537b00000000', 9, '2015-07-28 18:58:34.802594', '2015-07-28 18:58:34.864446', '10.0.1.165', 'adqueues', NULL, NULL);
INSERT INTO tokens (token_id, token, admin_id, created_at, valid_to, remote_addr, info, store_id, email) VALUES (746, 'X55b7fb0b40ac423b00000000227fe02b00000000', 9, '2015-07-28 18:58:34.864446', '2015-07-28 18:58:34.871916', '10.0.1.165', 'block_list', NULL, NULL);
INSERT INTO tokens (token_id, token, admin_id, created_at, valid_to, remote_addr, info, store_id, email) VALUES (747, 'X55b7fb0b76b4514f000000001e3e5abb00000000', 9, '2015-07-28 18:58:34.871916', '2015-07-28 18:58:34.879492', '10.0.1.165', 'block_list', NULL, NULL);
INSERT INTO tokens (token_id, token, admin_id, created_at, valid_to, remote_addr, info, store_id, email) VALUES (748, 'X55b7fb0b60338823000000006f1a769100000000', 9, '2015-07-28 18:58:34.879492', '2015-07-28 18:58:39.130265', '10.0.1.165', 'block_list', NULL, NULL);
INSERT INTO tokens (token_id, token, admin_id, created_at, valid_to, remote_addr, info, store_id, email) VALUES (749, 'X55b7fb0f6f2cd87700000000612e270a00000000', 9, '2015-07-28 18:58:39.130265', '2015-07-28 19:58:39.130265', '10.0.1.165', 'review', NULL, NULL);
INSERT INTO ads (ad_id, list_id, list_time, status, type, name, phone, region, city, category, user_id, passwd, phone_hidden, no_salesmen, company_ad, subject, body, price, image, infopage, infopage_title, orig_list_time, old_price, store_id, salted_passwd, modified_at, lang) VALUES (126, 8000085, '2015-07-28 18:58:06', 'active', 'sell', 'carlos', '12312312', 15, 0, 5020, 59, NULL, false, false, false, 'Ups1', 'ref no prod', 123, NULL, NULL, NULL, NULL, NULL, NULL, '$1024$fy<b/ZF^=n~7],b]9bd00ed9f7ade86ed85b896470ce917d68e80148', '2015-07-28 18:58:06.625288', 'es');
INSERT INTO ads (ad_id, list_id, list_time, status, type, name, phone, region, city, category, user_id, passwd, phone_hidden, no_salesmen, company_ad, subject, body, price, image, infopage, infopage_title, orig_list_time, old_price, store_id, salted_passwd, modified_at, lang) VALUES (127, 8000086, '2015-07-28 18:58:12', 'active', 'sell', 'carlos', '12312312', 15, 0, 5020, 59, NULL, false, false, false, 'Ups2', 'ref w/prod', 123, NULL, NULL, NULL, NULL, NULL, NULL, '$1024$3tq#R1=(#~SC|+^J51166b9d5134f36645b06bf3ab045cba70704cc8', '2015-07-28 18:58:12.330861', 'es');
INSERT INTO ads (ad_id, list_id, list_time, status, type, name, phone, region, city, category, user_id, passwd, phone_hidden, no_salesmen, company_ad, subject, body, price, image, infopage, infopage_title, orig_list_time, old_price, store_id, salted_passwd, modified_at, lang) VALUES (128, 8000087, '2015-07-28 18:58:17', 'active', 'sell', 'carlos', '12312312', 15, 0, 5020, 59, NULL, false, false, false, 'Ups3', 'ht no prod', 123, NULL, NULL, NULL, NULL, NULL, NULL, '$1024$r@x4''.#gXW3?5b)bb6b46d356d67c493170db392b0527e68e54994e2', '2015-07-28 18:58:17.887523', 'es');
INSERT INTO ads (ad_id, list_id, list_time, status, type, name, phone, region, city, category, user_id, passwd, phone_hidden, no_salesmen, company_ad, subject, body, price, image, infopage, infopage_title, orig_list_time, old_price, store_id, salted_passwd, modified_at, lang) VALUES (129, 8000088, '2015-07-28 18:58:25', 'active', 'sell', 'carlos', '12312312', 15, 0, 5020, 59, NULL, false, false, false, 'Ups4', 'ht db', 123, NULL, NULL, NULL, NULL, NULL, NULL, '$1024$:g$;G$(UzNJ!}BV\\6e4dce6e1f96f908749315daaad89dfd57ccabc8', '2015-07-28 18:58:25.560322', 'es');
INSERT INTO ads (ad_id, list_id, list_time, status, type, name, phone, region, city, category, user_id, passwd, phone_hidden, no_salesmen, company_ad, subject, body, price, image, infopage, infopage_title, orig_list_time, old_price, store_id, salted_passwd, modified_at, lang) VALUES (130, 8000089, '2015-07-28 18:58:32', 'active', 'sell', 'carlos', '12312312', 15, 0, 5020, 59, NULL, false, false, false, 'Ups5', 'ht wb', 123, NULL, NULL, NULL, NULL, NULL, NULL, '$1024$Yp?eDfl@JTJ.}}nH8f63c2f370b9fe5a99f60d00f4aa728a833795d7', '2015-07-28 18:58:32.014046', 'es');
INSERT INTO ads (ad_id, list_id, list_time, status, type, name, phone, region, city, category, user_id, passwd, phone_hidden, no_salesmen, company_ad, subject, body, price, image, infopage, infopage_title, orig_list_time, old_price, store_id, salted_passwd, modified_at, lang) VALUES (131, 8000090, '2015-07-28 18:58:39', 'active', 'sell', 'carlos', '12312312', 15, 0, 5020, 59, NULL, false, false, false, 'Ups6', 'ht wg', 123, NULL, NULL, NULL, NULL, NULL, NULL, '$1024$9~8_qn-}O0}vt{qIa43ed7d2cec8cd14ba77a92b905f2ab2941503c8', '2015-07-28 18:58:39.135654', 'es');
INSERT INTO payment_groups (payment_group_id, code, status, added_at, parent_payment_group_id) VALUES (166, '633026231', 'verified', '2015-07-28 18:47:38.041165', NULL);
INSERT INTO payment_groups (payment_group_id, code, status, added_at, parent_payment_group_id) VALUES (167, '768418254', 'verified', '2015-07-28 18:48:08.143228', NULL);
INSERT INTO payment_groups (payment_group_id, code, status, added_at, parent_payment_group_id) VALUES (168, '12345', 'paid', '2015-07-28 18:48:10.743061', NULL);
INSERT INTO payment_groups (payment_group_id, code, status, added_at, parent_payment_group_id) VALUES (169, '903810277', 'verified', '2015-07-28 18:53:19.329138', NULL);
INSERT INTO payment_groups (payment_group_id, code, status, added_at, parent_payment_group_id) VALUES (170, '139202300', 'verified', '2015-07-28 18:53:45.453402', NULL);
INSERT INTO payment_groups (payment_group_id, code, status, added_at, parent_payment_group_id) VALUES (171, '65432', 'paid', '2015-07-28 18:53:48.341437', NULL);
INSERT INTO payment_groups (payment_group_id, code, status, added_at, parent_payment_group_id) VALUES (172, '274594323', 'verified', '2015-07-28 18:54:35.291721', NULL);
INSERT INTO payment_groups (payment_group_id, code, status, added_at, parent_payment_group_id) VALUES (173, '32323', 'paid', '2015-07-28 18:54:40.840554', NULL);
INSERT INTO payment_groups (payment_group_id, code, status, added_at, parent_payment_group_id) VALUES (174, '409986346', 'verified', '2015-07-28 18:56:58.609434', NULL);
INSERT INTO payment_groups (payment_group_id, code, status, added_at, parent_payment_group_id) VALUES (175, '54545', 'paid', '2015-07-28 18:57:02.471874', NULL);
INSERT INTO ad_actions (ad_id, action_id, action_type, current_state, state, queue, locked_by, locked_until, payment_group_id) VALUES (127, 2, 'upselling_daily_bump', 706, 'accepted', 'normal', NULL, NULL, 168);
INSERT INTO ad_actions (ad_id, action_id, action_type, current_state, state, queue, locked_by, locked_until, payment_group_id) VALUES (129, 2, 'upselling_daily_bump', 715, 'accepted', 'normal', NULL, NULL, 171);
INSERT INTO ad_actions (ad_id, action_id, action_type, current_state, state, queue, locked_by, locked_until, payment_group_id) VALUES (130, 2, 'upselling_weekly_bump', 721, 'accepted', 'normal', NULL, NULL, 173);
INSERT INTO ad_actions (ad_id, action_id, action_type, current_state, state, queue, locked_by, locked_until, payment_group_id) VALUES (131, 2, 'upselling_gallery', 727, 'accepted', 'normal', NULL, NULL, 175);
INSERT INTO ad_actions (ad_id, action_id, action_type, current_state, state, queue, locked_by, locked_until, payment_group_id) VALUES (126, 1, 'new', 728, 'accepted', 'normal', NULL, NULL, 166);
INSERT INTO ad_actions (ad_id, action_id, action_type, current_state, state, queue, locked_by, locked_until, payment_group_id) VALUES (127, 1, 'new', 729, 'accepted', 'normal', NULL, NULL, 167);
INSERT INTO ad_actions (ad_id, action_id, action_type, current_state, state, queue, locked_by, locked_until, payment_group_id) VALUES (128, 1, 'new', 730, 'accepted', 'normal', NULL, NULL, 169);
INSERT INTO ad_actions (ad_id, action_id, action_type, current_state, state, queue, locked_by, locked_until, payment_group_id) VALUES (129, 1, 'new', 731, 'accepted', 'normal', NULL, NULL, 170);
INSERT INTO ad_actions (ad_id, action_id, action_type, current_state, state, queue, locked_by, locked_until, payment_group_id) VALUES (130, 1, 'new', 732, 'accepted', 'normal', NULL, NULL, 172);
INSERT INTO ad_actions (ad_id, action_id, action_type, current_state, state, queue, locked_by, locked_until, payment_group_id) VALUES (131, 1, 'new', 733, 'accepted', 'normal', NULL, NULL, 174);
INSERT INTO action_params (ad_id, action_id, name, value) VALUES (126, 1, 'source', 'web');
INSERT INTO action_params (ad_id, action_id, name, value) VALUES (126, 1, 'redir', 'dW5rbm93bg==');
INSERT INTO action_params (ad_id, action_id, name, value) VALUES (127, 1, 'source', 'web');
INSERT INTO action_params (ad_id, action_id, name, value) VALUES (127, 1, 'redir', 'dW5rbm93bg==');
INSERT INTO action_params (ad_id, action_id, name, value) VALUES (128, 1, 'source', 'web');
INSERT INTO action_params (ad_id, action_id, name, value) VALUES (128, 1, 'redir', 'dW5rbm93bg==');
INSERT INTO action_params (ad_id, action_id, name, value) VALUES (129, 1, 'source', 'web');
INSERT INTO action_params (ad_id, action_id, name, value) VALUES (129, 1, 'redir', 'dW5rbm93bg==');
INSERT INTO action_params (ad_id, action_id, name, value) VALUES (130, 1, 'source', 'web');
INSERT INTO action_params (ad_id, action_id, name, value) VALUES (130, 1, 'redir', 'dW5rbm93bg==');
INSERT INTO action_params (ad_id, action_id, name, value) VALUES (131, 1, 'source', 'web');
INSERT INTO action_params (ad_id, action_id, name, value) VALUES (131, 1, 'redir', 'dW5rbm93bg==');
INSERT INTO action_states (ad_id, action_id, state_id, state, transition, "timestamp", remote_addr, token_id) VALUES (126, 1, 698, 'reg', 'initial', '2015-07-28 18:47:38.041165', '10.0.1.165', NULL);
INSERT INTO action_states (ad_id, action_id, state_id, state, transition, "timestamp", remote_addr, token_id) VALUES (126, 1, 699, 'unverified', 'verifymail', '2015-07-28 18:47:38.041165', '10.0.1.165', NULL);
INSERT INTO action_states (ad_id, action_id, state_id, state, transition, "timestamp", remote_addr, token_id) VALUES (126, 1, 700, 'pending_review', 'verify', '2015-07-28 18:47:38.12398', '10.0.1.165', NULL);
INSERT INTO action_states (ad_id, action_id, state_id, state, transition, "timestamp", remote_addr, token_id) VALUES (127, 1, 701, 'reg', 'initial', '2015-07-28 18:48:08.143228', '10.0.1.165', NULL);
INSERT INTO action_states (ad_id, action_id, state_id, state, transition, "timestamp", remote_addr, token_id) VALUES (127, 1, 702, 'unverified', 'verifymail', '2015-07-28 18:48:08.143228', '10.0.1.165', NULL);
INSERT INTO action_states (ad_id, action_id, state_id, state, transition, "timestamp", remote_addr, token_id) VALUES (127, 1, 703, 'pending_review', 'verify', '2015-07-28 18:48:08.16842', '10.0.1.165', NULL);
INSERT INTO action_states (ad_id, action_id, state_id, state, transition, "timestamp", remote_addr, token_id) VALUES (127, 2, 704, 'reg', 'initial', '2015-07-28 18:48:10.743061', '10.0.1.165', NULL);
INSERT INTO action_states (ad_id, action_id, state_id, state, transition, "timestamp", remote_addr, token_id) VALUES (127, 2, 705, 'unpaid', 'pending_pay', '2015-07-28 18:48:10.743061', '10.0.1.165', NULL);
INSERT INTO action_states (ad_id, action_id, state_id, state, transition, "timestamp", remote_addr, token_id) VALUES (127, 2, 706, 'accepted', 'pay', '2015-07-28 18:48:13.891955', NULL, NULL);
INSERT INTO action_states (ad_id, action_id, state_id, state, transition, "timestamp", remote_addr, token_id) VALUES (128, 1, 707, 'reg', 'initial', '2015-07-28 18:53:19.329138', '10.0.1.165', NULL);
INSERT INTO action_states (ad_id, action_id, state_id, state, transition, "timestamp", remote_addr, token_id) VALUES (128, 1, 708, 'unverified', 'verifymail', '2015-07-28 18:53:19.329138', '10.0.1.165', NULL);
INSERT INTO action_states (ad_id, action_id, state_id, state, transition, "timestamp", remote_addr, token_id) VALUES (128, 1, 709, 'pending_review', 'verify', '2015-07-28 18:53:19.411641', '10.0.1.165', NULL);
INSERT INTO action_states (ad_id, action_id, state_id, state, transition, "timestamp", remote_addr, token_id) VALUES (129, 1, 710, 'reg', 'initial', '2015-07-28 18:53:45.453402', '10.0.1.165', NULL);
INSERT INTO action_states (ad_id, action_id, state_id, state, transition, "timestamp", remote_addr, token_id) VALUES (129, 1, 711, 'unverified', 'verifymail', '2015-07-28 18:53:45.453402', '10.0.1.165', NULL);
INSERT INTO action_states (ad_id, action_id, state_id, state, transition, "timestamp", remote_addr, token_id) VALUES (129, 1, 712, 'pending_review', 'verify', '2015-07-28 18:53:45.509764', '10.0.1.165', NULL);
INSERT INTO action_states (ad_id, action_id, state_id, state, transition, "timestamp", remote_addr, token_id) VALUES (129, 2, 713, 'reg', 'initial', '2015-07-28 18:53:48.341437', '10.0.1.165', NULL);
INSERT INTO action_states (ad_id, action_id, state_id, state, transition, "timestamp", remote_addr, token_id) VALUES (129, 2, 714, 'unpaid', 'pending_pay', '2015-07-28 18:53:48.341437', '10.0.1.165', NULL);
INSERT INTO action_states (ad_id, action_id, state_id, state, transition, "timestamp", remote_addr, token_id) VALUES (129, 2, 715, 'accepted', 'pay', '2015-07-28 18:53:50.302248', NULL, NULL);
INSERT INTO action_states (ad_id, action_id, state_id, state, transition, "timestamp", remote_addr, token_id) VALUES (130, 1, 716, 'reg', 'initial', '2015-07-28 18:54:35.291721', '10.0.1.165', NULL);
INSERT INTO action_states (ad_id, action_id, state_id, state, transition, "timestamp", remote_addr, token_id) VALUES (130, 1, 717, 'unverified', 'verifymail', '2015-07-28 18:54:35.291721', '10.0.1.165', NULL);
INSERT INTO action_states (ad_id, action_id, state_id, state, transition, "timestamp", remote_addr, token_id) VALUES (130, 1, 718, 'pending_review', 'verify', '2015-07-28 18:54:35.325414', '10.0.1.165', NULL);
INSERT INTO action_states (ad_id, action_id, state_id, state, transition, "timestamp", remote_addr, token_id) VALUES (130, 2, 719, 'reg', 'initial', '2015-07-28 18:54:40.840554', '10.0.1.165', NULL);
INSERT INTO action_states (ad_id, action_id, state_id, state, transition, "timestamp", remote_addr, token_id) VALUES (130, 2, 720, 'unpaid', 'pending_pay', '2015-07-28 18:54:40.840554', '10.0.1.165', NULL);
INSERT INTO action_states (ad_id, action_id, state_id, state, transition, "timestamp", remote_addr, token_id) VALUES (130, 2, 721, 'accepted', 'pay', '2015-07-28 18:54:42.769976', NULL, NULL);
INSERT INTO action_states (ad_id, action_id, state_id, state, transition, "timestamp", remote_addr, token_id) VALUES (131, 1, 722, 'reg', 'initial', '2015-07-28 18:56:58.609434', '10.0.1.165', NULL);
INSERT INTO action_states (ad_id, action_id, state_id, state, transition, "timestamp", remote_addr, token_id) VALUES (131, 1, 723, 'unverified', 'verifymail', '2015-07-28 18:56:58.609434', '10.0.1.165', NULL);
INSERT INTO action_states (ad_id, action_id, state_id, state, transition, "timestamp", remote_addr, token_id) VALUES (131, 1, 724, 'pending_review', 'verify', '2015-07-28 18:56:58.696263', '10.0.1.165', NULL);
INSERT INTO action_states (ad_id, action_id, state_id, state, transition, "timestamp", remote_addr, token_id) VALUES (131, 2, 725, 'reg', 'initial', '2015-07-28 18:57:02.471874', '10.0.1.165', NULL);
INSERT INTO action_states (ad_id, action_id, state_id, state, transition, "timestamp", remote_addr, token_id) VALUES (131, 2, 726, 'unpaid', 'pending_pay', '2015-07-28 18:57:02.471874', '10.0.1.165', NULL);
INSERT INTO action_states (ad_id, action_id, state_id, state, transition, "timestamp", remote_addr, token_id) VALUES (131, 2, 727, 'accepted', 'pay', '2015-07-28 18:57:04.768618', NULL, NULL);
INSERT INTO action_states (ad_id, action_id, state_id, state, transition, "timestamp", remote_addr, token_id) VALUES (126, 1, 728, 'accepted', 'accept', '2015-07-28 18:58:06.625288', '10.0.1.165', 723);
INSERT INTO action_states (ad_id, action_id, state_id, state, transition, "timestamp", remote_addr, token_id) VALUES (127, 1, 729, 'accepted', 'accept', '2015-07-28 18:58:12.330861', '10.0.1.165', 728);
INSERT INTO action_states (ad_id, action_id, state_id, state, transition, "timestamp", remote_addr, token_id) VALUES (128, 1, 730, 'accepted', 'accept', '2015-07-28 18:58:17.887523', '10.0.1.165', 733);
INSERT INTO action_states (ad_id, action_id, state_id, state, transition, "timestamp", remote_addr, token_id) VALUES (129, 1, 731, 'accepted', 'accept', '2015-07-28 18:58:25.560322', '10.0.1.165', 738);
INSERT INTO action_states (ad_id, action_id, state_id, state, transition, "timestamp", remote_addr, token_id) VALUES (130, 1, 732, 'accepted', 'accept', '2015-07-28 18:58:32.014046', '10.0.1.165', 743);
INSERT INTO action_states (ad_id, action_id, state_id, state, transition, "timestamp", remote_addr, token_id) VALUES (131, 1, 733, 'accepted', 'accept', '2015-07-28 18:58:39.135654', '10.0.1.165', 748);
SELECT pg_catalog.setval('action_states_state_id_seq', 733, true);
INSERT INTO ad_changes (ad_id, action_id, state_id, is_param, column_name, old_value, new_value) VALUES (127, 2, 706, true, 'upselling_daily_bump', NULL, '7');
INSERT INTO ad_changes (ad_id, action_id, state_id, is_param, column_name, old_value, new_value) VALUES (129, 2, 715, true, 'upselling_daily_bump', NULL, '7');
INSERT INTO ad_changes (ad_id, action_id, state_id, is_param, column_name, old_value, new_value) VALUES (130, 2, 721, true, 'upselling_weekly_bump', NULL, '4');
INSERT INTO ad_changes (ad_id, action_id, state_id, is_param, column_name, old_value, new_value) VALUES (131, 2, 727, true, 'gallery', NULL, '2015-07-28 19:07:04');
INSERT INTO ad_codes (code, code_type) VALUES (24741, 'pay');
INSERT INTO ad_codes (code, code_type) VALUES (56764, 'pay');
INSERT INTO ad_codes (code, code_type) VALUES (88787, 'pay');
INSERT INTO ad_codes (code, code_type) VALUES (30810, 'pay');
INSERT INTO ad_codes (code, code_type) VALUES (62833, 'pay');
INSERT INTO ad_codes (code, code_type) VALUES (94856, 'pay');
INSERT INTO ad_image_changes (ad_id, action_id, state_id, seq_no, name, is_new) VALUES (126, 1, 728, 0, NULL, false);
INSERT INTO ad_image_changes (ad_id, action_id, state_id, seq_no, name, is_new) VALUES (127, 1, 729, 0, NULL, false);
INSERT INTO ad_image_changes (ad_id, action_id, state_id, seq_no, name, is_new) VALUES (128, 1, 730, 0, NULL, false);
INSERT INTO ad_image_changes (ad_id, action_id, state_id, seq_no, name, is_new) VALUES (129, 1, 731, 0, NULL, false);
INSERT INTO ad_image_changes (ad_id, action_id, state_id, seq_no, name, is_new) VALUES (130, 1, 732, 0, NULL, false);
INSERT INTO ad_image_changes (ad_id, action_id, state_id, seq_no, name, is_new) VALUES (131, 1, 733, 0, '4408523319.jpg', false);
INSERT INTO ad_images_digests (ad_id, name, digest, uid, previously_inserted) VALUES (131, '4408523319.jpg', '81ffcfe3e5c978dae279c3fe8df3afe3', 5, false);
INSERT INTO ad_media (ad_media_id, ad_id, seq_no, upload_time, media_type, width, height, length) VALUES (4408523319, 131, 0, '2015-07-28 18:56:35.773988', 'image', NULL, NULL, NULL);
INSERT INTO ad_params (ad_id, name, value) VALUES (126, 'communes', '295');
INSERT INTO ad_params (ad_id, name, value) VALUES (126, 'prev_currency', 'peso');
INSERT INTO ad_params (ad_id, name, value) VALUES (126, 'country', 'UNK');
INSERT INTO ad_params (ad_id, name, value) VALUES (127, 'communes', '295');
INSERT INTO ad_params (ad_id, name, value) VALUES (127, 'prev_currency', 'peso');
INSERT INTO ad_params (ad_id, name, value) VALUES (127, 'country', 'UNK');
INSERT INTO ad_params (ad_id, name, value) VALUES (127, 'upselling_daily_bump', '7');
INSERT INTO ad_params (ad_id, name, value) VALUES (128, 'communes', '295');
INSERT INTO ad_params (ad_id, name, value) VALUES (128, 'prev_currency', 'peso');
INSERT INTO ad_params (ad_id, name, value) VALUES (128, 'country', 'UNK');
INSERT INTO ad_params (ad_id, name, value) VALUES (129, 'communes', '295');
INSERT INTO ad_params (ad_id, name, value) VALUES (129, 'prev_currency', 'peso');
INSERT INTO ad_params (ad_id, name, value) VALUES (129, 'country', 'UNK');
INSERT INTO ad_params (ad_id, name, value) VALUES (129, 'upselling_daily_bump', '7');
INSERT INTO ad_params (ad_id, name, value) VALUES (130, 'communes', '295');
INSERT INTO ad_params (ad_id, name, value) VALUES (130, 'prev_currency', 'peso');
INSERT INTO ad_params (ad_id, name, value) VALUES (130, 'country', 'UNK');
INSERT INTO ad_params (ad_id, name, value) VALUES (130, 'upselling_weekly_bump', '4');
INSERT INTO ad_params (ad_id, name, value) VALUES (131, 'communes', '295');
INSERT INTO ad_params (ad_id, name, value) VALUES (131, 'prev_currency', 'peso');
INSERT INTO ad_params (ad_id, name, value) VALUES (131, 'country', 'UNK');
INSERT INTO ad_params (ad_id, name, value) VALUES (131, 'gallery', '2015-07-28 19:07:04');
SELECT pg_catalog.setval('ads_ad_id_seq', 131, true);
SELECT pg_catalog.setval('list_id_seq', 8000090, true);
SELECT pg_catalog.setval('next_image_id', 1, true);
SELECT pg_catalog.setval('pay_code_seq', 472, true);
INSERT INTO pay_log (pay_log_id, pay_type, amount, code, token_id, paid_at, payment_group_id, status) VALUES (213, 'save', 0, '633026231', NULL, '2015-07-28 18:47:38', 166, 'SAVE');
INSERT INTO pay_log (pay_log_id, pay_type, amount, code, token_id, paid_at, payment_group_id, status) VALUES (214, 'verify', 0, '633026231', NULL, '2015-07-28 18:47:38', 166, 'OK');
INSERT INTO pay_log (pay_log_id, pay_type, amount, code, token_id, paid_at, payment_group_id, status) VALUES (215, 'save', 0, '768418254', NULL, '2015-07-28 18:48:08', 167, 'SAVE');
INSERT INTO pay_log (pay_log_id, pay_type, amount, code, token_id, paid_at, payment_group_id, status) VALUES (216, 'verify', 0, '768418254', NULL, '2015-07-28 18:48:08', 167, 'OK');
INSERT INTO pay_log (pay_log_id, pay_type, amount, code, token_id, paid_at, payment_group_id, status) VALUES (217, 'save', 0, '12345', NULL, '2015-07-28 18:48:11', 168, 'SAVE');
INSERT INTO pay_log (pay_log_id, pay_type, amount, code, token_id, paid_at, payment_group_id, status) VALUES (218, 'paycard_save', 0, '12345', NULL, '2015-07-28 18:48:14', 168, 'SAVE');
INSERT INTO pay_log (pay_log_id, pay_type, amount, code, token_id, paid_at, payment_group_id, status) VALUES (219, 'paycard', 4500, '00168a', NULL, '2015-07-28 18:48:14', 168, 'OK');
INSERT INTO pay_log (pay_log_id, pay_type, amount, code, token_id, paid_at, payment_group_id, status) VALUES (220, 'paycard', 4500, '12345', NULL, '2015-07-28 18:48:14', 168, 'OK');
INSERT INTO pay_log (pay_log_id, pay_type, amount, code, token_id, paid_at, payment_group_id, status) VALUES (221, 'save', 0, '903810277', NULL, '2015-07-28 18:53:19', 169, 'SAVE');
INSERT INTO pay_log (pay_log_id, pay_type, amount, code, token_id, paid_at, payment_group_id, status) VALUES (222, 'verify', 0, '903810277', NULL, '2015-07-28 18:53:19', 169, 'OK');
INSERT INTO pay_log (pay_log_id, pay_type, amount, code, token_id, paid_at, payment_group_id, status) VALUES (223, 'save', 0, '139202300', NULL, '2015-07-28 18:53:45', 170, 'SAVE');
INSERT INTO pay_log (pay_log_id, pay_type, amount, code, token_id, paid_at, payment_group_id, status) VALUES (224, 'verify', 0, '139202300', NULL, '2015-07-28 18:53:46', 170, 'OK');
INSERT INTO pay_log (pay_log_id, pay_type, amount, code, token_id, paid_at, payment_group_id, status) VALUES (225, 'save', 0, '65432', NULL, '2015-07-28 18:53:48', 171, 'SAVE');
INSERT INTO pay_log (pay_log_id, pay_type, amount, code, token_id, paid_at, payment_group_id, status) VALUES (226, 'paycard_save', 0, '65432', NULL, '2015-07-28 18:53:50', 171, 'SAVE');
INSERT INTO pay_log (pay_log_id, pay_type, amount, code, token_id, paid_at, payment_group_id, status) VALUES (227, 'paycard', 4500, '00171a', NULL, '2015-07-28 18:53:50', 171, 'OK');
INSERT INTO pay_log (pay_log_id, pay_type, amount, code, token_id, paid_at, payment_group_id, status) VALUES (228, 'paycard', 4500, '65432', NULL, '2015-07-28 18:53:50', 171, 'OK');
INSERT INTO pay_log (pay_log_id, pay_type, amount, code, token_id, paid_at, payment_group_id, status) VALUES (229, 'save', 0, '274594323', NULL, '2015-07-28 18:54:35', 172, 'SAVE');
INSERT INTO pay_log (pay_log_id, pay_type, amount, code, token_id, paid_at, payment_group_id, status) VALUES (230, 'verify', 0, '274594323', NULL, '2015-07-28 18:54:35', 172, 'OK');
INSERT INTO pay_log (pay_log_id, pay_type, amount, code, token_id, paid_at, payment_group_id, status) VALUES (231, 'save', 0, '32323', NULL, '2015-07-28 18:54:41', 173, 'SAVE');
INSERT INTO pay_log (pay_log_id, pay_type, amount, code, token_id, paid_at, payment_group_id, status) VALUES (232, 'paycard_save', 0, '32323', NULL, '2015-07-28 18:54:43', 173, 'SAVE');
INSERT INTO pay_log (pay_log_id, pay_type, amount, code, token_id, paid_at, payment_group_id, status) VALUES (233, 'paycard', 2700, '00173a', NULL, '2015-07-28 18:54:43', 173, 'OK');
INSERT INTO pay_log (pay_log_id, pay_type, amount, code, token_id, paid_at, payment_group_id, status) VALUES (234, 'paycard', 2700, '32323', NULL, '2015-07-28 18:54:43', 173, 'OK');
INSERT INTO pay_log (pay_log_id, pay_type, amount, code, token_id, paid_at, payment_group_id, status) VALUES (235, 'save', 0, '409986346', NULL, '2015-07-28 18:56:59', 174, 'SAVE');
INSERT INTO pay_log (pay_log_id, pay_type, amount, code, token_id, paid_at, payment_group_id, status) VALUES (236, 'verify', 0, '409986346', NULL, '2015-07-28 18:56:59', 174, 'OK');
INSERT INTO pay_log (pay_log_id, pay_type, amount, code, token_id, paid_at, payment_group_id, status) VALUES (237, 'save', 0, '54545', NULL, '2015-07-28 18:57:02', 175, 'SAVE');
INSERT INTO pay_log (pay_log_id, pay_type, amount, code, token_id, paid_at, payment_group_id, status) VALUES (238, 'paycard_save', 0, '54545', NULL, '2015-07-28 18:57:05', 175, 'SAVE');
INSERT INTO pay_log (pay_log_id, pay_type, amount, code, token_id, paid_at, payment_group_id, status) VALUES (239, 'paycard', 3600, '00175a', NULL, '2015-07-28 18:57:05', 175, 'OK');
INSERT INTO pay_log (pay_log_id, pay_type, amount, code, token_id, paid_at, payment_group_id, status) VALUES (240, 'paycard', 3600, '54545', NULL, '2015-07-28 18:57:05', 175, 'OK');
SELECT pg_catalog.setval('pay_log_pay_log_id_seq', 240, true);
INSERT INTO pay_log_references (pay_log_id, ref_num, ref_type, reference) VALUES (213, 0, 'adphone', '12312312');
INSERT INTO pay_log_references (pay_log_id, ref_num, ref_type, reference) VALUES (213, 1, 'remote_addr', '10.0.1.165');
INSERT INTO pay_log_references (pay_log_id, ref_num, ref_type, reference) VALUES (214, 0, 'remote_addr', '10.0.1.165');
INSERT INTO pay_log_references (pay_log_id, ref_num, ref_type, reference) VALUES (215, 0, 'adphone', '12312312');
INSERT INTO pay_log_references (pay_log_id, ref_num, ref_type, reference) VALUES (215, 1, 'remote_addr', '10.0.1.165');
INSERT INTO pay_log_references (pay_log_id, ref_num, ref_type, reference) VALUES (216, 0, 'remote_addr', '10.0.1.165');
INSERT INTO pay_log_references (pay_log_id, ref_num, ref_type, reference) VALUES (217, 0, 'remote_addr', '10.0.1.165');
INSERT INTO pay_log_references (pay_log_id, ref_num, ref_type, reference) VALUES (218, 0, 'auth_code', '436933');
INSERT INTO pay_log_references (pay_log_id, ref_num, ref_type, reference) VALUES (218, 1, 'trans_date', '28/07/2015 18:48:11');
INSERT INTO pay_log_references (pay_log_id, ref_num, ref_type, reference) VALUES (218, 2, 'placements_type', 'VN');
INSERT INTO pay_log_references (pay_log_id, ref_num, ref_type, reference) VALUES (218, 3, 'placements_number', '1');
INSERT INTO pay_log_references (pay_log_id, ref_num, ref_type, reference) VALUES (218, 4, 'pay_type', 'credit');
INSERT INTO pay_log_references (pay_log_id, ref_num, ref_type, reference) VALUES (218, 5, 'external_response', '0');
INSERT INTO pay_log_references (pay_log_id, ref_num, ref_type, reference) VALUES (218, 6, 'external_id', '21480017992895458700');
INSERT INTO pay_log_references (pay_log_id, ref_num, ref_type, reference) VALUES (218, 7, 'remote_addr', '10.0.1.208');
INSERT INTO pay_log_references (pay_log_id, ref_num, ref_type, reference) VALUES (219, 0, 'webpay', '1');
INSERT INTO pay_log_references (pay_log_id, ref_num, ref_type, reference) VALUES (221, 0, 'adphone', '12312312');
INSERT INTO pay_log_references (pay_log_id, ref_num, ref_type, reference) VALUES (221, 1, 'remote_addr', '10.0.1.165');
INSERT INTO pay_log_references (pay_log_id, ref_num, ref_type, reference) VALUES (222, 0, 'remote_addr', '10.0.1.165');
INSERT INTO pay_log_references (pay_log_id, ref_num, ref_type, reference) VALUES (223, 0, 'adphone', '12312312');
INSERT INTO pay_log_references (pay_log_id, ref_num, ref_type, reference) VALUES (223, 1, 'remote_addr', '10.0.1.165');
INSERT INTO pay_log_references (pay_log_id, ref_num, ref_type, reference) VALUES (224, 0, 'remote_addr', '10.0.1.165');
INSERT INTO pay_log_references (pay_log_id, ref_num, ref_type, reference) VALUES (225, 0, 'remote_addr', '10.0.1.165');
INSERT INTO pay_log_references (pay_log_id, ref_num, ref_type, reference) VALUES (226, 0, 'auth_code', '147916');
INSERT INTO pay_log_references (pay_log_id, ref_num, ref_type, reference) VALUES (226, 1, 'trans_date', '28/07/2015 18:53:49');
INSERT INTO pay_log_references (pay_log_id, ref_num, ref_type, reference) VALUES (226, 2, 'placements_type', 'VN');
INSERT INTO pay_log_references (pay_log_id, ref_num, ref_type, reference) VALUES (226, 3, 'placements_number', '1');
INSERT INTO pay_log_references (pay_log_id, ref_num, ref_type, reference) VALUES (226, 4, 'pay_type', 'credit');
INSERT INTO pay_log_references (pay_log_id, ref_num, ref_type, reference) VALUES (226, 5, 'external_response', '0');
INSERT INTO pay_log_references (pay_log_id, ref_num, ref_type, reference) VALUES (226, 6, 'external_id', '99458433824057707335');
INSERT INTO pay_log_references (pay_log_id, ref_num, ref_type, reference) VALUES (226, 7, 'remote_addr', '10.0.1.208');
INSERT INTO pay_log_references (pay_log_id, ref_num, ref_type, reference) VALUES (227, 0, 'webpay', '1');
INSERT INTO pay_log_references (pay_log_id, ref_num, ref_type, reference) VALUES (229, 0, 'adphone', '12312312');
INSERT INTO pay_log_references (pay_log_id, ref_num, ref_type, reference) VALUES (229, 1, 'remote_addr', '10.0.1.165');
INSERT INTO pay_log_references (pay_log_id, ref_num, ref_type, reference) VALUES (230, 0, 'remote_addr', '10.0.1.165');
INSERT INTO pay_log_references (pay_log_id, ref_num, ref_type, reference) VALUES (231, 0, 'remote_addr', '10.0.1.165');
INSERT INTO pay_log_references (pay_log_id, ref_num, ref_type, reference) VALUES (232, 0, 'auth_code', '772005');
INSERT INTO pay_log_references (pay_log_id, ref_num, ref_type, reference) VALUES (232, 1, 'trans_date', '28/07/2015 18:54:42');
INSERT INTO pay_log_references (pay_log_id, ref_num, ref_type, reference) VALUES (232, 2, 'placements_type', 'VN');
INSERT INTO pay_log_references (pay_log_id, ref_num, ref_type, reference) VALUES (232, 3, 'placements_number', '1');
INSERT INTO pay_log_references (pay_log_id, ref_num, ref_type, reference) VALUES (232, 4, 'pay_type', 'credit');
INSERT INTO pay_log_references (pay_log_id, ref_num, ref_type, reference) VALUES (232, 5, 'external_response', '0');
INSERT INTO pay_log_references (pay_log_id, ref_num, ref_type, reference) VALUES (232, 6, 'external_id', '89142617481495356610');
INSERT INTO pay_log_references (pay_log_id, ref_num, ref_type, reference) VALUES (232, 7, 'remote_addr', '10.0.1.208');
INSERT INTO pay_log_references (pay_log_id, ref_num, ref_type, reference) VALUES (233, 0, 'webpay', '1');
INSERT INTO pay_log_references (pay_log_id, ref_num, ref_type, reference) VALUES (235, 0, 'adphone', '12312312');
INSERT INTO pay_log_references (pay_log_id, ref_num, ref_type, reference) VALUES (235, 1, 'remote_addr', '10.0.1.165');
INSERT INTO pay_log_references (pay_log_id, ref_num, ref_type, reference) VALUES (236, 0, 'remote_addr', '10.0.1.165');
INSERT INTO pay_log_references (pay_log_id, ref_num, ref_type, reference) VALUES (237, 0, 'remote_addr', '10.0.1.165');
INSERT INTO pay_log_references (pay_log_id, ref_num, ref_type, reference) VALUES (238, 0, 'auth_code', '942125');
INSERT INTO pay_log_references (pay_log_id, ref_num, ref_type, reference) VALUES (238, 1, 'trans_date', '28/07/2015 18:57:04');
INSERT INTO pay_log_references (pay_log_id, ref_num, ref_type, reference) VALUES (238, 2, 'placements_type', 'VN');
INSERT INTO pay_log_references (pay_log_id, ref_num, ref_type, reference) VALUES (238, 3, 'placements_number', '1');
INSERT INTO pay_log_references (pay_log_id, ref_num, ref_type, reference) VALUES (238, 4, 'pay_type', 'credit');
INSERT INTO pay_log_references (pay_log_id, ref_num, ref_type, reference) VALUES (238, 5, 'external_response', '0');
INSERT INTO pay_log_references (pay_log_id, ref_num, ref_type, reference) VALUES (238, 6, 'external_id', '06721052127941327408');
INSERT INTO pay_log_references (pay_log_id, ref_num, ref_type, reference) VALUES (238, 7, 'remote_addr', '10.0.1.208');
INSERT INTO pay_log_references (pay_log_id, ref_num, ref_type, reference) VALUES (239, 0, 'webpay', '1');
SELECT pg_catalog.setval('payment_groups_payment_group_id_seq', 175, true);
INSERT INTO payments (payment_group_id, payment_type, pay_amount, discount) VALUES (166, 'ad_action', 0, 0);
INSERT INTO payments (payment_group_id, payment_type, pay_amount, discount) VALUES (167, 'ad_action', 0, 0);
INSERT INTO payments (payment_group_id, payment_type, pay_amount, discount) VALUES (168, 'upselling_daily_bump', 4500, 0);
INSERT INTO payments (payment_group_id, payment_type, pay_amount, discount) VALUES (169, 'ad_action', 0, 0);
INSERT INTO payments (payment_group_id, payment_type, pay_amount, discount) VALUES (170, 'ad_action', 0, 0);
INSERT INTO payments (payment_group_id, payment_type, pay_amount, discount) VALUES (171, 'upselling_daily_bump', 4500, 0);
INSERT INTO payments (payment_group_id, payment_type, pay_amount, discount) VALUES (172, 'ad_action', 0, 0);
INSERT INTO payments (payment_group_id, payment_type, pay_amount, discount) VALUES (173, 'upselling_weekly_bump', 2700, 0);
INSERT INTO payments (payment_group_id, payment_type, pay_amount, discount) VALUES (174, 'ad_action', 0, 0);
INSERT INTO payments (payment_group_id, payment_type, pay_amount, discount) VALUES (175, 'upselling_gallery', 3600, 0);
INSERT INTO purchase (purchase_id, doc_type, doc_num, external_doc_id, status, receipt, delivery, rut, name, lob, address, region, communes, contact, email, tax, discount, seller_id, total_price, payment_group_id, payment_method, account_id) VALUES (2, 'bill', NULL, NULL, 'paid', '2015-07-28 18:48:10.743061', NULL, NULL, NULL, NULL, NULL, NULL, NULL, NULL, 'carlos@yapo.cl', 0, 0, NULL, 4500, 168, 'webpay', NULL);
INSERT INTO purchase (purchase_id, doc_type, doc_num, external_doc_id, status, receipt, delivery, rut, name, lob, address, region, communes, contact, email, tax, discount, seller_id, total_price, payment_group_id, payment_method, account_id) VALUES (3, 'bill', NULL, NULL, 'paid', '2015-07-28 18:53:48.341437', NULL, NULL, NULL, NULL, NULL, NULL, NULL, NULL, 'carlos@yapo.cl', 0, 0, NULL, 4500, 171, 'webpay', NULL);
INSERT INTO purchase (purchase_id, doc_type, doc_num, external_doc_id, status, receipt, delivery, rut, name, lob, address, region, communes, contact, email, tax, discount, seller_id, total_price, payment_group_id, payment_method, account_id) VALUES (4, 'bill', NULL, NULL, 'paid', '2015-07-28 18:54:40.840554', NULL, NULL, NULL, NULL, NULL, NULL, NULL, NULL, 'carlos@yapo.cl', 0, 0, NULL, 2700, 173, 'webpay', NULL);
INSERT INTO purchase (purchase_id, doc_type, doc_num, external_doc_id, status, receipt, delivery, rut, name, lob, address, region, communes, contact, email, tax, discount, seller_id, total_price, payment_group_id, payment_method, account_id) VALUES (5, 'bill', NULL, NULL, 'paid', '2015-07-28 18:57:02.471874', NULL, NULL, NULL, NULL, NULL, NULL, NULL, NULL, 'carlos@yapo.cl', 0, 0, NULL, 3600, 175, 'webpay', NULL);
INSERT INTO purchase_detail (purchase_detail_id, purchase_id, product_id, price, action_id, ad_id, payment_group_id) VALUES (2, 2, 103, 4500, 2, 127, 168);
INSERT INTO purchase_detail (purchase_detail_id, purchase_id, product_id, price, action_id, ad_id, payment_group_id) VALUES (3, 3, 103, 4500, 2, 129, 171);
INSERT INTO purchase_detail (purchase_detail_id, purchase_id, product_id, price, action_id, ad_id, payment_group_id) VALUES (4, 4, 101, 2700, 2, 130, 173);
INSERT INTO purchase_detail (purchase_detail_id, purchase_id, product_id, price, action_id, ad_id, payment_group_id) VALUES (5, 5, 102, 3600, 2, 131, 175);
SELECT pg_catalog.setval('purchase_detail_purchase_detail_id_seq', 5, true);
SELECT pg_catalog.setval('purchase_purchase_id_seq', 5, true);
INSERT INTO purchase_states (purchase_id, purchase_state_id, status, "timestamp", remote_addr) VALUES (2, 1, 'pending', '2015-07-28 18:48:10.743061', '10.0.1.165');
INSERT INTO purchase_states (purchase_id, purchase_state_id, status, "timestamp", remote_addr) VALUES (3, 2, 'pending', '2015-07-28 18:53:48.341437', '10.0.1.165');
INSERT INTO purchase_states (purchase_id, purchase_state_id, status, "timestamp", remote_addr) VALUES (4, 3, 'pending', '2015-07-28 18:54:40.840554', '10.0.1.165');
INSERT INTO purchase_states (purchase_id, purchase_state_id, status, "timestamp", remote_addr) VALUES (5, 4, 'pending', '2015-07-28 18:57:02.471874', '10.0.1.165');
SELECT pg_catalog.setval('purchase_states_purchase_state_id_seq', 4, true);
INSERT INTO review_log (ad_id, action_id, admin_id, review_time, queue, action_type, action, refusal_reason_text, category) VALUES (126, 1, 9, '2015-07-28 18:58:06.625288', 'all', 'new', 'accepted', NULL, 5020);
INSERT INTO review_log (ad_id, action_id, admin_id, review_time, queue, action_type, action, refusal_reason_text, category) VALUES (127, 1, 9, '2015-07-28 18:58:12.330861', 'all', 'new', 'accepted', NULL, 5020);
INSERT INTO review_log (ad_id, action_id, admin_id, review_time, queue, action_type, action, refusal_reason_text, category) VALUES (128, 1, 9, '2015-07-28 18:58:17.887523', 'all', 'new', 'accepted', NULL, 5020);
INSERT INTO review_log (ad_id, action_id, admin_id, review_time, queue, action_type, action, refusal_reason_text, category) VALUES (129, 1, 9, '2015-07-28 18:58:25.560322', 'all', 'new', 'accepted', NULL, 5020);
INSERT INTO review_log (ad_id, action_id, admin_id, review_time, queue, action_type, action, refusal_reason_text, category) VALUES (130, 1, 9, '2015-07-28 18:58:32.014046', 'all', 'new', 'accepted', NULL, 5020);
INSERT INTO review_log (ad_id, action_id, admin_id, review_time, queue, action_type, action, refusal_reason_text, category) VALUES (131, 1, 9, '2015-07-28 18:58:39.135654', 'all', 'new', 'accepted', NULL, 5020);
INSERT INTO state_params (ad_id, action_id, state_id, name, value) VALUES (126, 1, 700, 'queue', 'normal');
INSERT INTO state_params (ad_id, action_id, state_id, name, value) VALUES (127, 1, 703, 'queue', 'normal');
INSERT INTO state_params (ad_id, action_id, state_id, name, value) VALUES (128, 1, 709, 'queue', 'normal');
INSERT INTO state_params (ad_id, action_id, state_id, name, value) VALUES (129, 1, 712, 'queue', 'normal');
INSERT INTO state_params (ad_id, action_id, state_id, name, value) VALUES (130, 1, 718, 'queue', 'normal');
INSERT INTO state_params (ad_id, action_id, state_id, name, value) VALUES (131, 1, 724, 'queue', 'normal');
INSERT INTO state_params (ad_id, action_id, state_id, name, value) VALUES (126, 1, 728, 'filter_name', 'all');
INSERT INTO state_params (ad_id, action_id, state_id, name, value) VALUES (127, 1, 729, 'filter_name', 'all');
INSERT INTO state_params (ad_id, action_id, state_id, name, value) VALUES (128, 1, 730, 'filter_name', 'all');
INSERT INTO state_params (ad_id, action_id, state_id, name, value) VALUES (129, 1, 731, 'filter_name', 'all');
INSERT INTO state_params (ad_id, action_id, state_id, name, value) VALUES (130, 1, 732, 'filter_name', 'all');
INSERT INTO state_params (ad_id, action_id, state_id, name, value) VALUES (131, 1, 733, 'filter_name', 'all');
SELECT pg_catalog.setval('tokens_token_id_seq', 749, true);
INSERT INTO trans_queue (trans_queue_id, added_at, added_by, execute_at, executed_at, executed_by, status, locked_at, locked_by, command, response, queue, sub_queue, info) VALUES (93, '2015-07-28 18:48:14.004163', '18048@mazaru.schibsted.cl', '2015-07-28 18:50:14.004163', NULL, NULL, NULL, NULL, NULL, 'cmd:weekly_bump_ad
ad_id:127
action_id:2
counter:7
daily_bump:1
is_upselling:1
batch:1
commit:1
', NULL, 'upselling', NULL, NULL);
INSERT INTO trans_queue (trans_queue_id, added_at, added_by, execute_at, executed_at, executed_by, status, locked_at, locked_by, command, response, queue, sub_queue, info) VALUES (94, '2015-07-28 18:53:50.431589', '18048@mazaru.schibsted.cl', '2015-07-28 18:55:50.431589', NULL, NULL, NULL, NULL, NULL, 'cmd:weekly_bump_ad
ad_id:129
action_id:2
counter:7
daily_bump:1
is_upselling:1
batch:1
commit:1
', NULL, 'upselling', NULL, NULL);
INSERT INTO trans_queue (trans_queue_id, added_at, added_by, execute_at, executed_at, executed_by, status, locked_at, locked_by, command, response, queue, sub_queue, info) VALUES (95, '2015-07-28 18:54:42.871193', '18048@mazaru.schibsted.cl', '2015-07-28 18:56:42.871193', NULL, NULL, NULL, NULL, NULL, 'cmd:weekly_bump_ad
ad_id:130
action_id:2
counter:4
is_upselling:1
batch:1
commit:1
', NULL, 'upselling', NULL, NULL);
INSERT INTO trans_queue (trans_queue_id, added_at, added_by, execute_at, executed_at, executed_by, status, locked_at, locked_by, command, response, queue, sub_queue, info) VALUES (96, '2015-07-28 18:58:06.67139', '18048@mazaru.schibsted.cl', NULL, NULL, NULL, NULL, NULL, NULL, 'cmd:admail
commit:1
ad_id:126
action_id:1
mail_type:accept
', NULL, 'accepted_mail', NULL, NULL);
INSERT INTO trans_queue (trans_queue_id, added_at, added_by, execute_at, executed_at, executed_by, status, locked_at, locked_by, command, response, queue, sub_queue, info) VALUES (97, '2015-07-28 18:58:12.387855', '18048@mazaru.schibsted.cl', NULL, NULL, NULL, NULL, NULL, NULL, 'cmd:admail
commit:1
ad_id:127
action_id:1
mail_type:accept
', NULL, 'accepted_mail', NULL, NULL);
INSERT INTO trans_queue (trans_queue_id, added_at, added_by, execute_at, executed_at, executed_by, status, locked_at, locked_by, command, response, queue, sub_queue, info) VALUES (98, '2015-07-28 18:58:17.905554', '18048@mazaru.schibsted.cl', NULL, NULL, NULL, NULL, NULL, NULL, 'cmd:admail
commit:1
ad_id:128
action_id:1
mail_type:accept
', NULL, 'accepted_mail', NULL, NULL);
INSERT INTO trans_queue (trans_queue_id, added_at, added_by, execute_at, executed_at, executed_by, status, locked_at, locked_by, command, response, queue, sub_queue, info) VALUES (99, '2015-07-28 18:58:25.576977', '18048@mazaru.schibsted.cl', NULL, NULL, NULL, NULL, NULL, NULL, 'cmd:admail
commit:1
ad_id:129
action_id:1
mail_type:accept
', NULL, 'accepted_mail', NULL, NULL);
INSERT INTO trans_queue (trans_queue_id, added_at, added_by, execute_at, executed_at, executed_by, status, locked_at, locked_by, command, response, queue, sub_queue, info) VALUES (100, '2015-07-28 18:58:32.029443', '18048@mazaru.schibsted.cl', NULL, NULL, NULL, NULL, NULL, NULL, 'cmd:admail
commit:1
ad_id:130
action_id:1
mail_type:accept
', NULL, 'accepted_mail', NULL, NULL);
INSERT INTO trans_queue (trans_queue_id, added_at, added_by, execute_at, executed_at, executed_by, status, locked_at, locked_by, command, response, queue, sub_queue, info) VALUES (101, '2015-07-28 18:58:39.176936', '18048@mazaru.schibsted.cl', NULL, NULL, NULL, NULL, NULL, NULL, 'cmd:admail
commit:1
ad_id:131
action_id:1
mail_type:accept
', NULL, 'accepted_mail', NULL, NULL);
SELECT pg_catalog.setval('trans_queue_id_seq', 101, true);
INSERT INTO user_params (user_id, name, value) VALUES (59, 'first_approved_ad', '2015-07-28 18:58:06.625288-03');
INSERT INTO user_params (user_id, name, value) VALUES (59, 'first_inserted_ad', '2015-07-28 18:58:06.625288-03');
SELECT pg_catalog.setval('users_user_id_seq', 59, true);

--Change all passwords to 123123123
update ads set salted_passwd =  E'$1024$2y1bQ}VYRD}zF4QCbf07a971b784888658a20e62156de64dfde5ffb6', passwd = null;
update accounts set salted_passwd =  E'$1024$2y1bQ}VYRD}zF4QCbf07a971b784888658a20e62156de64dfde5ffb6';
