INSERT INTO users (user_id, uid, email, account, paid_total) VALUES (59, 50, 'ventas@tucarro.cl', 0, 0);
INSERT INTO tokens (token_id, token, admin_id, created_at, valid_to, remote_addr, info, store_id, email) VALUES (715, 'X599f1cad387edfde00000000763823bc00000000', 9, '2017-08-24 15:36:28.713264', '2017-08-24 15:36:28.853621', '10.0.10.120', 'authenticate', NULL, NULL);
INSERT INTO tokens (token_id, token, admin_id, created_at, valid_to, remote_addr, info, store_id, email) VALUES (716, 'X599f1cad3c4f8fb2000000005bf3e80900000000', 9, '2017-08-24 15:36:28.853621', '2017-08-24 15:37:17.823645', '10.0.10.120', 'spamfilter', NULL, NULL);
INSERT INTO tokens (token_id, token, admin_id, created_at, valid_to, remote_addr, info, store_id, email) VALUES (717, 'X599f1cde693ba8a40000000022ad561100000000', 9, '2017-08-24 15:37:17.823645', '2017-08-24 15:37:23.260808', '10.0.10.120', 'adqueues', NULL, NULL);
INSERT INTO tokens (token_id, token, admin_id, created_at, valid_to, remote_addr, info, store_id, email) VALUES (718, 'X599f1ce35416d2b700000000448cddf200000000', 9, '2017-08-24 15:37:23.260808', '2017-08-24 15:37:23.361363', '10.0.10.120', 'adqueues', NULL, NULL);
INSERT INTO tokens (token_id, token, admin_id, created_at, valid_to, remote_addr, info, store_id, email) VALUES (719, 'X599f1ce370fab686000000006162d36600000000', 9, '2017-08-24 15:37:23.361363', '2017-08-24 15:37:23.366429', '10.0.10.120', 'block_list', NULL, NULL);
INSERT INTO tokens (token_id, token, admin_id, created_at, valid_to, remote_addr, info, store_id, email) VALUES (720, 'X599f1ce31a84dae00000000263bbaa00000000', 9, '2017-08-24 15:37:23.366429', '2017-08-24 15:37:23.371535', '10.0.10.120', 'block_list', NULL, NULL);
INSERT INTO tokens (token_id, token, admin_id, created_at, valid_to, remote_addr, info, store_id, email) VALUES (721, 'X599f1ce329c53d33000000003377dd6d00000000', 9, '2017-08-24 15:37:23.371535', '2017-08-24 15:37:28.018538', '10.0.10.120', 'block_list', NULL, NULL);
INSERT INTO tokens (token_id, token, admin_id, created_at, valid_to, remote_addr, info, store_id, email) VALUES (722, 'X599f1ce824ed81720000000084d4a400000000', 9, '2017-08-24 15:37:28.018538', '2017-08-24 15:37:34.443998', '10.0.10.120', 'adqueues', NULL, NULL);
INSERT INTO tokens (token_id, token, admin_id, created_at, valid_to, remote_addr, info, store_id, email) VALUES (723, 'X599f1cee3903b4820000000020569d0000000000', 9, '2017-08-24 15:37:34.443998', '2017-08-24 15:37:37.534247', '10.0.10.120', 'spamfilter', NULL, NULL);
INSERT INTO tokens (token_id, token, admin_id, created_at, valid_to, remote_addr, info, store_id, email) VALUES (724, 'X599f1cf27c4a8509000000005901d80800000000', 9, '2017-08-24 15:37:37.534247', '2017-08-24 15:37:50.775268', '10.0.10.120', 'listadmins', NULL, NULL);
INSERT INTO tokens (token_id, token, admin_id, created_at, valid_to, remote_addr, info, store_id, email) VALUES (725, 'X599f1cff7baf2e19000000001492f22400000000', 9, '2017-08-24 15:37:50.775268', '2017-08-24 15:37:50.788287', '10.0.10.120', 'listadmins', NULL, NULL);
INSERT INTO tokens (token_id, token, admin_id, created_at, valid_to, remote_addr, info, store_id, email) VALUES (726, 'X599f1cff591fd016000000001a6e795700000000', 9, '2017-08-24 15:37:50.788287', '2017-08-24 15:37:58.804556', '10.0.10.120', 'search_ads', NULL, NULL);
INSERT INTO tokens (token_id, token, admin_id, created_at, valid_to, remote_addr, info, store_id, email) VALUES (727, 'X599f1d077bd14cbd00000000212dc5fd00000000', 9, '2017-08-24 15:37:58.804556', '2017-08-24 15:37:58.871401', '10.0.10.120', 'adqueues', NULL, NULL);
INSERT INTO tokens (token_id, token, admin_id, created_at, valid_to, remote_addr, info, store_id, email) VALUES (728, 'X599f1d07239181a7000000003b0288e700000000', 9, '2017-08-24 15:37:58.871401', '2017-08-24 15:37:58.875388', '10.0.10.120', 'block_list', NULL, NULL);
INSERT INTO tokens (token_id, token, admin_id, created_at, valid_to, remote_addr, info, store_id, email) VALUES (729, 'X599f1d076e7a665400000000497b998900000000', 9, '2017-08-24 15:37:58.875388', '2017-08-24 15:37:58.880112', '10.0.10.120', 'block_list', NULL, NULL);
INSERT INTO tokens (token_id, token, admin_id, created_at, valid_to, remote_addr, info, store_id, email) VALUES (730, 'X599f1d074a006e2d000000005e0b5da100000000', 9, '2017-08-24 15:37:58.880112', '2017-08-24 15:39:15.395965', '10.0.10.120', 'block_list', NULL, NULL);
INSERT INTO tokens (token_id, token, admin_id, created_at, valid_to, remote_addr, info, store_id, email) VALUES (731, 'X599f1d537020707900000000408c38fa00000000', 9, '2017-08-24 15:39:15.395965', '2017-08-24 15:39:27.143668', '10.0.10.120', 'review', NULL, NULL);
INSERT INTO tokens (token_id, token, admin_id, created_at, valid_to, remote_addr, info, store_id, email) VALUES (732, 'X599f1d5f5d73bbf900000000de6602a00000000', 9, '2017-08-24 15:39:27.143668', '2017-08-24 15:39:27.232564', '10.0.10.120', 'adqueues', NULL, NULL);
INSERT INTO tokens (token_id, token, admin_id, created_at, valid_to, remote_addr, info, store_id, email) VALUES (733, 'X599f1d5f7e4b8dad000000002b9bce0800000000', 9, '2017-08-24 15:39:27.232564', '2017-08-24 15:39:27.238694', '10.0.10.120', 'block_list', NULL, NULL);
INSERT INTO tokens (token_id, token, admin_id, created_at, valid_to, remote_addr, info, store_id, email) VALUES (734, 'X599f1d5f25e0cdea0000000055c25f3400000000', 9, '2017-08-24 15:39:27.238694', '2017-08-24 15:39:27.244318', '10.0.10.120', 'block_list', NULL, NULL);
INSERT INTO tokens (token_id, token, admin_id, created_at, valid_to, remote_addr, info, store_id, email) VALUES (735, 'X599f1d5f4be94c08000000006bc6a3e800000000', 9, '2017-08-24 15:39:27.244318', '2017-08-24 15:39:31.679035', '10.0.10.120', 'block_list', NULL, NULL);
INSERT INTO tokens (token_id, token, admin_id, created_at, valid_to, remote_addr, info, store_id, email) VALUES (736, 'X599f1d64f795424000000002ef159c00000000', 9, '2017-08-24 15:39:31.679035', '2017-08-24 15:39:44.996767', '10.0.10.120', 'review', NULL, NULL);
INSERT INTO tokens (token_id, token, admin_id, created_at, valid_to, remote_addr, info, store_id, email) VALUES (737, 'X599f1d715569f26c0000000010f3bfc400000000', 9, '2017-08-24 15:39:44.996767', '2017-08-24 15:39:45.045229', '10.0.10.120', 'adqueues', NULL, NULL);
INSERT INTO tokens (token_id, token, admin_id, created_at, valid_to, remote_addr, info, store_id, email) VALUES (738, 'X599f1d717a4b0640000000072ee91ef00000000', 9, '2017-08-24 15:39:45.045229', '2017-08-24 15:39:45.050331', '10.0.10.120', 'block_list', NULL, NULL);
INSERT INTO tokens (token_id, token, admin_id, created_at, valid_to, remote_addr, info, store_id, email) VALUES (739, 'X599f1d714059a4f90000000020165b9f00000000', 9, '2017-08-24 15:39:45.050331', '2017-08-24 15:39:45.055404', '10.0.10.120', 'block_list', NULL, NULL);
INSERT INTO tokens (token_id, token, admin_id, created_at, valid_to, remote_addr, info, store_id, email) VALUES (740, 'X599f1d711e1fa9b7000000002362d55000000000', 9, '2017-08-24 15:39:45.055404', '2017-08-24 15:39:49.810029', '10.0.10.120', 'block_list', NULL, NULL);
INSERT INTO tokens (token_id, token, admin_id, created_at, valid_to, remote_addr, info, store_id, email) VALUES (741, 'X599f1d762ef07d5d0000000033d7dab000000000', 9, '2017-08-24 15:39:49.810029', '2017-08-24 15:39:59.949722', '10.0.10.120', 'review', NULL, NULL);
INSERT INTO tokens (token_id, token, admin_id, created_at, valid_to, remote_addr, info, store_id, email) VALUES (742, 'X599f1d8064b81eb200000000780888b600000000', 9, '2017-08-24 15:39:59.949722', '2017-08-24 15:40:00.037666', '10.0.10.120', 'adqueues', NULL, NULL);
INSERT INTO tokens (token_id, token, admin_id, created_at, valid_to, remote_addr, info, store_id, email) VALUES (743, 'X599f1d804f5d61d70000000041913d6f00000000', 9, '2017-08-24 15:40:00.037666', '2017-08-24 15:40:00.041993', '10.0.10.120', 'block_list', NULL, NULL);
INSERT INTO tokens (token_id, token, admin_id, created_at, valid_to, remote_addr, info, store_id, email) VALUES (744, 'X599f1d802dafc062000000007e2864f200000000', 9, '2017-08-24 15:40:00.041993', '2017-08-24 15:40:00.046481', '10.0.10.120', 'block_list', NULL, NULL);
INSERT INTO tokens (token_id, token, admin_id, created_at, valid_to, remote_addr, info, store_id, email) VALUES (745, 'X599f1d80c0ec51d000000006bc1325a00000000', 9, '2017-08-24 15:40:00.046481', '2017-08-24 15:40:04.464319', '10.0.10.120', 'block_list', NULL, NULL);
INSERT INTO tokens (token_id, token, admin_id, created_at, valid_to, remote_addr, info, store_id, email) VALUES (746, 'X599f1d84175d00630000000027c42a7700000000', 9, '2017-08-24 15:40:04.464319', '2017-08-24 15:40:12.602755', '10.0.10.120', 'review', NULL, NULL);
INSERT INTO tokens (token_id, token, admin_id, created_at, valid_to, remote_addr, info, store_id, email) VALUES (747, 'X599f1d8d2f8173b400000000471fc74600000000', 9, '2017-08-24 15:40:12.602755', '2017-08-24 15:40:12.655173', '10.0.10.120', 'adqueues', NULL, NULL);
INSERT INTO tokens (token_id, token, admin_id, created_at, valid_to, remote_addr, info, store_id, email) VALUES (748, 'X599f1d8d34d253720000000039b5b28b00000000', 9, '2017-08-24 15:40:12.655173', '2017-08-24 15:40:12.659168', '10.0.10.120', 'block_list', NULL, NULL);
INSERT INTO tokens (token_id, token, admin_id, created_at, valid_to, remote_addr, info, store_id, email) VALUES (749, 'X599f1d8d7a41eb850000000047d6573400000000', 9, '2017-08-24 15:40:12.659168', '2017-08-24 15:40:12.663358', '10.0.10.120', 'block_list', NULL, NULL);
INSERT INTO tokens (token_id, token, admin_id, created_at, valid_to, remote_addr, info, store_id, email) VALUES (750, 'X599f1d8d58ca16f80000000071c2e4900000000', 9, '2017-08-24 15:40:12.663358', '2017-08-24 15:40:16.761055', '10.0.10.120', 'block_list', NULL, NULL);
INSERT INTO tokens (token_id, token, admin_id, created_at, valid_to, remote_addr, info, store_id, email) VALUES (751, 'X599f1d917a0ac03900000000398d919000000000', 9, '2017-08-24 15:40:16.761055', '2017-08-24 16:40:16.761055', '10.0.10.120', 'review', NULL, NULL);
INSERT INTO ads (ad_id, list_id, list_time, status, type, name, phone, region, city, category, user_id, passwd, phone_hidden, no_salesmen, company_ad, subject, body, price, image, infopage, infopage_title, orig_list_time, old_price, store_id, salted_passwd, modified_at, lang) VALUES (126, 8000089, '2017-08-24 15:40:16', 'active', 'sell', 'tucarro', '990761035', 15, 0, 2020, 59, NULL, false, false, true, 'Acadian sedan 1978', 'ACADIAN SEDAN 1978', 1000, NULL, NULL, NULL, NULL, NULL, NULL, '$1024$:-e$SCR_xK*mJZA"8c8fa30f5883dc5783294d556fd9a5337650f1b7', '2017-08-24 15:40:16.764282', 'es');
INSERT INTO ads (ad_id, list_id, list_time, status, type, name, phone, region, city, category, user_id, passwd, phone_hidden, no_salesmen, company_ad, subject, body, price, image, infopage, infopage_title, orig_list_time, old_price, store_id, salted_passwd, modified_at, lang) VALUES (129, 8000086, '2017-08-24 15:39:31', 'active', 'sell', 'tucarro', '990761035', 15, 0, 2020, 59, NULL, false, false, true, 'Austin 500kg 1971', 'AUSTIN 500KG 1971', NULL, NULL, NULL, NULL, NULL, NULL, NULL, '$1024$ne; 7hV''Jsd"[q!#5b5c23500eb839df44d905f01fec782cb1b3b9bf', '2017-08-24 15:39:31.684406', 'es');
INSERT INTO ads (ad_id, list_id, list_time, status, type, name, phone, region, city, category, user_id, passwd, phone_hidden, no_salesmen, company_ad, subject, body, price, image, infopage, infopage_title, orig_list_time, old_price, store_id, salted_passwd, modified_at, lang) VALUES (128, 8000087, '2017-08-24 15:39:49', 'active', 'sell', 'tucarro', '990761035', 15, 0, 2020, 59, NULL, false, false, true, 'Alfa romeo 145 2017', 'ALFA ROMEO 145 2017', NULL, NULL, NULL, NULL, NULL, NULL, NULL, '$1024$i&A>/alx?8J9T]9\\565d676e21c86c064b2cb571177b83f4bb08bd03', '2017-08-24 15:39:49.814451', 'es');
INSERT INTO ads (ad_id, list_id, list_time, status, type, name, phone, region, city, category, user_id, passwd, phone_hidden, no_salesmen, company_ad, subject, body, price, image, infopage, infopage_title, orig_list_time, old_price, store_id, salted_passwd, modified_at, lang) VALUES (127, 8000088, '2017-08-24 15:40:04', 'active', 'sell', 'tucarro', '990761035', 15, 0, 2020, 59, NULL, false, false, true, 'Toyota advantage 2017', 'TOYOTA ADVANTAGE 2017', 1000, NULL, NULL, NULL, NULL, NULL, NULL, '$1024$BCj[.IdL)<f>Z5tqac3f45e725dea58103df4d2c3f463d9da8c0d3c3', '2017-08-24 15:40:04.467503', 'es');
INSERT INTO ads (ad_id, list_id, list_time, status, type, name, phone, region, city, category, user_id, passwd, phone_hidden, no_salesmen, company_ad, subject, body, price, image, infopage, infopage_title, orig_list_time, old_price, store_id, salted_passwd, modified_at, lang) VALUES (130, 8000085, '2017-08-24 15:39:15', 'active', 'sell', 'tucarro', '990761035', 15, 0, 2020, 59, NULL, false, false, true, 'Alfa romeo 145 2017', 'ALFA ROMEO 145 2017', NULL, NULL, NULL, NULL, NULL, NULL, NULL, '$1024$p''q+c''U8F`tKWzf2ee36aa450458b60e773447841db469aa9b9d6e22', '2017-08-24 15:39:15.408012', 'es');
INSERT INTO ads (ad_id, list_id, list_time, status, type, name, phone, region, city, category, user_id, passwd, phone_hidden, no_salesmen, company_ad, subject, body, price, image, infopage, infopage_title, orig_list_time, old_price, store_id, salted_passwd, modified_at, lang) VALUES (131, NULL, NULL, 'inactive', 'sell', 'tucarro', '990761035', 15, 0, 2020, 59, NULL, false, false, true, 'Volkswagen amazon 2016', 'VOLKSWAGEN AMAZON 2016', NULL, NULL, NULL, NULL, NULL, NULL, NULL, '$1024$UeRvn"u[t*HfB 6 21285cb2d02c40b12d1c8bf58f6111a53c74ac3d', NULL, 'es');
INSERT INTO payment_groups (payment_group_id, code, status, added_at, parent_payment_group_id) VALUES (166, '633026231', 'verified', '2017-08-24 15:22:44.949409', NULL);
INSERT INTO payment_groups (payment_group_id, code, status, added_at, parent_payment_group_id) VALUES (167, '768418254', 'verified', '2017-08-24 15:25:39.749935', NULL);
INSERT INTO payment_groups (payment_group_id, code, status, added_at, parent_payment_group_id) VALUES (168, '903810277', 'verified', '2017-08-24 15:26:55.794199', NULL);
INSERT INTO payment_groups (payment_group_id, code, status, added_at, parent_payment_group_id) VALUES (169, '139202300', 'verified', '2017-08-24 15:27:56.283013', NULL);
INSERT INTO payment_groups (payment_group_id, code, status, added_at, parent_payment_group_id) VALUES (170, '274594323', 'verified', '2017-08-24 15:34:25.452431', NULL);
INSERT INTO payment_groups (payment_group_id, code, status, added_at, parent_payment_group_id) VALUES (171, '409986346', 'verified', '2017-08-24 15:41:47.430268', NULL);
INSERT INTO ad_actions (ad_id, action_id, action_type, current_state, state, queue, locked_by, locked_until, payment_group_id) VALUES (130, 1, 'new', 715, 'accepted', 'duplicated', NULL, NULL, 170);
INSERT INTO ad_actions (ad_id, action_id, action_type, current_state, state, queue, locked_by, locked_until, payment_group_id) VALUES (129, 1, 'new', 716, 'accepted', 'normal', NULL, NULL, 169);
INSERT INTO ad_actions (ad_id, action_id, action_type, current_state, state, queue, locked_by, locked_until, payment_group_id) VALUES (128, 1, 'new', 717, 'accepted', 'normal', NULL, NULL, 168);
INSERT INTO ad_actions (ad_id, action_id, action_type, current_state, state, queue, locked_by, locked_until, payment_group_id) VALUES (127, 1, 'new', 718, 'accepted', 'normal', NULL, NULL, 167);
INSERT INTO ad_actions (ad_id, action_id, action_type, current_state, state, queue, locked_by, locked_until, payment_group_id) VALUES (126, 1, 'new', 719, 'accepted', 'normal', NULL, NULL, 166);
INSERT INTO ad_actions (ad_id, action_id, action_type, current_state, state, queue, locked_by, locked_until, payment_group_id) VALUES (131, 1, 'new', 722, 'pending_review', 'normal', NULL, NULL, 171);
INSERT INTO action_params (ad_id, action_id, name, value) VALUES (126, 1, 'source', 'web');
INSERT INTO action_params (ad_id, action_id, name, value) VALUES (126, 1, 'redir', 'dW5rbm93bg==');
INSERT INTO action_params (ad_id, action_id, name, value) VALUES (127, 1, 'source', 'web');
INSERT INTO action_params (ad_id, action_id, name, value) VALUES (127, 1, 'redir', 'dW5rbm93bg==');
INSERT INTO action_params (ad_id, action_id, name, value) VALUES (128, 1, 'source', 'web');
INSERT INTO action_params (ad_id, action_id, name, value) VALUES (128, 1, 'redir', 'dW5rbm93bg==');
INSERT INTO action_params (ad_id, action_id, name, value) VALUES (129, 1, 'source', 'web');
INSERT INTO action_params (ad_id, action_id, name, value) VALUES (129, 1, 'redir', 'dW5rbm93bg==');
INSERT INTO action_params (ad_id, action_id, name, value) VALUES (130, 1, 'source', 'web');
INSERT INTO action_params (ad_id, action_id, name, value) VALUES (130, 1, 'redir', 'dW5rbm93bg==');
INSERT INTO action_params (ad_id, action_id, name, value) VALUES (130, 1, 'force_queue', 'duplicated');
INSERT INTO action_params (ad_id, action_id, name, value) VALUES (131, 1, 'source', 'web');
INSERT INTO action_params (ad_id, action_id, name, value) VALUES (131, 1, 'redir', 'dW5rbm93bg==');
INSERT INTO action_states (ad_id, action_id, state_id, state, transition, "timestamp", remote_addr, token_id) VALUES (126, 1, 698, 'reg', 'initial', '2017-08-24 15:22:44.949409', '10.0.10.120', NULL);
INSERT INTO action_states (ad_id, action_id, state_id, state, transition, "timestamp", remote_addr, token_id) VALUES (126, 1, 699, 'unverified', 'verifymail', '2017-08-24 15:22:44.949409', '10.0.10.120', NULL);
INSERT INTO action_states (ad_id, action_id, state_id, state, transition, "timestamp", remote_addr, token_id) VALUES (126, 1, 700, 'pending_review', 'verify', '2017-08-24 15:22:45.047167', '10.0.10.120', NULL);
INSERT INTO action_states (ad_id, action_id, state_id, state, transition, "timestamp", remote_addr, token_id) VALUES (127, 1, 701, 'reg', 'initial', '2017-08-24 15:25:39.749935', '10.0.10.120', NULL);
INSERT INTO action_states (ad_id, action_id, state_id, state, transition, "timestamp", remote_addr, token_id) VALUES (127, 1, 702, 'unverified', 'verifymail', '2017-08-24 15:25:39.749935', '10.0.10.120', NULL);
INSERT INTO action_states (ad_id, action_id, state_id, state, transition, "timestamp", remote_addr, token_id) VALUES (127, 1, 703, 'pending_review', 'verify', '2017-08-24 15:25:39.844399', '10.0.10.120', NULL);
INSERT INTO action_states (ad_id, action_id, state_id, state, transition, "timestamp", remote_addr, token_id) VALUES (128, 1, 704, 'reg', 'initial', '2017-08-24 15:26:55.794199', '10.0.10.120', NULL);
INSERT INTO action_states (ad_id, action_id, state_id, state, transition, "timestamp", remote_addr, token_id) VALUES (128, 1, 705, 'unverified', 'verifymail', '2017-08-24 15:26:55.794199', '10.0.10.120', NULL);
INSERT INTO action_states (ad_id, action_id, state_id, state, transition, "timestamp", remote_addr, token_id) VALUES (128, 1, 706, 'pending_review', 'verify', '2017-08-24 15:26:55.853397', '10.0.10.120', NULL);
INSERT INTO action_states (ad_id, action_id, state_id, state, transition, "timestamp", remote_addr, token_id) VALUES (129, 1, 707, 'reg', 'initial', '2017-08-24 15:27:56.283013', '10.0.10.120', NULL);
INSERT INTO action_states (ad_id, action_id, state_id, state, transition, "timestamp", remote_addr, token_id) VALUES (129, 1, 708, 'unverified', 'verifymail', '2017-08-24 15:27:56.283013', '10.0.10.120', NULL);
INSERT INTO action_states (ad_id, action_id, state_id, state, transition, "timestamp", remote_addr, token_id) VALUES (129, 1, 709, 'pending_review', 'verify', '2017-08-24 15:27:56.340867', '10.0.10.120', NULL);
INSERT INTO action_states (ad_id, action_id, state_id, state, transition, "timestamp", remote_addr, token_id) VALUES (130, 1, 710, 'reg', 'initial', '2017-08-24 15:34:25.452431', '10.0.10.120', NULL);
INSERT INTO action_states (ad_id, action_id, state_id, state, transition, "timestamp", remote_addr, token_id) VALUES (130, 1, 711, 'unverified', 'verifymail', '2017-08-24 15:34:25.452431', '10.0.10.120', NULL);
INSERT INTO action_states (ad_id, action_id, state_id, state, transition, "timestamp", remote_addr, token_id) VALUES (130, 1, 712, 'pending_review', 'verify', '2017-08-24 15:34:25.529022', '10.0.10.120', NULL);
INSERT INTO action_states (ad_id, action_id, state_id, state, transition, "timestamp", remote_addr, token_id) VALUES (130, 1, 715, 'accepted', 'accept', '2017-08-24 15:39:15.408012', '10.0.10.120', 730);
INSERT INTO action_states (ad_id, action_id, state_id, state, transition, "timestamp", remote_addr, token_id) VALUES (129, 1, 716, 'accepted', 'accept', '2017-08-24 15:39:31.684406', '10.0.10.120', 735);
INSERT INTO action_states (ad_id, action_id, state_id, state, transition, "timestamp", remote_addr, token_id) VALUES (128, 1, 717, 'accepted', 'accept', '2017-08-24 15:39:49.814451', '10.0.10.120', 740);
INSERT INTO action_states (ad_id, action_id, state_id, state, transition, "timestamp", remote_addr, token_id) VALUES (127, 1, 718, 'accepted', 'accept', '2017-08-24 15:40:04.467503', '10.0.10.120', 745);
INSERT INTO action_states (ad_id, action_id, state_id, state, transition, "timestamp", remote_addr, token_id) VALUES (126, 1, 719, 'accepted', 'accept', '2017-08-24 15:40:16.764282', '10.0.10.120', 750);
INSERT INTO action_states (ad_id, action_id, state_id, state, transition, "timestamp", remote_addr, token_id) VALUES (131, 1, 720, 'reg', 'initial', '2017-08-24 15:41:47.430268', '10.0.10.120', NULL);
INSERT INTO action_states (ad_id, action_id, state_id, state, transition, "timestamp", remote_addr, token_id) VALUES (131, 1, 721, 'unverified', 'verifymail', '2017-08-24 15:41:47.430268', '10.0.10.120', NULL);
INSERT INTO action_states (ad_id, action_id, state_id, state, transition, "timestamp", remote_addr, token_id) VALUES (131, 1, 722, 'pending_review', 'verify', '2017-08-24 15:41:47.529159', '10.0.10.120', NULL);
SELECT pg_catalog.setval('action_states_state_id_seq', 722, true);
INSERT INTO ad_codes (code, code_type) VALUES (24741, 'pay');
INSERT INTO ad_codes (code, code_type) VALUES (56764, 'pay');
INSERT INTO ad_codes (code, code_type) VALUES (88787, 'pay');
INSERT INTO ad_codes (code, code_type) VALUES (30810, 'pay');
INSERT INTO ad_codes (code, code_type) VALUES (62833, 'pay');
INSERT INTO ad_codes (code, code_type) VALUES (94856, 'pay');
INSERT INTO ad_image_changes (ad_id, action_id, state_id, seq_no, name, is_new) VALUES (130, 1, 715, 0, NULL, false);
INSERT INTO ad_image_changes (ad_id, action_id, state_id, seq_no, name, is_new) VALUES (129, 1, 716, 0, NULL, false);
INSERT INTO ad_image_changes (ad_id, action_id, state_id, seq_no, name, is_new) VALUES (128, 1, 717, 0, NULL, false);
INSERT INTO ad_image_changes (ad_id, action_id, state_id, seq_no, name, is_new) VALUES (127, 1, 718, 0, NULL, false);
INSERT INTO ad_image_changes (ad_id, action_id, state_id, seq_no, name, is_new) VALUES (126, 1, 719, 0, NULL, false);
INSERT INTO ad_params (ad_id, name, value) VALUES (126, 'regdate', '1978');
INSERT INTO ad_params (ad_id, name, value) VALUES (126, 'mileage', '1000');
INSERT INTO ad_params (ad_id, name, value) VALUES (126, 'gearbox', '1');
INSERT INTO ad_params (ad_id, name, value) VALUES (126, 'fuel', '1');
INSERT INTO ad_params (ad_id, name, value) VALUES (126, 'cartype', '1');
INSERT INTO ad_params (ad_id, name, value) VALUES (126, 'communes', '344');
INSERT INTO ad_params (ad_id, name, value) VALUES (126, 'currency', 'peso');
INSERT INTO ad_params (ad_id, name, value) VALUES (126, 'brand', '1');
INSERT INTO ad_params (ad_id, name, value) VALUES (126, 'model', '2');
INSERT INTO ad_params (ad_id, name, value) VALUES (126, 'version', '1');
INSERT INTO ad_params (ad_id, name, value) VALUES (126, 'geoposition_is_precise', '0');
INSERT INTO ad_params (ad_id, name, value) VALUES (126, 'country', 'UNK');
INSERT INTO ad_params (ad_id, name, value) VALUES (127, 'regdate', '2017');
INSERT INTO ad_params (ad_id, name, value) VALUES (127, 'mileage', '1000');
INSERT INTO ad_params (ad_id, name, value) VALUES (127, 'gearbox', '1');
INSERT INTO ad_params (ad_id, name, value) VALUES (127, 'fuel', '1');
INSERT INTO ad_params (ad_id, name, value) VALUES (127, 'cartype', '1');
INSERT INTO ad_params (ad_id, name, value) VALUES (127, 'communes', '344');
INSERT INTO ad_params (ad_id, name, value) VALUES (127, 'currency', 'peso');
INSERT INTO ad_params (ad_id, name, value) VALUES (127, 'brand', '88');
INSERT INTO ad_params (ad_id, name, value) VALUES (127, 'model', '2');
INSERT INTO ad_params (ad_id, name, value) VALUES (127, 'version', '3');
INSERT INTO ad_params (ad_id, name, value) VALUES (127, 'geoposition_is_precise', '0');
INSERT INTO ad_params (ad_id, name, value) VALUES (127, 'country', 'UNK');
INSERT INTO ad_params (ad_id, name, value) VALUES (128, 'regdate', '2017');
INSERT INTO ad_params (ad_id, name, value) VALUES (128, 'mileage', '1000');
INSERT INTO ad_params (ad_id, name, value) VALUES (128, 'gearbox', '1');
INSERT INTO ad_params (ad_id, name, value) VALUES (128, 'fuel', '1');
INSERT INTO ad_params (ad_id, name, value) VALUES (128, 'cartype', '1');
INSERT INTO ad_params (ad_id, name, value) VALUES (128, 'communes', '295');
INSERT INTO ad_params (ad_id, name, value) VALUES (128, 'currency', 'peso');
INSERT INTO ad_params (ad_id, name, value) VALUES (128, 'brand', '3');
INSERT INTO ad_params (ad_id, name, value) VALUES (128, 'model', '1');
INSERT INTO ad_params (ad_id, name, value) VALUES (128, 'version', '1');
INSERT INTO ad_params (ad_id, name, value) VALUES (128, 'geoposition_is_precise', '0');
INSERT INTO ad_params (ad_id, name, value) VALUES (128, 'country', 'UNK');
INSERT INTO ad_params (ad_id, name, value) VALUES (129, 'regdate', '1971');
INSERT INTO ad_params (ad_id, name, value) VALUES (129, 'mileage', '12233');
INSERT INTO ad_params (ad_id, name, value) VALUES (129, 'gearbox', '1');
INSERT INTO ad_params (ad_id, name, value) VALUES (129, 'fuel', '1');
INSERT INTO ad_params (ad_id, name, value) VALUES (129, 'cartype', '2');
INSERT INTO ad_params (ad_id, name, value) VALUES (129, 'communes', '344');
INSERT INTO ad_params (ad_id, name, value) VALUES (129, 'currency', 'peso');
INSERT INTO ad_params (ad_id, name, value) VALUES (129, 'brand', '9');
INSERT INTO ad_params (ad_id, name, value) VALUES (129, 'model', '2');
INSERT INTO ad_params (ad_id, name, value) VALUES (129, 'version', '1');
INSERT INTO ad_params (ad_id, name, value) VALUES (129, 'geoposition_is_precise', '0');
INSERT INTO ad_params (ad_id, name, value) VALUES (129, 'country', 'UNK');
INSERT INTO ad_params (ad_id, name, value) VALUES (130, 'regdate', '2017');
INSERT INTO ad_params (ad_id, name, value) VALUES (130, 'mileage', '1000');
INSERT INTO ad_params (ad_id, name, value) VALUES (130, 'gearbox', '1');
INSERT INTO ad_params (ad_id, name, value) VALUES (130, 'fuel', '1');
INSERT INTO ad_params (ad_id, name, value) VALUES (130, 'cartype', '1');
INSERT INTO ad_params (ad_id, name, value) VALUES (130, 'communes', '344');
INSERT INTO ad_params (ad_id, name, value) VALUES (130, 'currency', 'peso');
INSERT INTO ad_params (ad_id, name, value) VALUES (130, 'brand', '3');
INSERT INTO ad_params (ad_id, name, value) VALUES (130, 'model', '1');
INSERT INTO ad_params (ad_id, name, value) VALUES (130, 'version', '1');
INSERT INTO ad_params (ad_id, name, value) VALUES (130, 'geoposition_is_precise', '0');
INSERT INTO ad_params (ad_id, name, value) VALUES (130, 'country', 'UNK');
INSERT INTO ad_params (ad_id, name, value) VALUES (130, 'prev_currency', 'peso');
INSERT INTO ad_params (ad_id, name, value) VALUES (129, 'prev_currency', 'peso');
INSERT INTO ad_params (ad_id, name, value) VALUES (128, 'prev_currency', 'peso');
INSERT INTO ad_params (ad_id, name, value) VALUES (131, 'regdate', '2016');
INSERT INTO ad_params (ad_id, name, value) VALUES (131, 'mileage', '10000');
INSERT INTO ad_params (ad_id, name, value) VALUES (131, 'gearbox', '1');
INSERT INTO ad_params (ad_id, name, value) VALUES (131, 'fuel', '1');
INSERT INTO ad_params (ad_id, name, value) VALUES (131, 'cartype', '1');
INSERT INTO ad_params (ad_id, name, value) VALUES (131, 'communes', '344');
INSERT INTO ad_params (ad_id, name, value) VALUES (131, 'currency', 'peso');
INSERT INTO ad_params (ad_id, name, value) VALUES (131, 'brand', '89');
INSERT INTO ad_params (ad_id, name, value) VALUES (131, 'model', '5');
INSERT INTO ad_params (ad_id, name, value) VALUES (131, 'version', '2');
INSERT INTO ad_params (ad_id, name, value) VALUES (131, 'geoposition_is_precise', '0');
INSERT INTO ad_params (ad_id, name, value) VALUES (131, 'country', 'UNK');
INSERT INTO ad_queues (ad_id, action_id, queue, queued_at, locked_by, locked_until) VALUES (131, 1, 'normal', '2017-08-24 15:41:47.529159', NULL, NULL);
SELECT pg_catalog.setval('ads_ad_id_seq', 131, true);
SELECT pg_catalog.setval('list_id_seq', 8000089, true);
SELECT pg_catalog.setval('pay_code_seq', 472, true);
INSERT INTO pay_log (pay_log_id, pay_type, amount, code, token_id, paid_at, payment_group_id, status) VALUES (213, 'save', 0, '633026231', NULL, '2017-08-24 15:22:45', 166, 'SAVE');
INSERT INTO pay_log (pay_log_id, pay_type, amount, code, token_id, paid_at, payment_group_id, status) VALUES (214, 'verify', 0, '633026231', NULL, '2017-08-24 15:22:45', 166, 'OK');
INSERT INTO pay_log (pay_log_id, pay_type, amount, code, token_id, paid_at, payment_group_id, status) VALUES (215, 'save', 0, '768418254', NULL, '2017-08-24 15:25:40', 167, 'SAVE');
INSERT INTO pay_log (pay_log_id, pay_type, amount, code, token_id, paid_at, payment_group_id, status) VALUES (216, 'verify', 0, '768418254', NULL, '2017-08-24 15:25:40', 167, 'OK');
INSERT INTO pay_log (pay_log_id, pay_type, amount, code, token_id, paid_at, payment_group_id, status) VALUES (217, 'save', 0, '903810277', NULL, '2017-08-24 15:26:56', 168, 'SAVE');
INSERT INTO pay_log (pay_log_id, pay_type, amount, code, token_id, paid_at, payment_group_id, status) VALUES (218, 'verify', 0, '903810277', NULL, '2017-08-24 15:26:56', 168, 'OK');
INSERT INTO pay_log (pay_log_id, pay_type, amount, code, token_id, paid_at, payment_group_id, status) VALUES (219, 'save', 0, '139202300', NULL, '2017-08-24 15:27:56', 169, 'SAVE');
INSERT INTO pay_log (pay_log_id, pay_type, amount, code, token_id, paid_at, payment_group_id, status) VALUES (220, 'verify', 0, '139202300', NULL, '2017-08-24 15:27:56', 169, 'OK');
INSERT INTO pay_log (pay_log_id, pay_type, amount, code, token_id, paid_at, payment_group_id, status) VALUES (221, 'save', 0, '274594323', NULL, '2017-08-24 15:34:25', 170, 'SAVE');
INSERT INTO pay_log (pay_log_id, pay_type, amount, code, token_id, paid_at, payment_group_id, status) VALUES (222, 'verify', 0, '274594323', NULL, '2017-08-24 15:34:26', 170, 'OK');
INSERT INTO pay_log (pay_log_id, pay_type, amount, code, token_id, paid_at, payment_group_id, status) VALUES (223, 'save', 0, '409986346', NULL, '2017-08-24 15:41:47', 171, 'SAVE');
INSERT INTO pay_log (pay_log_id, pay_type, amount, code, token_id, paid_at, payment_group_id, status) VALUES (224, 'verify', 0, '409986346', NULL, '2017-08-24 15:41:48', 171, 'OK');
SELECT pg_catalog.setval('pay_log_pay_log_id_seq', 224, true);
INSERT INTO pay_log_references (pay_log_id, ref_num, ref_type, reference) VALUES (213, 0, 'adphone', '990761035');
INSERT INTO pay_log_references (pay_log_id, ref_num, ref_type, reference) VALUES (213, 1, 'remote_addr', '10.0.10.120');
INSERT INTO pay_log_references (pay_log_id, ref_num, ref_type, reference) VALUES (214, 0, 'remote_addr', '10.0.10.120');
INSERT INTO pay_log_references (pay_log_id, ref_num, ref_type, reference) VALUES (215, 0, 'adphone', '990761035');
INSERT INTO pay_log_references (pay_log_id, ref_num, ref_type, reference) VALUES (215, 1, 'remote_addr', '10.0.10.120');
INSERT INTO pay_log_references (pay_log_id, ref_num, ref_type, reference) VALUES (216, 0, 'remote_addr', '10.0.10.120');
INSERT INTO pay_log_references (pay_log_id, ref_num, ref_type, reference) VALUES (217, 0, 'adphone', '990761035');
INSERT INTO pay_log_references (pay_log_id, ref_num, ref_type, reference) VALUES (217, 1, 'remote_addr', '10.0.10.120');
INSERT INTO pay_log_references (pay_log_id, ref_num, ref_type, reference) VALUES (218, 0, 'remote_addr', '10.0.10.120');
INSERT INTO pay_log_references (pay_log_id, ref_num, ref_type, reference) VALUES (219, 0, 'adphone', '990761035');
INSERT INTO pay_log_references (pay_log_id, ref_num, ref_type, reference) VALUES (219, 1, 'remote_addr', '10.0.10.120');
INSERT INTO pay_log_references (pay_log_id, ref_num, ref_type, reference) VALUES (220, 0, 'remote_addr', '10.0.10.120');
INSERT INTO pay_log_references (pay_log_id, ref_num, ref_type, reference) VALUES (221, 0, 'adphone', '990761035');
INSERT INTO pay_log_references (pay_log_id, ref_num, ref_type, reference) VALUES (221, 1, 'remote_addr', '10.0.10.120');
INSERT INTO pay_log_references (pay_log_id, ref_num, ref_type, reference) VALUES (222, 0, 'remote_addr', '10.0.10.120');
INSERT INTO pay_log_references (pay_log_id, ref_num, ref_type, reference) VALUES (223, 0, 'adphone', '990761035');
INSERT INTO pay_log_references (pay_log_id, ref_num, ref_type, reference) VALUES (223, 1, 'remote_addr', '10.0.10.120');
INSERT INTO pay_log_references (pay_log_id, ref_num, ref_type, reference) VALUES (224, 0, 'remote_addr', '10.0.10.120');
SELECT pg_catalog.setval('payment_groups_payment_group_id_seq', 171, true);
INSERT INTO payments (payment_group_id, payment_type, pay_amount, discount) VALUES (166, 'ad_action', 0, 0);
INSERT INTO payments (payment_group_id, payment_type, pay_amount, discount) VALUES (167, 'ad_action', 0, 0);
INSERT INTO payments (payment_group_id, payment_type, pay_amount, discount) VALUES (168, 'ad_action', 0, 0);
INSERT INTO payments (payment_group_id, payment_type, pay_amount, discount) VALUES (169, 'ad_action', 0, 0);
INSERT INTO payments (payment_group_id, payment_type, pay_amount, discount) VALUES (170, 'ad_action', 0, 0);
INSERT INTO payments (payment_group_id, payment_type, pay_amount, discount) VALUES (171, 'ad_action', 0, 0);
INSERT INTO review_log (ad_id, action_id, admin_id, review_time, queue, action_type, action, refusal_reason_text, category) VALUES (130, 1, 9, '2017-08-24 15:39:15.408012', 'all', 'new', 'accepted', NULL, 2020);
INSERT INTO review_log (ad_id, action_id, admin_id, review_time, queue, action_type, action, refusal_reason_text, category) VALUES (129, 1, 9, '2017-08-24 15:39:31.684406', 'all', 'new', 'accepted', NULL, 2020);
INSERT INTO review_log (ad_id, action_id, admin_id, review_time, queue, action_type, action, refusal_reason_text, category) VALUES (128, 1, 9, '2017-08-24 15:39:49.814451', 'all', 'new', 'accepted', NULL, 2020);
INSERT INTO review_log (ad_id, action_id, admin_id, review_time, queue, action_type, action, refusal_reason_text, category) VALUES (127, 1, 9, '2017-08-24 15:40:04.467503', 'all', 'new', 'accepted', NULL, 2020);
INSERT INTO review_log (ad_id, action_id, admin_id, review_time, queue, action_type, action, refusal_reason_text, category) VALUES (126, 1, 9, '2017-08-24 15:40:16.764282', 'all', 'new', 'accepted', NULL, 2020);
INSERT INTO state_params (ad_id, action_id, state_id, name, value) VALUES (126, 1, 700, 'queue', 'normal');
INSERT INTO state_params (ad_id, action_id, state_id, name, value) VALUES (127, 1, 703, 'queue', 'normal');
INSERT INTO state_params (ad_id, action_id, state_id, name, value) VALUES (128, 1, 706, 'queue', 'normal');
INSERT INTO state_params (ad_id, action_id, state_id, name, value) VALUES (129, 1, 709, 'queue', 'normal');
INSERT INTO state_params (ad_id, action_id, state_id, name, value) VALUES (130, 1, 712, 'queue', 'duplicated');
INSERT INTO state_params (ad_id, action_id, state_id, name, value) VALUES (130, 1, 715, 'filter_name', 'all');
INSERT INTO state_params (ad_id, action_id, state_id, name, value) VALUES (129, 1, 716, 'filter_name', 'all');
INSERT INTO state_params (ad_id, action_id, state_id, name, value) VALUES (128, 1, 717, 'filter_name', 'all');
INSERT INTO state_params (ad_id, action_id, state_id, name, value) VALUES (127, 1, 718, 'filter_name', 'all');
INSERT INTO state_params (ad_id, action_id, state_id, name, value) VALUES (126, 1, 719, 'filter_name', 'all');
INSERT INTO state_params (ad_id, action_id, state_id, name, value) VALUES (131, 1, 722, 'queue', 'normal');
SELECT pg_catalog.setval('tokens_token_id_seq', 751, true);
SELECT pg_catalog.setval('trans_queue_id_seq', 97, true);
INSERT INTO user_params (user_id, name, value) VALUES (59, 'first_inserted_ad', '2013-06-04 10:51:58.847484-04');
INSERT INTO user_params (user_id, name, value) VALUES (59, 'first_approved_ad', '2017-08-24 15:39:15.408012-03');
SELECT pg_catalog.setval('users_user_id_seq', 59, true);
