INSERT INTO users (user_id, uid, email, account, paid_total) VALUES (59, 55, 'prosincuenta@yapo.cl', 0, 0);
INSERT INTO users (user_id, uid, email, account, paid_total) VALUES (60, 3, 'cuentaprosinpack@yapo.cl', 0, 0);
INSERT INTO users (user_id, uid, email, account, paid_total) VALUES (61, 3, 'cuentaprosincupos@yapo.cl', 0, 0);
INSERT INTO users (user_id, uid, email, account, paid_total) VALUES (62, 56, 'cuentaproconpack@yapo.cl', 0, 0);

INSERT INTO accounts (account_id, name, rut, email, phone, is_company, region, salted_passwd, creation_date, activation_date, status, address, contact, lob, commune, user_id) VALUES (8, 'cuentaprosinpack', '15242811-1', 'cuentaprosinpack@yapo.cl', '876767877', true, 15, '$1024$t5z[iro|c3Ce$K+"74466c1aa92f6acf85d7fc4b654b211ea2c84615', '2015-03-09 17:48:18.240506', NULL, 'active', NULL, NULL, NULL, NULL, 60);
INSERT INTO accounts (account_id, name, rut, email, phone, is_company, region, salted_passwd, creation_date, activation_date, status, address, contact, lob, commune, user_id) VALUES (9, 'cuentaprosincupos', '15273166-3', 'cuentaprosincupos@yapo.cl', '998768766', true, 15, '$1024$BA/$img)gp_[6Tx85c7e156d09d963d495d6699ae565131b50a76fb2', '2015-03-09 17:57:58.897574', NULL, 'active', NULL, NULL, NULL, NULL, 61);
INSERT INTO accounts (account_id, name, rut, email, phone, is_company, region, salted_passwd, creation_date, activation_date, status, address, contact, lob, commune, user_id) VALUES (10, 'cuentaproconpack', '17324400-2', 'cuentaproconpack@yapo.cl', '967867876', true, 15, '$1024$g$wt>iy8b-x5cf[!cbb7e993ffd7e885227f96dd4ff382f416e36d6b', '2015-03-09 18:13:53.72158', NULL, 'active', NULL, NULL, NULL, NULL, 62);

INSERT INTO account_params (account_id, name, value) VALUES (8, 'is_pro_for', '1220');
INSERT INTO account_params (account_id, name, value) VALUES (9, 'is_pro_for', '1220');
INSERT INTO account_params (account_id, name, value) VALUES (10, 'is_pro_for', '1220');
INSERT INTO account_params (account_id, name, value) VALUES (9, 'available_slots', '0');
INSERT INTO account_params (account_id, name, value) VALUES (10, 'available_slots', '9');
INSERT INTO account_params (account_id, name, value) VALUES (8, 'pack_type', 'real_estate');
INSERT INTO account_params (account_id, name, value) VALUES (9, 'pack_type', 'real_estate');
INSERT INTO account_params (account_id, name, value) VALUES (10, 'pack_type', 'real_estate');

SELECT pg_catalog.setval('accounts_account_id_seq', 10, true);

INSERT INTO ads (ad_id, list_id, list_time, status, type, name, phone, region, city, category, user_id, passwd, phone_hidden, no_salesmen, company_ad, subject, body, price, image, infopage, infopage_title, orig_list_time, old_price, store_id, salted_passwd, modified_at, lang) VALUES (132, 8000091, '2015-03-09 17:53:50', 'active', 'sell', 'cuentaprosinpack', '965656565', 15, 0, 1220, 60, NULL, false, false, false, 'Cadillac Calais 1965 ', 'aviso 1', 150000, NULL, NULL, NULL, NULL, NULL, NULL, '$1024$35/R]IA-=<>`FL_61e77dbf8fd6a7a7660f2e676b025c0f0300736e8', '2015-03-09 17:53:50.009107', 'es');
INSERT INTO ads (ad_id, list_id, list_time, status, type, name, phone, region, city, category, user_id, passwd, phone_hidden, no_salesmen, company_ad, subject, body, price, image, infopage, infopage_title, orig_list_time, old_price, store_id, salted_passwd, modified_at, lang) VALUES (133, 8000092, '2015-03-09 18:04:42', 'active', 'sell', 'cuentaprosincupos', '998768766', 15, 0, 1220, 61, NULL, false, false, true, 'Chery Tiggo 2007 ', 'aviso 1', 3200000, NULL, NULL, NULL, NULL, NULL, NULL, '$1024$BA/$img)gp_[6Tx85c7e156d09d963d495d6699ae565131b50a76fb2', '2015-03-09 18:04:42.836305', 'es');
INSERT INTO ads (ad_id, list_id, list_time, status, type, name, phone, region, city, category, user_id, passwd, phone_hidden, no_salesmen, company_ad, subject, body, price, image, infopage, infopage_title, orig_list_time, old_price, store_id, salted_passwd, modified_at, lang) VALUES (130, 8000085, '2015-03-09 17:36:10', 'active', 'sell', 'prosincuenta', '954376598', 15, 0, 1220, 59, NULL, false, false, true, 'Aro Dacia 1995 ', 'aviso 5', 500000, NULL, NULL, NULL, NULL, NULL, NULL, '$1024$%\\-v| ST2mYiQT7Cfd0c16427b1f60cc271cddb0cc64a1d8faffe493', '2015-03-09 17:36:10.76631', 'es');
INSERT INTO ads (ad_id, list_id, list_time, status, type, name, phone, region, city, category, user_id, passwd, phone_hidden, no_salesmen, company_ad, subject, body, price, image, infopage, infopage_title, orig_list_time, old_price, store_id, salted_passwd, modified_at, lang) VALUES (129, 8000086, '2015-03-09 17:36:22', 'active', 'sell', 'prosincuenta', '954376598', 15, 0, 1220, 59, NULL, false, false, true, 'American Motors Cherokee 2000 ', 'aviso 4', 450000, NULL, NULL, NULL, NULL, NULL, NULL, '$1024$Pp|~@RVB4qzB8p8J7f2c4c47aa72d6ad49cd493e7c74e0404bdb90d6', '2015-03-09 17:36:22.37339', 'es');
INSERT INTO ads (ad_id, list_id, list_time, status, type, name, phone, region, city, category, user_id, passwd, phone_hidden, no_salesmen, company_ad, subject, body, price, image, infopage, infopage_title, orig_list_time, old_price, store_id, salted_passwd, modified_at, lang) VALUES (128, 8000087, '2015-03-09 17:36:30', 'active', 'sell', 'prosincuenta', '954376598', 15, 0, 1220, 59, NULL, false, false, true, 'Alfa Romeo Alfasud 1982 ', 'aviso 3', 350000, NULL, NULL, NULL, NULL, NULL, NULL, '$1024$;{|_`,W}ej[,C)[!7e233aaff69f1162944fdc8b1c90fd9c56274094', '2015-03-09 17:36:30.757136', 'es');
INSERT INTO ads (ad_id, list_id, list_time, status, type, name, phone, region, city, category, user_id, passwd, phone_hidden, no_salesmen, company_ad, subject, body, price, image, infopage, infopage_title, orig_list_time, old_price, store_id, salted_passwd, modified_at, lang) VALUES (127, 8000088, '2015-03-09 17:36:39', 'active', 'sell', 'prosincuenta', '954376598', 15, 0, 1220, 59, NULL, false, false, true, 'Acura Integra 1998 ', 'aviso 2', 350000, NULL, NULL, NULL, NULL, NULL, NULL, '$1024$` $c6ssOw6npRh!O0b9aefe91958c1765940909c85cba95190200ae3', '2015-03-09 17:36:39.082992', 'es');
INSERT INTO ads (ad_id, list_id, list_time, status, type, name, phone, region, city, category, user_id, passwd, phone_hidden, no_salesmen, company_ad, subject, body, price, image, infopage, infopage_title, orig_list_time, old_price, store_id, salted_passwd, modified_at, lang) VALUES (126, 8000089, '2015-03-09 17:37:05', 'active', 'sell', 'prosincuenta', '954376598', 15, 0, 1220, 59, NULL, false, false, true, 'Acadian Sedan 1972 ', 'aviso 1', 220000, NULL, NULL, NULL, NULL, NULL, NULL, '$1024$((k2cLSj"hN}*QH"d2fdf9b83ff3bd9e901b8d5fde1b36ca5de8882a', '2015-03-09 17:37:05.123892', 'es');
INSERT INTO ads (ad_id, list_id, list_time, status, type, name, phone, region, city, category, user_id, passwd, phone_hidden, no_salesmen, company_ad, subject, body, price, image, infopage, infopage_title, orig_list_time, old_price, store_id, salted_passwd, modified_at, lang) VALUES (131, 8000090, '2015-03-09 17:45:32', 'active', 'sell', 'prosincuenta', '954376598', 15, 0, 1220, 59, NULL, false, false, true, 'Asia Motors Rocsta 2005 ', 'aviso 6', 546098, NULL, NULL, NULL, NULL, NULL, NULL, '$1024$BI2o9"smDZ;c7ZF+3e46680d79551d2c4aa066a81046bdafa2d49ca4', '2015-03-09 17:45:32.630115', 'es');
INSERT INTO ads (ad_id, list_id, list_time, status, type, name, phone, region, city, category, user_id, passwd, phone_hidden, no_salesmen, company_ad, subject, body, price, image, infopage, infopage_title, orig_list_time, old_price, store_id, salted_passwd, modified_at, lang) VALUES (134, 8000093, '2015-03-09 18:19:41', 'active', 'sell', 'cuentaproconpack', '967867876', 15, 0, 1220, 62, NULL, false, false, true, 'Audi A4 2011 ', 'aviso para Luis', 11399000, NULL, NULL, NULL, NULL, NULL, NULL, '$1024$g$wt>iy8b-x5cf[!cbb7e993ffd7e885227f96dd4ff382f416e36d6b', '2015-03-09 18:19:41.039424', 'es');

INSERT INTO payment_groups (payment_group_id, code, status, added_at, parent_payment_group_id) VALUES (166, '633026231', 'verified', '2015-03-09 17:30:56.178312', NULL);
INSERT INTO payment_groups (payment_group_id, code, status, added_at, parent_payment_group_id) VALUES (167, '768418254', 'verified', '2015-03-09 17:31:59.13408', NULL);
INSERT INTO payment_groups (payment_group_id, code, status, added_at, parent_payment_group_id) VALUES (168, '903810277', 'verified', '2015-03-09 17:32:41.832851', NULL);
INSERT INTO payment_groups (payment_group_id, code, status, added_at, parent_payment_group_id) VALUES (169, '139202300', 'verified', '2015-03-09 17:33:30.061169', NULL);
INSERT INTO payment_groups (payment_group_id, code, status, added_at, parent_payment_group_id) VALUES (170, '274594323', 'verified', '2015-03-09 17:34:15.136535', NULL);
INSERT INTO payment_groups (payment_group_id, code, status, added_at, parent_payment_group_id) VALUES (171, '409986346', 'verified', '2015-03-09 17:44:56.435292', NULL);
INSERT INTO payment_groups (payment_group_id, code, status, added_at, parent_payment_group_id) VALUES (172, '545378369', 'verified', '2015-03-09 17:50:10.618114', NULL);
INSERT INTO payment_groups (payment_group_id, code, status, added_at, parent_payment_group_id) VALUES (173, '680770392', 'verified', '2015-03-09 18:03:39.532307', NULL);
INSERT INTO payment_groups (payment_group_id, code, status, added_at, parent_payment_group_id) VALUES (174, '816162415', 'verified', '2015-03-09 18:18:37.743266', NULL);

INSERT INTO ad_actions (ad_id, action_id, action_type, current_state, state, queue, locked_by, locked_until, payment_group_id) VALUES (130, 1, 'new', 713, 'accepted', 'normal', NULL, NULL, 170);
INSERT INTO ad_actions (ad_id, action_id, action_type, current_state, state, queue, locked_by, locked_until, payment_group_id) VALUES (129, 1, 'new', 714, 'accepted', 'normal', NULL, NULL, 169);
INSERT INTO ad_actions (ad_id, action_id, action_type, current_state, state, queue, locked_by, locked_until, payment_group_id) VALUES (128, 1, 'new', 715, 'accepted', 'normal', NULL, NULL, 168);
INSERT INTO ad_actions (ad_id, action_id, action_type, current_state, state, queue, locked_by, locked_until, payment_group_id) VALUES (127, 1, 'new', 716, 'accepted', 'normal', NULL, NULL, 167);
INSERT INTO ad_actions (ad_id, action_id, action_type, current_state, state, queue, locked_by, locked_until, payment_group_id) VALUES (126, 1, 'new', 717, 'accepted', 'normal', NULL, NULL, 166);
INSERT INTO ad_actions (ad_id, action_id, action_type, current_state, state, queue, locked_by, locked_until, payment_group_id) VALUES (131, 1, 'new', 721, 'accepted', 'normal', NULL, NULL, 171);
INSERT INTO ad_actions (ad_id, action_id, action_type, current_state, state, queue, locked_by, locked_until, payment_group_id) VALUES (130, 2, 'account_to_pro', 723, 'accepted', 'normal', NULL, NULL, NULL);
INSERT INTO ad_actions (ad_id, action_id, action_type, current_state, state, queue, locked_by, locked_until, payment_group_id) VALUES (129, 2, 'account_to_pro', 725, 'accepted', 'normal', NULL, NULL, NULL);
INSERT INTO ad_actions (ad_id, action_id, action_type, current_state, state, queue, locked_by, locked_until, payment_group_id) VALUES (128, 2, 'account_to_pro', 727, 'accepted', 'normal', NULL, NULL, NULL);
INSERT INTO ad_actions (ad_id, action_id, action_type, current_state, state, queue, locked_by, locked_until, payment_group_id) VALUES (127, 2, 'account_to_pro', 729, 'accepted', 'normal', NULL, NULL, NULL);
INSERT INTO ad_actions (ad_id, action_id, action_type, current_state, state, queue, locked_by, locked_until, payment_group_id) VALUES (126, 2, 'account_to_pro', 731, 'accepted', 'normal', NULL, NULL, NULL);
INSERT INTO ad_actions (ad_id, action_id, action_type, current_state, state, queue, locked_by, locked_until, payment_group_id) VALUES (131, 2, 'account_to_pro', 733, 'accepted', 'normal', NULL, NULL, NULL);
INSERT INTO ad_actions (ad_id, action_id, action_type, current_state, state, queue, locked_by, locked_until, payment_group_id) VALUES (132, 1, 'new', 737, 'accepted', 'normal', NULL, NULL, 172);
INSERT INTO ad_actions (ad_id, action_id, action_type, current_state, state, queue, locked_by, locked_until, payment_group_id) VALUES (133, 1, 'new', 741, 'accepted', 'pack', NULL, NULL, 173);
INSERT INTO ad_actions (ad_id, action_id, action_type, current_state, state, queue, locked_by, locked_until, payment_group_id) VALUES (134, 1, 'new', 745, 'accepted', 'pack', NULL, NULL, 174);

INSERT INTO action_params (ad_id, action_id, name, value) VALUES (126, 1, 'source', 'msite');
INSERT INTO action_params (ad_id, action_id, name, value) VALUES (126, 1, 'redir', 'dW5rbm93bg==');
INSERT INTO action_params (ad_id, action_id, name, value) VALUES (127, 1, 'source', 'msite');
INSERT INTO action_params (ad_id, action_id, name, value) VALUES (127, 1, 'redir', 'dW5rbm93bg==');
INSERT INTO action_params (ad_id, action_id, name, value) VALUES (128, 1, 'source', 'msite');
INSERT INTO action_params (ad_id, action_id, name, value) VALUES (128, 1, 'redir', 'dW5rbm93bg==');
INSERT INTO action_params (ad_id, action_id, name, value) VALUES (129, 1, 'source', 'msite');
INSERT INTO action_params (ad_id, action_id, name, value) VALUES (129, 1, 'redir', 'dW5rbm93bg==');
INSERT INTO action_params (ad_id, action_id, name, value) VALUES (130, 1, 'source', 'msite');
INSERT INTO action_params (ad_id, action_id, name, value) VALUES (130, 1, 'redir', 'dW5rbm93bg==');
INSERT INTO action_params (ad_id, action_id, name, value) VALUES (131, 1, 'source', 'msite');
INSERT INTO action_params (ad_id, action_id, name, value) VALUES (131, 1, 'redir', 'dW5rbm93bg==');
INSERT INTO action_params (ad_id, action_id, name, value) VALUES (132, 1, 'source', 'msite');
INSERT INTO action_params (ad_id, action_id, name, value) VALUES (132, 1, 'redir', 'dW5rbm93bg==');
INSERT INTO action_params (ad_id, action_id, name, value) VALUES (133, 1, 'source', 'msite');
INSERT INTO action_params (ad_id, action_id, name, value) VALUES (133, 1, 'redir', 'dW5rbm93bg==');
INSERT INTO action_params (ad_id, action_id, name, value) VALUES (134, 1, 'source', 'msite');
INSERT INTO action_params (ad_id, action_id, name, value) VALUES (134, 1, 'redir', 'dW5rbm93bg==');

INSERT INTO tokens (token_id, token, admin_id, created_at, valid_to, remote_addr, info, store_id, email) VALUES (715, 'X54fe042730ae9bd2000000003c2814b900000000', 9, '2015-03-09 17:35:50.563768', '2015-03-09 17:35:50.769268', '10.0.1.101', 'authenticate', NULL, NULL);
INSERT INTO tokens (token_id, token, admin_id, created_at, valid_to, remote_addr, info, store_id, email) VALUES (716, 'X54fe0427573b9d1e00000000b121dca00000000', 9, '2015-03-09 17:35:50.769268', '2015-03-09 17:35:54.031313', '10.0.1.101', 'spamfilter', NULL, NULL);
INSERT INTO tokens (token_id, token, admin_id, created_at, valid_to, remote_addr, info, store_id, email) VALUES (717, 'X54fe042a1a15cfe7000000004704ffed00000000', 9, '2015-03-09 17:35:54.031313', '2015-03-09 17:36:02.202138', '10.0.1.101', 'listadmins', NULL, NULL);
INSERT INTO tokens (token_id, token, admin_id, created_at, valid_to, remote_addr, info, store_id, email) VALUES (718, 'X54fe04322710a176000000005438546300000000', 9, '2015-03-09 17:36:02.202138', '2015-03-09 17:36:02.215771', '10.0.1.101', 'listadmins', NULL, NULL);
INSERT INTO tokens (token_id, token, admin_id, created_at, valid_to, remote_addr, info, store_id, email) VALUES (719, 'X54fe043257faea48000000004bc02a0400000000', 9, '2015-03-09 17:36:02.215771', '2015-03-09 17:36:06.639375', '10.0.1.101', 'search_ads', NULL, NULL);
INSERT INTO tokens (token_id, token, admin_id, created_at, valid_to, remote_addr, info, store_id, email) VALUES (720, 'X54fe0437761998aa00000000667e5e9b00000000', 9, '2015-03-09 17:36:06.639375', '2015-03-09 17:36:06.739871', '10.0.1.101', 'adqueues', NULL, NULL);
INSERT INTO tokens (token_id, token, admin_id, created_at, valid_to, remote_addr, info, store_id, email) VALUES (721, 'X54fe0437740c6ad000000003ed97e5900000000', 9, '2015-03-09 17:36:06.739871', '2015-03-09 17:36:06.750222', '10.0.1.101', 'block_list', NULL, NULL);
INSERT INTO tokens (token_id, token, admin_id, created_at, valid_to, remote_addr, info, store_id, email) VALUES (722, 'X54fe043738ee72c80000000010ba082b00000000', 9, '2015-03-09 17:36:06.750222', '2015-03-09 17:36:06.756988', '10.0.1.101', 'block_list', NULL, NULL);
INSERT INTO tokens (token_id, token, admin_id, created_at, valid_to, remote_addr, info, store_id, email) VALUES (723, 'X54fe04374168a3fd000000007ba5b88f00000000', 9, '2015-03-09 17:36:06.756988', '2015-03-09 17:36:10.75875', '10.0.1.101', 'block_list', NULL, NULL);
INSERT INTO tokens (token_id, token, admin_id, created_at, valid_to, remote_addr, info, store_id, email) VALUES (724, 'X54fe043b6b7d659000000003c6b1b2f00000000', 9, '2015-03-09 17:36:10.75875', '2015-03-09 17:36:15.418652', '10.0.1.101', 'review', NULL, NULL);
INSERT INTO tokens (token_id, token, admin_id, created_at, valid_to, remote_addr, info, store_id, email) VALUES (725, 'X54fe043f2636e9aa000000004e6c2b4200000000', 9, '2015-03-09 17:36:15.418652', '2015-03-09 17:36:15.508362', '10.0.1.101', 'adqueues', NULL, NULL);
INSERT INTO tokens (token_id, token, admin_id, created_at, valid_to, remote_addr, info, store_id, email) VALUES (726, 'X54fe0440437fee270000000075375d3d00000000', 9, '2015-03-09 17:36:15.508362', '2015-03-09 17:36:15.518228', '10.0.1.101', 'block_list', NULL, NULL);
INSERT INTO tokens (token_id, token, admin_id, created_at, valid_to, remote_addr, info, store_id, email) VALUES (727, 'X54fe044074dd37070000000062ee1f6000000000', 9, '2015-03-09 17:36:15.518228', '2015-03-09 17:36:15.526414', '10.0.1.101', 'block_list', NULL, NULL);
INSERT INTO tokens (token_id, token, admin_id, created_at, valid_to, remote_addr, info, store_id, email) VALUES (728, 'X54fe04404e7c158e000000006a699c5400000000', 9, '2015-03-09 17:36:15.526414', '2015-03-09 17:36:22.36475', '10.0.1.101', 'block_list', NULL, NULL);
INSERT INTO tokens (token_id, token, admin_id, created_at, valid_to, remote_addr, info, store_id, email) VALUES (729, 'X54fe044650fcef2f0000000056ee945100000000', 9, '2015-03-09 17:36:22.36475', '2015-03-09 17:36:25.803205', '10.0.1.101', 'review', NULL, NULL);
INSERT INTO tokens (token_id, token, admin_id, created_at, valid_to, remote_addr, info, store_id, email) VALUES (730, 'X54fe044a3701b1c000000003c78c05400000000', 9, '2015-03-09 17:36:25.803205', '2015-03-09 17:36:25.84571', '10.0.1.101', 'adqueues', NULL, NULL);
INSERT INTO tokens (token_id, token, admin_id, created_at, valid_to, remote_addr, info, store_id, email) VALUES (731, 'X54fe044a10b114b80000000049ebf5b200000000', 9, '2015-03-09 17:36:25.84571', '2015-03-09 17:36:25.850596', '10.0.1.101', 'block_list', NULL, NULL);
INSERT INTO tokens (token_id, token, admin_id, created_at, valid_to, remote_addr, info, store_id, email) VALUES (732, 'X54fe044a15ac1fb6000000003e16c09300000000', 9, '2015-03-09 17:36:25.850596', '2015-03-09 17:36:25.854684', '10.0.1.101', 'block_list', NULL, NULL);
INSERT INTO tokens (token_id, token, admin_id, created_at, valid_to, remote_addr, info, store_id, email) VALUES (733, 'X54fe044a24951f2e0000000055fb111e00000000', 9, '2015-03-09 17:36:25.854684', '2015-03-09 17:36:30.753728', '10.0.1.101', 'block_list', NULL, NULL);
INSERT INTO tokens (token_id, token, admin_id, created_at, valid_to, remote_addr, info, store_id, email) VALUES (734, 'X54fe044f14d48f78000000006b0aa4cf00000000', 9, '2015-03-09 17:36:30.753728', '2015-03-09 17:36:35.480151', '10.0.1.101', 'review', NULL, NULL);
INSERT INTO tokens (token_id, token, admin_id, created_at, valid_to, remote_addr, info, store_id, email) VALUES (740, 'X54fe045c7bc4acfb000000004202c26100000000', 9, '2015-03-09 17:36:44.375763', '2015-03-09 17:36:44.436284', '10.0.1.101', 'adqueues', NULL, NULL);
INSERT INTO tokens (token_id, token, admin_id, created_at, valid_to, remote_addr, info, store_id, email) VALUES (741, 'X54fe045c66476440000000003d2d50f800000000', 9, '2015-03-09 17:36:44.436284', '2015-03-09 17:36:44.443698', '10.0.1.101', 'block_list', NULL, NULL);
INSERT INTO tokens (token_id, token, admin_id, created_at, valid_to, remote_addr, info, store_id, email) VALUES (742, 'X54fe045c3da87af0000000003e6404f300000000', 9, '2015-03-09 17:36:44.443698', '2015-03-09 17:36:44.45084', '10.0.1.101', 'block_list', NULL, NULL);
INSERT INTO tokens (token_id, token, admin_id, created_at, valid_to, remote_addr, info, store_id, email) VALUES (743, 'X54fe045c55d19214000000004460514a00000000', 9, '2015-03-09 17:36:44.45084', '2015-03-09 17:37:05.119199', '10.0.1.101', 'block_list', NULL, NULL);
INSERT INTO tokens (token_id, token, admin_id, created_at, valid_to, remote_addr, info, store_id, email) VALUES (744, 'X54fe04717acf20220000000067136a6400000000', 9, '2015-03-09 17:37:05.119199', '2015-03-09 17:37:28.073888', '10.0.1.101', 'review', NULL, NULL);
INSERT INTO tokens (token_id, token, admin_id, created_at, valid_to, remote_addr, info, store_id, email) VALUES (735, 'X54fe045342c410f30000000034a4808b00000000', 9, '2015-03-09 17:36:35.480151', '2015-03-09 17:36:35.532284', '10.0.1.101', 'adqueues', NULL, NULL);
INSERT INTO tokens (token_id, token, admin_id, created_at, valid_to, remote_addr, info, store_id, email) VALUES (736, 'X54fe0454fa59ff000000006ffd314100000000', 9, '2015-03-09 17:36:35.532284', '2015-03-09 17:36:35.538146', '10.0.1.101', 'block_list', NULL, NULL);
INSERT INTO tokens (token_id, token, admin_id, created_at, valid_to, remote_addr, info, store_id, email) VALUES (737, 'X54fe0454ab492df000000004340696600000000', 9, '2015-03-09 17:36:35.538146', '2015-03-09 17:36:35.543257', '10.0.1.101', 'block_list', NULL, NULL);
INSERT INTO tokens (token_id, token, admin_id, created_at, valid_to, remote_addr, info, store_id, email) VALUES (738, 'X54fe045430eb7c890000000011ac94a800000000', 9, '2015-03-09 17:36:35.543257', '2015-03-09 17:36:39.077257', '10.0.1.101', 'block_list', NULL, NULL);
INSERT INTO tokens (token_id, token, admin_id, created_at, valid_to, remote_addr, info, store_id, email) VALUES (739, 'X54fe04574a8af820000000054a9305200000000', 9, '2015-03-09 17:36:39.077257', '2015-03-09 17:36:44.375763', '10.0.1.101', 'review', NULL, NULL);
INSERT INTO tokens (token_id, token, admin_id, created_at, valid_to, remote_addr, info, store_id, email) VALUES (745, 'X54fe0488552c82d00000000079e00cbf00000000', 9, '2015-03-09 17:37:28.073888', '2015-03-09 17:37:28.09096', '10.0.1.101', 'listadmins', NULL, NULL);
INSERT INTO tokens (token_id, token, admin_id, created_at, valid_to, remote_addr, info, store_id, email) VALUES (746, 'X54fe048819266ec40000000064aaa44300000000', 9, '2015-03-09 17:37:28.09096', '2015-03-09 17:45:12.943782', '10.0.1.101', 'search_ads', NULL, NULL);
INSERT INTO tokens (token_id, token, admin_id, created_at, valid_to, remote_addr, info, store_id, email) VALUES (747, 'X54fe065986e7565000000001f7f7d7300000000', 9, '2015-03-09 17:45:12.943782', '2015-03-09 17:45:13.091833', '10.0.1.101', 'authenticate', NULL, NULL);
INSERT INTO tokens (token_id, token, admin_id, created_at, valid_to, remote_addr, info, store_id, email) VALUES (748, 'X54fe0659731d291a0000000028fd585800000000', 9, '2015-03-09 17:45:13.091833', '2015-03-09 17:45:15.333072', '10.0.1.101', 'spamfilter', NULL, NULL);
INSERT INTO tokens (token_id, token, admin_id, created_at, valid_to, remote_addr, info, store_id, email) VALUES (749, 'X54fe065b1a9d03030000000044bebaab00000000', 9, '2015-03-09 17:45:15.333072', '2015-03-09 17:45:19.783538', '10.0.1.101', 'listadmins', NULL, NULL);
INSERT INTO tokens (token_id, token, admin_id, created_at, valid_to, remote_addr, info, store_id, email) VALUES (750, 'X54fe06605c7ae1d4000000001ad64ea100000000', 9, '2015-03-09 17:45:19.783538', '2015-03-09 17:45:19.793711', '10.0.1.101', 'listadmins', NULL, NULL);
INSERT INTO tokens (token_id, token, admin_id, created_at, valid_to, remote_addr, info, store_id, email) VALUES (751, 'X54fe06603d67be590000000088eecd100000000', 9, '2015-03-09 17:45:19.793711', '2015-03-09 17:45:28.630375', '10.0.1.101', 'search_ads', NULL, NULL);
INSERT INTO tokens (token_id, token, admin_id, created_at, valid_to, remote_addr, info, store_id, email) VALUES (752, 'X54fe066936aa6b950000000058cd6da400000000', 9, '2015-03-09 17:45:28.630375', '2015-03-09 17:45:28.83584', '10.0.1.101', 'adqueues', NULL, NULL);
INSERT INTO tokens (token_id, token, admin_id, created_at, valid_to, remote_addr, info, store_id, email) VALUES (753, 'X54fe06697d725b99000000003ed9cb8300000000', 9, '2015-03-09 17:45:28.83584', '2015-03-09 17:45:28.845191', '10.0.1.101', 'block_list', NULL, NULL);
INSERT INTO tokens (token_id, token, admin_id, created_at, valid_to, remote_addr, info, store_id, email) VALUES (754, 'X54fe066913796249000000005be67b2200000000', 9, '2015-03-09 17:45:28.845191', '2015-03-09 17:45:28.853755', '10.0.1.101', 'block_list', NULL, NULL);
INSERT INTO tokens (token_id, token, admin_id, created_at, valid_to, remote_addr, info, store_id, email) VALUES (755, 'X54fe06695943078c0000000037536ff800000000', 9, '2015-03-09 17:45:28.853755', '2015-03-09 17:45:32.62481', '10.0.1.101', 'block_list', NULL, NULL);
INSERT INTO tokens (token_id, token, admin_id, created_at, valid_to, remote_addr, info, store_id, email) VALUES (756, 'X54fe066d1e42f86e00000000474fdfd400000000', 9, '2015-03-09 17:45:32.62481', '2015-03-09 17:45:42.020979', '10.0.1.101', 'review', NULL, NULL);
INSERT INTO tokens (token_id, token, admin_id, created_at, valid_to, remote_addr, info, store_id, email) VALUES (757, 'X54fe06767d09a5a2000000004b87a9a400000000', 9, '2015-03-09 17:45:42.020979', '2015-03-09 17:45:42.056224', '10.0.1.101', 'listadmins', NULL, NULL);
INSERT INTO tokens (token_id, token, admin_id, created_at, valid_to, remote_addr, info, store_id, email) VALUES (758, 'X54fe067660b41bb1000000005c76eae400000000', 9, '2015-03-09 17:45:42.056224', '2015-03-09 17:53:31.462947', '10.0.1.101', 'search_ads', NULL, NULL);
INSERT INTO tokens (token_id, token, admin_id, created_at, valid_to, remote_addr, info, store_id, email) VALUES (759, 'X54fe084b78db6776000000007a43047a00000000', 9, '2015-03-09 17:53:31.462947', '2015-03-09 17:53:43.03407', '10.0.1.101', 'listadmins', NULL, NULL);
INSERT INTO tokens (token_id, token, admin_id, created_at, valid_to, remote_addr, info, store_id, email) VALUES (760, 'X54fe08574589ff2b000000002004d0a00000000', 9, '2015-03-09 17:53:43.03407', '2015-03-09 17:53:43.055884', '10.0.1.101', 'listadmins', NULL, NULL);
INSERT INTO tokens (token_id, token, admin_id, created_at, valid_to, remote_addr, info, store_id, email) VALUES (761, 'X54fe08572597cd7c00000000176bee6900000000', 9, '2015-03-09 17:53:43.055884', '2015-03-09 17:53:46.22833', '10.0.1.101', 'search_ads', NULL, NULL);
INSERT INTO tokens (token_id, token, admin_id, created_at, valid_to, remote_addr, info, store_id, email) VALUES (762, 'X54fe085a37c4b6d5000000004d6d7df400000000', 9, '2015-03-09 17:53:46.22833', '2015-03-09 17:53:46.350779', '10.0.1.101', 'adqueues', NULL, NULL);
INSERT INTO tokens (token_id, token, admin_id, created_at, valid_to, remote_addr, info, store_id, email) VALUES (763, 'X54fe085a1edfb7d8000000001d3fe30200000000', 9, '2015-03-09 17:53:46.350779', '2015-03-09 17:53:46.362467', '10.0.1.101', 'block_list', NULL, NULL);
INSERT INTO tokens (token_id, token, admin_id, created_at, valid_to, remote_addr, info, store_id, email) VALUES (764, 'X54fe085a35b9fb7200000000156ba2d800000000', 9, '2015-03-09 17:53:46.362467', '2015-03-09 17:53:46.373974', '10.0.1.101', 'block_list', NULL, NULL);
INSERT INTO tokens (token_id, token, admin_id, created_at, valid_to, remote_addr, info, store_id, email) VALUES (765, 'X54fe085a78feb8660000000054d4b75a00000000', 9, '2015-03-09 17:53:46.373974', '2015-03-09 17:53:50.000916', '10.0.1.101', 'block_list', NULL, NULL);
INSERT INTO tokens (token_id, token, admin_id, created_at, valid_to, remote_addr, info, store_id, email) VALUES (766, 'X54fe085e3d527efc00000000114150ed00000000', 9, '2015-03-09 17:53:50.000916', '2015-03-09 18:53:50.000916', '10.0.1.101', 'review', NULL, NULL);

INSERT INTO action_states (ad_id, action_id, state_id, state, transition, "timestamp", remote_addr, token_id) VALUES (126, 1, 698, 'reg', 'initial', '2015-03-09 17:30:56.178312', '10.0.1.101', NULL);
INSERT INTO action_states (ad_id, action_id, state_id, state, transition, "timestamp", remote_addr, token_id) VALUES (126, 1, 699, 'unverified', 'verifymail', '2015-03-09 17:30:56.178312', '10.0.1.101', NULL);
INSERT INTO action_states (ad_id, action_id, state_id, state, transition, "timestamp", remote_addr, token_id) VALUES (126, 1, 700, 'pending_review', 'verify', '2015-03-09 17:30:56.2574', '10.0.1.101', NULL);
INSERT INTO action_states (ad_id, action_id, state_id, state, transition, "timestamp", remote_addr, token_id) VALUES (127, 1, 701, 'reg', 'initial', '2015-03-09 17:31:59.13408', '10.0.1.101', NULL);
INSERT INTO action_states (ad_id, action_id, state_id, state, transition, "timestamp", remote_addr, token_id) VALUES (127, 1, 702, 'unverified', 'verifymail', '2015-03-09 17:31:59.13408', '10.0.1.101', NULL);
INSERT INTO action_states (ad_id, action_id, state_id, state, transition, "timestamp", remote_addr, token_id) VALUES (127, 1, 703, 'pending_review', 'verify', '2015-03-09 17:31:59.193444', '10.0.1.101', NULL);
INSERT INTO action_states (ad_id, action_id, state_id, state, transition, "timestamp", remote_addr, token_id) VALUES (128, 1, 704, 'reg', 'initial', '2015-03-09 17:32:41.832851', '10.0.1.101', NULL);
INSERT INTO action_states (ad_id, action_id, state_id, state, transition, "timestamp", remote_addr, token_id) VALUES (128, 1, 705, 'unverified', 'verifymail', '2015-03-09 17:32:41.832851', '10.0.1.101', NULL);
INSERT INTO action_states (ad_id, action_id, state_id, state, transition, "timestamp", remote_addr, token_id) VALUES (128, 1, 706, 'pending_review', 'verify', '2015-03-09 17:32:41.873676', '10.0.1.101', NULL);
INSERT INTO action_states (ad_id, action_id, state_id, state, transition, "timestamp", remote_addr, token_id) VALUES (129, 1, 707, 'reg', 'initial', '2015-03-09 17:33:30.061169', '10.0.1.101', NULL);
INSERT INTO action_states (ad_id, action_id, state_id, state, transition, "timestamp", remote_addr, token_id) VALUES (129, 1, 708, 'unverified', 'verifymail', '2015-03-09 17:33:30.061169', '10.0.1.101', NULL);
INSERT INTO action_states (ad_id, action_id, state_id, state, transition, "timestamp", remote_addr, token_id) VALUES (130, 1, 712, 'pending_review', 'verify', '2015-03-09 17:34:15.155931', '10.0.1.101', NULL);
INSERT INTO action_states (ad_id, action_id, state_id, state, transition, "timestamp", remote_addr, token_id) VALUES (129, 1, 709, 'pending_review', 'verify', '2015-03-09 17:33:30.082759', '10.0.1.101', NULL);
INSERT INTO action_states (ad_id, action_id, state_id, state, transition, "timestamp", remote_addr, token_id) VALUES (130, 1, 710, 'reg', 'initial', '2015-03-09 17:34:15.136535', '10.0.1.101', NULL);
INSERT INTO action_states (ad_id, action_id, state_id, state, transition, "timestamp", remote_addr, token_id) VALUES (130, 1, 711, 'unverified', 'verifymail', '2015-03-09 17:34:15.136535', '10.0.1.101', NULL);
INSERT INTO action_states (ad_id, action_id, state_id, state, transition, "timestamp", remote_addr, token_id) VALUES (130, 1, 713, 'accepted', 'accept', '2015-03-09 17:36:10.76631', '10.0.1.101', 723);
INSERT INTO action_states (ad_id, action_id, state_id, state, transition, "timestamp", remote_addr, token_id) VALUES (129, 1, 714, 'accepted', 'accept', '2015-03-09 17:36:22.37339', '10.0.1.101', 728);
INSERT INTO action_states (ad_id, action_id, state_id, state, transition, "timestamp", remote_addr, token_id) VALUES (128, 1, 715, 'accepted', 'accept', '2015-03-09 17:36:30.757136', '10.0.1.101', 733);
INSERT INTO action_states (ad_id, action_id, state_id, state, transition, "timestamp", remote_addr, token_id) VALUES (127, 1, 716, 'accepted', 'accept', '2015-03-09 17:36:39.082992', '10.0.1.101', 738);
INSERT INTO action_states (ad_id, action_id, state_id, state, transition, "timestamp", remote_addr, token_id) VALUES (126, 1, 717, 'accepted', 'accept', '2015-03-09 17:37:05.123892', '10.0.1.101', 743);
INSERT INTO action_states (ad_id, action_id, state_id, state, transition, "timestamp", remote_addr, token_id) VALUES (131, 1, 718, 'reg', 'initial', '2015-03-09 17:44:56.435292', '10.0.1.101', NULL);
INSERT INTO action_states (ad_id, action_id, state_id, state, transition, "timestamp", remote_addr, token_id) VALUES (131, 1, 719, 'unverified', 'verifymail', '2015-03-09 17:44:56.435292', '10.0.1.101', NULL);
INSERT INTO action_states (ad_id, action_id, state_id, state, transition, "timestamp", remote_addr, token_id) VALUES (131, 1, 720, 'pending_review', 'verify', '2015-03-09 17:44:56.496401', '10.0.1.101', NULL);
INSERT INTO action_states (ad_id, action_id, state_id, state, transition, "timestamp", remote_addr, token_id) VALUES (131, 1, 721, 'accepted', 'accept', '2015-03-09 17:45:32.630115', '10.0.1.101', 755);
INSERT INTO action_states (ad_id, action_id, state_id, state, transition, "timestamp", remote_addr, token_id) VALUES (130, 2, 722, 'reg', 'initial', '2015-03-09 17:45:32.686654', '127.0.0.1', NULL);
INSERT INTO action_states (ad_id, action_id, state_id, state, transition, "timestamp", remote_addr, token_id) VALUES (130, 2, 723, 'accepted', 'adminclear', '2015-03-09 17:45:32.686654', '127.0.0.1', NULL);
INSERT INTO action_states (ad_id, action_id, state_id, state, transition, "timestamp", remote_addr, token_id) VALUES (129, 2, 724, 'reg', 'initial', '2015-03-09 17:45:32.686654', '127.0.0.1', NULL);
INSERT INTO action_states (ad_id, action_id, state_id, state, transition, "timestamp", remote_addr, token_id) VALUES (129, 2, 725, 'accepted', 'adminclear', '2015-03-09 17:45:32.686654', '127.0.0.1', NULL);
INSERT INTO action_states (ad_id, action_id, state_id, state, transition, "timestamp", remote_addr, token_id) VALUES (128, 2, 726, 'reg', 'initial', '2015-03-09 17:45:32.686654', '127.0.0.1', NULL);
INSERT INTO action_states (ad_id, action_id, state_id, state, transition, "timestamp", remote_addr, token_id) VALUES (128, 2, 727, 'accepted', 'adminclear', '2015-03-09 17:45:32.686654', '127.0.0.1', NULL);
INSERT INTO action_states (ad_id, action_id, state_id, state, transition, "timestamp", remote_addr, token_id) VALUES (127, 2, 728, 'reg', 'initial', '2015-03-09 17:45:32.686654', '127.0.0.1', NULL);
INSERT INTO action_states (ad_id, action_id, state_id, state, transition, "timestamp", remote_addr, token_id) VALUES (127, 2, 729, 'accepted', 'adminclear', '2015-03-09 17:45:32.686654', '127.0.0.1', NULL);
INSERT INTO action_states (ad_id, action_id, state_id, state, transition, "timestamp", remote_addr, token_id) VALUES (126, 2, 730, 'reg', 'initial', '2015-03-09 17:45:32.686654', '127.0.0.1', NULL);
INSERT INTO action_states (ad_id, action_id, state_id, state, transition, "timestamp", remote_addr, token_id) VALUES (126, 2, 731, 'accepted', 'adminclear', '2015-03-09 17:45:32.686654', '127.0.0.1', NULL);
INSERT INTO action_states (ad_id, action_id, state_id, state, transition, "timestamp", remote_addr, token_id) VALUES (131, 2, 732, 'reg', 'initial', '2015-03-09 17:45:32.686654', '127.0.0.1', NULL);
INSERT INTO action_states (ad_id, action_id, state_id, state, transition, "timestamp", remote_addr, token_id) VALUES (131, 2, 733, 'accepted', 'adminclear', '2015-03-09 17:45:32.686654', '127.0.0.1', NULL);
INSERT INTO action_states (ad_id, action_id, state_id, state, transition, "timestamp", remote_addr, token_id) VALUES (132, 1, 734, 'reg', 'initial', '2015-03-09 17:50:10.618114', '10.0.1.101', NULL);
INSERT INTO action_states (ad_id, action_id, state_id, state, transition, "timestamp", remote_addr, token_id) VALUES (132, 1, 735, 'unverified', 'verifymail', '2015-03-09 17:50:10.618114', '10.0.1.101', NULL);
INSERT INTO action_states (ad_id, action_id, state_id, state, transition, "timestamp", remote_addr, token_id) VALUES (132, 1, 736, 'pending_review', 'verify', '2015-03-09 17:50:10.702773', '10.0.1.101', NULL);
INSERT INTO action_states (ad_id, action_id, state_id, state, transition, "timestamp", remote_addr, token_id) VALUES (132, 1, 737, 'accepted', 'accept', '2015-03-09 17:53:50.009107', '10.0.1.101', 765);
INSERT INTO action_states (ad_id, action_id, state_id, state, transition, "timestamp", remote_addr, token_id) VALUES (133, 1, 738, 'reg', 'initial', '2015-03-09 18:03:39.532307', '10.0.1.101', NULL);
INSERT INTO action_states (ad_id, action_id, state_id, state, transition, "timestamp", remote_addr, token_id) VALUES (133, 1, 739, 'unverified', 'verifymail', '2015-03-09 18:03:39.532307', '10.0.1.101', NULL);
INSERT INTO action_states (ad_id, action_id, state_id, state, transition, "timestamp", remote_addr, token_id) VALUES (133, 1, 740, 'pending_review', 'verify', '2015-03-09 18:03:39.601663', '10.0.1.101', NULL);
INSERT INTO action_states (ad_id, action_id, state_id, state, transition, "timestamp", remote_addr, token_id) VALUES (133, 1, 741, 'accepted', 'accept', '2015-03-09 18:04:42.836305', '10.0.1.101', NULL);
INSERT INTO action_states (ad_id, action_id, state_id, state, transition, "timestamp", remote_addr, token_id) VALUES (134, 1, 742, 'reg', 'initial', '2015-03-09 18:18:37.743266', '10.0.1.101', NULL);
INSERT INTO action_states (ad_id, action_id, state_id, state, transition, "timestamp", remote_addr, token_id) VALUES (134, 1, 743, 'unverified', 'verifymail', '2015-03-09 18:18:37.743266', '10.0.1.101', NULL);
INSERT INTO action_states (ad_id, action_id, state_id, state, transition, "timestamp", remote_addr, token_id) VALUES (134, 1, 744, 'pending_review', 'verify', '2015-03-09 18:18:37.805994', '10.0.1.101', NULL);
INSERT INTO action_states (ad_id, action_id, state_id, state, transition, "timestamp", remote_addr, token_id) VALUES (134, 1, 745, 'accepted', 'accept', '2015-03-09 18:19:41.039424', '10.0.1.101', NULL);

SELECT pg_catalog.setval('action_states_state_id_seq', 745, true);

INSERT INTO ad_changes (ad_id, action_id, state_id, is_param, column_name, old_value, new_value) VALUES (133, 1, 739, true, 'pack_status', NULL, 'active');
INSERT INTO ad_changes (ad_id, action_id, state_id, is_param, column_name, old_value, new_value) VALUES (134, 1, 743, true, 'pack_status', NULL, 'active');

INSERT INTO ad_codes (code, code_type) VALUES (24741, 'pay');
INSERT INTO ad_codes (code, code_type) VALUES (56764, 'pay');
INSERT INTO ad_codes (code, code_type) VALUES (88787, 'pay');
INSERT INTO ad_codes (code, code_type) VALUES (30810, 'pay');
INSERT INTO ad_codes (code, code_type) VALUES (62833, 'pay');
INSERT INTO ad_codes (code, code_type) VALUES (94856, 'pay');
INSERT INTO ad_codes (code, code_type) VALUES (36879, 'pay');
INSERT INTO ad_codes (code, code_type) VALUES (68902, 'pay');
INSERT INTO ad_codes (code, code_type) VALUES (10925, 'pay');

INSERT INTO ad_image_changes (ad_id, action_id, state_id, seq_no, name, is_new) VALUES (130, 1, 713, 0, NULL, false);
INSERT INTO ad_image_changes (ad_id, action_id, state_id, seq_no, name, is_new) VALUES (129, 1, 714, 0, NULL, false);
INSERT INTO ad_image_changes (ad_id, action_id, state_id, seq_no, name, is_new) VALUES (128, 1, 715, 0, NULL, false);
INSERT INTO ad_image_changes (ad_id, action_id, state_id, seq_no, name, is_new) VALUES (127, 1, 716, 0, NULL, false);
INSERT INTO ad_image_changes (ad_id, action_id, state_id, seq_no, name, is_new) VALUES (126, 1, 717, 0, NULL, false);
INSERT INTO ad_image_changes (ad_id, action_id, state_id, seq_no, name, is_new) VALUES (131, 1, 721, 0, NULL, false);
INSERT INTO ad_image_changes (ad_id, action_id, state_id, seq_no, name, is_new) VALUES (132, 1, 737, 0, NULL, false);
INSERT INTO ad_image_changes (ad_id, action_id, state_id, seq_no, name, is_new) VALUES (133, 1, 741, 0, NULL, false);
INSERT INTO ad_image_changes (ad_id, action_id, state_id, seq_no, name, is_new) VALUES (134, 1, 745, 0, '0108523319.jpg', false);
INSERT INTO ad_images_digests (ad_id, name, digest, uid, previously_inserted) VALUES (134, '0108523319.jpg', '1890f649bfe523a7fd5146c16f322424', 56, false);
INSERT INTO ad_media (ad_media_id, ad_id, seq_no, upload_time, media_type, width, height, length) VALUES (0108523319, 134, 0, '2015-08-31 12:10:21.751393', 'image', NULL, NULL, NULL);
INSERT INTO ad_params (ad_id, name, value) VALUES (133, 'pack_status', 'active');
INSERT INTO ad_params (ad_id, name, value) VALUES (134, 'pack_status', 'active');

SELECT pg_catalog.setval('ads_ad_id_seq', 134, true);
SELECT pg_catalog.setval('list_id_seq', 8000093, true);

INSERT INTO packs (pack_id, account_id, status, type, slots, used, date_start, date_end, product_id) VALUES (1, 9, 'active', 'real_estate', 1, 1, '2015-03-09 18:01:17.433638', NOW() + INTERVAL '1 day', 21010);
INSERT INTO packs (pack_id, account_id, status, type, slots, used, date_start, date_end, product_id) VALUES (2, 10, 'active', 'real_estate', 10, 1, '2015-03-09 18:16:43.597614', NOW() + INTERVAL '1 day', 21010);

SELECT pg_catalog.setval('packs_pack_id_seq', 3, true);
SELECT pg_catalog.setval('pay_code_seq', 475, true);

INSERT INTO pay_log (pay_log_id, pay_type, amount, code, token_id, paid_at, payment_group_id, status) VALUES (213, 'save', 0, '633026231', NULL, '2015-03-09 17:30:56', 166, 'SAVE');
INSERT INTO pay_log (pay_log_id, pay_type, amount, code, token_id, paid_at, payment_group_id, status) VALUES (214, 'verify', 0, '633026231', NULL, '2015-03-09 17:30:56', 166, 'OK');
INSERT INTO pay_log (pay_log_id, pay_type, amount, code, token_id, paid_at, payment_group_id, status) VALUES (215, 'save', 0, '768418254', NULL, '2015-03-09 17:31:59', 167, 'SAVE');
INSERT INTO pay_log (pay_log_id, pay_type, amount, code, token_id, paid_at, payment_group_id, status) VALUES (216, 'verify', 0, '768418254', NULL, '2015-03-09 17:31:59', 167, 'OK');
INSERT INTO pay_log (pay_log_id, pay_type, amount, code, token_id, paid_at, payment_group_id, status) VALUES (217, 'save', 0, '903810277', NULL, '2015-03-09 17:32:42', 168, 'SAVE');
INSERT INTO pay_log (pay_log_id, pay_type, amount, code, token_id, paid_at, payment_group_id, status) VALUES (218, 'verify', 0, '903810277', NULL, '2015-03-09 17:32:42', 168, 'OK');
INSERT INTO pay_log (pay_log_id, pay_type, amount, code, token_id, paid_at, payment_group_id, status) VALUES (219, 'save', 0, '139202300', NULL, '2015-03-09 17:33:30', 169, 'SAVE');
INSERT INTO pay_log (pay_log_id, pay_type, amount, code, token_id, paid_at, payment_group_id, status) VALUES (220, 'verify', 0, '139202300', NULL, '2015-03-09 17:33:30', 169, 'OK');
INSERT INTO pay_log (pay_log_id, pay_type, amount, code, token_id, paid_at, payment_group_id, status) VALUES (221, 'save', 0, '274594323', NULL, '2015-03-09 17:34:15', 170, 'SAVE');
INSERT INTO pay_log (pay_log_id, pay_type, amount, code, token_id, paid_at, payment_group_id, status) VALUES (222, 'verify', 0, '274594323', NULL, '2015-03-09 17:34:15', 170, 'OK');
INSERT INTO pay_log (pay_log_id, pay_type, amount, code, token_id, paid_at, payment_group_id, status) VALUES (223, 'save', 0, '409986346', NULL, '2015-03-09 17:44:56', 171, 'SAVE');
INSERT INTO pay_log (pay_log_id, pay_type, amount, code, token_id, paid_at, payment_group_id, status) VALUES (224, 'verify', 0, '409986346', NULL, '2015-03-09 17:44:56', 171, 'OK');
INSERT INTO pay_log (pay_log_id, pay_type, amount, code, token_id, paid_at, payment_group_id, status) VALUES (225, 'save', 0, '545378369', NULL, '2015-03-09 17:50:11', 172, 'SAVE');
INSERT INTO pay_log (pay_log_id, pay_type, amount, code, token_id, paid_at, payment_group_id, status) VALUES (226, 'verify', 0, '545378369', NULL, '2015-03-09 17:50:11', 172, 'OK');
INSERT INTO pay_log (pay_log_id, pay_type, amount, code, token_id, paid_at, payment_group_id, status) VALUES (227, 'save', 0, '680770392', NULL, '2015-03-09 18:03:40', 173, 'SAVE');
INSERT INTO pay_log (pay_log_id, pay_type, amount, code, token_id, paid_at, payment_group_id, status) VALUES (228, 'verify', 0, '680770392', NULL, '2015-03-09 18:03:40', 173, 'OK');
INSERT INTO pay_log (pay_log_id, pay_type, amount, code, token_id, paid_at, payment_group_id, status) VALUES (229, 'save', 0, '816162415', NULL, '2015-03-09 18:18:38', 174, 'SAVE');
INSERT INTO pay_log (pay_log_id, pay_type, amount, code, token_id, paid_at, payment_group_id, status) VALUES (230, 'verify', 0, '816162415', NULL, '2015-03-09 18:18:38', 174, 'OK');

SELECT pg_catalog.setval('pay_log_pay_log_id_seq', 230, true);

INSERT INTO pay_log_references (pay_log_id, ref_num, ref_type, reference) VALUES (213, 0, 'adphone', '954376598');
INSERT INTO pay_log_references (pay_log_id, ref_num, ref_type, reference) VALUES (213, 1, 'remote_addr', '10.0.1.101');
INSERT INTO pay_log_references (pay_log_id, ref_num, ref_type, reference) VALUES (214, 0, 'remote_addr', '10.0.1.101');
INSERT INTO pay_log_references (pay_log_id, ref_num, ref_type, reference) VALUES (215, 0, 'adphone', '954376598');
INSERT INTO pay_log_references (pay_log_id, ref_num, ref_type, reference) VALUES (215, 1, 'remote_addr', '10.0.1.101');
INSERT INTO pay_log_references (pay_log_id, ref_num, ref_type, reference) VALUES (216, 0, 'remote_addr', '10.0.1.101');
INSERT INTO pay_log_references (pay_log_id, ref_num, ref_type, reference) VALUES (217, 0, 'adphone', '954376598');
INSERT INTO pay_log_references (pay_log_id, ref_num, ref_type, reference) VALUES (217, 1, 'remote_addr', '10.0.1.101');
INSERT INTO pay_log_references (pay_log_id, ref_num, ref_type, reference) VALUES (218, 0, 'remote_addr', '10.0.1.101');
INSERT INTO pay_log_references (pay_log_id, ref_num, ref_type, reference) VALUES (219, 0, 'adphone', '954376598');
INSERT INTO pay_log_references (pay_log_id, ref_num, ref_type, reference) VALUES (219, 1, 'remote_addr', '10.0.1.101');
INSERT INTO pay_log_references (pay_log_id, ref_num, ref_type, reference) VALUES (220, 0, 'remote_addr', '10.0.1.101');
INSERT INTO pay_log_references (pay_log_id, ref_num, ref_type, reference) VALUES (221, 0, 'adphone', '954376598');
INSERT INTO pay_log_references (pay_log_id, ref_num, ref_type, reference) VALUES (221, 1, 'remote_addr', '10.0.1.101');
INSERT INTO pay_log_references (pay_log_id, ref_num, ref_type, reference) VALUES (222, 0, 'remote_addr', '10.0.1.101');
INSERT INTO pay_log_references (pay_log_id, ref_num, ref_type, reference) VALUES (223, 0, 'adphone', '954376598');
INSERT INTO pay_log_references (pay_log_id, ref_num, ref_type, reference) VALUES (223, 1, 'remote_addr', '10.0.1.101');
INSERT INTO pay_log_references (pay_log_id, ref_num, ref_type, reference) VALUES (224, 0, 'remote_addr', '10.0.1.101');
INSERT INTO pay_log_references (pay_log_id, ref_num, ref_type, reference) VALUES (225, 0, 'adphone', '965656565');
INSERT INTO pay_log_references (pay_log_id, ref_num, ref_type, reference) VALUES (225, 1, 'remote_addr', '10.0.1.101');
INSERT INTO pay_log_references (pay_log_id, ref_num, ref_type, reference) VALUES (226, 0, 'remote_addr', '10.0.1.101');
INSERT INTO pay_log_references (pay_log_id, ref_num, ref_type, reference) VALUES (227, 0, 'adphone', '998768766');
INSERT INTO pay_log_references (pay_log_id, ref_num, ref_type, reference) VALUES (227, 1, 'remote_addr', '10.0.1.101');
INSERT INTO pay_log_references (pay_log_id, ref_num, ref_type, reference) VALUES (228, 0, 'remote_addr', '10.0.1.101');
INSERT INTO pay_log_references (pay_log_id, ref_num, ref_type, reference) VALUES (229, 0, 'adphone', '967867876');
INSERT INTO pay_log_references (pay_log_id, ref_num, ref_type, reference) VALUES (229, 1, 'remote_addr', '10.0.1.101');
INSERT INTO pay_log_references (pay_log_id, ref_num, ref_type, reference) VALUES (230, 0, 'remote_addr', '10.0.1.101');

SELECT pg_catalog.setval('payment_groups_payment_group_id_seq', 174, true);

INSERT INTO payments (payment_group_id, payment_type, pay_amount, discount) VALUES (166, 'ad_action', 0, 0);
INSERT INTO payments (payment_group_id, payment_type, pay_amount, discount) VALUES (167, 'ad_action', 0, 0);
INSERT INTO payments (payment_group_id, payment_type, pay_amount, discount) VALUES (168, 'ad_action', 0, 0);
INSERT INTO payments (payment_group_id, payment_type, pay_amount, discount) VALUES (169, 'ad_action', 0, 0);
INSERT INTO payments (payment_group_id, payment_type, pay_amount, discount) VALUES (170, 'ad_action', 0, 0);
INSERT INTO payments (payment_group_id, payment_type, pay_amount, discount) VALUES (171, 'ad_action', 0, 0);
INSERT INTO payments (payment_group_id, payment_type, pay_amount, discount) VALUES (172, 'ad_action', 0, 0);
INSERT INTO payments (payment_group_id, payment_type, pay_amount, discount) VALUES (173, 'ad_action', 0, 0);
INSERT INTO payments (payment_group_id, payment_type, pay_amount, discount) VALUES (174, 'ad_action', 0, 0);

INSERT INTO review_log (ad_id, action_id, admin_id, review_time, queue, action_type, action, refusal_reason_text, category) VALUES (130, 1, 9, '2015-03-09 17:36:10.76631', 'all', 'new', 'accepted', NULL, 1220);
INSERT INTO review_log (ad_id, action_id, admin_id, review_time, queue, action_type, action, refusal_reason_text, category) VALUES (129, 1, 9, '2015-03-09 17:36:22.37339', 'all', 'new', 'accepted', NULL, 1220);
INSERT INTO review_log (ad_id, action_id, admin_id, review_time, queue, action_type, action, refusal_reason_text, category) VALUES (128, 1, 9, '2015-03-09 17:36:30.757136', 'all', 'new', 'accepted', NULL, 1220);
INSERT INTO review_log (ad_id, action_id, admin_id, review_time, queue, action_type, action, refusal_reason_text, category) VALUES (127, 1, 9, '2015-03-09 17:36:39.082992', 'all', 'new', 'accepted', NULL, 1220);
INSERT INTO review_log (ad_id, action_id, admin_id, review_time, queue, action_type, action, refusal_reason_text, category) VALUES (126, 1, 9, '2015-03-09 17:37:05.123892', 'all', 'new', 'accepted', NULL, 1220);
INSERT INTO review_log (ad_id, action_id, admin_id, review_time, queue, action_type, action, refusal_reason_text, category) VALUES (131, 1, 9, '2015-03-09 17:45:32.630115', 'all', 'new', 'accepted', NULL, 1220);
INSERT INTO review_log (ad_id, action_id, admin_id, review_time, queue, action_type, action, refusal_reason_text, category) VALUES (132, 1, 9, '2015-03-09 17:53:50.009107', 'all', 'new', 'accepted', NULL, 1220);

INSERT INTO state_params (ad_id, action_id, state_id, name, value) VALUES (130, 1, 713, 'filter_name', 'all');
INSERT INTO state_params (ad_id, action_id, state_id, name, value) VALUES (129, 1, 714, 'filter_name', 'all');
INSERT INTO state_params (ad_id, action_id, state_id, name, value) VALUES (128, 1, 715, 'filter_name', 'all');
INSERT INTO state_params (ad_id, action_id, state_id, name, value) VALUES (127, 1, 716, 'filter_name', 'all');
INSERT INTO state_params (ad_id, action_id, state_id, name, value) VALUES (126, 1, 717, 'filter_name', 'all');
INSERT INTO state_params (ad_id, action_id, state_id, name, value) VALUES (131, 1, 721, 'filter_name', 'all');
INSERT INTO state_params (ad_id, action_id, state_id, name, value) VALUES (132, 1, 737, 'filter_name', 'all');
INSERT INTO state_params (ad_id, action_id, state_id, name, value) VALUES (133, 1, 741, 'filter_name', 'pack');
INSERT INTO state_params (ad_id, action_id, state_id, name, value) VALUES (134, 1, 745, 'filter_name', 'pack');

SELECT pg_catalog.setval('tokens_token_id_seq', 766, true);
SELECT pg_catalog.setval('trans_queue_id_seq', 103, true);
SELECT pg_catalog.setval('uid_seq', 56, true);

INSERT INTO user_params (user_id, name, value) VALUES (59, 'first_approved_ad', '2015-03-09 17:36:10.76631-03');
INSERT INTO user_params (user_id, name, value) VALUES (60, 'first_approved_ad', '2015-03-09 17:53:50.009107-03');
INSERT INTO user_params (user_id, name, value) VALUES (61, 'first_approved_ad', '2015-03-09 18:04:42.836305-03');
INSERT INTO user_params (user_id, name, value) VALUES (62, 'first_approved_ad', '2015-03-09 18:19:41.039424-03');

INSERT INTO user_params (user_id, name, value) VALUES (59, 'first_inserted_ad', '2015-03-09 17:36:10.76631-03');
INSERT INTO user_params (user_id, name, value) VALUES (60, 'first_inserted_ad', '2015-03-09 17:53:50.009107-03');
INSERT INTO user_params (user_id, name, value) VALUES (61, 'first_inserted_ad', '2015-03-09 18:04:42.836305-03');
INSERT INTO user_params (user_id, name, value) VALUES (62, 'first_inserted_ad', '2015-03-09 18:19:41.039424-03');

SELECT pg_catalog.setval('users_user_id_seq', 62, true);

-- vim:syntax=sql
INSERT INTO ad_params VALUES (132, 'estate_type', '1');
INSERT INTO ad_params VALUES (132, 'rooms', '1');
INSERT INTO ad_params VALUES (132, 'communes', '328');
INSERT INTO ad_params VALUES (133, 'communes', '327');
INSERT INTO ad_params VALUES (133, 'estate_type', '1');
INSERT INTO ad_params VALUES (133, 'rooms', '1');
INSERT INTO ad_params VALUES (134, 'communes', '338');
INSERT INTO ad_params VALUES (134, 'estate_type', '1');
INSERT INTO ad_params VALUES (134, 'rooms', '1');
INSERT INTO ad_params VALUES (130, 'communes', '331');
INSERT INTO ad_params VALUES (130, 'estate_type', '1');
INSERT INTO ad_params VALUES (130, 'rooms', '1');
INSERT INTO ad_params VALUES (129, 'estate_type', '1');
INSERT INTO ad_params VALUES (129, 'rooms', '1');
INSERT INTO ad_params VALUES (129, 'communes', '329');
INSERT INTO ad_params VALUES (128, 'estate_type', '1');
INSERT INTO ad_params VALUES (128, 'rooms', '1');
INSERT INTO ad_params VALUES (128, 'communes', '338');
INSERT INTO ad_params VALUES (126, 'estate_type', '1');
INSERT INTO ad_params VALUES (126, 'rooms', '1');
INSERT INTO ad_params VALUES (126, 'communes', '338');
INSERT INTO ad_params VALUES (127, 'estate_type', '1');
INSERT INTO ad_params VALUES (127, 'rooms', '1');
INSERT INTO ad_params VALUES (127, 'communes', '338');

--Change all passwords to 123123123
update ads set salted_passwd =  E'$1024$2y1bQ}VYRD}zF4QCbf07a971b784888658a20e62156de64dfde5ffb6', passwd = null;
update accounts set salted_passwd =  E'$1024$2y1bQ}VYRD}zF4QCbf07a971b784888658a20e62156de64dfde5ffb6';
