INSERT INTO tokens (token_id, token, admin_id, created_at, valid_to, remote_addr, info, store_id, email) VALUES (715, 'X565c4ac46e2e2140000000064e44c1f00000000', 9, '2015-11-30 10:10:27.812225', '2015-11-30 10:10:27.906059', '10.0.1.136', 'authenticate', NULL, NULL);
INSERT INTO tokens (token_id, token, admin_id, created_at, valid_to, remote_addr, info, store_id, email) VALUES (716, 'X565c4ac46abc442a000000003ee7f5d500000000', 9, '2015-11-30 10:10:27.906059', '2015-11-30 10:10:50.708634', '10.0.1.136', 'spamfilter', NULL, NULL);
INSERT INTO tokens (token_id, token, admin_id, created_at, valid_to, remote_addr, info, store_id, email) VALUES (717, 'X565c4adb2054e890000000005a730bf200000000', 9, '2015-11-30 10:10:50.708634', '2015-11-30 10:18:55.275594', '10.0.1.136', 'listadmins', NULL, NULL);
INSERT INTO tokens (token_id, token, admin_id, created_at, valid_to, remote_addr, info, store_id, email) VALUES (718, 'X565c4cbf58284c56000000007f14f01800000000', 9, '2015-11-30 10:18:55.275594', '2015-11-30 10:18:55.301575', '10.0.1.136', 'listadmins', NULL, NULL);
INSERT INTO tokens (token_id, token, admin_id, created_at, valid_to, remote_addr, info, store_id, email) VALUES (719, 'X565c4cbfc3b548a000000006ea051f400000000', 9, '2015-11-30 10:18:55.301575', '2015-11-30 10:21:15.114459', '10.0.1.136', 'search_ads', NULL, NULL);
INSERT INTO tokens (token_id, token, admin_id, created_at, valid_to, remote_addr, info, store_id, email) VALUES (720, 'X565c4d4b426a994c000000002bb5575700000000', 9, '2015-11-30 10:21:15.114459', '2015-11-30 10:21:28.658182', '10.0.1.136', 'deletead', NULL, NULL);
INSERT INTO tokens (token_id, token, admin_id, created_at, valid_to, remote_addr, info, store_id, email) VALUES (721, 'X565c4d597485b97d000000006467395800000000', 9, '2015-11-30 10:21:28.658182', '2015-11-30 10:21:28.673554', '10.0.1.136', 'listadmins', NULL, NULL);
INSERT INTO tokens (token_id, token, admin_id, created_at, valid_to, remote_addr, info, store_id, email) VALUES (722, 'X565c4d59c367482000000002a283cd200000000', 9, '2015-11-30 10:21:28.673554', '2015-11-30 10:21:34.462098', '10.0.1.136', 'search_ads', NULL, NULL);
INSERT INTO tokens (token_id, token, admin_id, created_at, valid_to, remote_addr, info, store_id, email) VALUES (723, 'X565c4d5e6f71bfad00000000168dccf100000000', 9, '2015-11-30 10:21:34.462098', '2015-11-30 10:21:34.50958', '10.0.1.136', 'adqueues', NULL, NULL);
INSERT INTO tokens (token_id, token, admin_id, created_at, valid_to, remote_addr, info, store_id, email) VALUES (724, 'X565c4d5f670f6de20000000077f9accd00000000', 9, '2015-11-30 10:21:34.50958', '2015-11-30 10:21:34.513727', '10.0.1.136', 'block_list', NULL, NULL);
INSERT INTO tokens (token_id, token, admin_id, created_at, valid_to, remote_addr, info, store_id, email) VALUES (725, 'X565c4d5ff67e516000000002918f3f200000000', 9, '2015-11-30 10:21:34.513727', '2015-11-30 10:21:34.518631', '10.0.1.136', 'block_list', NULL, NULL);
INSERT INTO tokens (token_id, token, admin_id, created_at, valid_to, remote_addr, info, store_id, email) VALUES (726, 'X565c4d5f9e6f58200000000676fcfb700000000', 9, '2015-11-30 10:21:34.518631', '2015-11-30 10:22:03.080638', '10.0.1.136', 'block_list', NULL, NULL);
INSERT INTO tokens (token_id, token, admin_id, created_at, valid_to, remote_addr, info, store_id, email) VALUES (727, 'X565c4d7b96ac8b0000000002cb9eb3c00000000', 9, '2015-11-30 10:22:03.080638', '2015-11-30 10:22:03.104837', '10.0.1.136', 'adqueues', NULL, NULL);
INSERT INTO tokens (token_id, token, admin_id, created_at, valid_to, remote_addr, info, store_id, email) VALUES (728, 'X565c4d7b56e2280e000000005c400a500000000', 9, '2015-11-30 10:22:03.104837', '2015-11-30 10:22:03.108617', '10.0.1.136', 'block_list', NULL, NULL);
INSERT INTO tokens (token_id, token, admin_id, created_at, valid_to, remote_addr, info, store_id, email) VALUES (729, 'X565c4d7b21b2d295000000007cb0f43f00000000', 9, '2015-11-30 10:22:03.108617', '2015-11-30 10:22:03.11257', '10.0.1.136', 'block_list', NULL, NULL);
INSERT INTO tokens (token_id, token, admin_id, created_at, valid_to, remote_addr, info, store_id, email) VALUES (960, 'X565cae1953b86c7d0000000079cca7a100000000', 9, '2015-11-30 17:14:17.32566', '2015-11-30 17:14:17.398464', '10.0.1.136', 'adqueues', NULL, NULL);
INSERT INTO tokens (token_id, token, admin_id, created_at, valid_to, remote_addr, info, store_id, email) VALUES (730, 'X565c4d7b707804090000000038409f8600000000', 9, '2015-11-30 10:22:03.11257', '2015-11-30 10:22:07.76199', '10.0.1.136', 'block_list', NULL, NULL);
INSERT INTO tokens (token_id, token, admin_id, created_at, valid_to, remote_addr, info, store_id, email) VALUES (731, 'X565c4d80c074d1d00000000426aacb200000000', 9, '2015-11-30 10:22:07.76199', '2015-11-30 10:22:13.217162', '10.0.1.136', 'review', NULL, NULL);
INSERT INTO tokens (token_id, token, admin_id, created_at, valid_to, remote_addr, info, store_id, email) VALUES (961, 'X565cae1931b19f31000000005bec243a00000000', 9, '2015-11-30 17:14:17.398464', '2015-11-30 17:14:17.404174', '10.0.1.136', 'block_list', NULL, NULL);
INSERT INTO tokens (token_id, token, admin_id, created_at, valid_to, remote_addr, info, store_id, email) VALUES (962, 'X565cae194ef31f2300000000530ba66200000000', 9, '2015-11-30 17:14:17.404174', '2015-11-30 17:14:17.409011', '10.0.1.136', 'block_list', NULL, NULL);
INSERT INTO tokens (token_id, token, admin_id, created_at, valid_to, remote_addr, info, store_id, email) VALUES (963, 'X565cae1958ad89280000000058dbdcde00000000', 9, '2015-11-30 17:14:17.409011', '2015-11-30 17:14:37.685063', '10.0.1.136', 'block_list', NULL, NULL);
INSERT INTO tokens (token_id, token, admin_id, created_at, valid_to, remote_addr, info, store_id, email) VALUES (964, 'X565cae2e4529842c000000001e0e795d00000000', 9, '2015-11-30 17:14:37.685063', '2015-11-30 17:14:40.542438', '10.0.1.136', 'deletead', NULL, NULL);
INSERT INTO tokens (token_id, token, admin_id, created_at, valid_to, remote_addr, info, store_id, email) VALUES (965, 'X565cae31b02e97700000000186fc70100000000', 9, '2015-11-30 17:14:40.542438', '2015-11-30 17:14:40.575665', '10.0.1.136', 'adqueues', NULL, NULL);
INSERT INTO tokens (token_id, token, admin_id, created_at, valid_to, remote_addr, info, store_id, email) VALUES (966, 'X565cae3177c57ae4000000002ae5cda400000000', 9, '2015-11-30 17:14:40.575665', '2015-11-30 17:14:40.57948', '10.0.1.136', 'block_list', NULL, NULL);
INSERT INTO tokens (token_id, token, admin_id, created_at, valid_to, remote_addr, info, store_id, email) VALUES (967, 'X565cae314e5152e8000000001643ab6500000000', 9, '2015-11-30 17:14:40.57948', '2015-11-30 17:14:40.583498', '10.0.1.136', 'block_list', NULL, NULL);
INSERT INTO tokens (token_id, token, admin_id, created_at, valid_to, remote_addr, info, store_id, email) VALUES (968, 'X565cae31224a2b8000000000613f14ae00000000', 9, '2015-11-30 17:14:40.583498', '2015-11-30 17:14:55.306506', '10.0.1.136', 'block_list', NULL, NULL);
INSERT INTO tokens (token_id, token, admin_id, created_at, valid_to, remote_addr, info, store_id, email) VALUES (969, 'X565cae3f1298f786000000001fc6ba8200000000', 9, '2015-11-30 17:14:55.306506', '2015-11-30 17:14:55.319909', '10.0.1.136', 'listadmins', NULL, NULL);
INSERT INTO tokens (token_id, token, admin_id, created_at, valid_to, remote_addr, info, store_id, email) VALUES (970, 'X565cae3f6ee1f086000000001d02ccc100000000', 9, '2015-11-30 17:14:55.319909', '2015-11-30 17:15:23.672322', '10.0.1.136', 'search_ads', NULL, NULL);
INSERT INTO tokens (token_id, token, admin_id, created_at, valid_to, remote_addr, info, store_id, email) VALUES (971, 'X565cae5cbc21a800000000042a8e4b800000000', 9, '2015-11-30 17:15:23.672322', '2015-11-30 17:15:23.728682', '10.0.1.136', 'adqueues', NULL, NULL);
INSERT INTO tokens (token_id, token, admin_id, created_at, valid_to, remote_addr, info, store_id, email) VALUES (972, 'X565cae5c2fdd4fbf000000003c47fa4800000000', 9, '2015-11-30 17:15:23.728682', '2015-11-30 17:15:23.732054', '10.0.1.136', 'block_list', NULL, NULL);
INSERT INTO tokens (token_id, token, admin_id, created_at, valid_to, remote_addr, info, store_id, email) VALUES (973, 'X565cae5c6f6a8d860000000021ae379700000000', 9, '2015-11-30 17:15:23.732054', '2015-11-30 17:15:23.735656', '10.0.1.136', 'block_list', NULL, NULL);
INSERT INTO tokens (token_id, token, admin_id, created_at, valid_to, remote_addr, info, store_id, email) VALUES (974, 'X565cae5c653f57cf000000004c5fdce200000000', 9, '2015-11-30 17:15:23.735656', '2015-11-30 18:15:23.735656', '10.0.1.136', 'block_list', NULL, NULL);
INSERT INTO tokens (token_id, token, admin_id, created_at, valid_to, remote_addr, info, store_id, email) VALUES (732, 'X565c4d855f1b550d000000005e2ea2c000000000', 9, '2015-11-30 10:22:13.217162', '2015-11-30 10:22:13.231302', '10.0.1.136', 'listadmins', NULL, NULL);
INSERT INTO tokens (token_id, token, admin_id, created_at, valid_to, remote_addr, info, store_id, email) VALUES (733, 'X565c4d853d20d24b0000000077d19ed900000000', 9, '2015-11-30 10:22:13.231302', '2015-11-30 10:22:18.643564', '10.0.1.136', 'search_ads', NULL, NULL);
INSERT INTO tokens (token_id, token, admin_id, created_at, valid_to, remote_addr, info, store_id, email) VALUES (734, 'X565c4d8b5e67c78e000000002ef707e900000000', 9, '2015-11-30 10:22:18.643564', '2015-11-30 10:22:35.648037', '10.0.1.136', 'change_ad_status', NULL, NULL);
INSERT INTO tokens (token_id, token, admin_id, created_at, valid_to, remote_addr, info, store_id, email) VALUES (735, 'X565c4d9c6e2df5ac000000006e02d0300000000', 9, '2015-11-30 10:22:35.648037', '2015-11-30 10:22:35.659964', '10.0.1.136', 'listadmins', NULL, NULL);
INSERT INTO tokens (token_id, token, admin_id, created_at, valid_to, remote_addr, info, store_id, email) VALUES (736, 'X565c4d9c593fc86000000001bc0a30200000000', 9, '2015-11-30 10:22:35.659964', '2015-11-30 10:23:22.334597', '10.0.1.136', 'search_ads', NULL, NULL);
INSERT INTO tokens (token_id, token, admin_id, created_at, valid_to, remote_addr, info, store_id, email) VALUES (737, 'X565c4dca252a4a76000000002f5f84f000000000', 9, '2015-11-30 10:23:22.334597', '2015-11-30 10:23:22.34657', '10.0.1.136', 'listadmins', NULL, NULL);
INSERT INTO tokens (token_id, token, admin_id, created_at, valid_to, remote_addr, info, store_id, email) VALUES (738, 'X565c4dca30fdd1950000000028d3ff8100000000', 9, '2015-11-30 10:23:22.34657', '2015-11-30 10:23:25.612095', '10.0.1.136', 'search_ads', NULL, NULL);
INSERT INTO tokens (token_id, token, admin_id, created_at, valid_to, remote_addr, info, store_id, email) VALUES (739, 'X565c4dce7d9d448c00000000732ca43e00000000', 9, '2015-11-30 10:23:25.612095', '2015-11-30 10:23:25.659075', '10.0.1.136', 'adqueues', NULL, NULL);
INSERT INTO tokens (token_id, token, admin_id, created_at, valid_to, remote_addr, info, store_id, email) VALUES (740, 'X565c4dce39f6e2f80000000063e1b19700000000', 9, '2015-11-30 10:23:25.659075', '2015-11-30 10:23:25.663077', '10.0.1.136', 'block_list', NULL, NULL);
INSERT INTO tokens (token_id, token, admin_id, created_at, valid_to, remote_addr, info, store_id, email) VALUES (741, 'X565c4dce3216cbbd00000000d3a7d6b00000000', 9, '2015-11-30 10:23:25.663077', '2015-11-30 10:23:25.667366', '10.0.1.136', 'block_list', NULL, NULL);
INSERT INTO tokens (token_id, token, admin_id, created_at, valid_to, remote_addr, info, store_id, email) VALUES (742, 'X565c4dce31a2b8c4000000001ea927f600000000', 9, '2015-11-30 10:23:25.667366', '2015-11-30 10:23:40.430239', '10.0.1.136', 'block_list', NULL, NULL);
INSERT INTO tokens (token_id, token, admin_id, created_at, valid_to, remote_addr, info, store_id, email) VALUES (743, 'X565c4ddc23ed8ebc000000002fc65a0b00000000', 9, '2015-11-30 10:23:40.430239', '2015-11-30 10:23:44.640163', '10.0.1.136', 'deletead', NULL, NULL);
INSERT INTO tokens (token_id, token, admin_id, created_at, valid_to, remote_addr, info, store_id, email) VALUES (744, 'X565c4de11d1c97f8000000006658280900000000', 9, '2015-11-30 10:23:44.640163', '2015-11-30 10:23:44.651491', '10.0.1.136', 'listadmins', NULL, NULL);
INSERT INTO tokens (token_id, token, admin_id, created_at, valid_to, remote_addr, info, store_id, email) VALUES (745, 'X565c4de15b7bb162000000004e63e9d600000000', 9, '2015-11-30 10:23:44.651491', '2015-11-30 10:23:47.254058', '10.0.1.136', 'search_ads', NULL, NULL);
INSERT INTO tokens (token_id, token, admin_id, created_at, valid_to, remote_addr, info, store_id, email) VALUES (746, 'X565c4de331be52aa00000000c82488200000000', 9, '2015-11-30 10:23:47.254058', '2015-11-30 10:23:47.300088', '10.0.1.136', 'adqueues', NULL, NULL);
INSERT INTO tokens (token_id, token, admin_id, created_at, valid_to, remote_addr, info, store_id, email) VALUES (747, 'X565c4de33792b3c50000000010d9a7b700000000', 9, '2015-11-30 10:23:47.300088', '2015-11-30 10:23:47.303748', '10.0.1.136', 'block_list', NULL, NULL);
INSERT INTO tokens (token_id, token, admin_id, created_at, valid_to, remote_addr, info, store_id, email) VALUES (748, 'X565c4de36ab0eb430000000074b3861000000000', 9, '2015-11-30 10:23:47.303748', '2015-11-30 10:23:47.307726', '10.0.1.136', 'block_list', NULL, NULL);
INSERT INTO tokens (token_id, token, admin_id, created_at, valid_to, remote_addr, info, store_id, email) VALUES (749, 'X565c4de38ab4691000000004918b2d100000000', 9, '2015-11-30 10:23:47.307726', '2015-11-30 10:35:17.018892', '10.0.1.136', 'block_list', NULL, NULL);
INSERT INTO tokens (token_id, token, admin_id, created_at, valid_to, remote_addr, info, store_id, email) VALUES (750, 'X565c50957d7b3a660000000041001a4c00000000', 9, '2015-11-30 10:35:17.018892', '2015-11-30 10:35:17.084864', '10.0.1.136', 'adqueues', NULL, NULL);
INSERT INTO tokens (token_id, token, admin_id, created_at, valid_to, remote_addr, info, store_id, email) VALUES (751, 'X565c50957eb0b7c1000000002d49534f00000000', 9, '2015-11-30 10:35:17.084864', '2015-11-30 10:35:17.090581', '10.0.1.136', 'block_list', NULL, NULL);
INSERT INTO tokens (token_id, token, admin_id, created_at, valid_to, remote_addr, info, store_id, email) VALUES (752, 'X565c509552ca156a0000000068ab48c000000000', 9, '2015-11-30 10:35:17.090581', '2015-11-30 10:35:17.095431', '10.0.1.136', 'block_list', NULL, NULL);
INSERT INTO tokens (token_id, token, admin_id, created_at, valid_to, remote_addr, info, store_id, email) VALUES (753, 'X565c509538704d870000000039964cbe00000000', 9, '2015-11-30 10:35:17.095431', '2015-11-30 10:50:55.529114', '10.0.1.136', 'block_list', NULL, NULL);
INSERT INTO tokens (token_id, token, admin_id, created_at, valid_to, remote_addr, info, store_id, email) VALUES (754, 'X565c5440781136fe00000000707b289a00000000', 9, '2015-11-30 10:50:55.529114', '2015-11-30 10:50:55.549225', '10.0.1.136', 'listadmins', NULL, NULL);
INSERT INTO tokens (token_id, token, admin_id, created_at, valid_to, remote_addr, info, store_id, email) VALUES (755, 'X565c54403a38890c000000004035310a00000000', 9, '2015-11-30 10:50:55.549225', '2015-11-30 10:51:00.640741', '10.0.1.136', 'search_ads', NULL, NULL);
INSERT INTO tokens (token_id, token, admin_id, created_at, valid_to, remote_addr, info, store_id, email) VALUES (756, 'X565c54453fc5cc05000000002d1d8ca700000000', 9, '2015-11-30 10:51:00.640741', '2015-11-30 10:51:02.358842', '10.0.1.136', 'undo_deletead', NULL, NULL);
INSERT INTO tokens (token_id, token, admin_id, created_at, valid_to, remote_addr, info, store_id, email) VALUES (757, 'X565c544674f66d4200000000646394500000000', 9, '2015-11-30 10:51:02.358842', '2015-11-30 10:51:02.371038', '10.0.1.136', 'listadmins', NULL, NULL);
INSERT INTO tokens (token_id, token, admin_id, created_at, valid_to, remote_addr, info, store_id, email) VALUES (758, 'X565c544649978e2400000000176707ad00000000', 9, '2015-11-30 10:51:02.371038', '2015-11-30 10:51:08.831343', '10.0.1.136', 'search_ads', NULL, NULL);
INSERT INTO tokens (token_id, token, admin_id, created_at, valid_to, remote_addr, info, store_id, email) VALUES (759, 'X565c544d229769c8000000003902a22100000000', 9, '2015-11-30 10:51:08.831343', '2015-11-30 10:51:08.844094', '10.0.1.136', 'listadmins', NULL, NULL);
INSERT INTO tokens (token_id, token, admin_id, created_at, valid_to, remote_addr, info, store_id, email) VALUES (760, 'X565c544d52bfb4cc00000000407d7fec00000000', 9, '2015-11-30 10:51:08.844094', '2015-11-30 10:51:18.147946', '10.0.1.136', 'search_ads', NULL, NULL);
INSERT INTO tokens (token_id, token, admin_id, created_at, valid_to, remote_addr, info, store_id, email) VALUES (761, 'X565c5456788d722c0000000055d25c7f00000000', 9, '2015-11-30 10:51:18.147946', '2015-11-30 10:51:18.193131', '10.0.1.136', 'adqueues', NULL, NULL);
INSERT INTO tokens (token_id, token, admin_id, created_at, valid_to, remote_addr, info, store_id, email) VALUES (762, 'X565c54567e0acc5b000000004076945700000000', 9, '2015-11-30 10:51:18.193131', '2015-11-30 10:51:18.197691', '10.0.1.136', 'block_list', NULL, NULL);
INSERT INTO tokens (token_id, token, admin_id, created_at, valid_to, remote_addr, info, store_id, email) VALUES (763, 'X565c54561a265ade00000000472a95f500000000', 9, '2015-11-30 10:51:18.197691', '2015-11-30 10:51:18.202051', '10.0.1.136', 'block_list', NULL, NULL);
INSERT INTO tokens (token_id, token, admin_id, created_at, valid_to, remote_addr, info, store_id, email) VALUES (764, 'X565c54567a859ce800000000119c04cb00000000', 9, '2015-11-30 10:51:18.202051', '2015-11-30 10:57:26.599806', '10.0.1.136', 'block_list', NULL, NULL);
INSERT INTO tokens (token_id, token, admin_id, created_at, valid_to, remote_addr, info, store_id, email) VALUES (765, 'X565c55c7445d0730000000033b379e500000000', 9, '2015-11-30 10:57:26.599806', '2015-11-30 10:57:26.671775', '10.0.1.136', 'adqueues', NULL, NULL);
INSERT INTO tokens (token_id, token, admin_id, created_at, valid_to, remote_addr, info, store_id, email) VALUES (766, 'X565c55c76af4c74000000003d9440a000000000', 9, '2015-11-30 10:57:26.671775', '2015-11-30 10:57:26.677443', '10.0.1.136', 'block_list', NULL, NULL);
INSERT INTO tokens (token_id, token, admin_id, created_at, valid_to, remote_addr, info, store_id, email) VALUES (767, 'X565c55c711e2ec4b000000001580316a00000000', 9, '2015-11-30 10:57:26.677443', '2015-11-30 10:57:26.682157', '10.0.1.136', 'block_list', NULL, NULL);
INSERT INTO tokens (token_id, token, admin_id, created_at, valid_to, remote_addr, info, store_id, email) VALUES (768, 'X565c55c76dfbeae9000000003ab0334e00000000', 9, '2015-11-30 10:57:26.682157', '2015-11-30 10:57:37.92939', '10.0.1.136', 'block_list', NULL, NULL);
INSERT INTO tokens (token_id, token, admin_id, created_at, valid_to, remote_addr, info, store_id, email) VALUES (769, 'X565c55d21ecbfbb4000000005b63c47a00000000', 9, '2015-11-30 10:57:37.92939', '2015-11-30 10:57:45.728734', '10.0.1.136', 'review', NULL, NULL);
INSERT INTO tokens (token_id, token, admin_id, created_at, valid_to, remote_addr, info, store_id, email) VALUES (770, 'X565c55da14e4fae2000000003960563800000000', 9, '2015-11-30 10:57:45.728734', '2015-11-30 10:57:45.7593', '10.0.1.136', 'adqueues', NULL, NULL);
INSERT INTO tokens (token_id, token, admin_id, created_at, valid_to, remote_addr, info, store_id, email) VALUES (771, 'X565c55da1e600c35000000007e617ed300000000', 9, '2015-11-30 10:57:45.7593', '2015-11-30 10:57:45.762936', '10.0.1.136', 'block_list', NULL, NULL);
INSERT INTO tokens (token_id, token, admin_id, created_at, valid_to, remote_addr, info, store_id, email) VALUES (772, 'X565c55da323760b8000000003173e7900000000', 9, '2015-11-30 10:57:45.762936', '2015-11-30 10:57:45.766658', '10.0.1.136', 'block_list', NULL, NULL);
INSERT INTO tokens (token_id, token, admin_id, created_at, valid_to, remote_addr, info, store_id, email) VALUES (773, 'X565c55da36eb823e000000007f5a625200000000', 9, '2015-11-30 10:57:45.766658', '2015-11-30 10:58:11.900569', '10.0.1.136', 'block_list', NULL, NULL);
INSERT INTO tokens (token_id, token, admin_id, created_at, valid_to, remote_addr, info, store_id, email) VALUES (774, 'X565c55f462f112210000000068e756f800000000', 9, '2015-11-30 10:58:11.900569', '2015-11-30 10:58:11.917789', '10.0.1.136', 'listadmins', NULL, NULL);
INSERT INTO tokens (token_id, token, admin_id, created_at, valid_to, remote_addr, info, store_id, email) VALUES (775, 'X565c55f4bbfac5f000000002c5e166500000000', 9, '2015-11-30 10:58:11.917789', '2015-11-30 10:58:17.332274', '10.0.1.136', 'search_ads', NULL, NULL);
INSERT INTO tokens (token_id, token, admin_id, created_at, valid_to, remote_addr, info, store_id, email) VALUES (776, 'X565c55f97e69cea70000000043e6062800000000', 9, '2015-11-30 10:58:17.332274', '2015-11-30 10:58:17.378526', '10.0.1.136', 'adqueues', NULL, NULL);
INSERT INTO tokens (token_id, token, admin_id, created_at, valid_to, remote_addr, info, store_id, email) VALUES (777, 'X565c55f9441a92b200000000ea4406700000000', 9, '2015-11-30 10:58:17.378526', '2015-11-30 10:58:17.382384', '10.0.1.136', 'block_list', NULL, NULL);
INSERT INTO tokens (token_id, token, admin_id, created_at, valid_to, remote_addr, info, store_id, email) VALUES (778, 'X565c55f96f0f9c9500000000720f88b400000000', 9, '2015-11-30 10:58:17.382384', '2015-11-30 10:58:17.386084', '10.0.1.136', 'block_list', NULL, NULL);
INSERT INTO tokens (token_id, token, admin_id, created_at, valid_to, remote_addr, info, store_id, email) VALUES (779, 'X565c55f958f5b5f1000000005e25fcd200000000', 9, '2015-11-30 10:58:17.386084', '2015-11-30 10:58:34.755787', '10.0.1.136', 'block_list', NULL, NULL);
INSERT INTO tokens (token_id, token, admin_id, created_at, valid_to, remote_addr, info, store_id, email) VALUES (780, 'X565c560b1bba3d72000000002ddb71e100000000', 9, '2015-11-30 10:58:34.755787', '2015-11-30 10:58:34.787445', '10.0.1.136', 'adqueues', NULL, NULL);
INSERT INTO tokens (token_id, token, admin_id, created_at, valid_to, remote_addr, info, store_id, email) VALUES (781, 'X565c560b688ba52f0000000013f12f8400000000', 9, '2015-11-30 10:58:34.787445', '2015-11-30 10:58:34.790982', '10.0.1.136', 'block_list', NULL, NULL);
INSERT INTO tokens (token_id, token, admin_id, created_at, valid_to, remote_addr, info, store_id, email) VALUES (782, 'X565c560b4d5185bc00000000379f90b00000000', 9, '2015-11-30 10:58:34.790982', '2015-11-30 10:58:34.794768', '10.0.1.136', 'block_list', NULL, NULL);
INSERT INTO tokens (token_id, token, admin_id, created_at, valid_to, remote_addr, info, store_id, email) VALUES (783, 'X565c560b69137840000000032bda12200000000', 9, '2015-11-30 10:58:34.794768', '2015-11-30 10:58:40.374617', '10.0.1.136', 'block_list', NULL, NULL);
INSERT INTO tokens (token_id, token, admin_id, created_at, valid_to, remote_addr, info, store_id, email) VALUES (784, 'X565c56101ba4f81a00000000aa2f52600000000', 9, '2015-11-30 10:58:40.374617', '2015-11-30 10:58:40.38235', '10.0.1.136', 'listadmins', NULL, NULL);
INSERT INTO tokens (token_id, token, admin_id, created_at, valid_to, remote_addr, info, store_id, email) VALUES (785, 'X565c56104e88fb4e0000000059faf2bd00000000', 9, '2015-11-30 10:58:40.38235', '2015-11-30 10:58:43.730477', '10.0.1.136', 'search_ads', NULL, NULL);
INSERT INTO tokens (token_id, token, admin_id, created_at, valid_to, remote_addr, info, store_id, email) VALUES (786, 'X565c56144c0a7b7200000000293338800000000', 9, '2015-11-30 10:58:43.730477', '2015-11-30 10:58:45.17443', '10.0.1.136', 'undo_deletead', NULL, NULL);
INSERT INTO tokens (token_id, token, admin_id, created_at, valid_to, remote_addr, info, store_id, email) VALUES (787, 'X565c561560b9305b0000000041d6292900000000', 9, '2015-11-30 10:58:45.17443', '2015-11-30 10:58:45.183928', '10.0.1.136', 'listadmins', NULL, NULL);
INSERT INTO tokens (token_id, token, admin_id, created_at, valid_to, remote_addr, info, store_id, email) VALUES (788, 'X565c56156fb19b0a0000000079ca679700000000', 9, '2015-11-30 10:58:45.183928', '2015-11-30 10:58:47.822193', '10.0.1.136', 'search_ads', NULL, NULL);
INSERT INTO tokens (token_id, token, admin_id, created_at, valid_to, remote_addr, info, store_id, email) VALUES (789, 'X565c5618dbb971b000000006b4382ff00000000', 9, '2015-11-30 10:58:47.822193', '2015-11-30 10:58:47.833706', '10.0.1.136', 'listadmins', NULL, NULL);
INSERT INTO tokens (token_id, token, admin_id, created_at, valid_to, remote_addr, info, store_id, email) VALUES (790, 'X565c56186ebd7c0a00000000517fff2e00000000', 9, '2015-11-30 10:58:47.833706', '2015-11-30 10:58:59.393765', '10.0.1.136', 'search_ads', NULL, NULL);
INSERT INTO tokens (token_id, token, admin_id, created_at, valid_to, remote_addr, info, store_id, email) VALUES (791, 'X565c562343da0500000000059794c1200000000', 9, '2015-11-30 10:58:59.393765', '2015-11-30 10:59:05.315972', '10.0.1.136', 'change_ad_status', NULL, NULL);
INSERT INTO tokens (token_id, token, admin_id, created_at, valid_to, remote_addr, info, store_id, email) VALUES (792, 'X565c5629641c41380000000074b15d4000000000', 9, '2015-11-30 10:59:05.315972', '2015-11-30 10:59:05.326373', '10.0.1.136', 'listadmins', NULL, NULL);
INSERT INTO tokens (token_id, token, admin_id, created_at, valid_to, remote_addr, info, store_id, email) VALUES (793, 'X565c56294eac4ffe0000000062a4665600000000', 9, '2015-11-30 10:59:05.326373', '2015-11-30 10:59:10.51572', '10.0.1.136', 'search_ads', NULL, NULL);
INSERT INTO tokens (token_id, token, admin_id, created_at, valid_to, remote_addr, info, store_id, email) VALUES (794, 'X565c562f653799de00000000161b77fe00000000', 9, '2015-11-30 10:59:10.51572', '2015-11-30 10:59:10.564051', '10.0.1.136', 'adqueues', NULL, NULL);
INSERT INTO tokens (token_id, token, admin_id, created_at, valid_to, remote_addr, info, store_id, email) VALUES (795, 'X565c562f57f1a12700000000445c309b00000000', 9, '2015-11-30 10:59:10.564051', '2015-11-30 10:59:10.567716', '10.0.1.136', 'block_list', NULL, NULL);
INSERT INTO tokens (token_id, token, admin_id, created_at, valid_to, remote_addr, info, store_id, email) VALUES (796, 'X565c562f3e26983200000000488dce3000000000', 9, '2015-11-30 10:59:10.567716', '2015-11-30 10:59:10.571606', '10.0.1.136', 'block_list', NULL, NULL);
INSERT INTO tokens (token_id, token, admin_id, created_at, valid_to, remote_addr, info, store_id, email) VALUES (797, 'X565c562f33d1513000000000758e5cb600000000', 9, '2015-11-30 10:59:10.571606', '2015-11-30 10:59:33.93232', '10.0.1.136', 'block_list', NULL, NULL);
INSERT INTO tokens (token_id, token, admin_id, created_at, valid_to, remote_addr, info, store_id, email) VALUES (798, 'X565c5646470e5be4000000001854f7100000000', 9, '2015-11-30 10:59:33.93232', '2015-11-30 10:59:33.964774', '10.0.1.136', 'adqueues', NULL, NULL);
INSERT INTO tokens (token_id, token, admin_id, created_at, valid_to, remote_addr, info, store_id, email) VALUES (799, 'X565c56465afe9b830000000076ae7dfe00000000', 9, '2015-11-30 10:59:33.964774', '2015-11-30 10:59:33.968566', '10.0.1.136', 'block_list', NULL, NULL);
INSERT INTO tokens (token_id, token, admin_id, created_at, valid_to, remote_addr, info, store_id, email) VALUES (800, 'X565c56466b5fdb3f00000000251ff3cd00000000', 9, '2015-11-30 10:59:33.968566', '2015-11-30 10:59:33.972494', '10.0.1.136', 'block_list', NULL, NULL);
INSERT INTO tokens (token_id, token, admin_id, created_at, valid_to, remote_addr, info, store_id, email) VALUES (801, 'X565c56467c45a230000000061fdedab00000000', 9, '2015-11-30 10:59:33.972494', '2015-11-30 10:59:37.417962', '10.0.1.136', 'block_list', NULL, NULL);
INSERT INTO tokens (token_id, token, admin_id, created_at, valid_to, remote_addr, info, store_id, email) VALUES (802, 'X565c5649781965a9000000001479f38000000000', 9, '2015-11-30 10:59:37.417962', '2015-11-30 10:59:42.27384', '10.0.1.136', 'review', NULL, NULL);
INSERT INTO tokens (token_id, token, admin_id, created_at, valid_to, remote_addr, info, store_id, email) VALUES (803, 'X565c564e6af938140000000039870ce100000000', 9, '2015-11-30 10:59:42.27384', '2015-11-30 10:59:42.290814', '10.0.1.136', 'listadmins', NULL, NULL);
INSERT INTO tokens (token_id, token, admin_id, created_at, valid_to, remote_addr, info, store_id, email) VALUES (804, 'X565c564e2694d7ae0000000069d0df8d00000000', 9, '2015-11-30 10:59:42.290814', '2015-11-30 10:59:52.368664', '10.0.1.136', 'search_ads', NULL, NULL);
INSERT INTO tokens (token_id, token, admin_id, created_at, valid_to, remote_addr, info, store_id, email) VALUES (805, 'X565c56585cab877300000000a52d8c700000000', 9, '2015-11-30 10:59:52.368664', '2015-11-30 11:00:00.928095', '10.0.1.136', 'change_ad_status', NULL, NULL);
INSERT INTO tokens (token_id, token, admin_id, created_at, valid_to, remote_addr, info, store_id, email) VALUES (806, 'X565c566126893d58000000005228ef9800000000', 9, '2015-11-30 11:00:00.928095', '2015-11-30 11:00:00.940485', '10.0.1.136', 'listadmins', NULL, NULL);
INSERT INTO tokens (token_id, token, admin_id, created_at, valid_to, remote_addr, info, store_id, email) VALUES (807, 'X565c56612cdef3d20000000061f48cdd00000000', 9, '2015-11-30 11:00:00.940485', '2015-11-30 11:00:16.864798', '10.0.1.136', 'search_ads', NULL, NULL);
INSERT INTO tokens (token_id, token, admin_id, created_at, valid_to, remote_addr, info, store_id, email) VALUES (808, 'X565c5671259b815d000000008fc711c00000000', 9, '2015-11-30 11:00:16.864798', '2015-11-30 11:00:24.247398', '10.0.1.136', 'change_ad_status', NULL, NULL);
INSERT INTO tokens (token_id, token, admin_id, created_at, valid_to, remote_addr, info, store_id, email) VALUES (809, 'X565c5678738676d5000000005279678100000000', 9, '2015-11-30 11:00:24.247398', '2015-11-30 11:00:24.257759', '10.0.1.136', 'listadmins', NULL, NULL);
INSERT INTO tokens (token_id, token, admin_id, created_at, valid_to, remote_addr, info, store_id, email) VALUES (810, 'X565c567845baed55000000006cbfb8100000000', 9, '2015-11-30 11:00:24.257759', '2015-11-30 11:00:33.919544', '10.0.1.136', 'search_ads', NULL, NULL);
INSERT INTO tokens (token_id, token, admin_id, created_at, valid_to, remote_addr, info, store_id, email) VALUES (811, 'X565c568240530862000000005881eee800000000', 9, '2015-11-30 11:00:33.919544', '2015-11-30 11:00:38.02511', '10.0.1.136', 'ad_status_change', NULL, NULL);
INSERT INTO tokens (token_id, token, admin_id, created_at, valid_to, remote_addr, info, store_id, email) VALUES (812, 'X565c56864252ce750000000028fa246c00000000', 9, '2015-11-30 11:00:38.02511', '2015-11-30 11:00:38.036773', '10.0.1.136', 'listadmins', NULL, NULL);
INSERT INTO tokens (token_id, token, admin_id, created_at, valid_to, remote_addr, info, store_id, email) VALUES (813, 'X565c5686334cfd340000000047492a0c00000000', 9, '2015-11-30 11:00:38.036773', '2015-11-30 11:00:47.791746', '10.0.1.136', 'search_ads', NULL, NULL);
INSERT INTO tokens (token_id, token, admin_id, created_at, valid_to, remote_addr, info, store_id, email) VALUES (814, 'X565c5690197219a400000000116ebd2c00000000', 9, '2015-11-30 11:00:47.791746', '2015-11-30 11:00:47.840798', '10.0.1.136', 'adqueues', NULL, NULL);
INSERT INTO tokens (token_id, token, admin_id, created_at, valid_to, remote_addr, info, store_id, email) VALUES (815, 'X565c569073634a0a000000001d0bd07400000000', 9, '2015-11-30 11:00:47.840798', '2015-11-30 11:00:47.845104', '10.0.1.136', 'block_list', NULL, NULL);
INSERT INTO tokens (token_id, token, admin_id, created_at, valid_to, remote_addr, info, store_id, email) VALUES (816, 'X565c5690260841910000000058ee41a900000000', 9, '2015-11-30 11:00:47.845104', '2015-11-30 11:00:47.84907', '10.0.1.136', 'block_list', NULL, NULL);
INSERT INTO tokens (token_id, token, admin_id, created_at, valid_to, remote_addr, info, store_id, email) VALUES (817, 'X565c56902b67a92a000000003fa5aa7b00000000', 9, '2015-11-30 11:00:47.84907', '2015-11-30 11:09:06.1372', '10.0.1.136', 'block_list', NULL, NULL);
INSERT INTO tokens (token_id, token, admin_id, created_at, valid_to, remote_addr, info, store_id, email) VALUES (818, 'X565c5882681334a6000000005c4acf3000000000', 9, '2015-11-30 11:09:06.1372', '2015-11-30 11:09:06.208834', '10.0.1.136', 'adqueues', NULL, NULL);
INSERT INTO tokens (token_id, token, admin_id, created_at, valid_to, remote_addr, info, store_id, email) VALUES (819, 'X565c58825add09fd000000006d86657400000000', 9, '2015-11-30 11:09:06.208834', '2015-11-30 11:09:06.214118', '10.0.1.136', 'block_list', NULL, NULL);
INSERT INTO tokens (token_id, token, admin_id, created_at, valid_to, remote_addr, info, store_id, email) VALUES (820, 'X565c58823d8cccae000000007de16e9b00000000', 9, '2015-11-30 11:09:06.214118', '2015-11-30 11:09:06.219075', '10.0.1.136', 'block_list', NULL, NULL);
INSERT INTO tokens (token_id, token, admin_id, created_at, valid_to, remote_addr, info, store_id, email) VALUES (821, 'X565c58825610f9820000000073d6ff1e00000000', 9, '2015-11-30 11:09:06.219075', '2015-11-30 11:10:47.648805', '10.0.1.136', 'block_list', NULL, NULL);
INSERT INTO tokens (token_id, token, admin_id, created_at, valid_to, remote_addr, info, store_id, email) VALUES (822, 'X565c58e81a440aa000000002eda5be700000000', 9, '2015-11-30 11:10:47.648805', '2015-11-30 11:10:53.757403', '10.0.1.136', 'ad_status_change', NULL, NULL);
INSERT INTO tokens (token_id, token, admin_id, created_at, valid_to, remote_addr, info, store_id, email) VALUES (823, 'X565c58ee987491500000000593da3b900000000', 9, '2015-11-30 11:10:53.757403', '2015-11-30 11:10:53.771076', '10.0.1.136', 'listadmins', NULL, NULL);
INSERT INTO tokens (token_id, token, admin_id, created_at, valid_to, remote_addr, info, store_id, email) VALUES (824, 'X565c58ee718f47150000000038243e9800000000', 9, '2015-11-30 11:10:53.771076', '2015-11-30 11:11:01.636431', '10.0.1.136', 'search_ads', NULL, NULL);
INSERT INTO tokens (token_id, token, admin_id, created_at, valid_to, remote_addr, info, store_id, email) VALUES (825, 'X565c58f6514a8b050000000048af9f0500000000', 9, '2015-11-30 11:11:01.636431', '2015-11-30 11:11:01.683069', '10.0.1.136', 'adqueues', NULL, NULL);
INSERT INTO tokens (token_id, token, admin_id, created_at, valid_to, remote_addr, info, store_id, email) VALUES (826, 'X565c58f66f7015ac0000000066cb152700000000', 9, '2015-11-30 11:11:01.683069', '2015-11-30 11:11:01.687704', '10.0.1.136', 'block_list', NULL, NULL);
INSERT INTO tokens (token_id, token, admin_id, created_at, valid_to, remote_addr, info, store_id, email) VALUES (827, 'X565c58f628a7ded2000000001445560a00000000', 9, '2015-11-30 11:11:01.687704', '2015-11-30 11:11:01.692256', '10.0.1.136', 'block_list', NULL, NULL);
INSERT INTO tokens (token_id, token, admin_id, created_at, valid_to, remote_addr, info, store_id, email) VALUES (828, 'X565c58f675d6f9a600000000445dd50200000000', 9, '2015-11-30 11:11:01.692256', '2015-11-30 11:11:09.64044', '10.0.1.136', 'block_list', NULL, NULL);
INSERT INTO tokens (token_id, token, admin_id, created_at, valid_to, remote_addr, info, store_id, email) VALUES (829, 'X565c58fe742a8f52000000007e18207d00000000', 9, '2015-11-30 11:11:09.64044', '2015-11-30 11:11:19.20144', '10.0.1.136', 'review', NULL, NULL);
INSERT INTO tokens (token_id, token, admin_id, created_at, valid_to, remote_addr, info, store_id, email) VALUES (830, 'X565c59072cf27c64000000007e790a6400000000', 9, '2015-11-30 11:11:19.20144', '2015-11-30 11:11:19.236206', '10.0.1.136', 'adqueues', NULL, NULL);
INSERT INTO tokens (token_id, token, admin_id, created_at, valid_to, remote_addr, info, store_id, email) VALUES (831, 'X565c590757b6ae1d00000000f635a9e00000000', 9, '2015-11-30 11:11:19.236206', '2015-11-30 11:11:19.239724', '10.0.1.136', 'block_list', NULL, NULL);
INSERT INTO tokens (token_id, token, admin_id, created_at, valid_to, remote_addr, info, store_id, email) VALUES (832, 'X565c590747879936000000006d1b038000000000', 9, '2015-11-30 11:11:19.239724', '2015-11-30 11:11:19.243577', '10.0.1.136', 'block_list', NULL, NULL);
INSERT INTO tokens (token_id, token, admin_id, created_at, valid_to, remote_addr, info, store_id, email) VALUES (833, 'X565c590735caa285000000007e6bb87700000000', 9, '2015-11-30 11:11:19.243577', '2015-11-30 12:11:19.243577', '10.0.1.136', 'block_list', NULL, NULL);
INSERT INTO tokens (token_id, token, admin_id, created_at, valid_to, remote_addr, info, store_id, email) VALUES (834, 'X565c6b6f43ef595600000000137cf2e300000000', 9, '2015-11-30 12:29:50.906179', '2015-11-30 12:29:51.3335', '10.0.1.136', 'authenticate', NULL, NULL);
INSERT INTO tokens (token_id, token, admin_id, created_at, valid_to, remote_addr, info, store_id, email) VALUES (835, 'X565c6b6f15f9100c000000001f40489f00000000', 9, '2015-11-30 12:29:51.3335', '2015-11-30 12:29:53.503784', '10.0.1.136', 'spamfilter', NULL, NULL);
INSERT INTO tokens (token_id, token, admin_id, created_at, valid_to, remote_addr, info, store_id, email) VALUES (836, 'X565c6b7213fb467600000000c89ad8800000000', 9, '2015-11-30 12:29:53.503784', '2015-11-30 12:29:59.473132', '10.0.1.136', 'adqueues', NULL, NULL);
INSERT INTO tokens (token_id, token, admin_id, created_at, valid_to, remote_addr, info, store_id, email) VALUES (837, 'X565c6b77633f7977000000006db89e9f00000000', 9, '2015-11-30 12:29:59.473132', '2015-11-30 12:30:05.458612', '10.0.1.136', 'listadmins', NULL, NULL);
INSERT INTO tokens (token_id, token, admin_id, created_at, valid_to, remote_addr, info, store_id, email) VALUES (838, 'X565c6b7d4a0022ba0000000029e6c72100000000', 9, '2015-11-30 12:30:05.458612', '2015-11-30 12:30:05.47115', '10.0.1.136', 'listadmins', NULL, NULL);
INSERT INTO tokens (token_id, token, admin_id, created_at, valid_to, remote_addr, info, store_id, email) VALUES (839, 'X565c6b7d1bb31a3a00000000395dbae700000000', 9, '2015-11-30 12:30:05.47115', '2015-11-30 12:30:12.599677', '10.0.1.136', 'search_ads', NULL, NULL);
INSERT INTO tokens (token_id, token, admin_id, created_at, valid_to, remote_addr, info, store_id, email) VALUES (840, 'X565c6b857e90eaa200000000618e5c2700000000', 9, '2015-11-30 12:30:12.599677', '2015-11-30 12:30:12.646441', '10.0.1.136', 'adqueues', NULL, NULL);
INSERT INTO tokens (token_id, token, admin_id, created_at, valid_to, remote_addr, info, store_id, email) VALUES (841, 'X565c6b85468f6688000000004422c5ad00000000', 9, '2015-11-30 12:30:12.646441', '2015-11-30 12:30:12.65074', '10.0.1.136', 'block_list', NULL, NULL);
INSERT INTO tokens (token_id, token, admin_id, created_at, valid_to, remote_addr, info, store_id, email) VALUES (842, 'X565c6b853a12aa3a000000001fde4e8200000000', 9, '2015-11-30 12:30:12.65074', '2015-11-30 12:30:12.654767', '10.0.1.136', 'block_list', NULL, NULL);
INSERT INTO tokens (token_id, token, admin_id, created_at, valid_to, remote_addr, info, store_id, email) VALUES (843, 'X565c6b851080269a0000000013ef375e00000000', 9, '2015-11-30 12:30:12.654767', '2015-11-30 12:56:24.234821', '10.0.1.136', 'block_list', NULL, NULL);
INSERT INTO tokens (token_id, token, admin_id, created_at, valid_to, remote_addr, info, store_id, email) VALUES (844, 'X565c71a83ec5ea00000000009c5e7b200000000', 9, '2015-11-30 12:56:24.234821', '2015-11-30 12:56:24.255468', '10.0.1.136', 'listadmins', NULL, NULL);
INSERT INTO tokens (token_id, token, admin_id, created_at, valid_to, remote_addr, info, store_id, email) VALUES (845, 'X565c71a86d502b000000000ea5d9d900000000', 9, '2015-11-30 12:56:24.255468', '2015-11-30 12:56:54.107646', '10.0.1.136', 'search_ads', NULL, NULL);
INSERT INTO tokens (token_id, token, admin_id, created_at, valid_to, remote_addr, info, store_id, email) VALUES (846, 'X565c71c622eaa38a000000005c07a95800000000', 9, '2015-11-30 12:56:54.107646', '2015-11-30 12:56:54.15421', '10.0.1.136', 'adqueues', NULL, NULL);
INSERT INTO tokens (token_id, token, admin_id, created_at, valid_to, remote_addr, info, store_id, email) VALUES (847, 'X565c71c635d1fb50000000002aa2495000000000', 9, '2015-11-30 12:56:54.15421', '2015-11-30 12:56:54.158904', '10.0.1.136', 'block_list', NULL, NULL);
INSERT INTO tokens (token_id, token, admin_id, created_at, valid_to, remote_addr, info, store_id, email) VALUES (848, 'X565c71c630d843a9000000001c91b07a00000000', 9, '2015-11-30 12:56:54.158904', '2015-11-30 12:56:54.163596', '10.0.1.136', 'block_list', NULL, NULL);
INSERT INTO tokens (token_id, token, admin_id, created_at, valid_to, remote_addr, info, store_id, email) VALUES (849, 'X565c71c61cbbe68c000000003417230100000000', 9, '2015-11-30 12:56:54.163596', '2015-11-30 12:57:01.400001', '10.0.1.136', 'block_list', NULL, NULL);
INSERT INTO tokens (token_id, token, admin_id, created_at, valid_to, remote_addr, info, store_id, email) VALUES (850, 'X565c71cd13ffbb2900000000eb6b44100000000', 9, '2015-11-30 12:57:01.400001', '2015-11-30 12:57:01.427051', '10.0.1.136', 'adqueues', NULL, NULL);
INSERT INTO tokens (token_id, token, admin_id, created_at, valid_to, remote_addr, info, store_id, email) VALUES (851, 'X565c71cd29385f70000000001e2f6c3a00000000', 9, '2015-11-30 12:57:01.427051', '2015-11-30 12:57:01.430617', '10.0.1.136', 'block_list', NULL, NULL);
INSERT INTO tokens (token_id, token, admin_id, created_at, valid_to, remote_addr, info, store_id, email) VALUES (852, 'X565c71cd27f553ed000000007dedb42b00000000', 9, '2015-11-30 12:57:01.430617', '2015-11-30 12:57:01.434294', '10.0.1.136', 'block_list', NULL, NULL);
INSERT INTO tokens (token_id, token, admin_id, created_at, valid_to, remote_addr, info, store_id, email) VALUES (853, 'X565c71cdc938e0400000000992cbb900000000', 9, '2015-11-30 12:57:01.434294', '2015-11-30 12:57:14.652672', '10.0.1.136', 'block_list', NULL, NULL);
INSERT INTO tokens (token_id, token, admin_id, created_at, valid_to, remote_addr, info, store_id, email) VALUES (854, 'X565c71db659a7511000000002c34468700000000', 9, '2015-11-30 12:57:14.652672', '2015-11-30 12:57:14.68656', '10.0.1.136', 'adqueues', NULL, NULL);
INSERT INTO tokens (token_id, token, admin_id, created_at, valid_to, remote_addr, info, store_id, email) VALUES (855, 'X565c71db56d68fd7000000004074627700000000', 9, '2015-11-30 12:57:14.68656', '2015-11-30 12:57:14.690473', '10.0.1.136', 'block_list', NULL, NULL);
INSERT INTO tokens (token_id, token, admin_id, created_at, valid_to, remote_addr, info, store_id, email) VALUES (856, 'X565c71db5d0612f10000000072a9108f00000000', 9, '2015-11-30 12:57:14.690473', '2015-11-30 12:57:14.694664', '10.0.1.136', 'block_list', NULL, NULL);
INSERT INTO tokens (token_id, token, admin_id, created_at, valid_to, remote_addr, info, store_id, email) VALUES (857, 'X565c71db26c0339000000000185684bd00000000', 9, '2015-11-30 12:57:14.694664', '2015-11-30 12:57:17.250908', '10.0.1.136', 'block_list', NULL, NULL);
INSERT INTO tokens (token_id, token, admin_id, created_at, valid_to, remote_addr, info, store_id, email) VALUES (858, 'X565c71dd270d38fe000000001d4bb96c00000000', 9, '2015-11-30 12:57:17.250908', '2015-11-30 12:57:28.875946', '10.0.1.136', 'review', NULL, NULL);
INSERT INTO tokens (token_id, token, admin_id, created_at, valid_to, remote_addr, info, store_id, email) VALUES (859, 'X565c71e94f089cae0000000040b4dd9d00000000', 9, '2015-11-30 12:57:28.875946', '2015-11-30 12:57:28.89803', '10.0.1.136', 'listadmins', NULL, NULL);
INSERT INTO tokens (token_id, token, admin_id, created_at, valid_to, remote_addr, info, store_id, email) VALUES (860, 'X565c71e939fb4349000000007b8e9cf200000000', 9, '2015-11-30 12:57:28.89803', '2015-11-30 12:57:37.791655', '10.0.1.136', 'search_ads', NULL, NULL);
INSERT INTO tokens (token_id, token, admin_id, created_at, valid_to, remote_addr, info, store_id, email) VALUES (861, 'X565c71f241ab9bad0000000027ad845400000000', 9, '2015-11-30 12:57:37.791655', '2015-11-30 12:57:41.168654', '10.0.1.136', 'ad_status_change', NULL, NULL);
INSERT INTO tokens (token_id, token, admin_id, created_at, valid_to, remote_addr, info, store_id, email) VALUES (862, 'X565c71f5cbc622e000000007563e32f00000000', 9, '2015-11-30 12:57:41.168654', '2015-11-30 12:57:41.178261', '10.0.1.136', 'listadmins', NULL, NULL);
INSERT INTO tokens (token_id, token, admin_id, created_at, valid_to, remote_addr, info, store_id, email) VALUES (863, 'X565c71f53c7449db000000004beeab0900000000', 9, '2015-11-30 12:57:41.178261', '2015-11-30 12:57:50.559589', '10.0.1.136', 'search_ads', NULL, NULL);
INSERT INTO tokens (token_id, token, admin_id, created_at, valid_to, remote_addr, info, store_id, email) VALUES (864, 'X565c71ff317a8096000000007ad4663900000000', 9, '2015-11-30 12:57:50.559589', '2015-11-30 12:57:50.604815', '10.0.1.136', 'adqueues', NULL, NULL);
INSERT INTO tokens (token_id, token, admin_id, created_at, valid_to, remote_addr, info, store_id, email) VALUES (865, 'X565c71ff2c587a000000000b95f7e200000000', 9, '2015-11-30 12:57:50.604815', '2015-11-30 12:57:50.608682', '10.0.1.136', 'block_list', NULL, NULL);
INSERT INTO tokens (token_id, token, admin_id, created_at, valid_to, remote_addr, info, store_id, email) VALUES (866, 'X565c71ff4b5f05560000000077bf48e00000000', 9, '2015-11-30 12:57:50.608682', '2015-11-30 12:57:50.612118', '10.0.1.136', 'block_list', NULL, NULL);
INSERT INTO tokens (token_id, token, admin_id, created_at, valid_to, remote_addr, info, store_id, email) VALUES (867, 'X565c71ff4830d22b000000002fff3fca00000000', 9, '2015-11-30 12:57:50.612118', '2015-11-30 12:57:55.352357', '10.0.1.136', 'block_list', NULL, NULL);
INSERT INTO tokens (token_id, token, admin_id, created_at, valid_to, remote_addr, info, store_id, email) VALUES (868, 'X565c72032b8ddcbc000000007de060b100000000', 9, '2015-11-30 12:57:55.352357', '2015-11-30 12:57:55.382344', '10.0.1.136', 'adqueues', NULL, NULL);
INSERT INTO tokens (token_id, token, admin_id, created_at, valid_to, remote_addr, info, store_id, email) VALUES (869, 'X565c7203258de505000000005e0ea1ee00000000', 9, '2015-11-30 12:57:55.382344', '2015-11-30 12:57:55.385934', '10.0.1.136', 'block_list', NULL, NULL);
INSERT INTO tokens (token_id, token, admin_id, created_at, valid_to, remote_addr, info, store_id, email) VALUES (870, 'X565c72035372851e0000000066fcb94900000000', 9, '2015-11-30 12:57:55.385934', '2015-11-30 12:57:55.389476', '10.0.1.136', 'block_list', NULL, NULL);
INSERT INTO tokens (token_id, token, admin_id, created_at, valid_to, remote_addr, info, store_id, email) VALUES (871, 'X565c720332eb645200000000e71101c00000000', 9, '2015-11-30 12:57:55.389476', '2015-11-30 13:04:48.757565', '10.0.1.136', 'block_list', NULL, NULL);
INSERT INTO tokens (token_id, token, admin_id, created_at, valid_to, remote_addr, info, store_id, email) VALUES (872, 'X565c73a1332926920000000032340de400000000', 9, '2015-11-30 13:04:48.757565', '2015-11-30 13:04:48.846645', '10.0.1.136', 'adqueues', NULL, NULL);
INSERT INTO tokens (token_id, token, admin_id, created_at, valid_to, remote_addr, info, store_id, email) VALUES (873, 'X565c73a16deb7e3a0000000022e78ca300000000', 9, '2015-11-30 13:04:48.846645', '2015-11-30 13:04:48.851999', '10.0.1.136', 'block_list', NULL, NULL);
INSERT INTO tokens (token_id, token, admin_id, created_at, valid_to, remote_addr, info, store_id, email) VALUES (874, 'X565c73a14e17ac68000000002613750d00000000', 9, '2015-11-30 13:04:48.851999', '2015-11-30 13:04:48.856574', '10.0.1.136', 'block_list', NULL, NULL);
INSERT INTO tokens (token_id, token, admin_id, created_at, valid_to, remote_addr, info, store_id, email) VALUES (875, 'X565c73a12cec2840000000045ffedf500000000', 9, '2015-11-30 13:04:48.856574', '2015-11-30 13:06:52.788121', '10.0.1.136', 'block_list', NULL, NULL);
INSERT INTO tokens (token_id, token, admin_id, created_at, valid_to, remote_addr, info, store_id, email) VALUES (876, 'X565c741df05f35a000000004c1bb33f00000000', 9, '2015-11-30 13:06:52.788121', '2015-11-30 13:06:52.861567', '10.0.1.136', 'adqueues', NULL, NULL);
INSERT INTO tokens (token_id, token, admin_id, created_at, valid_to, remote_addr, info, store_id, email) VALUES (877, 'X565c741d6fc89cd700000000584700c400000000', 9, '2015-11-30 13:06:52.861567', '2015-11-30 13:06:52.866891', '10.0.1.136', 'block_list', NULL, NULL);
INSERT INTO tokens (token_id, token, admin_id, created_at, valid_to, remote_addr, info, store_id, email) VALUES (878, 'X565c741df7cb82c00000000602cd62f00000000', 9, '2015-11-30 13:06:52.866891', '2015-11-30 13:06:52.871858', '10.0.1.136', 'block_list', NULL, NULL);
INSERT INTO tokens (token_id, token, admin_id, created_at, valid_to, remote_addr, info, store_id, email) VALUES (879, 'X565c741d6d70d7c00000000010feb1c300000000', 9, '2015-11-30 13:06:52.871858', '2015-11-30 13:06:55.445114', '10.0.1.136', 'block_list', NULL, NULL);
INSERT INTO tokens (token_id, token, admin_id, created_at, valid_to, remote_addr, info, store_id, email) VALUES (880, 'X565c741f4e9534af000000003462ba9a00000000', 9, '2015-11-30 13:06:55.445114', '2015-11-30 13:06:55.476303', '10.0.1.136', 'adqueues', NULL, NULL);
INSERT INTO tokens (token_id, token, admin_id, created_at, valid_to, remote_addr, info, store_id, email) VALUES (881, 'X565c741f1cf5569d000000005bcb8f9900000000', 9, '2015-11-30 13:06:55.476303', '2015-11-30 13:06:55.480514', '10.0.1.136', 'block_list', NULL, NULL);
INSERT INTO tokens (token_id, token, admin_id, created_at, valid_to, remote_addr, info, store_id, email) VALUES (882, 'X565c741f2d3f8104000000004cb12f7600000000', 9, '2015-11-30 13:06:55.480514', '2015-11-30 13:06:55.484081', '10.0.1.136', 'block_list', NULL, NULL);
INSERT INTO tokens (token_id, token, admin_id, created_at, valid_to, remote_addr, info, store_id, email) VALUES (883, 'X565c741f4a3e846000000003850d38500000000', 9, '2015-11-30 13:06:55.484081', '2015-11-30 13:07:12.576293', '10.0.1.136', 'block_list', NULL, NULL);
INSERT INTO tokens (token_id, token, admin_id, created_at, valid_to, remote_addr, info, store_id, email) VALUES (884, 'X565c74314c5cf7ef000000007c62a4f800000000', 9, '2015-11-30 13:07:12.576293', '2015-11-30 13:07:12.60744', '10.0.1.136', 'adqueues', NULL, NULL);
INSERT INTO tokens (token_id, token, admin_id, created_at, valid_to, remote_addr, info, store_id, email) VALUES (885, 'X565c74314428b4f400000000537f3cb200000000', 9, '2015-11-30 13:07:12.60744', '2015-11-30 13:07:12.611425', '10.0.1.136', 'block_list', NULL, NULL);
INSERT INTO tokens (token_id, token, admin_id, created_at, valid_to, remote_addr, info, store_id, email) VALUES (886, 'X565c74313d7ab111000000005385b42400000000', 9, '2015-11-30 13:07:12.611425', '2015-11-30 13:07:12.615357', '10.0.1.136', 'block_list', NULL, NULL);
INSERT INTO tokens (token_id, token, admin_id, created_at, valid_to, remote_addr, info, store_id, email) VALUES (887, 'X565c743151c0177c000000007920765100000000', 9, '2015-11-30 13:07:12.615357', '2015-11-30 13:08:32.237458', '10.0.1.136', 'block_list', NULL, NULL);
INSERT INTO tokens (token_id, token, admin_id, created_at, valid_to, remote_addr, info, store_id, email) VALUES (888, 'X565c74803882a9d9000000003da81f2300000000', 9, '2015-11-30 13:08:32.237458', '2015-11-30 13:08:32.302985', '10.0.1.136', 'adqueues', NULL, NULL);
INSERT INTO tokens (token_id, token, admin_id, created_at, valid_to, remote_addr, info, store_id, email) VALUES (889, 'X565c7480195daf4c00000000645f71f00000000', 9, '2015-11-30 13:08:32.302985', '2015-11-30 13:08:32.306677', '10.0.1.136', 'block_list', NULL, NULL);
INSERT INTO tokens (token_id, token, admin_id, created_at, valid_to, remote_addr, info, store_id, email) VALUES (890, 'X565c7480d193589000000005e4a684b00000000', 9, '2015-11-30 13:08:32.306677', '2015-11-30 13:08:32.310606', '10.0.1.136', 'block_list', NULL, NULL);
INSERT INTO tokens (token_id, token, admin_id, created_at, valid_to, remote_addr, info, store_id, email) VALUES (891, 'X565c7480422427b8000000001c1f28e300000000', 9, '2015-11-30 13:08:32.310606', '2015-11-30 14:08:32.310606', '10.0.1.136', 'block_list', NULL, NULL);
INSERT INTO tokens (token_id, token, admin_id, created_at, valid_to, remote_addr, info, store_id, email) VALUES (892, 'X565c83c05004c090000000011d9659500000000', 9, '2015-11-30 14:13:36.171801', '2015-11-30 14:13:36.248121', '10.0.1.136', 'authenticate', NULL, NULL);
INSERT INTO tokens (token_id, token, admin_id, created_at, valid_to, remote_addr, info, store_id, email) VALUES (893, 'X565c83c044c88c5e000000003871796500000000', 9, '2015-11-30 14:13:36.248121', '2015-11-30 14:14:41.109386', '10.0.1.136', 'spamfilter', NULL, NULL);
INSERT INTO tokens (token_id, token, admin_id, created_at, valid_to, remote_addr, info, store_id, email) VALUES (894, 'X565c84014cbfe823000000005f35b6a000000000', 9, '2015-11-30 14:14:41.109386', '2015-11-30 14:14:48.613256', '10.0.1.136', 'listadmins', NULL, NULL);
INSERT INTO tokens (token_id, token, admin_id, created_at, valid_to, remote_addr, info, store_id, email) VALUES (895, 'X565c8409474912dd0000000047c722c800000000', 9, '2015-11-30 14:14:48.613256', '2015-11-30 14:14:48.62286', '10.0.1.136', 'listadmins', NULL, NULL);
INSERT INTO tokens (token_id, token, admin_id, created_at, valid_to, remote_addr, info, store_id, email) VALUES (896, 'X565c84095f407596000000001f05fe3300000000', 9, '2015-11-30 14:14:48.62286', '2015-11-30 14:14:52.541697', '10.0.1.136', 'search_ads', NULL, NULL);
INSERT INTO tokens (token_id, token, admin_id, created_at, valid_to, remote_addr, info, store_id, email) VALUES (897, 'X565c840d4b9e77700000000075c9a6dc00000000', 9, '2015-11-30 14:14:52.541697', '2015-11-30 14:14:52.592455', '10.0.1.136', 'adqueues', NULL, NULL);
INSERT INTO tokens (token_id, token, admin_id, created_at, valid_to, remote_addr, info, store_id, email) VALUES (898, 'X565c840d51180e52000000005605202100000000', 9, '2015-11-30 14:14:52.592455', '2015-11-30 14:14:52.596953', '10.0.1.136', 'block_list', NULL, NULL);
INSERT INTO tokens (token_id, token, admin_id, created_at, valid_to, remote_addr, info, store_id, email) VALUES (899, 'X565c840d5486deb800000000565114700000000', 9, '2015-11-30 14:14:52.596953', '2015-11-30 14:14:52.601527', '10.0.1.136', 'block_list', NULL, NULL);
INSERT INTO tokens (token_id, token, admin_id, created_at, valid_to, remote_addr, info, store_id, email) VALUES (900, 'X565c840d37fba41d0000000028dd77d400000000', 9, '2015-11-30 14:14:52.601527', '2015-11-30 14:14:56.28052', '10.0.1.136', 'block_list', NULL, NULL);
INSERT INTO tokens (token_id, token, admin_id, created_at, valid_to, remote_addr, info, store_id, email) VALUES (901, 'X565c8410612de2c2000000007690962c00000000', 9, '2015-11-30 14:14:56.28052', '2015-11-30 14:14:59.369826', '10.0.1.136', 'review', NULL, NULL);
INSERT INTO tokens (token_id, token, admin_id, created_at, valid_to, remote_addr, info, store_id, email) VALUES (902, 'X565c8413a461fe1000000001416d8c900000000', 9, '2015-11-30 14:14:59.369826', '2015-11-30 14:14:59.395043', '10.0.1.136', 'listadmins', NULL, NULL);
INSERT INTO tokens (token_id, token, admin_id, created_at, valid_to, remote_addr, info, store_id, email) VALUES (903, 'X565c84132eb3d244000000002fed697b00000000', 9, '2015-11-30 14:14:59.395043', '2015-11-30 14:15:12.485948', '10.0.1.136', 'search_ads', NULL, NULL);
INSERT INTO tokens (token_id, token, admin_id, created_at, valid_to, remote_addr, info, store_id, email) VALUES (904, 'X565c84201200089d000000004815a89500000000', 9, '2015-11-30 14:15:12.485948', '2015-11-30 14:15:57.8866', '10.0.1.136', 'change_ad_status', NULL, NULL);
INSERT INTO tokens (token_id, token, admin_id, created_at, valid_to, remote_addr, info, store_id, email) VALUES (905, 'X565c844e513d57ba000000006bf4226900000000', 9, '2015-11-30 14:15:57.8866', '2015-11-30 14:15:57.898358', '10.0.1.136', 'listadmins', NULL, NULL);
INSERT INTO tokens (token_id, token, admin_id, created_at, valid_to, remote_addr, info, store_id, email) VALUES (906, 'X565c844e380e9843000000007c1a441d00000000', 9, '2015-11-30 14:15:57.898358', '2015-11-30 14:16:03.517695', '10.0.1.136', 'search_ads', NULL, NULL);
INSERT INTO tokens (token_id, token, admin_id, created_at, valid_to, remote_addr, info, store_id, email) VALUES (959, 'X565caaec64cc4ee500000000552b941000000000', 9, '2015-11-30 17:00:43.650675', '2015-11-30 17:14:17.32566', '10.0.1.136', 'search_ads', NULL, NULL);
INSERT INTO tokens (token_id, token, admin_id, created_at, valid_to, remote_addr, info, store_id, email) VALUES (907, 'X565c84546c181f6a000000006bc8774d00000000', 9, '2015-11-30 14:16:03.517695', '2015-11-30 14:16:03.574082', '10.0.1.136', 'adqueues', NULL, NULL);
INSERT INTO tokens (token_id, token, admin_id, created_at, valid_to, remote_addr, info, store_id, email) VALUES (908, 'X565c8454490375d4000000005ffc344100000000', 9, '2015-11-30 14:16:03.574082', '2015-11-30 14:16:03.578035', '10.0.1.136', 'block_list', NULL, NULL);
INSERT INTO tokens (token_id, token, admin_id, created_at, valid_to, remote_addr, info, store_id, email) VALUES (909, 'X565c8454148459ef00000000418e3c8500000000', 9, '2015-11-30 14:16:03.578035', '2015-11-30 14:16:03.582108', '10.0.1.136', 'block_list', NULL, NULL);
INSERT INTO tokens (token_id, token, admin_id, created_at, valid_to, remote_addr, info, store_id, email) VALUES (910, 'X565c845461bbdf0700000000680e333600000000', 9, '2015-11-30 14:16:03.582108', '2015-11-30 14:44:55.073282', '10.0.1.136', 'block_list', NULL, NULL);
INSERT INTO tokens (token_id, token, admin_id, created_at, valid_to, remote_addr, info, store_id, email) VALUES (911, 'X565c8b17726986f90000000071855b1600000000', 9, '2015-11-30 14:44:55.073282', '2015-11-30 14:44:55.151768', '10.0.1.136', 'adqueues', NULL, NULL);
INSERT INTO tokens (token_id, token, admin_id, created_at, valid_to, remote_addr, info, store_id, email) VALUES (912, 'X565c8b17292b4c29000000007da3209e00000000', 9, '2015-11-30 14:44:55.151768', '2015-11-30 14:44:55.157924', '10.0.1.136', 'block_list', NULL, NULL);
INSERT INTO tokens (token_id, token, admin_id, created_at, valid_to, remote_addr, info, store_id, email) VALUES (913, 'X565c8b172005512b000000003a3c832d00000000', 9, '2015-11-30 14:44:55.157924', '2015-11-30 14:44:55.162874', '10.0.1.136', 'block_list', NULL, NULL);
INSERT INTO tokens (token_id, token, admin_id, created_at, valid_to, remote_addr, info, store_id, email) VALUES (914, 'X565c8b176081b39d000000002eabcc4200000000', 9, '2015-11-30 14:44:55.162874', '2015-11-30 15:44:55.162874', '10.0.1.136', 'block_list', NULL, NULL);
INSERT INTO tokens (token_id, token, admin_id, created_at, valid_to, remote_addr, info, store_id, email) VALUES (915, 'X565c996748712d750000000012d561b600000000', 9, '2015-11-30 15:45:58.612178', '2015-11-30 15:45:58.70093', '10.0.1.136', 'authenticate', NULL, NULL);
INSERT INTO tokens (token_id, token, admin_id, created_at, valid_to, remote_addr, info, store_id, email) VALUES (916, 'X565c9967774378050000000060365a6d00000000', 9, '2015-11-30 15:45:58.70093', '2015-11-30 15:46:01.929799', '10.0.1.136', 'spamfilter', NULL, NULL);
INSERT INTO tokens (token_id, token, admin_id, created_at, valid_to, remote_addr, info, store_id, email) VALUES (917, 'X565c996a7c8600840000000066124f2c00000000', 9, '2015-11-30 15:46:01.929799', '2015-11-30 15:46:09.050575', '10.0.1.136', 'listadmins', NULL, NULL);
INSERT INTO tokens (token_id, token, admin_id, created_at, valid_to, remote_addr, info, store_id, email) VALUES (918, 'X565c9971333d2e390000000059d61ffc00000000', 9, '2015-11-30 15:46:09.050575', '2015-11-30 15:46:09.06632', '10.0.1.136', 'listadmins', NULL, NULL);
INSERT INTO tokens (token_id, token, admin_id, created_at, valid_to, remote_addr, info, store_id, email) VALUES (919, 'X565c99711b0458b7000000002705d79700000000', 9, '2015-11-30 15:46:09.06632', '2015-11-30 15:46:13.582352', '10.0.1.136', 'search_ads', NULL, NULL);
INSERT INTO tokens (token_id, token, admin_id, created_at, valid_to, remote_addr, info, store_id, email) VALUES (920, 'X565c9976697fc4a5000000002989cd7200000000', 9, '2015-11-30 15:46:13.582352', '2015-11-30 15:46:13.637876', '10.0.1.136', 'adqueues', NULL, NULL);
INSERT INTO tokens (token_id, token, admin_id, created_at, valid_to, remote_addr, info, store_id, email) VALUES (921, 'X565c99762a601d4f0000000027ebd0a400000000', 9, '2015-11-30 15:46:13.637876', '2015-11-30 15:46:13.642114', '10.0.1.136', 'block_list', NULL, NULL);
INSERT INTO tokens (token_id, token, admin_id, created_at, valid_to, remote_addr, info, store_id, email) VALUES (922, 'X565c99762c73c03d0000000038857b8700000000', 9, '2015-11-30 15:46:13.642114', '2015-11-30 15:46:13.646147', '10.0.1.136', 'block_list', NULL, NULL);
INSERT INTO tokens (token_id, token, admin_id, created_at, valid_to, remote_addr, info, store_id, email) VALUES (923, 'X565c99763fd3c25b0000000031ce8b1b00000000', 9, '2015-11-30 15:46:13.646147', '2015-11-30 16:16:14.239822', '10.0.1.136', 'block_list', NULL, NULL);
INSERT INTO tokens (token_id, token, admin_id, created_at, valid_to, remote_addr, info, store_id, email) VALUES (924, 'X565ca07e2bdc6efd00000000733d4bdd00000000', 9, '2015-11-30 16:16:14.239822', '2015-11-30 16:16:14.316833', '10.0.1.136', 'adqueues', NULL, NULL);
INSERT INTO tokens (token_id, token, admin_id, created_at, valid_to, remote_addr, info, store_id, email) VALUES (925, 'X565ca07e20dc895c00000000650fc3c900000000', 9, '2015-11-30 16:16:14.316833', '2015-11-30 16:16:14.322446', '10.0.1.136', 'block_list', NULL, NULL);
INSERT INTO tokens (token_id, token, admin_id, created_at, valid_to, remote_addr, info, store_id, email) VALUES (926, 'X565ca07e1f5404bd000000001418c34d00000000', 9, '2015-11-30 16:16:14.322446', '2015-11-30 16:16:14.327409', '10.0.1.136', 'block_list', NULL, NULL);
INSERT INTO tokens (token_id, token, admin_id, created_at, valid_to, remote_addr, info, store_id, email) VALUES (927, 'X565ca07e6e00e0710000000073d5502400000000', 9, '2015-11-30 16:16:14.327409', '2015-11-30 16:22:10.887703', '10.0.1.136', 'block_list', NULL, NULL);
INSERT INTO tokens (token_id, token, admin_id, created_at, valid_to, remote_addr, info, store_id, email) VALUES (928, 'X565ca1e31cf5d2bc000000002c560a5a00000000', 9, '2015-11-30 16:22:10.887703', '2015-11-30 16:22:10.965898', '10.0.1.136', 'adqueues', NULL, NULL);
INSERT INTO tokens (token_id, token, admin_id, created_at, valid_to, remote_addr, info, store_id, email) VALUES (929, 'X565ca1e322bb2e3100000000179db10300000000', 9, '2015-11-30 16:22:10.965898', '2015-11-30 16:22:10.970922', '10.0.1.136', 'block_list', NULL, NULL);
INSERT INTO tokens (token_id, token, admin_id, created_at, valid_to, remote_addr, info, store_id, email) VALUES (930, 'X565ca1e322ecba87000000006996487a00000000', 9, '2015-11-30 16:22:10.970922', '2015-11-30 16:22:10.97506', '10.0.1.136', 'block_list', NULL, NULL);
INSERT INTO tokens (token_id, token, admin_id, created_at, valid_to, remote_addr, info, store_id, email) VALUES (931, 'X565ca1e37054ec0f000000001dd368e900000000', 9, '2015-11-30 16:22:10.97506', '2015-11-30 16:22:59.732492', '10.0.1.136', 'block_list', NULL, NULL);
INSERT INTO tokens (token_id, token, admin_id, created_at, valid_to, remote_addr, info, store_id, email) VALUES (932, 'X565ca21438e73ac400000000397e0d2400000000', 9, '2015-11-30 16:22:59.732492', '2015-11-30 16:22:59.773178', '10.0.1.136', 'adqueues', NULL, NULL);
INSERT INTO tokens (token_id, token, admin_id, created_at, valid_to, remote_addr, info, store_id, email) VALUES (933, 'X565ca21424ae30b20000000086274d500000000', 9, '2015-11-30 16:22:59.773178', '2015-11-30 16:22:59.777676', '10.0.1.136', 'block_list', NULL, NULL);
INSERT INTO tokens (token_id, token, admin_id, created_at, valid_to, remote_addr, info, store_id, email) VALUES (934, 'X565ca2142db2094b000000004e55d20500000000', 9, '2015-11-30 16:22:59.777676', '2015-11-30 16:22:59.780572', '10.0.1.136', 'block_list', NULL, NULL);
INSERT INTO tokens (token_id, token, admin_id, created_at, valid_to, remote_addr, info, store_id, email) VALUES (935, 'X565ca2146a981b30000000004d0568a000000000', 9, '2015-11-30 16:22:59.780572', '2015-11-30 16:23:44.486603', '10.0.1.136', 'block_list', NULL, NULL);
INSERT INTO tokens (token_id, token, admin_id, created_at, valid_to, remote_addr, info, store_id, email) VALUES (936, 'X565ca2401ae412b7000000006c25631300000000', 9, '2015-11-30 16:23:44.486603', '2015-11-30 16:23:44.520744', '10.0.1.136', 'adqueues', NULL, NULL);
INSERT INTO tokens (token_id, token, admin_id, created_at, valid_to, remote_addr, info, store_id, email) VALUES (937, 'X565ca2413a5adbc0000000002cd4956600000000', 9, '2015-11-30 16:23:44.520744', '2015-11-30 16:23:44.524122', '10.0.1.136', 'block_list', NULL, NULL);
INSERT INTO tokens (token_id, token, admin_id, created_at, valid_to, remote_addr, info, store_id, email) VALUES (938, 'X565ca2417b38558c000000002b7720e100000000', 9, '2015-11-30 16:23:44.524122', '2015-11-30 16:23:44.527614', '10.0.1.136', 'block_list', NULL, NULL);
INSERT INTO tokens (token_id, token, admin_id, created_at, valid_to, remote_addr, info, store_id, email) VALUES (939, 'X565ca24154c36ca800000000daa3c4a00000000', 9, '2015-11-30 16:23:44.527614', '2015-11-30 16:39:40.723509', '10.0.1.136', 'block_list', NULL, NULL);
INSERT INTO tokens (token_id, token, admin_id, created_at, valid_to, remote_addr, info, store_id, email) VALUES (940, 'X565ca5fd244c4ced000000002bd1355100000000', 9, '2015-11-30 16:39:40.723509', '2015-11-30 16:39:40.80519', '10.0.1.136', 'adqueues', NULL, NULL);
INSERT INTO tokens (token_id, token, admin_id, created_at, valid_to, remote_addr, info, store_id, email) VALUES (941, 'X565ca5fd64cc3d50000000002338b4c300000000', 9, '2015-11-30 16:39:40.80519', '2015-11-30 16:39:40.810868', '10.0.1.136', 'block_list', NULL, NULL);
INSERT INTO tokens (token_id, token, admin_id, created_at, valid_to, remote_addr, info, store_id, email) VALUES (942, 'X565ca5fd1dd2f7ec000000006c32514400000000', 9, '2015-11-30 16:39:40.810868', '2015-11-30 16:39:40.81589', '10.0.1.136', 'block_list', NULL, NULL);
INSERT INTO tokens (token_id, token, admin_id, created_at, valid_to, remote_addr, info, store_id, email) VALUES (943, 'X565ca5fd62c57e9000000004dc864d800000000', 9, '2015-11-30 16:39:40.81589', '2015-11-30 16:52:33.636592', '10.0.1.136', 'block_list', NULL, NULL);
INSERT INTO tokens (token_id, token, admin_id, created_at, valid_to, remote_addr, info, store_id, email) VALUES (944, 'X565ca90258eaeb8a000000001aaf332500000000', 9, '2015-11-30 16:52:33.636592', '2015-11-30 16:52:35.847306', '10.0.1.136', 'spamfilter', NULL, NULL);
INSERT INTO tokens (token_id, token, admin_id, created_at, valid_to, remote_addr, info, store_id, email) VALUES (945, 'X565ca9047ef22021000000003178234800000000', 9, '2015-11-30 16:52:35.847306', '2015-11-30 16:52:41.406376', '10.0.1.136', 'listadmins', NULL, NULL);
INSERT INTO tokens (token_id, token, admin_id, created_at, valid_to, remote_addr, info, store_id, email) VALUES (946, 'X565ca909754843d10000000027d1199900000000', 9, '2015-11-30 16:52:41.406376', '2015-11-30 16:52:41.415435', '10.0.1.136', 'listadmins', NULL, NULL);
INSERT INTO tokens (token_id, token, admin_id, created_at, valid_to, remote_addr, info, store_id, email) VALUES (947, 'X565ca9093793fe5b000000006a33d1ab00000000', 9, '2015-11-30 16:52:41.415435', '2015-11-30 16:52:58.662749', '10.0.1.136', 'search_ads', NULL, NULL);
INSERT INTO tokens (token_id, token, admin_id, created_at, valid_to, remote_addr, info, store_id, email) VALUES (948, 'X565ca91b411d852d00000000324b840b00000000', 9, '2015-11-30 16:52:58.662749', '2015-11-30 16:53:04.724253', '10.0.1.136', 'ad_status_change', NULL, NULL);
INSERT INTO tokens (token_id, token, admin_id, created_at, valid_to, remote_addr, info, store_id, email) VALUES (949, 'X565ca9214f46dd690000000058880b1500000000', 9, '2015-11-30 16:53:04.724253', '2015-11-30 16:53:04.738761', '10.0.1.136', 'listadmins', NULL, NULL);
INSERT INTO tokens (token_id, token, admin_id, created_at, valid_to, remote_addr, info, store_id, email) VALUES (950, 'X565ca9212a1a54ec000000006f71e2a00000000', 9, '2015-11-30 16:53:04.738761', '2015-11-30 16:54:23.728792', '10.0.1.136', 'search_ads', NULL, NULL);
INSERT INTO tokens (token_id, token, admin_id, created_at, valid_to, remote_addr, info, store_id, email) VALUES (951, 'X565ca970443871b5000000007ee467ec00000000', 9, '2015-11-30 16:54:23.728792', '2015-11-30 16:54:24.749539', '10.0.1.136', 'spamfilter', NULL, NULL);
INSERT INTO tokens (token_id, token, admin_id, created_at, valid_to, remote_addr, info, store_id, email) VALUES (952, 'X565ca9718c8ca3f00000000250bc73e00000000', 9, '2015-11-30 16:54:24.749539', '2015-11-30 16:54:29.61247', '10.0.1.136', 'adqueues', NULL, NULL);
INSERT INTO tokens (token_id, token, admin_id, created_at, valid_to, remote_addr, info, store_id, email) VALUES (953, 'X565ca97612da20060000000055f4fa6500000000', 9, '2015-11-30 16:54:29.61247', '2015-11-30 16:54:29.673001', '10.0.1.136', 'adqueues', NULL, NULL);
INSERT INTO tokens (token_id, token, admin_id, created_at, valid_to, remote_addr, info, store_id, email) VALUES (954, 'X565ca97677587024000000002cf7cbfb00000000', 9, '2015-11-30 16:54:29.673001', '2015-11-30 16:54:29.676845', '10.0.1.136', 'block_list', NULL, NULL);
INSERT INTO tokens (token_id, token, admin_id, created_at, valid_to, remote_addr, info, store_id, email) VALUES (955, 'X565ca97629558b7d000000007cd070e300000000', 9, '2015-11-30 16:54:29.676845', '2015-11-30 16:54:29.681711', '10.0.1.136', 'block_list', NULL, NULL);
INSERT INTO tokens (token_id, token, admin_id, created_at, valid_to, remote_addr, info, store_id, email) VALUES (956, 'X565ca97640f4765b0000000033912e300000000', 9, '2015-11-30 16:54:29.681711', '2015-11-30 17:00:37.68826', '10.0.1.136', 'block_list', NULL, NULL);
INSERT INTO tokens (token_id, token, admin_id, created_at, valid_to, remote_addr, info, store_id, email) VALUES (957, 'X565caae65286476f0000000013c9317500000000', 9, '2015-11-30 17:00:37.68826', '2015-11-30 17:00:43.638265', '10.0.1.136', 'listadmins', NULL, NULL);
INSERT INTO tokens (token_id, token, admin_id, created_at, valid_to, remote_addr, info, store_id, email) VALUES (958, 'X565caaec3eb8f0d80000000038ff520f00000000', 9, '2015-11-30 17:00:43.638265', '2015-11-30 17:00:43.650675', '10.0.1.136', 'listadmins', NULL, NULL);
INSERT INTO ads (ad_id, list_id, list_time, status, type, name, phone, region, city, category, user_id, passwd, phone_hidden, no_salesmen, company_ad, subject, body, price, image, infopage, infopage_title, orig_list_time, old_price, store_id, salted_passwd, modified_at, lang) VALUES (127, 8000086, '2015-11-30 10:59:37', 'active', 'sell', 'blocket', '26437660', 15, 0, 6120, 5, NULL, false, false, true, 'Adeptus Astartes Codex', 'for teh emporer', 778889, NULL, NULL, NULL, NULL, NULL, NULL, '$1024$''zs5ZqQ 7yWf5*+ 230ce84a3a219bf2eba14d169c8771e057e81411', '2015-11-30 10:59:37.42075', 'es');
INSERT INTO ads (ad_id, list_id, list_time, status, type, name, phone, region, city, category, user_id, passwd, phone_hidden, no_salesmen, company_ad, subject, body, price, image, infopage, infopage_title, orig_list_time, old_price, store_id, salted_passwd, modified_at, lang) VALUES (126, 8000085, '2015-11-30 10:22:07', 'deactivated', 'sell', 'prepaid', '65962077', 15, 0, 6120, 5, NULL, false, false, false, 'Adeptus Astartes Codex', 'for teh emporer!', 778889, NULL, NULL, NULL, NULL, NULL, NULL, '$1024$''zs5ZqQ 7yWf5*+ 230ce84a3a219bf2eba14d169c8771e057e81411', '2015-11-30 10:59:52.371144', 'es');
INSERT INTO ads (ad_id, list_id, list_time, status, type, name, phone, region, city, category, user_id, passwd, phone_hidden, no_salesmen, company_ad, subject, body, price, image, infopage, infopage_title, orig_list_time, old_price, store_id, salted_passwd, modified_at, lang) VALUES (128, 8000087, '2015-11-30 14:14:56', 'deactivated', 'sell', 'blocket', '26437660', 15, 0, 2020, 5, NULL, false, false, true, 'Alfa romeo alfa sportwagon 2005', 'filete', NULL, NULL, NULL, NULL, NULL, NULL, NULL, '$1024$''zs5ZqQ 7yWf5*+ 230ce84a3a219bf2eba14d169c8771e057e81411', '2015-11-30 14:15:12.487771', 'es');
INSERT INTO ads (ad_id, list_id, list_time, status, type, name, phone, region, city, category, user_id, passwd, phone_hidden, no_salesmen, company_ad, subject, body, price, image, infopage, infopage_title, orig_list_time, old_price, store_id, salted_passwd, modified_at, lang) VALUES (129, NULL, NULL, 'inactive', 'sell', 'blocket', '26437660', 15, 0, 2020, 5, NULL, false, false, true, 'Alfa romeo alfa sportwagon 2005', 'pulento', 123123, NULL, NULL, NULL, NULL, NULL, NULL, '$1024$''zs5ZqQ 7yWf5*+ 230ce84a3a219bf2eba14d169c8771e057e81411', NULL, 'es');
INSERT INTO ads (ad_id, list_id, list_time, status, type, name, phone, region, city, category, user_id, passwd, phone_hidden, no_salesmen, company_ad, subject, body, price, image, infopage, infopage_title, orig_list_time, old_price, store_id, salted_passwd, modified_at, lang) VALUES (130, NULL, NULL, 'inactive', 'sell', 'blocket', '26437660', 15, 0, 6120, 5, NULL, false, false, true, 'Adeptus Astartes Codex', 'foooo', 780000, NULL, NULL, NULL, NULL, NULL, NULL, '$1024$''zs5ZqQ 7yWf5*+ 230ce84a3a219bf2eba14d169c8771e057e81411', NULL, 'es');
update ads set status = 'deleted' where ad_id = 95;
INSERT INTO payment_groups (payment_group_id, code, status, added_at, parent_payment_group_id) VALUES (166, '633026231', 'verified', '2015-11-30 10:21:22.219477', NULL);
INSERT INTO payment_groups (payment_group_id, code, status, added_at, parent_payment_group_id) VALUES (167, '768418254', 'verified', '2015-11-30 10:23:18.148105', NULL);
INSERT INTO payment_groups (payment_group_id, code, status, added_at, parent_payment_group_id) VALUES (168, '903810277', 'verified', '2015-11-30 14:12:45.900768', NULL);
INSERT INTO payment_groups (payment_group_id, code, status, added_at, parent_payment_group_id) VALUES (169, '139202300', 'verified', '2015-11-30 14:15:53.558166', NULL);
INSERT INTO payment_groups (payment_group_id, code, status, added_at, parent_payment_group_id) VALUES (170, '274594323', 'verified', '2015-11-30 16:54:07.579462', NULL);
INSERT INTO ad_actions (ad_id, action_id, action_type, current_state, state, queue, locked_by, locked_until, payment_group_id) VALUES (95, 2, 'delete', 698, 'deleted', 'normal', NULL, NULL, NULL);
INSERT INTO ad_actions (ad_id, action_id, action_type, current_state, state, queue, locked_by, locked_until, payment_group_id) VALUES (126, 1, 'new', 702, 'accepted', 'normal', NULL, NULL, 166);
INSERT INTO ad_actions (ad_id, action_id, action_type, current_state, state, queue, locked_by, locked_until, payment_group_id) VALUES (126, 2, 'deactivate', 703, 'deactivated', 'normal', NULL, NULL, NULL);
INSERT INTO ad_actions (ad_id, action_id, action_type, current_state, state, queue, locked_by, locked_until, payment_group_id) VALUES (126, 3, 'delete', 707, 'deleted', 'normal', NULL, NULL, NULL);
INSERT INTO ad_actions (ad_id, action_id, action_type, current_state, state, queue, locked_by, locked_until, payment_group_id) VALUES (95, 3, 'undo_delete', 708, 'undo_deleted', 'normal', NULL, NULL, NULL);
INSERT INTO ad_actions (ad_id, action_id, action_type, current_state, state, queue, locked_by, locked_until, payment_group_id) VALUES (126, 4, 'undo_delete', 710, 'undo_deleted', 'normal', NULL, NULL, NULL);
INSERT INTO ad_actions (ad_id, action_id, action_type, current_state, state, queue, locked_by, locked_until, payment_group_id) VALUES (95, 4, 'deactivate', 711, 'deactivated', 'normal', NULL, NULL, NULL);
INSERT INTO ad_actions (ad_id, action_id, action_type, current_state, state, queue, locked_by, locked_until, payment_group_id) VALUES (127, 1, 'new', 712, 'accepted', 'duplicated', NULL, NULL, 167);
INSERT INTO ad_actions (ad_id, action_id, action_type, current_state, state, queue, locked_by, locked_until, payment_group_id) VALUES (126, 5, 'deactivate', 713, 'deactivated', 'normal', NULL, NULL, NULL);
INSERT INTO ad_actions (ad_id, action_id, action_type, current_state, state, queue, locked_by, locked_until, payment_group_id) VALUES (95, 5, 'activate', 714, 'activated', 'normal', NULL, NULL, NULL);
INSERT INTO ad_actions (ad_id, action_id, action_type, current_state, state, queue, locked_by, locked_until, payment_group_id) VALUES (95, 6, 'status_change', 716, 'hidden', 'normal', NULL, NULL, NULL);
INSERT INTO ad_actions (ad_id, action_id, action_type, current_state, state, queue, locked_by, locked_until, payment_group_id) VALUES (95, 7, 'status_change', 718, 'accepted', 'normal', NULL, NULL, NULL);
INSERT INTO ad_actions (ad_id, action_id, action_type, current_state, state, queue, locked_by, locked_until, payment_group_id) VALUES (95, 8, 'post_refusal', 720, 'accepted', 'normal', NULL, NULL, NULL);
INSERT INTO ad_actions (ad_id, action_id, action_type, current_state, state, queue, locked_by, locked_until, payment_group_id) VALUES (95, 9, 'status_change', 722, 'hidden', 'normal', NULL, NULL, NULL);
INSERT INTO ad_actions (ad_id, action_id, action_type, current_state, state, queue, locked_by, locked_until, payment_group_id) VALUES (128, 1, 'new', 726, 'accepted', 'normal', NULL, NULL, 168);
INSERT INTO ad_actions (ad_id, action_id, action_type, current_state, state, queue, locked_by, locked_until, payment_group_id) VALUES (128, 2, 'deactivate', 727, 'deactivated', 'normal', NULL, NULL, NULL);
INSERT INTO ad_actions (ad_id, action_id, action_type, current_state, state, queue, locked_by, locked_until, payment_group_id) VALUES (129, 1, 'new', 730, 'pending_review', 'duplicated', NULL, NULL, 169);
INSERT INTO ad_actions (ad_id, action_id, action_type, current_state, state, queue, locked_by, locked_until, payment_group_id) VALUES (95, 10, 'status_change', 732, 'accepted', 'normal', NULL, NULL, NULL);
INSERT INTO ad_actions (ad_id, action_id, action_type, current_state, state, queue, locked_by, locked_until, payment_group_id) VALUES (130, 1, 'new', 735, 'pending_review', 'duplicated', NULL, NULL, 170);
INSERT INTO ad_actions (ad_id, action_id, action_type, current_state, state, queue, locked_by, locked_until, payment_group_id) VALUES (95, 11, 'delete', 736, 'deleted', 'normal', NULL, NULL, NULL);
INSERT INTO action_params (ad_id, action_id, name, value) VALUES (95, 2, 'source', 'web');
INSERT INTO action_params (ad_id, action_id, name, value) VALUES (95, 2, 'event_view', '0');
INSERT INTO action_params (ad_id, action_id, name, value) VALUES (95, 2, 'event_mail', '0');
INSERT INTO action_params (ad_id, action_id, name, value) VALUES (95, 2, 'event_galleryview', '0');
INSERT INTO action_params (ad_id, action_id, name, value) VALUES (126, 1, 'source', 'web');
INSERT INTO action_params (ad_id, action_id, name, value) VALUES (126, 1, 'redir', 'dW5rbm93bg==');
INSERT INTO action_params (ad_id, action_id, name, value) VALUES (126, 2, 'source', 'web');
INSERT INTO action_params (ad_id, action_id, name, value) VALUES (127, 1, 'source', 'web');
INSERT INTO action_params (ad_id, action_id, name, value) VALUES (127, 1, 'redir', 'dW5rbm93bg==');
INSERT INTO action_params (ad_id, action_id, name, value) VALUES (127, 1, 'force_queue', 'duplicated');
INSERT INTO action_params (ad_id, action_id, name, value) VALUES (126, 3, 'source', 'web');
INSERT INTO action_params (ad_id, action_id, name, value) VALUES (126, 3, 'event_view', '0');
INSERT INTO action_params (ad_id, action_id, name, value) VALUES (126, 3, 'event_mail', '0');
INSERT INTO action_params (ad_id, action_id, name, value) VALUES (126, 3, 'event_galleryview', '0');
INSERT INTO action_params (ad_id, action_id, name, value) VALUES (95, 4, 'source', 'web');
INSERT INTO action_params (ad_id, action_id, name, value) VALUES (126, 5, 'source', 'web');
INSERT INTO action_params (ad_id, action_id, name, value) VALUES (95, 5, 'source', 'web');
INSERT INTO action_params (ad_id, action_id, name, value) VALUES (128, 1, 'source', 'web');
INSERT INTO action_params (ad_id, action_id, name, value) VALUES (128, 1, 'redir', 'dW5rbm93bg==');
INSERT INTO action_params (ad_id, action_id, name, value) VALUES (128, 2, 'source', 'web');
INSERT INTO action_params (ad_id, action_id, name, value) VALUES (129, 1, 'source', 'web');
INSERT INTO action_params (ad_id, action_id, name, value) VALUES (129, 1, 'redir', 'dW5rbm93bg==');
INSERT INTO action_params (ad_id, action_id, name, value) VALUES (129, 1, 'force_queue', 'duplicated');
INSERT INTO action_params (ad_id, action_id, name, value) VALUES (130, 1, 'source', 'web');
INSERT INTO action_params (ad_id, action_id, name, value) VALUES (130, 1, 'redir', 'dW5rbm93bg==');
INSERT INTO action_params (ad_id, action_id, name, value) VALUES (130, 1, 'force_queue', 'duplicated');
INSERT INTO action_params (ad_id, action_id, name, value) VALUES (95, 11, 'source', 'web');
INSERT INTO action_params (ad_id, action_id, name, value) VALUES (95, 11, 'event_view', '0');
INSERT INTO action_params (ad_id, action_id, name, value) VALUES (95, 11, 'event_mail', '0');
INSERT INTO action_params (ad_id, action_id, name, value) VALUES (95, 11, 'event_galleryview', '0');
INSERT INTO action_states (ad_id, action_id, state_id, state, transition, "timestamp", remote_addr, token_id) VALUES (95, 2, 698, 'deleted', 'admin_deleted', '2015-11-30 10:21:15.125333', '10.0.1.136', 719);
INSERT INTO action_states (ad_id, action_id, state_id, state, transition, "timestamp", remote_addr, token_id) VALUES (126, 1, 699, 'reg', 'initial', '2015-11-30 10:21:22.219477', '10.0.1.136', NULL);
INSERT INTO action_states (ad_id, action_id, state_id, state, transition, "timestamp", remote_addr, token_id) VALUES (126, 1, 700, 'unverified', 'verifymail', '2015-11-30 10:21:22.219477', '10.0.1.136', NULL);
INSERT INTO action_states (ad_id, action_id, state_id, state, transition, "timestamp", remote_addr, token_id) VALUES (126, 1, 701, 'pending_review', 'verify', '2015-11-30 10:21:22.278927', '10.0.1.136', NULL);
INSERT INTO action_states (ad_id, action_id, state_id, state, transition, "timestamp", remote_addr, token_id) VALUES (126, 1, 702, 'accepted', 'accept', '2015-11-30 10:22:07.764266', '10.0.1.136', 730);
INSERT INTO action_states (ad_id, action_id, state_id, state, transition, "timestamp", remote_addr, token_id) VALUES (126, 2, 703, 'deactivated', 'admin_deactivated', '2015-11-30 10:22:18.645294', '10.0.1.136', 733);
INSERT INTO action_states (ad_id, action_id, state_id, state, transition, "timestamp", remote_addr, token_id) VALUES (127, 1, 704, 'reg', 'initial', '2015-11-30 10:23:18.148105', '10.0.1.136', NULL);
INSERT INTO action_states (ad_id, action_id, state_id, state, transition, "timestamp", remote_addr, token_id) VALUES (127, 1, 705, 'unverified', 'verifymail', '2015-11-30 10:23:18.148105', '10.0.1.136', NULL);
INSERT INTO action_states (ad_id, action_id, state_id, state, transition, "timestamp", remote_addr, token_id) VALUES (127, 1, 706, 'pending_review', 'verify', '2015-11-30 10:23:18.188024', '10.0.1.136', NULL);
INSERT INTO action_states (ad_id, action_id, state_id, state, transition, "timestamp", remote_addr, token_id) VALUES (126, 3, 707, 'deleted', 'admin_deleted', '2015-11-30 10:23:40.432975', '10.0.1.136', 742);
INSERT INTO action_states (ad_id, action_id, state_id, state, transition, "timestamp", remote_addr, token_id) VALUES (95, 3, 708, 'undo_deleted', 'undo_delete', '2015-11-30 10:51:00.643367', NULL, 755);
INSERT INTO action_states (ad_id, action_id, state_id, state, transition, "timestamp", remote_addr, token_id) VALUES (127, 1, 709, 'refused', 'refuse', '2015-11-30 10:57:37.932817', '10.0.1.136', 768);
INSERT INTO action_states (ad_id, action_id, state_id, state, transition, "timestamp", remote_addr, token_id) VALUES (126, 4, 710, 'undo_deleted', 'undo_delete', '2015-11-30 10:58:43.731675', NULL, 785);
INSERT INTO action_states (ad_id, action_id, state_id, state, transition, "timestamp", remote_addr, token_id) VALUES (95, 4, 711, 'deactivated', 'admin_deactivated', '2015-11-30 10:58:59.395114', '10.0.1.136', 790);
INSERT INTO action_states (ad_id, action_id, state_id, state, transition, "timestamp", remote_addr, token_id) VALUES (127, 1, 712, 'accepted', 'accept', '2015-11-30 10:59:37.42075', '10.0.1.136', 801);
INSERT INTO action_states (ad_id, action_id, state_id, state, transition, "timestamp", remote_addr, token_id) VALUES (126, 5, 713, 'deactivated', 'admin_deactivated', '2015-11-30 10:59:52.371144', '10.0.1.136', 804);
INSERT INTO action_states (ad_id, action_id, state_id, state, transition, "timestamp", remote_addr, token_id) VALUES (95, 5, 714, 'activated', 'admin_activated', '2015-11-30 11:00:16.866406', '10.0.1.136', 807);
INSERT INTO action_states (ad_id, action_id, state_id, state, transition, "timestamp", remote_addr, token_id) VALUES (95, 6, 715, 'reg', 'initial', '2015-11-30 11:00:33.920809', '10.0.1.136', 810);
INSERT INTO action_states (ad_id, action_id, state_id, state, transition, "timestamp", remote_addr, token_id) VALUES (95, 6, 716, 'hidden', 'status_change', '2015-11-30 11:00:33.920809', '10.0.1.136', 810);
INSERT INTO action_states (ad_id, action_id, state_id, state, transition, "timestamp", remote_addr, token_id) VALUES (95, 7, 717, 'reg', 'initial', '2015-11-30 11:10:47.659768', '10.0.1.136', 821);
INSERT INTO action_states (ad_id, action_id, state_id, state, transition, "timestamp", remote_addr, token_id) VALUES (95, 7, 718, 'accepted', 'status_change', '2015-11-30 11:10:47.659768', '10.0.1.136', 821);
INSERT INTO action_states (ad_id, action_id, state_id, state, transition, "timestamp", remote_addr, token_id) VALUES (95, 8, 719, 'refused', 'refuse', '2015-11-30 11:11:09.643576', '10.0.1.136', 828);
INSERT INTO action_states (ad_id, action_id, state_id, state, transition, "timestamp", remote_addr, token_id) VALUES (95, 8, 720, 'accepted', 'accept', '2015-11-30 12:57:17.254382', '10.0.1.136', 857);
INSERT INTO action_states (ad_id, action_id, state_id, state, transition, "timestamp", remote_addr, token_id) VALUES (95, 9, 721, 'reg', 'initial', '2015-11-30 12:57:37.79349', '10.0.1.136', 860);
INSERT INTO action_states (ad_id, action_id, state_id, state, transition, "timestamp", remote_addr, token_id) VALUES (95, 9, 722, 'hidden', 'status_change', '2015-11-30 12:57:37.79349', '10.0.1.136', 860);
INSERT INTO action_states (ad_id, action_id, state_id, state, transition, "timestamp", remote_addr, token_id) VALUES (128, 1, 723, 'reg', 'initial', '2015-11-30 14:12:45.900768', '10.0.1.136', NULL);
INSERT INTO action_states (ad_id, action_id, state_id, state, transition, "timestamp", remote_addr, token_id) VALUES (128, 1, 724, 'unverified', 'verifymail', '2015-11-30 14:12:45.900768', '10.0.1.136', NULL);
INSERT INTO action_states (ad_id, action_id, state_id, state, transition, "timestamp", remote_addr, token_id) VALUES (128, 1, 725, 'pending_review', 'verify', '2015-11-30 14:12:45.939906', '10.0.1.136', NULL);
INSERT INTO action_states (ad_id, action_id, state_id, state, transition, "timestamp", remote_addr, token_id) VALUES (128, 1, 726, 'accepted', 'accept', '2015-11-30 14:14:56.283976', '10.0.1.136', 900);
INSERT INTO action_states (ad_id, action_id, state_id, state, transition, "timestamp", remote_addr, token_id) VALUES (128, 2, 727, 'deactivated', 'admin_deactivated', '2015-11-30 14:15:12.487771', '10.0.1.136', 903);
INSERT INTO action_states (ad_id, action_id, state_id, state, transition, "timestamp", remote_addr, token_id) VALUES (129, 1, 728, 'reg', 'initial', '2015-11-30 14:15:53.558166', '10.0.1.136', NULL);
INSERT INTO action_states (ad_id, action_id, state_id, state, transition, "timestamp", remote_addr, token_id) VALUES (129, 1, 729, 'unverified', 'verifymail', '2015-11-30 14:15:53.558166', '10.0.1.136', NULL);
INSERT INTO action_states (ad_id, action_id, state_id, state, transition, "timestamp", remote_addr, token_id) VALUES (129, 1, 730, 'pending_review', 'verify', '2015-11-30 14:15:53.596148', '10.0.1.136', NULL);
INSERT INTO action_states (ad_id, action_id, state_id, state, transition, "timestamp", remote_addr, token_id) VALUES (95, 10, 731, 'reg', 'initial', '2015-11-30 16:52:58.664436', '10.0.1.136', 947);
INSERT INTO action_states (ad_id, action_id, state_id, state, transition, "timestamp", remote_addr, token_id) VALUES (95, 10, 732, 'accepted', 'status_change', '2015-11-30 16:52:58.664436', '10.0.1.136', 947);
INSERT INTO action_states (ad_id, action_id, state_id, state, transition, "timestamp", remote_addr, token_id) VALUES (130, 1, 733, 'reg', 'initial', '2015-11-30 16:54:07.579462', '10.0.1.136', NULL);
INSERT INTO action_states (ad_id, action_id, state_id, state, transition, "timestamp", remote_addr, token_id) VALUES (130, 1, 734, 'unverified', 'verifymail', '2015-11-30 16:54:07.579462', '10.0.1.136', NULL);
INSERT INTO action_states (ad_id, action_id, state_id, state, transition, "timestamp", remote_addr, token_id) VALUES (130, 1, 735, 'pending_review', 'verify', '2015-11-30 16:54:07.618668', '10.0.1.136', NULL);
INSERT INTO action_states (ad_id, action_id, state_id, state, transition, "timestamp", remote_addr, token_id) VALUES (95, 11, 736, 'deleted', 'admin_deleted', '2015-11-30 17:14:37.689512', '10.0.1.136', 963);
SELECT pg_catalog.setval('action_states_state_id_seq', 736, true);
INSERT INTO ad_codes (code, code_type) VALUES (24741, 'pay');
INSERT INTO ad_codes (code, code_type) VALUES (56764, 'pay');
INSERT INTO ad_codes (code, code_type) VALUES (88787, 'pay');
INSERT INTO ad_codes (code, code_type) VALUES (30810, 'pay');
INSERT INTO ad_codes (code, code_type) VALUES (62833, 'pay');
INSERT INTO ad_image_changes (ad_id, action_id, state_id, seq_no, name, is_new) VALUES (126, 1, 702, 0, NULL, false);
INSERT INTO ad_image_changes (ad_id, action_id, state_id, seq_no, name, is_new) VALUES (127, 1, 712, 0, NULL, false);
INSERT INTO ad_image_changes (ad_id, action_id, state_id, seq_no, name, is_new) VALUES (95, 8, 720, 0, NULL, false);
INSERT INTO ad_image_changes (ad_id, action_id, state_id, seq_no, name, is_new) VALUES (128, 1, 726, 0, NULL, false);
INSERT INTO ad_params (ad_id, name, value) VALUES (126, 'communes', '310');
INSERT INTO ad_params (ad_id, name, value) VALUES (126, 'prev_currency', 'peso');
INSERT INTO ad_params (ad_id, name, value) VALUES (126, 'country', 'UNK');
INSERT INTO ad_params (ad_id, name, value) VALUES (127, 'communes', '315');
INSERT INTO ad_params (ad_id, name, value) VALUES (127, 'prev_currency', 'peso');
INSERT INTO ad_params (ad_id, name, value) VALUES (127, 'country', 'UNK');
INSERT INTO ad_params (ad_id, name, value) VALUES (128, 'regdate', '2005');
INSERT INTO ad_params (ad_id, name, value) VALUES (128, 'mileage', '100000');
INSERT INTO ad_params (ad_id, name, value) VALUES (128, 'gearbox', '2');
INSERT INTO ad_params (ad_id, name, value) VALUES (128, 'fuel', '1');
INSERT INTO ad_params (ad_id, name, value) VALUES (128, 'cartype', '1');
INSERT INTO ad_params (ad_id, name, value) VALUES (128, 'communes', '315');
INSERT INTO ad_params (ad_id, name, value) VALUES (128, 'prev_currency', 'peso');
INSERT INTO ad_params (ad_id, name, value) VALUES (128, 'brand', '3');
INSERT INTO ad_params (ad_id, name, value) VALUES (128, 'model', '11');
INSERT INTO ad_params (ad_id, name, value) VALUES (128, 'version', '1');
INSERT INTO ad_params (ad_id, name, value) VALUES (128, 'country', 'UNK');
INSERT INTO ad_params (ad_id, name, value) VALUES (129, 'regdate', '2005');
INSERT INTO ad_params (ad_id, name, value) VALUES (129, 'mileage', '150000');
INSERT INTO ad_params (ad_id, name, value) VALUES (129, 'gearbox', '2');
INSERT INTO ad_params (ad_id, name, value) VALUES (129, 'fuel', '1');
INSERT INTO ad_params (ad_id, name, value) VALUES (129, 'cartype', '1');
INSERT INTO ad_params (ad_id, name, value) VALUES (129, 'communes', '315');
INSERT INTO ad_params (ad_id, name, value) VALUES (129, 'prev_currency', 'peso');
INSERT INTO ad_params (ad_id, name, value) VALUES (129, 'brand', '3');
INSERT INTO ad_params (ad_id, name, value) VALUES (129, 'model', '11');
INSERT INTO ad_params (ad_id, name, value) VALUES (129, 'version', '1');
INSERT INTO ad_params (ad_id, name, value) VALUES (129, 'country', 'UNK');
INSERT INTO ad_params (ad_id, name, value) VALUES (130, 'communes', '315');
INSERT INTO ad_params (ad_id, name, value) VALUES (130, 'prev_currency', 'peso');
INSERT INTO ad_params (ad_id, name, value) VALUES (130, 'country', 'UNK');
INSERT INTO ad_queues (ad_id, action_id, queue, queued_at, locked_by, locked_until) VALUES (129, 1, 'duplicated', '2015-11-30 14:15:53.596148', NULL, NULL);
INSERT INTO ad_queues (ad_id, action_id, queue, queued_at, locked_by, locked_until) VALUES (130, 1, 'duplicated', '2015-11-30 16:54:07.618668', NULL, NULL);
SELECT pg_catalog.setval('ads_ad_id_seq', 130, true);
SELECT pg_catalog.setval('list_id_seq', 8000087, true);
SELECT pg_catalog.setval('pay_code_seq', 471, true);
INSERT INTO pay_log (pay_log_id, pay_type, amount, code, token_id, paid_at, payment_group_id, status) VALUES (213, 'save', 0, '633026231', NULL, '2015-11-30 10:21:22', 166, 'SAVE');
INSERT INTO pay_log (pay_log_id, pay_type, amount, code, token_id, paid_at, payment_group_id, status) VALUES (214, 'verify', 0, '633026231', NULL, '2015-11-30 10:21:22', 166, 'OK');
INSERT INTO pay_log (pay_log_id, pay_type, amount, code, token_id, paid_at, payment_group_id, status) VALUES (215, 'save', 0, '768418254', NULL, '2015-11-30 10:23:18', 167, 'SAVE');
INSERT INTO pay_log (pay_log_id, pay_type, amount, code, token_id, paid_at, payment_group_id, status) VALUES (216, 'verify', 0, '768418254', NULL, '2015-11-30 10:23:18', 167, 'OK');
INSERT INTO pay_log (pay_log_id, pay_type, amount, code, token_id, paid_at, payment_group_id, status) VALUES (217, 'save', 0, '903810277', NULL, '2015-11-30 14:12:46', 168, 'SAVE');
INSERT INTO pay_log (pay_log_id, pay_type, amount, code, token_id, paid_at, payment_group_id, status) VALUES (218, 'verify', 0, '903810277', NULL, '2015-11-30 14:12:46', 168, 'OK');
INSERT INTO pay_log (pay_log_id, pay_type, amount, code, token_id, paid_at, payment_group_id, status) VALUES (219, 'save', 0, '139202300', NULL, '2015-11-30 14:15:54', 169, 'SAVE');
INSERT INTO pay_log (pay_log_id, pay_type, amount, code, token_id, paid_at, payment_group_id, status) VALUES (220, 'verify', 0, '139202300', NULL, '2015-11-30 14:15:54', 169, 'OK');
INSERT INTO pay_log (pay_log_id, pay_type, amount, code, token_id, paid_at, payment_group_id, status) VALUES (221, 'save', 0, '274594323', NULL, '2015-11-30 16:54:08', 170, 'SAVE');
INSERT INTO pay_log (pay_log_id, pay_type, amount, code, token_id, paid_at, payment_group_id, status) VALUES (222, 'verify', 0, '274594323', NULL, '2015-11-30 16:54:08', 170, 'OK');
SELECT pg_catalog.setval('pay_log_pay_log_id_seq', 222, true);
INSERT INTO pay_log_references (pay_log_id, ref_num, ref_type, reference) VALUES (213, 0, 'adphone', '65962077');
INSERT INTO pay_log_references (pay_log_id, ref_num, ref_type, reference) VALUES (213, 1, 'remote_addr', '10.0.1.136');
INSERT INTO pay_log_references (pay_log_id, ref_num, ref_type, reference) VALUES (214, 0, 'remote_addr', '10.0.1.136');
INSERT INTO pay_log_references (pay_log_id, ref_num, ref_type, reference) VALUES (215, 0, 'adphone', '26437660');
INSERT INTO pay_log_references (pay_log_id, ref_num, ref_type, reference) VALUES (215, 1, 'remote_addr', '10.0.1.136');
INSERT INTO pay_log_references (pay_log_id, ref_num, ref_type, reference) VALUES (216, 0, 'remote_addr', '10.0.1.136');
INSERT INTO pay_log_references (pay_log_id, ref_num, ref_type, reference) VALUES (217, 0, 'adphone', '26437660');
INSERT INTO pay_log_references (pay_log_id, ref_num, ref_type, reference) VALUES (217, 1, 'remote_addr', '10.0.1.136');
INSERT INTO pay_log_references (pay_log_id, ref_num, ref_type, reference) VALUES (218, 0, 'remote_addr', '10.0.1.136');
INSERT INTO pay_log_references (pay_log_id, ref_num, ref_type, reference) VALUES (219, 0, 'adphone', '26437660');
INSERT INTO pay_log_references (pay_log_id, ref_num, ref_type, reference) VALUES (219, 1, 'remote_addr', '10.0.1.136');
INSERT INTO pay_log_references (pay_log_id, ref_num, ref_type, reference) VALUES (220, 0, 'remote_addr', '10.0.1.136');
INSERT INTO pay_log_references (pay_log_id, ref_num, ref_type, reference) VALUES (221, 0, 'adphone', '26437660');
INSERT INTO pay_log_references (pay_log_id, ref_num, ref_type, reference) VALUES (221, 1, 'remote_addr', '10.0.1.136');
INSERT INTO pay_log_references (pay_log_id, ref_num, ref_type, reference) VALUES (222, 0, 'remote_addr', '10.0.1.136');
SELECT pg_catalog.setval('payment_groups_payment_group_id_seq', 170, true);
INSERT INTO payments (payment_group_id, payment_type, pay_amount, discount) VALUES (166, 'ad_action', 0, 0);
INSERT INTO payments (payment_group_id, payment_type, pay_amount, discount) VALUES (167, 'ad_action', 0, 0);
INSERT INTO payments (payment_group_id, payment_type, pay_amount, discount) VALUES (168, 'ad_action', 0, 0);
INSERT INTO payments (payment_group_id, payment_type, pay_amount, discount) VALUES (169, 'ad_action', 0, 0);
INSERT INTO payments (payment_group_id, payment_type, pay_amount, discount) VALUES (170, 'ad_action', 0, 0);
INSERT INTO review_log (ad_id, action_id, admin_id, review_time, queue, action_type, action, refusal_reason_text, category) VALUES (126, 1, 9, '2015-11-30 10:22:07.764266', 'all', 'new', 'accepted', NULL, 6120);
INSERT INTO review_log (ad_id, action_id, admin_id, review_time, queue, action_type, action, refusal_reason_text, category) VALUES (127, 1, 9, '2015-11-30 10:57:37.932817', 'all', 'new', 'refused', 'Varios elementos Veh�culos - Propiedad', 6120);
INSERT INTO review_log (ad_id, action_id, admin_id, review_time, queue, action_type, action, refusal_reason_text, category) VALUES (127, 1, 9, '2015-11-30 10:59:37.42075', 'all', 'new', 'accepted', NULL, 6120);
INSERT INTO review_log (ad_id, action_id, admin_id, review_time, queue, action_type, action, refusal_reason_text, category) VALUES (95, 7, 9, '2015-11-30 11:11:09.643576', 'all', 'status_change', 'refused', 'Contrase�a', 6120);
INSERT INTO review_log (ad_id, action_id, admin_id, review_time, queue, action_type, action, refusal_reason_text, category) VALUES (95, 8, 9, '2015-11-30 12:57:17.254382', 'all', 'post_refusal', 'accepted', NULL, 6120);
INSERT INTO review_log (ad_id, action_id, admin_id, review_time, queue, action_type, action, refusal_reason_text, category) VALUES (128, 1, 9, '2015-11-30 14:14:56.283976', 'all', 'new', 'accepted', NULL, 2020);
INSERT INTO state_params (ad_id, action_id, state_id, name, value) VALUES (126, 1, 701, 'queue', 'normal');
INSERT INTO state_params (ad_id, action_id, state_id, name, value) VALUES (126, 1, 702, 'filter_name', 'all');
INSERT INTO state_params (ad_id, action_id, state_id, name, value) VALUES (127, 1, 706, 'queue', 'duplicated');
INSERT INTO state_params (ad_id, action_id, state_id, name, value) VALUES (127, 1, 709, 'reason', '10');
INSERT INTO state_params (ad_id, action_id, state_id, name, value) VALUES (127, 1, 709, 'filter_name', 'all');
INSERT INTO state_params (ad_id, action_id, state_id, name, value) VALUES (127, 1, 712, 'filter_name', 'all');
INSERT INTO state_params (ad_id, action_id, state_id, name, value) VALUES (95, 8, 719, 'reason', '25');
INSERT INTO state_params (ad_id, action_id, state_id, name, value) VALUES (95, 8, 719, 'filter_name', 'all');
INSERT INTO state_params (ad_id, action_id, state_id, name, value) VALUES (95, 8, 720, 'filter_name', 'all');
INSERT INTO state_params (ad_id, action_id, state_id, name, value) VALUES (128, 1, 725, 'queue', 'normal');
INSERT INTO state_params (ad_id, action_id, state_id, name, value) VALUES (128, 1, 726, 'filter_name', 'all');
INSERT INTO state_params (ad_id, action_id, state_id, name, value) VALUES (129, 1, 730, 'queue', 'duplicated');
INSERT INTO state_params (ad_id, action_id, state_id, name, value) VALUES (130, 1, 735, 'queue', 'duplicated');
SELECT pg_catalog.setval('tokens_token_id_seq', 974, true);
SELECT pg_catalog.setval('trans_queue_id_seq', 100, true);

--Change all passwords to 123123123
update ads set salted_passwd =  E'$1024$2y1bQ}VYRD}zF4QCbf07a971b784888658a20e62156de64dfde5ffb6', passwd = null;
update accounts set salted_passwd =  E'$1024$2y1bQ}VYRD}zF4QCbf07a971b784888658a20e62156de64dfde5ffb6';
