INSERT INTO ads (ad_id, list_id, list_time, status, type, name, phone, region, city, category, user_id, passwd, phone_hidden, no_salesmen, company_ad, subject, body, price, image, infopage, infopage_title, orig_list_time, old_price, store_id, salted_passwd, modified_at, lang) VALUES (127, 8000086, NOW() - interval '5 minutes', 'active', 'sell', 'OtherRegionAccount', '12312312', 10, 0, 2020, 3, NULL, false, false, true, 'Acadian Beaumont 2015', 'mi joya a la venta', 5000000, NULL, NULL, NULL, NULL, NULL, NULL, '$1024$Xz9fObnE6R=?;WF3dedc5f856ce5f31bf35015ac0f38cd5edddf155a', NOW() - interval '5 minutes', 'es');
INSERT INTO ads (ad_id, list_id, list_time, status, type, name, phone, region, city, category, user_id, passwd, phone_hidden, no_salesmen, company_ad, subject, body, price, image, infopage, infopage_title, orig_list_time, old_price, store_id, salted_passwd, modified_at, lang) VALUES (134, 8000094, NOW() - interval '7 minutes', 'active', 'sell', 'OtherRegionAccount', '12312312', 10, 0, 2020, 3, NULL, false, false, true, 'Acadian Beaumont 2015', 'mi joya a la venta', 5000000, NULL, NULL, NULL, NULL, NULL, NULL, '$1024$Xz9fObnE6R=?;WF3dedc5f856ce5f31bf35015ac0f38cd5edddf155a', NOW() - interval '7 minutes', 'es');
INSERT INTO ads (ad_id, list_id, list_time, status, type, name, phone, region, city, category, user_id, passwd, phone_hidden, no_salesmen, company_ad, subject, body, price, image, infopage, infopage_title, orig_list_time, old_price, store_id, salted_passwd, modified_at, lang) VALUES (126, 8000085, NOW() - interval '9 minutes', 'active', 'sell', 'OtherRegionAccount', '12312312', 10, 0, 2020, 3, NULL, false, false, true, 'Acadian Beaumont 2015', 'mi joya a la venta', 5000000, NULL, NULL, NULL, NULL, NULL, NULL, '$1024$Xz9fObnE6R=?;WF3dedc5f856ce5f31bf35015ac0f38cd5edddf155a', NOW() - interval '9 minutes', 'es');
INSERT INTO ads (ad_id, list_id, list_time, status, type, name, phone, region, city, category, user_id, passwd, phone_hidden, no_salesmen, company_ad, subject, body, price, image, infopage, infopage_title, orig_list_time, old_price, store_id, salted_passwd, modified_at, lang) VALUES (128, 8000087, NOW() - interval '11 minutes', 'active', 'sell', 'OtherRegionAccount', '12312312', 10, 0, 2020, 3, NULL, false, false, true, 'Acadian Beaumont 2015', 'mi joya a la venta', 5000000, NULL, NULL, NULL, NULL, NULL, NULL, '$1024$Xz9fObnE6R=?;WF3dedc5f856ce5f31bf35015ac0f38cd5edddf155a', NOW() - interval '11 minutes', 'es');
INSERT INTO ads (ad_id, list_id, list_time, status, type, name, phone, region, city, category, user_id, passwd, phone_hidden, no_salesmen, company_ad, subject, body, price, image, infopage, infopage_title, orig_list_time, old_price, store_id, salted_passwd, modified_at, lang) VALUES (129, 8000088, NOW() - interval '13 minutes', 'active', 'sell', 'OtherRegionAccount', '12312312', 10, 0, 2020, 3, NULL, false, false, true, 'Acadian Beaumont 2015', 'mi joya a la venta', 5000000, NULL, NULL, NULL, NULL, NULL, NULL, '$1024$Xz9fObnE6R=?;WF3dedc5f856ce5f31bf35015ac0f38cd5edddf155a', NOW() - interval '13 minutes', 'es');
INSERT INTO ads (ad_id, list_id, list_time, status, type, name, phone, region, city, category, user_id, passwd, phone_hidden, no_salesmen, company_ad, subject, body, price, image, infopage, infopage_title, orig_list_time, old_price, store_id, salted_passwd, modified_at, lang) VALUES (136, 8000095, NOW() - interval '15 minutes', 'active', 'sell', 'OtherRegionAccount', '12312312', 10, 0, 2020, 3, NULL, false, false, true, 'Acadian Beaumont 2015', 'mi joya a la venta', 5000000, NULL, NULL, NULL, NULL, NULL, NULL, '$1024$Xz9fObnE6R=?;WF3dedc5f856ce5f31bf35015ac0f38cd5edddf155a', NOW() - interval '15 minutes', 'es');
INSERT INTO ads (ad_id, list_id, list_time, status, type, name, phone, region, city, category, user_id, passwd, phone_hidden, no_salesmen, company_ad, subject, body, price, image, infopage, infopage_title, orig_list_time, old_price, store_id, salted_passwd, modified_at, lang) VALUES (130, 8000089, NOW() - interval '17 minutes', 'active', 'sell', 'OtherRegionAccount', '12312312', 10, 0, 2020, 3, NULL, false, false, true, 'Acadian Beaumont 2015', 'mi joya a la venta', 5000000, NULL, NULL, NULL, NULL, NULL, NULL, '$1024$Xz9fObnE6R=?;WF3dedc5f856ce5f31bf35015ac0f38cd5edddf155a', NOW() - interval '17 minutes', 'es');
INSERT INTO ads (ad_id, list_id, list_time, status, type, name, phone, region, city, category, user_id, passwd, phone_hidden, no_salesmen, company_ad, subject, body, price, image, infopage, infopage_title, orig_list_time, old_price, store_id, salted_passwd, modified_at, lang) VALUES (131, 8000090, NOW() - interval '19 minutes', 'active', 'sell', 'OtherRegionAccount', '12312312', 10, 0, 2020, 3, NULL, false, false, true, 'Acadian Beaumont 2015', 'mi joya a la venta', 5000000, NULL, NULL, NULL, NULL, NULL, NULL, '$1024$Xz9fObnE6R=?;WF3dedc5f856ce5f31bf35015ac0f38cd5edddf155a', NOW() - interval '19 minutes', 'es');
INSERT INTO ads (ad_id, list_id, list_time, status, type, name, phone, region, city, category, user_id, passwd, phone_hidden, no_salesmen, company_ad, subject, body, price, image, infopage, infopage_title, orig_list_time, old_price, store_id, salted_passwd, modified_at, lang) VALUES (132, 8000091, NOW() - interval '21 minutes', 'active', 'sell', 'OtherRegionAccount', '12312312', 10, 0, 2020, 3, NULL, false, false, true, 'Acadian Beaumont 2015', 'mi joya a la venta', 5000000, NULL, NULL, NULL, NULL, NULL, NULL, '$1024$Xz9fObnE6R=?;WF3dedc5f856ce5f31bf35015ac0f38cd5edddf155a', NOW() - interval '21 minutes', 'es');
INSERT INTO ads (ad_id, list_id, list_time, status, type, name, phone, region, city, category, user_id, passwd, phone_hidden, no_salesmen, company_ad, subject, body, price, image, infopage, infopage_title, orig_list_time, old_price, store_id, salted_passwd, modified_at, lang) VALUES (133, 8000092, NOW() - interval '23 minutes', 'active', 'sell', 'OtherRegionAccount', '12312312', 10, 0, 2020, 3, NULL, false, false, true, 'Acadian Beaumont 2015', 'mi joya a la venta', 5000000, NULL, NULL, NULL, NULL, NULL, NULL, '$1024$Xz9fObnE6R=?;WF3dedc5f856ce5f31bf35015ac0f38cd5edddf155a', NOW() - interval '23 minutes', 'es');
INSERT INTO ads (ad_id, list_id, list_time, status, type, name, phone, region, city, category, user_id, passwd, phone_hidden, no_salesmen, company_ad, subject, body, price, image, infopage, infopage_title, orig_list_time, old_price, store_id, salted_passwd, modified_at, lang) VALUES (135, 8000093, NOW() - interval '25 minutes', 'active', 'sell', 'OtherRegionAccount', '12312312', 10, 0, 2020, 3, NULL, false, false, true, 'Acadian Beaumont 2015', 'mi joya a la venta', 5000000, NULL, NULL, NULL, NULL, NULL, NULL, '$1024$Xz9fObnE6R=?;WF3dedc5f856ce5f31bf35015ac0f38cd5edddf155a', NOW() - interval '25 minutes', 'es');
INSERT INTO payment_groups (payment_group_id, code, status, added_at, parent_payment_group_id) VALUES (166, '12345', 'paid', NOW(), NULL);
INSERT INTO payment_groups (payment_group_id, code, status, added_at, parent_payment_group_id) VALUES (167, '633026231', 'verified', NOW(), NULL);
INSERT INTO payment_groups (payment_group_id, code, status, added_at, parent_payment_group_id) VALUES (168, '768418254', 'verified', NOW(), NULL);
INSERT INTO payment_groups (payment_group_id, code, status, added_at, parent_payment_group_id) VALUES (169, '903810277', 'verified', NOW(), NULL);
INSERT INTO payment_groups (payment_group_id, code, status, added_at, parent_payment_group_id) VALUES (170, '139202300', 'verified', NOW(), NULL);
INSERT INTO payment_groups (payment_group_id, code, status, added_at, parent_payment_group_id) VALUES (171, '274594323', 'verified', NOW(), NULL);
INSERT INTO payment_groups (payment_group_id, code, status, added_at, parent_payment_group_id) VALUES (172, '409986346', 'verified', NOW(), NULL);
INSERT INTO payment_groups (payment_group_id, code, status, added_at, parent_payment_group_id) VALUES (173, '545378369', 'verified', NOW(), NULL);
INSERT INTO payment_groups (payment_group_id, code, status, added_at, parent_payment_group_id) VALUES (174, '680770392', 'verified', NOW(), NULL);
INSERT INTO payment_groups (payment_group_id, code, status, added_at, parent_payment_group_id) VALUES (175, '816162415', 'verified', NOW(), NULL);
INSERT INTO payment_groups (payment_group_id, code, status, added_at, parent_payment_group_id) VALUES (176, '951554438', 'verified', NOW(), NULL);
INSERT INTO payment_groups (payment_group_id, code, status, added_at, parent_payment_group_id) VALUES (177, '186946461', 'verified', NOW(), NULL);
INSERT INTO payment_groups (payment_group_id, code, status, added_at, parent_payment_group_id) VALUES (178, '65432', 'paid', NOW(), NULL);
INSERT INTO ad_actions (ad_id, action_id, action_type, current_state, state, queue, locked_by, locked_until, payment_group_id) VALUES (126, 1, 'new', 707, 'accepted', 'pack', NULL, NULL, 167);
INSERT INTO ad_actions (ad_id, action_id, action_type, current_state, state, queue, locked_by, locked_until, payment_group_id) VALUES (127, 1, 'new', 714, 'accepted', 'pack', NULL, NULL, 168);
INSERT INTO ad_actions (ad_id, action_id, action_type, current_state, state, queue, locked_by, locked_until, payment_group_id) VALUES (128, 1, 'new', 718, 'accepted', 'pack', NULL, NULL, 169);
INSERT INTO ad_actions (ad_id, action_id, action_type, current_state, state, queue, locked_by, locked_until, payment_group_id) VALUES (129, 1, 'new', 719, 'accepted', 'pack', NULL, NULL, 170);
INSERT INTO ad_actions (ad_id, action_id, action_type, current_state, state, queue, locked_by, locked_until, payment_group_id) VALUES (130, 1, 'new', 723, 'accepted', 'pack', NULL, NULL, 171);
INSERT INTO ad_actions (ad_id, action_id, action_type, current_state, state, queue, locked_by, locked_until, payment_group_id) VALUES (131, 1, 'new', 730, 'accepted', 'pack', NULL, NULL, 172);
INSERT INTO ad_actions (ad_id, action_id, action_type, current_state, state, queue, locked_by, locked_until, payment_group_id) VALUES (132, 1, 'new', 734, 'accepted', 'pack', NULL, NULL, 173);
INSERT INTO ad_actions (ad_id, action_id, action_type, current_state, state, queue, locked_by, locked_until, payment_group_id) VALUES (133, 1, 'new', 738, 'accepted', 'pack', NULL, NULL, 174);
INSERT INTO ad_actions (ad_id, action_id, action_type, current_state, state, queue, locked_by, locked_until, payment_group_id) VALUES (135, 1, 'new', 739, 'accepted', 'pack', NULL, NULL, 176);
INSERT INTO ad_actions (ad_id, action_id, action_type, current_state, state, queue, locked_by, locked_until, payment_group_id) VALUES (134, 1, 'new', 740, 'accepted', 'pack', NULL, NULL, 175);
INSERT INTO ad_actions (ad_id, action_id, action_type, current_state, state, queue, locked_by, locked_until, payment_group_id) VALUES (136, 1, 'new', 741, 'accepted', 'pack', NULL, NULL, 177);
INSERT INTO ad_actions (ad_id, action_id, action_type, current_state, state, queue, locked_by, locked_until, payment_group_id) VALUES (136, 2, 'status_change', 743, 'accepted', 'normal', NULL, NULL, NULL);
INSERT INTO action_params (ad_id, action_id, name, value) VALUES (126, 1, 'source', 'web');
INSERT INTO action_params (ad_id, action_id, name, value) VALUES (126, 1, 'redir', 'dW5rbm93bg==');
INSERT INTO action_params (ad_id, action_id, name, value) VALUES (127, 1, 'source', 'web');
INSERT INTO action_params (ad_id, action_id, name, value) VALUES (127, 1, 'redir', 'dW5rbm93bg==');
INSERT INTO action_params (ad_id, action_id, name, value) VALUES (128, 1, 'source', 'web');
INSERT INTO action_params (ad_id, action_id, name, value) VALUES (128, 1, 'redir', 'dW5rbm93bg==');
INSERT INTO action_params (ad_id, action_id, name, value) VALUES (129, 1, 'source', 'web');
INSERT INTO action_params (ad_id, action_id, name, value) VALUES (129, 1, 'redir', 'dW5rbm93bg==');
INSERT INTO action_params (ad_id, action_id, name, value) VALUES (130, 1, 'source', 'web');
INSERT INTO action_params (ad_id, action_id, name, value) VALUES (130, 1, 'redir', 'dW5rbm93bg==');
INSERT INTO action_params (ad_id, action_id, name, value) VALUES (131, 1, 'source', 'web');
INSERT INTO action_params (ad_id, action_id, name, value) VALUES (131, 1, 'redir', 'dW5rbm93bg==');
INSERT INTO action_params (ad_id, action_id, name, value) VALUES (132, 1, 'source', 'web');
INSERT INTO action_params (ad_id, action_id, name, value) VALUES (132, 1, 'redir', 'dW5rbm93bg==');
INSERT INTO action_params (ad_id, action_id, name, value) VALUES (133, 1, 'source', 'web');
INSERT INTO action_params (ad_id, action_id, name, value) VALUES (133, 1, 'redir', 'dW5rbm93bg==');
INSERT INTO action_params (ad_id, action_id, name, value) VALUES (134, 1, 'source', 'web');
INSERT INTO action_params (ad_id, action_id, name, value) VALUES (134, 1, 'redir', 'dW5rbm93bg==');
INSERT INTO action_params (ad_id, action_id, name, value) VALUES (135, 1, 'source', 'web');
INSERT INTO action_params (ad_id, action_id, name, value) VALUES (135, 1, 'redir', 'dW5rbm93bg==');
INSERT INTO action_params (ad_id, action_id, name, value) VALUES (136, 1, 'source', 'web');
INSERT INTO action_params (ad_id, action_id, name, value) VALUES (136, 1, 'redir', 'dW5rbm93bg==');
INSERT INTO action_states (ad_id, action_id, state_id, state, transition, "timestamp", remote_addr, token_id) VALUES (126, 1, 698, 'reg', 'initial', NOW(), '10.0.1.149', NULL);
INSERT INTO action_states (ad_id, action_id, state_id, state, transition, "timestamp", remote_addr, token_id) VALUES (126, 1, 699, 'unverified', 'verifymail', NOW(), '10.0.1.149', NULL);
INSERT INTO action_states (ad_id, action_id, state_id, state, transition, "timestamp", remote_addr, token_id) VALUES (126, 1, 700, 'pending_review', 'verify', NOW(), '10.0.1.149', NULL);
INSERT INTO action_states (ad_id, action_id, state_id, state, transition, "timestamp", remote_addr, token_id) VALUES (127, 1, 701, 'reg', 'initial', NOW(), '10.0.1.149', NULL);
INSERT INTO action_states (ad_id, action_id, state_id, state, transition, "timestamp", remote_addr, token_id) VALUES (127, 1, 702, 'unverified', 'verifymail', NOW(), '10.0.1.149', NULL);
INSERT INTO action_states (ad_id, action_id, state_id, state, transition, "timestamp", remote_addr, token_id) VALUES (127, 1, 703, 'pending_review', 'verify', NOW(), '10.0.1.149', NULL);
INSERT INTO action_states (ad_id, action_id, state_id, state, transition, "timestamp", remote_addr, token_id) VALUES (128, 1, 704, 'reg', 'initial', NOW(), '10.0.1.149', NULL);
INSERT INTO action_states (ad_id, action_id, state_id, state, transition, "timestamp", remote_addr, token_id) VALUES (128, 1, 705, 'unverified', 'verifymail', NOW(), '10.0.1.149', NULL);
INSERT INTO action_states (ad_id, action_id, state_id, state, transition, "timestamp", remote_addr, token_id) VALUES (128, 1, 706, 'pending_review', 'verify', NOW(), '10.0.1.149', NULL);
INSERT INTO action_states (ad_id, action_id, state_id, state, transition, "timestamp", remote_addr, token_id) VALUES (129, 1, 708, 'reg', 'initial', NOW(), '10.0.1.149', NULL);
INSERT INTO action_states (ad_id, action_id, state_id, state, transition, "timestamp", remote_addr, token_id) VALUES (129, 1, 709, 'unverified', 'verifymail', NOW(), '10.0.1.149', NULL);
INSERT INTO action_states (ad_id, action_id, state_id, state, transition, "timestamp", remote_addr, token_id) VALUES (129, 1, 710, 'pending_review', 'verify', NOW(), '10.0.1.149', NULL);
INSERT INTO action_states (ad_id, action_id, state_id, state, transition, "timestamp", remote_addr, token_id) VALUES (130, 1, 713, 'pending_review', 'verify', NOW(), '10.0.1.149', NULL);
INSERT INTO action_states (ad_id, action_id, state_id, state, transition, "timestamp", remote_addr, token_id) VALUES (127, 1, 714, 'accepted', 'accept', NOW(), '10.0.1.149', NULL);
INSERT INTO action_states (ad_id, action_id, state_id, state, transition, "timestamp", remote_addr, token_id) VALUES (131, 1, 717, 'pending_review', 'verify', NOW(), '10.0.1.149', NULL);
INSERT INTO action_states (ad_id, action_id, state_id, state, transition, "timestamp", remote_addr, token_id) VALUES (128, 1, 718, 'accepted', 'accept', NOW(), '10.0.1.149', NULL);
INSERT INTO action_states (ad_id, action_id, state_id, state, transition, "timestamp", remote_addr, token_id) VALUES (132, 1, 720, 'reg', 'initial', NOW(), '10.0.1.149', NULL);
INSERT INTO action_states (ad_id, action_id, state_id, state, transition, "timestamp", remote_addr, token_id) VALUES (132, 1, 721, 'unverified', 'verifymail', NOW(), '10.0.1.149', NULL);
INSERT INTO action_states (ad_id, action_id, state_id, state, transition, "timestamp", remote_addr, token_id) VALUES (133, 1, 724, 'reg', 'initial', NOW(), '10.0.1.149', NULL);
INSERT INTO action_states (ad_id, action_id, state_id, state, transition, "timestamp", remote_addr, token_id) VALUES (133, 1, 725, 'unverified', 'verifymail', NOW(), '10.0.1.149', NULL);
INSERT INTO action_states (ad_id, action_id, state_id, state, transition, "timestamp", remote_addr, token_id) VALUES (133, 1, 726, 'pending_review', 'verify', NOW(), '10.0.1.149', NULL);
INSERT INTO action_states (ad_id, action_id, state_id, state, transition, "timestamp", remote_addr, token_id) VALUES (134, 1, 727, 'reg', 'initial', NOW(), '10.0.1.149', NULL);
INSERT INTO action_states (ad_id, action_id, state_id, state, transition, "timestamp", remote_addr, token_id) VALUES (134, 1, 728, 'unverified', 'verifymail', NOW(), '10.0.1.149', NULL);
INSERT INTO action_states (ad_id, action_id, state_id, state, transition, "timestamp", remote_addr, token_id) VALUES (131, 1, 730, 'accepted', 'accept', NOW(), '10.0.1.149', NULL);
INSERT INTO action_states (ad_id, action_id, state_id, state, transition, "timestamp", remote_addr, token_id) VALUES (136, 1, 737, 'pending_review', 'verify', NOW(), '10.0.1.149', NULL);
INSERT INTO action_states (ad_id, action_id, state_id, state, transition, "timestamp", remote_addr, token_id) VALUES (133, 1, 738, 'accepted', 'accept', NOW(), '10.0.1.149', NULL);
INSERT INTO action_states (ad_id, action_id, state_id, state, transition, "timestamp", remote_addr, token_id) VALUES (126, 1, 707, 'accepted', 'accept', NOW(), '10.0.1.149', NULL);
INSERT INTO action_states (ad_id, action_id, state_id, state, transition, "timestamp", remote_addr, token_id) VALUES (130, 1, 711, 'reg', 'initial', NOW(), '10.0.1.149', NULL);
INSERT INTO action_states (ad_id, action_id, state_id, state, transition, "timestamp", remote_addr, token_id) VALUES (130, 1, 712, 'unverified', 'verifymail', NOW(), '10.0.1.149', NULL);
INSERT INTO action_states (ad_id, action_id, state_id, state, transition, "timestamp", remote_addr, token_id) VALUES (131, 1, 715, 'reg', 'initial', NOW(), '10.0.1.149', NULL);
INSERT INTO action_states (ad_id, action_id, state_id, state, transition, "timestamp", remote_addr, token_id) VALUES (131, 1, 716, 'unverified', 'verifymail', NOW(), '10.0.1.149', NULL);
INSERT INTO action_states (ad_id, action_id, state_id, state, transition, "timestamp", remote_addr, token_id) VALUES (132, 1, 722, 'pending_review', 'verify', NOW(), '10.0.1.149', NULL);
INSERT INTO action_states (ad_id, action_id, state_id, state, transition, "timestamp", remote_addr, token_id) VALUES (130, 1, 723, 'accepted', 'accept', NOW(), '10.0.1.149', NULL);
INSERT INTO action_states (ad_id, action_id, state_id, state, transition, "timestamp", remote_addr, token_id) VALUES (134, 1, 729, 'pending_review', 'verify', NOW(), '10.0.1.149', NULL);
INSERT INTO action_states (ad_id, action_id, state_id, state, transition, "timestamp", remote_addr, token_id) VALUES (129, 1, 719, 'accepted', 'accept', NOW(), '10.0.1.149', NULL);
INSERT INTO action_states (ad_id, action_id, state_id, state, transition, "timestamp", remote_addr, token_id) VALUES (135, 1, 731, 'reg', 'initial', NOW(), '10.0.1.149', NULL);
INSERT INTO action_states (ad_id, action_id, state_id, state, transition, "timestamp", remote_addr, token_id) VALUES (135, 1, 732, 'unverified', 'verifymail', NOW(), '10.0.1.149', NULL);
INSERT INTO action_states (ad_id, action_id, state_id, state, transition, "timestamp", remote_addr, token_id) VALUES (135, 1, 733, 'pending_review', 'verify', NOW(), '10.0.1.149', NULL);
INSERT INTO action_states (ad_id, action_id, state_id, state, transition, "timestamp", remote_addr, token_id) VALUES (132, 1, 734, 'accepted', 'accept', NOW(), '10.0.1.149', NULL);
INSERT INTO action_states (ad_id, action_id, state_id, state, transition, "timestamp", remote_addr, token_id) VALUES (136, 1, 735, 'reg', 'initial', NOW(), '10.0.1.149', NULL);
INSERT INTO action_states (ad_id, action_id, state_id, state, transition, "timestamp", remote_addr, token_id) VALUES (136, 1, 736, 'unverified', 'verifymail', NOW(), '10.0.1.149', NULL);
INSERT INTO action_states (ad_id, action_id, state_id, state, transition, "timestamp", remote_addr, token_id) VALUES (135, 1, 739, 'accepted', 'accept', NOW(), '10.0.1.149', NULL);
INSERT INTO action_states (ad_id, action_id, state_id, state, transition, "timestamp", remote_addr, token_id) VALUES (134, 1, 740, 'accepted', 'accept', NOW(), '10.0.1.149', NULL);
INSERT INTO action_states (ad_id, action_id, state_id, state, transition, "timestamp", remote_addr, token_id) VALUES (136, 1, 741, 'accepted', 'accept', NOW(), '10.0.1.149', NULL);
INSERT INTO action_states (ad_id, action_id, state_id, state, transition, "timestamp", remote_addr, token_id) VALUES (136, 2, 742, 'reg', 'initial', NOW(), '0.0.0.0', NULL);
INSERT INTO action_states (ad_id, action_id, state_id, state, transition, "timestamp", remote_addr, token_id) VALUES (136, 2, 743, 'accepted', 'status_change', NOW(), '0.0.0.0', NULL);
SELECT pg_catalog.setval('action_states_state_id_seq', 743, true);
INSERT INTO ad_changes (ad_id, action_id, state_id, is_param, column_name, old_value, new_value) VALUES (126, 1, 699, true, 'pack_status', NULL, 'active');
INSERT INTO ad_changes (ad_id, action_id, state_id, is_param, column_name, old_value, new_value) VALUES (127, 1, 702, true, 'pack_status', NULL, 'active');
INSERT INTO ad_changes (ad_id, action_id, state_id, is_param, column_name, old_value, new_value) VALUES (128, 1, 705, true, 'pack_status', NULL, 'active');
INSERT INTO ad_changes (ad_id, action_id, state_id, is_param, column_name, old_value, new_value) VALUES (129, 1, 709, true, 'pack_status', NULL, 'active');
INSERT INTO ad_changes (ad_id, action_id, state_id, is_param, column_name, old_value, new_value) VALUES (130, 1, 712, true, 'pack_status', NULL, 'active');
INSERT INTO ad_changes (ad_id, action_id, state_id, is_param, column_name, old_value, new_value) VALUES (131, 1, 716, true, 'pack_status', NULL, 'active');
INSERT INTO ad_changes (ad_id, action_id, state_id, is_param, column_name, old_value, new_value) VALUES (132, 1, 721, true, 'pack_status', NULL, 'active');
INSERT INTO ad_changes (ad_id, action_id, state_id, is_param, column_name, old_value, new_value) VALUES (133, 1, 725, true, 'pack_status', NULL, 'active');
INSERT INTO ad_changes (ad_id, action_id, state_id, is_param, column_name, old_value, new_value) VALUES (134, 1, 728, true, 'pack_status', NULL, 'active');
INSERT INTO ad_changes (ad_id, action_id, state_id, is_param, column_name, old_value, new_value) VALUES (135, 1, 732, true, 'pack_status', NULL, 'active');
INSERT INTO ad_changes (ad_id, action_id, state_id, is_param, column_name, old_value, new_value) VALUES (136, 1, 736, true, 'pack_status', NULL, 'disabled');
INSERT INTO ad_changes (ad_id, action_id, state_id, is_param, column_name, old_value, new_value) VALUES (136, 2, 742, true, 'pack_status', 'disabled', 'active');
INSERT INTO ad_codes (code, code_type) VALUES (24741, 'pay');
INSERT INTO ad_codes (code, code_type) VALUES (56764, 'pay');
INSERT INTO ad_codes (code, code_type) VALUES (88787, 'pay');
INSERT INTO ad_codes (code, code_type) VALUES (30810, 'pay');
INSERT INTO ad_codes (code, code_type) VALUES (62833, 'pay');
INSERT INTO ad_codes (code, code_type) VALUES (94856, 'pay');
INSERT INTO ad_codes (code, code_type) VALUES (36879, 'pay');
INSERT INTO ad_codes (code, code_type) VALUES (68902, 'pay');
INSERT INTO ad_codes (code, code_type) VALUES (10925, 'pay');
INSERT INTO ad_codes (code, code_type) VALUES (42948, 'pay');
INSERT INTO ad_codes (code, code_type) VALUES (74971, 'pay');
INSERT INTO ad_image_changes (ad_id, action_id, state_id, seq_no, name, is_new) VALUES (126, 1, 707, 0, NULL, false);
INSERT INTO ad_image_changes (ad_id, action_id, state_id, seq_no, name, is_new) VALUES (127, 1, 714, 0, NULL, false);
INSERT INTO ad_image_changes (ad_id, action_id, state_id, seq_no, name, is_new) VALUES (128, 1, 718, 0, NULL, false);
INSERT INTO ad_image_changes (ad_id, action_id, state_id, seq_no, name, is_new) VALUES (129, 1, 719, 0, NULL, false);
INSERT INTO ad_image_changes (ad_id, action_id, state_id, seq_no, name, is_new) VALUES (130, 1, 723, 0, NULL, false);
INSERT INTO ad_image_changes (ad_id, action_id, state_id, seq_no, name, is_new) VALUES (131, 1, 730, 0, NULL, false);
INSERT INTO ad_image_changes (ad_id, action_id, state_id, seq_no, name, is_new) VALUES (132, 1, 734, 0, NULL, false);
INSERT INTO ad_image_changes (ad_id, action_id, state_id, seq_no, name, is_new) VALUES (133, 1, 738, 0, NULL, false);
INSERT INTO ad_image_changes (ad_id, action_id, state_id, seq_no, name, is_new) VALUES (135, 1, 739, 0, NULL, false);
INSERT INTO ad_image_changes (ad_id, action_id, state_id, seq_no, name, is_new) VALUES (134, 1, 740, 0, NULL, false);
INSERT INTO ad_image_changes (ad_id, action_id, state_id, seq_no, name, is_new) VALUES (136, 1, 741, 0, NULL, false);
INSERT INTO ad_params (ad_id, name, value) VALUES (126, 'regdate', '2015');
INSERT INTO ad_params (ad_id, name, value) VALUES (126, 'mileage', '100000');
INSERT INTO ad_params (ad_id, name, value) VALUES (126, 'gearbox', '1');
INSERT INTO ad_params (ad_id, name, value) VALUES (126, 'fuel', '1');
INSERT INTO ad_params (ad_id, name, value) VALUES (126, 'cartype', '1');
INSERT INTO ad_params (ad_id, name, value) VALUES (126, 'prev_currency', 'peso');
INSERT INTO ad_params (ad_id, name, value) VALUES (126, 'brand', '1');
INSERT INTO ad_params (ad_id, name, value) VALUES (126, 'model', '1');
INSERT INTO ad_params (ad_id, name, value) VALUES (126, 'version', '1');
INSERT INTO ad_params (ad_id, name, value) VALUES (126, 'country', 'UNK');
INSERT INTO ad_params (ad_id, name, value) VALUES (127, 'regdate', '2015');
INSERT INTO ad_params (ad_id, name, value) VALUES (127, 'mileage', '100000');
INSERT INTO ad_params (ad_id, name, value) VALUES (127, 'gearbox', '1');
INSERT INTO ad_params (ad_id, name, value) VALUES (127, 'fuel', '1');
INSERT INTO ad_params (ad_id, name, value) VALUES (127, 'cartype', '1');
INSERT INTO ad_params (ad_id, name, value) VALUES (127, 'prev_currency', 'peso');
INSERT INTO ad_params (ad_id, name, value) VALUES (127, 'brand', '1');
INSERT INTO ad_params (ad_id, name, value) VALUES (127, 'model', '1');
INSERT INTO ad_params (ad_id, name, value) VALUES (127, 'version', '1');
INSERT INTO ad_params (ad_id, name, value) VALUES (127, 'country', 'UNK');
INSERT INTO ad_params (ad_id, name, value) VALUES (128, 'regdate', '2015');
INSERT INTO ad_params (ad_id, name, value) VALUES (128, 'mileage', '100000');
INSERT INTO ad_params (ad_id, name, value) VALUES (128, 'gearbox', '1');
INSERT INTO ad_params (ad_id, name, value) VALUES (128, 'fuel', '1');
INSERT INTO ad_params (ad_id, name, value) VALUES (128, 'cartype', '1');
INSERT INTO ad_params (ad_id, name, value) VALUES (128, 'prev_currency', 'peso');
INSERT INTO ad_params (ad_id, name, value) VALUES (128, 'brand', '1');
INSERT INTO ad_params (ad_id, name, value) VALUES (128, 'model', '1');
INSERT INTO ad_params (ad_id, name, value) VALUES (128, 'version', '1');
INSERT INTO ad_params (ad_id, name, value) VALUES (128, 'country', 'UNK');
INSERT INTO ad_params (ad_id, name, value) VALUES (126, 'pack_status', 'active');
INSERT INTO ad_params (ad_id, name, value) VALUES (129, 'regdate', '2015');
INSERT INTO ad_params (ad_id, name, value) VALUES (129, 'mileage', '100000');
INSERT INTO ad_params (ad_id, name, value) VALUES (129, 'gearbox', '1');
INSERT INTO ad_params (ad_id, name, value) VALUES (129, 'fuel', '1');
INSERT INTO ad_params (ad_id, name, value) VALUES (129, 'cartype', '1');
INSERT INTO ad_params (ad_id, name, value) VALUES (129, 'prev_currency', 'peso');
INSERT INTO ad_params (ad_id, name, value) VALUES (129, 'brand', '1');
INSERT INTO ad_params (ad_id, name, value) VALUES (129, 'model', '1');
INSERT INTO ad_params (ad_id, name, value) VALUES (129, 'version', '1');
INSERT INTO ad_params (ad_id, name, value) VALUES (129, 'country', 'UNK');
INSERT INTO ad_params (ad_id, name, value) VALUES (130, 'regdate', '2015');
INSERT INTO ad_params (ad_id, name, value) VALUES (130, 'mileage', '100000');
INSERT INTO ad_params (ad_id, name, value) VALUES (130, 'gearbox', '1');
INSERT INTO ad_params (ad_id, name, value) VALUES (130, 'fuel', '1');
INSERT INTO ad_params (ad_id, name, value) VALUES (130, 'cartype', '1');
INSERT INTO ad_params (ad_id, name, value) VALUES (130, 'prev_currency', 'peso');
INSERT INTO ad_params (ad_id, name, value) VALUES (130, 'brand', '1');
INSERT INTO ad_params (ad_id, name, value) VALUES (130, 'model', '1');
INSERT INTO ad_params (ad_id, name, value) VALUES (130, 'version', '1');
INSERT INTO ad_params (ad_id, name, value) VALUES (130, 'country', 'UNK');
INSERT INTO ad_params (ad_id, name, value) VALUES (127, 'pack_status', 'active');
INSERT INTO ad_params (ad_id, name, value) VALUES (131, 'regdate', '2015');
INSERT INTO ad_params (ad_id, name, value) VALUES (131, 'mileage', '100000');
INSERT INTO ad_params (ad_id, name, value) VALUES (131, 'gearbox', '1');
INSERT INTO ad_params (ad_id, name, value) VALUES (131, 'fuel', '1');
INSERT INTO ad_params (ad_id, name, value) VALUES (131, 'cartype', '1');
INSERT INTO ad_params (ad_id, name, value) VALUES (131, 'prev_currency', 'peso');
INSERT INTO ad_params (ad_id, name, value) VALUES (131, 'brand', '1');
INSERT INTO ad_params (ad_id, name, value) VALUES (131, 'model', '1');
INSERT INTO ad_params (ad_id, name, value) VALUES (131, 'version', '1');
INSERT INTO ad_params (ad_id, name, value) VALUES (131, 'country', 'UNK');
INSERT INTO ad_params (ad_id, name, value) VALUES (130, 'pack_status', 'active');
INSERT INTO ad_params (ad_id, name, value) VALUES (128, 'pack_status', 'active');
INSERT INTO ad_params (ad_id, name, value) VALUES (132, 'regdate', '2015');
INSERT INTO ad_params (ad_id, name, value) VALUES (132, 'mileage', '100000');
INSERT INTO ad_params (ad_id, name, value) VALUES (132, 'gearbox', '1');
INSERT INTO ad_params (ad_id, name, value) VALUES (132, 'fuel', '1');
INSERT INTO ad_params (ad_id, name, value) VALUES (132, 'cartype', '1');
INSERT INTO ad_params (ad_id, name, value) VALUES (132, 'prev_currency', 'peso');
INSERT INTO ad_params (ad_id, name, value) VALUES (132, 'brand', '1');
INSERT INTO ad_params (ad_id, name, value) VALUES (132, 'model', '1');
INSERT INTO ad_params (ad_id, name, value) VALUES (132, 'version', '1');
INSERT INTO ad_params (ad_id, name, value) VALUES (132, 'country', 'UNK');
INSERT INTO ad_params (ad_id, name, value) VALUES (133, 'regdate', '2015');
INSERT INTO ad_params (ad_id, name, value) VALUES (133, 'mileage', '100000');
INSERT INTO ad_params (ad_id, name, value) VALUES (133, 'gearbox', '1');
INSERT INTO ad_params (ad_id, name, value) VALUES (133, 'fuel', '1');
INSERT INTO ad_params (ad_id, name, value) VALUES (133, 'cartype', '1');
INSERT INTO ad_params (ad_id, name, value) VALUES (133, 'prev_currency', 'peso');
INSERT INTO ad_params (ad_id, name, value) VALUES (133, 'brand', '1');
INSERT INTO ad_params (ad_id, name, value) VALUES (133, 'model', '1');
INSERT INTO ad_params (ad_id, name, value) VALUES (133, 'version', '1');
INSERT INTO ad_params (ad_id, name, value) VALUES (133, 'country', 'UNK');
INSERT INTO ad_params (ad_id, name, value) VALUES (134, 'regdate', '2015');
INSERT INTO ad_params (ad_id, name, value) VALUES (134, 'mileage', '100000');
INSERT INTO ad_params (ad_id, name, value) VALUES (134, 'gearbox', '1');
INSERT INTO ad_params (ad_id, name, value) VALUES (134, 'fuel', '1');
INSERT INTO ad_params (ad_id, name, value) VALUES (134, 'cartype', '1');
INSERT INTO ad_params (ad_id, name, value) VALUES (134, 'prev_currency', 'peso');
INSERT INTO ad_params (ad_id, name, value) VALUES (134, 'brand', '1');
INSERT INTO ad_params (ad_id, name, value) VALUES (134, 'model', '1');
INSERT INTO ad_params (ad_id, name, value) VALUES (134, 'version', '1');
INSERT INTO ad_params (ad_id, name, value) VALUES (134, 'country', 'UNK');
INSERT INTO ad_params (ad_id, name, value) VALUES (131, 'pack_status', 'active');
INSERT INTO ad_params (ad_id, name, value) VALUES (133, 'pack_status', 'active');
INSERT INTO ad_params (ad_id, name, value) VALUES (129, 'pack_status', 'active');
INSERT INTO ad_params (ad_id, name, value) VALUES (135, 'regdate', '2015');
INSERT INTO ad_params (ad_id, name, value) VALUES (135, 'mileage', '100000');
INSERT INTO ad_params (ad_id, name, value) VALUES (135, 'gearbox', '1');
INSERT INTO ad_params (ad_id, name, value) VALUES (135, 'fuel', '1');
INSERT INTO ad_params (ad_id, name, value) VALUES (135, 'cartype', '1');
INSERT INTO ad_params (ad_id, name, value) VALUES (135, 'prev_currency', 'peso');
INSERT INTO ad_params (ad_id, name, value) VALUES (135, 'brand', '1');
INSERT INTO ad_params (ad_id, name, value) VALUES (135, 'model', '1');
INSERT INTO ad_params (ad_id, name, value) VALUES (135, 'version', '1');
INSERT INTO ad_params (ad_id, name, value) VALUES (135, 'country', 'UNK');
INSERT INTO ad_params (ad_id, name, value) VALUES (132, 'pack_status', 'active');
INSERT INTO ad_params (ad_id, name, value) VALUES (136, 'regdate', '2015');
INSERT INTO ad_params (ad_id, name, value) VALUES (136, 'mileage', '100000');
INSERT INTO ad_params (ad_id, name, value) VALUES (136, 'gearbox', '1');
INSERT INTO ad_params (ad_id, name, value) VALUES (136, 'fuel', '1');
INSERT INTO ad_params (ad_id, name, value) VALUES (136, 'cartype', '1');
INSERT INTO ad_params (ad_id, name, value) VALUES (136, 'prev_currency', 'peso');
INSERT INTO ad_params (ad_id, name, value) VALUES (136, 'brand', '1');
INSERT INTO ad_params (ad_id, name, value) VALUES (136, 'model', '1');
INSERT INTO ad_params (ad_id, name, value) VALUES (136, 'version', '1');
INSERT INTO ad_params (ad_id, name, value) VALUES (136, 'country', 'UNK');
INSERT INTO ad_params (ad_id, name, value) VALUES (135, 'pack_status', 'active');
INSERT INTO ad_params (ad_id, name, value) VALUES (134, 'pack_status', 'active');
INSERT INTO ad_params (ad_id, name, value) VALUES (136, 'pack_status', 'active');
SELECT pg_catalog.setval('ads_ad_id_seq', 136, true);
INSERT INTO blocked_items (item_id, value, list_id, notice, token_id) VALUES (22, 'prepaid3@blocket.se', 17, 'Automatically removed from White List for AI. REASON:LESS_THAN_3', NULL);
SELECT pg_catalog.setval('blocked_items_item_id_seq', 22, true);
SELECT pg_catalog.setval('list_id_seq', 8000095, true);
INSERT INTO packs (pack_id, account_id, status, type, slots, used, date_start, date_end, product_id) VALUES (2, 5, 'active', 'car', 10, 10, NOW(), NOW(), 11010);
INSERT INTO packs (pack_id, account_id, status, type, slots, used, date_start, date_end, product_id) VALUES (3, 5, 'active', 'car', 10, 1, NOW(), NOW() + interval '1 day', 11010);
SELECT pg_catalog.setval('packs_pack_id_seq', 3, true);
SELECT pg_catalog.setval('pay_code_seq', 477, true);
INSERT INTO pay_log (pay_log_id, pay_type, amount, code, token_id, paid_at, payment_group_id, status) VALUES (213, 'save', 0, '12345', NULL, NOW(), 166, 'SAVE');
INSERT INTO pay_log (pay_log_id, pay_type, amount, code, token_id, paid_at, payment_group_id, status) VALUES (214, 'paycard_save', 0, '12345', NULL, NOW(), 166, 'SAVE');
INSERT INTO pay_log (pay_log_id, pay_type, amount, code, token_id, paid_at, payment_group_id, status) VALUES (215, 'paycard', 23000, '12345', NULL, NOW(), 166, 'OK');
INSERT INTO pay_log (pay_log_id, pay_type, amount, code, token_id, paid_at, payment_group_id, status) VALUES (216, 'save', 0, '633026231', NULL, NOW(), 167, 'SAVE');
INSERT INTO pay_log (pay_log_id, pay_type, amount, code, token_id, paid_at, payment_group_id, status) VALUES (217, 'verify', 0, '633026231', NULL, NOW(), 167, 'OK');
INSERT INTO pay_log (pay_log_id, pay_type, amount, code, token_id, paid_at, payment_group_id, status) VALUES (218, 'save', 0, '768418254', NULL, NOW(), 168, 'SAVE');
INSERT INTO pay_log (pay_log_id, pay_type, amount, code, token_id, paid_at, payment_group_id, status) VALUES (219, 'verify', 0, '768418254', NULL, NOW(), 168, 'OK');
INSERT INTO pay_log (pay_log_id, pay_type, amount, code, token_id, paid_at, payment_group_id, status) VALUES (220, 'save', 0, '903810277', NULL, NOW(), 169, 'SAVE');
INSERT INTO pay_log (pay_log_id, pay_type, amount, code, token_id, paid_at, payment_group_id, status) VALUES (221, 'verify', 0, '903810277', NULL, NOW(), 169, 'OK');
INSERT INTO pay_log (pay_log_id, pay_type, amount, code, token_id, paid_at, payment_group_id, status) VALUES (222, 'save', 0, '139202300', NULL, NOW(), 170, 'SAVE');
INSERT INTO pay_log (pay_log_id, pay_type, amount, code, token_id, paid_at, payment_group_id, status) VALUES (223, 'verify', 0, '139202300', NULL, NOW(), 170, 'OK');
INSERT INTO pay_log (pay_log_id, pay_type, amount, code, token_id, paid_at, payment_group_id, status) VALUES (224, 'save', 0, '274594323', NULL, NOW(), 171, 'SAVE');
INSERT INTO pay_log (pay_log_id, pay_type, amount, code, token_id, paid_at, payment_group_id, status) VALUES (225, 'verify', 0, '274594323', NULL, NOW(), 171, 'OK');
INSERT INTO pay_log (pay_log_id, pay_type, amount, code, token_id, paid_at, payment_group_id, status) VALUES (226, 'save', 0, '409986346', NULL, NOW(), 172, 'SAVE');
INSERT INTO pay_log (pay_log_id, pay_type, amount, code, token_id, paid_at, payment_group_id, status) VALUES (227, 'verify', 0, '409986346', NULL, NOW(), 172, 'OK');
INSERT INTO pay_log (pay_log_id, pay_type, amount, code, token_id, paid_at, payment_group_id, status) VALUES (228, 'save', 0, '545378369', NULL, NOW(), 173, 'SAVE');
INSERT INTO pay_log (pay_log_id, pay_type, amount, code, token_id, paid_at, payment_group_id, status) VALUES (229, 'verify', 0, '545378369', NULL, NOW(), 173, 'OK');
INSERT INTO pay_log (pay_log_id, pay_type, amount, code, token_id, paid_at, payment_group_id, status) VALUES (230, 'save', 0, '680770392', NULL, NOW(), 174, 'SAVE');
INSERT INTO pay_log (pay_log_id, pay_type, amount, code, token_id, paid_at, payment_group_id, status) VALUES (231, 'verify', 0, '680770392', NULL, NOW(), 174, 'OK');
INSERT INTO pay_log (pay_log_id, pay_type, amount, code, token_id, paid_at, payment_group_id, status) VALUES (232, 'save', 0, '816162415', NULL, NOW(), 175, 'SAVE');
INSERT INTO pay_log (pay_log_id, pay_type, amount, code, token_id, paid_at, payment_group_id, status) VALUES (233, 'verify', 0, '816162415', NULL, NOW(), 175, 'OK');
INSERT INTO pay_log (pay_log_id, pay_type, amount, code, token_id, paid_at, payment_group_id, status) VALUES (234, 'save', 0, '951554438', NULL, NOW(), 176, 'SAVE');
INSERT INTO pay_log (pay_log_id, pay_type, amount, code, token_id, paid_at, payment_group_id, status) VALUES (235, 'verify', 0, '951554438', NULL, NOW(), 176, 'OK');
INSERT INTO pay_log (pay_log_id, pay_type, amount, code, token_id, paid_at, payment_group_id, status) VALUES (236, 'save', 0, '186946461', NULL, NOW(), 177, 'SAVE');
INSERT INTO pay_log (pay_log_id, pay_type, amount, code, token_id, paid_at, payment_group_id, status) VALUES (237, 'verify', 0, '186946461', NULL, NOW(), 177, 'OK');
INSERT INTO pay_log (pay_log_id, pay_type, amount, code, token_id, paid_at, payment_group_id, status) VALUES (238, 'save', 0, '65432', NULL, NOW(), 178, 'SAVE');
INSERT INTO pay_log (pay_log_id, pay_type, amount, code, token_id, paid_at, payment_group_id, status) VALUES (239, 'paycard_save', 0, '65432', NULL, NOW(), 178, 'SAVE');
INSERT INTO pay_log (pay_log_id, pay_type, amount, code, token_id, paid_at, payment_group_id, status) VALUES (240, 'paycard', 23000, '65432', NULL, NOW(), 178, 'OK');
SELECT pg_catalog.setval('pay_log_pay_log_id_seq', 240, true);
INSERT INTO pay_log_references (pay_log_id, ref_num, ref_type, reference) VALUES (213, 0, 'remote_addr', '10.0.1.149');
INSERT INTO pay_log_references (pay_log_id, ref_num, ref_type, reference) VALUES (214, 0, 'auth_code', '131927');
INSERT INTO pay_log_references (pay_log_id, ref_num, ref_type, reference) VALUES (214, 1, 'trans_date', '17/03/2015 16:20:37');
INSERT INTO pay_log_references (pay_log_id, ref_num, ref_type, reference) VALUES (214, 2, 'placements_type', 'VN');
INSERT INTO pay_log_references (pay_log_id, ref_num, ref_type, reference) VALUES (214, 3, 'placements_number', '1');
INSERT INTO pay_log_references (pay_log_id, ref_num, ref_type, reference) VALUES (214, 4, 'pay_type', 'credit');
INSERT INTO pay_log_references (pay_log_id, ref_num, ref_type, reference) VALUES (214, 5, 'external_response', '0');
INSERT INTO pay_log_references (pay_log_id, ref_num, ref_type, reference) VALUES (214, 6, 'external_id', '40738671797121983302');
INSERT INTO pay_log_references (pay_log_id, ref_num, ref_type, reference) VALUES (214, 7, 'remote_addr', '10.0.1.209');
INSERT INTO pay_log_references (pay_log_id, ref_num, ref_type, reference) VALUES (216, 0, 'adphone', '12312312');
INSERT INTO pay_log_references (pay_log_id, ref_num, ref_type, reference) VALUES (216, 1, 'remote_addr', '10.0.1.149');
INSERT INTO pay_log_references (pay_log_id, ref_num, ref_type, reference) VALUES (217, 0, 'remote_addr', '10.0.1.149');
INSERT INTO pay_log_references (pay_log_id, ref_num, ref_type, reference) VALUES (218, 0, 'adphone', '12312312');
INSERT INTO pay_log_references (pay_log_id, ref_num, ref_type, reference) VALUES (218, 1, 'remote_addr', '10.0.1.149');
INSERT INTO pay_log_references (pay_log_id, ref_num, ref_type, reference) VALUES (219, 0, 'remote_addr', '10.0.1.149');
INSERT INTO pay_log_references (pay_log_id, ref_num, ref_type, reference) VALUES (220, 0, 'adphone', '12312312');
INSERT INTO pay_log_references (pay_log_id, ref_num, ref_type, reference) VALUES (220, 1, 'remote_addr', '10.0.1.149');
INSERT INTO pay_log_references (pay_log_id, ref_num, ref_type, reference) VALUES (221, 0, 'remote_addr', '10.0.1.149');
INSERT INTO pay_log_references (pay_log_id, ref_num, ref_type, reference) VALUES (222, 0, 'adphone', '12312312');
INSERT INTO pay_log_references (pay_log_id, ref_num, ref_type, reference) VALUES (222, 1, 'remote_addr', '10.0.1.149');
INSERT INTO pay_log_references (pay_log_id, ref_num, ref_type, reference) VALUES (223, 0, 'remote_addr', '10.0.1.149');
INSERT INTO pay_log_references (pay_log_id, ref_num, ref_type, reference) VALUES (224, 0, 'adphone', '12312312');
INSERT INTO pay_log_references (pay_log_id, ref_num, ref_type, reference) VALUES (224, 1, 'remote_addr', '10.0.1.149');
INSERT INTO pay_log_references (pay_log_id, ref_num, ref_type, reference) VALUES (225, 0, 'remote_addr', '10.0.1.149');
INSERT INTO pay_log_references (pay_log_id, ref_num, ref_type, reference) VALUES (226, 0, 'adphone', '12312312');
INSERT INTO pay_log_references (pay_log_id, ref_num, ref_type, reference) VALUES (226, 1, 'remote_addr', '10.0.1.149');
INSERT INTO pay_log_references (pay_log_id, ref_num, ref_type, reference) VALUES (227, 0, 'remote_addr', '10.0.1.149');
INSERT INTO pay_log_references (pay_log_id, ref_num, ref_type, reference) VALUES (228, 0, 'adphone', '12312312');
INSERT INTO pay_log_references (pay_log_id, ref_num, ref_type, reference) VALUES (228, 1, 'remote_addr', '10.0.1.149');
INSERT INTO pay_log_references (pay_log_id, ref_num, ref_type, reference) VALUES (229, 0, 'remote_addr', '10.0.1.149');
INSERT INTO pay_log_references (pay_log_id, ref_num, ref_type, reference) VALUES (230, 0, 'adphone', '12312312');
INSERT INTO pay_log_references (pay_log_id, ref_num, ref_type, reference) VALUES (230, 1, 'remote_addr', '10.0.1.149');
INSERT INTO pay_log_references (pay_log_id, ref_num, ref_type, reference) VALUES (231, 0, 'remote_addr', '10.0.1.149');
INSERT INTO pay_log_references (pay_log_id, ref_num, ref_type, reference) VALUES (232, 0, 'adphone', '12312312');
INSERT INTO pay_log_references (pay_log_id, ref_num, ref_type, reference) VALUES (232, 1, 'remote_addr', '10.0.1.149');
INSERT INTO pay_log_references (pay_log_id, ref_num, ref_type, reference) VALUES (233, 0, 'remote_addr', '10.0.1.149');
INSERT INTO pay_log_references (pay_log_id, ref_num, ref_type, reference) VALUES (234, 0, 'adphone', '12312312');
INSERT INTO pay_log_references (pay_log_id, ref_num, ref_type, reference) VALUES (234, 1, 'remote_addr', '10.0.1.149');
INSERT INTO pay_log_references (pay_log_id, ref_num, ref_type, reference) VALUES (235, 0, 'remote_addr', '10.0.1.149');
INSERT INTO pay_log_references (pay_log_id, ref_num, ref_type, reference) VALUES (236, 0, 'adphone', '12312312');
INSERT INTO pay_log_references (pay_log_id, ref_num, ref_type, reference) VALUES (236, 1, 'remote_addr', '10.0.1.149');
INSERT INTO pay_log_references (pay_log_id, ref_num, ref_type, reference) VALUES (237, 0, 'remote_addr', '10.0.1.149');
INSERT INTO pay_log_references (pay_log_id, ref_num, ref_type, reference) VALUES (238, 0, 'remote_addr', '10.0.1.149');
INSERT INTO pay_log_references (pay_log_id, ref_num, ref_type, reference) VALUES (239, 0, 'auth_code', '183821');
INSERT INTO pay_log_references (pay_log_id, ref_num, ref_type, reference) VALUES (239, 1, 'trans_date', '17/03/2015 16:23:09');
INSERT INTO pay_log_references (pay_log_id, ref_num, ref_type, reference) VALUES (239, 2, 'placements_type', 'VN');
INSERT INTO pay_log_references (pay_log_id, ref_num, ref_type, reference) VALUES (239, 3, 'placements_number', '1');
INSERT INTO pay_log_references (pay_log_id, ref_num, ref_type, reference) VALUES (239, 4, 'pay_type', 'credit');
INSERT INTO pay_log_references (pay_log_id, ref_num, ref_type, reference) VALUES (239, 5, 'external_response', '0');
INSERT INTO pay_log_references (pay_log_id, ref_num, ref_type, reference) VALUES (239, 6, 'external_id', '62543657898329803911');
INSERT INTO pay_log_references (pay_log_id, ref_num, ref_type, reference) VALUES (239, 7, 'remote_addr', '10.0.1.209');
SELECT pg_catalog.setval('payment_groups_payment_group_id_seq', 178, true);
INSERT INTO payments (payment_group_id, payment_type, pay_amount, discount) VALUES (166, 'PCAR_010_1', 23000, 0);
INSERT INTO payments (payment_group_id, payment_type, pay_amount, discount) VALUES (167, 'ad_action', 0, 0);
INSERT INTO payments (payment_group_id, payment_type, pay_amount, discount) VALUES (168, 'ad_action', 0, 0);
INSERT INTO payments (payment_group_id, payment_type, pay_amount, discount) VALUES (169, 'ad_action', 0, 0);
INSERT INTO payments (payment_group_id, payment_type, pay_amount, discount) VALUES (170, 'ad_action', 0, 0);
INSERT INTO payments (payment_group_id, payment_type, pay_amount, discount) VALUES (171, 'ad_action', 0, 0);
INSERT INTO payments (payment_group_id, payment_type, pay_amount, discount) VALUES (172, 'ad_action', 0, 0);
INSERT INTO payments (payment_group_id, payment_type, pay_amount, discount) VALUES (173, 'ad_action', 0, 0);
INSERT INTO payments (payment_group_id, payment_type, pay_amount, discount) VALUES (174, 'ad_action', 0, 0);
INSERT INTO payments (payment_group_id, payment_type, pay_amount, discount) VALUES (175, 'ad_action', 0, 0);
INSERT INTO payments (payment_group_id, payment_type, pay_amount, discount) VALUES (176, 'ad_action', 0, 0);
INSERT INTO payments (payment_group_id, payment_type, pay_amount, discount) VALUES (177, 'ad_action', 0, 0);
INSERT INTO payments (payment_group_id, payment_type, pay_amount, discount) VALUES (178, 'PCAR_010_1', 23000, 0);
INSERT INTO purchase (purchase_id, doc_type, doc_num, external_doc_id, status, receipt, delivery, rut, name, lob, address, region, communes, contact, email, tax, discount, seller_id, total_price, payment_group_id, payment_method, account_id) VALUES (2, 'invoice', NULL, NULL, 'paid', NOW(), NULL, '100000-4', 'OtherRegionAccount', 'Technology', 'Rudecindo Ortega 500', 10, 225, 'OTHER_BLOCKET', 'prepaid3@blocket.se', 0, 0, NULL, 23000, 166, 'webpay', 5);
INSERT INTO purchase (purchase_id, doc_type, doc_num, external_doc_id, status, receipt, delivery, rut, name, lob, address, region, communes, contact, email, tax, discount, seller_id, total_price, payment_group_id, payment_method, account_id) VALUES (3, 'invoice', NULL, NULL, 'paid', NOW(), NULL, '100000-4', 'OtherRegionAccount', 'Technology', 'Rudecindo Ortega 500', 10, 225, 'OTHER_BLOCKET', 'prepaid3@blocket.se', 0, 0, NULL, 23000, 178, 'webpay', 5);
INSERT INTO purchase_detail (purchase_detail_id, purchase_id, product_id, price, action_id, ad_id, payment_group_id) VALUES (2, 2, 11010, 23000, NULL, NULL, 166);
INSERT INTO purchase_detail (purchase_detail_id, purchase_id, product_id, price, action_id, ad_id, payment_group_id) VALUES (3, 3, 11010, 23000, NULL, NULL, 178);
SELECT pg_catalog.setval('purchase_detail_purchase_detail_id_seq', 3, true);
SELECT pg_catalog.setval('purchase_purchase_id_seq', 3, true);
INSERT INTO purchase_states (purchase_id, purchase_state_id, status, "timestamp", remote_addr) VALUES (2, 1, 'pending', NOW(), '10.0.1.149');
INSERT INTO purchase_states (purchase_id, purchase_state_id, status, "timestamp", remote_addr) VALUES (3, 2, 'pending', NOW(), '10.0.1.149');
SELECT pg_catalog.setval('purchase_states_purchase_state_id_seq', 2, true);
INSERT INTO state_params (ad_id, action_id, state_id, name, value) VALUES (126, 1, 707, 'filter_name', 'pack');
INSERT INTO state_params (ad_id, action_id, state_id, name, value) VALUES (127, 1, 714, 'filter_name', 'pack');
INSERT INTO state_params (ad_id, action_id, state_id, name, value) VALUES (128, 1, 718, 'filter_name', 'pack');
INSERT INTO state_params (ad_id, action_id, state_id, name, value) VALUES (129, 1, 719, 'filter_name', 'pack');
INSERT INTO state_params (ad_id, action_id, state_id, name, value) VALUES (130, 1, 723, 'filter_name', 'pack');
INSERT INTO state_params (ad_id, action_id, state_id, name, value) VALUES (131, 1, 730, 'filter_name', 'pack');
INSERT INTO state_params (ad_id, action_id, state_id, name, value) VALUES (132, 1, 734, 'filter_name', 'pack');
INSERT INTO state_params (ad_id, action_id, state_id, name, value) VALUES (133, 1, 738, 'filter_name', 'pack');
INSERT INTO state_params (ad_id, action_id, state_id, name, value) VALUES (135, 1, 739, 'filter_name', 'pack');
INSERT INTO state_params (ad_id, action_id, state_id, name, value) VALUES (134, 1, 740, 'filter_name', 'pack');
INSERT INTO state_params (ad_id, action_id, state_id, name, value) VALUES (136, 1, 741, 'filter_name', 'pack');
INSERT INTO ad_media VALUES (100012352, 127, 0, '2014-03-31 17:04:16.868776', 'image', NULL, NULL, NULL);
INSERT INTO ad_params VALUES (127, 'communes', '222');
INSERT INTO ad_params VALUES (134, 'communes', '227');
INSERT INTO ad_params VALUES (126, 'communes', '226');
INSERT INTO ad_params VALUES (128, 'communes', '215');
INSERT INTO ad_params VALUES (129, 'communes', '229');
INSERT INTO ad_params VALUES (136, 'communes', '224');
INSERT INTO ad_params VALUES (130, 'communes', '205');

--Change all passwords to 123123123
update ads set salted_passwd =  E'$1024$2y1bQ}VYRD}zF4QCbf07a971b784888658a20e62156de64dfde5ffb6', passwd = null;
update accounts set salted_passwd =  E'$1024$2y1bQ}VYRD}zF4QCbf07a971b784888658a20e62156de64dfde5ffb6';

--Insert a new ad reply
SELECT pg_catalog.setval('mail_queue_mail_queue_id_seq', 2085, true);
do $$
begin
execute format('INSERT INTO blocket_%s.mail_queue (state, template_name, added_at, remote_addr, sender_email, sender_name, receipient_email, receipient_name, subject, body, list_id, rule_id, reason, sender_phone) VALUES (%s, %s, date(current_timestamp), %s, %s, %s, %s, %s, %s, %s, %s, NULL, NULL, %s)', extract(year from current_timestamp), '\'sent\'', '\'mail/adreply.mime\'', '\'10.0.0.1\'', '\'cuentaprosincupos@yapo.cl\'', '\'cuentaprosincupos\'', '\'prepaid3@blocket.se\'', '\'OtherRegionAccount\'', '\'Acadian Beaumont 2015\'', '\'about your ad \'', '\'8000086\'', '\'123123123\'');
end;
$$;
