INSERT INTO tokens VALUES (767, 'X5a9ee21134b140de0000000065f9beff00000000', 9, '2018-03-06 15:46:41.292114', '2018-03-06 15:46:41.472088', '10.0.10.145', 'authenticate', NULL, NULL);
INSERT INTO tokens VALUES (768, 'X5a9ee21146b747c90000000048275ac700000000', 9, '2018-03-06 15:46:41.472088', '2018-03-06 15:46:44.84825', '10.0.10.145', 'spamfilter', NULL, NULL);
INSERT INTO tokens VALUES (769, 'X5a9ee21575bfced0000000007dbe80c900000000', 9, '2018-03-06 15:46:44.84825', '2018-03-06 15:46:52.764399', '10.0.10.145', 'listadmins', NULL, NULL);
INSERT INTO tokens VALUES (770, 'X5a9ee21d25e85cc100000000763a75ca00000000', 9, '2018-03-06 15:46:52.764399', '2018-03-06 15:46:52.773926', '10.0.10.145', 'listadmins', NULL, NULL);
INSERT INTO tokens VALUES (771, 'X5a9ee21d29616485000000003c98c80e00000000', 9, '2018-03-06 15:46:52.773926', '2018-03-06 15:46:56.769339', '10.0.10.145', 'search_ads', NULL, NULL);
INSERT INTO tokens VALUES (772, 'X5a9ee22148482d5500000000455c1d1d00000000', 9, '2018-03-06 15:46:56.769339', '2018-03-06 15:46:56.815477', '10.0.10.145', 'adqueues', NULL, NULL);
INSERT INTO tokens VALUES (773, 'X5a9ee221249a3d62000000005b45d42c00000000', 9, '2018-03-06 15:46:56.815477', '2018-03-06 15:46:56.820997', '10.0.10.145', 'block_list', NULL, NULL);
INSERT INTO tokens VALUES (774, 'X5a9ee2216c007e2b000000005cec163c00000000', 9, '2018-03-06 15:46:56.820997', '2018-03-06 15:46:56.825576', '10.0.10.145', 'block_list', NULL, NULL);
INSERT INTO tokens VALUES (775, 'X5a9ee22142e5d53c0000000021945ecc00000000', 9, '2018-03-06 15:46:56.825576', '2018-03-06 15:47:21.837232', '10.0.10.145', 'block_list', NULL, NULL);
INSERT INTO tokens VALUES (776, 'X5a9ee23a69bbb9940000000037219ac900000000', 9, '2018-03-06 15:47:21.837232', '2018-03-06 15:50:50.940543', '10.0.10.145', 'review', NULL, NULL);
INSERT INTO tokens VALUES (777, 'X5a9ee30b516d480400000000340018b100000000', 9, '2018-03-06 15:50:50.940543', '2018-03-06 15:50:51.013099', '10.0.10.145', 'adqueues', NULL, NULL);
INSERT INTO tokens VALUES (778, 'X5a9ee30b698f4d59000000004e9f6dbd00000000', 9, '2018-03-06 15:50:51.013099', '2018-03-06 15:50:51.020576', '10.0.10.145', 'block_list', NULL, NULL);
INSERT INTO tokens VALUES (779, 'X5a9ee30b212cc7a300000000510b341b00000000', 9, '2018-03-06 15:50:51.020576', '2018-03-06 15:50:51.028163', '10.0.10.145', 'block_list', NULL, NULL);
INSERT INTO tokens VALUES (780, 'X5a9ee30b1c7c1db40000000015715fea00000000', 9, '2018-03-06 15:50:51.028163', '2018-03-06 15:51:02.260665', '10.0.10.145', 'block_list', NULL, NULL);
INSERT INTO tokens VALUES (781, 'X5a9ee31624bf8005000000005f71ea4b00000000', 9, '2018-03-06 15:51:02.260665', '2018-03-06 15:52:08.533272', '10.0.10.145', 'review', NULL, NULL);
INSERT INTO tokens VALUES (782, 'X5a9ee35938950040000000004578824300000000', 9, '2018-03-06 15:52:08.533272', '2018-03-06 15:53:46.755809', '10.0.10.145', 'websql', NULL, NULL);
INSERT INTO tokens VALUES (783, 'X5a9ee3bb344a693b00000000ba8efc100000000', 9, '2018-03-06 15:53:46.755809', '2018-03-06 15:53:54.296358', '10.0.10.145', 'listadmins', NULL, NULL);
INSERT INTO tokens VALUES (784, 'X5a9ee3c277dbdfd60000000012bb9e2a00000000', 9, '2018-03-06 15:53:54.296358', '2018-03-06 15:53:54.305403', '10.0.10.145', 'listadmins', NULL, NULL);
INSERT INTO tokens VALUES (785, 'X5a9ee3c2681a52ea00000000cb140ff00000000', 9, '2018-03-06 15:53:54.305403', '2018-03-06 15:54:01.392054', '10.0.10.145', 'search_ads', NULL, NULL);
INSERT INTO tokens VALUES (786, 'X5a9ee3c94ed613ae00000000288fee0600000000', 9, '2018-03-06 15:54:01.392054', '2018-03-06 15:54:01.434123', '10.0.10.145', 'adqueues', NULL, NULL);
INSERT INTO tokens VALUES (787, 'X5a9ee3c97655eb1b000000004b5a2e0900000000', 9, '2018-03-06 15:54:01.434123', '2018-03-06 15:54:01.439495', '10.0.10.145', 'block_list', NULL, NULL);
INSERT INTO tokens VALUES (788, 'X5a9ee3c95cd42c360000000019e05a0600000000', 9, '2018-03-06 15:54:01.439495', '2018-03-06 15:54:01.445199', '10.0.10.145', 'block_list', NULL, NULL);
INSERT INTO tokens VALUES (789, 'X5a9ee3c955ceca90000000006c6d148b00000000', 9, '2018-03-06 15:54:01.445199', '2018-03-06 15:54:41.025368', '10.0.10.145', 'block_list', NULL, NULL);
INSERT INTO tokens VALUES (790, 'X5a9ee3f13f420690000000003e8dc1d600000000', 9, '2018-03-06 15:54:41.025368', '2018-03-06 15:54:41.055574', '10.0.10.145', 'adqueues', NULL, NULL);
INSERT INTO tokens VALUES (791, 'X5a9ee3f14a36b1970000000074f8746800000000', 9, '2018-03-06 15:54:41.055574', '2018-03-06 15:54:41.060277', '10.0.10.145', 'block_list', NULL, NULL);
INSERT INTO tokens VALUES (792, 'X5a9ee3f17b4129200000000146af96800000000', 9, '2018-03-06 15:54:41.060277', '2018-03-06 15:54:41.065291', '10.0.10.145', 'block_list', NULL, NULL);
INSERT INTO tokens VALUES (793, 'X5a9ee3f1211c3a6800000000487b87000000000', 9, '2018-03-06 15:54:41.065291', '2018-03-06 15:55:17.317921', '10.0.10.145', 'block_list', NULL, NULL);
INSERT INTO tokens VALUES (794, 'X5a9ee4152d17a67700000000162e8dd400000000', 9, '2018-03-06 15:55:17.317921', '2018-03-06 15:55:55.36937', '10.0.10.145', 'review', NULL, NULL);
INSERT INTO tokens VALUES (795, 'X5a9ee43b6188bbdd000000003270459800000000', 9, '2018-03-06 15:55:55.36937', '2018-03-06 15:56:55.383149', '10.0.10.145', 'websql', NULL, NULL);
INSERT INTO tokens VALUES (796, 'X5a9ee4774c509f9f00000000a8acf0800000000', 9, '2018-03-06 15:56:55.383149', '2018-03-06 15:57:05.36846', '10.0.10.145', 'listadmins', NULL, NULL);
INSERT INTO tokens VALUES (797, 'X5a9ee48176f7e3930000000056f5f47800000000', 9, '2018-03-06 15:57:05.36846', '2018-03-06 15:57:05.37724', '10.0.10.145', 'listadmins', NULL, NULL);
INSERT INTO tokens VALUES (798, 'X5a9ee4811583b64e000000003b7ec5e300000000', 9, '2018-03-06 15:57:05.37724', '2018-03-06 15:57:14.329418', '10.0.10.145', 'search_ads', NULL, NULL);
INSERT INTO tokens VALUES (799, 'X5a9ee48a30773a4b00000000349486c800000000', 9, '2018-03-06 15:57:14.329418', '2018-03-06 15:57:14.337986', '10.0.10.145', 'listadmins', NULL, NULL);
INSERT INTO tokens VALUES (800, 'X5a9ee48a48ff803100000000413095b900000000', 9, '2018-03-06 15:57:14.337986', '2018-03-06 15:57:22.696118', '10.0.10.145', 'search_ads', NULL, NULL);
INSERT INTO tokens VALUES (801, 'X5a9ee49345b84e2900000000220bd1d200000000', 9, '2018-03-06 15:57:22.696118', '2018-03-06 15:57:22.740879', '10.0.10.145', 'adqueues', NULL, NULL);
INSERT INTO tokens VALUES (802, 'X5a9ee493383a5fa60000000018559bc000000000', 9, '2018-03-06 15:57:22.740879', '2018-03-06 15:57:22.74562', '10.0.10.145', 'block_list', NULL, NULL);
INSERT INTO tokens VALUES (803, 'X5a9ee4934ac5e1590000000047dcebed00000000', 9, '2018-03-06 15:57:22.74562', '2018-03-06 15:57:22.750404', '10.0.10.145', 'block_list', NULL, NULL);
INSERT INTO tokens VALUES (804, 'X5a9ee4935267baf500000000672d26ca00000000', 9, '2018-03-06 15:57:22.750404', '2018-03-06 15:58:10.994165', '10.0.10.145', 'block_list', NULL, NULL);
INSERT INTO tokens VALUES (805, 'X5a9ee4c33e231b4200000000689c741400000000', 9, '2018-03-06 15:58:10.994165', '2018-03-06 15:58:48.698257', '10.0.10.145', 'add_label', NULL, NULL);
INSERT INTO tokens VALUES (806, 'X5a9ee4e9241b39f700000000295fe29900000000', 9, '2018-03-06 15:58:48.698257', '2018-03-06 16:13:16.037982', '10.0.10.145', 'websql', NULL, NULL);
INSERT INTO tokens VALUES (807, 'X5a9ee84cdaa237c0000000020d909b000000000', 9, '2018-03-06 16:13:16.037982', '2018-03-06 16:13:20.104418', '10.0.10.145', 'spamfilter', NULL, NULL);
INSERT INTO tokens VALUES (808, 'X5a9ee850157efe37000000002b2cff9900000000', 9, '2018-03-06 16:13:20.104418', '2018-03-06 16:13:32.335758', '10.0.10.145', 'listadmins', NULL, NULL);
INSERT INTO tokens VALUES (809, 'X5a9ee85c148fba3b000000007945a44000000000', 9, '2018-03-06 16:13:32.335758', '2018-03-06 16:13:32.343851', '10.0.10.145', 'listadmins', NULL, NULL);
INSERT INTO tokens VALUES (810, 'X5a9ee85c75286344000000002b29745700000000', 9, '2018-03-06 16:13:32.343851', '2018-03-06 16:13:54.335505', '10.0.10.145', 'search_ads', NULL, NULL);
INSERT INTO tokens VALUES (811, 'X5a9ee8721253776000000005f2871d00000000', 9, '2018-03-06 16:13:54.335505', '2018-03-06 16:14:35.759225', '10.0.10.145', 'weekly_bump_ad', NULL, NULL);
INSERT INTO tokens VALUES (812, 'X5a9ee89c75afd48c000000002f8011e500000000', 9, '2018-03-06 16:14:35.759225', '2018-03-06 16:16:32.976319', '10.0.10.145', 'websql', NULL, NULL);
INSERT INTO tokens VALUES (813, 'X5a9ee9111c9159ba0000000068eb8ca000000000', 9, '2018-03-06 16:16:32.976319', '2018-03-06 16:16:43.737404', '10.0.10.145', 'listadmins', NULL, NULL);
INSERT INTO tokens VALUES (814, 'X5a9ee91c113ad68a00000000203a527c00000000', 9, '2018-03-06 16:16:43.737404', '2018-03-06 16:16:43.745963', '10.0.10.145', 'listadmins', NULL, NULL);
INSERT INTO tokens VALUES (815, 'X5a9ee91c67f53edf0000000014c96e6200000000', 9, '2018-03-06 16:16:43.745963', '2018-03-06 16:17:05.508117', '10.0.10.145', 'search_ads', NULL, NULL);
INSERT INTO tokens VALUES (816, 'X5a9ee9327f0fafdf0000000016fc464c00000000', 9, '2018-03-06 16:17:05.508117', '2018-03-06 16:27:42.087314', '10.0.10.145', 'add_label', NULL, NULL);
INSERT INTO tokens VALUES (817, 'X5a9eebae6a6fa97a00000000503fd02900000000', 9, '2018-03-06 16:27:42.087314', '2018-03-06 16:27:51.345618', '10.0.10.145', 'listadmins', NULL, NULL);
INSERT INTO tokens VALUES (818, 'X5a9eebb75aa540300000000a98231400000000', 9, '2018-03-06 16:27:51.345618', '2018-03-06 16:27:51.354246', '10.0.10.145', 'listadmins', NULL, NULL);
INSERT INTO tokens VALUES (819, 'X5a9eebb7443d43a2000000002ccab23200000000', 9, '2018-03-06 16:27:51.354246', '2018-03-06 16:28:30.519253', '10.0.10.145', 'search_ads', NULL, NULL);
INSERT INTO tokens VALUES (820, 'X5a9eebdf2465c92200000000b6ae3d000000000', 9, '2018-03-06 16:28:30.519253', '2018-03-06 16:29:37.455029', '10.0.10.145', 'add_label', NULL, NULL);
INSERT INTO tokens VALUES (821, 'X5a9eec216f233987000000001f29ea0500000000', 9, '2018-03-06 16:29:37.455029', '2018-03-06 16:39:18.576204', '10.0.10.145', 'websql', NULL, NULL);
INSERT INTO tokens VALUES (822, 'X5a9eee67413466c6000000003797521600000000', 9, '2018-03-06 16:39:18.576204', '2018-03-06 16:40:16.733257', '10.0.10.145', 'websql', NULL, NULL);
INSERT INTO tokens VALUES (823, 'X5a9eeea142140e8f000000004869709800000000', 9, '2018-03-06 16:40:16.733257', '2018-03-06 17:40:16.733257', '10.0.10.145', 'websql', NULL, NULL);
INSERT INTO tokens VALUES (824, 'X5a9ff6701b3b6bc000000001dd1c55700000000', 9, '2018-03-07 11:25:52.32817', '2018-03-07 11:25:52.668511', '10.0.10.145', 'authenticate', NULL, NULL);
INSERT INTO tokens VALUES (825, 'X5a9ff6714d20401a0000000068f2b50400000000', 9, '2018-03-07 11:25:52.668511', '2018-03-07 11:26:21.580293', '10.0.10.145', 'spamfilter', NULL, NULL);
INSERT INTO tokens VALUES (826, 'X5a9ff68e54d279da000000002809b15000000000', 9, '2018-03-07 11:26:21.580293', '2018-03-07 11:26:27.847814', '10.0.10.145', 'websql', NULL, NULL);
INSERT INTO tokens VALUES (827, 'X5a9ff6948ee784f0000000050fdb75400000000', 9, '2018-03-07 11:26:27.847814', '2018-03-07 11:32:29.89563', '10.0.10.145', 'websql', NULL, NULL);
INSERT INTO tokens VALUES (828, 'X5a9ff7fe6c2303390000000053606e4e00000000', 9, '2018-03-07 11:32:29.89563', '2018-03-07 11:34:28.507857', '10.0.10.145', 'websql', NULL, NULL);
INSERT INTO tokens VALUES (829, 'X5a9ff8752f3ed1340000000044c60c3200000000', 9, '2018-03-07 11:34:28.507857', '2018-03-07 11:36:02.958035', '10.0.10.145', 'websql', NULL, NULL);
INSERT INTO tokens VALUES (830, 'X5a9ff8d3309ed38d0000000026aa1b5a00000000', 9, '2018-03-07 11:36:02.958035', '2018-03-07 11:45:13.597856', '10.0.10.145', 'websql', NULL, NULL);
INSERT INTO tokens VALUES (831, 'X5a9ffafa2f0150b0000000031ba6d2700000000', 9, '2018-03-07 11:45:13.597856', '2018-03-07 11:51:50.044086', '10.0.10.145', 'websql', NULL, NULL);
INSERT INTO tokens VALUES (832, 'X5a9ffc862a3f4fb1000000002251107200000000', 9, '2018-03-07 11:51:50.044086', '2018-03-07 11:51:50.157467', '10.0.10.145', 'authenticate', NULL, NULL);
INSERT INTO tokens VALUES (833, 'X5a9ffc86e67353d000000004a1ccf6a00000000', 9, '2018-03-07 11:51:50.157467', '2018-03-07 11:51:53.217887', '10.0.10.145', 'spamfilter', NULL, NULL);
INSERT INTO tokens VALUES (834, 'X5a9ffc895584c1510000000041e8e4d900000000', 9, '2018-03-07 11:51:53.217887', '2018-03-07 11:52:03.498084', '10.0.10.145', 'listadmins', NULL, NULL);
INSERT INTO tokens VALUES (835, 'X5a9ffc9367fa17920000000018ff187e00000000', 9, '2018-03-07 11:52:03.498084', '2018-03-07 11:52:03.506647', '10.0.10.145', 'listadmins', NULL, NULL);
INSERT INTO tokens VALUES (836, 'X5a9ffc942df4e25d00000000637604a600000000', 9, '2018-03-07 11:52:03.506647', '2018-03-07 11:52:15.542973', '10.0.10.145', 'search_ads', NULL, NULL);
INSERT INTO tokens VALUES (837, 'X5a9ffca04de5d95000000002c0e83e700000000', 9, '2018-03-07 11:52:15.542973', '2018-03-07 11:53:54.621927', '10.0.10.145', 'weekly_bump_ad', NULL, NULL);
INSERT INTO tokens VALUES (838, 'X5a9ffd037e4ff6a60000000060ab04fd00000000', 9, '2018-03-07 11:53:54.621927', '2018-03-07 11:59:54.81201', '10.0.10.145', 'websql', NULL, NULL);
INSERT INTO tokens VALUES (839, 'X5a9ffe6b3fad62730000000048eaac9b00000000', 9, '2018-03-07 11:59:54.81201', '2018-03-07 12:00:16.017828', '10.0.10.145', 'listadmins', NULL, NULL);
INSERT INTO tokens VALUES (840, 'X5a9ffe80d440182000000005906901900000000', 9, '2018-03-07 12:00:16.017828', '2018-03-07 12:00:16.026457', '10.0.10.145', 'listadmins', NULL, NULL);
INSERT INTO tokens VALUES (841, 'X5a9ffe80139db428000000002384363400000000', 9, '2018-03-07 12:00:16.026457', '2018-03-07 12:00:24.145738', '10.0.10.145', 'search_ads', NULL, NULL);
INSERT INTO tokens VALUES (842, 'X5a9ffe886009779d0000000020efce8200000000', 9, '2018-03-07 12:00:24.145738', '2018-03-07 12:02:14.37291', '10.0.10.145', 'weekly_bump_ad', NULL, NULL);
INSERT INTO tokens VALUES (843, 'X5a9ffef67ab37e6a0000000069e8260a00000000', 9, '2018-03-07 12:02:14.37291', '2018-03-07 12:02:14.387768', '10.0.10.145', 'listadmins', NULL, NULL);
INSERT INTO tokens VALUES (844, 'X5a9ffef67344b439000000006fc8da6c00000000', 9, '2018-03-07 12:02:14.387768', '2018-03-07 12:02:38.327628', '10.0.10.145', 'search_ads', NULL, NULL);
INSERT INTO tokens VALUES (845, 'X5a9fff0e270a7e4000000000731f0ed800000000', 9, '2018-03-07 12:02:38.327628', '2018-03-07 12:02:46.597032', '10.0.10.145', 'weekly_bump_ad', NULL, NULL);
INSERT INTO tokens VALUES (846, 'X5a9fff172b3d9c9700000000437a80c00000000', 9, '2018-03-07 12:02:46.597032', '2018-03-07 12:02:46.612173', '10.0.10.145', 'listadmins', NULL, NULL);
INSERT INTO tokens VALUES (847, 'X5a9fff1725162435000000006f270fba00000000', 9, '2018-03-07 12:02:46.612173', '2018-03-07 12:02:58.993061', '10.0.10.145', 'search_ads', NULL, NULL);
INSERT INTO tokens VALUES (848, 'X5a9fff234ebb8fd3000000002a18a6b800000000', 9, '2018-03-07 12:02:58.993061', '2018-03-07 12:03:44.992697', '10.0.10.145', 'add_label', NULL, NULL);
INSERT INTO tokens VALUES (849, 'X5a9fff515d4ebf2100000000557951fd00000000', 9, '2018-03-07 12:03:44.992697', '2018-03-07 12:08:25.83315', '10.0.10.145', 'websql', NULL, NULL);
INSERT INTO tokens VALUES (850, 'X5aa0006a402093440000000082e02ad00000000', 9, '2018-03-07 12:08:25.83315', '2018-03-07 12:09:30.742879', '10.0.10.145', 'websql', NULL, NULL);
INSERT INTO tokens VALUES (851, 'X5aa000ab617edafc00000000622f1cb700000000', 9, '2018-03-07 12:09:30.742879', '2018-03-07 12:10:23.471035', '10.0.10.145', 'websql', NULL, NULL);
INSERT INTO tokens VALUES (852, 'X5aa000df4e9b7b9c00000000d47444300000000', 9, '2018-03-07 12:10:23.471035', '2018-03-07 12:12:29.638336', '10.0.10.145', 'websql', NULL, NULL);
INSERT INTO tokens VALUES (853, 'X5aa0015e4090df7000000003169143f00000000', 9, '2018-03-07 12:12:29.638336', '2018-03-07 12:12:51.731092', '10.0.10.145', 'websql', NULL, NULL);
INSERT INTO tokens VALUES (854, 'X5aa0017451a7bd94000000002965cdda00000000', 9, '2018-03-07 12:12:51.731092', '2018-03-07 12:35:50.152756', '10.0.10.145', 'websql', NULL, NULL);
INSERT INTO tokens VALUES (855, 'X5aa006d6690974ac000000007661423500000000', 9, '2018-03-07 12:35:50.152756', '2018-03-07 13:35:50.152756', '10.0.10.145', 'websql', NULL, NULL);
INSERT INTO account_actions (account_id, account_action_id, account_action_type, "timestamp", token_id) VALUES (6, 1, 'edition', '2018-03-06 15:46:21.331257', NULL);
INSERT INTO account_actions (account_id, account_action_id, account_action_type, "timestamp", token_id) VALUES (6, 2, 'edition', '2018-03-06 15:48:38.526097', NULL);
INSERT INTO account_actions (account_id, account_action_id, account_action_type, "timestamp", token_id) VALUES (6, 3, 'edition', '2018-03-06 15:53:32.721425', NULL);
INSERT INTO ads VALUES (135, NULL, NULL, 'refused', 'let', 'ManyAdsAccount', '987654321', 15, 0, 1240, 57, NULL, false, false, false, 'Tereno para pagar con servipag', 'aedadaed
aed
aed
aed
ea
da
edeada', 5000006, NULL, NULL, NULL, NULL, NULL, NULL, '$1024$2y1bQ}VYRD}zF4QCbf07a971b784888658a20e62156de64dfde5ffb6', NULL, 'es');
INSERT INTO ads VALUES (136, NULL, NULL, 'inactive', 'let', 'ManyAdsAccount', '987654321', 15, 0, 1240, 57, NULL, false, false, false, 'Terreno khipu', 'asdsaddasd
asd
sad
asd
asd
asd', 50000000, NULL, NULL, NULL, NULL, NULL, NULL, '$1024$2y1bQ}VYRD}zF4QCbf07a971b784888658a20e62156de64dfde5ffb6', NULL, 'es');
INSERT INTO ads VALUES (137, NULL, NULL, 'refused', 'let', 'ManyAdsAccount', '987654321', 15, 0, 1240, 57, NULL, false, false, false, 'Pieza pulenta', 'eadaoieudhauedh', 120000, NULL, NULL, NULL, NULL, NULL, NULL, '$1024$2y1bQ}VYRD}zF4QCbf07a971b784888658a20e62156de64dfde5ffb6', NULL, 'es');

INSERT INTO payment_groups (payment_group_id, code, status, added_at, parent_payment_group_id) VALUES (175, '633026231', 'verified', '2018-03-06 15:46:21.273556', NULL);
INSERT INTO payment_groups (payment_group_id, code, status, added_at, parent_payment_group_id) VALUES (176, '12345', 'paid', '2018-03-06 15:47:13.472953', NULL);
INSERT INTO payment_groups (payment_group_id, code, status, added_at, parent_payment_group_id) VALUES (177, '768418254', 'verified', '2018-03-06 15:48:38.501399', NULL);
INSERT INTO payment_groups (payment_group_id, code, status, added_at, parent_payment_group_id) VALUES (178, '65432', 'paid', '2018-03-06 15:48:50.055663', NULL);
INSERT INTO payment_groups (payment_group_id, code, status, added_at, parent_payment_group_id) VALUES (179, '903810277', 'verified', '2018-03-06 15:53:32.667693', NULL);
INSERT INTO payment_groups (payment_group_id, code, status, added_at, parent_payment_group_id) VALUES (180, '32323', 'paid', '2018-03-06 15:55:10.368631', NULL);
INSERT INTO payment_groups (payment_group_id, code, status, added_at, parent_payment_group_id) VALUES (181, '54545', 'paid', '2018-03-06 15:58:06.188925', NULL);
INSERT INTO payment_groups (payment_group_id, code, status, added_at, parent_payment_group_id) VALUES (182, '90001', 'paid', '2018-03-06 15:58:06.188925', 181);
INSERT INTO payment_groups (payment_group_id, code, status, added_at, parent_payment_group_id) VALUES (183, '90002', 'paid', '2018-03-06 15:58:06.188925', 181);
INSERT INTO payment_groups (payment_group_id, code, status, added_at, parent_payment_group_id) VALUES (184, '90003', 'paid', '2018-03-06 16:13:50.186391', NULL);
INSERT INTO payment_groups (payment_group_id, code, status, added_at, parent_payment_group_id) VALUES (185, '90004', 'paid', '2018-03-06 16:13:50.186391', 184);
INSERT INTO payment_groups (payment_group_id, code, status, added_at, parent_payment_group_id) VALUES (186, '90005', 'paid', '2018-03-06 16:13:50.186391', 184);
INSERT INTO payment_groups (payment_group_id, code, status, added_at, parent_payment_group_id) VALUES (187, '90006', 'paid', '2018-03-06 16:13:50.186391', 184);
INSERT INTO payment_groups (payment_group_id, code, status, added_at, parent_payment_group_id) VALUES (188, '90007', 'paid', '2018-03-06 16:13:50.186391', 184);
INSERT INTO payment_groups (payment_group_id, code, status, added_at, parent_payment_group_id) VALUES (189, '90008', 'paid', '2018-03-06 16:17:00.718296', NULL);
INSERT INTO payment_groups (payment_group_id, code, status, added_at, parent_payment_group_id) VALUES (190, '90009', 'paid', '2018-03-06 16:17:00.718296', 189);
INSERT INTO payment_groups (payment_group_id, code, status, added_at, parent_payment_group_id) VALUES (191, '90010', 'paid', '2018-03-06 16:17:00.718296', 189);
INSERT INTO payment_groups (payment_group_id, code, status, added_at, parent_payment_group_id) VALUES (192, '90011', 'paid', '2018-03-06 16:17:00.718296', 189);
INSERT INTO payment_groups (payment_group_id, code, status, added_at, parent_payment_group_id) VALUES (193, '90012', 'unverified', '2018-03-06 16:27:28.35483', NULL);
INSERT INTO payment_groups (payment_group_id, code, status, added_at, parent_payment_group_id) VALUES (194, '90013', 'paid', '2018-03-06 16:28:13.283913', NULL);
INSERT INTO payment_groups (payment_group_id, code, status, added_at, parent_payment_group_id) VALUES (195, '90014', 'paid', '2018-03-07 11:51:06.17691', NULL);
INSERT INTO payment_groups (payment_group_id, code, status, added_at, parent_payment_group_id) VALUES (196, '90015', 'paid', '2018-03-07 11:51:06.17691', 195);
INSERT INTO payment_groups (payment_group_id, code, status, added_at, parent_payment_group_id) VALUES (197, '90016', 'paid', '2018-03-07 11:51:06.17691', 195);
INSERT INTO payment_groups (payment_group_id, code, status, added_at, parent_payment_group_id) VALUES (198, '90017', 'paid', '2018-03-07 11:51:06.17691', 195);
INSERT INTO payment_groups (payment_group_id, code, status, added_at, parent_payment_group_id) VALUES (199, '90018', 'paid', '2018-03-07 11:51:06.17691', 195);
INSERT INTO payment_groups (payment_group_id, code, status, added_at, parent_payment_group_id) VALUES (200, '90019', 'paid', '2018-03-07 12:02:22.403789', NULL);
INSERT INTO payment_groups (payment_group_id, code, status, added_at, parent_payment_group_id) VALUES (201, '90020', 'paid', '2018-03-07 12:02:22.403789', 200);
INSERT INTO payment_groups (payment_group_id, code, status, added_at, parent_payment_group_id) VALUES (202, '90021', 'paid', '2018-03-07 12:02:22.403789', 200);
INSERT INTO payment_groups (payment_group_id, code, status, added_at, parent_payment_group_id) VALUES (203, '90022', 'paid', '2018-03-07 12:02:22.403789', 200);
INSERT INTO payment_groups (payment_group_id, code, status, added_at, parent_payment_group_id) VALUES (204, '90023', 'paid', '2018-03-07 12:02:22.403789', 200);
INSERT INTO payment_groups (payment_group_id, code, status, added_at, parent_payment_group_id) VALUES (205, '90024', 'paid', '2018-03-07 12:02:22.403789', 200);
INSERT INTO payment_groups (payment_group_id, code, status, added_at, parent_payment_group_id) VALUES (206, '90025', 'paid', '2018-03-07 12:02:22.403789', 200);
INSERT INTO ad_actions (ad_id, action_id, action_type, current_state, state, queue, locked_by, locked_until, payment_group_id) VALUES (97, 9, 'bump', 863, 'pending_bump', 'normal', NULL, NULL, 202);
INSERT INTO ad_actions (ad_id, action_id, action_type, current_state, state, queue, locked_by, locked_until, payment_group_id) VALUES (135, 1, 'new', 751, 'refused', 'normal', NULL, NULL, 175);
INSERT INTO ad_actions (ad_id, action_id, action_type, current_state, state, queue, locked_by, locked_until, payment_group_id) VALUES (135, 2, 'upselling_standard_inmo', 752, 'accepted', 'normal', NULL, NULL, 176);
INSERT INTO ad_actions (ad_id, action_id, action_type, current_state, state, queue, locked_by, locked_until, payment_group_id) VALUES (136, 1, 'new', 755, 'pending_review', 'normal', NULL, NULL, 177);
INSERT INTO ad_actions (ad_id, action_id, action_type, current_state, state, queue, locked_by, locked_until, payment_group_id) VALUES (97, 8, 'bump', 838, 'accepted', 'normal', NULL, NULL, NULL);
INSERT INTO ad_actions (ad_id, action_id, action_type, current_state, state, queue, locked_by, locked_until, payment_group_id) VALUES (136, 2, 'upselling_standard_inmo', 758, 'accepted', 'normal', NULL, NULL, 178);
INSERT INTO ad_actions (ad_id, action_id, action_type, current_state, state, queue, locked_by, locked_until, payment_group_id) VALUES (137, 1, 'new', 764, 'refused', 'normal', NULL, NULL, 179);
INSERT INTO ad_actions (ad_id, action_id, action_type, current_state, state, queue, locked_by, locked_until, payment_group_id) VALUES (137, 2, 'upselling_advanced_inmo', 765, 'accepted', 'normal', NULL, NULL, 180);
INSERT INTO ad_actions (ad_id, action_id, action_type, current_state, state, queue, locked_by, locked_until, payment_group_id) VALUES (99, 11, 'bump', 864, 'pending_bump', 'normal', NULL, NULL, 203);
INSERT INTO ad_actions (ad_id, action_id, action_type, current_state, state, queue, locked_by, locked_until, payment_group_id) VALUES (96, 4, 'label', 771, 'accepted', 'normal', NULL, NULL, NULL);
INSERT INTO ad_actions (ad_id, action_id, action_type, current_state, state, queue, locked_by, locked_until, payment_group_id) VALUES (96, 2, 'bump', 772, 'pending_bump', 'normal', NULL, NULL, 182);
INSERT INTO ad_actions (ad_id, action_id, action_type, current_state, state, queue, locked_by, locked_until, payment_group_id) VALUES (96, 3, 'label', 773, 'accepted', 'normal', NULL, NULL, 183);
INSERT INTO ad_actions (ad_id, action_id, action_type, current_state, state, queue, locked_by, locked_until, payment_group_id) VALUES (99, 6, 'label', 805, 'accepted', 'normal', NULL, NULL, NULL);
INSERT INTO ad_actions (ad_id, action_id, action_type, current_state, state, queue, locked_by, locked_until, payment_group_id) VALUES (96, 5, 'bump', 775, 'accepted', 'normal', NULL, NULL, NULL);
INSERT INTO ad_actions (ad_id, action_id, action_type, current_state, state, queue, locked_by, locked_until, payment_group_id) VALUES (99, 4, 'bump', 806, 'pending_bump', 'normal', NULL, NULL, 190);
INSERT INTO ad_actions (ad_id, action_id, action_type, current_state, state, queue, locked_by, locked_until, payment_group_id) VALUES (99, 5, 'label', 807, 'accepted', 'normal', NULL, NULL, 191);
INSERT INTO ad_actions (ad_id, action_id, action_type, current_state, state, queue, locked_by, locked_until, payment_group_id) VALUES (98, 5, 'bump', 808, 'pending_bump', 'normal', NULL, NULL, 192);
INSERT INTO ad_actions (ad_id, action_id, action_type, current_state, state, queue, locked_by, locked_until, payment_group_id) VALUES (96, 7, 'bump', 840, 'accepted', 'normal', NULL, NULL, NULL);
INSERT INTO ad_actions (ad_id, action_id, action_type, current_state, state, queue, locked_by, locked_until, payment_group_id) VALUES (98, 3, 'daily_bump', 786, 'accepted', 'normal', NULL, NULL, NULL);
INSERT INTO ad_actions (ad_id, action_id, action_type, current_state, state, queue, locked_by, locked_until, payment_group_id) VALUES (99, 7, 'bump', 810, 'accepted', 'normal', NULL, NULL, NULL);
INSERT INTO ad_actions (ad_id, action_id, action_type, current_state, state, queue, locked_by, locked_until, payment_group_id) VALUES (98, 4, 'bump', 788, 'accepted', 'normal', NULL, NULL, NULL);
INSERT INTO ad_actions (ad_id, action_id, action_type, current_state, state, queue, locked_by, locked_until, payment_group_id) VALUES (99, 2, 'bump', 789, 'pending_bump', 'normal', NULL, NULL, 185);
INSERT INTO ad_actions (ad_id, action_id, action_type, current_state, state, queue, locked_by, locked_until, payment_group_id) VALUES (98, 2, 'daily_bump', 791, 'accepted', 'normal', NULL, NULL, 187);
INSERT INTO ad_actions (ad_id, action_id, action_type, current_state, state, queue, locked_by, locked_until, payment_group_id) VALUES (100, 2, 'label', 792, 'accepted', 'normal', NULL, NULL, 188);
INSERT INTO ad_actions (ad_id, action_id, action_type, current_state, state, queue, locked_by, locked_until, payment_group_id) VALUES (99, 3, 'bump', 794, 'accepted', 'normal', NULL, NULL, NULL);
INSERT INTO ad_actions (ad_id, action_id, action_type, current_state, state, queue, locked_by, locked_until, payment_group_id) VALUES (97, 2, 'weekly_bump', 795, 'accepted', 'normal', NULL, NULL, 186);
INSERT INTO ad_actions (ad_id, action_id, action_type, current_state, state, queue, locked_by, locked_until, payment_group_id) VALUES (97, 3, 'bump', 797, 'accepted', 'normal', NULL, NULL, NULL);
INSERT INTO ad_actions (ad_id, action_id, action_type, current_state, state, queue, locked_by, locked_until, payment_group_id) VALUES (98, 6, 'bump', 812, 'accepted', 'normal', NULL, NULL, NULL);
INSERT INTO ad_actions (ad_id, action_id, action_type, current_state, state, queue, locked_by, locked_until, payment_group_id) VALUES (98, 7, 'bump', 865, 'pending_bump', 'normal', NULL, NULL, 204);
INSERT INTO ad_actions (ad_id, action_id, action_type, current_state, state, queue, locked_by, locked_until, payment_group_id) VALUES (97, 4, 'label', 814, 'unpaid', 'normal', NULL, NULL, 193);
INSERT INTO ad_actions (ad_id, action_id, action_type, current_state, state, queue, locked_by, locked_until, payment_group_id) VALUES (100, 4, 'bump', 842, 'accepted', 'normal', NULL, NULL, NULL);
INSERT INTO ad_actions (ad_id, action_id, action_type, current_state, state, queue, locked_by, locked_until, payment_group_id) VALUES (97, 6, 'label', 818, 'accepted', 'normal', NULL, NULL, NULL);
INSERT INTO ad_actions (ad_id, action_id, action_type, current_state, state, queue, locked_by, locked_until, payment_group_id) VALUES (97, 5, 'label', 819, 'accepted', 'normal', NULL, NULL, 194);
INSERT INTO ad_actions (ad_id, action_id, action_type, current_state, state, queue, locked_by, locked_until, payment_group_id) VALUES (98, 8, 'label', 866, 'accepted', 'normal', NULL, NULL, 205);
INSERT INTO ad_actions (ad_id, action_id, action_type, current_state, state, queue, locked_by, locked_until, payment_group_id) VALUES (100, 5, 'daily_bump', 867, 'accepted', 'normal', NULL, NULL, 206);
INSERT INTO ad_actions (ad_id, action_id, action_type, current_state, state, queue, locked_by, locked_until, payment_group_id) VALUES (99, 9, 'daily_bump', 830, 'accepted', 'normal', NULL, NULL, NULL);
INSERT INTO ad_actions (ad_id, action_id, action_type, current_state, state, queue, locked_by, locked_until, payment_group_id) VALUES (99, 10, 'bump', 832, 'accepted', 'normal', NULL, NULL, NULL);
INSERT INTO ad_actions (ad_id, action_id, action_type, current_state, state, queue, locked_by, locked_until, payment_group_id) VALUES (97, 7, 'bump', 833, 'pending_bump', 'normal', NULL, NULL, 196);
INSERT INTO ad_actions (ad_id, action_id, action_type, current_state, state, queue, locked_by, locked_until, payment_group_id) VALUES (96, 6, 'bump', 834, 'pending_bump', 'normal', NULL, NULL, 197);
INSERT INTO ad_actions (ad_id, action_id, action_type, current_state, state, queue, locked_by, locked_until, payment_group_id) VALUES (100, 3, 'bump', 835, 'pending_bump', 'normal', NULL, NULL, 198);
INSERT INTO ad_actions (ad_id, action_id, action_type, current_state, state, queue, locked_by, locked_until, payment_group_id) VALUES (99, 8, 'daily_bump', 836, 'accepted', 'normal', NULL, NULL, 199);
INSERT INTO ad_actions (ad_id, action_id, action_type, current_state, state, queue, locked_by, locked_until, payment_group_id) VALUES (96, 9, 'bump', 869, 'accepted', 'normal', NULL, NULL, NULL);
INSERT INTO ad_actions (ad_id, action_id, action_type, current_state, state, queue, locked_by, locked_until, payment_group_id) VALUES (100, 6, 'daily_bump', 857, 'accepted', 'normal', NULL, NULL, NULL);
INSERT INTO ad_actions (ad_id, action_id, action_type, current_state, state, queue, locked_by, locked_until, payment_group_id) VALUES (97, 10, 'bump', 871, 'accepted', 'normal', NULL, NULL, NULL);
INSERT INTO ad_actions (ad_id, action_id, action_type, current_state, state, queue, locked_by, locked_until, payment_group_id) VALUES (100, 7, 'bump', 859, 'accepted', 'normal', NULL, NULL, NULL);
INSERT INTO ad_actions (ad_id, action_id, action_type, current_state, state, queue, locked_by, locked_until, payment_group_id) VALUES (98, 9, 'label', 861, 'accepted', 'normal', NULL, NULL, NULL);
INSERT INTO ad_actions (ad_id, action_id, action_type, current_state, state, queue, locked_by, locked_until, payment_group_id) VALUES (96, 8, 'bump', 862, 'pending_bump', 'normal', NULL, NULL, 201);
INSERT INTO ad_actions (ad_id, action_id, action_type, current_state, state, queue, locked_by, locked_until, payment_group_id) VALUES (99, 12, 'bump', 873, 'accepted', 'normal', NULL, NULL, NULL);
INSERT INTO ad_actions (ad_id, action_id, action_type, current_state, state, queue, locked_by, locked_until, payment_group_id) VALUES (98, 10, 'bump', 875, 'accepted', 'normal', NULL, NULL, NULL);
INSERT INTO action_params (ad_id, action_id, name, value) VALUES (135, 1, 'source', 'web');
INSERT INTO action_params (ad_id, action_id, name, value) VALUES (135, 1, 'redir', 'dW5rbm93bg==');
INSERT INTO action_params (ad_id, action_id, name, value) VALUES (136, 1, 'source', 'web');
INSERT INTO action_params (ad_id, action_id, name, value) VALUES (136, 1, 'redir', 'dW5rbm93bg==');
INSERT INTO action_params (ad_id, action_id, name, value) VALUES (137, 1, 'source', 'web');
INSERT INTO action_params (ad_id, action_id, name, value) VALUES (137, 1, 'redir', 'dW5rbm93bg==');
INSERT INTO action_params (ad_id, action_id, name, value) VALUES (137, 2, 'label_type', '0');
INSERT INTO action_params (ad_id, action_id, name, value) VALUES (96, 3, 'label_type', 'urgent');
INSERT INTO action_params (ad_id, action_id, name, value) VALUES (100, 2, 'label_type', 'opportunity');
INSERT INTO action_params (ad_id, action_id, name, value) VALUES (99, 5, 'label_type', 'urgent');
INSERT INTO action_params (ad_id, action_id, name, value) VALUES (97, 4, 'label_type', 'opportunity');
INSERT INTO action_params (ad_id, action_id, name, value) VALUES (97, 5, 'label_type', 'opportunity');
INSERT INTO action_params (ad_id, action_id, name, value) VALUES (98, 8, 'label_type', 'urgent');
INSERT INTO action_states (ad_id, action_id, state_id, state, transition, "timestamp", remote_addr, token_id) VALUES (135, 1, 746, 'reg', 'initial', '2018-03-06 15:46:21.273556', '10.0.10.145', NULL);
INSERT INTO action_states (ad_id, action_id, state_id, state, transition, "timestamp", remote_addr, token_id) VALUES (135, 1, 747, 'unverified', 'verifymail', '2018-03-06 15:46:21.273556', '10.0.10.145', NULL);
INSERT INTO action_states (ad_id, action_id, state_id, state, transition, "timestamp", remote_addr, token_id) VALUES (135, 1, 748, 'pending_review', 'verify', '2018-03-06 15:46:21.356258', '10.0.10.145', NULL);
INSERT INTO action_states (ad_id, action_id, state_id, state, transition, "timestamp", remote_addr, token_id) VALUES (135, 2, 749, 'reg', 'initial', '2018-03-06 15:47:13.472953', '10.0.10.145', NULL);
INSERT INTO action_states (ad_id, action_id, state_id, state, transition, "timestamp", remote_addr, token_id) VALUES (135, 2, 750, 'unpaid', 'pending_pay', '2018-03-06 15:47:13.472953', '10.0.10.145', NULL);
INSERT INTO action_states (ad_id, action_id, state_id, state, transition, "timestamp", remote_addr, token_id) VALUES (135, 1, 751, 'refused', 'refuse', '2018-03-06 15:47:21.839785', '10.0.10.145', 775);
INSERT INTO action_states (ad_id, action_id, state_id, state, transition, "timestamp", remote_addr, token_id) VALUES (135, 2, 752, 'accepted', 'pay', '2018-03-06 15:47:28.190407', NULL, NULL);
INSERT INTO action_states (ad_id, action_id, state_id, state, transition, "timestamp", remote_addr, token_id) VALUES (136, 1, 753, 'reg', 'initial', '2018-03-06 15:48:38.501399', '10.0.10.145', NULL);
INSERT INTO action_states (ad_id, action_id, state_id, state, transition, "timestamp", remote_addr, token_id) VALUES (136, 1, 754, 'unverified', 'verifymail', '2018-03-06 15:48:38.501399', '10.0.10.145', NULL);
INSERT INTO action_states (ad_id, action_id, state_id, state, transition, "timestamp", remote_addr, token_id) VALUES (136, 1, 755, 'pending_review', 'verify', '2018-03-06 15:48:38.537718', '10.0.10.145', NULL);
INSERT INTO action_states (ad_id, action_id, state_id, state, transition, "timestamp", remote_addr, token_id) VALUES (136, 2, 756, 'reg', 'initial', '2018-03-06 15:48:50.055663', '10.0.10.145', NULL);
INSERT INTO action_states (ad_id, action_id, state_id, state, transition, "timestamp", remote_addr, token_id) VALUES (136, 2, 757, 'unpaid', 'pending_pay', '2018-03-06 15:48:50.055663', '10.0.10.145', NULL);
INSERT INTO action_states (ad_id, action_id, state_id, state, transition, "timestamp", remote_addr, token_id) VALUES (136, 2, 758, 'accepted', 'pay', '2018-03-06 15:51:07.80363', NULL, NULL);
INSERT INTO action_states (ad_id, action_id, state_id, state, transition, "timestamp", remote_addr, token_id) VALUES (137, 1, 759, 'reg', 'initial', '2018-03-06 15:53:32.667693', '10.0.10.145', NULL);
INSERT INTO action_states (ad_id, action_id, state_id, state, transition, "timestamp", remote_addr, token_id) VALUES (137, 1, 760, 'unverified', 'verifymail', '2018-03-06 15:53:32.667693', '10.0.10.145', NULL);
INSERT INTO action_states (ad_id, action_id, state_id, state, transition, "timestamp", remote_addr, token_id) VALUES (137, 1, 761, 'pending_review', 'verify', '2018-03-06 15:53:32.747147', '10.0.10.145', NULL);
INSERT INTO action_states (ad_id, action_id, state_id, state, transition, "timestamp", remote_addr, token_id) VALUES (137, 2, 762, 'reg', 'initial', '2018-03-06 15:55:10.368631', '10.0.10.145', NULL);
INSERT INTO action_states (ad_id, action_id, state_id, state, transition, "timestamp", remote_addr, token_id) VALUES (137, 2, 763, 'unpaid', 'pending_pay', '2018-03-06 15:55:10.368631', '10.0.10.145', NULL);
INSERT INTO action_states (ad_id, action_id, state_id, state, transition, "timestamp", remote_addr, token_id) VALUES (137, 1, 764, 'refused', 'refuse', '2018-03-06 15:55:17.321437', '10.0.10.145', 793);
INSERT INTO action_states (ad_id, action_id, state_id, state, transition, "timestamp", remote_addr, token_id) VALUES (137, 2, 765, 'accepted', 'pay', '2018-03-06 15:55:20.934684', NULL, NULL);
INSERT INTO action_states (ad_id, action_id, state_id, state, transition, "timestamp", remote_addr, token_id) VALUES (96, 2, 766, 'reg', 'initial', '2018-03-06 15:58:06.188925', '10.0.10.145', NULL);
INSERT INTO action_states (ad_id, action_id, state_id, state, transition, "timestamp", remote_addr, token_id) VALUES (96, 2, 767, 'unpaid', 'pending_pay', '2018-03-06 15:58:06.188925', '10.0.10.145', NULL);
INSERT INTO action_states (ad_id, action_id, state_id, state, transition, "timestamp", remote_addr, token_id) VALUES (96, 3, 768, 'reg', 'initial', '2018-03-06 15:58:06.188925', '10.0.10.145', NULL);
INSERT INTO action_states (ad_id, action_id, state_id, state, transition, "timestamp", remote_addr, token_id) VALUES (96, 3, 769, 'unpaid', 'pending_pay', '2018-03-06 15:58:06.188925', '10.0.10.145', NULL);
INSERT INTO action_states (ad_id, action_id, state_id, state, transition, "timestamp", remote_addr, token_id) VALUES (96, 4, 770, 'reg', 'initial', '2018-03-06 15:58:10.995237', '10.0.10.145', 804);
INSERT INTO action_states (ad_id, action_id, state_id, state, transition, "timestamp", remote_addr, token_id) VALUES (96, 4, 771, 'accepted', 'adminclear', '2018-03-06 15:58:10.995237', '10.0.10.145', 804);
INSERT INTO action_states (ad_id, action_id, state_id, state, transition, "timestamp", remote_addr, token_id) VALUES (96, 2, 772, 'pending_bump', 'pay', '2018-03-06 15:58:18.167863', NULL, NULL);
INSERT INTO action_states (ad_id, action_id, state_id, state, transition, "timestamp", remote_addr, token_id) VALUES (96, 3, 773, 'accepted', 'pay', '2018-03-06 15:58:18.178539', NULL, NULL);
INSERT INTO action_states (ad_id, action_id, state_id, state, transition, "timestamp", remote_addr, token_id) VALUES (96, 5, 774, 'reg', 'initial', '2018-03-06 15:58:18.198563', '10.0.10.145', NULL);
INSERT INTO action_states (ad_id, action_id, state_id, state, transition, "timestamp", remote_addr, token_id) VALUES (96, 5, 775, 'accepted', 'bump', '2018-03-06 15:58:18.198563', '10.0.10.145', NULL);
INSERT INTO action_states (ad_id, action_id, state_id, state, transition, "timestamp", remote_addr, token_id) VALUES (99, 2, 776, 'reg', 'initial', '2018-03-06 16:13:50.186391', '10.0.10.145', NULL);
INSERT INTO action_states (ad_id, action_id, state_id, state, transition, "timestamp", remote_addr, token_id) VALUES (99, 2, 777, 'unpaid', 'pending_pay', '2018-03-06 16:13:50.186391', '10.0.10.145', NULL);
INSERT INTO action_states (ad_id, action_id, state_id, state, transition, "timestamp", remote_addr, token_id) VALUES (97, 2, 778, 'reg', 'initial', '2018-03-06 16:13:50.186391', '10.0.10.145', NULL);
INSERT INTO action_states (ad_id, action_id, state_id, state, transition, "timestamp", remote_addr, token_id) VALUES (97, 2, 779, 'unpaid', 'pending_pay', '2018-03-06 16:13:50.186391', '10.0.10.145', NULL);
INSERT INTO action_states (ad_id, action_id, state_id, state, transition, "timestamp", remote_addr, token_id) VALUES (98, 2, 780, 'reg', 'initial', '2018-03-06 16:13:50.186391', '10.0.10.145', NULL);
INSERT INTO action_states (ad_id, action_id, state_id, state, transition, "timestamp", remote_addr, token_id) VALUES (98, 2, 781, 'unpaid', 'pending_pay', '2018-03-06 16:13:50.186391', '10.0.10.145', NULL);
INSERT INTO action_states (ad_id, action_id, state_id, state, transition, "timestamp", remote_addr, token_id) VALUES (100, 2, 782, 'reg', 'initial', '2018-03-06 16:13:50.186391', '10.0.10.145', NULL);
INSERT INTO action_states (ad_id, action_id, state_id, state, transition, "timestamp", remote_addr, token_id) VALUES (100, 2, 783, 'unpaid', 'pending_pay', '2018-03-06 16:13:50.186391', '10.0.10.145', NULL);
INSERT INTO action_states (ad_id, action_id, state_id, state, transition, "timestamp", remote_addr, token_id) VALUES (98, 3, 784, 'reg', 'initial', '2018-03-06 16:13:54.337184', '10.0.10.145', 810);
INSERT INTO action_states (ad_id, action_id, state_id, state, transition, "timestamp", remote_addr, token_id) VALUES (98, 3, 785, 'accepted', 'adminclear', '2018-03-06 16:13:54.337184', '10.0.10.145', 810);
INSERT INTO action_states (ad_id, action_id, state_id, state, transition, "timestamp", remote_addr, token_id) VALUES (98, 3, 786, 'accepted', 'updating_counter', '2018-03-06 16:13:54.337184', '10.0.10.145', NULL);
INSERT INTO action_states (ad_id, action_id, state_id, state, transition, "timestamp", remote_addr, token_id) VALUES (98, 4, 787, 'reg', 'initial', '2018-03-06 16:13:54.364205', NULL, NULL);
INSERT INTO action_states (ad_id, action_id, state_id, state, transition, "timestamp", remote_addr, token_id) VALUES (98, 4, 788, 'accepted', 'bump', '2018-03-06 16:13:54.364205', NULL, NULL);
INSERT INTO action_states (ad_id, action_id, state_id, state, transition, "timestamp", remote_addr, token_id) VALUES (99, 2, 789, 'pending_bump', 'pay', '2018-03-06 16:13:58.086017', NULL, NULL);
INSERT INTO action_states (ad_id, action_id, state_id, state, transition, "timestamp", remote_addr, token_id) VALUES (97, 2, 790, 'accepted', 'pay', '2018-03-06 16:13:58.107933', NULL, NULL);
INSERT INTO action_states (ad_id, action_id, state_id, state, transition, "timestamp", remote_addr, token_id) VALUES (98, 2, 791, 'accepted', 'pay', '2018-03-06 16:13:58.119766', NULL, NULL);
INSERT INTO action_states (ad_id, action_id, state_id, state, transition, "timestamp", remote_addr, token_id) VALUES (100, 2, 792, 'accepted', 'pay', '2018-03-06 16:13:58.130448', NULL, NULL);
INSERT INTO action_states (ad_id, action_id, state_id, state, transition, "timestamp", remote_addr, token_id) VALUES (99, 3, 793, 'reg', 'initial', '2018-03-06 16:13:58.170339', '10.0.10.145', NULL);
INSERT INTO action_states (ad_id, action_id, state_id, state, transition, "timestamp", remote_addr, token_id) VALUES (99, 3, 794, 'accepted', 'bump', '2018-03-06 16:13:58.170339', '10.0.10.145', NULL);
INSERT INTO action_states (ad_id, action_id, state_id, state, transition, "timestamp", remote_addr, token_id) VALUES (97, 2, 795, 'accepted', 'updating_counter', '2018-03-06 16:13:58.180804', '10.0.10.145', NULL);
INSERT INTO action_states (ad_id, action_id, state_id, state, transition, "timestamp", remote_addr, token_id) VALUES (97, 3, 796, 'reg', 'initial', '2018-03-06 16:13:58.184728', NULL, NULL);
INSERT INTO action_states (ad_id, action_id, state_id, state, transition, "timestamp", remote_addr, token_id) VALUES (97, 3, 797, 'accepted', 'bump', '2018-03-06 16:13:58.184728', NULL, NULL);
INSERT INTO action_states (ad_id, action_id, state_id, state, transition, "timestamp", remote_addr, token_id) VALUES (99, 4, 798, 'reg', 'initial', '2018-03-06 16:17:00.718296', '10.0.10.145', NULL);
INSERT INTO action_states (ad_id, action_id, state_id, state, transition, "timestamp", remote_addr, token_id) VALUES (99, 4, 799, 'unpaid', 'pending_pay', '2018-03-06 16:17:00.718296', '10.0.10.145', NULL);
INSERT INTO action_states (ad_id, action_id, state_id, state, transition, "timestamp", remote_addr, token_id) VALUES (99, 5, 800, 'reg', 'initial', '2018-03-06 16:17:00.718296', '10.0.10.145', NULL);
INSERT INTO action_states (ad_id, action_id, state_id, state, transition, "timestamp", remote_addr, token_id) VALUES (99, 5, 801, 'unpaid', 'pending_pay', '2018-03-06 16:17:00.718296', '10.0.10.145', NULL);
INSERT INTO action_states (ad_id, action_id, state_id, state, transition, "timestamp", remote_addr, token_id) VALUES (98, 5, 802, 'reg', 'initial', '2018-03-06 16:17:00.718296', '10.0.10.145', NULL);
INSERT INTO action_states (ad_id, action_id, state_id, state, transition, "timestamp", remote_addr, token_id) VALUES (98, 5, 803, 'unpaid', 'pending_pay', '2018-03-06 16:17:00.718296', '10.0.10.145', NULL);
INSERT INTO action_states (ad_id, action_id, state_id, state, transition, "timestamp", remote_addr, token_id) VALUES (99, 6, 804, 'reg', 'initial', '2018-03-06 16:17:05.509761', '10.0.10.145', 815);
INSERT INTO action_states (ad_id, action_id, state_id, state, transition, "timestamp", remote_addr, token_id) VALUES (99, 6, 805, 'accepted', 'adminclear', '2018-03-06 16:17:05.509761', '10.0.10.145', 815);
INSERT INTO action_states (ad_id, action_id, state_id, state, transition, "timestamp", remote_addr, token_id) VALUES (99, 4, 806, 'pending_bump', 'pay', '2018-03-06 16:17:09.202038', NULL, NULL);
INSERT INTO action_states (ad_id, action_id, state_id, state, transition, "timestamp", remote_addr, token_id) VALUES (99, 5, 807, 'accepted', 'pay', '2018-03-06 16:17:09.220376', NULL, NULL);
INSERT INTO action_states (ad_id, action_id, state_id, state, transition, "timestamp", remote_addr, token_id) VALUES (98, 5, 808, 'pending_bump', 'pay', '2018-03-06 16:17:09.235808', NULL, NULL);
INSERT INTO action_states (ad_id, action_id, state_id, state, transition, "timestamp", remote_addr, token_id) VALUES (99, 7, 809, 'reg', 'initial', '2018-03-06 16:17:09.26338', '10.0.10.145', NULL);
INSERT INTO action_states (ad_id, action_id, state_id, state, transition, "timestamp", remote_addr, token_id) VALUES (99, 7, 810, 'accepted', 'bump', '2018-03-06 16:17:09.26338', '10.0.10.145', NULL);
INSERT INTO action_states (ad_id, action_id, state_id, state, transition, "timestamp", remote_addr, token_id) VALUES (98, 6, 811, 'reg', 'initial', '2018-03-06 16:17:09.273525', '10.0.10.145', NULL);
INSERT INTO action_states (ad_id, action_id, state_id, state, transition, "timestamp", remote_addr, token_id) VALUES (98, 6, 812, 'accepted', 'bump', '2018-03-06 16:17:09.273525', '10.0.10.145', NULL);
INSERT INTO action_states (ad_id, action_id, state_id, state, transition, "timestamp", remote_addr, token_id) VALUES (97, 4, 813, 'reg', 'initial', '2018-03-06 16:27:28.35483', '10.0.10.145', NULL);
INSERT INTO action_states (ad_id, action_id, state_id, state, transition, "timestamp", remote_addr, token_id) VALUES (97, 4, 814, 'unpaid', 'pending_pay', '2018-03-06 16:27:28.35483', '10.0.10.145', NULL);
INSERT INTO action_states (ad_id, action_id, state_id, state, transition, "timestamp", remote_addr, token_id) VALUES (97, 5, 815, 'reg', 'initial', '2018-03-06 16:28:13.283913', '10.0.10.145', NULL);
INSERT INTO action_states (ad_id, action_id, state_id, state, transition, "timestamp", remote_addr, token_id) VALUES (97, 5, 816, 'unpaid', 'pending_pay', '2018-03-06 16:28:13.283913', '10.0.10.145', NULL);
INSERT INTO action_states (ad_id, action_id, state_id, state, transition, "timestamp", remote_addr, token_id) VALUES (97, 6, 817, 'reg', 'initial', '2018-03-06 16:28:30.520774', '10.0.10.145', 819);
INSERT INTO action_states (ad_id, action_id, state_id, state, transition, "timestamp", remote_addr, token_id) VALUES (97, 6, 818, 'accepted', 'adminclear', '2018-03-06 16:28:30.520774', '10.0.10.145', 819);
INSERT INTO action_states (ad_id, action_id, state_id, state, transition, "timestamp", remote_addr, token_id) VALUES (97, 5, 819, 'accepted', 'pay', '2018-03-06 16:28:35.459115', NULL, NULL);
INSERT INTO action_states (ad_id, action_id, state_id, state, transition, "timestamp", remote_addr, token_id) VALUES (97, 7, 820, 'reg', 'initial', '2018-03-07 11:51:06.17691', '10.0.10.145', NULL);
INSERT INTO action_states (ad_id, action_id, state_id, state, transition, "timestamp", remote_addr, token_id) VALUES (97, 7, 821, 'unpaid', 'pending_pay', '2018-03-07 11:51:06.17691', '10.0.10.145', NULL);
INSERT INTO action_states (ad_id, action_id, state_id, state, transition, "timestamp", remote_addr, token_id) VALUES (96, 6, 822, 'reg', 'initial', '2018-03-07 11:51:06.17691', '10.0.10.145', NULL);
INSERT INTO action_states (ad_id, action_id, state_id, state, transition, "timestamp", remote_addr, token_id) VALUES (96, 6, 823, 'unpaid', 'pending_pay', '2018-03-07 11:51:06.17691', '10.0.10.145', NULL);
INSERT INTO action_states (ad_id, action_id, state_id, state, transition, "timestamp", remote_addr, token_id) VALUES (100, 3, 824, 'reg', 'initial', '2018-03-07 11:51:06.17691', '10.0.10.145', NULL);
INSERT INTO action_states (ad_id, action_id, state_id, state, transition, "timestamp", remote_addr, token_id) VALUES (100, 3, 825, 'unpaid', 'pending_pay', '2018-03-07 11:51:06.17691', '10.0.10.145', NULL);
INSERT INTO action_states (ad_id, action_id, state_id, state, transition, "timestamp", remote_addr, token_id) VALUES (99, 8, 826, 'reg', 'initial', '2018-03-07 11:51:06.17691', '10.0.10.145', NULL);
INSERT INTO action_states (ad_id, action_id, state_id, state, transition, "timestamp", remote_addr, token_id) VALUES (99, 8, 827, 'unpaid', 'pending_pay', '2018-03-07 11:51:06.17691', '10.0.10.145', NULL);
INSERT INTO action_states (ad_id, action_id, state_id, state, transition, "timestamp", remote_addr, token_id) VALUES (99, 9, 828, 'reg', 'initial', '2018-03-07 11:52:15.544636', '10.0.10.145', 836);
INSERT INTO action_states (ad_id, action_id, state_id, state, transition, "timestamp", remote_addr, token_id) VALUES (99, 9, 829, 'accepted', 'adminclear', '2018-03-07 11:52:15.544636', '10.0.10.145', 836);
INSERT INTO action_states (ad_id, action_id, state_id, state, transition, "timestamp", remote_addr, token_id) VALUES (99, 9, 830, 'accepted', 'updating_counter', '2018-03-07 11:52:15.544636', '10.0.10.145', NULL);
INSERT INTO action_states (ad_id, action_id, state_id, state, transition, "timestamp", remote_addr, token_id) VALUES (99, 10, 831, 'reg', 'initial', '2018-03-07 11:52:15.562692', NULL, NULL);
INSERT INTO action_states (ad_id, action_id, state_id, state, transition, "timestamp", remote_addr, token_id) VALUES (99, 10, 832, 'accepted', 'bump', '2018-03-07 11:52:15.562692', NULL, NULL);
INSERT INTO action_states (ad_id, action_id, state_id, state, transition, "timestamp", remote_addr, token_id) VALUES (97, 7, 833, 'pending_bump', 'pay', '2018-03-07 11:52:21.155262', NULL, NULL);
INSERT INTO action_states (ad_id, action_id, state_id, state, transition, "timestamp", remote_addr, token_id) VALUES (96, 6, 834, 'pending_bump', 'pay', '2018-03-07 11:52:21.176029', NULL, NULL);
INSERT INTO action_states (ad_id, action_id, state_id, state, transition, "timestamp", remote_addr, token_id) VALUES (100, 3, 835, 'pending_bump', 'pay', '2018-03-07 11:52:21.18626', NULL, NULL);
INSERT INTO action_states (ad_id, action_id, state_id, state, transition, "timestamp", remote_addr, token_id) VALUES (99, 8, 836, 'accepted', 'pay', '2018-03-07 11:52:21.196181', NULL, NULL);
INSERT INTO action_states (ad_id, action_id, state_id, state, transition, "timestamp", remote_addr, token_id) VALUES (97, 8, 837, 'reg', 'initial', '2018-03-07 11:52:21.223404', '10.0.10.145', NULL);
INSERT INTO action_states (ad_id, action_id, state_id, state, transition, "timestamp", remote_addr, token_id) VALUES (97, 8, 838, 'accepted', 'bump', '2018-03-07 11:52:21.223404', '10.0.10.145', NULL);
INSERT INTO action_states (ad_id, action_id, state_id, state, transition, "timestamp", remote_addr, token_id) VALUES (96, 7, 839, 'reg', 'initial', '2018-03-07 11:52:21.231907', '10.0.10.145', NULL);
INSERT INTO action_states (ad_id, action_id, state_id, state, transition, "timestamp", remote_addr, token_id) VALUES (96, 7, 840, 'accepted', 'bump', '2018-03-07 11:52:21.231907', '10.0.10.145', NULL);
INSERT INTO action_states (ad_id, action_id, state_id, state, transition, "timestamp", remote_addr, token_id) VALUES (100, 4, 841, 'reg', 'initial', '2018-03-07 11:52:21.237271', '10.0.10.145', NULL);
INSERT INTO action_states (ad_id, action_id, state_id, state, transition, "timestamp", remote_addr, token_id) VALUES (100, 4, 842, 'accepted', 'bump', '2018-03-07 11:52:21.237271', '10.0.10.145', NULL);
INSERT INTO action_states (ad_id, action_id, state_id, state, transition, "timestamp", remote_addr, token_id) VALUES (96, 8, 843, 'reg', 'initial', '2018-03-07 12:02:22.403789', '10.0.10.145', NULL);
INSERT INTO action_states (ad_id, action_id, state_id, state, transition, "timestamp", remote_addr, token_id) VALUES (96, 8, 844, 'unpaid', 'pending_pay', '2018-03-07 12:02:22.403789', '10.0.10.145', NULL);
INSERT INTO action_states (ad_id, action_id, state_id, state, transition, "timestamp", remote_addr, token_id) VALUES (97, 9, 845, 'reg', 'initial', '2018-03-07 12:02:22.403789', '10.0.10.145', NULL);
INSERT INTO action_states (ad_id, action_id, state_id, state, transition, "timestamp", remote_addr, token_id) VALUES (97, 9, 846, 'unpaid', 'pending_pay', '2018-03-07 12:02:22.403789', '10.0.10.145', NULL);
INSERT INTO action_states (ad_id, action_id, state_id, state, transition, "timestamp", remote_addr, token_id) VALUES (99, 11, 847, 'reg', 'initial', '2018-03-07 12:02:22.403789', '10.0.10.145', NULL);
INSERT INTO action_states (ad_id, action_id, state_id, state, transition, "timestamp", remote_addr, token_id) VALUES (99, 11, 848, 'unpaid', 'pending_pay', '2018-03-07 12:02:22.403789', '10.0.10.145', NULL);
INSERT INTO action_states (ad_id, action_id, state_id, state, transition, "timestamp", remote_addr, token_id) VALUES (98, 7, 849, 'reg', 'initial', '2018-03-07 12:02:22.403789', '10.0.10.145', NULL);
INSERT INTO action_states (ad_id, action_id, state_id, state, transition, "timestamp", remote_addr, token_id) VALUES (98, 7, 850, 'unpaid', 'pending_pay', '2018-03-07 12:02:22.403789', '10.0.10.145', NULL);
INSERT INTO action_states (ad_id, action_id, state_id, state, transition, "timestamp", remote_addr, token_id) VALUES (98, 8, 851, 'reg', 'initial', '2018-03-07 12:02:22.403789', '10.0.10.145', NULL);
INSERT INTO action_states (ad_id, action_id, state_id, state, transition, "timestamp", remote_addr, token_id) VALUES (98, 8, 852, 'unpaid', 'pending_pay', '2018-03-07 12:02:22.403789', '10.0.10.145', NULL);
INSERT INTO action_states (ad_id, action_id, state_id, state, transition, "timestamp", remote_addr, token_id) VALUES (100, 5, 853, 'reg', 'initial', '2018-03-07 12:02:22.403789', '10.0.10.145', NULL);
INSERT INTO action_states (ad_id, action_id, state_id, state, transition, "timestamp", remote_addr, token_id) VALUES (100, 5, 854, 'unpaid', 'pending_pay', '2018-03-07 12:02:22.403789', '10.0.10.145', NULL);
INSERT INTO action_states (ad_id, action_id, state_id, state, transition, "timestamp", remote_addr, token_id) VALUES (100, 6, 855, 'reg', 'initial', '2018-03-07 12:02:38.329335', '10.0.10.145', 844);
INSERT INTO action_states (ad_id, action_id, state_id, state, transition, "timestamp", remote_addr, token_id) VALUES (100, 6, 856, 'accepted', 'adminclear', '2018-03-07 12:02:38.329335', '10.0.10.145', 844);
INSERT INTO action_states (ad_id, action_id, state_id, state, transition, "timestamp", remote_addr, token_id) VALUES (100, 6, 857, 'accepted', 'updating_counter', '2018-03-07 12:02:38.329335', '10.0.10.145', NULL);
INSERT INTO action_states (ad_id, action_id, state_id, state, transition, "timestamp", remote_addr, token_id) VALUES (100, 7, 858, 'reg', 'initial', '2018-03-07 12:02:38.342063', NULL, NULL);
INSERT INTO action_states (ad_id, action_id, state_id, state, transition, "timestamp", remote_addr, token_id) VALUES (100, 7, 859, 'accepted', 'bump', '2018-03-07 12:02:38.342063', NULL, NULL);
INSERT INTO action_states (ad_id, action_id, state_id, state, transition, "timestamp", remote_addr, token_id) VALUES (98, 9, 860, 'reg', 'initial', '2018-03-07 12:02:58.99468', '10.0.10.145', 847);
INSERT INTO action_states (ad_id, action_id, state_id, state, transition, "timestamp", remote_addr, token_id) VALUES (98, 9, 861, 'accepted', 'adminclear', '2018-03-07 12:02:58.99468', '10.0.10.145', 847);
INSERT INTO action_states (ad_id, action_id, state_id, state, transition, "timestamp", remote_addr, token_id) VALUES (96, 8, 862, 'pending_bump', 'pay', '2018-03-07 12:03:10.866795', NULL, NULL);
INSERT INTO action_states (ad_id, action_id, state_id, state, transition, "timestamp", remote_addr, token_id) VALUES (97, 9, 863, 'pending_bump', 'pay', '2018-03-07 12:03:10.880924', NULL, NULL);
INSERT INTO action_states (ad_id, action_id, state_id, state, transition, "timestamp", remote_addr, token_id) VALUES (99, 11, 864, 'pending_bump', 'pay', '2018-03-07 12:03:10.890966', NULL, NULL);
INSERT INTO action_states (ad_id, action_id, state_id, state, transition, "timestamp", remote_addr, token_id) VALUES (98, 7, 865, 'pending_bump', 'pay', '2018-03-07 12:03:10.901127', NULL, NULL);
INSERT INTO action_states (ad_id, action_id, state_id, state, transition, "timestamp", remote_addr, token_id) VALUES (98, 8, 866, 'accepted', 'pay', '2018-03-07 12:03:10.911601', NULL, NULL);
INSERT INTO action_states (ad_id, action_id, state_id, state, transition, "timestamp", remote_addr, token_id) VALUES (100, 5, 867, 'accepted', 'pay', '2018-03-07 12:03:10.92447', NULL, NULL);
INSERT INTO action_states (ad_id, action_id, state_id, state, transition, "timestamp", remote_addr, token_id) VALUES (96, 9, 868, 'reg', 'initial', '2018-03-07 12:03:10.946875', '10.0.10.145', NULL);
INSERT INTO action_states (ad_id, action_id, state_id, state, transition, "timestamp", remote_addr, token_id) VALUES (96, 9, 869, 'accepted', 'bump', '2018-03-07 12:03:10.946875', '10.0.10.145', NULL);
INSERT INTO action_states (ad_id, action_id, state_id, state, transition, "timestamp", remote_addr, token_id) VALUES (97, 10, 870, 'reg', 'initial', '2018-03-07 12:03:10.954706', '10.0.10.145', NULL);
INSERT INTO action_states (ad_id, action_id, state_id, state, transition, "timestamp", remote_addr, token_id) VALUES (97, 10, 871, 'accepted', 'bump', '2018-03-07 12:03:10.954706', '10.0.10.145', NULL);
INSERT INTO action_states (ad_id, action_id, state_id, state, transition, "timestamp", remote_addr, token_id) VALUES (99, 12, 872, 'reg', 'initial', '2018-03-07 12:03:10.959714', '10.0.10.145', NULL);
INSERT INTO action_states (ad_id, action_id, state_id, state, transition, "timestamp", remote_addr, token_id) VALUES (99, 12, 873, 'accepted', 'bump', '2018-03-07 12:03:10.959714', '10.0.10.145', NULL);
INSERT INTO action_states (ad_id, action_id, state_id, state, transition, "timestamp", remote_addr, token_id) VALUES (98, 10, 874, 'reg', 'initial', '2018-03-07 12:03:10.964654', '10.0.10.145', NULL);
INSERT INTO action_states (ad_id, action_id, state_id, state, transition, "timestamp", remote_addr, token_id) VALUES (98, 10, 875, 'accepted', 'bump', '2018-03-07 12:03:10.964654', '10.0.10.145', NULL);
SELECT pg_catalog.setval('action_states_state_id_seq', 875, true);
INSERT INTO ad_changes (ad_id, action_id, state_id, is_param, column_name, old_value, new_value) VALUES (136, 2, 758, true, 'upselling_daily_bump', NULL, '7');
INSERT INTO ad_changes (ad_id, action_id, state_id, is_param, column_name, old_value, new_value) VALUES (96, 4, 771, true, 'label', NULL, 'new');
INSERT INTO ad_changes (ad_id, action_id, state_id, is_param, column_name, old_value, new_value) VALUES (98, 3, 786, true, 'daily_bump', NULL, '6');
INSERT INTO ad_changes (ad_id, action_id, state_id, is_param, column_name, old_value, new_value) VALUES (97, 2, 795, true, 'weekly_bump', NULL, '3');
INSERT INTO ad_changes (ad_id, action_id, state_id, is_param, column_name, old_value, new_value) VALUES (100, 2, 792, true, 'label', NULL, 'opportunity');
INSERT INTO ad_changes (ad_id, action_id, state_id, is_param, column_name, old_value, new_value) VALUES (99, 6, 805, true, 'label', NULL, 'little_use');
INSERT INTO ad_changes (ad_id, action_id, state_id, is_param, column_name, old_value, new_value) VALUES (97, 6, 818, true, 'label', NULL, 'new');
INSERT INTO ad_changes (ad_id, action_id, state_id, is_param, column_name, old_value, new_value) VALUES (99, 9, 830, true, 'daily_bump', NULL, '6');
INSERT INTO ad_changes (ad_id, action_id, state_id, is_param, column_name, old_value, new_value) VALUES (100, 6, 857, true, 'daily_bump', NULL, '6');
INSERT INTO ad_changes (ad_id, action_id, state_id, is_param, column_name, old_value, new_value) VALUES (98, 9, 861, true, 'label', NULL, 'new');
INSERT INTO ad_codes (code, code_type) VALUES (42948, 'pay');
INSERT INTO ad_codes (code, code_type) VALUES (74971, 'pay');
INSERT INTO ad_codes (code, code_type) VALUES (16994, 'pay');
INSERT INTO ad_images_digests (ad_id, name, digest, uid, previously_inserted) VALUES (137, '9608523319.jpg', 'e1ee0f3c1f3197f0ffb924002ee3f076', 51, false);
INSERT INTO ad_media (ad_media_id, ad_id, seq_no, upload_time, media_type, width, height, length) VALUES (9608523319, 137, 0, '2018-03-06 15:53:26.759614', 'image', NULL, NULL, NULL);
INSERT INTO ad_params (ad_id, name, value) VALUES (135, 'communes', '315');
INSERT INTO ad_params (ad_id, name, value) VALUES (135, 'currency', 'peso');
INSERT INTO ad_params (ad_id, name, value) VALUES (135, 'geoposition_is_precise', '0');
INSERT INTO ad_params (ad_id, name, value) VALUES (135, 'estate_type', '5');
INSERT INTO ad_params (ad_id, name, value) VALUES (135, 'country', 'UNK');
INSERT INTO ad_params (ad_id, name, value) VALUES (136, 'communes', '315');
INSERT INTO ad_params (ad_id, name, value) VALUES (136, 'currency', 'peso');
INSERT INTO ad_params (ad_id, name, value) VALUES (136, 'geoposition_is_precise', '0');
INSERT INTO ad_params (ad_id, name, value) VALUES (136, 'estate_type', '5');
INSERT INTO ad_params (ad_id, name, value) VALUES (136, 'country', 'UNK');
INSERT INTO ad_params (ad_id, name, value) VALUES (136, 'upselling_daily_bump', '7');
INSERT INTO ad_params (ad_id, name, value) VALUES (137, 'communes', '315');
INSERT INTO ad_params (ad_id, name, value) VALUES (137, 'currency', 'peso');
INSERT INTO ad_params (ad_id, name, value) VALUES (137, 'geoposition_is_precise', '0');
INSERT INTO ad_params (ad_id, name, value) VALUES (137, 'estate_type', '7');
INSERT INTO ad_params (ad_id, name, value) VALUES (137, 'country', 'UNK');
INSERT INTO ad_params (ad_id, name, value) VALUES (96, 'label', 'new');
INSERT INTO ad_params (ad_id, name, value) VALUES (98, 'daily_bump', '6');
INSERT INTO ad_params (ad_id, name, value) VALUES (97, 'weekly_bump', '3');
INSERT INTO ad_params (ad_id, name, value) VALUES (100, 'label', 'opportunity');
INSERT INTO ad_params (ad_id, name, value) VALUES (99, 'label', 'little_use');
INSERT INTO ad_params (ad_id, name, value) VALUES (97, 'label', 'new');
INSERT INTO ad_params (ad_id, name, value) VALUES (99, 'daily_bump', '6');
INSERT INTO ad_params (ad_id, name, value) VALUES (100, 'daily_bump', '6');
INSERT INTO ad_params (ad_id, name, value) VALUES (98, 'label', 'new');
INSERT INTO ad_queues (ad_id, action_id, queue, queued_at, locked_by, locked_until) VALUES (136, 1, 'normal', '2018-03-06 15:48:38.537718', NULL, NULL);
SELECT pg_catalog.setval('ads_ad_id_seq', 137, true);
SELECT pg_catalog.setval('pay_code_seq', 478, true);
INSERT INTO pay_log (pay_log_id, pay_type, amount, code, token_id, paid_at, payment_group_id, status) VALUES (231, 'save', 0, '633026231', NULL, '2018-03-06 15:46:21', 175, 'SAVE');
INSERT INTO pay_log (pay_log_id, pay_type, amount, code, token_id, paid_at, payment_group_id, status) VALUES (232, 'verify', 0, '633026231', NULL, '2018-03-06 15:46:21', 175, 'OK');
INSERT INTO pay_log (pay_log_id, pay_type, amount, code, token_id, paid_at, payment_group_id, status) VALUES (233, 'save', 0, '12345', NULL, '2018-03-06 15:47:13', 176, 'SAVE');
INSERT INTO pay_log (pay_log_id, pay_type, amount, code, token_id, paid_at, payment_group_id, status) VALUES (234, 'paycard_save', 0, '12345', NULL, '2018-03-06 15:47:28', 176, 'SAVE');
INSERT INTO pay_log (pay_log_id, pay_type, amount, code, token_id, paid_at, payment_group_id, status) VALUES (235, 'paycard', 11950, '00176a', NULL, '2018-03-06 15:47:28', 176, 'OK');
INSERT INTO pay_log (pay_log_id, pay_type, amount, code, token_id, paid_at, payment_group_id, status) VALUES (236, 'paycard', 11950, '12345', NULL, '2018-03-06 15:47:28', 176, 'OK');
INSERT INTO pay_log (pay_log_id, pay_type, amount, code, token_id, paid_at, payment_group_id, status) VALUES (237, 'save', 0, '768418254', NULL, '2018-03-06 15:48:39', 177, 'SAVE');
INSERT INTO pay_log (pay_log_id, pay_type, amount, code, token_id, paid_at, payment_group_id, status) VALUES (238, 'verify', 0, '768418254', NULL, '2018-03-06 15:48:39', 177, 'OK');
INSERT INTO pay_log (pay_log_id, pay_type, amount, code, token_id, paid_at, payment_group_id, status) VALUES (239, 'save', 0, '65432', NULL, '2018-03-06 15:48:50', 178, 'SAVE');
INSERT INTO pay_log (pay_log_id, pay_type, amount, code, token_id, paid_at, payment_group_id, status) VALUES (240, 'paycard_save', 0, '65432', NULL, '2018-03-06 15:51:08', 178, 'SAVE');
INSERT INTO pay_log (pay_log_id, pay_type, amount, code, token_id, paid_at, payment_group_id, status) VALUES (241, 'paycard', 11950, '00178a', NULL, '2018-03-06 15:51:08', 178, 'OK');
INSERT INTO pay_log (pay_log_id, pay_type, amount, code, token_id, paid_at, payment_group_id, status) VALUES (242, 'paycard', 11950, '65432', NULL, '2018-03-06 15:51:08', 178, 'OK');
INSERT INTO pay_log (pay_log_id, pay_type, amount, code, token_id, paid_at, payment_group_id, status) VALUES (243, 'save', 0, '903810277', NULL, '2018-03-06 15:53:33', 179, 'SAVE');
INSERT INTO pay_log (pay_log_id, pay_type, amount, code, token_id, paid_at, payment_group_id, status) VALUES (244, 'verify', 0, '903810277', NULL, '2018-03-06 15:53:33', 179, 'OK');
INSERT INTO pay_log (pay_log_id, pay_type, amount, code, token_id, paid_at, payment_group_id, status) VALUES (245, 'save', 0, '32323', NULL, '2018-03-06 15:55:10', 180, 'SAVE');
INSERT INTO pay_log (pay_log_id, pay_type, amount, code, token_id, paid_at, payment_group_id, status) VALUES (246, 'paycard_save', 0, '32323', NULL, '2018-03-06 15:55:21', 180, 'SAVE');
INSERT INTO pay_log (pay_log_id, pay_type, amount, code, token_id, paid_at, payment_group_id, status) VALUES (247, 'paycard', 21500, '00180a', NULL, '2018-03-06 15:55:21', 180, 'OK');
INSERT INTO pay_log (pay_log_id, pay_type, amount, code, token_id, paid_at, payment_group_id, status) VALUES (248, 'paycard', 21500, '32323', NULL, '2018-03-06 15:55:21', 180, 'OK');
INSERT INTO pay_log (pay_log_id, pay_type, amount, code, token_id, paid_at, payment_group_id, status) VALUES (249, 'save', 0, '90001', NULL, '2018-03-06 15:58:06', 182, 'SAVE');
INSERT INTO pay_log (pay_log_id, pay_type, amount, code, token_id, paid_at, payment_group_id, status) VALUES (250, 'save', 0, '90002', NULL, '2018-03-06 15:58:06', 183, 'SAVE');
INSERT INTO pay_log (pay_log_id, pay_type, amount, code, token_id, paid_at, payment_group_id, status) VALUES (251, 'paycard_save', 0, '54545', NULL, '2018-03-06 15:58:18', 181, 'SAVE');
INSERT INTO pay_log (pay_log_id, pay_type, amount, code, token_id, paid_at, payment_group_id, status) VALUES (252, 'paycard', 1050, '00182a', NULL, '2018-03-06 15:58:18', 182, 'OK');
INSERT INTO pay_log (pay_log_id, pay_type, amount, code, token_id, paid_at, payment_group_id, status) VALUES (253, 'paycard', 2000, '00183a', NULL, '2018-03-06 15:58:18', 183, 'OK');
INSERT INTO pay_log (pay_log_id, pay_type, amount, code, token_id, paid_at, payment_group_id, status) VALUES (254, 'paycard', 3050, '54545', NULL, '2018-03-06 15:58:18', 181, 'OK');
INSERT INTO pay_log (pay_log_id, pay_type, amount, code, token_id, paid_at, payment_group_id, status) VALUES (255, 'save', 0, '90004', NULL, '2018-03-06 16:13:50', 185, 'SAVE');
INSERT INTO pay_log (pay_log_id, pay_type, amount, code, token_id, paid_at, payment_group_id, status) VALUES (256, 'save', 0, '90005', NULL, '2018-03-06 16:13:50', 186, 'SAVE');
INSERT INTO pay_log (pay_log_id, pay_type, amount, code, token_id, paid_at, payment_group_id, status) VALUES (257, 'save', 0, '90006', NULL, '2018-03-06 16:13:50', 187, 'SAVE');
INSERT INTO pay_log (pay_log_id, pay_type, amount, code, token_id, paid_at, payment_group_id, status) VALUES (258, 'save', 0, '90007', NULL, '2018-03-06 16:13:50', 188, 'SAVE');
INSERT INTO pay_log (pay_log_id, pay_type, amount, code, token_id, paid_at, payment_group_id, status) VALUES (259, 'paycard_save', 0, '90003', NULL, '2018-03-06 16:13:58', 184, 'SAVE');
INSERT INTO pay_log (pay_log_id, pay_type, amount, code, token_id, paid_at, payment_group_id, status) VALUES (260, 'paycard', 1050, '00185a', NULL, '2018-03-06 16:13:58', 185, 'OK');
INSERT INTO pay_log (pay_log_id, pay_type, amount, code, token_id, paid_at, payment_group_id, status) VALUES (261, 'paycard', 2950, '00186a', NULL, '2018-03-06 16:13:58', 186, 'OK');
INSERT INTO pay_log (pay_log_id, pay_type, amount, code, token_id, paid_at, payment_group_id, status) VALUES (262, 'paycard', 4750, '00187a', NULL, '2018-03-06 16:13:58', 187, 'OK');
INSERT INTO pay_log (pay_log_id, pay_type, amount, code, token_id, paid_at, payment_group_id, status) VALUES (263, 'paycard', 2000, '00188a', NULL, '2018-03-06 16:13:58', 188, 'OK');
INSERT INTO pay_log (pay_log_id, pay_type, amount, code, token_id, paid_at, payment_group_id, status) VALUES (264, 'paycard', 10750, '90003', NULL, '2018-03-06 16:13:58', 184, 'OK');
INSERT INTO pay_log (pay_log_id, pay_type, amount, code, token_id, paid_at, payment_group_id, status) VALUES (265, 'save', 0, '90009', NULL, '2018-03-06 16:17:01', 190, 'SAVE');
INSERT INTO pay_log (pay_log_id, pay_type, amount, code, token_id, paid_at, payment_group_id, status) VALUES (266, 'save', 0, '90010', NULL, '2018-03-06 16:17:01', 191, 'SAVE');
INSERT INTO pay_log (pay_log_id, pay_type, amount, code, token_id, paid_at, payment_group_id, status) VALUES (267, 'save', 0, '90011', NULL, '2018-03-06 16:17:01', 192, 'SAVE');
INSERT INTO pay_log (pay_log_id, pay_type, amount, code, token_id, paid_at, payment_group_id, status) VALUES (268, 'paycard_save', 0, '90008', NULL, '2018-03-06 16:17:09', 189, 'SAVE');
INSERT INTO pay_log (pay_log_id, pay_type, amount, code, token_id, paid_at, payment_group_id, status) VALUES (269, 'paycard', 1050, '00190a', NULL, '2018-03-06 16:17:09', 190, 'OK');
INSERT INTO pay_log (pay_log_id, pay_type, amount, code, token_id, paid_at, payment_group_id, status) VALUES (270, 'paycard', 2000, '00191a', NULL, '2018-03-06 16:17:09', 191, 'OK');
INSERT INTO pay_log (pay_log_id, pay_type, amount, code, token_id, paid_at, payment_group_id, status) VALUES (271, 'paycard', 1050, '00192a', NULL, '2018-03-06 16:17:09', 192, 'OK');
INSERT INTO pay_log (pay_log_id, pay_type, amount, code, token_id, paid_at, payment_group_id, status) VALUES (272, 'paycard', 4100, '90008', NULL, '2018-03-06 16:17:09', 189, 'OK');
INSERT INTO pay_log (pay_log_id, pay_type, amount, code, token_id, paid_at, payment_group_id, status) VALUES (273, 'save', 0, '90012', NULL, '2018-03-06 16:27:28', 193, 'SAVE');
INSERT INTO pay_log (pay_log_id, pay_type, amount, code, token_id, paid_at, payment_group_id, status) VALUES (274, 'save', 0, '90013', NULL, '2018-03-06 16:28:13', 194, 'SAVE');
INSERT INTO pay_log (pay_log_id, pay_type, amount, code, token_id, paid_at, payment_group_id, status) VALUES (275, 'paycard_save', 0, '90013', NULL, '2018-03-06 16:28:35', 194, 'SAVE');
INSERT INTO pay_log (pay_log_id, pay_type, amount, code, token_id, paid_at, payment_group_id, status) VALUES (276, 'paycard', 2000, '00194a', NULL, '2018-03-06 16:28:35', 194, 'OK');
INSERT INTO pay_log (pay_log_id, pay_type, amount, code, token_id, paid_at, payment_group_id, status) VALUES (277, 'paycard', 2000, '90013', NULL, '2018-03-06 16:28:35', 194, 'OK');
INSERT INTO pay_log (pay_log_id, pay_type, amount, code, token_id, paid_at, payment_group_id, status) VALUES (278, 'save', 0, '90015', NULL, '2018-03-07 11:51:06', 196, 'SAVE');
INSERT INTO pay_log (pay_log_id, pay_type, amount, code, token_id, paid_at, payment_group_id, status) VALUES (279, 'save', 0, '90016', NULL, '2018-03-07 11:51:06', 197, 'SAVE');
INSERT INTO pay_log (pay_log_id, pay_type, amount, code, token_id, paid_at, payment_group_id, status) VALUES (280, 'save', 0, '90017', NULL, '2018-03-07 11:51:06', 198, 'SAVE');
INSERT INTO pay_log (pay_log_id, pay_type, amount, code, token_id, paid_at, payment_group_id, status) VALUES (281, 'save', 0, '90018', NULL, '2018-03-07 11:51:06', 199, 'SAVE');
INSERT INTO pay_log (pay_log_id, pay_type, amount, code, token_id, paid_at, payment_group_id, status) VALUES (282, 'paycard_save', 0, '90014', NULL, '2018-03-07 11:52:21', 195, 'SAVE');
INSERT INTO pay_log (pay_log_id, pay_type, amount, code, token_id, paid_at, payment_group_id, status) VALUES (283, 'paycard', 1050, '00196a', NULL, '2018-03-07 11:52:21', 196, 'OK');
INSERT INTO pay_log (pay_log_id, pay_type, amount, code, token_id, paid_at, payment_group_id, status) VALUES (284, 'paycard', 1050, '00197a', NULL, '2018-03-07 11:52:21', 197, 'OK');
INSERT INTO pay_log (pay_log_id, pay_type, amount, code, token_id, paid_at, payment_group_id, status) VALUES (285, 'paycard', 1050, '00198a', NULL, '2018-03-07 11:52:21', 198, 'OK');
INSERT INTO pay_log (pay_log_id, pay_type, amount, code, token_id, paid_at, payment_group_id, status) VALUES (286, 'paycard', 4750, '00199a', NULL, '2018-03-07 11:52:21', 199, 'OK');
INSERT INTO pay_log (pay_log_id, pay_type, amount, code, token_id, paid_at, payment_group_id, status) VALUES (287, 'paycard', 7900, '90014', NULL, '2018-03-07 11:52:21', 195, 'OK');
INSERT INTO pay_log (pay_log_id, pay_type, amount, code, token_id, paid_at, payment_group_id, status) VALUES (288, 'save', 0, '90020', NULL, '2018-03-07 12:02:22', 201, 'SAVE');
INSERT INTO pay_log (pay_log_id, pay_type, amount, code, token_id, paid_at, payment_group_id, status) VALUES (289, 'save', 0, '90021', NULL, '2018-03-07 12:02:22', 202, 'SAVE');
INSERT INTO pay_log (pay_log_id, pay_type, amount, code, token_id, paid_at, payment_group_id, status) VALUES (290, 'save', 0, '90022', NULL, '2018-03-07 12:02:22', 203, 'SAVE');
INSERT INTO pay_log (pay_log_id, pay_type, amount, code, token_id, paid_at, payment_group_id, status) VALUES (291, 'save', 0, '90023', NULL, '2018-03-07 12:02:22', 204, 'SAVE');
INSERT INTO pay_log (pay_log_id, pay_type, amount, code, token_id, paid_at, payment_group_id, status) VALUES (292, 'save', 0, '90024', NULL, '2018-03-07 12:02:22', 205, 'SAVE');
INSERT INTO pay_log (pay_log_id, pay_type, amount, code, token_id, paid_at, payment_group_id, status) VALUES (293, 'save', 0, '90025', NULL, '2018-03-07 12:02:22', 206, 'SAVE');
INSERT INTO pay_log (pay_log_id, pay_type, amount, code, token_id, paid_at, payment_group_id, status) VALUES (294, 'paycard_save', 0, '90019', NULL, '2018-03-07 12:03:11', 200, 'SAVE');
INSERT INTO pay_log (pay_log_id, pay_type, amount, code, token_id, paid_at, payment_group_id, status) VALUES (295, 'paycard', 1050, '00201a', NULL, '2018-03-07 12:03:11', 201, 'OK');
INSERT INTO pay_log (pay_log_id, pay_type, amount, code, token_id, paid_at, payment_group_id, status) VALUES (296, 'paycard', 1050, '00202a', NULL, '2018-03-07 12:03:11', 202, 'OK');
INSERT INTO pay_log (pay_log_id, pay_type, amount, code, token_id, paid_at, payment_group_id, status) VALUES (297, 'paycard', 1050, '00203a', NULL, '2018-03-07 12:03:11', 203, 'OK');
INSERT INTO pay_log (pay_log_id, pay_type, amount, code, token_id, paid_at, payment_group_id, status) VALUES (298, 'paycard', 1050, '00204a', NULL, '2018-03-07 12:03:11', 204, 'OK');
INSERT INTO pay_log (pay_log_id, pay_type, amount, code, token_id, paid_at, payment_group_id, status) VALUES (299, 'paycard', 2000, '00205a', NULL, '2018-03-07 12:03:11', 205, 'OK');
INSERT INTO pay_log (pay_log_id, pay_type, amount, code, token_id, paid_at, payment_group_id, status) VALUES (300, 'paycard', 4750, '00206a', NULL, '2018-03-07 12:03:11', 206, 'OK');
INSERT INTO pay_log (pay_log_id, pay_type, amount, code, token_id, paid_at, payment_group_id, status) VALUES (301, 'paycard', 10950, '90019', NULL, '2018-03-07 12:03:11', 200, 'OK');
SELECT pg_catalog.setval('pay_log_pay_log_id_seq', 301, true);
INSERT INTO pay_log_references (pay_log_id, ref_num, ref_type, reference) VALUES (231, 0, 'adphone', '987654321');
INSERT INTO pay_log_references (pay_log_id, ref_num, ref_type, reference) VALUES (231, 1, 'remote_addr', '10.0.10.145');
INSERT INTO pay_log_references (pay_log_id, ref_num, ref_type, reference) VALUES (232, 0, 'remote_addr', '10.0.10.145');
INSERT INTO pay_log_references (pay_log_id, ref_num, ref_type, reference) VALUES (233, 0, 'remote_addr', '10.0.10.145');
INSERT INTO pay_log_references (pay_log_id, ref_num, ref_type, reference) VALUES (234, 0, 'auth_code', '06725616');
INSERT INTO pay_log_references (pay_log_id, ref_num, ref_type, reference) VALUES (234, 1, 'trans_date', '');
INSERT INTO pay_log_references (pay_log_id, ref_num, ref_type, reference) VALUES (234, 2, 'placements_type', '');
INSERT INTO pay_log_references (pay_log_id, ref_num, ref_type, reference) VALUES (234, 3, 'placements_number', '');
INSERT INTO pay_log_references (pay_log_id, ref_num, ref_type, reference) VALUES (234, 4, 'pay_type', '');
INSERT INTO pay_log_references (pay_log_id, ref_num, ref_type, reference) VALUES (234, 5, 'external_response', '1');
INSERT INTO pay_log_references (pay_log_id, ref_num, ref_type, reference) VALUES (234, 6, 'external_id', '');
INSERT INTO pay_log_references (pay_log_id, ref_num, ref_type, reference) VALUES (234, 7, 'cc_number', '');
INSERT INTO pay_log_references (pay_log_id, ref_num, ref_type, reference) VALUES (234, 8, 'remote_addr', '0.0.0.0');
INSERT INTO pay_log_references (pay_log_id, ref_num, ref_type, reference) VALUES (235, 0, 'webpay', '1');
INSERT INTO pay_log_references (pay_log_id, ref_num, ref_type, reference) VALUES (235, 1, 'webpay', '1');
INSERT INTO pay_log_references (pay_log_id, ref_num, ref_type, reference) VALUES (237, 0, 'adphone', '987654321');
INSERT INTO pay_log_references (pay_log_id, ref_num, ref_type, reference) VALUES (237, 1, 'remote_addr', '10.0.10.145');
INSERT INTO pay_log_references (pay_log_id, ref_num, ref_type, reference) VALUES (238, 0, 'remote_addr', '10.0.10.145');
INSERT INTO pay_log_references (pay_log_id, ref_num, ref_type, reference) VALUES (239, 0, 'remote_addr', '10.0.10.145');
INSERT INTO pay_log_references (pay_log_id, ref_num, ref_type, reference) VALUES (240, 0, 'auth_code', '6s74kqui7wei');
INSERT INTO pay_log_references (pay_log_id, ref_num, ref_type, reference) VALUES (240, 1, 'trans_date', '');
INSERT INTO pay_log_references (pay_log_id, ref_num, ref_type, reference) VALUES (240, 2, 'placements_type', 'VN');
INSERT INTO pay_log_references (pay_log_id, ref_num, ref_type, reference) VALUES (240, 3, 'placements_number', '');
INSERT INTO pay_log_references (pay_log_id, ref_num, ref_type, reference) VALUES (240, 4, 'pay_type', 'credit');
INSERT INTO pay_log_references (pay_log_id, ref_num, ref_type, reference) VALUES (240, 5, 'external_response', '1');
INSERT INTO pay_log_references (pay_log_id, ref_num, ref_type, reference) VALUES (240, 6, 'external_id', '');
INSERT INTO pay_log_references (pay_log_id, ref_num, ref_type, reference) VALUES (240, 7, 'cc_number', '');
INSERT INTO pay_log_references (pay_log_id, ref_num, ref_type, reference) VALUES (240, 8, 'remote_addr', '0.0.0.0');
INSERT INTO pay_log_references (pay_log_id, ref_num, ref_type, reference) VALUES (241, 0, 'webpay', '1');
INSERT INTO pay_log_references (pay_log_id, ref_num, ref_type, reference) VALUES (241, 1, 'webpay', '1');
INSERT INTO pay_log_references (pay_log_id, ref_num, ref_type, reference) VALUES (243, 0, 'adphone', '987654321');
INSERT INTO pay_log_references (pay_log_id, ref_num, ref_type, reference) VALUES (243, 1, 'remote_addr', '10.0.10.145');
INSERT INTO pay_log_references (pay_log_id, ref_num, ref_type, reference) VALUES (244, 0, 'remote_addr', '10.0.10.145');
INSERT INTO pay_log_references (pay_log_id, ref_num, ref_type, reference) VALUES (245, 0, 'remote_addr', '10.0.10.145');
INSERT INTO pay_log_references (pay_log_id, ref_num, ref_type, reference) VALUES (246, 0, 'auth_code', '6pove5vb80t6');
INSERT INTO pay_log_references (pay_log_id, ref_num, ref_type, reference) VALUES (246, 1, 'trans_date', '');
INSERT INTO pay_log_references (pay_log_id, ref_num, ref_type, reference) VALUES (246, 2, 'placements_type', 'VN');
INSERT INTO pay_log_references (pay_log_id, ref_num, ref_type, reference) VALUES (246, 3, 'placements_number', '');
INSERT INTO pay_log_references (pay_log_id, ref_num, ref_type, reference) VALUES (246, 4, 'pay_type', 'credit');
INSERT INTO pay_log_references (pay_log_id, ref_num, ref_type, reference) VALUES (246, 5, 'external_response', '1');
INSERT INTO pay_log_references (pay_log_id, ref_num, ref_type, reference) VALUES (246, 6, 'external_id', '');
INSERT INTO pay_log_references (pay_log_id, ref_num, ref_type, reference) VALUES (246, 7, 'cc_number', '');
INSERT INTO pay_log_references (pay_log_id, ref_num, ref_type, reference) VALUES (246, 8, 'remote_addr', '0.0.0.0');
INSERT INTO pay_log_references (pay_log_id, ref_num, ref_type, reference) VALUES (247, 0, 'webpay', '1');
INSERT INTO pay_log_references (pay_log_id, ref_num, ref_type, reference) VALUES (247, 1, 'webpay', '1');
INSERT INTO pay_log_references (pay_log_id, ref_num, ref_type, reference) VALUES (249, 0, 'remote_addr', '10.0.10.145');
INSERT INTO pay_log_references (pay_log_id, ref_num, ref_type, reference) VALUES (250, 0, 'remote_addr', '10.0.10.145');
INSERT INTO pay_log_references (pay_log_id, ref_num, ref_type, reference) VALUES (251, 0, 'auth_code', '2vs39oxysx4p');
INSERT INTO pay_log_references (pay_log_id, ref_num, ref_type, reference) VALUES (251, 1, 'trans_date', '');
INSERT INTO pay_log_references (pay_log_id, ref_num, ref_type, reference) VALUES (251, 2, 'placements_type', 'VN');
INSERT INTO pay_log_references (pay_log_id, ref_num, ref_type, reference) VALUES (251, 3, 'placements_number', '');
INSERT INTO pay_log_references (pay_log_id, ref_num, ref_type, reference) VALUES (251, 4, 'pay_type', 'credit');
INSERT INTO pay_log_references (pay_log_id, ref_num, ref_type, reference) VALUES (251, 5, 'external_response', '1');
INSERT INTO pay_log_references (pay_log_id, ref_num, ref_type, reference) VALUES (251, 6, 'external_id', '');
INSERT INTO pay_log_references (pay_log_id, ref_num, ref_type, reference) VALUES (251, 7, 'cc_number', '');
INSERT INTO pay_log_references (pay_log_id, ref_num, ref_type, reference) VALUES (251, 8, 'remote_addr', '0.0.0.0');
INSERT INTO pay_log_references (pay_log_id, ref_num, ref_type, reference) VALUES (252, 0, 'webpay', '1');
INSERT INTO pay_log_references (pay_log_id, ref_num, ref_type, reference) VALUES (252, 1, 'webpay', '1');
INSERT INTO pay_log_references (pay_log_id, ref_num, ref_type, reference) VALUES (253, 0, 'webpay', '1');
INSERT INTO pay_log_references (pay_log_id, ref_num, ref_type, reference) VALUES (253, 1, 'webpay', '1');
INSERT INTO pay_log_references (pay_log_id, ref_num, ref_type, reference) VALUES (255, 0, 'remote_addr', '10.0.10.145');
INSERT INTO pay_log_references (pay_log_id, ref_num, ref_type, reference) VALUES (256, 0, 'remote_addr', '10.0.10.145');
INSERT INTO pay_log_references (pay_log_id, ref_num, ref_type, reference) VALUES (257, 0, 'remote_addr', '10.0.10.145');
INSERT INTO pay_log_references (pay_log_id, ref_num, ref_type, reference) VALUES (258, 0, 'remote_addr', '10.0.10.145');
INSERT INTO pay_log_references (pay_log_id, ref_num, ref_type, reference) VALUES (259, 0, 'auth_code', '808678');
INSERT INTO pay_log_references (pay_log_id, ref_num, ref_type, reference) VALUES (259, 1, 'trans_date', '06/03/2018 16:13:57');
INSERT INTO pay_log_references (pay_log_id, ref_num, ref_type, reference) VALUES (259, 2, 'placements_type', 'VN');
INSERT INTO pay_log_references (pay_log_id, ref_num, ref_type, reference) VALUES (259, 3, 'placements_number', '1');
INSERT INTO pay_log_references (pay_log_id, ref_num, ref_type, reference) VALUES (259, 4, 'pay_type', 'credit');
INSERT INTO pay_log_references (pay_log_id, ref_num, ref_type, reference) VALUES (259, 5, 'external_response', '0');
INSERT INTO pay_log_references (pay_log_id, ref_num, ref_type, reference) VALUES (259, 6, 'external_id', '96720654223724172876');
INSERT INTO pay_log_references (pay_log_id, ref_num, ref_type, reference) VALUES (259, 7, 'cc_number', '9969');
INSERT INTO pay_log_references (pay_log_id, ref_num, ref_type, reference) VALUES (259, 8, 'remote_addr', '10.0.1.74');
INSERT INTO pay_log_references (pay_log_id, ref_num, ref_type, reference) VALUES (260, 0, 'webpay', '1');
INSERT INTO pay_log_references (pay_log_id, ref_num, ref_type, reference) VALUES (260, 1, 'webpay', '1');
INSERT INTO pay_log_references (pay_log_id, ref_num, ref_type, reference) VALUES (261, 0, 'webpay', '1');
INSERT INTO pay_log_references (pay_log_id, ref_num, ref_type, reference) VALUES (261, 1, 'webpay', '1');
INSERT INTO pay_log_references (pay_log_id, ref_num, ref_type, reference) VALUES (262, 0, 'webpay', '1');
INSERT INTO pay_log_references (pay_log_id, ref_num, ref_type, reference) VALUES (262, 1, 'webpay', '1');
INSERT INTO pay_log_references (pay_log_id, ref_num, ref_type, reference) VALUES (263, 0, 'webpay', '1');
INSERT INTO pay_log_references (pay_log_id, ref_num, ref_type, reference) VALUES (263, 1, 'webpay', '1');
INSERT INTO pay_log_references (pay_log_id, ref_num, ref_type, reference) VALUES (265, 0, 'remote_addr', '10.0.10.145');
INSERT INTO pay_log_references (pay_log_id, ref_num, ref_type, reference) VALUES (266, 0, 'remote_addr', '10.0.10.145');
INSERT INTO pay_log_references (pay_log_id, ref_num, ref_type, reference) VALUES (267, 0, 'remote_addr', '10.0.10.145');
INSERT INTO pay_log_references (pay_log_id, ref_num, ref_type, reference) VALUES (268, 0, 'auth_code', '249883');
INSERT INTO pay_log_references (pay_log_id, ref_num, ref_type, reference) VALUES (268, 1, 'trans_date', '06/03/2018 16:17:09');
INSERT INTO pay_log_references (pay_log_id, ref_num, ref_type, reference) VALUES (268, 2, 'placements_type', 'VN');
INSERT INTO pay_log_references (pay_log_id, ref_num, ref_type, reference) VALUES (268, 3, 'placements_number', '1');
INSERT INTO pay_log_references (pay_log_id, ref_num, ref_type, reference) VALUES (268, 4, 'pay_type', 'credit');
INSERT INTO pay_log_references (pay_log_id, ref_num, ref_type, reference) VALUES (268, 5, 'external_response', '0');
INSERT INTO pay_log_references (pay_log_id, ref_num, ref_type, reference) VALUES (268, 6, 'external_id', '50928022747156611289');
INSERT INTO pay_log_references (pay_log_id, ref_num, ref_type, reference) VALUES (268, 7, 'cc_number', '8822');
INSERT INTO pay_log_references (pay_log_id, ref_num, ref_type, reference) VALUES (268, 8, 'remote_addr', '10.0.1.74');
INSERT INTO pay_log_references (pay_log_id, ref_num, ref_type, reference) VALUES (269, 0, 'webpay', '1');
INSERT INTO pay_log_references (pay_log_id, ref_num, ref_type, reference) VALUES (269, 1, 'webpay', '1');
INSERT INTO pay_log_references (pay_log_id, ref_num, ref_type, reference) VALUES (270, 0, 'webpay', '1');
INSERT INTO pay_log_references (pay_log_id, ref_num, ref_type, reference) VALUES (270, 1, 'webpay', '1');
INSERT INTO pay_log_references (pay_log_id, ref_num, ref_type, reference) VALUES (271, 0, 'webpay', '1');
INSERT INTO pay_log_references (pay_log_id, ref_num, ref_type, reference) VALUES (271, 1, 'webpay', '1');
INSERT INTO pay_log_references (pay_log_id, ref_num, ref_type, reference) VALUES (273, 0, 'remote_addr', '10.0.10.145');
INSERT INTO pay_log_references (pay_log_id, ref_num, ref_type, reference) VALUES (274, 0, 'remote_addr', '10.0.10.145');
INSERT INTO pay_log_references (pay_log_id, ref_num, ref_type, reference) VALUES (275, 0, 'auth_code', '405253');
INSERT INTO pay_log_references (pay_log_id, ref_num, ref_type, reference) VALUES (275, 1, 'trans_date', '36/20/2018 16:28:34');
INSERT INTO pay_log_references (pay_log_id, ref_num, ref_type, reference) VALUES (275, 2, 'placements_type', 'VN');
INSERT INTO pay_log_references (pay_log_id, ref_num, ref_type, reference) VALUES (275, 3, 'placements_number', '1');
INSERT INTO pay_log_references (pay_log_id, ref_num, ref_type, reference) VALUES (275, 4, 'pay_type', 'credit');
INSERT INTO pay_log_references (pay_log_id, ref_num, ref_type, reference) VALUES (275, 5, 'external_response', '0');
INSERT INTO pay_log_references (pay_log_id, ref_num, ref_type, reference) VALUES (275, 6, 'external_id', '');
INSERT INTO pay_log_references (pay_log_id, ref_num, ref_type, reference) VALUES (275, 7, 'cc_number', '3909');
INSERT INTO pay_log_references (pay_log_id, ref_num, ref_type, reference) VALUES (275, 8, 'remote_addr', '10.0.10.145');
INSERT INTO pay_log_references (pay_log_id, ref_num, ref_type, reference) VALUES (276, 0, 'webpay', '1');
INSERT INTO pay_log_references (pay_log_id, ref_num, ref_type, reference) VALUES (276, 1, 'webpay', '1');
INSERT INTO pay_log_references (pay_log_id, ref_num, ref_type, reference) VALUES (278, 0, 'remote_addr', '10.0.10.145');
INSERT INTO pay_log_references (pay_log_id, ref_num, ref_type, reference) VALUES (279, 0, 'remote_addr', '10.0.10.145');
INSERT INTO pay_log_references (pay_log_id, ref_num, ref_type, reference) VALUES (280, 0, 'remote_addr', '10.0.10.145');
INSERT INTO pay_log_references (pay_log_id, ref_num, ref_type, reference) VALUES (281, 0, 'remote_addr', '10.0.10.145');
INSERT INTO pay_log_references (pay_log_id, ref_num, ref_type, reference) VALUES (282, 0, 'auth_code', '811626');
INSERT INTO pay_log_references (pay_log_id, ref_num, ref_type, reference) VALUES (282, 1, 'trans_date', '07/03/2018 11:52:21');
INSERT INTO pay_log_references (pay_log_id, ref_num, ref_type, reference) VALUES (282, 2, 'placements_type', 'VD');
INSERT INTO pay_log_references (pay_log_id, ref_num, ref_type, reference) VALUES (282, 3, 'placements_number', '1');
INSERT INTO pay_log_references (pay_log_id, ref_num, ref_type, reference) VALUES (282, 4, 'pay_type', 'debit');
INSERT INTO pay_log_references (pay_log_id, ref_num, ref_type, reference) VALUES (282, 5, 'external_response', '0');
INSERT INTO pay_log_references (pay_log_id, ref_num, ref_type, reference) VALUES (282, 6, 'external_id', '88380569328957419856');
INSERT INTO pay_log_references (pay_log_id, ref_num, ref_type, reference) VALUES (282, 7, 'cc_number', '6214');
INSERT INTO pay_log_references (pay_log_id, ref_num, ref_type, reference) VALUES (282, 8, 'remote_addr', '10.0.1.74');
INSERT INTO pay_log_references (pay_log_id, ref_num, ref_type, reference) VALUES (283, 0, 'webpay', '1');
INSERT INTO pay_log_references (pay_log_id, ref_num, ref_type, reference) VALUES (283, 1, 'webpay', '1');
INSERT INTO pay_log_references (pay_log_id, ref_num, ref_type, reference) VALUES (284, 0, 'webpay', '1');
INSERT INTO pay_log_references (pay_log_id, ref_num, ref_type, reference) VALUES (284, 1, 'webpay', '1');
INSERT INTO pay_log_references (pay_log_id, ref_num, ref_type, reference) VALUES (285, 0, 'webpay', '1');
INSERT INTO pay_log_references (pay_log_id, ref_num, ref_type, reference) VALUES (285, 1, 'webpay', '1');
INSERT INTO pay_log_references (pay_log_id, ref_num, ref_type, reference) VALUES (286, 0, 'webpay', '1');
INSERT INTO pay_log_references (pay_log_id, ref_num, ref_type, reference) VALUES (286, 1, 'webpay', '1');
INSERT INTO pay_log_references (pay_log_id, ref_num, ref_type, reference) VALUES (288, 0, 'remote_addr', '10.0.10.145');
INSERT INTO pay_log_references (pay_log_id, ref_num, ref_type, reference) VALUES (289, 0, 'remote_addr', '10.0.10.145');
INSERT INTO pay_log_references (pay_log_id, ref_num, ref_type, reference) VALUES (290, 0, 'remote_addr', '10.0.10.145');
INSERT INTO pay_log_references (pay_log_id, ref_num, ref_type, reference) VALUES (291, 0, 'remote_addr', '10.0.10.145');
INSERT INTO pay_log_references (pay_log_id, ref_num, ref_type, reference) VALUES (292, 0, 'remote_addr', '10.0.10.145');
INSERT INTO pay_log_references (pay_log_id, ref_num, ref_type, reference) VALUES (293, 0, 'remote_addr', '10.0.10.145');
INSERT INTO pay_log_references (pay_log_id, ref_num, ref_type, reference) VALUES (294, 0, 'auth_code', '210363');
INSERT INTO pay_log_references (pay_log_id, ref_num, ref_type, reference) VALUES (294, 1, 'trans_date', '37/20/2018 12:38:38');
INSERT INTO pay_log_references (pay_log_id, ref_num, ref_type, reference) VALUES (294, 2, 'placements_type', 'VN');
INSERT INTO pay_log_references (pay_log_id, ref_num, ref_type, reference) VALUES (294, 3, 'placements_number', '1');
INSERT INTO pay_log_references (pay_log_id, ref_num, ref_type, reference) VALUES (294, 4, 'pay_type', 'credit');
INSERT INTO pay_log_references (pay_log_id, ref_num, ref_type, reference) VALUES (294, 5, 'external_response', '0');
INSERT INTO pay_log_references (pay_log_id, ref_num, ref_type, reference) VALUES (294, 6, 'external_id', '');
INSERT INTO pay_log_references (pay_log_id, ref_num, ref_type, reference) VALUES (294, 7, 'cc_number', '8066');
INSERT INTO pay_log_references (pay_log_id, ref_num, ref_type, reference) VALUES (294, 8, 'remote_addr', '10.0.10.145');
INSERT INTO pay_log_references (pay_log_id, ref_num, ref_type, reference) VALUES (295, 0, 'webpay', '1');
INSERT INTO pay_log_references (pay_log_id, ref_num, ref_type, reference) VALUES (295, 1, 'webpay', '1');
INSERT INTO pay_log_references (pay_log_id, ref_num, ref_type, reference) VALUES (296, 0, 'webpay', '1');
INSERT INTO pay_log_references (pay_log_id, ref_num, ref_type, reference) VALUES (296, 1, 'webpay', '1');
INSERT INTO pay_log_references (pay_log_id, ref_num, ref_type, reference) VALUES (297, 0, 'webpay', '1');
INSERT INTO pay_log_references (pay_log_id, ref_num, ref_type, reference) VALUES (297, 1, 'webpay', '1');
INSERT INTO pay_log_references (pay_log_id, ref_num, ref_type, reference) VALUES (298, 0, 'webpay', '1');
INSERT INTO pay_log_references (pay_log_id, ref_num, ref_type, reference) VALUES (298, 1, 'webpay', '1');
INSERT INTO pay_log_references (pay_log_id, ref_num, ref_type, reference) VALUES (299, 0, 'webpay', '1');
INSERT INTO pay_log_references (pay_log_id, ref_num, ref_type, reference) VALUES (299, 1, 'webpay', '1');
INSERT INTO pay_log_references (pay_log_id, ref_num, ref_type, reference) VALUES (300, 0, 'webpay', '1');
INSERT INTO pay_log_references (pay_log_id, ref_num, ref_type, reference) VALUES (300, 1, 'webpay', '1');
SELECT pg_catalog.setval('payment_groups_payment_group_id_seq', 206, true);
INSERT INTO payments (payment_group_id, payment_type, pay_amount, discount) VALUES (175, 'ad_action', 0, 0);
INSERT INTO payments (payment_group_id, payment_type, pay_amount, discount) VALUES (176, 'upselling_standard_inmo', 11950, 0);
INSERT INTO payments (payment_group_id, payment_type, pay_amount, discount) VALUES (177, 'ad_action', 0, 0);
INSERT INTO payments (payment_group_id, payment_type, pay_amount, discount) VALUES (178, 'upselling_standard_inmo', 11950, 0);
INSERT INTO payments (payment_group_id, payment_type, pay_amount, discount) VALUES (179, 'ad_action', 0, 0);
INSERT INTO payments (payment_group_id, payment_type, pay_amount, discount) VALUES (180, 'upselling_advanced_inmo', 21500, 0);
INSERT INTO payments (payment_group_id, payment_type, pay_amount, discount) VALUES (182, 'bump', 1050, 0);
INSERT INTO payments (payment_group_id, payment_type, pay_amount, discount) VALUES (183, 'label', 2000, 0);
INSERT INTO payments (payment_group_id, payment_type, pay_amount, discount) VALUES (185, 'bump', 1050, 0);
INSERT INTO payments (payment_group_id, payment_type, pay_amount, discount) VALUES (186, 'weekly_bump', 2950, 0);
INSERT INTO payments (payment_group_id, payment_type, pay_amount, discount) VALUES (187, 'daily_bump', 4750, 0);
INSERT INTO payments (payment_group_id, payment_type, pay_amount, discount) VALUES (188, 'label', 2000, 0);
INSERT INTO payments (payment_group_id, payment_type, pay_amount, discount) VALUES (190, 'bump', 1050, 0);
INSERT INTO payments (payment_group_id, payment_type, pay_amount, discount) VALUES (191, 'label', 2000, 0);
INSERT INTO payments (payment_group_id, payment_type, pay_amount, discount) VALUES (192, 'bump', 1050, 0);
INSERT INTO payments (payment_group_id, payment_type, pay_amount, discount) VALUES (193, 'label', 2000, 0);
INSERT INTO payments (payment_group_id, payment_type, pay_amount, discount) VALUES (194, 'label', 2000, 0);
INSERT INTO payments (payment_group_id, payment_type, pay_amount, discount) VALUES (196, 'bump', 1050, 0);
INSERT INTO payments (payment_group_id, payment_type, pay_amount, discount) VALUES (197, 'bump', 1050, 0);
INSERT INTO payments (payment_group_id, payment_type, pay_amount, discount) VALUES (198, 'bump', 1050, 0);
INSERT INTO payments (payment_group_id, payment_type, pay_amount, discount) VALUES (199, 'daily_bump', 4750, 0);
INSERT INTO payments (payment_group_id, payment_type, pay_amount, discount) VALUES (201, 'bump', 1050, 0);
INSERT INTO payments (payment_group_id, payment_type, pay_amount, discount) VALUES (202, 'bump', 1050, 0);
INSERT INTO payments (payment_group_id, payment_type, pay_amount, discount) VALUES (203, 'bump', 1050, 0);
INSERT INTO payments (payment_group_id, payment_type, pay_amount, discount) VALUES (204, 'bump', 1050, 0);
INSERT INTO payments (payment_group_id, payment_type, pay_amount, discount) VALUES (205, 'label', 2000, 0);
INSERT INTO payments (payment_group_id, payment_type, pay_amount, discount) VALUES (206, 'daily_bump', 4750, 0);

INSERT INTO purchase VALUES (2, 'bill', 1, 1001, 'confirmed', '2018-03-06 15:47:13.472953', NULL, NULL, NULL, NULL, NULL, NULL, NULL, NULL, 'many@ads.cl', 0, 0, NULL, 11950, 176, 'servipag', 'desktop', 6);
INSERT INTO purchase VALUES (3, 'bill', 2, 1002, 'confirmed', '2018-03-06 15:48:50.055663', NULL, NULL, NULL, NULL, NULL, NULL, NULL, NULL, 'many@ads.cl', 0, 0, NULL, 11950, 178, 'khipu', 'desktop', 6);
INSERT INTO purchase VALUES (4, 'bill', 3, 1003, 'confirmed', '2018-03-06 15:55:10.368631', NULL, NULL, NULL, NULL, NULL, NULL, NULL, NULL, 'many@ads.cl', 0, 0, NULL, 21500, 180, 'khipu', 'desktop', 6);
INSERT INTO purchase VALUES (5, 'bill', 4, 1004, 'confirmed', '2018-03-06 15:58:06.188925', NULL, NULL, NULL, NULL, NULL, NULL, NULL, NULL, 'many@ads.cl', 0, 0, NULL, 3050, 181, 'khipu', 'desktop', 6);
INSERT INTO purchase VALUES (8, 'bill', NULL, NULL, 'pending', '2018-03-06 16:27:28.35483', NULL, NULL, NULL, NULL, NULL, NULL, NULL, NULL, 'many@ads.cl', 0, 0, NULL, 2000, 193, 'webpay_plus', 'desktop', 6);
INSERT INTO purchase VALUES (6, 'bill', 5, 1005, 'confirmed', '2018-03-06 16:13:50.186391', NULL, NULL, NULL, NULL, NULL, NULL, NULL, NULL, 'many@ads.cl', 0, 0, NULL, 10750, 184, 'webpay', 'desktop', 6);
INSERT INTO purchase VALUES (7, 'bill', 6, 1006, 'confirmed', '2018-03-06 16:17:00.718296', NULL, NULL, NULL, NULL, NULL, NULL, NULL, NULL, 'many@ads.cl', 0, 0, NULL, 4100, 189, 'webpay', 'desktop', 6);
INSERT INTO purchase VALUES (9, 'bill', 7, 1007, 'confirmed', '2018-03-06 16:28:13.283913', NULL, NULL, NULL, NULL, NULL, NULL, NULL, NULL, 'many@ads.cl', 0, 0, NULL, 2000, 194, 'webpay_plus', 'desktop', 6);
INSERT INTO purchase VALUES (10, 'bill', 8, 1008, 'confirmed', '2018-03-07 11:51:06.17691', NULL, NULL, NULL, NULL, NULL, NULL, NULL, NULL, 'many@ads.cl', 0, 0, NULL, 7900, 195, 'webpay', 'desktop', 6);
INSERT INTO purchase VALUES (11, 'bill', 9, 1009, 'confirmed', '2018-03-07 12:02:22.403789', NULL, NULL, NULL, NULL, NULL, NULL, NULL, NULL, 'many@ads.cl', 0, 0, NULL, 10950, 200, 'webpay_plus', 'desktop', 6);

INSERT INTO purchase_params VALUES (2, 'fail_on_yapo', '1');
INSERT INTO purchase_params VALUES (4, 'fail_on_yapo', '1');
INSERT INTO purchase_params VALUES (5, 'fail_on_yapo', '1');
INSERT INTO purchase_params VALUES (6, 'fail_on_yapo', '1');
INSERT INTO purchase_params VALUES (7, 'fail_on_yapo', '1');
INSERT INTO purchase_params VALUES (9, 'fail_on_yapo', '1');
INSERT INTO purchase_params VALUES (10, 'fail_on_yapo', '1');
INSERT INTO purchase_params VALUES (11, 'fail_on_yapo', '1');

INSERT INTO purchase_detail (purchase_detail_id, purchase_id, product_id, price, action_id, ad_id, payment_group_id) VALUES (2, 2, 1021, 11950, 2, 135, 176);
INSERT INTO purchase_detail (purchase_detail_id, purchase_id, product_id, price, action_id, ad_id, payment_group_id) VALUES (3, 3, 1021, 11950, 2, 136, 178);
INSERT INTO purchase_detail (purchase_detail_id, purchase_id, product_id, price, action_id, ad_id, payment_group_id) VALUES (4, 4, 1022, 21500, 2, 137, 180);
INSERT INTO purchase_detail (purchase_detail_id, purchase_id, product_id, price, action_id, ad_id, payment_group_id) VALUES (5, 5, 1, 1050, 2, 96, 182);
INSERT INTO purchase_detail (purchase_detail_id, purchase_id, product_id, price, action_id, ad_id, payment_group_id) VALUES (6, 5, 9, 2000, 3, 96, 183);
INSERT INTO purchase_detail (purchase_detail_id, purchase_id, product_id, price, action_id, ad_id, payment_group_id) VALUES (7, 6, 1, 1050, 2, 99, 185);
INSERT INTO purchase_detail (purchase_detail_id, purchase_id, product_id, price, action_id, ad_id, payment_group_id) VALUES (8, 6, 2, 2950, 2, 97, 186);
INSERT INTO purchase_detail (purchase_detail_id, purchase_id, product_id, price, action_id, ad_id, payment_group_id) VALUES (9, 6, 8, 4750, 2, 98, 187);
INSERT INTO purchase_detail (purchase_detail_id, purchase_id, product_id, price, action_id, ad_id, payment_group_id) VALUES (10, 6, 9, 2000, 2, 100, 188);
INSERT INTO purchase_detail (purchase_detail_id, purchase_id, product_id, price, action_id, ad_id, payment_group_id) VALUES (11, 7, 1, 1050, 4, 99, 190);
INSERT INTO purchase_detail (purchase_detail_id, purchase_id, product_id, price, action_id, ad_id, payment_group_id) VALUES (12, 7, 9, 2000, 5, 99, 191);
INSERT INTO purchase_detail (purchase_detail_id, purchase_id, product_id, price, action_id, ad_id, payment_group_id) VALUES (13, 7, 1, 1050, 5, 98, 192);
INSERT INTO purchase_detail (purchase_detail_id, purchase_id, product_id, price, action_id, ad_id, payment_group_id) VALUES (14, 8, 9, 2000, 4, 97, 193);
INSERT INTO purchase_detail (purchase_detail_id, purchase_id, product_id, price, action_id, ad_id, payment_group_id) VALUES (15, 9, 9, 2000, 5, 97, 194);
INSERT INTO purchase_detail (purchase_detail_id, purchase_id, product_id, price, action_id, ad_id, payment_group_id) VALUES (16, 10, 1, 1050, 7, 97, 196);
INSERT INTO purchase_detail (purchase_detail_id, purchase_id, product_id, price, action_id, ad_id, payment_group_id) VALUES (17, 10, 1, 1050, 6, 96, 197);
INSERT INTO purchase_detail (purchase_detail_id, purchase_id, product_id, price, action_id, ad_id, payment_group_id) VALUES (18, 10, 1, 1050, 3, 100, 198);
INSERT INTO purchase_detail (purchase_detail_id, purchase_id, product_id, price, action_id, ad_id, payment_group_id) VALUES (19, 10, 8, 4750, 8, 99, 199);
INSERT INTO purchase_detail (purchase_detail_id, purchase_id, product_id, price, action_id, ad_id, payment_group_id) VALUES (20, 11, 1, 1050, 8, 96, 201);
INSERT INTO purchase_detail (purchase_detail_id, purchase_id, product_id, price, action_id, ad_id, payment_group_id) VALUES (21, 11, 1, 1050, 9, 97, 202);
INSERT INTO purchase_detail (purchase_detail_id, purchase_id, product_id, price, action_id, ad_id, payment_group_id) VALUES (22, 11, 1, 1050, 11, 99, 203);
INSERT INTO purchase_detail (purchase_detail_id, purchase_id, product_id, price, action_id, ad_id, payment_group_id) VALUES (23, 11, 1, 1050, 7, 98, 204);
INSERT INTO purchase_detail (purchase_detail_id, purchase_id, product_id, price, action_id, ad_id, payment_group_id) VALUES (24, 11, 9, 2000, 8, 98, 205);
INSERT INTO purchase_detail (purchase_detail_id, purchase_id, product_id, price, action_id, ad_id, payment_group_id) VALUES (25, 11, 8, 4750, 5, 100, 206);
INSERT INTO purchase_detail_params (purchase_detail_id, name, value) VALUES (2, 'error', '{"error":"FAILED_TO_APPLY_PRODUCT_FROM_PURCHASE","status":"TRANS_ERROR"}');
INSERT INTO purchase_detail_params (purchase_detail_id, name, value) VALUES (2, 'error_at', '2018-03-06 15:47:28.22602-03');
INSERT INTO purchase_detail_params (purchase_detail_id, name, value) VALUES (4, 'error', '{"error":"FAILED_TO_APPLY_PRODUCT_FROM_PURCHASE","status":"TRANS_ERROR"}');
INSERT INTO purchase_detail_params (purchase_detail_id, name, value) VALUES (4, 'error_at', '2018-03-06 15:55:20.96201-03');
INSERT INTO purchase_detail_params (purchase_detail_id, name, value) VALUES (6, 'error', '{"ad_id":"ERROR_LABEL_ALREADY_EXISTS_FOR_AD","status":"TRANS_ERROR"}');
INSERT INTO purchase_detail_params (purchase_detail_id, name, value) VALUES (6, 'error_at', '2018-03-06 15:58:18.207378-03');
INSERT INTO purchase_detail_params (purchase_detail_id, name, value) VALUES (9, 'error', '{"ad_id":"ERROR_DAILY_ALREADY_EXISTS_FOR_AD","status":"TRANS_ERROR"}');
INSERT INTO purchase_detail_params (purchase_detail_id, name, value) VALUES (9, 'error_at', '2018-03-06 16:13:58.177271-03');
INSERT INTO purchase_detail_params (purchase_detail_id, name, value) VALUES (12, 'error', '{"ad_id":"ERROR_LABEL_ALREADY_EXISTS_FOR_AD","status":"TRANS_ERROR"}');
INSERT INTO purchase_detail_params (purchase_detail_id, name, value) VALUES (12, 'error_at', '2018-03-06 16:17:09.281793-03');
INSERT INTO purchase_detail_params (purchase_detail_id, name, value) VALUES (15, 'error', '{"ad_id":"ERROR_LABEL_ALREADY_EXISTS_FOR_AD","status":"TRANS_ERROR"}');
INSERT INTO purchase_detail_params (purchase_detail_id, name, value) VALUES (15, 'error_at', '2018-03-06 16:28:35.483719-03');
INSERT INTO purchase_detail_params (purchase_detail_id, name, value) VALUES (19, 'error', '{"ad_id":"ERROR_DAILY_ALREADY_EXISTS_FOR_AD","status":"TRANS_ERROR"}');
INSERT INTO purchase_detail_params (purchase_detail_id, name, value) VALUES (19, 'error_at', '2018-03-07 11:52:21.244525-03');
INSERT INTO purchase_detail_params (purchase_detail_id, name, value) VALUES (25, 'error', '{"ad_id":"ERROR_DAILY_ALREADY_EXISTS_FOR_AD","status":"TRANS_ERROR"}');
INSERT INTO purchase_detail_params (purchase_detail_id, name, value) VALUES (25, 'error_at', '2018-03-07 12:03:10.971677-03');
INSERT INTO purchase_detail_params (purchase_detail_id, name, value) VALUES (24, 'error', '{"ad_id":"ERROR_LABEL_ALREADY_EXISTS_FOR_AD","status":"TRANS_ERROR"}');
INSERT INTO purchase_detail_params (purchase_detail_id, name, value) VALUES (24, 'error_at', '2018-03-07 12:03:10.97662-03');
SELECT pg_catalog.setval('purchase_detail_purchase_detail_id_seq', 25, true);
INSERT INTO purchase_states (purchase_id, purchase_state_id, status, "timestamp", remote_addr) VALUES (2, 1, 'pending', '2018-03-06 15:47:13.472953', '10.0.10.145');
INSERT INTO purchase_states (purchase_id, purchase_state_id, status, "timestamp", remote_addr) VALUES (3, 2, 'pending', '2018-03-06 15:48:50.055663', '10.0.10.145');
INSERT INTO purchase_states (purchase_id, purchase_state_id, status, "timestamp", remote_addr) VALUES (4, 3, 'pending', '2018-03-06 15:55:10.368631', '10.0.10.145');
INSERT INTO purchase_states (purchase_id, purchase_state_id, status, "timestamp", remote_addr) VALUES (5, 4, 'pending', '2018-03-06 15:58:06.188925', '10.0.10.145');
INSERT INTO purchase_states (purchase_id, purchase_state_id, status, "timestamp", remote_addr) VALUES (6, 5, 'pending', '2018-03-06 16:13:50.186391', '10.0.10.145');
INSERT INTO purchase_states (purchase_id, purchase_state_id, status, "timestamp", remote_addr) VALUES (7, 6, 'pending', '2018-03-06 16:17:00.718296', '10.0.10.145');
INSERT INTO purchase_states (purchase_id, purchase_state_id, status, "timestamp", remote_addr) VALUES (8, 7, 'pending', '2018-03-06 16:27:28.35483', '10.0.10.145');
INSERT INTO purchase_states (purchase_id, purchase_state_id, status, "timestamp", remote_addr) VALUES (9, 8, 'pending', '2018-03-06 16:28:13.283913', '10.0.10.145');
INSERT INTO purchase_states (purchase_id, purchase_state_id, status, "timestamp", remote_addr) VALUES (10, 9, 'pending', '2018-03-07 11:51:06.17691', '10.0.10.145');
INSERT INTO purchase_states (purchase_id, purchase_state_id, status, "timestamp", remote_addr) VALUES (11, 10, 'pending', '2018-03-07 12:02:22.403789', '10.0.10.145');
SELECT pg_catalog.setval('purchase_states_purchase_state_id_seq', 10, true);
INSERT INTO review_log (ad_id, action_id, admin_id, review_time, queue, action_type, action, refusal_reason_text, category) VALUES (135, 1, 9, '2018-03-06 15:47:21.839785', 'all', 'new', 'refused', 'Privacidad', 1240);
INSERT INTO review_log (ad_id, action_id, admin_id, review_time, queue, action_type, action, refusal_reason_text, category) VALUES (137, 1, 9, '2018-03-06 15:55:17.321437', 'all', 'new', 'refused', 'Estado de origen', 1240);
INSERT INTO state_params (ad_id, action_id, state_id, name, value) VALUES (135, 1, 748, 'queue', 'normal');
INSERT INTO state_params (ad_id, action_id, state_id, name, value) VALUES (135, 1, 751, 'reason', '33');
INSERT INTO state_params (ad_id, action_id, state_id, name, value) VALUES (135, 1, 751, 'filter_name', 'all');
INSERT INTO state_params (ad_id, action_id, state_id, name, value) VALUES (136, 1, 755, 'queue', 'normal');
INSERT INTO state_params (ad_id, action_id, state_id, name, value) VALUES (137, 1, 761, 'queue', 'normal');
INSERT INTO state_params (ad_id, action_id, state_id, name, value) VALUES (137, 1, 764, 'reason', '27');
INSERT INTO state_params (ad_id, action_id, state_id, name, value) VALUES (137, 1, 764, 'filter_name', 'all');
