INSERT INTO tokens (token_id, token, admin_id, created_at, valid_to, remote_addr, info, store_id, email) VALUES (715, 'X5615318c1b4c0ac00000000027559d9000000000', 9, '2015-10-07 11:51:56.429345', '2015-10-07 11:51:56.536841', '10.0.1.124', 'authenticate', NULL, NULL);
INSERT INTO tokens (token_id, token, admin_id, created_at, valid_to, remote_addr, info, store_id, email) VALUES (716, 'X5615318d6414c2a6000000002822d53a00000000', 9, '2015-10-07 11:51:56.536841', '2015-10-07 11:52:06.069734', '10.0.1.124', 'spamfilter', NULL, NULL);
INSERT INTO tokens (token_id, token, admin_id, created_at, valid_to, remote_addr, info, store_id, email) VALUES (717, 'X56153196ddd1b12000000003e24e2200000000', 9, '2015-10-07 11:52:06.069734', '2015-10-07 11:52:15.160076', '10.0.1.124', 'block_list', NULL, NULL);
INSERT INTO tokens (token_id, token, admin_id, created_at, valid_to, remote_addr, info, store_id, email) VALUES (718, 'X5615319f71e2c4c5000000007c921cd400000000', 9, '2015-10-07 11:52:15.160076', '2015-10-07 11:52:28.219956', '10.0.1.124', 'block_list', NULL, NULL);
INSERT INTO tokens (token_id, token, admin_id, created_at, valid_to, remote_addr, info, store_id, email) VALUES (719, 'X561531ac686699c60000000035d8346b00000000', 9, '2015-10-07 11:52:28.219956', '2015-10-07 11:52:28.31863', '10.0.1.124', 'block_list', NULL, NULL);
INSERT INTO tokens (token_id, token, admin_id, created_at, valid_to, remote_addr, info, store_id, email) VALUES (720, 'X561531ac30c380f50000000047960df600000000', 9, '2015-10-07 11:52:28.31863', '2015-10-07 11:53:02.121413', '10.0.1.124', 'block_list', NULL, NULL);
INSERT INTO tokens (token_id, token, admin_id, created_at, valid_to, remote_addr, info, store_id, email) VALUES (721, 'X561531ce3e09a2d7000000001b4dbd8800000000', 9, '2015-10-07 11:53:02.121413', '2015-10-07 11:53:02.20497', '10.0.1.124', 'block_list', NULL, NULL);
INSERT INTO tokens (token_id, token, admin_id, created_at, valid_to, remote_addr, info, store_id, email) VALUES (722, 'X561531ce777a70ca00000000745d8e0400000000', 9, '2015-10-07 11:53:02.20497', '2015-10-07 11:53:12.18363', '10.0.1.124', 'block_list', NULL, NULL);
INSERT INTO tokens (token_id, token, admin_id, created_at, valid_to, remote_addr, info, store_id, email) VALUES (723, 'X561531d8fa998c4000000005fdf26ad00000000', 9, '2015-10-07 11:53:12.18363', '2015-10-07 11:53:12.261269', '10.0.1.124', 'block_list', NULL, NULL);
INSERT INTO tokens (token_id, token, admin_id, created_at, valid_to, remote_addr, info, store_id, email) VALUES (724, 'X561531d8801fbe7000000004ae05c4c00000000', 9, '2015-10-07 11:53:12.261269', '2015-10-07 11:53:21.293868', '10.0.1.124', 'block_list', NULL, NULL);
INSERT INTO tokens (token_id, token, admin_id, created_at, valid_to, remote_addr, info, store_id, email) VALUES (725, 'X561531e14ec2aa6e0000000039c19dc800000000', 9, '2015-10-07 11:53:21.293868', '2015-10-07 11:53:29.88222', '10.0.1.124', 'block_list', NULL, NULL);
INSERT INTO tokens (token_id, token, admin_id, created_at, valid_to, remote_addr, info, store_id, email) VALUES (726, 'X561531ea3653ba9c00000000ea60a2700000000', 9, '2015-10-07 11:53:29.88222', '2015-10-07 11:53:29.889416', '10.0.1.124', 'blocked_item', NULL, NULL);
INSERT INTO tokens (token_id, token, admin_id, created_at, valid_to, remote_addr, info, store_id, email) VALUES (727, 'X561531ea3ae4e1fb000000005d5f208c00000000', 9, '2015-10-07 11:53:29.889416', '2015-10-07 11:53:40.127682', '10.0.1.124', 'block_list', NULL, NULL);
INSERT INTO tokens (token_id, token, admin_id, created_at, valid_to, remote_addr, info, store_id, email) VALUES (728, 'X561531f4408492c90000000043002cbb00000000', 9, '2015-10-07 11:53:40.127682', '2015-10-07 11:53:40.132576', '10.0.1.124', 'blocked_item', NULL, NULL);
INSERT INTO tokens (token_id, token, admin_id, created_at, valid_to, remote_addr, info, store_id, email) VALUES (729, 'X561531f439e25ad8000000006c00dec800000000', 9, '2015-10-07 11:53:40.132576', '2015-10-07 11:53:52.200152', '10.0.1.124', 'block_list', NULL, NULL);
INSERT INTO tokens (token_id, token, admin_id, created_at, valid_to, remote_addr, info, store_id, email) VALUES (730, 'X5615320021c37d6d00000000827ac1d00000000', 9, '2015-10-07 11:53:52.200152', '2015-10-07 11:53:54.993657', '10.0.1.124', 'spamfilter', NULL, NULL);
INSERT INTO tokens (token_id, token, admin_id, created_at, valid_to, remote_addr, info, store_id, email) VALUES (731, 'X5615320375d2298200000000178fc5bf00000000', 9, '2015-10-07 11:53:54.993657', '2015-10-07 11:54:02.990073', '10.0.1.124', 'block_list', NULL, NULL);
INSERT INTO tokens (token_id, token, admin_id, created_at, valid_to, remote_addr, info, store_id, email) VALUES (732, 'X5615320b48f6723b00000000164a401100000000', 9, '2015-10-07 11:54:02.990073', '2015-10-07 11:54:18.171917', '10.0.1.124', 'block_list', NULL, NULL);
INSERT INTO tokens (token_id, token, admin_id, created_at, valid_to, remote_addr, info, store_id, email) VALUES (733, 'X5615321a46f4f618000000005949c2cb00000000', 9, '2015-10-07 11:54:18.171917', '2015-10-07 11:54:18.176921', '10.0.1.124', 'blocked_item', NULL, NULL);
INSERT INTO tokens (token_id, token, admin_id, created_at, valid_to, remote_addr, info, store_id, email) VALUES (734, 'X5615321a5ccb9ced000000001484ef6000000000', 9, '2015-10-07 11:54:18.176921', '2015-10-07 11:54:24.735955', '10.0.1.124', 'block_list', NULL, NULL);
INSERT INTO tokens (token_id, token, admin_id, created_at, valid_to, remote_addr, info, store_id, email) VALUES (735, 'X561532217a115eb9000000005009ee5200000000', 9, '2015-10-07 11:54:24.735955', '2015-10-07 11:54:24.740839', '10.0.1.124', 'blocked_item', NULL, NULL);
INSERT INTO tokens (token_id, token, admin_id, created_at, valid_to, remote_addr, info, store_id, email) VALUES (736, 'X5615322159bce050000000007d7eac3b00000000', 9, '2015-10-07 11:54:24.740839', '2015-10-07 11:54:29.205828', '10.0.1.124', 'block_list', NULL, NULL);
INSERT INTO tokens (token_id, token, admin_id, created_at, valid_to, remote_addr, info, store_id, email) VALUES (737, 'X561532257e8bc94b000000004aed521f00000000', 9, '2015-10-07 11:54:29.205828', '2015-10-07 11:54:35.779083', '10.0.1.124', 'block_list', NULL, NULL);
INSERT INTO tokens (token_id, token, admin_id, created_at, valid_to, remote_addr, info, store_id, email) VALUES (738, 'X5615322c2485b6f400000000501a79fa00000000', 9, '2015-10-07 11:54:35.779083', '2015-10-07 11:54:35.782557', '10.0.1.124', 'block_list', NULL, NULL);
INSERT INTO tokens (token_id, token, admin_id, created_at, valid_to, remote_addr, info, store_id, email) VALUES (739, 'X5615322c32ad0ace00000000497996800000000', 9, '2015-10-07 11:54:35.782557', '2015-10-07 11:54:43.956861', '10.0.1.124', 'blocked_item', NULL, NULL);
INSERT INTO tokens (token_id, token, admin_id, created_at, valid_to, remote_addr, info, store_id, email) VALUES (740, 'X561532341098098f000000007038483f00000000', 9, '2015-10-07 11:54:43.956861', '2015-10-07 11:54:43.962818', '10.0.1.124', 'blocked_item', NULL, NULL);
INSERT INTO tokens (token_id, token, admin_id, created_at, valid_to, remote_addr, info, store_id, email) VALUES (741, 'X561532341a9c92bb00000000573ef69a00000000', 9, '2015-10-07 11:54:43.962818', '2015-10-07 11:54:43.967029', '10.0.1.124', 'block_list', NULL, NULL);
INSERT INTO tokens (token_id, token, admin_id, created_at, valid_to, remote_addr, info, store_id, email) VALUES (742, 'X561532342ffdf59e0000000070a648a100000000', 9, '2015-10-07 11:54:43.967029', '2015-10-07 11:54:47.643048', '10.0.1.124', 'blocked_item', NULL, NULL);
INSERT INTO tokens (token_id, token, admin_id, created_at, valid_to, remote_addr, info, store_id, email) VALUES (743, 'X56153238260f25ec00000000158cc98000000000', 9, '2015-10-07 11:54:47.643048', '2015-10-07 11:54:49.341276', '10.0.1.124', 'block_rule', NULL, NULL);
INSERT INTO tokens (token_id, token, admin_id, created_at, valid_to, remote_addr, info, store_id, email) VALUES (744, 'X5615323953838a4400000000180903b500000000', 9, '2015-10-07 11:54:49.341276', '2015-10-07 11:55:57.372767', '10.0.1.124', 'block_list', NULL, NULL);
INSERT INTO tokens (token_id, token, admin_id, created_at, valid_to, remote_addr, info, store_id, email) VALUES (745, 'X5615327d4b2e1f6e00000000558722f600000000', 9, '2015-10-07 11:55:57.372767', '2015-10-07 11:55:57.458479', '10.0.1.124', 'block_rule', NULL, NULL);
INSERT INTO tokens (token_id, token, admin_id, created_at, valid_to, remote_addr, info, store_id, email) VALUES (746, 'X5615327d76e60d89000000004ad457c500000000', 9, '2015-10-07 11:55:57.458479', '2015-10-07 11:56:02.102048', '10.0.1.124', 'block_rule', NULL, NULL);
INSERT INTO tokens (token_id, token, admin_id, created_at, valid_to, remote_addr, info, store_id, email) VALUES (747, 'X5615328226a85f0d000000004f9da88100000000', 9, '2015-10-07 11:56:02.102048', '2015-10-07 11:56:31.631888', '10.0.1.124', 'block_list', NULL, NULL);
INSERT INTO tokens (token_id, token, admin_id, created_at, valid_to, remote_addr, info, store_id, email) VALUES (748, 'X561532a05f7bc1430000000046275d5500000000', 9, '2015-10-07 11:56:31.631888', '2015-10-07 11:56:31.708881', '10.0.1.124', 'block_rule', NULL, NULL);
INSERT INTO tokens (token_id, token, admin_id, created_at, valid_to, remote_addr, info, store_id, email) VALUES (749, 'X561532a05e93854200000000151b665d00000000', 9, '2015-10-07 11:56:31.708881', '2015-10-07 11:56:38.086672', '10.0.1.124', 'block_rule', NULL, NULL);
INSERT INTO tokens (token_id, token, admin_id, created_at, valid_to, remote_addr, info, store_id, email) VALUES (750, 'X561532a6683c4cd7000000007b2d118f00000000', 9, '2015-10-07 11:56:38.086672', '2015-10-07 11:56:42.777344', '10.0.1.124', 'block_rule', NULL, NULL);
INSERT INTO tokens (token_id, token, admin_id, created_at, valid_to, remote_addr, info, store_id, email) VALUES (751, 'X561532ab69b957ca000000002854f63600000000', 9, '2015-10-07 11:56:42.777344', '2015-10-07 11:56:43.912897', '10.0.1.124', 'block_rule', NULL, NULL);
INSERT INTO tokens (token_id, token, admin_id, created_at, valid_to, remote_addr, info, store_id, email) VALUES (752, 'X561532ac27325aa20000000074f4453d00000000', 9, '2015-10-07 11:56:43.912897', '2015-10-07 11:57:25.206968', '10.0.1.124', 'block_list', NULL, NULL);
INSERT INTO tokens (token_id, token, admin_id, created_at, valid_to, remote_addr, info, store_id, email) VALUES (753, 'X561532d53269036900000000520c15b200000000', 9, '2015-10-07 11:57:25.206968', '2015-10-07 11:57:25.273799', '10.0.1.124', 'block_rule', NULL, NULL);
INSERT INTO tokens (token_id, token, admin_id, created_at, valid_to, remote_addr, info, store_id, email) VALUES (754, 'X561532d52c516c3800000000504c395100000000', 9, '2015-10-07 11:57:25.273799', '2015-10-07 11:57:28.211698', '10.0.1.124', 'block_rule', NULL, NULL);
INSERT INTO tokens (token_id, token, admin_id, created_at, valid_to, remote_addr, info, store_id, email) VALUES (755, 'X561532d843b4b9b0000000006a3e66ca00000000', 9, '2015-10-07 11:57:28.211698', '2015-10-07 12:57:28.211698', '10.0.1.124', 'spamfilter', NULL, NULL);
INSERT INTO block_lists (list_id, list_name, base_list, list_type, ignore) VALUES (100, 'mails to abuse', false, 'email', NULL);
INSERT INTO block_lists (list_id, list_name, base_list, list_type, ignore) VALUES (101, 'palabras prohibidas', false, 'general', NULL);
INSERT INTO block_lists (list_id, list_name, base_list, list_type, ignore) VALUES (102, 'categorias to autoaccept', false, 'category', NULL);
SELECT pg_catalog.setval('block_lists_list_id_seq', 102, true);
INSERT INTO block_rules (rule_id, rule_name, action, application, combine_rule, count_yesterday, count_today, count_date, target) VALUES (100, 'palabras prohibidas', 'move_to_queue', 'clear', 'and', 0, 0, '2015-10-07', 'abuse');
INSERT INTO block_rules (rule_id, rule_name, action, application, combine_rule, count_yesterday, count_today, count_date, target) VALUES (101, 'mails to abuse', 'move_to_queue', 'clear', 'and', 0, 0, '2015-10-07', 'abuse');
INSERT INTO block_rules (rule_id, rule_name, action, application, combine_rule, count_yesterday, count_today, count_date, target) VALUES (102, 'categorias to autoaccept', 'move_to_queue', 'clear', 'and', 0, 0, '2015-10-07', 'autoaccept');
INSERT INTO block_rule_conditions (condition_id, rule_id, list_id, whole_word, fields) VALUES (20, 100, 101, 0, '{name,subject}');
INSERT INTO block_rule_conditions (condition_id, rule_id, list_id, whole_word, fields) VALUES (21, 101, 100, 0, '{email}');
INSERT INTO block_rule_conditions (condition_id, rule_id, list_id, whole_word, fields) VALUES (22, 102, 102, 0, '{category}');
SELECT pg_catalog.setval('block_rule_conditions_condition_id_seq', 22, true);
SELECT pg_catalog.setval('block_rules_rule_id_seq', 102, true);
INSERT INTO blocked_items (item_id, value, list_id, notice, token_id) VALUES (22, 'conchetumare', 101, 'ordi', 725);
INSERT INTO blocked_items (item_id, value, list_id, notice, token_id) VALUES (23, 'perkin', 101, 'ordi', 727);
INSERT INTO blocked_items (item_id, value, list_id, notice, token_id) VALUES (24, 'mail_1@falso.cl', 100, 'falseador', 732);
INSERT INTO blocked_items (item_id, value, list_id, notice, token_id) VALUES (25, 'mail_2@falso.cl', 100, 'falseador', 734);
INSERT INTO blocked_items (item_id, value, list_id, notice, token_id) VALUES (26, '5020', 102, NULL, 739);
INSERT INTO blocked_items (item_id, value, list_id, notice, token_id) VALUES (27, '5040', 102, NULL, 739);
INSERT INTO blocked_items (item_id, value, list_id, notice, token_id) VALUES (28, '5060', 102, NULL, 739);
INSERT INTO blocked_items (item_id, value, list_id, notice, token_id) VALUES (29, '5160', 102, NULL, 739);
SELECT pg_catalog.setval('blocked_items_item_id_seq', 29, true);
INSERT INTO event_log (event_id, event_name, event, token_id, "time") VALUES (9, 'block_list', 'INSERT list mails to abuse (email)', 718, '2015-10-07 11:52:28.222394');
INSERT INTO event_log (event_id, event_name, event, token_id, "time") VALUES (10, 'block_list', 'INSERT list palabras prohibidas (general)', 720, '2015-10-07 11:53:02.123166');
INSERT INTO event_log (event_id, event_name, event, token_id, "time") VALUES (11, 'block_list', 'INSERT list categorias to autoaccept (category)', 722, '2015-10-07 11:53:12.18517');
INSERT INTO event_log (event_id, event_name, event, token_id, "time") VALUES (12, 'blocked_item', 'INSERT blocked_item conchetumare, 101, "ordi"', 725, '2015-10-07 11:53:29.883978');
INSERT INTO event_log (event_id, event_name, event, token_id, "time") VALUES (13, 'blocked_item', 'INSERT blocked_item perkin, 101, "ordi"', 727, '2015-10-07 11:53:40.129325');
INSERT INTO event_log (event_id, event_name, event, token_id, "time") VALUES (14, 'blocked_item', 'INSERT blocked_item mail_1@falso.cl, 100, "falseador"', 732, '2015-10-07 11:54:18.173543');
INSERT INTO event_log (event_id, event_name, event, token_id, "time") VALUES (15, 'blocked_item', 'INSERT blocked_item mail_2@falso.cl, 100, "falseador"', 734, '2015-10-07 11:54:24.737757');
INSERT INTO event_log (event_id, event_name, event, token_id, "time") VALUES (16, 'blocked_item', 'UPDATE set_categories: 102', 739, '2015-10-07 11:54:43.959161');
INSERT INTO event_log (event_id, event_name, event, token_id, "time") VALUES (17, 'block_rule', 'INSERT Rule: palabras prohibidas', 744, '2015-10-07 11:55:57.382764');
INSERT INTO event_log (event_id, event_name, event, token_id, "time") VALUES (18, 'block_rule', 'INSERT Rule: mails to abuse', 747, '2015-10-07 11:56:31.634802');
INSERT INTO event_log (event_id, event_name, event, token_id, "time") VALUES (19, 'block_rule', 'INSERT Rule: categorias to autoaccept', 752, '2015-10-07 11:57:25.20856');
SELECT pg_catalog.setval('event_log_event_id_seq', 19, true);
SELECT pg_catalog.setval('tokens_token_id_seq', 755, true);

--Change all passwords to 123123123
update ads set salted_passwd =  E'$1024$2y1bQ}VYRD}zF4QCbf07a971b784888658a20e62156de64dfde5ffb6', passwd = null;
update accounts set salted_passwd =  E'$1024$2y1bQ}VYRD}zF4QCbf07a971b784888658a20e62156de64dfde5ffb6';
