INSERT INTO users (user_id, uid, email, account, paid_total) VALUES (63, 55, 'cuentaproinmosinpack@yapo.cl', 0, 0);
INSERT INTO accounts (account_id, name, rut, email, phone, is_company, region, salted_passwd, creation_date, activation_date, status, address, contact, lob, commune, user_id, phone_hidden, gender, birthdate) VALUES (11, 'cuentaproinmo', '', 'cuentaproinmosinpack@yapo.cl', '965986532', true, 1, '$1024$,H#%Sj4KkGOc''[ [28238d25487bf667da19db6511d502c572ec138e', '2017-07-19 13:22:29.909302', '2017-07-19 13:22:56.046943', 'active', NULL, NULL, NULL, 1, 63, false, 'male', NULL);
INSERT INTO tokens (token_id, token, admin_id, created_at, valid_to, remote_addr, info, store_id, email) VALUES (767, 'X596f95a5f1bd5730000000040da4a3200000000', 9, '2017-07-19 13:23:48.608596', '2017-07-19 13:23:48.973922', '10.0.1.41', 'authenticate', NULL, NULL);
INSERT INTO tokens (token_id, token, admin_id, created_at, valid_to, remote_addr, info, store_id, email) VALUES (768, 'X596f95a5473219cf00000000318967a100000000', 9, '2017-07-19 13:23:48.973922', '2017-07-19 13:24:20.291203', '10.0.1.41', 'spamfilter', NULL, NULL);
INSERT INTO tokens (token_id, token, admin_id, created_at, valid_to, remote_addr, info, store_id, email) VALUES (769, 'X596f95c4cde58d8000000003af1c6300000000', 9, '2017-07-19 13:24:20.291203', '2017-07-19 13:25:40.347492', '10.0.1.41', 'accounts_change_pro_status', NULL, NULL);
INSERT INTO tokens (token_id, token, admin_id, created_at, valid_to, remote_addr, info, store_id, email) VALUES (770, 'X596f9614518880d8000000004c3bf7a000000000', 9, '2017-07-19 13:25:40.347492', '2017-07-19 13:25:53.759137', '10.0.1.41', 'spamfilter', NULL, NULL);
INSERT INTO tokens (token_id, token, admin_id, created_at, valid_to, remote_addr, info, store_id, email) VALUES (771, 'X596f962247bb1ca200000000166bbe2d00000000', 9, '2017-07-19 13:25:53.759137', '2017-07-19 13:25:57.188451', '10.0.1.41', 'listadmins', NULL, NULL);
INSERT INTO tokens (token_id, token, admin_id, created_at, valid_to, remote_addr, info, store_id, email) VALUES (772, 'X596f9625ead1d100000000039419e3800000000', 9, '2017-07-19 13:25:57.188451', '2017-07-19 14:25:57.188451', '10.0.1.41', 'listadmins', NULL, NULL);
INSERT INTO tokens (token_id, token, admin_id, created_at, valid_to, remote_addr, info, store_id, email) VALUES (773, 'X5970bdb6a63f071000000001b35990200000000', 23, '2017-07-20 10:27:01.948499', '2017-07-20 10:27:02.011049', '10.0.1.74', 'authenticate', NULL, NULL);
INSERT INTO tokens (token_id, token, admin_id, created_at, valid_to, remote_addr, info, store_id, email) VALUES (774, 'X5970bdb64e7c981e000000004c49ed7f00000000', 23, '2017-07-20 10:27:02.011049', '2017-07-20 10:27:02.169117', '10.0.1.74', 'spamfilter', NULL, NULL);
INSERT INTO tokens (token_id, token, admin_id, created_at, valid_to, remote_addr, info, store_id, email) VALUES (775, 'X5970bdb615f7785000000007f7e2e0b00000000', 23, '2017-07-20 10:27:02.169117', '2017-07-20 10:27:02.309695', '10.0.1.74', 'spamfilter', NULL, NULL);
INSERT INTO tokens (token_id, token, admin_id, created_at, valid_to, remote_addr, info, store_id, email) VALUES (776, 'X5970bdb644ee785d0000000061df997500000000', 23, '2017-07-20 10:27:02.309695', '2017-07-20 10:27:02.513807', '10.0.1.74', 'spamfilter', NULL, NULL);
INSERT INTO tokens (token_id, token, admin_id, created_at, valid_to, remote_addr, info, store_id, email) VALUES (777, 'X5970bdb729914b63000000003f5a7b9c00000000', 23, '2017-07-20 10:27:02.513807', '2017-07-20 10:27:03.114156', '10.0.1.74', 'listadmins', NULL, NULL);
INSERT INTO tokens (token_id, token, admin_id, created_at, valid_to, remote_addr, info, store_id, email) VALUES (778, 'X5970bdb742ef3f0b0000000030ed81cd00000000', 23, '2017-07-20 10:27:03.114156', '2017-07-20 10:27:03.12147', '10.0.1.74', 'listadmins', NULL, NULL);
INSERT INTO tokens (token_id, token, admin_id, created_at, valid_to, remote_addr, info, store_id, email) VALUES (779, 'X5970bdb7635e48e5000000001a9fb2ee00000000', 23, '2017-07-20 10:27:03.12147', '2017-07-20 10:27:03.51741', '10.0.1.74', 'search_ads', NULL, NULL);
INSERT INTO tokens (token_id, token, admin_id, created_at, valid_to, remote_addr, info, store_id, email) VALUES (780, 'X5970bdb82b7eb7ef0000000012885d9800000000', 23, '2017-07-20 10:27:03.51741', '2017-07-20 10:27:03.524335', '10.0.1.74', 'listadmins', NULL, NULL);
INSERT INTO tokens (token_id, token, admin_id, created_at, valid_to, remote_addr, info, store_id, email) VALUES (781, 'X5970bdb87b39486000000001265dbdf00000000', 23, '2017-07-20 10:27:03.524335', '2017-07-20 10:27:21.650594', '10.0.1.74', 'search_ads', NULL, NULL);
INSERT INTO tokens (token_id, token, admin_id, created_at, valid_to, remote_addr, info, store_id, email) VALUES (782, 'X5970bdca3f8ed7c400000000624619ea00000000', 23, '2017-07-20 10:27:21.650594', '2017-07-20 10:27:21.703743', '10.0.1.74', 'authenticate', NULL, NULL);
INSERT INTO tokens (token_id, token, admin_id, created_at, valid_to, remote_addr, info, store_id, email) VALUES (783, 'X5970bdca7cd34a0000000001b661b3700000000', 23, '2017-07-20 10:27:21.703743', '2017-07-20 10:27:21.865803', '10.0.1.74', 'spamfilter', NULL, NULL);
INSERT INTO tokens (token_id, token, admin_id, created_at, valid_to, remote_addr, info, store_id, email) VALUES (784, 'X5970bdca1c35531d000000004c17939900000000', 23, '2017-07-20 10:27:21.865803', '2017-07-20 10:27:23.856517', '10.0.1.74', 'spamfilter', NULL, NULL);
INSERT INTO tokens (token_id, token, admin_id, created_at, valid_to, remote_addr, info, store_id, email) VALUES (785, 'X5970bdcc4e53b7e7000000003c402ff400000000', 23, '2017-07-20 10:27:23.856517', '2017-07-20 10:27:26.617939', '10.0.1.74', 'pack2if', NULL, NULL);
INSERT INTO tokens (token_id, token, admin_id, created_at, valid_to, remote_addr, info, store_id, email) VALUES (786, 'X5970bdcf69ac3f8b000000002aeafddc00000000', 23, '2017-07-20 10:27:26.617939', '2017-07-20 10:27:26.66865', '10.0.1.74', 'authenticate', NULL, NULL);
INSERT INTO tokens (token_id, token, admin_id, created_at, valid_to, remote_addr, info, store_id, email) VALUES (787, 'X5970bdcf376d3d21000000002f36a3c800000000', 23, '2017-07-20 10:27:26.66865', '2017-07-20 10:27:26.829635', '10.0.1.74', 'spamfilter', NULL, NULL);
INSERT INTO tokens (token_id, token, admin_id, created_at, valid_to, remote_addr, info, store_id, email) VALUES (788, 'X5970bdcf711312240000000024ab91b100000000', 23, '2017-07-20 10:27:26.829635', '2017-07-20 10:27:28.819888', '10.0.1.74', 'spamfilter', NULL, NULL);
INSERT INTO tokens (token_id, token, admin_id, created_at, valid_to, remote_addr, info, store_id, email) VALUES (789, 'X5970bdd171ad6114000000005ccbf87500000000', 23, '2017-07-20 10:27:28.819888', '2017-07-20 10:27:31.285218', '10.0.1.74', 'pack2if', NULL, NULL);
INSERT INTO tokens (token_id, token, admin_id, created_at, valid_to, remote_addr, info, store_id, email) VALUES (790, 'X5970bdd35359abf3000000004595788900000000', 23, '2017-07-20 10:27:31.285218', '2017-07-20 10:27:31.336533', '10.0.1.74', 'authenticate', NULL, NULL);
INSERT INTO tokens (token_id, token, admin_id, created_at, valid_to, remote_addr, info, store_id, email) VALUES (791, 'X5970bdd313e9307000000000ac69ca500000000', 23, '2017-07-20 10:27:31.336533', '2017-07-20 10:27:31.586862', '10.0.1.74', 'spamfilter', NULL, NULL);
INSERT INTO tokens (token_id, token, admin_id, created_at, valid_to, remote_addr, info, store_id, email) VALUES (793, 'X5970bde65721cde60000000032cd888800000000', 24, '2017-07-20 10:27:50.460241', '2017-07-20 10:27:50.508664', '10.0.1.74', 'authenticate', NULL, NULL);
INSERT INTO tokens (token_id, token, admin_id, created_at, valid_to, remote_addr, info, store_id, email) VALUES (794, 'X5970bde79f2d2f8000000006a3ac5a900000000', 24, '2017-07-20 10:27:50.508664', '2017-07-20 10:27:50.661337', '10.0.1.74', 'spamfilter', NULL, NULL);
INSERT INTO tokens (token_id, token, admin_id, created_at, valid_to, remote_addr, info, store_id, email) VALUES (795, 'X5970bde77c7073da0000000014a5d0b500000000', 24, '2017-07-20 10:27:50.661337', '2017-07-20 10:27:53.701119', '10.0.1.74', 'spamfilter', NULL, NULL);
INSERT INTO tokens (token_id, token, admin_id, created_at, valid_to, remote_addr, info, store_id, email) VALUES (796, 'X5970bdea3951626600000000158c037c00000000', 24, '2017-07-20 10:27:53.701119', '2017-07-20 10:27:53.750134', '10.0.1.74', 'authenticate', NULL, NULL);
INSERT INTO tokens (token_id, token, admin_id, created_at, valid_to, remote_addr, info, store_id, email) VALUES (797, 'X5970bdea7396490000000004b2d765800000000', 24, '2017-07-20 10:27:53.750134', '2017-07-20 10:27:53.897449', '10.0.1.74', 'spamfilter', NULL, NULL);
INSERT INTO tokens (token_id, token, admin_id, created_at, valid_to, remote_addr, info, store_id, email) VALUES (798, 'X5970bdea1e87224b000000006802deea00000000', 24, '2017-07-20 10:27:53.897449', '2017-07-20 10:27:54.017697', '10.0.1.74', 'spamfilter', NULL, NULL);
INSERT INTO tokens (token_id, token, admin_id, created_at, valid_to, remote_addr, info, store_id, email) VALUES (799, 'X5970bdea7bec0f5a000000001e4b629400000000', 24, '2017-07-20 10:27:54.017697', '2017-07-20 10:27:54.220035', '10.0.1.74', 'spamfilter', NULL, NULL);
INSERT INTO tokens (token_id, token, admin_id, created_at, valid_to, remote_addr, info, store_id, email) VALUES (800, 'X5970bdea4c49688f000000004bec3bda00000000', 24, '2017-07-20 10:27:54.220035', '2017-07-20 10:27:54.788211', '10.0.1.74', 'listadmins', NULL, NULL);
INSERT INTO tokens (token_id, token, admin_id, created_at, valid_to, remote_addr, info, store_id, email) VALUES (801, 'X5970bdeb230e09c00000000072a9da0a00000000', 24, '2017-07-20 10:27:54.788211', '2017-07-20 10:27:54.79518', '10.0.1.74', 'listadmins', NULL, NULL);
INSERT INTO tokens (token_id, token, admin_id, created_at, valid_to, remote_addr, info, store_id, email) VALUES (802, 'X5970bdeb5ce49fb300000000658aafe600000000', 24, '2017-07-20 10:27:54.79518', '2017-07-20 10:27:55.074674', '10.0.1.74', 'search_ads', NULL, NULL);
INSERT INTO tokens (token_id, token, admin_id, created_at, valid_to, remote_addr, info, store_id, email) VALUES (803, 'X5970bdeb7a30809b0000000058a2bbc900000000', 24, '2017-07-20 10:27:55.074674', '2017-07-20 10:27:55.081566', '10.0.1.74', 'listadmins', NULL, NULL);
INSERT INTO tokens (token_id, token, admin_id, created_at, valid_to, remote_addr, info, store_id, email) VALUES (804, 'X5970bdeb6e2ebf4500000000353a176f00000000', 24, '2017-07-20 10:27:55.081566', '2017-07-20 11:27:55.081566', '10.0.1.74', 'search_ads', NULL, NULL);
INSERT INTO tokens (token_id, token, admin_id, created_at, valid_to, remote_addr, info, store_id, email) VALUES (792, 'X5970bdd42dfe05fb000000005d05975b00000000', 23, '2017-07-20 10:27:31.586862', '2017-07-20 10:28:02.564297', '10.0.1.74', 'spamfilter', NULL, NULL);
INSERT INTO tokens (token_id, token, admin_id, created_at, valid_to, remote_addr, info, store_id, email) VALUES (805, 'X5970bdf3678dc70000000035b4043700000000', 23, '2017-07-20 10:28:02.564297', '2017-07-20 10:28:02.615416', '10.0.1.74', 'authenticate', NULL, NULL);
INSERT INTO tokens (token_id, token, admin_id, created_at, valid_to, remote_addr, info, store_id, email) VALUES (806, 'X5970bdf31db6e321000000004deb430200000000', 23, '2017-07-20 10:28:02.615416', '2017-07-20 10:28:02.778072', '10.0.1.74', 'spamfilter', NULL, NULL);
INSERT INTO tokens (token_id, token, admin_id, created_at, valid_to, remote_addr, info, store_id, email) VALUES (807, 'X5970bdf36c36a5970000000076cbc6300000000', 23, '2017-07-20 10:28:02.778072', '2017-07-20 10:28:04.701495', '10.0.1.74', 'spamfilter', NULL, NULL);
INSERT INTO tokens (token_id, token, admin_id, created_at, valid_to, remote_addr, info, store_id, email) VALUES (808, 'X5970bdf55358f83d0000000028d54a600000000', 23, '2017-07-20 10:28:04.701495', '2017-07-20 10:28:07.032195', '10.0.1.74', 'pack2if', NULL, NULL);
INSERT INTO tokens (token_id, token, admin_id, created_at, valid_to, remote_addr, info, store_id, email) VALUES (809, 'X5970bdf775372eb0000000004b75b6cf00000000', 23, '2017-07-20 10:28:07.032195', '2017-07-20 10:28:07.082565', '10.0.1.74', 'authenticate', NULL, NULL);
INSERT INTO tokens (token_id, token, admin_id, created_at, valid_to, remote_addr, info, store_id, email) VALUES (810, 'X5970bdf7310066b5000000006f72ad6300000000', 23, '2017-07-20 10:28:07.082565', '2017-07-20 10:28:07.231203', '10.0.1.74', 'spamfilter', NULL, NULL);
INSERT INTO tokens (token_id, token, admin_id, created_at, valid_to, remote_addr, info, store_id, email) VALUES (811, 'X5970bdf772497b7e000000005eb2ca5100000000', 23, '2017-07-20 10:28:07.231203', '2017-07-20 10:28:09.156626', '10.0.1.74', 'spamfilter', NULL, NULL);
INSERT INTO tokens (token_id, token, admin_id, created_at, valid_to, remote_addr, info, store_id, email) VALUES (812, 'X5970bdf927eb20b50000000027ad6c5f00000000', 23, '2017-07-20 10:28:09.156626', '2017-07-20 11:28:09.156626', '10.0.1.74', 'pack2if', NULL, NULL);
INSERT INTO account_actions (account_id, account_action_id, account_action_type, "timestamp", token_id) VALUES (11, 1, 'creation', '2017-07-19 13:22:29.909302', NULL);
INSERT INTO account_actions (account_id, account_action_id, account_action_type, "timestamp", token_id) VALUES (11, 2, 'activation', '2017-07-19 13:22:56.046943', NULL);
INSERT INTO account_actions (account_id, account_action_id, account_action_type, "timestamp", token_id) VALUES (11, 3, 'add_pro_category_param', '2017-07-19 13:24:20.293365', 768);
INSERT INTO account_actions (account_id, account_action_id, account_action_type, "timestamp", token_id) VALUES (11, 4, 'edition', '2017-07-19 13:25:27.053756', NULL);
INSERT INTO account_changes (account_id, account_action_id, is_param, column_name, old_value, new_value) VALUES (11, 3, true, 'pack_type', '', 'real_estate');
INSERT INTO account_changes (account_id, account_action_id, is_param, column_name, old_value, new_value) VALUES (11, 3, true, 'is_pro_for', '', '1220,1240');
INSERT INTO account_params (account_id, name, value) VALUES (11, 'source', 'web');
INSERT INTO account_params (account_id, name, value) VALUES (11, 'is_pro_for', '1220,1240');
INSERT INTO account_params (account_id, name, value) VALUES (11, 'pack_type', 'real_estate');
SELECT pg_catalog.setval('accounts_account_id_seq', 11, true);
UPDATE ads set status = 'disabled' WHERE ad_id = 134;
INSERT INTO ads (ad_id, list_id, list_time, status, type, name, phone, region, city, category, user_id, passwd, phone_hidden, no_salesmen, company_ad, subject, body, price, image, infopage, infopage_title, orig_list_time, old_price, store_id, salted_passwd, modified_at, lang) VALUES (136, 8000095, '2017-07-20 10:27:23', 'active', 'sell', 'cuentaprosinpack', '876767877', 15, 0, 2040, 60, NULL, false, false, true, 'Camion sin pack', 'asdeadead', NULL, NULL, NULL, NULL, '2017-07-19 13:19:07', NULL, NULL, '$1024$2y1bQ}VYRD}zF4QCbf07a971b784888658a20e62156de64dfde5ffb6', '2017-07-20 10:27:23.857295', 'es');
INSERT INTO ads (ad_id, list_id, list_time, status, type, name, phone, region, city, category, user_id, passwd, phone_hidden, no_salesmen, company_ad, subject, body, price, image, infopage, infopage_title, orig_list_time, old_price, store_id, salted_passwd, modified_at, lang) VALUES (135, 8000094, '2017-07-20 10:27:28', 'active', 'sell', 'cuentaprosincupos', '998768766', 15, 0, 2040, 61, NULL, false, false, true, 'Camion sin cupo', 'asdasd', 5000, NULL, NULL, NULL, '2017-07-19 13:18:14', NULL, NULL, '$1024$2y1bQ}VYRD}zF4QCbf07a971b784888658a20e62156de64dfde5ffb6', '2017-07-20 10:27:28.820956', 'es');
INSERT INTO ads (ad_id, list_id, list_time, status, type, name, phone, region, city, category, user_id, passwd, phone_hidden, no_salesmen, company_ad, subject, body, price, image, infopage, infopage_title, orig_list_time, old_price, store_id, salted_passwd, modified_at, lang) VALUES (138, 8000097, '2017-07-20 10:28:04', 'active', 'let', 'cuentaproinmo', '965986532', 15, 0, 1240, 63, NULL, false, false, true, 'Pieza pro inmo', 'asdasdsd', 500000, NULL, NULL, NULL, '2017-07-19 13:25:37', NULL, NULL, '$1024$,H#%Sj4KkGOc''[ [28238d25487bf667da19db6511d502c572ec138e', '2017-07-20 10:28:04.702361', 'es');
INSERT INTO ads (ad_id, list_id, list_time, status, type, name, phone, region, city, category, user_id, passwd, phone_hidden, no_salesmen, company_ad, subject, body, price, image, infopage, infopage_title, orig_list_time, old_price, store_id, salted_passwd, modified_at, lang) VALUES (137, 8000096, '2017-07-20 10:28:09', 'active', 'sell', 'prosincuenta', '967678775', 15, 0, 2040, 59, NULL, false, false, false, 'Camion sin cuenta', 'paoekdpokad', 5000000, NULL, NULL, NULL, '2017-07-19 13:20:37', NULL, NULL, '$1024$SrK3juM.k".r*Eafe9262ad33d36166929c43014eece90954874e8c5', '2017-07-20 10:28:09.158489', 'es');
INSERT INTO payment_groups (payment_group_id, code, status, added_at, parent_payment_group_id) VALUES (175, '633026231', 'verified', '2017-07-19 13:18:05.306789', NULL);
INSERT INTO payment_groups (payment_group_id, code, status, added_at, parent_payment_group_id) VALUES (176, '768418254', 'verified', '2017-07-19 13:18:58.503528', NULL);
INSERT INTO payment_groups (payment_group_id, code, status, added_at, parent_payment_group_id) VALUES (177, '903810277', 'verified', '2017-07-19 13:20:26.2237', NULL);
INSERT INTO payment_groups (payment_group_id, code, status, added_at, parent_payment_group_id) VALUES (178, '139202300', 'paid', '2017-07-19 13:25:27.011195', NULL);
INSERT INTO ad_actions (ad_id, action_id, action_type, current_state, state, queue, locked_by, locked_until, payment_group_id) VALUES (134, 2, 'status_change', 747, 'disabled', 'normal', NULL, NULL, NULL);
INSERT INTO ad_actions (ad_id, action_id, action_type, current_state, state, queue, locked_by, locked_until, payment_group_id) VALUES (135, 1, 'new', 751, 'accepted', 'pack', NULL, NULL, 175);
INSERT INTO ad_actions (ad_id, action_id, action_type, current_state, state, queue, locked_by, locked_until, payment_group_id) VALUES (136, 1, 'new', 755, 'accepted', 'pack', NULL, NULL, 176);
INSERT INTO ad_actions (ad_id, action_id, action_type, current_state, state, queue, locked_by, locked_until, payment_group_id) VALUES (137, 1, 'new', 759, 'accepted', 'pack', NULL, NULL, 177);
INSERT INTO ad_actions (ad_id, action_id, action_type, current_state, state, queue, locked_by, locked_until, payment_group_id) VALUES (138, 1, 'new', 763, 'accepted', 'pack', NULL, NULL, 178);
INSERT INTO ad_actions (ad_id, action_id, action_type, current_state, state, queue, locked_by, locked_until, payment_group_id) VALUES (136, 2, 'pack2if', 764, 'accepted', 'normal', NULL, NULL, NULL);
INSERT INTO ad_actions (ad_id, action_id, action_type, current_state, state, queue, locked_by, locked_until, payment_group_id) VALUES (135, 2, 'if_pack_car', 765, 'accepted', 'pack', NULL, NULL, 178);
INSERT INTO ad_actions (ad_id, action_id, action_type, current_state, state, queue, locked_by, locked_until, payment_group_id) VALUES (138, 2, 'pack2if', 766, 'accepted', 'normal', NULL, NULL, NULL);
INSERT INTO ad_actions (ad_id, action_id, action_type, current_state, state, queue, locked_by, locked_until, payment_group_id) VALUES (137, 2, 'pack2if', 767, 'accepted', 'normal', NULL, NULL, NULL);
INSERT INTO action_params (ad_id, action_id, name, value) VALUES (135, 1, 'source', 'web');
INSERT INTO action_params (ad_id, action_id, name, value) VALUES (135, 1, 'redir', 'dW5rbm93bg==');
INSERT INTO action_params (ad_id, action_id, name, value) VALUES (135, 1, 'pack_result', '2');
INSERT INTO action_params (ad_id, action_id, name, value) VALUES (136, 1, 'source', 'web');
INSERT INTO action_params (ad_id, action_id, name, value) VALUES (136, 1, 'redir', 'dW5rbm93bg==');
INSERT INTO action_params (ad_id, action_id, name, value) VALUES (136, 1, 'pack_result', '3');
INSERT INTO action_params (ad_id, action_id, name, value) VALUES (137, 1, 'source', 'web');
INSERT INTO action_params (ad_id, action_id, name, value) VALUES (137, 1, 'redir', 'dW5rbm93bg==');
INSERT INTO action_params (ad_id, action_id, name, value) VALUES (137, 1, 'pack_result', '1');
INSERT INTO action_params (ad_id, action_id, name, value) VALUES (138, 1, 'source', 'web');
INSERT INTO action_params (ad_id, action_id, name, value) VALUES (138, 1, 'redir', 'dW5rbm93bg==');
INSERT INTO action_params (ad_id, action_id, name, value) VALUES (138, 1, 'pack_result', '3');
INSERT INTO action_params (ad_id, action_id, name, value) VALUES (136, 2, 'service_order', '123');
INSERT INTO action_params (ad_id, action_id, name, value) VALUES (136, 2, 'service_amount', '123');
INSERT INTO action_params (ad_id, action_id, name, value) VALUES (135, 2, 'service_order', '123');
INSERT INTO action_params (ad_id, action_id, name, value) VALUES (135, 2, 'service_amount', '123');
INSERT INTO action_params (ad_id, action_id, name, value) VALUES (137, 2, 'service_order', '123');
INSERT INTO action_params (ad_id, action_id, name, value) VALUES (137, 2, 'service_amount', '123');
INSERT INTO action_states (ad_id, action_id, state_id, state, transition, "timestamp", remote_addr, token_id) VALUES (134, 2, 746, 'reg', 'initial', '2017-07-19 13:17:12.588843', '10.0.1.41', NULL);
INSERT INTO action_states (ad_id, action_id, state_id, state, transition, "timestamp", remote_addr, token_id) VALUES (134, 2, 747, 'disabled', 'status_change', '2017-07-19 13:17:12.588843', '10.0.1.41', NULL);
INSERT INTO action_states (ad_id, action_id, state_id, state, transition, "timestamp", remote_addr, token_id) VALUES (135, 1, 748, 'reg', 'initial', '2017-07-19 13:18:05.306789', '10.0.1.41', NULL);
INSERT INTO action_states (ad_id, action_id, state_id, state, transition, "timestamp", remote_addr, token_id) VALUES (135, 1, 749, 'unverified', 'verifymail', '2017-07-19 13:18:05.306789', '10.0.1.41', NULL);
INSERT INTO action_states (ad_id, action_id, state_id, state, transition, "timestamp", remote_addr, token_id) VALUES (135, 1, 750, 'pending_review', 'verify', '2017-07-19 13:18:05.498174', '10.0.1.41', NULL);
INSERT INTO action_states (ad_id, action_id, state_id, state, transition, "timestamp", remote_addr, token_id) VALUES (135, 1, 751, 'accepted', 'accept', '2017-07-19 13:18:14.632241', '10.0.1.41', NULL);
INSERT INTO action_states (ad_id, action_id, state_id, state, transition, "timestamp", remote_addr, token_id) VALUES (136, 1, 752, 'reg', 'initial', '2017-07-19 13:18:58.503528', '10.0.1.41', NULL);
INSERT INTO action_states (ad_id, action_id, state_id, state, transition, "timestamp", remote_addr, token_id) VALUES (136, 1, 753, 'unverified', 'verifymail', '2017-07-19 13:18:58.503528', '10.0.1.41', NULL);
INSERT INTO action_states (ad_id, action_id, state_id, state, transition, "timestamp", remote_addr, token_id) VALUES (136, 1, 754, 'pending_review', 'verify', '2017-07-19 13:18:58.579566', '10.0.1.41', NULL);
INSERT INTO action_states (ad_id, action_id, state_id, state, transition, "timestamp", remote_addr, token_id) VALUES (136, 1, 755, 'accepted', 'accept', '2017-07-19 13:19:07.634442', '10.0.1.41', NULL);
INSERT INTO action_states (ad_id, action_id, state_id, state, transition, "timestamp", remote_addr, token_id) VALUES (137, 1, 756, 'reg', 'initial', '2017-07-19 13:20:26.2237', '10.0.1.41', NULL);
INSERT INTO action_states (ad_id, action_id, state_id, state, transition, "timestamp", remote_addr, token_id) VALUES (137, 1, 757, 'unverified', 'verifymail', '2017-07-19 13:20:26.2237', '10.0.1.41', NULL);
INSERT INTO action_states (ad_id, action_id, state_id, state, transition, "timestamp", remote_addr, token_id) VALUES (137, 1, 758, 'pending_review', 'verify', '2017-07-19 13:20:26.288904', '10.0.1.41', NULL);
INSERT INTO action_states (ad_id, action_id, state_id, state, transition, "timestamp", remote_addr, token_id) VALUES (137, 1, 759, 'accepted', 'accept', '2017-07-19 13:20:37.354119', '10.0.1.41', NULL);
INSERT INTO action_states (ad_id, action_id, state_id, state, transition, "timestamp", remote_addr, token_id) VALUES (138, 1, 760, 'reg', 'initial', '2017-07-19 13:25:27.011195', '10.0.1.41', NULL);
INSERT INTO action_states (ad_id, action_id, state_id, state, transition, "timestamp", remote_addr, token_id) VALUES (138, 1, 761, 'unverified', 'verifymail', '2017-07-19 13:25:27.011195', '10.0.1.41', NULL);
INSERT INTO action_states (ad_id, action_id, state_id, state, transition, "timestamp", remote_addr, token_id) VALUES (138, 1, 762, 'pending_review', 'verify', '2017-07-19 13:25:27.078749', '10.0.1.41', NULL);
INSERT INTO action_states (ad_id, action_id, state_id, state, transition, "timestamp", remote_addr, token_id) VALUES (138, 1, 763, 'accepted', 'accept', '2017-07-19 13:25:37.215043', '10.0.1.41', NULL);
INSERT INTO action_states (ad_id, action_id, state_id, state, transition, "timestamp", remote_addr, token_id) VALUES (136, 2, 764, 'accepted', 'status_change', '2017-07-20 10:27:23.857295', '10.0.1.74', 784);
INSERT INTO action_states (ad_id, action_id, state_id, state, transition, "timestamp", remote_addr, token_id) VALUES (135, 2, 765, 'accepted', 'status_change', '2017-07-20 10:27:28.820956', '10.0.1.74', 788);
INSERT INTO action_states (ad_id, action_id, state_id, state, transition, "timestamp", remote_addr, token_id) VALUES (138, 2, 766, 'accepted', 'status_change', '2017-07-20 10:28:04.702361', '10.0.1.74', 807);
INSERT INTO action_states (ad_id, action_id, state_id, state, transition, "timestamp", remote_addr, token_id) VALUES (137, 2, 767, 'accepted', 'status_change', '2017-07-20 10:28:09.158489', '10.0.1.74', 811);
SELECT pg_catalog.setval('action_states_state_id_seq', 767, true);
INSERT INTO ad_changes (ad_id, action_id, state_id, is_param, column_name, old_value, new_value) VALUES (134, 2, 746, true, 'pack_status', 'active', 'disabled');
INSERT INTO ad_changes (ad_id, action_id, state_id, is_param, column_name, old_value, new_value) VALUES (136, 1, 753, true, 'pack_status', NULL, 'disabled');
INSERT INTO ad_changes (ad_id, action_id, state_id, is_param, column_name, old_value, new_value) VALUES (137, 1, 757, true, 'pack_status', NULL, 'disabled');
INSERT INTO ad_changes (ad_id, action_id, state_id, is_param, column_name, old_value, new_value) VALUES (138, 1, 761, true, 'pack_status', NULL, 'disabled');
INSERT INTO ad_changes (ad_id, action_id, state_id, is_param, column_name, old_value, new_value) VALUES (136, 2, 764, true, 'pack_status', 'disabled', NULL);
INSERT INTO ad_changes (ad_id, action_id, state_id, is_param, column_name, old_value, new_value) VALUES (136, 2, 764, true, 'inserting_fee', NULL, '1');
INSERT INTO ad_changes (ad_id, action_id, state_id, is_param, column_name, old_value, new_value) VALUES (135, 2, 765, true, 'inserting_fee', NULL, '1');
INSERT INTO ad_changes (ad_id, action_id, state_id, is_param, column_name, old_value, new_value) VALUES (138, 2, 766, true, 'pack_status', 'disabled', NULL);
INSERT INTO ad_changes (ad_id, action_id, state_id, is_param, column_name, old_value, new_value) VALUES (138, 2, 766, true, 'inserting_fee', NULL, '1');
INSERT INTO ad_changes (ad_id, action_id, state_id, is_param, column_name, old_value, new_value) VALUES (137, 2, 767, true, 'pack_status', 'disabled', NULL);
INSERT INTO ad_changes (ad_id, action_id, state_id, is_param, column_name, old_value, new_value) VALUES (137, 2, 767, true, 'inserting_fee', NULL, '1');
INSERT INTO ad_codes (code, code_type) VALUES (42948, 'pay');
INSERT INTO ad_codes (code, code_type) VALUES (74971, 'pay');
INSERT INTO ad_codes (code, code_type) VALUES (16994, 'pay');
INSERT INTO ad_codes (code, code_type) VALUES (49017, 'pay');
INSERT INTO ad_image_changes (ad_id, action_id, state_id, seq_no, name, is_new) VALUES (135, 1, 751, 0, NULL, false);
INSERT INTO ad_image_changes (ad_id, action_id, state_id, seq_no, name, is_new) VALUES (136, 1, 755, 0, NULL, false);
INSERT INTO ad_image_changes (ad_id, action_id, state_id, seq_no, name, is_new) VALUES (137, 1, 759, 0, NULL, false);
INSERT INTO ad_image_changes (ad_id, action_id, state_id, seq_no, name, is_new) VALUES (138, 1, 763, 0, NULL, false);
UPDATE ad_params set value = 'disabled' where ad_id = 134 and name = 'pack_status';
INSERT INTO ad_params (ad_id, name, value) VALUES (135, 'regdate', '2017');
INSERT INTO ad_params (ad_id, name, value) VALUES (135, 'mileage', '123123');
INSERT INTO ad_params (ad_id, name, value) VALUES (135, 'gearbox', '1');
INSERT INTO ad_params (ad_id, name, value) VALUES (135, 'fuel', '4');
INSERT INTO ad_params (ad_id, name, value) VALUES (135, 'communes', '296');
INSERT INTO ad_params (ad_id, name, value) VALUES (135, 'currency', 'peso');
INSERT INTO ad_params (ad_id, name, value) VALUES (135, 'geoposition_is_precise', '0');
INSERT INTO ad_params (ad_id, name, value) VALUES (135, 'country', 'UNK');
INSERT INTO ad_params (ad_id, name, value) VALUES (136, 'regdate', '2016');
INSERT INTO ad_params (ad_id, name, value) VALUES (136, 'mileage', '50000');
INSERT INTO ad_params (ad_id, name, value) VALUES (136, 'gearbox', '1');
INSERT INTO ad_params (ad_id, name, value) VALUES (136, 'fuel', '1');
INSERT INTO ad_params (ad_id, name, value) VALUES (136, 'communes', '296');
INSERT INTO ad_params (ad_id, name, value) VALUES (136, 'currency', 'peso');
INSERT INTO ad_params (ad_id, name, value) VALUES (136, 'geoposition_is_precise', '0');
INSERT INTO ad_params (ad_id, name, value) VALUES (136, 'country', 'UNK');
INSERT INTO ad_params (ad_id, name, value) VALUES (136, 'prev_currency', 'peso');
INSERT INTO ad_params (ad_id, name, value) VALUES (137, 'regdate', '2015');
INSERT INTO ad_params (ad_id, name, value) VALUES (137, 'mileage', '123122');
INSERT INTO ad_params (ad_id, name, value) VALUES (137, 'gearbox', '1');
INSERT INTO ad_params (ad_id, name, value) VALUES (137, 'fuel', '4');
INSERT INTO ad_params (ad_id, name, value) VALUES (137, 'communes', '296');
INSERT INTO ad_params (ad_id, name, value) VALUES (137, 'currency', 'peso');
INSERT INTO ad_params (ad_id, name, value) VALUES (137, 'geoposition_is_precise', '0');
INSERT INTO ad_params (ad_id, name, value) VALUES (137, 'country', 'UNK');
INSERT INTO ad_params (ad_id, name, value) VALUES (138, 'communes', '315');
INSERT INTO ad_params (ad_id, name, value) VALUES (138, 'currency', 'peso');
INSERT INTO ad_params (ad_id, name, value) VALUES (138, 'geoposition_is_precise', '0');
INSERT INTO ad_params (ad_id, name, value) VALUES (138, 'estate_type', '7');
INSERT INTO ad_params (ad_id, name, value) VALUES (138, 'country', 'UNK');
INSERT INTO ad_params (ad_id, name, value) VALUES (136, 'inserting_fee', '1');
INSERT INTO ad_params (ad_id, name, value) VALUES (135, 'inserting_fee', '1');
INSERT INTO ad_params (ad_id, name, value) VALUES (138, 'inserting_fee', '1');
INSERT INTO ad_params (ad_id, name, value) VALUES (137, 'inserting_fee', '1');
SELECT pg_catalog.setval('ads_ad_id_seq', 138, true);
INSERT INTO email_uuid (email, uuid, name) VALUES ('cuentaproconpack@yapo.cl', '2409fd0c-32f1-4cd5-8f29-4d0a13592b51', '');
INSERT INTO email_uuid (email, uuid, name) VALUES ('cuentaprosincupos@yapo.cl', 'ffe3e021-57fe-4ee8-97f5-6fce8530aff8', '');
INSERT INTO email_uuid (email, uuid, name) VALUES ('cuentaprosinpack@yapo.cl', '4ed3e19f-d84e-4aef-b031-1c231065395e', '');
INSERT INTO email_uuid (email, uuid, name) VALUES ('cuentaproinmosinpack@yapo.cl', '5c8395d8-da72-4858-b685-19e2afee25a4', '');
SELECT pg_catalog.setval('list_id_seq', 8000097, true);
SELECT pg_catalog.setval('pay_code_seq', 479, true);
INSERT INTO pay_log (pay_log_id, pay_type, amount, code, token_id, paid_at, payment_group_id, status) VALUES (231, 'save', 0, '633026231', NULL, '2017-07-19 13:18:05', 175, 'SAVE');
INSERT INTO pay_log (pay_log_id, pay_type, amount, code, token_id, paid_at, payment_group_id, status) VALUES (232, 'verify', 0, '633026231', NULL, '2017-07-19 13:18:05', 175, 'OK');
INSERT INTO pay_log (pay_log_id, pay_type, amount, code, token_id, paid_at, payment_group_id, status) VALUES (233, 'save', 0, '768418254', NULL, '2017-07-19 13:18:59', 176, 'SAVE');
INSERT INTO pay_log (pay_log_id, pay_type, amount, code, token_id, paid_at, payment_group_id, status) VALUES (234, 'verify', 0, '768418254', NULL, '2017-07-19 13:18:59', 176, 'OK');
INSERT INTO pay_log (pay_log_id, pay_type, amount, code, token_id, paid_at, payment_group_id, status) VALUES (235, 'save', 0, '903810277', NULL, '2017-07-19 13:20:26', 177, 'SAVE');
INSERT INTO pay_log (pay_log_id, pay_type, amount, code, token_id, paid_at, payment_group_id, status) VALUES (236, 'verify', 0, '903810277', NULL, '2017-07-19 13:20:26', 177, 'OK');
INSERT INTO pay_log (pay_log_id, pay_type, amount, code, token_id, paid_at, payment_group_id, status) VALUES (237, 'save', 0, '139202300', NULL, '2017-07-19 13:25:27', 178, 'SAVE');
INSERT INTO pay_log (pay_log_id, pay_type, amount, code, token_id, paid_at, payment_group_id, status) VALUES (238, 'verify', 0, '139202300', NULL, '2017-07-19 13:25:27', 178, 'OK');
SELECT pg_catalog.setval('pay_log_pay_log_id_seq', 238, true);
INSERT INTO pay_log_references (pay_log_id, ref_num, ref_type, reference) VALUES (231, 0, 'adphone', '998768766');
INSERT INTO pay_log_references (pay_log_id, ref_num, ref_type, reference) VALUES (231, 1, 'remote_addr', '10.0.1.41');
INSERT INTO pay_log_references (pay_log_id, ref_num, ref_type, reference) VALUES (232, 0, 'remote_addr', '10.0.1.41');
INSERT INTO pay_log_references (pay_log_id, ref_num, ref_type, reference) VALUES (233, 0, 'adphone', '876767877');
INSERT INTO pay_log_references (pay_log_id, ref_num, ref_type, reference) VALUES (233, 1, 'remote_addr', '10.0.1.41');
INSERT INTO pay_log_references (pay_log_id, ref_num, ref_type, reference) VALUES (234, 0, 'remote_addr', '10.0.1.41');
INSERT INTO pay_log_references (pay_log_id, ref_num, ref_type, reference) VALUES (235, 0, 'adphone', '967678775');
INSERT INTO pay_log_references (pay_log_id, ref_num, ref_type, reference) VALUES (235, 1, 'remote_addr', '10.0.1.41');
INSERT INTO pay_log_references (pay_log_id, ref_num, ref_type, reference) VALUES (236, 0, 'remote_addr', '10.0.1.41');
INSERT INTO pay_log_references (pay_log_id, ref_num, ref_type, reference) VALUES (237, 0, 'adphone', '965986532');
INSERT INTO pay_log_references (pay_log_id, ref_num, ref_type, reference) VALUES (237, 1, 'remote_addr', '10.0.1.41');
INSERT INTO pay_log_references (pay_log_id, ref_num, ref_type, reference) VALUES (238, 0, 'remote_addr', '10.0.1.41');
SELECT pg_catalog.setval('payment_groups_payment_group_id_seq', 178, true);
INSERT INTO payments (payment_group_id, payment_type, pay_amount, discount) VALUES (175, 'ad_action', 0, 0);
INSERT INTO payments (payment_group_id, payment_type, pay_amount, discount) VALUES (176, 'ad_action', 0, 0);
INSERT INTO payments (payment_group_id, payment_type, pay_amount, discount) VALUES (177, 'ad_action', 0, 0);
INSERT INTO payments (payment_group_id, payment_type, pay_amount, discount) VALUES (178, 'ad_action', 0, 0);
INSERT INTO state_params (ad_id, action_id, state_id, name, value) VALUES (135, 1, 750, 'queue', 'pack');
INSERT INTO state_params (ad_id, action_id, state_id, name, value) VALUES (135, 1, 751, 'filter_name', 'pack');
INSERT INTO state_params (ad_id, action_id, state_id, name, value) VALUES (136, 1, 754, 'queue', 'pack');
INSERT INTO state_params (ad_id, action_id, state_id, name, value) VALUES (136, 1, 755, 'filter_name', 'pack');
INSERT INTO state_params (ad_id, action_id, state_id, name, value) VALUES (137, 1, 758, 'queue', 'pack');
INSERT INTO state_params (ad_id, action_id, state_id, name, value) VALUES (137, 1, 759, 'filter_name', 'pack');
INSERT INTO state_params (ad_id, action_id, state_id, name, value) VALUES (138, 1, 762, 'queue', 'pack');
INSERT INTO state_params (ad_id, action_id, state_id, name, value) VALUES (138, 1, 763, 'filter_name', 'pack');
SELECT pg_catalog.setval('tokens_token_id_seq', 812, true);
SELECT pg_catalog.setval('trans_queue_id_seq', 111, true);
INSERT INTO user_params (user_id, name, value) VALUES (63, 'first_approved_ad', '2017-07-19 13:25:37.215043-04');
SELECT pg_catalog.setval('users_user_id_seq', 63, true);
