INSERT INTO tokens (token_id, token, admin_id, created_at, valid_to, remote_addr, info, store_id, email) VALUES (768, 'X56a12fcf7b32f3d10000000070a0bc2200000000', 9, '2015-03-09 17:53:46.373974', '2015-03-09 17:53:50.000916', '10.0.1.101', 'insert_pack', NULL, NULL);
INSERT INTO tokens (token_id, token, admin_id, created_at, valid_to, remote_addr, info, store_id, email) VALUES (769, 'X56a12fcf7b32f3d10000000070a0bc2200000001', 9, '2015-03-09 17:53:46.373974', '2015-03-09 17:53:50.000916', '10.0.1.101', 'insert_pack', NULL, NULL);
INSERT INTO tokens (token_id, token, admin_id, created_at, valid_to, remote_addr, info, store_id, email) VALUES (770, 'X56a12fcf7b32f3d10000000070a0bc2200000002', 9, '2015-03-09 17:53:46.373974', '2015-03-09 17:53:50.000916', '10.0.1.101', 'insert_pack', NULL, NULL);
INSERT INTO tokens (token_id, token, admin_id, created_at, valid_to, remote_addr, info, store_id, email) VALUES (771, 'X56a12fcf7b32f3d10000000070a0bc2200000003', 9, '2015-03-09 17:53:46.373974', '2015-03-09 17:53:50.000916', '10.0.1.101', 'insert_pack', NULL, NULL);
INSERT INTO tokens (token_id, token, admin_id, created_at, valid_to, remote_addr, info, store_id, email) VALUES (772, 'X56a12fcf7b32f3d10000000070a0bc2200000004', 9, '2015-03-09 17:53:46.373974', '2015-03-09 17:53:50.000916', '10.0.1.101', 'insert_pack', NULL, NULL);
INSERT INTO tokens (token_id, token, admin_id, created_at, valid_to, remote_addr, info, store_id, email) VALUES (773, 'X56a12fcf7b32f3d10000000070a0bc2200000005', 9, '2015-03-09 17:53:50.000916', '2015-03-09 18:53:50.000916', '10.0.1.101', 'insert_pack', NULL, NULL);
INSERT INTO tokens (token_id, token, admin_id, created_at, valid_to, remote_addr, info, store_id, email) VALUES (774, 'X56a12fcf7b32f3d10000000070a0bc2200000006', 9, '2015-03-09 17:53:50.000916', '2015-03-09 18:53:50.000916', '10.0.1.101', 'insert_pack', NULL, NULL);
INSERT INTO tokens (token_id, token, admin_id, created_at, valid_to, remote_addr, info, store_id, email) VALUES (775, 'X56a12fcf7b32f3d10000000070a0bc2200000007', 9, '2015-03-09 17:53:50.000916', '2015-03-09 18:53:50.000916', '10.0.1.101', 'insert_pack', NULL, NULL);
INSERT INTO tokens (token_id, token, admin_id, created_at, valid_to, remote_addr, info, store_id, email) VALUES (776, 'X56a12fcf7b32f3d10000000070a0bc2200000008', 9, '2015-03-09 17:53:50.000916', '2015-03-09 18:53:50.000916', '10.0.1.101', 'insert_pack', NULL, NULL);
INSERT INTO tokens (token_id, token, admin_id, created_at, valid_to, remote_addr, info, store_id, email) VALUES (777, 'X56a12fcf7b32f3d10000000070a0bc2200000009', 9, '2015-03-09 17:53:50.000916', '2015-03-09 18:53:50.000916', '10.0.1.101', 'insert_pack', NULL, NULL);

INSERT INTO tokens (token_id, token, admin_id, created_at, valid_to, remote_addr, info, store_id, email) VALUES (868, 'X56a12fcf7b32f3d10000000070a0bc2200000010', 9, '2015-03-09 17:53:46.373974', '2015-03-09 17:53:50.000916', '10.0.1.101', 'insert_pack', NULL, NULL);
INSERT INTO tokens (token_id, token, admin_id, created_at, valid_to, remote_addr, info, store_id, email) VALUES (869, 'X56a12fcf7b32f3d10000000070a0bc2200000011', 9, '2015-03-09 17:53:46.373974', '2015-03-09 17:53:50.000916', '10.0.1.101', 'insert_pack', NULL, NULL);
INSERT INTO tokens (token_id, token, admin_id, created_at, valid_to, remote_addr, info, store_id, email) VALUES (870, 'X56a12fcf7b32f3d10000000070a0bc2200000012', 9, '2015-03-09 17:53:46.373974', '2015-03-09 17:53:50.000916', '10.0.1.101', 'insert_pack', NULL, NULL);
INSERT INTO tokens (token_id, token, admin_id, created_at, valid_to, remote_addr, info, store_id, email) VALUES (871, 'X56a12fcf7b32f3d10000000070a0bc2200000013', 9, '2015-03-09 17:53:46.373974', '2015-03-09 17:53:50.000916', '10.0.1.101', 'insert_pack', NULL, NULL);
INSERT INTO tokens (token_id, token, admin_id, created_at, valid_to, remote_addr, info, store_id, email) VALUES (872, 'X56a12fcf7b32f3d10000000070a0bc2200000014', 9, '2015-03-09 17:53:46.373974', '2015-03-09 17:53:50.000916', '10.0.1.101', 'insert_pack', NULL, NULL);
INSERT INTO tokens (token_id, token, admin_id, created_at, valid_to, remote_addr, info, store_id, email) VALUES (873, 'X56a12fcf7b32f3d10000000070a0bc2200000015', 9, '2015-03-09 17:53:50.000916', '2015-03-09 18:53:50.000916', '10.0.1.101', 'insert_pack', NULL, NULL);
INSERT INTO tokens (token_id, token, admin_id, created_at, valid_to, remote_addr, info, store_id, email) VALUES (874, 'X56a12fcf7b32f3d10000000070a0bc2200000016', 9, '2015-03-09 17:53:50.000916', '2015-03-09 18:53:50.000916', '10.0.1.101', 'insert_pack', NULL, NULL);
INSERT INTO tokens (token_id, token, admin_id, created_at, valid_to, remote_addr, info, store_id, email) VALUES (875, 'X56a12fcf7b32f3d10000000070a0bc2200000017', 9, '2015-03-09 17:53:50.000916', '2015-03-09 18:53:50.000916', '10.0.1.101', 'insert_pack', NULL, NULL);
INSERT INTO tokens (token_id, token, admin_id, created_at, valid_to, remote_addr, info, store_id, email) VALUES (876, 'X56a12fcf7b32f3d10000000070a0bc2200000018', 9, '2015-03-09 17:53:50.000916', '2015-03-09 18:53:50.000916', '10.0.1.101', 'insert_pack', NULL, NULL);
INSERT INTO tokens (token_id, token, admin_id, created_at, valid_to, remote_addr, info, store_id, email) VALUES (877, 'X56a12fcf7b32f3d10000000070a0bc2200000019', 9, '2015-03-09 17:53:50.000916', '2015-03-09 18:53:50.000916', '10.0.1.101', 'insert_pack', NULL, NULL);

SELECT pg_catalog.setval('tokens_token_id_seq', 900, true);

-- yesterday
INSERT INTO packs (pack_id, account_id, status, type, slots, used, date_start, date_end, product_id, token_id) VALUES (3, 9, 'active', 'car', 10, 0, NOW() - INTERVAL '3 day', NOW() - INTERVAL '2 day', 11010, 768);
INSERT INTO packs (pack_id, account_id, status, type, slots, used, date_start, date_end, product_id, token_id) VALUES (4, 10, 'active', 'car', 10, 0, NOW() - INTERVAL '3 day', NOW() - INTERVAL '2 day', 11010, 769);
INSERT INTO packs (pack_id, account_id, status, type, slots, used, date_start, date_end, product_id, token_id) VALUES (13, 9, 'active', 'real_estate', 10, 0, NOW() - INTERVAL '3 day', NOW() - INTERVAL '2 day', 21010, 868);
INSERT INTO packs (pack_id, account_id, status, type, slots, used, date_start, date_end, product_id, token_id) VALUES (14, 10, 'active', 'real_estate', 10, 0, NOW() - INTERVAL '3 day', NOW() - INTERVAL '2 day', 21010, 869);

-- today
INSERT INTO packs (pack_id, account_id, status, type, slots, used, date_start, date_end, product_id, token_id) VALUES (5,  9,  'active', 'car', 50, 0, NOW(), NOW() + INTERVAL '1 day', 11010, 770);
INSERT INTO packs (pack_id, account_id, status, type, slots, used, date_start, date_end, product_id, token_id) VALUES (6,  9,  'active', 'car', 50, 0, NOW(), NOW() + INTERVAL '1 day', 11010, 771);
INSERT INTO packs (pack_id, account_id, status, type, slots, used, date_start, date_end, product_id, token_id) VALUES (7,  9,  'active', 'car', 50, 0, NOW(), NOW() + INTERVAL '1 day', 11010, 772);
INSERT INTO packs (pack_id, account_id, status, type, slots, used, date_start, date_end, product_id, token_id) VALUES (8,  10, 'active', 'car', 50, 0, NOW(), NOW() + INTERVAL '1 day', 11010, 773);
INSERT INTO packs (pack_id, account_id, status, type, slots, used, date_start, date_end, product_id, token_id) VALUES (9,  10, 'active', 'car', 50, 0, NOW(), NOW() + INTERVAL '1 day', 11010, 774);
INSERT INTO packs (pack_id, account_id, status, type, slots, used, date_start, date_end, product_id, token_id) VALUES (10, 10, 'active', 'car', 50, 0, NOW(), NOW() + INTERVAL '1 day', 11010, 775);
INSERT INTO packs (pack_id, account_id, status, type, slots, used, date_start, date_end, product_id, token_id) VALUES (15,  9,  'active', 'real_estate', 50, 0, NOW(), NOW() + INTERVAL '1 day', 21010, 870);
INSERT INTO packs (pack_id, account_id, status, type, slots, used, date_start, date_end, product_id, token_id) VALUES (16,  9,  'active', 'real_estate', 50, 0, NOW(), NOW() + INTERVAL '1 day', 21010, 871);
INSERT INTO packs (pack_id, account_id, status, type, slots, used, date_start, date_end, product_id, token_id) VALUES (17,  9,  'active', 'real_estate', 50, 0, NOW(), NOW() + INTERVAL '1 day', 21010, 872);
INSERT INTO packs (pack_id, account_id, status, type, slots, used, date_start, date_end, product_id, token_id) VALUES (18,  10, 'active', 'real_estate', 50, 0, NOW(), NOW() + INTERVAL '1 day', 21010, 873);
INSERT INTO packs (pack_id, account_id, status, type, slots, used, date_start, date_end, product_id, token_id) VALUES (19,  10, 'active', 'real_estate', 50, 0, NOW(), NOW() + INTERVAL '1 day', 21010, 874);
INSERT INTO packs (pack_id, account_id, status, type, slots, used, date_start, date_end, product_id, token_id) VALUES (20, 10, 'active', 'real_estate', 50, 0, NOW(), NOW() + INTERVAL '1 day', 21010, 875);

-- tomorrow 
INSERT INTO packs (pack_id, account_id, status, type, slots, used, date_start, date_end, product_id, token_id) VALUES (11, 9, 'active', 'car', 100, 0, NOW() + INTERVAL '1 day', NOW() + INTERVAL '2 day', 11010, 776);
INSERT INTO packs (pack_id, account_id, status, type, slots, used, date_start, date_end, product_id, token_id) VALUES (12, 10, 'active', 'car', 100, 0, NOW() + INTERVAL '1 day', NOW() + INTERVAL '2 day', 11010, 777);
INSERT INTO packs (pack_id, account_id, status, type, slots, used, date_start, date_end, product_id, token_id) VALUES (21, 9, 'active', 'real_estate', 100, 0, NOW() + INTERVAL '1 day', NOW() + INTERVAL '2 day', 11010, 876);
INSERT INTO packs (pack_id, account_id, status, type, slots, used, date_start, date_end, product_id, token_id) VALUES (22, 10, 'active', 'real_estate', 100, 0, NOW() + INTERVAL '1 day', NOW() + INTERVAL '2 day', 11010, 877);

INSERT INTO pack_params (pack_id, name, value) VALUES (3, 'service_amount', '3600');
INSERT INTO pack_params (pack_id, name, value) VALUES (3, 'service_order', '0001');
INSERT INTO pack_params (pack_id, name, value) VALUES (5, 'service_amount', '4600');
INSERT INTO pack_params (pack_id, name, value) VALUES (5, 'service_order', '0002');
INSERT INTO pack_params (pack_id, name, value) VALUES (6, 'service_amount', '5600');
INSERT INTO pack_params (pack_id, name, value) VALUES (6, 'service_order', '0003');
INSERT INTO pack_params (pack_id, name, value) VALUES (11, 'service_amount', '6600');
INSERT INTO pack_params (pack_id, name, value) VALUES (11, 'service_order', '0004');

INSERT INTO pack_params (pack_id, name, value) VALUES (13, 'service_amount', '3600');
INSERT INTO pack_params (pack_id, name, value) VALUES (13, 'service_order', '1001');
INSERT INTO pack_params (pack_id, name, value) VALUES (15, 'service_amount', '4600');
INSERT INTO pack_params (pack_id, name, value) VALUES (15, 'service_order', '1002');
INSERT INTO pack_params (pack_id, name, value) VALUES (16, 'service_amount', '5600');
INSERT INTO pack_params (pack_id, name, value) VALUES (16, 'service_order', '1003');
INSERT INTO pack_params (pack_id, name, value) VALUES (21, 'service_amount', '6600');
INSERT INTO pack_params (pack_id, name, value) VALUES (21, 'service_order', '1004');


--Change all passwords to 123123123
update ads set salted_passwd =  E'$1024$2y1bQ}VYRD}zF4QCbf07a971b784888658a20e62156de64dfde5ffb6', passwd = null;
update accounts set salted_passwd =  E'$1024$2y1bQ}VYRD}zF4QCbf07a971b784888658a20e62156de64dfde5ffb6';
