INSERT INTO payment_groups (payment_group_id, code, status, added_at, parent_payment_group_id) VALUES (166, '12345', 'unpaid', '2014-09-09 11:41:26.403118', NULL);
INSERT INTO stores (store_id, name, phone, address, info_text, status, date_start, date_end, region, url, hide_phone, commune, address_number, website_url, main_image, main_image_offset, logo_image, account_id) VALUES (1, 'El gabacho de Moniacas', '666666666', 'Calle yolanda sultana', 'La descripción de la tinedita esta overrated', 'active', '2014-09-09 11:41:26.381784', '2014-10-10 11:41:27.774177', 15, 'el-gabacho-de-moniacas', NULL, 295, '1313', 'www.fuerzasdemoniacas.com', '0000000003', NULL, '0000000004', 6);
INSERT INTO pay_log (pay_log_id, pay_type, amount, code, token_id, paid_at, payment_group_id, status) VALUES (213, 'save', 0, '12345', NULL, '2014-09-09 11:41:26', 166, 'SAVE');
INSERT INTO pay_log (pay_log_id, pay_type, amount, code, token_id, paid_at, payment_group_id, status) VALUES (214, 'paycard_save', 0, '12345', NULL, '2014-09-09 11:41:28', 166, 'SAVE');
INSERT INTO pay_log (pay_log_id, pay_type, amount, code, token_id, paid_at, payment_group_id, status) VALUES (215, 'paycard', 3000, '00166a', NULL, '2014-09-09 11:41:28', NULL, 'ERR');
SELECT pg_catalog.setval('pay_log_pay_log_id_seq', 215, true);
INSERT INTO pay_log_references (pay_log_id, ref_num, ref_type, reference) VALUES (213, 0, 'remote_addr', '10.0.1.218');
INSERT INTO pay_log_references (pay_log_id, ref_num, ref_type, reference) VALUES (214, 0, 'auth_code', '462337');
INSERT INTO pay_log_references (pay_log_id, ref_num, ref_type, reference) VALUES (214, 1, 'trans_date', '09/09/2014 11:41:27');
INSERT INTO pay_log_references (pay_log_id, ref_num, ref_type, reference) VALUES (214, 2, 'placements_type', 'VN');
INSERT INTO pay_log_references (pay_log_id, ref_num, ref_type, reference) VALUES (214, 3, 'placements_number', '1');
INSERT INTO pay_log_references (pay_log_id, ref_num, ref_type, reference) VALUES (214, 4, 'pay_type', 'credit');
INSERT INTO pay_log_references (pay_log_id, ref_num, ref_type, reference) VALUES (214, 5, 'external_response', '0');
INSERT INTO pay_log_references (pay_log_id, ref_num, ref_type, reference) VALUES (214, 6, 'external_id', '06437830154355293862');
INSERT INTO pay_log_references (pay_log_id, ref_num, ref_type, reference) VALUES (214, 7, 'remote_addr', '10.0.1.218');
INSERT INTO pay_log_references (pay_log_id, ref_num, ref_type, reference) VALUES (215, 0, 'webpay', '1');
SELECT pg_catalog.setval('payment_groups_payment_group_id_seq', 166, true);
INSERT INTO payments (payment_group_id, payment_type, pay_amount, discount) VALUES (166, 'monthly_store', 3000, 0);
INSERT INTO purchase (purchase_id, doc_type, doc_num, external_doc_id, status, receipt, delivery, rut, name, lob, address, region, communes, contact, email, tax, discount, seller_id, total_price, payment_group_id) VALUES (2, 'bill', NULL, NULL, 'pending', '2014-09-09 11:41:26.403118', NULL, NULL, NULL, NULL, NULL, NULL, NULL, NULL, 'many@ads.cl', 0, 0, NULL, 3000, 166);
INSERT INTO purchase_detail (purchase_detail_id, purchase_id, product_id, price, action_id, ad_id) VALUES (2, 2, 4, 3000, NULL, NULL);
SELECT pg_catalog.setval('purchase_detail_purchase_detail_id_seq', 2, true);
SELECT pg_catalog.setval('purchase_purchase_id_seq', 2, true);
INSERT INTO purchase_states (purchase_id, purchase_state_id, status, "timestamp", remote_addr) VALUES (2, 1, 'pending', '2014-09-09 11:41:26.403118', '10.0.1.218');
SELECT pg_catalog.setval('purchase_states_purchase_state_id_seq', 1, true);
INSERT INTO store_actions (store_id, action_id, action_type, current_state, state, payment_group_id) VALUES (1, 1, 'new', 1, 'reg', NULL);
INSERT INTO store_actions (store_id, action_id, action_type, current_state, state, payment_group_id) VALUES (1, 2, 'new', 2, 'unpaid', NULL);
INSERT INTO store_actions (store_id, action_id, action_type, current_state, state, payment_group_id) VALUES (1, 4, 'status_change', 4, 'accepted', NULL);
INSERT INTO store_actions (store_id, action_id, action_type, current_state, state, payment_group_id) VALUES (1, 3, 'extend', 6, 'accepted', 166);
INSERT INTO store_actions (store_id, action_id, action_type, current_state, state, payment_group_id) VALUES (1, 5, 'edit', 8, 'accepted', NULL);
INSERT INTO store_actions (store_id, action_id, action_type, current_state, state, payment_group_id) VALUES (1, 6, 'status_change', 9, 'accepted', NULL);
INSERT INTO store_actions (store_id, action_id, action_type, current_state, state, payment_group_id) VALUES (1, 7, 'edit', 11, 'accepted', NULL);
INSERT INTO store_actions (store_id, action_id, action_type, current_state, state, payment_group_id) VALUES (1, 8, 'edit', 13, 'accepted', NULL);
INSERT INTO store_action_states (store_id, action_id, state_id, state, "timestamp", token_id) VALUES (1, 1, 1, 'reg', '2014-09-09 11:41:26.381784', NULL);
INSERT INTO store_action_states (store_id, action_id, state_id, state, "timestamp", token_id) VALUES (1, 2, 2, 'unpaid', '2014-09-09 11:41:26.381784', NULL);
INSERT INTO store_action_states (store_id, action_id, state_id, state, "timestamp", token_id) VALUES (1, 3, 3, 'unpaid', '2014-09-09 11:41:26.403118', NULL);
INSERT INTO store_action_states (store_id, action_id, state_id, state, "timestamp", token_id) VALUES (1, 4, 4, 'accepted', '2014-09-09 11:41:27.774177', NULL);
INSERT INTO store_action_states (store_id, action_id, state_id, state, "timestamp", token_id) VALUES (1, 3, 5, 'paid', '2014-09-09 11:41:27.774177', NULL);
INSERT INTO store_action_states (store_id, action_id, state_id, state, "timestamp", token_id) VALUES (1, 3, 6, 'accepted', '2014-09-09 11:41:27.774177', NULL);
INSERT INTO store_action_states (store_id, action_id, state_id, state, "timestamp", token_id) VALUES (1, 5, 7, 'reg', '2014-09-09 11:41:32.712626', NULL);
INSERT INTO store_action_states (store_id, action_id, state_id, state, "timestamp", token_id) VALUES (1, 5, 8, 'accepted', '2014-09-09 11:41:32.712626', NULL);
INSERT INTO store_action_states (store_id, action_id, state_id, state, "timestamp", token_id) VALUES (1, 6, 9, 'accepted', '2014-09-09 11:41:32.712626', NULL);
INSERT INTO store_action_states (store_id, action_id, state_id, state, "timestamp", token_id) VALUES (1, 7, 10, 'reg', '2014-09-24 15:42:50.312115', NULL);
INSERT INTO store_action_states (store_id, action_id, state_id, state, "timestamp", token_id) VALUES (1, 7, 11, 'accepted', '2014-09-24 15:42:50.312115', NULL);
INSERT INTO store_action_states (store_id, action_id, state_id, state, "timestamp", token_id) VALUES (1, 8, 12, 'reg', '2014-09-24 15:43:39.249848', NULL);
INSERT INTO store_action_states (store_id, action_id, state_id, state, "timestamp", token_id) VALUES (1, 8, 13, 'accepted', '2014-09-24 15:43:39.249848', NULL);
SELECT pg_catalog.setval('store_action_states_state_id_seq', 13, true);
INSERT INTO store_changes (store_id, action_id, state_id, is_param, column_name, old_value, new_value) VALUES (1, 5, 7, false, 'name', NULL, 'El gabacho de Moniacas');
INSERT INTO store_changes (store_id, action_id, state_id, is_param, column_name, old_value, new_value) VALUES (1, 5, 7, false, 'info_text', NULL, 'La descripción de la tinedita esta overrated');
INSERT INTO store_changes (store_id, action_id, state_id, is_param, column_name, old_value, new_value) VALUES (1, 5, 7, false, 'url', NULL, 'el-gabacho-de-moniacas');
INSERT INTO store_changes (store_id, action_id, state_id, is_param, column_name, old_value, new_value) VALUES (1, 5, 7, false, 'phone', NULL, '666666666');
INSERT INTO store_changes (store_id, action_id, state_id, is_param, column_name, old_value, new_value) VALUES (1, 5, 7, false, 'address', NULL, 'Calle yolanda sultana');
INSERT INTO store_changes (store_id, action_id, state_id, is_param, column_name, old_value, new_value) VALUES (1, 5, 7, false, 'address_number', NULL, '1313');
INSERT INTO store_changes (store_id, action_id, state_id, is_param, column_name, old_value, new_value) VALUES (1, 5, 7, false, 'region', NULL, '15');
INSERT INTO store_changes (store_id, action_id, state_id, is_param, column_name, old_value, new_value) VALUES (1, 5, 7, false, 'commune', NULL, '295');
INSERT INTO store_changes (store_id, action_id, state_id, is_param, column_name, old_value, new_value) VALUES (1, 5, 7, false, 'website_url', NULL, 'www.fuerzasdemoniacas.com');
INSERT INTO store_changes (store_id, action_id, state_id, is_param, column_name, old_value, new_value) VALUES (1, 7, 10, false, 'main_image', NULL, '0000000001');
INSERT INTO store_changes (store_id, action_id, state_id, is_param, column_name, old_value, new_value) VALUES (1, 7, 10, false, 'logo_image', NULL, '0000000002');
INSERT INTO store_changes (store_id, action_id, state_id, is_param, column_name, old_value, new_value) VALUES (1, 8, 12, false, 'main_image', '0000000001', '0000000003');
INSERT INTO store_changes (store_id, action_id, state_id, is_param, column_name, old_value, new_value) VALUES (1, 8, 12, false, 'logo_image', '0000000002', '0000000004');
INSERT INTO store_media (store_media_id, store_id, upload_time, image_type) VALUES (1, NULL, '2014-09-24 15:42:33.180046', 'main_image');
INSERT INTO store_media (store_media_id, store_id, upload_time, image_type) VALUES (3, 1, '2014-09-24 15:43:23.634056', 'main_image');
INSERT INTO store_media (store_media_id, store_id, upload_time, image_type) VALUES (2, NULL, '2014-09-24 15:42:42.918061', 'logo_image');
INSERT INTO store_media (store_media_id, store_id, upload_time, image_type) VALUES (4, 1, '2014-09-24 15:43:34.681554', 'logo_image');
SELECT pg_catalog.setval('stores_store_id_seq', 1, true);
