INSERT INTO users (user_id, uid, email, account, paid_total) VALUES (59, 50, 'jota@hotmail.com', 0, 0);
INSERT INTO users (user_id, uid, email, account, paid_total) VALUES (60, 50, 'sapoculiao@gmail.com', 0, 0);
INSERT INTO tokens (token_id, token, admin_id, created_at, valid_to, remote_addr, info, store_id, email) VALUES (715, 'X561821b2543846ae0000000057b073a000000000', 9, '2015-10-09 17:21:05.863212', '2015-10-09 17:21:05.939476', '10.0.1.124', 'authenticate', NULL, NULL);
INSERT INTO tokens (token_id, token, admin_id, created_at, valid_to, remote_addr, info, store_id, email) VALUES (716, 'X561821b227be087a0000000011761f9100000000', 9, '2015-10-09 17:21:05.939476', '2015-10-09 17:21:05.991862', '10.0.1.124', 'spamfilter', NULL, NULL);
INSERT INTO tokens (token_id, token, admin_id, created_at, valid_to, remote_addr, info, store_id, email) VALUES (717, 'X561821b2333342fb00000000353bfd4800000000', 9, '2015-10-09 17:21:05.991862', '2015-10-09 17:21:06.069087', '10.0.1.124', 'authenticate', NULL, NULL);
INSERT INTO tokens (token_id, token, admin_id, created_at, valid_to, remote_addr, info, store_id, email) VALUES (718, 'X561821b27c1a7dfa0000000065bb289200000000', 9, '2015-10-09 17:21:06.069087', '2015-10-09 17:22:24.010255', '10.0.1.124', 'spamfilter', NULL, NULL);
INSERT INTO tokens (token_id, token, admin_id, created_at, valid_to, remote_addr, info, store_id, email) VALUES (719, 'X561822006c6fcfb8000000003b7c8a0100000000', 9, '2015-10-09 17:22:24.010255', '2015-10-09 17:22:37.521548', '10.0.1.124', 'block_list', NULL, NULL);
INSERT INTO tokens (token_id, token, admin_id, created_at, valid_to, remote_addr, info, store_id, email) VALUES (720, 'X5618220e54647e0600000000162fda6900000000', 9, '2015-10-09 17:22:37.521548', '2015-10-09 17:22:37.59744', '10.0.1.124', 'block_list', NULL, NULL);
INSERT INTO tokens (token_id, token, admin_id, created_at, valid_to, remote_addr, info, store_id, email) VALUES (721, 'X5618220e321e2a8000000001d85ba1b00000000', 9, '2015-10-09 17:22:37.59744', '2015-10-09 17:22:42.159329', '10.0.1.124', 'block_list', NULL, NULL);
INSERT INTO tokens (token_id, token, admin_id, created_at, valid_to, remote_addr, info, store_id, email) VALUES (722, 'X561822126b2741240000000044de7df500000000', 9, '2015-10-09 17:22:42.159329', '2015-10-09 17:22:51.871402', '10.0.1.124', 'block_list', NULL, NULL);
INSERT INTO tokens (token_id, token, admin_id, created_at, valid_to, remote_addr, info, store_id, email) VALUES (723, 'X5618221c5d290bbd0000000037ddc0e300000000', 9, '2015-10-09 17:22:51.871402', '2015-10-09 17:22:51.878398', '10.0.1.124', 'blocked_item', NULL, NULL);
INSERT INTO tokens (token_id, token, admin_id, created_at, valid_to, remote_addr, info, store_id, email) VALUES (724, 'X5618221c7c7c05fa000000006d0ba25100000000', 9, '2015-10-09 17:22:51.878398', '2015-10-09 17:22:55.186672', '10.0.1.124', 'block_list', NULL, NULL);
INSERT INTO tokens (token_id, token, admin_id, created_at, valid_to, remote_addr, info, store_id, email) VALUES (725, 'X5618221f1908c3fb0000000047d8f57100000000', 9, '2015-10-09 17:22:55.186672', '2015-10-09 17:22:55.191432', '10.0.1.124', 'blocked_item', NULL, NULL);
INSERT INTO tokens (token_id, token, admin_id, created_at, valid_to, remote_addr, info, store_id, email) VALUES (726, 'X5618221f66fac2d10000000050d62b6f00000000', 9, '2015-10-09 17:22:55.191432', '2015-10-09 17:22:59.363376', '10.0.1.124', 'block_list', NULL, NULL);
INSERT INTO tokens (token_id, token, admin_id, created_at, valid_to, remote_addr, info, store_id, email) VALUES (727, 'X561822233ef46296000000002258162800000000', 9, '2015-10-09 17:22:59.363376', '2015-10-09 17:22:59.368832', '10.0.1.124', 'blocked_item', NULL, NULL);
INSERT INTO tokens (token_id, token, admin_id, created_at, valid_to, remote_addr, info, store_id, email) VALUES (728, 'X561822231d046160000000004e0e6d8500000000', 9, '2015-10-09 17:22:59.368832', '2015-10-09 17:23:03.378619', '10.0.1.124', 'block_list', NULL, NULL);
INSERT INTO tokens (token_id, token, admin_id, created_at, valid_to, remote_addr, info, store_id, email) VALUES (729, 'X561822277a981599000000005e350ad800000000', 9, '2015-10-09 17:23:03.378619', '2015-10-09 17:23:03.382044', '10.0.1.124', 'block_list', NULL, NULL);
INSERT INTO tokens (token_id, token, admin_id, created_at, valid_to, remote_addr, info, store_id, email) VALUES (730, 'X5618222752f27cf6000000005a1eb45900000000', 9, '2015-10-09 17:23:03.382044', '2015-10-09 17:23:06.670218', '10.0.1.124', 'blocked_item', NULL, NULL);
INSERT INTO tokens (token_id, token, admin_id, created_at, valid_to, remote_addr, info, store_id, email) VALUES (731, 'X5618222b6d1d52f3000000001331edd100000000', 9, '2015-10-09 17:23:06.670218', '2015-10-09 17:23:12.306006', '10.0.1.124', 'block_rule', NULL, NULL);
INSERT INTO tokens (token_id, token, admin_id, created_at, valid_to, remote_addr, info, store_id, email) VALUES (732, 'X5618223059bd875b0000000054ff6c0500000000', 9, '2015-10-09 17:23:12.306006', '2015-10-09 17:23:28.058719', '10.0.1.124', 'block_list', NULL, NULL);
INSERT INTO tokens (token_id, token, admin_id, created_at, valid_to, remote_addr, info, store_id, email) VALUES (733, 'X561822401483be610000000039bd175400000000', 9, '2015-10-09 17:23:28.058719', '2015-10-09 17:23:28.148876', '10.0.1.124', 'block_rule', NULL, NULL);
INSERT INTO tokens (token_id, token, admin_id, created_at, valid_to, remote_addr, info, store_id, email) VALUES (734, 'X561822407c4d74460000000076b7309100000000', 9, '2015-10-09 17:23:28.148876', '2015-10-09 17:24:51.239971', '10.0.1.124', 'block_rule', NULL, NULL);
INSERT INTO tokens (token_id, token, admin_id, created_at, valid_to, remote_addr, info, store_id, email) VALUES (735, 'X5618229338c2e3cb000000004e1b5fac00000000', 9, '2015-10-09 17:24:51.239971', '2015-10-09 17:24:55.1829', '10.0.1.124', 'adqueues', NULL, NULL);
INSERT INTO tokens (token_id, token, admin_id, created_at, valid_to, remote_addr, info, store_id, email) VALUES (736, 'X561822971cf97f000000000271cf08400000000', 9, '2015-10-09 17:24:55.1829', '2015-10-09 17:25:01.987195', '10.0.1.124', 'listadmins', NULL, NULL);
INSERT INTO tokens (token_id, token, admin_id, created_at, valid_to, remote_addr, info, store_id, email) VALUES (737, 'X5618229e437b7ae0000000002e9cac2800000000', 9, '2015-10-09 17:25:01.987195', '2015-10-09 17:25:01.996644', '10.0.1.124', 'listadmins', NULL, NULL);
INSERT INTO tokens (token_id, token, admin_id, created_at, valid_to, remote_addr, info, store_id, email) VALUES (738, 'X5618229e94b4a76000000001a2f2e8c00000000', 9, '2015-10-09 17:25:01.996644', '2015-10-09 17:25:03.631457', '10.0.1.124', 'search_ads', NULL, NULL);
INSERT INTO tokens (token_id, token, admin_id, created_at, valid_to, remote_addr, info, store_id, email) VALUES (739, 'X561822a079f1b31d00000000572448f100000000', 9, '2015-10-09 17:25:03.631457', '2015-10-09 17:25:03.697785', '10.0.1.124', 'adqueues', NULL, NULL);
INSERT INTO tokens (token_id, token, admin_id, created_at, valid_to, remote_addr, info, store_id, email) VALUES (740, 'X561822a0fc672b9000000001270ba200000000', 9, '2015-10-09 17:25:03.697785', '2015-10-09 17:25:03.702309', '10.0.1.124', 'block_list', NULL, NULL);
INSERT INTO tokens (token_id, token, admin_id, created_at, valid_to, remote_addr, info, store_id, email) VALUES (741, 'X561822a0644ab2a10000000027e316db00000000', 9, '2015-10-09 17:25:03.702309', '2015-10-09 17:25:03.706317', '10.0.1.124', 'block_list', NULL, NULL);
INSERT INTO tokens (token_id, token, admin_id, created_at, valid_to, remote_addr, info, store_id, email) VALUES (742, 'X561822a022058a5700000000625060be00000000', 9, '2015-10-09 17:25:03.706317', '2015-10-09 17:25:06.938773', '10.0.1.124', 'block_list', NULL, NULL);
INSERT INTO tokens (token_id, token, admin_id, created_at, valid_to, remote_addr, info, store_id, email) VALUES (743, 'X561822a3f0b0d30000000003fcca2f700000000', 9, '2015-10-09 17:25:06.938773', '2015-10-09 17:25:10.045719', '10.0.1.124', 'unlock', NULL, NULL);
INSERT INTO tokens (token_id, token, admin_id, created_at, valid_to, remote_addr, info, store_id, email) VALUES (744, 'X561822a6279a397c000000005822d42c00000000', 9, '2015-10-09 17:25:10.045719', '2015-10-09 17:25:11.993874', '10.0.1.124', 'spamfilter', NULL, NULL);
INSERT INTO tokens (token_id, token, admin_id, created_at, valid_to, remote_addr, info, store_id, email) VALUES (745, 'X561822a82232b82600000000a664f2900000000', 9, '2015-10-09 17:25:11.993874', '2015-10-09 17:25:13.606237', '10.0.1.124', 'adqueues', NULL, NULL);
INSERT INTO tokens (token_id, token, admin_id, created_at, valid_to, remote_addr, info, store_id, email) VALUES (746, 'X561822aa62d36377000000004d1c421200000000', 9, '2015-10-09 17:25:13.606237', '2015-10-09 17:25:13.660731', '10.0.1.124', 'adqueues', NULL, NULL);
INSERT INTO tokens (token_id, token, admin_id, created_at, valid_to, remote_addr, info, store_id, email) VALUES (747, 'X561822aa79127ef300000000140e138100000000', 9, '2015-10-09 17:25:13.660731', '2015-10-09 17:25:13.664736', '10.0.1.124', 'block_list', NULL, NULL);
INSERT INTO tokens (token_id, token, admin_id, created_at, valid_to, remote_addr, info, store_id, email) VALUES (748, 'X561822aa3e0d18a600000000414e117400000000', 9, '2015-10-09 17:25:13.664736', '2015-10-09 17:25:13.668879', '10.0.1.124', 'block_list', NULL, NULL);
INSERT INTO tokens (token_id, token, admin_id, created_at, valid_to, remote_addr, info, store_id, email) VALUES (749, 'X561822aa1970e5a10000000079a4f00c00000000', 9, '2015-10-09 17:25:13.668879', '2015-10-09 17:25:16.33976', '10.0.1.124', 'block_list', NULL, NULL);
INSERT INTO tokens (token_id, token, admin_id, created_at, valid_to, remote_addr, info, store_id, email) VALUES (750, 'X561822ac73f49157000000006e82251a00000000', 9, '2015-10-09 17:25:16.33976', '2015-10-09 17:25:19.520153', '10.0.1.124', 'review', NULL, NULL);
INSERT INTO tokens (token_id, token, admin_id, created_at, valid_to, remote_addr, info, store_id, email) VALUES (751, 'X561822b013e8da0c000000001fd39eb000000000', 9, '2015-10-09 17:25:19.520153', '2015-10-09 17:25:20.882323', '10.0.1.124', 'adqueues', NULL, NULL);
INSERT INTO tokens (token_id, token, admin_id, created_at, valid_to, remote_addr, info, store_id, email) VALUES (752, 'X561822b145f425d8000000007076c0fd00000000', 9, '2015-10-09 17:25:20.882323', '2015-10-09 17:25:20.943919', '10.0.1.124', 'adqueues', NULL, NULL);
INSERT INTO tokens (token_id, token, admin_id, created_at, valid_to, remote_addr, info, store_id, email) VALUES (753, 'X561822b117ed856900000000491a415000000000', 9, '2015-10-09 17:25:20.943919', '2015-10-09 17:25:20.948185', '10.0.1.124', 'block_list', NULL, NULL);
INSERT INTO tokens (token_id, token, admin_id, created_at, valid_to, remote_addr, info, store_id, email) VALUES (754, 'X561822b16f10f501000000005133da900000000', 9, '2015-10-09 17:25:20.948185', '2015-10-09 17:25:20.953242', '10.0.1.124', 'block_list', NULL, NULL);
INSERT INTO tokens (token_id, token, admin_id, created_at, valid_to, remote_addr, info, store_id, email) VALUES (755, 'X561822b153fa92380000000045784f7d00000000', 9, '2015-10-09 17:25:20.953242', '2015-10-09 17:25:23.940082', '10.0.1.124', 'block_list', NULL, NULL);
INSERT INTO tokens (token_id, token, admin_id, created_at, valid_to, remote_addr, info, store_id, email) VALUES (756, 'X561822b4315b91460000000020f611400000000', 9, '2015-10-09 17:25:23.940082', '2015-10-09 18:25:23.940082', '10.0.1.124', 'review', NULL, NULL);
INSERT INTO ads (ad_id, list_id, list_time, status, type, name, phone, region, city, category, user_id, passwd, phone_hidden, no_salesmen, company_ad, subject, body, price, image, infopage, infopage_title, orig_list_time, old_price, store_id, salted_passwd, modified_at, lang) VALUES (127, 8000085, '2015-10-09 17:25:16', 'active', 'sell', 'javi', '123312', 15, 0, 5040, 60, NULL, false, false, false, 'Aviso para abuse2', '123123', 123123, NULL, NULL, NULL, NULL, NULL, NULL, '$1024$"b#LG,tp12av.~J<6ad9e85665fe6a4799db8858c0bd35cc6bd9fba0', '2015-10-09 17:25:16.342826', 'es');
INSERT INTO ads (ad_id, list_id, list_time, status, type, name, phone, region, city, category, user_id, passwd, phone_hidden, no_salesmen, company_ad, subject, body, price, image, infopage, infopage_title, orig_list_time, old_price, store_id, salted_passwd, modified_at, lang) VALUES (126, 8000086, '2015-10-09 17:25:23', 'active', 'sell', 'javi', '123312', 15, 0, 5020, 59, NULL, false, false, false, 'Aviso para abuse1', 'asdasd', 123123, NULL, NULL, NULL, NULL, NULL, NULL, '$1024$~!^Dk:UuL,p5Q$r`2688a381a7f12ae809380d4f3f7d7854f41d5005', '2015-10-09 17:25:23.943723', 'es');
INSERT INTO payment_groups (payment_group_id, code, status, added_at, parent_payment_group_id) VALUES (166, '633026231', 'verified', '2015-10-09 17:23:59.861299', NULL);
INSERT INTO payment_groups (payment_group_id, code, status, added_at, parent_payment_group_id) VALUES (167, '768418254', 'verified', '2015-10-09 17:24:46.682638', NULL);
INSERT INTO ad_actions (ad_id, action_id, action_type, current_state, state, queue, locked_by, locked_until, payment_group_id) VALUES (127, 1, 'new', 706, 'accepted', 'abuse', 9, '2015-10-09 17:30:13.608595', 167);
INSERT INTO ad_actions (ad_id, action_id, action_type, current_state, state, queue, locked_by, locked_until, payment_group_id) VALUES (126, 1, 'new', 708, 'accepted', 'abuse2', 9, '2015-10-09 17:30:20.8855', 166);
INSERT INTO action_params (ad_id, action_id, name, value) VALUES (126, 1, 'source', 'web');
INSERT INTO action_params (ad_id, action_id, name, value) VALUES (126, 1, 'redir', 'dW5rbm93bg==');
INSERT INTO action_params (ad_id, action_id, name, value) VALUES (127, 1, 'source', 'web');
INSERT INTO action_params (ad_id, action_id, name, value) VALUES (127, 1, 'redir', 'dW5rbm93bg==');
INSERT INTO action_states (ad_id, action_id, state_id, state, transition, "timestamp", remote_addr, token_id) VALUES (126, 1, 698, 'reg', 'initial', '2015-10-09 17:23:59.861299', '10.0.1.124', NULL);
INSERT INTO action_states (ad_id, action_id, state_id, state, transition, "timestamp", remote_addr, token_id) VALUES (126, 1, 699, 'unverified', 'verifymail', '2015-10-09 17:23:59.861299', '10.0.1.124', NULL);
INSERT INTO action_states (ad_id, action_id, state_id, state, transition, "timestamp", remote_addr, token_id) VALUES (126, 1, 700, 'pending_review', 'verify', '2015-10-09 17:23:59.905678', '10.0.1.124', NULL);
INSERT INTO action_states (ad_id, action_id, state_id, state, transition, "timestamp", remote_addr, token_id) VALUES (127, 1, 701, 'reg', 'initial', '2015-10-09 17:24:46.682638', '10.0.1.124', NULL);
INSERT INTO action_states (ad_id, action_id, state_id, state, transition, "timestamp", remote_addr, token_id) VALUES (127, 1, 702, 'unverified', 'verifymail', '2015-10-09 17:24:46.682638', '10.0.1.124', NULL);
INSERT INTO action_states (ad_id, action_id, state_id, state, transition, "timestamp", remote_addr, token_id) VALUES (127, 1, 703, 'pending_review', 'verify', '2015-10-09 17:24:46.706468', '10.0.1.124', NULL);
INSERT INTO action_states (ad_id, action_id, state_id, state, transition, "timestamp", remote_addr, token_id) VALUES (126, 1, 704, 'pending_review', 'newqueue', '2015-10-09 17:25:06.940325', '10.0.1.124', 742);
INSERT INTO action_states (ad_id, action_id, state_id, state, transition, "timestamp", remote_addr, token_id) VALUES (127, 1, 705, 'locked', 'checkout', '2015-10-09 17:25:13.608595', '10.0.1.124', 745);
INSERT INTO action_states (ad_id, action_id, state_id, state, transition, "timestamp", remote_addr, token_id) VALUES (127, 1, 706, 'accepted', 'accept', '2015-10-09 17:25:16.342826', '10.0.1.124', 749);
INSERT INTO action_states (ad_id, action_id, state_id, state, transition, "timestamp", remote_addr, token_id) VALUES (126, 1, 707, 'locked', 'checkout', '2015-10-09 17:25:20.8855', '10.0.1.124', 751);
INSERT INTO action_states (ad_id, action_id, state_id, state, transition, "timestamp", remote_addr, token_id) VALUES (126, 1, 708, 'accepted', 'accept', '2015-10-09 17:25:23.943723', '10.0.1.124', 755);
SELECT pg_catalog.setval('action_states_state_id_seq', 708, true);
INSERT INTO ad_codes (code, code_type) VALUES (24741, 'pay');
INSERT INTO ad_codes (code, code_type) VALUES (56764, 'pay');
INSERT INTO ad_image_changes (ad_id, action_id, state_id, seq_no, name, is_new) VALUES (127, 1, 706, 0, NULL, false);
INSERT INTO ad_image_changes (ad_id, action_id, state_id, seq_no, name, is_new) VALUES (126, 1, 708, 0, NULL, false);
INSERT INTO ad_params (ad_id, name, value) VALUES (126, 'communes', '296');
INSERT INTO ad_params (ad_id, name, value) VALUES (126, 'prev_currency', 'peso');
INSERT INTO ad_params (ad_id, name, value) VALUES (126, 'country', 'UNK');
INSERT INTO ad_params (ad_id, name, value) VALUES (127, 'communes', '298');
INSERT INTO ad_params (ad_id, name, value) VALUES (127, 'prev_currency', 'peso');
INSERT INTO ad_params (ad_id, name, value) VALUES (127, 'country', 'UNK');
SELECT pg_catalog.setval('ads_ad_id_seq', 127, true);
INSERT INTO block_lists (list_id, list_name, base_list, list_type, ignore) VALUES (100, 'mail to abuse', false, 'email', NULL);
SELECT pg_catalog.setval('block_lists_list_id_seq', 100, true);
INSERT INTO block_rules (rule_id, rule_name, action, application, combine_rule, count_yesterday, count_today, count_date, target) VALUES (100, 'mails to abuse', 'move_to_queue', 'clear', 'and', 0, 0, '2015-10-09', 'abuse');
INSERT INTO block_rule_conditions (condition_id, rule_id, list_id, whole_word, fields) VALUES (20, 100, 100, 0, '{email}');
SELECT pg_catalog.setval('block_rule_conditions_condition_id_seq', 20, true);
SELECT pg_catalog.setval('block_rules_rule_id_seq', 100, true);
INSERT INTO blocked_items (item_id, value, list_id, notice, token_id) VALUES (22, 'sapoculiao@gmail.com', 100, 'asd', 722);
INSERT INTO blocked_items (item_id, value, list_id, notice, token_id) VALUES (23, 'perkineitor@hotmail.com', 100, 'asd', 726);
SELECT pg_catalog.setval('blocked_items_item_id_seq', 23, true);
INSERT INTO event_log (event_id, event_name, event, token_id, "time") VALUES (9, 'block_list', 'INSERT list mail to abuse (email)', 719, '2015-10-09 17:22:37.523898');
INSERT INTO event_log (event_id, event_name, event, token_id, "time") VALUES (10, 'blocked_item', 'INSERT blocked_item sapoculiao@gmail.com, 100, "asd"', 722, '2015-10-09 17:22:51.873899');
INSERT INTO event_log (event_id, event_name, event, token_id, "time") VALUES (11, 'blocked_item', 'INSERT blocked_item perkineitor@hotmail.com, 100, "asd"', 726, '2015-10-09 17:22:59.364903');
INSERT INTO event_log (event_id, event_name, event, token_id, "time") VALUES (12, 'block_rule', 'INSERT Rule: mails to abuse', 732, '2015-10-09 17:23:28.060776');
SELECT pg_catalog.setval('event_log_event_id_seq', 12, true);
SELECT pg_catalog.setval('list_id_seq', 8000086, true);
SELECT pg_catalog.setval('pay_code_seq', 468, true);
INSERT INTO pay_log (pay_log_id, pay_type, amount, code, token_id, paid_at, payment_group_id, status) VALUES (213, 'save', 0, '633026231', NULL, '2015-10-09 17:24:00', 166, 'SAVE');
INSERT INTO pay_log (pay_log_id, pay_type, amount, code, token_id, paid_at, payment_group_id, status) VALUES (214, 'verify', 0, '633026231', NULL, '2015-10-09 17:24:00', 166, 'OK');
INSERT INTO pay_log (pay_log_id, pay_type, amount, code, token_id, paid_at, payment_group_id, status) VALUES (215, 'save', 0, '768418254', NULL, '2015-10-09 17:24:47', 167, 'SAVE');
INSERT INTO pay_log (pay_log_id, pay_type, amount, code, token_id, paid_at, payment_group_id, status) VALUES (216, 'verify', 0, '768418254', NULL, '2015-10-09 17:24:47', 167, 'OK');
SELECT pg_catalog.setval('pay_log_pay_log_id_seq', 216, true);
INSERT INTO pay_log_references (pay_log_id, ref_num, ref_type, reference) VALUES (213, 0, 'adphone', '123312');
INSERT INTO pay_log_references (pay_log_id, ref_num, ref_type, reference) VALUES (213, 1, 'remote_addr', '10.0.1.124');
INSERT INTO pay_log_references (pay_log_id, ref_num, ref_type, reference) VALUES (214, 0, 'remote_addr', '10.0.1.124');
INSERT INTO pay_log_references (pay_log_id, ref_num, ref_type, reference) VALUES (215, 0, 'adphone', '123312');
INSERT INTO pay_log_references (pay_log_id, ref_num, ref_type, reference) VALUES (215, 1, 'remote_addr', '10.0.1.124');
INSERT INTO pay_log_references (pay_log_id, ref_num, ref_type, reference) VALUES (216, 0, 'remote_addr', '10.0.1.124');
SELECT pg_catalog.setval('payment_groups_payment_group_id_seq', 167, true);
INSERT INTO payments (payment_group_id, payment_type, pay_amount, discount) VALUES (166, 'ad_action', 0, 0);
INSERT INTO payments (payment_group_id, payment_type, pay_amount, discount) VALUES (167, 'ad_action', 0, 0);
INSERT INTO review_log (ad_id, action_id, admin_id, review_time, queue, action_type, action, refusal_reason_text, category) VALUES (127, 1, 9, '2015-10-09 17:25:16.342826', 'abuse', 'new', 'accepted', NULL, 5040);
INSERT INTO review_log (ad_id, action_id, admin_id, review_time, queue, action_type, action, refusal_reason_text, category) VALUES (126, 1, 9, '2015-10-09 17:25:23.943723', 'abuse2', 'new', 'accepted', NULL, 5020);
INSERT INTO state_params (ad_id, action_id, state_id, name, value) VALUES (126, 1, 700, 'queue', 'normal');
INSERT INTO state_params (ad_id, action_id, state_id, name, value) VALUES (127, 1, 703, 'queue', 'abuse');
INSERT INTO state_params (ad_id, action_id, state_id, name, value) VALUES (126, 1, 704, 'queue', 'abuse2');
INSERT INTO state_params (ad_id, action_id, state_id, name, value) VALUES (127, 1, 706, 'filter_name', 'abuse');
INSERT INTO state_params (ad_id, action_id, state_id, name, value) VALUES (126, 1, 708, 'filter_name', 'abuse2');
SELECT pg_catalog.setval('tokens_token_id_seq', 756, true);
INSERT INTO trans_queue (trans_queue_id, added_at, added_by, execute_at, executed_at, executed_by, status, locked_at, locked_by, command, response, queue, sub_queue, info) VALUES (93, '2015-10-09 17:25:16.361608', '22273@sasha.schibsted.cl', NULL, NULL, NULL, NULL, NULL, NULL, 'cmd:admail
commit:1
ad_id:127
action_id:1
mail_type:accept
', NULL, 'accepted_mail', NULL, NULL);
INSERT INTO trans_queue (trans_queue_id, added_at, added_by, execute_at, executed_at, executed_by, status, locked_at, locked_by, command, response, queue, sub_queue, info) VALUES (94, '2015-10-09 17:25:23.961752', '22273@sasha.schibsted.cl', NULL, NULL, NULL, NULL, NULL, NULL, 'cmd:admail
commit:1
ad_id:126
action_id:1
mail_type:accept
', NULL, 'accepted_mail', NULL, NULL);
SELECT pg_catalog.setval('trans_queue_id_seq', 94, true);
INSERT INTO user_params (user_id, name, value) VALUES (59, 'first_inserted_ad', '2013-06-04 10:51:58.847484-04');
INSERT INTO user_params (user_id, name, value) VALUES (60, 'first_inserted_ad', '2013-06-04 10:51:58.847484-04');
INSERT INTO user_params (user_id, name, value) VALUES (60, 'first_approved_ad', '2015-10-09 17:25:16.342826-03');
INSERT INTO user_params (user_id, name, value) VALUES (59, 'first_approved_ad', '2015-10-09 17:25:23.943723-03');
SELECT pg_catalog.setval('users_user_id_seq', 60, true);

--Change all passwords to 123123123
update ads set salted_passwd =  E'$1024$2y1bQ}VYRD}zF4QCbf07a971b784888658a20e62156de64dfde5ffb6', passwd = null;
update accounts set salted_passwd =  E'$1024$2y1bQ}VYRD}zF4QCbf07a971b784888658a20e62156de64dfde5ffb6';
