INSERT INTO tokens (token_id, token, admin_id, created_at, valid_to, remote_addr, info, store_id, email) VALUES (715, 'X55e46c5d7fe15112000000006a7fdacb00000000', 9, '2015-08-31 12:01:49.133171', '2015-08-31 12:01:49.221963', '10.0.1.109', 'authenticate', NULL, NULL);
INSERT INTO tokens (token_id, token, admin_id, created_at, valid_to, remote_addr, info, store_id, email) VALUES (716, 'X55e46c5d430f60c7000000006a014b8900000000', 9, '2015-08-31 12:01:49.221963', '2015-08-31 12:01:56.462586', '10.0.1.109', 'spamfilter', NULL, NULL);
INSERT INTO tokens (token_id, token, admin_id, created_at, valid_to, remote_addr, info, store_id, email) VALUES (717, 'X55e46c6411bc509b0000000054f936d900000000', 9, '2015-08-31 12:01:56.462586', '2015-08-31 12:03:39.221723', '10.0.1.109', 'listadmins', NULL, NULL);
INSERT INTO tokens (token_id, token, admin_id, created_at, valid_to, remote_addr, info, store_id, email) VALUES (718, 'X55e46ccb67025886000000001ac47ab00000000', 9, '2015-08-31 12:03:39.221723', '2015-08-31 12:03:39.237612', '10.0.1.109', 'listadmins', NULL, NULL);
INSERT INTO tokens (token_id, token, admin_id, created_at, valid_to, remote_addr, info, store_id, email) VALUES (719, 'X55e46ccb7ca2e2a5000000004627cbc800000000', 9, '2015-08-31 12:03:39.237612', '2015-08-31 12:03:43.18846', '10.0.1.109', 'search_ads', NULL, NULL);
INSERT INTO tokens (token_id, token, admin_id, created_at, valid_to, remote_addr, info, store_id, email) VALUES (720, 'X55e46ccf46e2e26e00000000b4c98cf00000000', 9, '2015-08-31 12:03:43.18846', '2015-08-31 12:03:50.588061', '10.0.1.109', 'spamfilter', NULL, NULL);
INSERT INTO tokens (token_id, token, admin_id, created_at, valid_to, remote_addr, info, store_id, email) VALUES (721, 'X55e46cd736f3aaf8000000002aa365d900000000', 9, '2015-08-31 12:03:50.588061', '2015-08-31 12:03:51.797574', '10.0.1.109', 'listadmins', NULL, NULL);
INSERT INTO tokens (token_id, token, admin_id, created_at, valid_to, remote_addr, info, store_id, email) VALUES (722, 'X55e46cd865c493be000000002ddf1eae00000000', 9, '2015-08-31 12:03:51.797574', '2015-08-31 12:03:55.84768', '10.0.1.109', 'listadmins', NULL, NULL);
INSERT INTO tokens (token_id, token, admin_id, created_at, valid_to, remote_addr, info, store_id, email) VALUES (723, 'X55e46cdc1889197700000000139514ca00000000', 9, '2015-08-31 12:03:55.84768', '2015-08-31 12:03:55.860468', '10.0.1.109', 'saveadmin', NULL, NULL);
INSERT INTO tokens (token_id, token, admin_id, created_at, valid_to, remote_addr, info, store_id, email) VALUES (724, 'X55e46cdc100ca3c1000000004203565a00000000', 9, '2015-08-31 12:03:55.860468', '2015-08-31 12:03:56.782492', '10.0.1.109', 'listadmins', NULL, NULL);
INSERT INTO tokens (token_id, token, admin_id, created_at, valid_to, remote_addr, info, store_id, email) VALUES (725, 'X55e46ce3307ac7b0000000007e65031800000000', 9, '2015-08-31 12:04:02.791057', '2015-08-31 12:04:02.873555', '10.0.1.109', 'authenticate', NULL, NULL);
INSERT INTO tokens (token_id, token, admin_id, created_at, valid_to, remote_addr, info, store_id, email) VALUES (726, 'X55e46ce3197fb5120000000017dfcfd200000000', 9, '2015-08-31 12:04:02.873555', '2015-08-31 12:05:57.243202', '10.0.1.109', 'spamfilter', NULL, NULL);
INSERT INTO tokens (token_id, token, admin_id, created_at, valid_to, remote_addr, info, store_id, email) VALUES (727, 'X55e46d5526a2f026000000008e26af300000000', 9, '2015-08-31 12:05:57.243202', '2015-08-31 12:06:00.621258', '10.0.1.109', 'listadmins', NULL, NULL);
INSERT INTO tokens (token_id, token, admin_id, created_at, valid_to, remote_addr, info, store_id, email) VALUES (728, 'X55e46d5927864b660000000079b4842200000000', 9, '2015-08-31 12:06:00.621258', '2015-08-31 12:06:00.632661', '10.0.1.109', 'listadmins', NULL, NULL);
INSERT INTO tokens (token_id, token, admin_id, created_at, valid_to, remote_addr, info, store_id, email) VALUES (729, 'X55e46d596e3983d7000000002db8692a00000000', 9, '2015-08-31 12:06:00.632661', '2015-08-31 12:06:06.887789', '10.0.1.109', 'search_ads', NULL, NULL);
INSERT INTO tokens (token_id, token, admin_id, created_at, valid_to, remote_addr, info, store_id, email) VALUES (730, 'X55e46d5f285a0466000000001c8dae800000000', 9, '2015-08-31 12:06:06.887789', '2015-08-31 12:06:14.748258', '10.0.1.109', 'add_gallery', NULL, NULL);
INSERT INTO tokens (token_id, token, admin_id, created_at, valid_to, remote_addr, info, store_id, email) VALUES (731, 'X55e46d6716f7794000000000686cc8e200000000', 9, '2015-08-31 12:06:14.748258', '2015-08-31 12:06:14.760374', '10.0.1.109', 'listadmins', NULL, NULL);
INSERT INTO tokens (token_id, token, admin_id, created_at, valid_to, remote_addr, info, store_id, email) VALUES (732, 'X55e46d673ce9d33e000000006f2e3ada00000000', 9, '2015-08-31 12:06:14.760374', '2015-08-31 12:06:18.690098', '10.0.1.109', 'search_ads', NULL, NULL);
INSERT INTO tokens (token_id, token, admin_id, created_at, valid_to, remote_addr, info, store_id, email) VALUES (733, 'X55e46d6b6ecbf89f000000002ac9971e00000000', 9, '2015-08-31 12:06:18.690098', '2015-08-31 12:06:26.933528', '10.0.1.109', 'add_gallery', NULL, NULL);
INSERT INTO tokens (token_id, token, admin_id, created_at, valid_to, remote_addr, info, store_id, email) VALUES (734, 'X55e46d732fc09c5b00000000915079700000000', 9, '2015-08-31 12:06:26.933528', '2015-08-31 12:06:26.945053', '10.0.1.109', 'listadmins', NULL, NULL);
INSERT INTO tokens (token_id, token, admin_id, created_at, valid_to, remote_addr, info, store_id, email) VALUES (735, 'X55e46d7373918d22000000002001be1300000000', 9, '2015-08-31 12:06:26.945053', '2015-08-31 12:06:30.662702', '10.0.1.109', 'search_ads', NULL, NULL);
INSERT INTO tokens (token_id, token, admin_id, created_at, valid_to, remote_addr, info, store_id, email) VALUES (736, 'X55e46d773bf49dfa0000000040b967ce00000000', 9, '2015-08-31 12:06:30.662702', '2015-08-31 12:06:35.536642', '10.0.1.109', 'add_gallery', NULL, NULL);
INSERT INTO tokens (token_id, token, admin_id, created_at, valid_to, remote_addr, info, store_id, email) VALUES (737, 'X55e46d7c42d5e24e000000005e76679100000000', 9, '2015-08-31 12:06:35.536642', '2015-08-31 12:06:35.547541', '10.0.1.109', 'listadmins', NULL, NULL);
INSERT INTO tokens (token_id, token, admin_id, created_at, valid_to, remote_addr, info, store_id, email) VALUES (738, 'X55e46d7c52cb2c2400000000727a2e9300000000', 9, '2015-08-31 12:06:35.547541', '2015-08-31 12:06:38.862263', '10.0.1.109', 'search_ads', NULL, NULL);
INSERT INTO tokens (token_id, token, admin_id, created_at, valid_to, remote_addr, info, store_id, email) VALUES (739, 'X55e46d7f31e22d150000000074f7efcd00000000', 9, '2015-08-31 12:06:38.862263', '2015-08-31 12:06:44.413715', '10.0.1.109', 'add_gallery', NULL, NULL);
INSERT INTO tokens (token_id, token, admin_id, created_at, valid_to, remote_addr, info, store_id, email) VALUES (740, 'X55e46d847628226b0000000062edc3e100000000', 9, '2015-08-31 12:06:44.413715', '2015-08-31 12:06:44.425007', '10.0.1.109', 'listadmins', NULL, NULL);
INSERT INTO tokens (token_id, token, admin_id, created_at, valid_to, remote_addr, info, store_id, email) VALUES (741, 'X55e46d84212e675300000000212c351d00000000', 9, '2015-08-31 12:06:44.425007', '2015-08-31 12:06:47.847303', '10.0.1.109', 'search_ads', NULL, NULL);
INSERT INTO tokens (token_id, token, admin_id, created_at, valid_to, remote_addr, info, store_id, email) VALUES (742, 'X55e46d884ed43798000000004db6fb9300000000', 9, '2015-08-31 12:06:47.847303', '2015-08-31 12:06:52.851014', '10.0.1.109', 'add_gallery', NULL, NULL);
INSERT INTO tokens (token_id, token, admin_id, created_at, valid_to, remote_addr, info, store_id, email) VALUES (743, 'X55e46d8d26a513fd00000000455b731e00000000', 9, '2015-08-31 12:06:52.851014', '2015-08-31 12:06:52.862334', '10.0.1.109', 'listadmins', NULL, NULL);
INSERT INTO tokens (token_id, token, admin_id, created_at, valid_to, remote_addr, info, store_id, email) VALUES (744, 'X55e46d8d7227ee140000000071af313600000000', 9, '2015-08-31 12:06:52.862334', '2015-08-31 12:06:57.086188', '10.0.1.109', 'search_ads', NULL, NULL);
INSERT INTO tokens (token_id, token, admin_id, created_at, valid_to, remote_addr, info, store_id, email) VALUES (745, 'X55e46d91625814c6000000007ee285f300000000', 9, '2015-08-31 12:06:57.086188', '2015-08-31 12:07:04.532423', '10.0.1.109', 'add_gallery', NULL, NULL);
INSERT INTO tokens (token_id, token, admin_id, created_at, valid_to, remote_addr, info, store_id, email) VALUES (746, 'X55e46d9933f55fda00000000771edab200000000', 9, '2015-08-31 12:07:04.532423', '2015-08-31 12:07:04.544214', '10.0.1.109', 'listadmins', NULL, NULL);
INSERT INTO tokens (token_id, token, admin_id, created_at, valid_to, remote_addr, info, store_id, email) VALUES (747, 'X55e46d995253fd6a0000000019aebc6700000000', 9, '2015-08-31 12:07:04.544214', '2015-08-31 12:07:10.284815', '10.0.1.109', 'search_ads', NULL, NULL);
INSERT INTO tokens (token_id, token, admin_id, created_at, valid_to, remote_addr, info, store_id, email) VALUES (748, 'X55e46d9e52da346500000000796ed05300000000', 9, '2015-08-31 12:07:10.284815', '2015-08-31 12:10:35.069334', '10.0.1.109', 'add_gallery', NULL, NULL);
INSERT INTO tokens (token_id, token, admin_id, created_at, valid_to, remote_addr, info, store_id, email) VALUES (749, 'X55e46e6b62ffac6900000000174c08cc00000000', 9, '2015-08-31 12:10:35.069334', '2015-08-31 12:10:35.084129', '10.0.1.109', 'listadmins', NULL, NULL);
INSERT INTO tokens (token_id, token, admin_id, created_at, valid_to, remote_addr, info, store_id, email) VALUES (750, 'X55e46e6b3491b12a000000001247547800000000', 9, '2015-08-31 12:10:35.084129', '2015-08-31 12:10:37.69674', '10.0.1.109', 'search_ads', NULL, NULL);
INSERT INTO tokens (token_id, token, admin_id, created_at, valid_to, remote_addr, info, store_id, email) VALUES (751, 'X55e46e6e2b5722d7000000003ca0608600000000', 9, '2015-08-31 12:10:37.69674', '2015-08-31 12:10:37.74279', '10.0.1.109', 'adqueues', NULL, NULL);
INSERT INTO tokens (token_id, token, admin_id, created_at, valid_to, remote_addr, info, store_id, email) VALUES (752, 'X55e46e6e677fb94c000000004293e33300000000', 9, '2015-08-31 12:10:37.74279', '2015-08-31 12:10:37.747727', '10.0.1.109', 'block_list', NULL, NULL);
INSERT INTO tokens (token_id, token, admin_id, created_at, valid_to, remote_addr, info, store_id, email) VALUES (753, 'X55e46e6e602891ca000000005164211e00000000', 9, '2015-08-31 12:10:37.747727', '2015-08-31 12:10:37.752508', '10.0.1.109', 'block_list', NULL, NULL);
INSERT INTO tokens (token_id, token, admin_id, created_at, valid_to, remote_addr, info, store_id, email) VALUES (754, 'X55e46e6e2bbf4d89000000006fd25b200000000', 9, '2015-08-31 12:10:37.752508', '2015-08-31 12:10:41.300922', '10.0.1.109', 'block_list', NULL, NULL);
INSERT INTO tokens (token_id, token, admin_id, created_at, valid_to, remote_addr, info, store_id, email) VALUES (755, 'X55e46e715bd650fa000000006538b41f00000000', 9, '2015-08-31 12:10:41.300922', '2015-08-31 13:10:41.300922', '10.0.1.109', 'review', NULL, NULL);

INSERT INTO ads (ad_id, list_id, list_time, status, type, name, phone, region, city, category, user_id, passwd, phone_hidden, no_salesmen, company_ad, subject, body, price, image, infopage, infopage_title, orig_list_time, old_price, store_id, salted_passwd, modified_at, lang) VALUES (126, 8000085, '2015-08-31 12:10:41', 'active', 'sell', 'blocket', '26437660', 15, 0, 1020, 5, NULL, false, false, true, 'Depto prepaid5', 'asd', NULL, NULL, NULL, NULL, NULL, NULL, NULL, '$1024$''zs5ZqQ 7yWf5*+ 230ce84a3a219bf2eba14d169c8771e057e81411', '2015-08-31 12:10:41.303554', 'es');

INSERT INTO payment_groups (payment_group_id, code, status, added_at, parent_payment_group_id) VALUES (166, '633026231', 'verified', '2015-08-31 12:10:23.876777', NULL);

INSERT INTO ad_actions (ad_id, action_id, action_type, current_state, state, queue, locked_by, locked_until, payment_group_id) VALUES (30, 2, 'gallery', 699, 'accepted', 'normal', NULL, NULL, NULL);
INSERT INTO ad_actions (ad_id, action_id, action_type, current_state, state, queue, locked_by, locked_until, payment_group_id) VALUES (29, 2, 'gallery', 701, 'accepted', 'normal', NULL, NULL, NULL);
INSERT INTO ad_actions (ad_id, action_id, action_type, current_state, state, queue, locked_by, locked_until, payment_group_id) VALUES (28, 2, 'gallery', 703, 'accepted', 'normal', NULL, NULL, NULL);
INSERT INTO ad_actions (ad_id, action_id, action_type, current_state, state, queue, locked_by, locked_until, payment_group_id) VALUES (27, 2, 'gallery', 705, 'accepted', 'normal', NULL, NULL, NULL);
INSERT INTO ad_actions (ad_id, action_id, action_type, current_state, state, queue, locked_by, locked_until, payment_group_id) VALUES (26, 2, 'gallery', 707, 'accepted', 'normal', NULL, NULL, NULL);
INSERT INTO ad_actions (ad_id, action_id, action_type, current_state, state, queue, locked_by, locked_until, payment_group_id) VALUES (25, 2, 'gallery', 709, 'accepted', 'normal', NULL, NULL, NULL);
INSERT INTO ad_actions (ad_id, action_id, action_type, current_state, state, queue, locked_by, locked_until, payment_group_id) VALUES (24, 2, 'gallery', 711, 'accepted', 'normal', NULL, NULL, NULL);
INSERT INTO ad_actions (ad_id, action_id, action_type, current_state, state, queue, locked_by, locked_until, payment_group_id) VALUES (126, 1, 'new', 715, 'accepted', 'normal', NULL, NULL, 166);

INSERT INTO action_params (ad_id, action_id, name, value) VALUES (126, 1, 'source', 'web');
INSERT INTO action_params (ad_id, action_id, name, value) VALUES (126, 1, 'redir', 'dW5rbm93bg==');

INSERT INTO action_states (ad_id, action_id, state_id, state, transition, "timestamp", remote_addr, token_id) VALUES (30, 2, 698, 'reg', 'initial', '2015-08-31 12:06:06.890004', '10.0.1.109', 729);
INSERT INTO action_states (ad_id, action_id, state_id, state, transition, "timestamp", remote_addr, token_id) VALUES (30, 2, 699, 'accepted', 'adminclear', '2015-08-31 12:06:06.890004', '10.0.1.109', 729);
INSERT INTO action_states (ad_id, action_id, state_id, state, transition, "timestamp", remote_addr, token_id) VALUES (29, 2, 700, 'reg', 'initial', '2015-08-31 12:06:18.691767', '10.0.1.109', 732);
INSERT INTO action_states (ad_id, action_id, state_id, state, transition, "timestamp", remote_addr, token_id) VALUES (29, 2, 701, 'accepted', 'adminclear', '2015-08-31 12:06:18.691767', '10.0.1.109', 732);
INSERT INTO action_states (ad_id, action_id, state_id, state, transition, "timestamp", remote_addr, token_id) VALUES (28, 2, 702, 'reg', 'initial', '2015-08-31 12:06:30.663795', '10.0.1.109', 735);
INSERT INTO action_states (ad_id, action_id, state_id, state, transition, "timestamp", remote_addr, token_id) VALUES (28, 2, 703, 'accepted', 'adminclear', '2015-08-31 12:06:30.663795', '10.0.1.109', 735);
INSERT INTO action_states (ad_id, action_id, state_id, state, transition, "timestamp", remote_addr, token_id) VALUES (27, 2, 704, 'reg', 'initial', '2015-08-31 12:06:38.863718', '10.0.1.109', 738);
INSERT INTO action_states (ad_id, action_id, state_id, state, transition, "timestamp", remote_addr, token_id) VALUES (27, 2, 705, 'accepted', 'adminclear', '2015-08-31 12:06:38.863718', '10.0.1.109', 738);
INSERT INTO action_states (ad_id, action_id, state_id, state, transition, "timestamp", remote_addr, token_id) VALUES (26, 2, 706, 'reg', 'initial', '2015-08-31 12:06:47.848601', '10.0.1.109', 741);
INSERT INTO action_states (ad_id, action_id, state_id, state, transition, "timestamp", remote_addr, token_id) VALUES (26, 2, 707, 'accepted', 'adminclear', '2015-08-31 12:06:47.848601', '10.0.1.109', 741);
INSERT INTO action_states (ad_id, action_id, state_id, state, transition, "timestamp", remote_addr, token_id) VALUES (25, 2, 708, 'reg', 'initial', '2015-08-31 12:06:57.087584', '10.0.1.109', 744);
INSERT INTO action_states (ad_id, action_id, state_id, state, transition, "timestamp", remote_addr, token_id) VALUES (25, 2, 709, 'accepted', 'adminclear', '2015-08-31 12:06:57.087584', '10.0.1.109', 744);
INSERT INTO action_states (ad_id, action_id, state_id, state, transition, "timestamp", remote_addr, token_id) VALUES (24, 2, 710, 'reg', 'initial', '2015-08-31 12:07:10.286145', '10.0.1.109', 747);
INSERT INTO action_states (ad_id, action_id, state_id, state, transition, "timestamp", remote_addr, token_id) VALUES (24, 2, 711, 'accepted', 'adminclear', '2015-08-31 12:07:10.286145', '10.0.1.109', 747);
INSERT INTO action_states (ad_id, action_id, state_id, state, transition, "timestamp", remote_addr, token_id) VALUES (126, 1, 712, 'reg', 'initial', '2015-08-31 12:10:23.876777', '10.0.1.109', NULL);
INSERT INTO action_states (ad_id, action_id, state_id, state, transition, "timestamp", remote_addr, token_id) VALUES (126, 1, 713, 'unverified', 'verifymail', '2015-08-31 12:10:23.876777', '10.0.1.109', NULL);
INSERT INTO action_states (ad_id, action_id, state_id, state, transition, "timestamp", remote_addr, token_id) VALUES (126, 1, 714, 'pending_review', 'verify', '2015-08-31 12:10:23.905363', '10.0.1.109', NULL);
INSERT INTO action_states (ad_id, action_id, state_id, state, transition, "timestamp", remote_addr, token_id) VALUES (126, 1, 715, 'accepted', 'accept', '2015-08-31 12:10:41.303554', '10.0.1.109', 754);
SELECT pg_catalog.setval('action_states_state_id_seq', 715, true);
INSERT INTO ad_changes (ad_id, action_id, state_id, is_param, column_name, old_value, new_value) VALUES (30, 2, 699, true, 'gallery', NULL, '2015-08-31 12:16:06');
INSERT INTO ad_changes (ad_id, action_id, state_id, is_param, column_name, old_value, new_value) VALUES (29, 2, 701, true, 'gallery', NULL, '2015-08-31 12:16:18');
INSERT INTO ad_changes (ad_id, action_id, state_id, is_param, column_name, old_value, new_value) VALUES (28, 2, 703, true, 'gallery', NULL, '2015-08-31 12:16:30');
INSERT INTO ad_changes (ad_id, action_id, state_id, is_param, column_name, old_value, new_value) VALUES (27, 2, 705, true, 'gallery', NULL, '2015-08-31 12:16:38');
INSERT INTO ad_changes (ad_id, action_id, state_id, is_param, column_name, old_value, new_value) VALUES (26, 2, 707, true, 'gallery', NULL, '2015-08-31 12:16:47');
INSERT INTO ad_changes (ad_id, action_id, state_id, is_param, column_name, old_value, new_value) VALUES (25, 2, 709, true, 'gallery', NULL, '2015-08-31 12:16:57');
INSERT INTO ad_changes (ad_id, action_id, state_id, is_param, column_name, old_value, new_value) VALUES (24, 2, 711, true, 'gallery', NULL, '2015-08-31 12:17:10');
INSERT INTO ad_codes (code, code_type) VALUES (24741, 'pay');
INSERT INTO ad_image_changes (ad_id, action_id, state_id, seq_no, name, is_new) VALUES (126, 1, 715, 0, '0108523319.jpg', false);
INSERT INTO ad_images_digests (ad_id, name, digest, uid, previously_inserted) VALUES (126, '0108523319.jpg', '1890f649bfe523a7fd5146c16f322424', 5, false);
INSERT INTO ad_media (ad_media_id, ad_id, seq_no, upload_time, media_type, width, height, length) VALUES (0108523319, 126, 0, '2015-08-31 12:10:21.751393', 'image', NULL, NULL, NULL);
INSERT INTO ad_params (ad_id, name, value) VALUES (30, 'gallery', NOW() + INTERVAL '1 day');
INSERT INTO ad_params (ad_id, name, value) VALUES (29, 'gallery', NOW() + INTERVAL '1 day');
INSERT INTO ad_params (ad_id, name, value) VALUES (28, 'gallery', NOW() + INTERVAL '1 day');
INSERT INTO ad_params (ad_id, name, value) VALUES (27, 'gallery', NOW() + INTERVAL '1 day');
INSERT INTO ad_params (ad_id, name, value) VALUES (26, 'gallery', NOW() + INTERVAL '1 day');
INSERT INTO ad_params (ad_id, name, value) VALUES (25, 'gallery', NOW() + INTERVAL '1 day');
INSERT INTO ad_params (ad_id, name, value) VALUES (24, 'gallery', NOW() + INTERVAL '1 day');
INSERT INTO ad_params (ad_id, name, value) VALUES (126, 'rooms', '1');
INSERT INTO ad_params (ad_id, name, value) VALUES (126, 'communes', '315');
INSERT INTO ad_params (ad_id, name, value) VALUES (126, 'prev_currency', 'peso');
INSERT INTO ad_params (ad_id, name, value) VALUES (126, 'country', 'UNK');
SELECT pg_catalog.setval('ads_ad_id_seq', 126, true);
SELECT pg_catalog.setval('list_id_seq', 8000085, true);
SELECT pg_catalog.setval('next_image_id', 1, true);
SELECT pg_catalog.setval('pay_code_seq', 467, true);
INSERT INTO pay_log (pay_log_id, pay_type, amount, code, token_id, paid_at, payment_group_id, status) VALUES (213, 'save', 0, '633026231', NULL, '2015-08-31 12:10:24', 166, 'SAVE');
INSERT INTO pay_log (pay_log_id, pay_type, amount, code, token_id, paid_at, payment_group_id, status) VALUES (214, 'verify', 0, '633026231', NULL, '2015-08-31 12:10:24', 166, 'OK');
SELECT pg_catalog.setval('pay_log_pay_log_id_seq', 214, true);
INSERT INTO pay_log_references (pay_log_id, ref_num, ref_type, reference) VALUES (213, 0, 'adphone', '26437660');
INSERT INTO pay_log_references (pay_log_id, ref_num, ref_type, reference) VALUES (213, 1, 'remote_addr', '10.0.1.109');
INSERT INTO pay_log_references (pay_log_id, ref_num, ref_type, reference) VALUES (214, 0, 'remote_addr', '10.0.1.109');
SELECT pg_catalog.setval('payment_groups_payment_group_id_seq', 166, true);
INSERT INTO payments (payment_group_id, payment_type, pay_amount, discount) VALUES (166, 'ad_action', 0, 0);
INSERT INTO review_log (ad_id, action_id, admin_id, review_time, queue, action_type, action, refusal_reason_text, category) VALUES (126, 1, 9, '2015-08-31 12:10:41.303554', 'all', 'new', 'accepted', NULL, 1020);
INSERT INTO state_params (ad_id, action_id, state_id, name, value) VALUES (126, 1, 714, 'queue', 'normal');
INSERT INTO state_params (ad_id, action_id, state_id, name, value) VALUES (126, 1, 715, 'filter_name', 'all');
SELECT pg_catalog.setval('tokens_token_id_seq', 755, true);
SELECT pg_catalog.setval('trans_queue_id_seq', 93, true);

--Migrate inmo ads
select * from bpv.migrate_ads_inmo();

--Change all passwords to 123123123
update ads set salted_passwd =  E'$1024$2y1bQ}VYRD}zF4QCbf07a971b784888658a20e62156de64dfde5ffb6', passwd = null;
update accounts set salted_passwd =  E'$1024$2y1bQ}VYRD}zF4QCbf07a971b784888658a20e62156de64dfde5ffb6';
