INSERT INTO users (user_id, uid, email, account, paid_total) VALUES (64, 50, '20_packs_to_disabled@yapo.cl', 0, 0);
INSERT INTO accounts (account_id, name, rut, email, phone, is_company, region, salted_passwd, creation_date, activation_date, status, address, contact, lob, commune, user_id) VALUES (13, '20_packs_to_disabled', '', '20_packs_to_disabled@yapo.cl', '1234567', false, 15, '$1024$anT5+6L9nS}y,\\$M33f2f05846512aa85bbc24ef781586cef31c9c9b', '2015-04-02 10:28:22.096615', '2015-04-02 10:28:32.077589', 'active', NULL, NULL, NULL, NULL, 64);
INSERT INTO account_params (account_id, name, value) VALUES (13, 'is_pro_for', '2020');
INSERT INTO account_params (account_id, name, value) VALUES (13, 'available_slots', '0');
SELECT pg_catalog.setval('accounts_account_id_seq', 13, true);
INSERT INTO ads (ad_id, list_id, list_time, status, type, name, phone, region, city, category, user_id, passwd, phone_hidden, no_salesmen, company_ad, subject, body, price, image, infopage, infopage_title, orig_list_time, old_price, store_id, salted_passwd, modified_at, lang) VALUES (171, 8000129, '2015-04-02 10:42:45', 'disabled', 'sell', '20_packs_to_disabled', '1234567', 15, 0, 2020, 64, NULL, false, false, false, 'Chery Face 2011', 'Cacharrito1', 2000000, NULL, NULL, NULL, NULL, NULL, NULL, '$1024$anT5+6L9nS}y,\\$M33f2f05846512aa85bbc24ef781586cef31c9c9b', '2015-04-02 10:42:45.02591', 'es');
INSERT INTO ads (ad_id, list_id, list_time, status, type, name, phone, region, city, category, user_id, passwd, phone_hidden, no_salesmen, company_ad, subject, body, price, image, infopage, infopage_title, orig_list_time, old_price, store_id, salted_passwd, modified_at, lang) VALUES (172, 8000130, '2015-04-02 10:43:46', 'disabled', 'sell', '20_packs_to_disabled', '1234567', 15, 0, 2020, 64, NULL, false, false, true, 'Byd F3 2010', 'Cacharrito2', NULL, NULL, NULL, NULL, NULL, NULL, NULL, '$1024$anT5+6L9nS}y,\\$M33f2f05846512aa85bbc24ef781586cef31c9c9b', '2015-04-02 10:43:46.041442', 'es');
INSERT INTO ads (ad_id, list_id, list_time, status, type, name, phone, region, city, category, user_id, passwd, phone_hidden, no_salesmen, company_ad, subject, body, price, image, infopage, infopage_title, orig_list_time, old_price, store_id, salted_passwd, modified_at, lang) VALUES (178, 8000136, '2015-04-02 10:51:17', 'disabled', 'sell', '20_packs_to_disabled', '1234567', 15, 0, 2020, 64, NULL, false, false, true, 'Ferrari 458 2011', 'Cacharrito7', NULL, NULL, NULL, NULL, NULL, NULL, NULL, '$1024$anT5+6L9nS}y,\\$M33f2f05846512aa85bbc24ef781586cef31c9c9b', '2015-04-02 10:51:17.542326', 'es');
INSERT INTO ads (ad_id, list_id, list_time, status, type, name, phone, region, city, category, user_id, passwd, phone_hidden, no_salesmen, company_ad, subject, body, price, image, infopage, infopage_title, orig_list_time, old_price, store_id, salted_passwd, modified_at, lang) VALUES (173, 8000131, '2015-04-02 10:44:31', 'disabled', 'sell', '20_packs_to_disabled', '1234567', 15, 0, 2020, 64, NULL, false, false, true, 'Aro Dacia 2009', 'Cacharrito3', 2000000, NULL, NULL, NULL, NULL, NULL, NULL, '$1024$anT5+6L9nS}y,\\$M33f2f05846512aa85bbc24ef781586cef31c9c9b', '2015-04-02 10:44:31.107757', 'es');
INSERT INTO ads (ad_id, list_id, list_time, status, type, name, phone, region, city, category, user_id, passwd, phone_hidden, no_salesmen, company_ad, subject, body, price, image, infopage, infopage_title, orig_list_time, old_price, store_id, salted_passwd, modified_at, lang) VALUES (174, 8000132, '2015-04-02 10:45:22', 'disabled', 'sell', '20_packs_to_disabled', '1234567', 15, 0, 2020, 64, NULL, false, false, true, 'American Motors Cherokee 2014', 'Cacharrito4', 8000000, NULL, NULL, NULL, NULL, NULL, NULL, '$1024$anT5+6L9nS}y,\\$M33f2f05846512aa85bbc24ef781586cef31c9c9b', '2015-04-02 10:45:22.904867', 'es');
INSERT INTO ads (ad_id, list_id, list_time, status, type, name, phone, region, city, category, user_id, passwd, phone_hidden, no_salesmen, company_ad, subject, body, price, image, infopage, infopage_title, orig_list_time, old_price, store_id, salted_passwd, modified_at, lang) VALUES (175, 8000133, '2015-04-02 10:46:43', 'disabled', 'sell', '20_packs_to_disabled', '1234567', 15, 0, 2020, 64, NULL, false, false, true, 'Chevrolet Astra 1998', 'Cacharrito5', 2000000, NULL, NULL, NULL, NULL, NULL, NULL, '$1024$anT5+6L9nS}y,\\$M33f2f05846512aa85bbc24ef781586cef31c9c9b', '2015-04-02 10:46:43.93553', 'es');
INSERT INTO ads (ad_id, list_id, list_time, status, type, name, phone, region, city, category, user_id, passwd, phone_hidden, no_salesmen, company_ad, subject, body, price, image, infopage, infopage_title, orig_list_time, old_price, store_id, salted_passwd, modified_at, lang) VALUES (176, 8000134, '2015-04-02 10:47:23', 'disabled', 'sell', '20_packs_to_disabled', '1234567', 15, 0, 2020, 64, NULL, false, false, true, 'Daewoo Lanos 2003', 'Cacharrito6', NULL, NULL, NULL, NULL, NULL, NULL, NULL, '$1024$anT5+6L9nS}y,\\$M33f2f05846512aa85bbc24ef781586cef31c9c9b', '2015-04-02 10:47:23.668184', 'es');
INSERT INTO ads (ad_id, list_id, list_time, status, type, name, phone, region, city, category, user_id, passwd, phone_hidden, no_salesmen, company_ad, subject, body, price, image, infopage, infopage_title, orig_list_time, old_price, store_id, salted_passwd, modified_at, lang) VALUES (179, 8000137, '2015-04-02 10:52:57', 'disabled', 'sell', '20_packs_to_disabled', '1234567', 15, 0, 2020, 64, NULL, false, false, true, 'Changhe spla 2013', 'Cacharrito8', NULL, NULL, NULL, NULL, NULL, NULL, NULL, '$1024$anT5+6L9nS}y,\\$M33f2f05846512aa85bbc24ef781586cef31c9c9b', '2015-04-02 10:52:57.297321', 'es');
INSERT INTO ads (ad_id, list_id, list_time, status, type, name, phone, region, city, category, user_id, passwd, phone_hidden, no_salesmen, company_ad, subject, body, price, image, infopage, infopage_title, orig_list_time, old_price, store_id, salted_passwd, modified_at, lang) VALUES (177, 8000135, '2015-04-02 10:50:50', 'disabled', 'sell', '20_packs_to_disabled', '1234567', 15, 0, 2020, 64, NULL, false, false, true, 'Chrysler Stratus 2012', 'Cacharrito6', NULL, NULL, NULL, NULL, NULL, NULL, NULL, '$1024$anT5+6L9nS}y,\\$M33f2f05846512aa85bbc24ef781586cef31c9c9b', '2015-04-02 10:50:50.204101', 'es');
INSERT INTO ads (ad_id, list_id, list_time, status, type, name, phone, region, city, category, user_id, passwd, phone_hidden, no_salesmen, company_ad, subject, body, price, image, infopage, infopage_title, orig_list_time, old_price, store_id, salted_passwd, modified_at, lang) VALUES (180, 8000138, '2015-04-02 10:53:09', 'disabled', 'sell', '20_packs_to_disabled', '1234567', 15, 0, 2020, 64, NULL, false, false, true, 'Chery Beat 2013', 'Cacharrito10', 200000, NULL, NULL, NULL, NULL, NULL, NULL, '$1024$anT5+6L9nS}y,\\$M33f2f05846512aa85bbc24ef781586cef31c9c9b', '2015-04-02 10:53:09.310009', 'es');
INSERT INTO ads (ad_id, list_id, list_time, status, type, name, phone, region, city, category, user_id, passwd, phone_hidden, no_salesmen, company_ad, subject, body, price, image, infopage, infopage_title, orig_list_time, old_price, store_id, salted_passwd, modified_at, lang) VALUES (190, 8000148, '2015-04-02 11:02:09', 'active', 'sell', '20_packs_to_disabled', '1234567', 15, 0, 2020, 64, NULL, false, false, true, 'Samsung Sm3 2007', 'Cacharrito20', 2000000, NULL, NULL, NULL, NULL, NULL, NULL, '$1024$anT5+6L9nS}y,\\$M33f2f05846512aa85bbc24ef781586cef31c9c9b', '2015-04-02 11:03:01.71926', 'es');
INSERT INTO ads (ad_id, list_id, list_time, status, type, name, phone, region, city, category, user_id, passwd, phone_hidden, no_salesmen, company_ad, subject, body, price, image, infopage, infopage_title, orig_list_time, old_price, store_id, salted_passwd, modified_at, lang) VALUES (189, 8000147, '2015-04-02 11:00:58', 'active', 'sell', '20_packs_to_disabled', '1234567', 15, 0, 2020, 64, NULL, false, false, true, 'Dacia 10.4 1990', 'Cacharrito19', 20000000, NULL, NULL, NULL, NULL, NULL, NULL, '$1024$anT5+6L9nS}y,\\$M33f2f05846512aa85bbc24ef781586cef31c9c9b', '2015-04-02 11:03:01.71926', 'es');
INSERT INTO ads (ad_id, list_id, list_time, status, type, name, phone, region, city, category, user_id, passwd, phone_hidden, no_salesmen, company_ad, subject, body, price, image, infopage, infopage_title, orig_list_time, old_price, store_id, salted_passwd, modified_at, lang) VALUES (188, 8000146, '2015-04-02 11:00:23', 'active', 'sell', '20_packs_to_disabled', '1234567', 15, 0, 2020, 64, NULL, false, false, true, 'Cadillac Fleetwood 2010', 'Cacharrito18', NULL, NULL, NULL, NULL, NULL, NULL, NULL, '$1024$anT5+6L9nS}y,\\$M33f2f05846512aa85bbc24ef781586cef31c9c9b', '2015-04-02 11:03:01.71926', 'es');
INSERT INTO ads (ad_id, list_id, list_time, status, type, name, phone, region, city, category, user_id, passwd, phone_hidden, no_salesmen, company_ad, subject, body, price, image, infopage, infopage_title, orig_list_time, old_price, store_id, salted_passwd, modified_at, lang) VALUES (187, 8000145, '2015-04-02 10:59:47', 'active', 'sell', '20_packs_to_disabled', '1234567', 15, 0, 2020, 64, NULL, false, false, true, 'Dodge Caliber 2007', 'Cacharito16', 10000000, NULL, NULL, NULL, NULL, NULL, NULL, '$1024$anT5+6L9nS}y,\\$M33f2f05846512aa85bbc24ef781586cef31c9c9b', '2015-04-02 11:03:01.71926', 'es');
INSERT INTO ads (ad_id, list_id, list_time, status, type, name, phone, region, city, category, user_id, passwd, phone_hidden, no_salesmen, company_ad, subject, body, price, image, infopage, infopage_title, orig_list_time, old_price, store_id, salted_passwd, modified_at, lang) VALUES (186, 8000144, '2015-04-02 10:58:46', 'active', 'sell', '20_packs_to_disabled', '1234567', 15, 0, 2020, 64, NULL, false, false, true, 'Daihatsu Terios 2001', 'Cacharrito15', 2000000, NULL, NULL, NULL, NULL, NULL, NULL, '$1024$anT5+6L9nS}y,\\$M33f2f05846512aa85bbc24ef781586cef31c9c9b', '2015-04-02 11:03:01.71926', 'es');
INSERT INTO ads (ad_id, list_id, list_time, status, type, name, phone, region, city, category, user_id, passwd, phone_hidden, no_salesmen, company_ad, subject, body, price, image, infopage, infopage_title, orig_list_time, old_price, store_id, salted_passwd, modified_at, lang) VALUES (185, 8000143, '2015-04-02 10:57:59', 'active', 'sell', '20_packs_to_disabled', '1234567', 15, 0, 2020, 64, NULL, false, false, true, 'Citroen 18 HP 2010', 'Cacharrito15', 2000000, NULL, NULL, NULL, NULL, NULL, NULL, '$1024$anT5+6L9nS}y,\\$M33f2f05846512aa85bbc24ef781586cef31c9c9b', '2015-04-02 11:03:01.71926', 'es');
INSERT INTO ads (ad_id, list_id, list_time, status, type, name, phone, region, city, category, user_id, passwd, phone_hidden, no_salesmen, company_ad, subject, body, price, image, infopage, infopage_title, orig_list_time, old_price, store_id, salted_passwd, modified_at, lang) VALUES (184, 8000142, '2015-04-02 10:57:26', 'active', 'sell', '20_packs_to_disabled', '1234567', 15, 0, 2020, 64, NULL, false, false, true, 'Asia Motors Towner 2009', 'Cacharrito14', 200000, NULL, NULL, NULL, NULL, NULL, NULL, '$1024$anT5+6L9nS}y,\\$M33f2f05846512aa85bbc24ef781586cef31c9c9b', '2015-04-02 11:03:01.71926', 'es');
INSERT INTO ads (ad_id, list_id, list_time, status, type, name, phone, region, city, category, user_id, passwd, phone_hidden, no_salesmen, company_ad, subject, body, price, image, infopage, infopage_title, orig_list_time, old_price, store_id, salted_passwd, modified_at, lang) VALUES (183, 8000141, '2015-04-02 10:56:26', 'active', 'sell', '20_packs_to_disabled', '1234567', 15, 0, 2020, 64, NULL, false, false, true, 'Hyundai Excel 2012', 'Cacharrito13', 200000, NULL, NULL, NULL, NULL, NULL, NULL, '$1024$anT5+6L9nS}y,\\$M33f2f05846512aa85bbc24ef781586cef31c9c9b', '2015-04-02 11:03:01.71926', 'es');
INSERT INTO ads (ad_id, list_id, list_time, status, type, name, phone, region, city, category, user_id, passwd, phone_hidden, no_salesmen, company_ad, subject, body, price, image, infopage, infopage_title, orig_list_time, old_price, store_id, salted_passwd, modified_at, lang) VALUES (182, 8000140, '2015-04-02 10:55:28', 'active', 'sell', '20_packs_to_disabled', '1234567', 15, 0, 2020, 64, NULL, false, false, true, 'Lada Cargo 2001', 'Cacharrito12', NULL, NULL, NULL, NULL, NULL, NULL, NULL, '$1024$anT5+6L9nS}y,\\$M33f2f05846512aa85bbc24ef781586cef31c9c9b', '2015-04-02 11:03:01.71926', 'es');
INSERT INTO ads (ad_id, list_id, list_time, status, type, name, phone, region, city, category, user_id, passwd, phone_hidden, no_salesmen, company_ad, subject, body, price, image, infopage, infopage_title, orig_list_time, old_price, store_id, salted_passwd, modified_at, lang) VALUES (181, 8000139, '2015-04-02 10:54:34', 'active', 'sell', '20_packs_to_disabled', '1234567', 15, 0, 2020, 64, NULL, false, false, true, 'Asia Motors Towner 2013', 'Cacharrito11', 2000000, NULL, NULL, NULL, NULL, NULL, NULL, '$1024$anT5+6L9nS}y,\\$M33f2f05846512aa85bbc24ef781586cef31c9c9b', '2015-04-02 11:03:01.71926', 'es');
INSERT INTO ads (ad_id, list_id, list_time, status, type, name, phone, region, city, category, user_id, passwd, phone_hidden, no_salesmen, company_ad, subject, body, price, image, infopage, infopage_title, orig_list_time, old_price, store_id, salted_passwd, modified_at, lang) VALUES (191, 8000149, '2015-04-02 11:15:00', 'disabled', 'sell', '20_packs_to_disabled', '1234567', 15, 0, 2020, 64, NULL, false, false, true, 'Chevrolet Celebrity 2006', 'Cacharrito21', 2000000, NULL, NULL, NULL, NULL, NULL, NULL, '$1024$anT5+6L9nS}y,\\$M33f2f05846512aa85bbc24ef781586cef31c9c9b', '2015-04-02 11:15:00.795573', 'es');
INSERT INTO ads (ad_id, list_id, list_time, status, type, name, phone, region, city, category, user_id, passwd, phone_hidden, no_salesmen, company_ad, subject, body, price, image, infopage, infopage_title, orig_list_time, old_price, store_id, salted_passwd, modified_at, lang) VALUES (192, 8000150, '2015-04-02 11:15:46', 'disabled', 'sell', '20_packs_to_disabled', '1234567', 15, 0, 2020, 64, NULL, false, false, true, 'BRILLIANCE Fsv 2009', 'Cacharrito22', 2000000, NULL, NULL, NULL, NULL, NULL, NULL, '$1024$anT5+6L9nS}y,\\$M33f2f05846512aa85bbc24ef781586cef31c9c9b', '2015-04-02 11:15:46.661592', 'es');
INSERT INTO ads (ad_id, list_id, list_time, status, type, name, phone, region, city, category, user_id, passwd, phone_hidden, no_salesmen, company_ad, subject, body, price, image, infopage, infopage_title, orig_list_time, old_price, store_id, salted_passwd, modified_at, lang) VALUES (193, 8000151, '2015-04-02 11:16:23', 'disabled', 'sell', '20_packs_to_disabled', '1234567', 15, 0, 2020, 64, NULL, false, false, true, 'Changan CS35 2010', 'Cacharrito23', 1000000, NULL, NULL, NULL, NULL, NULL, NULL, '$1024$anT5+6L9nS}y,\\$M33f2f05846512aa85bbc24ef781586cef31c9c9b', '2015-04-02 11:16:23.699794', 'es');
INSERT INTO ads (ad_id, list_id, list_time, status, type, name, phone, region, city, category, user_id, passwd, phone_hidden, no_salesmen, company_ad, subject, body, price, image, infopage, infopage_title, orig_list_time, old_price, store_id, salted_passwd, modified_at, lang) VALUES (194, 8000152, '2015-04-02 11:16:58', 'disabled', 'sell', '20_packs_to_disabled', '1234567', 15, 0, 2020, 64, NULL, false, false, true, 'Buick Compacto 1970', 'Cacharrito24', 2000000, NULL, NULL, NULL, NULL, NULL, NULL, '$1024$anT5+6L9nS}y,\\$M33f2f05846512aa85bbc24ef781586cef31c9c9b', '2015-04-02 11:16:58.282351', 'es');
INSERT INTO ads (ad_id, list_id, list_time, status, type, name, phone, region, city, category, user_id, passwd, phone_hidden, no_salesmen, company_ad, subject, body, price, image, infopage, infopage_title, orig_list_time, old_price, store_id, salted_passwd, modified_at, lang) VALUES (195, 8000153, '2015-04-02 11:17:45', 'disabled', 'sell', '20_packs_to_disabled', '1234567', 15, 0, 2020, 64, NULL, false, false, true, 'Autorrad Outsider 2012', 'Cacharrito25', 2000000, NULL, NULL, NULL, NULL, NULL, NULL, '$1024$anT5+6L9nS}y,\\$M33f2f05846512aa85bbc24ef781586cef31c9c9b', '2015-04-02 11:17:45.533529', 'es');
INSERT INTO payment_groups (payment_group_id, code, status, added_at, parent_payment_group_id) VALUES (213, '633026231', 'verified', '2015-04-02 10:42:35.728711', NULL);
INSERT INTO payment_groups (payment_group_id, code, status, added_at, parent_payment_group_id) VALUES (214, '768418254', 'verified', '2015-04-02 10:43:36.780081', NULL);
INSERT INTO payment_groups (payment_group_id, code, status, added_at, parent_payment_group_id) VALUES (215, '903810277', 'verified', '2015-04-02 10:44:20.95901', NULL);
INSERT INTO payment_groups (payment_group_id, code, status, added_at, parent_payment_group_id) VALUES (216, '139202300', 'verified', '2015-04-02 10:45:12.620499', NULL);
INSERT INTO payment_groups (payment_group_id, code, status, added_at, parent_payment_group_id) VALUES (217, '274594323', 'verified', '2015-04-02 10:46:32.429987', NULL);
INSERT INTO payment_groups (payment_group_id, code, status, added_at, parent_payment_group_id) VALUES (218, '409986346', 'verified', '2015-04-02 10:47:12.480532', NULL);
INSERT INTO payment_groups (payment_group_id, code, status, added_at, parent_payment_group_id) VALUES (219, '545378369', 'verified', '2015-04-02 10:50:36.942609', NULL);
INSERT INTO payment_groups (payment_group_id, code, status, added_at, parent_payment_group_id) VALUES (220, '680770392', 'verified', '2015-04-02 10:51:07.370267', NULL);
INSERT INTO payment_groups (payment_group_id, code, status, added_at, parent_payment_group_id) VALUES (221, '816162415', 'verified', '2015-04-02 10:51:27.56413', NULL);
INSERT INTO payment_groups (payment_group_id, code, status, added_at, parent_payment_group_id) VALUES (222, '951554438', 'verified', '2015-04-02 10:52:57.073231', NULL);
INSERT INTO payment_groups (payment_group_id, code, status, added_at, parent_payment_group_id) VALUES (223, '186946461', 'verified', '2015-04-02 10:54:22.27015', NULL);
INSERT INTO payment_groups (payment_group_id, code, status, added_at, parent_payment_group_id) VALUES (224, '322338484', 'verified', '2015-04-02 10:55:18.978763', NULL);
INSERT INTO payment_groups (payment_group_id, code, status, added_at, parent_payment_group_id) VALUES (225, '457730507', 'verified', '2015-04-02 10:56:16.420818', NULL);
INSERT INTO payment_groups (payment_group_id, code, status, added_at, parent_payment_group_id) VALUES (226, '593122530', 'verified', '2015-04-02 10:57:15.238531', NULL);
INSERT INTO payment_groups (payment_group_id, code, status, added_at, parent_payment_group_id) VALUES (227, '728514553', 'verified', '2015-04-02 10:57:46.43422', NULL);
INSERT INTO payment_groups (payment_group_id, code, status, added_at, parent_payment_group_id) VALUES (228, '863906576', 'verified', '2015-04-02 10:58:36.379435', NULL);
INSERT INTO payment_groups (payment_group_id, code, status, added_at, parent_payment_group_id) VALUES (229, '999298599', 'verified', '2015-04-02 10:59:35.440909', NULL);
INSERT INTO payment_groups (payment_group_id, code, status, added_at, parent_payment_group_id) VALUES (230, '234690622', 'verified', '2015-04-02 11:00:12.870112', NULL);
INSERT INTO payment_groups (payment_group_id, code, status, added_at, parent_payment_group_id) VALUES (231, '370082645', 'verified', '2015-04-02 11:00:46.097776', NULL);
INSERT INTO payment_groups (payment_group_id, code, status, added_at, parent_payment_group_id) VALUES (232, '505474668', 'verified', '2015-04-02 11:01:59.051581', NULL);
INSERT INTO payment_groups (payment_group_id, code, status, added_at, parent_payment_group_id) VALUES (233, '12345', 'paid', '2015-04-02 11:02:57.717296', NULL);
INSERT INTO payment_groups (payment_group_id, code, status, added_at, parent_payment_group_id) VALUES (234, '640866691', 'verified', '2015-04-02 11:14:50.462406', NULL);
INSERT INTO payment_groups (payment_group_id, code, status, added_at, parent_payment_group_id) VALUES (235, '776258714', 'verified', '2015-04-02 11:15:34.489198', NULL);
INSERT INTO payment_groups (payment_group_id, code, status, added_at, parent_payment_group_id) VALUES (236, '911650737', 'verified', '2015-04-02 11:16:14.484129', NULL);
INSERT INTO payment_groups (payment_group_id, code, status, added_at, parent_payment_group_id) VALUES (237, '147042760', 'verified', '2015-04-02 11:16:46.125824', NULL);
INSERT INTO payment_groups (payment_group_id, code, status, added_at, parent_payment_group_id) VALUES (238, '282434783', 'verified', '2015-04-02 11:17:32.279006', NULL);
INSERT INTO ad_actions (ad_id, action_id, action_type, current_state, state, queue, locked_by, locked_until, payment_group_id) VALUES (174, 1, 'new', 918, 'accepted', 'pack', NULL, NULL, 216);
INSERT INTO ad_actions (ad_id, action_id, action_type, current_state, state, queue, locked_by, locked_until, payment_group_id) VALUES (171, 1, 'new', 906, 'accepted', 'pack', NULL, NULL, 213);
INSERT INTO ad_actions (ad_id, action_id, action_type, current_state, state, queue, locked_by, locked_until, payment_group_id) VALUES (190, 1, 'new', 982, 'accepted', 'pack', NULL, NULL, 232);
INSERT INTO ad_actions (ad_id, action_id, action_type, current_state, state, queue, locked_by, locked_until, payment_group_id) VALUES (190, 2, 'status_change', 984, 'accepted', 'normal', NULL, NULL, NULL);
INSERT INTO ad_actions (ad_id, action_id, action_type, current_state, state, queue, locked_by, locked_until, payment_group_id) VALUES (172, 1, 'new', 910, 'accepted', 'pack', NULL, NULL, 214);
INSERT INTO ad_actions (ad_id, action_id, action_type, current_state, state, queue, locked_by, locked_until, payment_group_id) VALUES (189, 2, 'status_change', 986, 'accepted', 'normal', NULL, NULL, NULL);
INSERT INTO ad_actions (ad_id, action_id, action_type, current_state, state, queue, locked_by, locked_until, payment_group_id) VALUES (188, 2, 'status_change', 988, 'accepted', 'normal', NULL, NULL, NULL);
INSERT INTO ad_actions (ad_id, action_id, action_type, current_state, state, queue, locked_by, locked_until, payment_group_id) VALUES (173, 1, 'new', 914, 'accepted', 'pack', NULL, NULL, 215);
INSERT INTO ad_actions (ad_id, action_id, action_type, current_state, state, queue, locked_by, locked_until, payment_group_id) VALUES (187, 2, 'status_change', 990, 'accepted', 'normal', NULL, NULL, NULL);
INSERT INTO ad_actions (ad_id, action_id, action_type, current_state, state, queue, locked_by, locked_until, payment_group_id) VALUES (175, 1, 'new', 922, 'accepted', 'pack', NULL, NULL, 217);
INSERT INTO ad_actions (ad_id, action_id, action_type, current_state, state, queue, locked_by, locked_until, payment_group_id) VALUES (176, 1, 'new', 926, 'accepted', 'pack', NULL, NULL, 218);
INSERT INTO ad_actions (ad_id, action_id, action_type, current_state, state, queue, locked_by, locked_until, payment_group_id) VALUES (177, 1, 'new', 930, 'accepted', 'pack', NULL, NULL, 219);
INSERT INTO ad_actions (ad_id, action_id, action_type, current_state, state, queue, locked_by, locked_until, payment_group_id) VALUES (181, 1, 'new', 946, 'accepted', 'pack', NULL, NULL, 223);
INSERT INTO ad_actions (ad_id, action_id, action_type, current_state, state, queue, locked_by, locked_until, payment_group_id) VALUES (178, 1, 'new', 934, 'accepted', 'pack', NULL, NULL, 220);
INSERT INTO ad_actions (ad_id, action_id, action_type, current_state, state, queue, locked_by, locked_until, payment_group_id) VALUES (179, 1, 'new', 941, 'accepted', 'pack', NULL, NULL, 221);
INSERT INTO ad_actions (ad_id, action_id, action_type, current_state, state, queue, locked_by, locked_until, payment_group_id) VALUES (180, 1, 'new', 942, 'accepted', 'pack', NULL, NULL, 222);
INSERT INTO ad_actions (ad_id, action_id, action_type, current_state, state, queue, locked_by, locked_until, payment_group_id) VALUES (182, 1, 'new', 950, 'accepted', 'pack', NULL, NULL, 224);
INSERT INTO ad_actions (ad_id, action_id, action_type, current_state, state, queue, locked_by, locked_until, payment_group_id) VALUES (183, 1, 'new', 954, 'accepted', 'pack', NULL, NULL, 225);
INSERT INTO ad_actions (ad_id, action_id, action_type, current_state, state, queue, locked_by, locked_until, payment_group_id) VALUES (184, 1, 'new', 958, 'accepted', 'pack', NULL, NULL, 226);
INSERT INTO ad_actions (ad_id, action_id, action_type, current_state, state, queue, locked_by, locked_until, payment_group_id) VALUES (185, 1, 'new', 962, 'accepted', 'pack', NULL, NULL, 227);
INSERT INTO ad_actions (ad_id, action_id, action_type, current_state, state, queue, locked_by, locked_until, payment_group_id) VALUES (186, 1, 'new', 966, 'accepted', 'pack', NULL, NULL, 228);
INSERT INTO ad_actions (ad_id, action_id, action_type, current_state, state, queue, locked_by, locked_until, payment_group_id) VALUES (187, 1, 'new', 970, 'accepted', 'pack', NULL, NULL, 229);
INSERT INTO ad_actions (ad_id, action_id, action_type, current_state, state, queue, locked_by, locked_until, payment_group_id) VALUES (188, 1, 'new', 974, 'accepted', 'pack', NULL, NULL, 230);
INSERT INTO ad_actions (ad_id, action_id, action_type, current_state, state, queue, locked_by, locked_until, payment_group_id) VALUES (189, 1, 'new', 978, 'accepted', 'pack', NULL, NULL, 231);
INSERT INTO ad_actions (ad_id, action_id, action_type, current_state, state, queue, locked_by, locked_until, payment_group_id) VALUES (186, 2, 'status_change', 992, 'accepted', 'normal', NULL, NULL, NULL);
INSERT INTO ad_actions (ad_id, action_id, action_type, current_state, state, queue, locked_by, locked_until, payment_group_id) VALUES (185, 2, 'status_change', 994, 'accepted', 'normal', NULL, NULL, NULL);
INSERT INTO ad_actions (ad_id, action_id, action_type, current_state, state, queue, locked_by, locked_until, payment_group_id) VALUES (184, 2, 'status_change', 996, 'accepted', 'normal', NULL, NULL, NULL);
INSERT INTO ad_actions (ad_id, action_id, action_type, current_state, state, queue, locked_by, locked_until, payment_group_id) VALUES (183, 2, 'status_change', 998, 'accepted', 'normal', NULL, NULL, NULL);
INSERT INTO ad_actions (ad_id, action_id, action_type, current_state, state, queue, locked_by, locked_until, payment_group_id) VALUES (182, 2, 'status_change', 1000, 'accepted', 'normal', NULL, NULL, NULL);
INSERT INTO ad_actions (ad_id, action_id, action_type, current_state, state, queue, locked_by, locked_until, payment_group_id) VALUES (181, 2, 'status_change', 1002, 'accepted', 'normal', NULL, NULL, NULL);
INSERT INTO ad_actions (ad_id, action_id, action_type, current_state, state, queue, locked_by, locked_until, payment_group_id) VALUES (191, 1, 'new', 1006, 'accepted', 'pack', NULL, NULL, 234);
INSERT INTO ad_actions (ad_id, action_id, action_type, current_state, state, queue, locked_by, locked_until, payment_group_id) VALUES (192, 1, 'new', 1010, 'accepted', 'pack', NULL, NULL, 235);
INSERT INTO ad_actions (ad_id, action_id, action_type, current_state, state, queue, locked_by, locked_until, payment_group_id) VALUES (193, 1, 'new', 1014, 'accepted', 'pack', NULL, NULL, 236);
INSERT INTO ad_actions (ad_id, action_id, action_type, current_state, state, queue, locked_by, locked_until, payment_group_id) VALUES (194, 1, 'new', 1018, 'accepted', 'pack', NULL, NULL, 237);
INSERT INTO ad_actions (ad_id, action_id, action_type, current_state, state, queue, locked_by, locked_until, payment_group_id) VALUES (195, 1, 'new', 1022, 'accepted', 'pack', NULL, NULL, 238);
INSERT INTO action_params (ad_id, action_id, name, value) VALUES (171, 1, 'source', 'web');
INSERT INTO action_params (ad_id, action_id, name, value) VALUES (171, 1, 'redir', 'dW5rbm93bg==');
INSERT INTO action_params (ad_id, action_id, name, value) VALUES (171, 1, 'pack_result', '3');
INSERT INTO action_params (ad_id, action_id, name, value) VALUES (172, 1, 'source', 'web');
INSERT INTO action_params (ad_id, action_id, name, value) VALUES (172, 1, 'redir', 'dW5rbm93bg==');
INSERT INTO action_params (ad_id, action_id, name, value) VALUES (172, 1, 'pack_result', '3');
INSERT INTO action_params (ad_id, action_id, name, value) VALUES (173, 1, 'source', 'web');
INSERT INTO action_params (ad_id, action_id, name, value) VALUES (173, 1, 'redir', 'dW5rbm93bg==');
INSERT INTO action_params (ad_id, action_id, name, value) VALUES (173, 1, 'pack_result', '3');
INSERT INTO action_params (ad_id, action_id, name, value) VALUES (174, 1, 'source', 'web');
INSERT INTO action_params (ad_id, action_id, name, value) VALUES (174, 1, 'redir', 'dW5rbm93bg==');
INSERT INTO action_params (ad_id, action_id, name, value) VALUES (174, 1, 'pack_result', '3');
INSERT INTO action_params (ad_id, action_id, name, value) VALUES (175, 1, 'source', 'web');
INSERT INTO action_params (ad_id, action_id, name, value) VALUES (175, 1, 'redir', 'dW5rbm93bg==');
INSERT INTO action_params (ad_id, action_id, name, value) VALUES (175, 1, 'pack_result', '3');
INSERT INTO action_params (ad_id, action_id, name, value) VALUES (176, 1, 'source', 'web');
INSERT INTO action_params (ad_id, action_id, name, value) VALUES (176, 1, 'redir', 'dW5rbm93bg==');
INSERT INTO action_params (ad_id, action_id, name, value) VALUES (176, 1, 'pack_result', '3');
INSERT INTO action_params (ad_id, action_id, name, value) VALUES (177, 1, 'source', 'web');
INSERT INTO action_params (ad_id, action_id, name, value) VALUES (177, 1, 'redir', 'dW5rbm93bg==');
INSERT INTO action_params (ad_id, action_id, name, value) VALUES (177, 1, 'pack_result', '3');
INSERT INTO action_params (ad_id, action_id, name, value) VALUES (178, 1, 'source', 'web');
INSERT INTO action_params (ad_id, action_id, name, value) VALUES (178, 1, 'redir', 'dW5rbm93bg==');
INSERT INTO action_params (ad_id, action_id, name, value) VALUES (178, 1, 'pack_result', '3');
INSERT INTO action_params (ad_id, action_id, name, value) VALUES (179, 1, 'source', 'web');
INSERT INTO action_params (ad_id, action_id, name, value) VALUES (179, 1, 'redir', 'dW5rbm93bg==');
INSERT INTO action_params (ad_id, action_id, name, value) VALUES (179, 1, 'pack_result', '3');
INSERT INTO action_params (ad_id, action_id, name, value) VALUES (180, 1, 'source', 'web');
INSERT INTO action_params (ad_id, action_id, name, value) VALUES (180, 1, 'redir', 'dW5rbm93bg==');
INSERT INTO action_params (ad_id, action_id, name, value) VALUES (180, 1, 'pack_result', '3');
INSERT INTO action_params (ad_id, action_id, name, value) VALUES (181, 1, 'source', 'web');
INSERT INTO action_params (ad_id, action_id, name, value) VALUES (181, 1, 'redir', 'dW5rbm93bg==');
INSERT INTO action_params (ad_id, action_id, name, value) VALUES (181, 1, 'pack_result', '3');
INSERT INTO action_params (ad_id, action_id, name, value) VALUES (182, 1, 'source', 'web');
INSERT INTO action_params (ad_id, action_id, name, value) VALUES (182, 1, 'redir', 'dW5rbm93bg==');
INSERT INTO action_params (ad_id, action_id, name, value) VALUES (182, 1, 'pack_result', '3');
INSERT INTO action_params (ad_id, action_id, name, value) VALUES (183, 1, 'source', 'web');
INSERT INTO action_params (ad_id, action_id, name, value) VALUES (183, 1, 'redir', 'dW5rbm93bg==');
INSERT INTO action_params (ad_id, action_id, name, value) VALUES (183, 1, 'pack_result', '3');
INSERT INTO action_params (ad_id, action_id, name, value) VALUES (184, 1, 'source', 'web');
INSERT INTO action_params (ad_id, action_id, name, value) VALUES (184, 1, 'redir', 'dW5rbm93bg==');
INSERT INTO action_params (ad_id, action_id, name, value) VALUES (184, 1, 'pack_result', '3');
INSERT INTO action_params (ad_id, action_id, name, value) VALUES (185, 1, 'source', 'web');
INSERT INTO action_params (ad_id, action_id, name, value) VALUES (185, 1, 'redir', 'dW5rbm93bg==');
INSERT INTO action_params (ad_id, action_id, name, value) VALUES (185, 1, 'pack_result', '3');
INSERT INTO action_params (ad_id, action_id, name, value) VALUES (186, 1, 'source', 'web');
INSERT INTO action_params (ad_id, action_id, name, value) VALUES (186, 1, 'redir', 'dW5rbm93bg==');
INSERT INTO action_params (ad_id, action_id, name, value) VALUES (186, 1, 'pack_result', '3');
INSERT INTO action_params (ad_id, action_id, name, value) VALUES (187, 1, 'source', 'web');
INSERT INTO action_params (ad_id, action_id, name, value) VALUES (187, 1, 'redir', 'dW5rbm93bg==');
INSERT INTO action_params (ad_id, action_id, name, value) VALUES (187, 1, 'pack_result', '3');
INSERT INTO action_params (ad_id, action_id, name, value) VALUES (188, 1, 'source', 'web');
INSERT INTO action_params (ad_id, action_id, name, value) VALUES (188, 1, 'redir', 'dW5rbm93bg==');
INSERT INTO action_params (ad_id, action_id, name, value) VALUES (188, 1, 'pack_result', '3');
INSERT INTO action_params (ad_id, action_id, name, value) VALUES (189, 1, 'source', 'web');
INSERT INTO action_params (ad_id, action_id, name, value) VALUES (189, 1, 'redir', 'dW5rbm93bg==');
INSERT INTO action_params (ad_id, action_id, name, value) VALUES (189, 1, 'pack_result', '3');
INSERT INTO action_params (ad_id, action_id, name, value) VALUES (190, 1, 'source', 'web');
INSERT INTO action_params (ad_id, action_id, name, value) VALUES (190, 1, 'redir', 'dW5rbm93bg==');
INSERT INTO action_params (ad_id, action_id, name, value) VALUES (190, 1, 'pack_result', '3');
INSERT INTO action_params (ad_id, action_id, name, value) VALUES (191, 1, 'source', 'web');
INSERT INTO action_params (ad_id, action_id, name, value) VALUES (191, 1, 'redir', 'dW5rbm93bg==');
INSERT INTO action_params (ad_id, action_id, name, value) VALUES (191, 1, 'pack_result', '2');
INSERT INTO action_params (ad_id, action_id, name, value) VALUES (192, 1, 'source', 'web');
INSERT INTO action_params (ad_id, action_id, name, value) VALUES (192, 1, 'redir', 'dW5rbm93bg==');
INSERT INTO action_params (ad_id, action_id, name, value) VALUES (192, 1, 'pack_result', '2');
INSERT INTO action_params (ad_id, action_id, name, value) VALUES (193, 1, 'source', 'web');
INSERT INTO action_params (ad_id, action_id, name, value) VALUES (193, 1, 'redir', 'dW5rbm93bg==');
INSERT INTO action_params (ad_id, action_id, name, value) VALUES (193, 1, 'pack_result', '2');
INSERT INTO action_params (ad_id, action_id, name, value) VALUES (195, 1, 'source', 'web');
INSERT INTO action_params (ad_id, action_id, name, value) VALUES (195, 1, 'redir', 'dW5rbm93bg==');
INSERT INTO action_params (ad_id, action_id, name, value) VALUES (194, 1, 'source', 'web');
INSERT INTO action_params (ad_id, action_id, name, value) VALUES (194, 1, 'redir', 'dW5rbm93bg==');
INSERT INTO action_params (ad_id, action_id, name, value) VALUES (195, 1, 'pack_result', '2');
INSERT INTO action_params (ad_id, action_id, name, value) VALUES (194, 1, 'pack_result', '2');
INSERT INTO action_states (ad_id, action_id, state_id, state, transition, "timestamp", remote_addr, token_id) VALUES (171, 1, 903, 'reg', 'initial', '2015-04-02 10:42:35.728711', '10.0.1.164', NULL);
INSERT INTO action_states (ad_id, action_id, state_id, state, transition, "timestamp", remote_addr, token_id) VALUES (171, 1, 904, 'unverified', 'verifymail', '2015-04-02 10:42:35.728711', '10.0.1.164', NULL);
INSERT INTO action_states (ad_id, action_id, state_id, state, transition, "timestamp", remote_addr, token_id) VALUES (171, 1, 905, 'pending_review', 'verify', '2015-04-02 10:42:35.819656', '10.0.1.164', NULL);
INSERT INTO action_states (ad_id, action_id, state_id, state, transition, "timestamp", remote_addr, token_id) VALUES (171, 1, 906, 'accepted', 'accept', '2015-04-02 10:42:45.02591', '10.0.1.164', NULL);
INSERT INTO action_states (ad_id, action_id, state_id, state, transition, "timestamp", remote_addr, token_id) VALUES (172, 1, 907, 'reg', 'initial', '2015-04-02 10:43:36.780081', '10.0.1.164', NULL);
INSERT INTO action_states (ad_id, action_id, state_id, state, transition, "timestamp", remote_addr, token_id) VALUES (172, 1, 908, 'unverified', 'verifymail', '2015-04-02 10:43:36.780081', '10.0.1.164', NULL);
INSERT INTO action_states (ad_id, action_id, state_id, state, transition, "timestamp", remote_addr, token_id) VALUES (172, 1, 909, 'pending_review', 'verify', '2015-04-02 10:43:36.862043', '10.0.1.164', NULL);
INSERT INTO action_states (ad_id, action_id, state_id, state, transition, "timestamp", remote_addr, token_id) VALUES (172, 1, 910, 'accepted', 'accept', '2015-04-02 10:43:46.041442', '10.0.1.164', NULL);
INSERT INTO action_states (ad_id, action_id, state_id, state, transition, "timestamp", remote_addr, token_id) VALUES (173, 1, 911, 'reg', 'initial', '2015-04-02 10:44:20.95901', '10.0.1.164', NULL);
INSERT INTO action_states (ad_id, action_id, state_id, state, transition, "timestamp", remote_addr, token_id) VALUES (173, 1, 912, 'unverified', 'verifymail', '2015-04-02 10:44:20.95901', '10.0.1.164', NULL);
INSERT INTO action_states (ad_id, action_id, state_id, state, transition, "timestamp", remote_addr, token_id) VALUES (173, 1, 913, 'pending_review', 'verify', '2015-04-02 10:44:21.007688', '10.0.1.164', NULL);
INSERT INTO action_states (ad_id, action_id, state_id, state, transition, "timestamp", remote_addr, token_id) VALUES (173, 1, 914, 'accepted', 'accept', '2015-04-02 10:44:31.107757', '10.0.1.164', NULL);
INSERT INTO action_states (ad_id, action_id, state_id, state, transition, "timestamp", remote_addr, token_id) VALUES (174, 1, 915, 'reg', 'initial', '2015-04-02 10:45:12.620499', '10.0.1.164', NULL);
INSERT INTO action_states (ad_id, action_id, state_id, state, transition, "timestamp", remote_addr, token_id) VALUES (174, 1, 916, 'unverified', 'verifymail', '2015-04-02 10:45:12.620499', '10.0.1.164', NULL);
INSERT INTO action_states (ad_id, action_id, state_id, state, transition, "timestamp", remote_addr, token_id) VALUES (174, 1, 917, 'pending_review', 'verify', '2015-04-02 10:45:12.698347', '10.0.1.164', NULL);
INSERT INTO action_states (ad_id, action_id, state_id, state, transition, "timestamp", remote_addr, token_id) VALUES (174, 1, 918, 'accepted', 'accept', '2015-04-02 10:45:22.904867', '10.0.1.164', NULL);
INSERT INTO action_states (ad_id, action_id, state_id, state, transition, "timestamp", remote_addr, token_id) VALUES (175, 1, 919, 'reg', 'initial', '2015-04-02 10:46:32.429987', '10.0.1.164', NULL);
INSERT INTO action_states (ad_id, action_id, state_id, state, transition, "timestamp", remote_addr, token_id) VALUES (175, 1, 920, 'unverified', 'verifymail', '2015-04-02 10:46:32.429987', '10.0.1.164', NULL);
INSERT INTO action_states (ad_id, action_id, state_id, state, transition, "timestamp", remote_addr, token_id) VALUES (175, 1, 921, 'pending_review', 'verify', '2015-04-02 10:46:32.742051', '10.0.1.164', NULL);
INSERT INTO action_states (ad_id, action_id, state_id, state, transition, "timestamp", remote_addr, token_id) VALUES (175, 1, 922, 'accepted', 'accept', '2015-04-02 10:46:43.93553', '10.0.1.164', NULL);
INSERT INTO action_states (ad_id, action_id, state_id, state, transition, "timestamp", remote_addr, token_id) VALUES (176, 1, 923, 'reg', 'initial', '2015-04-02 10:47:12.480532', '10.0.1.164', NULL);
INSERT INTO action_states (ad_id, action_id, state_id, state, transition, "timestamp", remote_addr, token_id) VALUES (176, 1, 924, 'unverified', 'verifymail', '2015-04-02 10:47:12.480532', '10.0.1.164', NULL);
INSERT INTO action_states (ad_id, action_id, state_id, state, transition, "timestamp", remote_addr, token_id) VALUES (176, 1, 926, 'accepted', 'accept', '2015-04-02 10:47:23.668184', '10.0.1.164', NULL);
INSERT INTO action_states (ad_id, action_id, state_id, state, transition, "timestamp", remote_addr, token_id) VALUES (176, 1, 925, 'pending_review', 'verify', '2015-04-02 10:47:12.537229', '10.0.1.164', NULL);
INSERT INTO action_states (ad_id, action_id, state_id, state, transition, "timestamp", remote_addr, token_id) VALUES (177, 1, 927, 'reg', 'initial', '2015-04-02 10:50:36.942609', '10.0.1.164', NULL);
INSERT INTO action_states (ad_id, action_id, state_id, state, transition, "timestamp", remote_addr, token_id) VALUES (177, 1, 928, 'unverified', 'verifymail', '2015-04-02 10:50:36.942609', '10.0.1.164', NULL);
INSERT INTO action_states (ad_id, action_id, state_id, state, transition, "timestamp", remote_addr, token_id) VALUES (177, 1, 929, 'pending_review', 'verify', '2015-04-02 10:50:37.026481', '10.0.1.164', NULL);
INSERT INTO action_states (ad_id, action_id, state_id, state, transition, "timestamp", remote_addr, token_id) VALUES (177, 1, 930, 'accepted', 'accept', '2015-04-02 10:50:50.204101', '10.0.1.164', NULL);
INSERT INTO action_states (ad_id, action_id, state_id, state, transition, "timestamp", remote_addr, token_id) VALUES (178, 1, 931, 'reg', 'initial', '2015-04-02 10:51:07.370267', '10.0.1.164', NULL);
INSERT INTO action_states (ad_id, action_id, state_id, state, transition, "timestamp", remote_addr, token_id) VALUES (178, 1, 932, 'unverified', 'verifymail', '2015-04-02 10:51:07.370267', '10.0.1.164', NULL);
INSERT INTO action_states (ad_id, action_id, state_id, state, transition, "timestamp", remote_addr, token_id) VALUES (178, 1, 933, 'pending_review', 'verify', '2015-04-02 10:51:07.423843', '10.0.1.164', NULL);
INSERT INTO action_states (ad_id, action_id, state_id, state, transition, "timestamp", remote_addr, token_id) VALUES (178, 1, 934, 'accepted', 'accept', '2015-04-02 10:51:17.542326', '10.0.1.164', NULL);
INSERT INTO action_states (ad_id, action_id, state_id, state, transition, "timestamp", remote_addr, token_id) VALUES (179, 1, 935, 'reg', 'initial', '2015-04-02 10:51:27.56413', '10.0.1.164', NULL);
INSERT INTO action_states (ad_id, action_id, state_id, state, transition, "timestamp", remote_addr, token_id) VALUES (179, 1, 936, 'unverified', 'verifymail', '2015-04-02 10:51:27.56413', '10.0.1.164', NULL);
INSERT INTO action_states (ad_id, action_id, state_id, state, transition, "timestamp", remote_addr, token_id) VALUES (179, 1, 937, 'pending_review', 'verify', '2015-04-02 10:51:27.606707', '10.0.1.164', NULL);
INSERT INTO action_states (ad_id, action_id, state_id, state, transition, "timestamp", remote_addr, token_id) VALUES (180, 1, 938, 'reg', 'initial', '2015-04-02 10:52:57.073231', '10.0.1.164', NULL);
INSERT INTO action_states (ad_id, action_id, state_id, state, transition, "timestamp", remote_addr, token_id) VALUES (180, 1, 939, 'unverified', 'verifymail', '2015-04-02 10:52:57.073231', '10.0.1.164', NULL);
INSERT INTO action_states (ad_id, action_id, state_id, state, transition, "timestamp", remote_addr, token_id) VALUES (180, 1, 940, 'pending_review', 'verify', '2015-04-02 10:52:57.163477', '10.0.1.164', NULL);
INSERT INTO action_states (ad_id, action_id, state_id, state, transition, "timestamp", remote_addr, token_id) VALUES (179, 1, 941, 'accepted', 'accept', '2015-04-02 10:52:57.297321', '10.0.1.164', NULL);
INSERT INTO action_states (ad_id, action_id, state_id, state, transition, "timestamp", remote_addr, token_id) VALUES (180, 1, 942, 'accepted', 'accept', '2015-04-02 10:53:09.310009', '10.0.1.164', NULL);
INSERT INTO action_states (ad_id, action_id, state_id, state, transition, "timestamp", remote_addr, token_id) VALUES (181, 1, 943, 'reg', 'initial', '2015-04-02 10:54:22.27015', '10.0.1.164', NULL);
INSERT INTO action_states (ad_id, action_id, state_id, state, transition, "timestamp", remote_addr, token_id) VALUES (181, 1, 944, 'unverified', 'verifymail', '2015-04-02 10:54:22.27015', '10.0.1.164', NULL);
INSERT INTO action_states (ad_id, action_id, state_id, state, transition, "timestamp", remote_addr, token_id) VALUES (181, 1, 945, 'pending_review', 'verify', '2015-04-02 10:54:22.427554', '10.0.1.164', NULL);
INSERT INTO action_states (ad_id, action_id, state_id, state, transition, "timestamp", remote_addr, token_id) VALUES (181, 1, 946, 'accepted', 'accept', '2015-04-02 10:54:34.589835', '10.0.1.164', NULL);
INSERT INTO action_states (ad_id, action_id, state_id, state, transition, "timestamp", remote_addr, token_id) VALUES (182, 1, 947, 'reg', 'initial', '2015-04-02 10:55:18.978763', '10.0.1.164', NULL);
INSERT INTO action_states (ad_id, action_id, state_id, state, transition, "timestamp", remote_addr, token_id) VALUES (182, 1, 948, 'unverified', 'verifymail', '2015-04-02 10:55:18.978763', '10.0.1.164', NULL);
INSERT INTO action_states (ad_id, action_id, state_id, state, transition, "timestamp", remote_addr, token_id) VALUES (182, 1, 949, 'pending_review', 'verify', '2015-04-02 10:55:19.040561', '10.0.1.164', NULL);
INSERT INTO action_states (ad_id, action_id, state_id, state, transition, "timestamp", remote_addr, token_id) VALUES (182, 1, 950, 'accepted', 'accept', '2015-04-02 10:55:28.196994', '10.0.1.164', NULL);
INSERT INTO action_states (ad_id, action_id, state_id, state, transition, "timestamp", remote_addr, token_id) VALUES (183, 1, 951, 'reg', 'initial', '2015-04-02 10:56:16.420818', '10.0.1.164', NULL);
INSERT INTO action_states (ad_id, action_id, state_id, state, transition, "timestamp", remote_addr, token_id) VALUES (183, 1, 952, 'unverified', 'verifymail', '2015-04-02 10:56:16.420818', '10.0.1.164', NULL);
INSERT INTO action_states (ad_id, action_id, state_id, state, transition, "timestamp", remote_addr, token_id) VALUES (183, 1, 953, 'pending_review', 'verify', '2015-04-02 10:56:16.4765', '10.0.1.164', NULL);
INSERT INTO action_states (ad_id, action_id, state_id, state, transition, "timestamp", remote_addr, token_id) VALUES (183, 1, 954, 'accepted', 'accept', '2015-04-02 10:56:26.612654', '10.0.1.164', NULL);
INSERT INTO action_states (ad_id, action_id, state_id, state, transition, "timestamp", remote_addr, token_id) VALUES (184, 1, 955, 'reg', 'initial', '2015-04-02 10:57:15.238531', '10.0.1.164', NULL);
INSERT INTO action_states (ad_id, action_id, state_id, state, transition, "timestamp", remote_addr, token_id) VALUES (184, 1, 956, 'unverified', 'verifymail', '2015-04-02 10:57:15.238531', '10.0.1.164', NULL);
INSERT INTO action_states (ad_id, action_id, state_id, state, transition, "timestamp", remote_addr, token_id) VALUES (184, 1, 957, 'pending_review', 'verify', '2015-04-02 10:57:15.304687', '10.0.1.164', NULL);
INSERT INTO action_states (ad_id, action_id, state_id, state, transition, "timestamp", remote_addr, token_id) VALUES (184, 1, 958, 'accepted', 'accept', '2015-04-02 10:57:26.451689', '10.0.1.164', NULL);
INSERT INTO action_states (ad_id, action_id, state_id, state, transition, "timestamp", remote_addr, token_id) VALUES (185, 1, 959, 'reg', 'initial', '2015-04-02 10:57:46.43422', '10.0.1.164', NULL);
INSERT INTO action_states (ad_id, action_id, state_id, state, transition, "timestamp", remote_addr, token_id) VALUES (185, 1, 960, 'unverified', 'verifymail', '2015-04-02 10:57:46.43422', '10.0.1.164', NULL);
INSERT INTO action_states (ad_id, action_id, state_id, state, transition, "timestamp", remote_addr, token_id) VALUES (185, 1, 961, 'pending_review', 'verify', '2015-04-02 10:57:46.561373', '10.0.1.164', NULL);
INSERT INTO action_states (ad_id, action_id, state_id, state, transition, "timestamp", remote_addr, token_id) VALUES (185, 1, 962, 'accepted', 'accept', '2015-04-02 10:57:59.648694', '10.0.1.164', NULL);
INSERT INTO action_states (ad_id, action_id, state_id, state, transition, "timestamp", remote_addr, token_id) VALUES (186, 1, 963, 'reg', 'initial', '2015-04-02 10:58:36.379435', '10.0.1.164', NULL);
INSERT INTO action_states (ad_id, action_id, state_id, state, transition, "timestamp", remote_addr, token_id) VALUES (186, 1, 964, 'unverified', 'verifymail', '2015-04-02 10:58:36.379435', '10.0.1.164', NULL);
INSERT INTO action_states (ad_id, action_id, state_id, state, transition, "timestamp", remote_addr, token_id) VALUES (186, 1, 965, 'pending_review', 'verify', '2015-04-02 10:58:36.423571', '10.0.1.164', NULL);
INSERT INTO action_states (ad_id, action_id, state_id, state, transition, "timestamp", remote_addr, token_id) VALUES (186, 1, 966, 'accepted', 'accept', '2015-04-02 10:58:46.513085', '10.0.1.164', NULL);
INSERT INTO action_states (ad_id, action_id, state_id, state, transition, "timestamp", remote_addr, token_id) VALUES (187, 1, 967, 'reg', 'initial', '2015-04-02 10:59:35.440909', '10.0.1.164', NULL);
INSERT INTO action_states (ad_id, action_id, state_id, state, transition, "timestamp", remote_addr, token_id) VALUES (187, 1, 968, 'unverified', 'verifymail', '2015-04-02 10:59:35.440909', '10.0.1.164', NULL);
INSERT INTO action_states (ad_id, action_id, state_id, state, transition, "timestamp", remote_addr, token_id) VALUES (187, 1, 969, 'pending_review', 'verify', '2015-04-02 10:59:35.643618', '10.0.1.164', NULL);
INSERT INTO action_states (ad_id, action_id, state_id, state, transition, "timestamp", remote_addr, token_id) VALUES (187, 1, 970, 'accepted', 'accept', '2015-04-02 10:59:47.748466', '10.0.1.164', NULL);
INSERT INTO action_states (ad_id, action_id, state_id, state, transition, "timestamp", remote_addr, token_id) VALUES (188, 1, 971, 'reg', 'initial', '2015-04-02 11:00:12.870112', '10.0.1.164', NULL);
INSERT INTO action_states (ad_id, action_id, state_id, state, transition, "timestamp", remote_addr, token_id) VALUES (188, 1, 972, 'unverified', 'verifymail', '2015-04-02 11:00:12.870112', '10.0.1.164', NULL);
INSERT INTO action_states (ad_id, action_id, state_id, state, transition, "timestamp", remote_addr, token_id) VALUES (188, 1, 973, 'pending_review', 'verify', '2015-04-02 11:00:12.904753', '10.0.1.164', NULL);
INSERT INTO action_states (ad_id, action_id, state_id, state, transition, "timestamp", remote_addr, token_id) VALUES (188, 1, 974, 'accepted', 'accept', '2015-04-02 11:00:23.985722', '10.0.1.164', NULL);
INSERT INTO action_states (ad_id, action_id, state_id, state, transition, "timestamp", remote_addr, token_id) VALUES (189, 1, 975, 'reg', 'initial', '2015-04-02 11:00:46.097776', '10.0.1.164', NULL);
INSERT INTO action_states (ad_id, action_id, state_id, state, transition, "timestamp", remote_addr, token_id) VALUES (189, 1, 976, 'unverified', 'verifymail', '2015-04-02 11:00:46.097776', '10.0.1.164', NULL);
INSERT INTO action_states (ad_id, action_id, state_id, state, transition, "timestamp", remote_addr, token_id) VALUES (189, 1, 977, 'pending_review', 'verify', '2015-04-02 11:00:46.229055', '10.0.1.164', NULL);
INSERT INTO action_states (ad_id, action_id, state_id, state, transition, "timestamp", remote_addr, token_id) VALUES (189, 1, 978, 'accepted', 'accept', '2015-04-02 11:00:58.342514', '10.0.1.164', NULL);
INSERT INTO action_states (ad_id, action_id, state_id, state, transition, "timestamp", remote_addr, token_id) VALUES (190, 1, 979, 'reg', 'initial', '2015-04-02 11:01:59.051581', '10.0.1.164', NULL);
INSERT INTO action_states (ad_id, action_id, state_id, state, transition, "timestamp", remote_addr, token_id) VALUES (190, 1, 980, 'unverified', 'verifymail', '2015-04-02 11:01:59.051581', '10.0.1.164', NULL);
INSERT INTO action_states (ad_id, action_id, state_id, state, transition, "timestamp", remote_addr, token_id) VALUES (190, 1, 981, 'pending_review', 'verify', '2015-04-02 11:01:59.142578', '10.0.1.164', NULL);
INSERT INTO action_states (ad_id, action_id, state_id, state, transition, "timestamp", remote_addr, token_id) VALUES (190, 1, 982, 'accepted', 'accept', '2015-04-02 11:02:09.244451', '10.0.1.164', NULL);
INSERT INTO action_states (ad_id, action_id, state_id, state, transition, "timestamp", remote_addr, token_id) VALUES (190, 2, 983, 'reg', 'initial', '2015-04-02 11:03:01.71926', '0.0.0.0', NULL);
INSERT INTO action_states (ad_id, action_id, state_id, state, transition, "timestamp", remote_addr, token_id) VALUES (190, 2, 984, 'accepted', 'status_change', '2015-04-02 11:03:01.71926', '0.0.0.0', NULL);
INSERT INTO action_states (ad_id, action_id, state_id, state, transition, "timestamp", remote_addr, token_id) VALUES (189, 2, 985, 'reg', 'initial', '2015-04-02 11:03:01.71926', '0.0.0.0', NULL);
INSERT INTO action_states (ad_id, action_id, state_id, state, transition, "timestamp", remote_addr, token_id) VALUES (189, 2, 986, 'accepted', 'status_change', '2015-04-02 11:03:01.71926', '0.0.0.0', NULL);
INSERT INTO action_states (ad_id, action_id, state_id, state, transition, "timestamp", remote_addr, token_id) VALUES (188, 2, 987, 'reg', 'initial', '2015-04-02 11:03:01.71926', '0.0.0.0', NULL);
INSERT INTO action_states (ad_id, action_id, state_id, state, transition, "timestamp", remote_addr, token_id) VALUES (188, 2, 988, 'accepted', 'status_change', '2015-04-02 11:03:01.71926', '0.0.0.0', NULL);
INSERT INTO action_states (ad_id, action_id, state_id, state, transition, "timestamp", remote_addr, token_id) VALUES (187, 2, 989, 'reg', 'initial', '2015-04-02 11:03:01.71926', '0.0.0.0', NULL);
INSERT INTO action_states (ad_id, action_id, state_id, state, transition, "timestamp", remote_addr, token_id) VALUES (187, 2, 990, 'accepted', 'status_change', '2015-04-02 11:03:01.71926', '0.0.0.0', NULL);
INSERT INTO action_states (ad_id, action_id, state_id, state, transition, "timestamp", remote_addr, token_id) VALUES (186, 2, 991, 'reg', 'initial', '2015-04-02 11:03:01.71926', '0.0.0.0', NULL);
INSERT INTO action_states (ad_id, action_id, state_id, state, transition, "timestamp", remote_addr, token_id) VALUES (186, 2, 992, 'accepted', 'status_change', '2015-04-02 11:03:01.71926', '0.0.0.0', NULL);
INSERT INTO action_states (ad_id, action_id, state_id, state, transition, "timestamp", remote_addr, token_id) VALUES (185, 2, 993, 'reg', 'initial', '2015-04-02 11:03:01.71926', '0.0.0.0', NULL);
INSERT INTO action_states (ad_id, action_id, state_id, state, transition, "timestamp", remote_addr, token_id) VALUES (185, 2, 994, 'accepted', 'status_change', '2015-04-02 11:03:01.71926', '0.0.0.0', NULL);
INSERT INTO action_states (ad_id, action_id, state_id, state, transition, "timestamp", remote_addr, token_id) VALUES (184, 2, 995, 'reg', 'initial', '2015-04-02 11:03:01.71926', '0.0.0.0', NULL);
INSERT INTO action_states (ad_id, action_id, state_id, state, transition, "timestamp", remote_addr, token_id) VALUES (184, 2, 996, 'accepted', 'status_change', '2015-04-02 11:03:01.71926', '0.0.0.0', NULL);
INSERT INTO action_states (ad_id, action_id, state_id, state, transition, "timestamp", remote_addr, token_id) VALUES (183, 2, 997, 'reg', 'initial', '2015-04-02 11:03:01.71926', '0.0.0.0', NULL);
INSERT INTO action_states (ad_id, action_id, state_id, state, transition, "timestamp", remote_addr, token_id) VALUES (183, 2, 998, 'accepted', 'status_change', '2015-04-02 11:03:01.71926', '0.0.0.0', NULL);
INSERT INTO action_states (ad_id, action_id, state_id, state, transition, "timestamp", remote_addr, token_id) VALUES (182, 2, 999, 'reg', 'initial', '2015-04-02 11:03:01.71926', '0.0.0.0', NULL);
INSERT INTO action_states (ad_id, action_id, state_id, state, transition, "timestamp", remote_addr, token_id) VALUES (182, 2, 1000, 'accepted', 'status_change', '2015-04-02 11:03:01.71926', '0.0.0.0', NULL);
INSERT INTO action_states (ad_id, action_id, state_id, state, transition, "timestamp", remote_addr, token_id) VALUES (181, 2, 1001, 'reg', 'initial', '2015-04-02 11:03:01.71926', '0.0.0.0', NULL);
INSERT INTO action_states (ad_id, action_id, state_id, state, transition, "timestamp", remote_addr, token_id) VALUES (181, 2, 1002, 'accepted', 'status_change', '2015-04-02 11:03:01.71926', '0.0.0.0', NULL);
INSERT INTO action_states (ad_id, action_id, state_id, state, transition, "timestamp", remote_addr, token_id) VALUES (191, 1, 1003, 'reg', 'initial', '2015-04-02 11:14:50.462406', '10.0.1.164', NULL);
INSERT INTO action_states (ad_id, action_id, state_id, state, transition, "timestamp", remote_addr, token_id) VALUES (191, 1, 1004, 'unverified', 'verifymail', '2015-04-02 11:14:50.462406', '10.0.1.164', NULL);
INSERT INTO action_states (ad_id, action_id, state_id, state, transition, "timestamp", remote_addr, token_id) VALUES (191, 1, 1005, 'pending_review', 'verify', '2015-04-02 11:14:50.613347', '10.0.1.164', NULL);
INSERT INTO action_states (ad_id, action_id, state_id, state, transition, "timestamp", remote_addr, token_id) VALUES (191, 1, 1006, 'accepted', 'accept', '2015-04-02 11:15:00.795573', '10.0.1.164', NULL);
INSERT INTO action_states (ad_id, action_id, state_id, state, transition, "timestamp", remote_addr, token_id) VALUES (192, 1, 1007, 'reg', 'initial', '2015-04-02 11:15:34.489198', '10.0.1.164', NULL);
INSERT INTO action_states (ad_id, action_id, state_id, state, transition, "timestamp", remote_addr, token_id) VALUES (192, 1, 1008, 'unverified', 'verifymail', '2015-04-02 11:15:34.489198', '10.0.1.164', NULL);
INSERT INTO action_states (ad_id, action_id, state_id, state, transition, "timestamp", remote_addr, token_id) VALUES (192, 1, 1009, 'pending_review', 'verify', '2015-04-02 11:15:34.572422', '10.0.1.164', NULL);
INSERT INTO action_states (ad_id, action_id, state_id, state, transition, "timestamp", remote_addr, token_id) VALUES (192, 1, 1010, 'accepted', 'accept', '2015-04-02 11:15:46.661592', '10.0.1.164', NULL);
INSERT INTO action_states (ad_id, action_id, state_id, state, transition, "timestamp", remote_addr, token_id) VALUES (193, 1, 1011, 'reg', 'initial', '2015-04-02 11:16:14.484129', '10.0.1.164', NULL);
INSERT INTO action_states (ad_id, action_id, state_id, state, transition, "timestamp", remote_addr, token_id) VALUES (193, 1, 1012, 'unverified', 'verifymail', '2015-04-02 11:16:14.484129', '10.0.1.164', NULL);
INSERT INTO action_states (ad_id, action_id, state_id, state, transition, "timestamp", remote_addr, token_id) VALUES (193, 1, 1013, 'pending_review', 'verify', '2015-04-02 11:16:14.553422', '10.0.1.164', NULL);
INSERT INTO action_states (ad_id, action_id, state_id, state, transition, "timestamp", remote_addr, token_id) VALUES (193, 1, 1014, 'accepted', 'accept', '2015-04-02 11:16:23.699794', '10.0.1.164', NULL);
INSERT INTO action_states (ad_id, action_id, state_id, state, transition, "timestamp", remote_addr, token_id) VALUES (194, 1, 1015, 'reg', 'initial', '2015-04-02 11:16:46.125824', '10.0.1.164', NULL);
INSERT INTO action_states (ad_id, action_id, state_id, state, transition, "timestamp", remote_addr, token_id) VALUES (194, 1, 1016, 'unverified', 'verifymail', '2015-04-02 11:16:46.125824', '10.0.1.164', NULL);
INSERT INTO action_states (ad_id, action_id, state_id, state, transition, "timestamp", remote_addr, token_id) VALUES (194, 1, 1017, 'pending_review', 'verify', '2015-04-02 11:16:46.177351', '10.0.1.164', NULL);
INSERT INTO action_states (ad_id, action_id, state_id, state, transition, "timestamp", remote_addr, token_id) VALUES (194, 1, 1018, 'accepted', 'accept', '2015-04-02 11:16:58.282351', '10.0.1.164', NULL);
INSERT INTO action_states (ad_id, action_id, state_id, state, transition, "timestamp", remote_addr, token_id) VALUES (195, 1, 1019, 'reg', 'initial', '2015-04-02 11:17:32.279006', '10.0.1.164', NULL);
INSERT INTO action_states (ad_id, action_id, state_id, state, transition, "timestamp", remote_addr, token_id) VALUES (195, 1, 1020, 'unverified', 'verifymail', '2015-04-02 11:17:32.279006', '10.0.1.164', NULL);
INSERT INTO action_states (ad_id, action_id, state_id, state, transition, "timestamp", remote_addr, token_id) VALUES (195, 1, 1021, 'pending_review', 'verify', '2015-04-02 11:17:32.360446', '10.0.1.164', NULL);
INSERT INTO action_states (ad_id, action_id, state_id, state, transition, "timestamp", remote_addr, token_id) VALUES (195, 1, 1022, 'accepted', 'accept', '2015-04-02 11:17:45.533529', '10.0.1.164', NULL);
SELECT pg_catalog.setval('action_states_state_id_seq', 1022, true);
INSERT INTO ad_changes (ad_id, action_id, state_id, is_param, column_name, old_value, new_value) VALUES (171, 1, 904, true, 'pack_status', NULL, 'disabled');
INSERT INTO ad_changes (ad_id, action_id, state_id, is_param, column_name, old_value, new_value) VALUES (172, 1, 908, true, 'pack_status', NULL, 'disabled');
INSERT INTO ad_changes (ad_id, action_id, state_id, is_param, column_name, old_value, new_value) VALUES (173, 1, 912, true, 'pack_status', NULL, 'disabled');
INSERT INTO ad_changes (ad_id, action_id, state_id, is_param, column_name, old_value, new_value) VALUES (174, 1, 916, true, 'pack_status', NULL, 'disabled');
INSERT INTO ad_changes (ad_id, action_id, state_id, is_param, column_name, old_value, new_value) VALUES (175, 1, 920, true, 'pack_status', NULL, 'disabled');
INSERT INTO ad_changes (ad_id, action_id, state_id, is_param, column_name, old_value, new_value) VALUES (176, 1, 924, true, 'pack_status', NULL, 'disabled');
INSERT INTO ad_changes (ad_id, action_id, state_id, is_param, column_name, old_value, new_value) VALUES (177, 1, 928, true, 'pack_status', NULL, 'disabled');
INSERT INTO ad_changes (ad_id, action_id, state_id, is_param, column_name, old_value, new_value) VALUES (178, 1, 932, true, 'pack_status', NULL, 'disabled');
INSERT INTO ad_changes (ad_id, action_id, state_id, is_param, column_name, old_value, new_value) VALUES (179, 1, 936, true, 'pack_status', NULL, 'disabled');
INSERT INTO ad_changes (ad_id, action_id, state_id, is_param, column_name, old_value, new_value) VALUES (180, 1, 939, true, 'pack_status', NULL, 'disabled');
INSERT INTO ad_changes (ad_id, action_id, state_id, is_param, column_name, old_value, new_value) VALUES (181, 1, 944, true, 'pack_status', NULL, 'disabled');
INSERT INTO ad_changes (ad_id, action_id, state_id, is_param, column_name, old_value, new_value) VALUES (182, 1, 948, true, 'pack_status', NULL, 'disabled');
INSERT INTO ad_changes (ad_id, action_id, state_id, is_param, column_name, old_value, new_value) VALUES (183, 1, 952, true, 'pack_status', NULL, 'disabled');
INSERT INTO ad_changes (ad_id, action_id, state_id, is_param, column_name, old_value, new_value) VALUES (189, 1, 976, true, 'pack_status', NULL, 'disabled');
INSERT INTO ad_changes (ad_id, action_id, state_id, is_param, column_name, old_value, new_value) VALUES (190, 1, 980, true, 'pack_status', NULL, 'disabled');
INSERT INTO ad_changes (ad_id, action_id, state_id, is_param, column_name, old_value, new_value) VALUES (184, 1, 956, true, 'pack_status', NULL, 'disabled');
INSERT INTO ad_changes (ad_id, action_id, state_id, is_param, column_name, old_value, new_value) VALUES (185, 1, 960, true, 'pack_status', NULL, 'disabled');
INSERT INTO ad_changes (ad_id, action_id, state_id, is_param, column_name, old_value, new_value) VALUES (186, 1, 964, true, 'pack_status', NULL, 'disabled');
INSERT INTO ad_changes (ad_id, action_id, state_id, is_param, column_name, old_value, new_value) VALUES (187, 1, 968, true, 'pack_status', NULL, 'disabled');
INSERT INTO ad_changes (ad_id, action_id, state_id, is_param, column_name, old_value, new_value) VALUES (188, 1, 972, true, 'pack_status', NULL, 'disabled');
INSERT INTO ad_changes (ad_id, action_id, state_id, is_param, column_name, old_value, new_value) VALUES (190, 2, 983, true, 'pack_status', 'disabled', 'active');
INSERT INTO ad_changes (ad_id, action_id, state_id, is_param, column_name, old_value, new_value) VALUES (189, 2, 985, true, 'pack_status', 'disabled', 'active');
INSERT INTO ad_changes (ad_id, action_id, state_id, is_param, column_name, old_value, new_value) VALUES (188, 2, 987, true, 'pack_status', 'disabled', 'active');
INSERT INTO ad_changes (ad_id, action_id, state_id, is_param, column_name, old_value, new_value) VALUES (187, 2, 989, true, 'pack_status', 'disabled', 'active');
INSERT INTO ad_changes (ad_id, action_id, state_id, is_param, column_name, old_value, new_value) VALUES (186, 2, 991, true, 'pack_status', 'disabled', 'active');
INSERT INTO ad_changes (ad_id, action_id, state_id, is_param, column_name, old_value, new_value) VALUES (185, 2, 993, true, 'pack_status', 'disabled', 'active');
INSERT INTO ad_changes (ad_id, action_id, state_id, is_param, column_name, old_value, new_value) VALUES (184, 2, 995, true, 'pack_status', 'disabled', 'active');
INSERT INTO ad_changes (ad_id, action_id, state_id, is_param, column_name, old_value, new_value) VALUES (183, 2, 997, true, 'pack_status', 'disabled', 'active');
INSERT INTO ad_changes (ad_id, action_id, state_id, is_param, column_name, old_value, new_value) VALUES (182, 2, 999, true, 'pack_status', 'disabled', 'active');
INSERT INTO ad_changes (ad_id, action_id, state_id, is_param, column_name, old_value, new_value) VALUES (181, 2, 1001, true, 'pack_status', 'disabled', 'active');
INSERT INTO ad_changes (ad_id, action_id, state_id, is_param, column_name, old_value, new_value) VALUES (191, 1, 1004, true, 'pack_status', NULL, 'disabled');
INSERT INTO ad_changes (ad_id, action_id, state_id, is_param, column_name, old_value, new_value) VALUES (192, 1, 1008, true, 'pack_status', NULL, 'disabled');
INSERT INTO ad_changes (ad_id, action_id, state_id, is_param, column_name, old_value, new_value) VALUES (193, 1, 1012, true, 'pack_status', NULL, 'disabled');
INSERT INTO ad_changes (ad_id, action_id, state_id, is_param, column_name, old_value, new_value) VALUES (194, 1, 1016, true, 'pack_status', NULL, 'disabled');
INSERT INTO ad_changes (ad_id, action_id, state_id, is_param, column_name, old_value, new_value) VALUES (195, 1, 1020, true, 'pack_status', NULL, 'disabled');
INSERT INTO ad_codes (code, code_type) VALUES (25776, 'pay');
INSERT INTO ad_codes (code, code_type) VALUES (57799, 'pay');
INSERT INTO ad_codes (code, code_type) VALUES (89822, 'pay');
INSERT INTO ad_codes (code, code_type) VALUES (31845, 'pay');
INSERT INTO ad_codes (code, code_type) VALUES (63868, 'pay');
INSERT INTO ad_codes (code, code_type) VALUES (95891, 'pay');
INSERT INTO ad_codes (code, code_type) VALUES (37914, 'pay');
INSERT INTO ad_codes (code, code_type) VALUES (69937, 'pay');
INSERT INTO ad_codes (code, code_type) VALUES (11960, 'pay');
INSERT INTO ad_codes (code, code_type) VALUES (43983, 'pay');
INSERT INTO ad_codes (code, code_type) VALUES (76006, 'pay');
INSERT INTO ad_codes (code, code_type) VALUES (18029, 'pay');
INSERT INTO ad_codes (code, code_type) VALUES (50052, 'pay');
INSERT INTO ad_codes (code, code_type) VALUES (82075, 'pay');
INSERT INTO ad_codes (code, code_type) VALUES (24098, 'pay');
INSERT INTO ad_codes (code, code_type) VALUES (56121, 'pay');
INSERT INTO ad_codes (code, code_type) VALUES (88144, 'pay');
INSERT INTO ad_codes (code, code_type) VALUES (30167, 'pay');
INSERT INTO ad_codes (code, code_type) VALUES (62190, 'pay');
INSERT INTO ad_codes (code, code_type) VALUES (94213, 'pay');
INSERT INTO ad_codes (code, code_type) VALUES (36236, 'pay');
INSERT INTO ad_codes (code, code_type) VALUES (68259, 'pay');
INSERT INTO ad_codes (code, code_type) VALUES (10282, 'pay');
INSERT INTO ad_codes (code, code_type) VALUES (42305, 'pay');
INSERT INTO ad_codes (code, code_type) VALUES (74328, 'pay');
INSERT INTO ad_image_changes (ad_id, action_id, state_id, seq_no, name, is_new) VALUES (171, 1, 906, 0, NULL, false);
INSERT INTO ad_image_changes (ad_id, action_id, state_id, seq_no, name, is_new) VALUES (172, 1, 910, 0, NULL, false);
INSERT INTO ad_image_changes (ad_id, action_id, state_id, seq_no, name, is_new) VALUES (173, 1, 914, 0, NULL, false);
INSERT INTO ad_image_changes (ad_id, action_id, state_id, seq_no, name, is_new) VALUES (174, 1, 918, 0, NULL, false);
INSERT INTO ad_image_changes (ad_id, action_id, state_id, seq_no, name, is_new) VALUES (175, 1, 922, 0, NULL, false);
INSERT INTO ad_image_changes (ad_id, action_id, state_id, seq_no, name, is_new) VALUES (176, 1, 926, 0, NULL, false);
INSERT INTO ad_image_changes (ad_id, action_id, state_id, seq_no, name, is_new) VALUES (177, 1, 930, 0, NULL, false);
INSERT INTO ad_image_changes (ad_id, action_id, state_id, seq_no, name, is_new) VALUES (178, 1, 934, 0, NULL, false);
INSERT INTO ad_image_changes (ad_id, action_id, state_id, seq_no, name, is_new) VALUES (179, 1, 941, 0, NULL, false);
INSERT INTO ad_image_changes (ad_id, action_id, state_id, seq_no, name, is_new) VALUES (180, 1, 942, 0, NULL, false);
INSERT INTO ad_image_changes (ad_id, action_id, state_id, seq_no, name, is_new) VALUES (181, 1, 946, 0, NULL, false);
INSERT INTO ad_image_changes (ad_id, action_id, state_id, seq_no, name, is_new) VALUES (182, 1, 950, 0, NULL, false);
INSERT INTO ad_image_changes (ad_id, action_id, state_id, seq_no, name, is_new) VALUES (183, 1, 954, 0, NULL, false);
INSERT INTO ad_image_changes (ad_id, action_id, state_id, seq_no, name, is_new) VALUES (184, 1, 958, 0, NULL, false);
INSERT INTO ad_image_changes (ad_id, action_id, state_id, seq_no, name, is_new) VALUES (185, 1, 962, 0, NULL, false);
INSERT INTO ad_image_changes (ad_id, action_id, state_id, seq_no, name, is_new) VALUES (186, 1, 966, 0, NULL, false);
INSERT INTO ad_image_changes (ad_id, action_id, state_id, seq_no, name, is_new) VALUES (187, 1, 970, 0, NULL, false);
INSERT INTO ad_image_changes (ad_id, action_id, state_id, seq_no, name, is_new) VALUES (188, 1, 974, 0, NULL, false);
INSERT INTO ad_image_changes (ad_id, action_id, state_id, seq_no, name, is_new) VALUES (189, 1, 978, 0, NULL, false);
INSERT INTO ad_image_changes (ad_id, action_id, state_id, seq_no, name, is_new) VALUES (190, 1, 982, 0, NULL, false);
INSERT INTO ad_image_changes (ad_id, action_id, state_id, seq_no, name, is_new) VALUES (191, 1, 1006, 0, NULL, false);
INSERT INTO ad_image_changes (ad_id, action_id, state_id, seq_no, name, is_new) VALUES (192, 1, 1010, 0, NULL, false);
INSERT INTO ad_image_changes (ad_id, action_id, state_id, seq_no, name, is_new) VALUES (193, 1, 1014, 0, NULL, false);
INSERT INTO ad_image_changes (ad_id, action_id, state_id, seq_no, name, is_new) VALUES (194, 1, 1018, 0, NULL, false);
INSERT INTO ad_image_changes (ad_id, action_id, state_id, seq_no, name, is_new) VALUES (195, 1, 1022, 0, NULL, false);
INSERT INTO ad_params (ad_id, name, value) VALUES (171, 'regdate', '2011');
INSERT INTO ad_params (ad_id, name, value) VALUES (171, 'mileage', '1000');
INSERT INTO ad_params (ad_id, name, value) VALUES (171, 'gearbox', '1');
INSERT INTO ad_params (ad_id, name, value) VALUES (171, 'fuel', '1');
INSERT INTO ad_params (ad_id, name, value) VALUES (171, 'cartype', '1');
INSERT INTO ad_params (ad_id, name, value) VALUES (171, 'prev_currency', 'peso');
INSERT INTO ad_params (ad_id, name, value) VALUES (171, 'brand', '17');
INSERT INTO ad_params (ad_id, name, value) VALUES (171, 'model', '4');
INSERT INTO ad_params (ad_id, name, value) VALUES (171, 'version', '2');
INSERT INTO ad_params (ad_id, name, value) VALUES (171, 'country', 'UNK');
INSERT INTO ad_params (ad_id, name, value) VALUES (171, 'pack_status', 'disabled');
INSERT INTO ad_params (ad_id, name, value) VALUES (172, 'regdate', '2010');
INSERT INTO ad_params (ad_id, name, value) VALUES (172, 'mileage', '2000');
INSERT INTO ad_params (ad_id, name, value) VALUES (172, 'gearbox', '1');
INSERT INTO ad_params (ad_id, name, value) VALUES (172, 'fuel', '1');
INSERT INTO ad_params (ad_id, name, value) VALUES (172, 'cartype', '1');
INSERT INTO ad_params (ad_id, name, value) VALUES (172, 'prev_currency', 'peso');
INSERT INTO ad_params (ad_id, name, value) VALUES (172, 'brand', '14');
INSERT INTO ad_params (ad_id, name, value) VALUES (172, 'model', '2');
INSERT INTO ad_params (ad_id, name, value) VALUES (172, 'version', '2');
INSERT INTO ad_params (ad_id, name, value) VALUES (172, 'country', 'UNK');
INSERT INTO ad_params (ad_id, name, value) VALUES (172, 'pack_status', 'disabled');
INSERT INTO ad_params (ad_id, name, value) VALUES (173, 'regdate', '2009');
INSERT INTO ad_params (ad_id, name, value) VALUES (173, 'mileage', '2000');
INSERT INTO ad_params (ad_id, name, value) VALUES (173, 'gearbox', '1');
INSERT INTO ad_params (ad_id, name, value) VALUES (173, 'fuel', '1');
INSERT INTO ad_params (ad_id, name, value) VALUES (173, 'cartype', '3');
INSERT INTO ad_params (ad_id, name, value) VALUES (173, 'prev_currency', 'peso');
INSERT INTO ad_params (ad_id, name, value) VALUES (173, 'brand', '5');
INSERT INTO ad_params (ad_id, name, value) VALUES (173, 'model', '1');
INSERT INTO ad_params (ad_id, name, value) VALUES (173, 'version', '1');
INSERT INTO ad_params (ad_id, name, value) VALUES (173, 'country', 'UNK');
INSERT INTO ad_params (ad_id, name, value) VALUES (173, 'pack_status', 'disabled');
INSERT INTO ad_params (ad_id, name, value) VALUES (174, 'regdate', '2014');
INSERT INTO ad_params (ad_id, name, value) VALUES (174, 'mileage', '1500');
INSERT INTO ad_params (ad_id, name, value) VALUES (174, 'gearbox', '1');
INSERT INTO ad_params (ad_id, name, value) VALUES (174, 'fuel', '1');
INSERT INTO ad_params (ad_id, name, value) VALUES (174, 'cartype', '3');
INSERT INTO ad_params (ad_id, name, value) VALUES (174, 'prev_currency', 'peso');
INSERT INTO ad_params (ad_id, name, value) VALUES (174, 'brand', '4');
INSERT INTO ad_params (ad_id, name, value) VALUES (174, 'model', '1');
INSERT INTO ad_params (ad_id, name, value) VALUES (174, 'version', '1');
INSERT INTO ad_params (ad_id, name, value) VALUES (174, 'country', 'UNK');
INSERT INTO ad_params (ad_id, name, value) VALUES (174, 'pack_status', 'disabled');
INSERT INTO ad_params (ad_id, name, value) VALUES (175, 'regdate', '1998');
INSERT INTO ad_params (ad_id, name, value) VALUES (175, 'mileage', '1000');
INSERT INTO ad_params (ad_id, name, value) VALUES (175, 'gearbox', '1');
INSERT INTO ad_params (ad_id, name, value) VALUES (175, 'fuel', '1');
INSERT INTO ad_params (ad_id, name, value) VALUES (175, 'cartype', '1');
INSERT INTO ad_params (ad_id, name, value) VALUES (175, 'prev_currency', 'peso');
INSERT INTO ad_params (ad_id, name, value) VALUES (175, 'brand', '18');
INSERT INTO ad_params (ad_id, name, value) VALUES (175, 'model', '4');
INSERT INTO ad_params (ad_id, name, value) VALUES (175, 'version', '1');
INSERT INTO ad_params (ad_id, name, value) VALUES (175, 'country', 'UNK');
INSERT INTO ad_params (ad_id, name, value) VALUES (175, 'pack_status', 'disabled');
INSERT INTO ad_params (ad_id, name, value) VALUES (176, 'regdate', '2003');
INSERT INTO ad_params (ad_id, name, value) VALUES (176, 'mileage', '4000');
INSERT INTO ad_params (ad_id, name, value) VALUES (176, 'gearbox', '1');
INSERT INTO ad_params (ad_id, name, value) VALUES (176, 'fuel', '1');
INSERT INTO ad_params (ad_id, name, value) VALUES (176, 'cartype', '1');
INSERT INTO ad_params (ad_id, name, value) VALUES (176, 'prev_currency', 'peso');
INSERT INTO ad_params (ad_id, name, value) VALUES (176, 'brand', '23');
INSERT INTO ad_params (ad_id, name, value) VALUES (176, 'model', '4');
INSERT INTO ad_params (ad_id, name, value) VALUES (176, 'version', '1');
INSERT INTO ad_params (ad_id, name, value) VALUES (176, 'country', 'UNK');
INSERT INTO ad_params (ad_id, name, value) VALUES (176, 'pack_status', 'disabled');
INSERT INTO ad_params (ad_id, name, value) VALUES (177, 'regdate', '2012');
INSERT INTO ad_params (ad_id, name, value) VALUES (177, 'mileage', '1000');
INSERT INTO ad_params (ad_id, name, value) VALUES (177, 'gearbox', '2');
INSERT INTO ad_params (ad_id, name, value) VALUES (177, 'fuel', '1');
INSERT INTO ad_params (ad_id, name, value) VALUES (177, 'cartype', '1');
INSERT INTO ad_params (ad_id, name, value) VALUES (177, 'prev_currency', 'peso');
INSERT INTO ad_params (ad_id, name, value) VALUES (177, 'brand', '19');
INSERT INTO ad_params (ad_id, name, value) VALUES (177, 'model', '19');
INSERT INTO ad_params (ad_id, name, value) VALUES (177, 'version', '1');
INSERT INTO ad_params (ad_id, name, value) VALUES (177, 'country', 'UNK');
INSERT INTO ad_params (ad_id, name, value) VALUES (177, 'pack_status', 'disabled');
INSERT INTO ad_params (ad_id, name, value) VALUES (178, 'regdate', '2011');
INSERT INTO ad_params (ad_id, name, value) VALUES (178, 'mileage', '1500');
INSERT INTO ad_params (ad_id, name, value) VALUES (178, 'gearbox', '2');
INSERT INTO ad_params (ad_id, name, value) VALUES (178, 'fuel', '1');
INSERT INTO ad_params (ad_id, name, value) VALUES (178, 'cartype', '1');
INSERT INTO ad_params (ad_id, name, value) VALUES (178, 'prev_currency', 'peso');
INSERT INTO ad_params (ad_id, name, value) VALUES (178, 'brand', '29');
INSERT INTO ad_params (ad_id, name, value) VALUES (178, 'model', '1');
INSERT INTO ad_params (ad_id, name, value) VALUES (178, 'version', '1');
INSERT INTO ad_params (ad_id, name, value) VALUES (178, 'country', 'UNK');
INSERT INTO ad_params (ad_id, name, value) VALUES (178, 'pack_status', 'disabled');
INSERT INTO ad_params (ad_id, name, value) VALUES (179, 'regdate', '2013');
INSERT INTO ad_params (ad_id, name, value) VALUES (179, 'mileage', '2000');
INSERT INTO ad_params (ad_id, name, value) VALUES (179, 'gearbox', '1');
INSERT INTO ad_params (ad_id, name, value) VALUES (179, 'fuel', '1');
INSERT INTO ad_params (ad_id, name, value) VALUES (179, 'cartype', '1');
INSERT INTO ad_params (ad_id, name, value) VALUES (179, 'prev_currency', 'peso');
INSERT INTO ad_params (ad_id, name, value) VALUES (179, 'brand', '100');
INSERT INTO ad_params (ad_id, name, value) VALUES (179, 'model', '1');
INSERT INTO ad_params (ad_id, name, value) VALUES (179, 'version', '2');
INSERT INTO ad_params (ad_id, name, value) VALUES (179, 'country', 'UNK');
INSERT INTO ad_params (ad_id, name, value) VALUES (180, 'regdate', '2013');
INSERT INTO ad_params (ad_id, name, value) VALUES (180, 'mileage', '1000');
INSERT INTO ad_params (ad_id, name, value) VALUES (180, 'gearbox', '1');
INSERT INTO ad_params (ad_id, name, value) VALUES (180, 'fuel', '1');
INSERT INTO ad_params (ad_id, name, value) VALUES (180, 'cartype', '1');
INSERT INTO ad_params (ad_id, name, value) VALUES (180, 'prev_currency', 'peso');
INSERT INTO ad_params (ad_id, name, value) VALUES (180, 'brand', '17');
INSERT INTO ad_params (ad_id, name, value) VALUES (180, 'model', '2');
INSERT INTO ad_params (ad_id, name, value) VALUES (180, 'version', '1');
INSERT INTO ad_params (ad_id, name, value) VALUES (180, 'country', 'UNK');
INSERT INTO ad_params (ad_id, name, value) VALUES (179, 'pack_status', 'disabled');
INSERT INTO ad_params (ad_id, name, value) VALUES (180, 'pack_status', 'disabled');
INSERT INTO ad_params (ad_id, name, value) VALUES (181, 'regdate', '2013');
INSERT INTO ad_params (ad_id, name, value) VALUES (181, 'mileage', '1000');
INSERT INTO ad_params (ad_id, name, value) VALUES (181, 'gearbox', '1');
INSERT INTO ad_params (ad_id, name, value) VALUES (181, 'fuel', '1');
INSERT INTO ad_params (ad_id, name, value) VALUES (181, 'cartype', '2');
INSERT INTO ad_params (ad_id, name, value) VALUES (181, 'prev_currency', 'peso');
INSERT INTO ad_params (ad_id, name, value) VALUES (181, 'brand', '6');
INSERT INTO ad_params (ad_id, name, value) VALUES (181, 'model', '2');
INSERT INTO ad_params (ad_id, name, value) VALUES (181, 'version', '2');
INSERT INTO ad_params (ad_id, name, value) VALUES (181, 'country', 'UNK');
INSERT INTO ad_params (ad_id, name, value) VALUES (182, 'regdate', '2001');
INSERT INTO ad_params (ad_id, name, value) VALUES (182, 'mileage', '2000');
INSERT INTO ad_params (ad_id, name, value) VALUES (182, 'gearbox', '1');
INSERT INTO ad_params (ad_id, name, value) VALUES (182, 'fuel', '1');
INSERT INTO ad_params (ad_id, name, value) VALUES (182, 'cartype', '2');
INSERT INTO ad_params (ad_id, name, value) VALUES (182, 'prev_currency', 'peso');
INSERT INTO ad_params (ad_id, name, value) VALUES (182, 'brand', '48');
INSERT INTO ad_params (ad_id, name, value) VALUES (182, 'model', '11');
INSERT INTO ad_params (ad_id, name, value) VALUES (182, 'version', '1');
INSERT INTO ad_params (ad_id, name, value) VALUES (182, 'country', 'UNK');
INSERT INTO ad_params (ad_id, name, value) VALUES (183, 'regdate', '2012');
INSERT INTO ad_params (ad_id, name, value) VALUES (183, 'mileage', '1000');
INSERT INTO ad_params (ad_id, name, value) VALUES (183, 'gearbox', '1');
INSERT INTO ad_params (ad_id, name, value) VALUES (183, 'fuel', '4');
INSERT INTO ad_params (ad_id, name, value) VALUES (183, 'cartype', '1');
INSERT INTO ad_params (ad_id, name, value) VALUES (183, 'prev_currency', 'peso');
INSERT INTO ad_params (ad_id, name, value) VALUES (183, 'brand', '40');
INSERT INTO ad_params (ad_id, name, value) VALUES (183, 'model', '7');
INSERT INTO ad_params (ad_id, name, value) VALUES (183, 'version', '1');
INSERT INTO ad_params (ad_id, name, value) VALUES (183, 'country', 'UNK');
INSERT INTO ad_params (ad_id, name, value) VALUES (184, 'regdate', '2009');
INSERT INTO ad_params (ad_id, name, value) VALUES (184, 'mileage', '1000');
INSERT INTO ad_params (ad_id, name, value) VALUES (184, 'gearbox', '1');
INSERT INTO ad_params (ad_id, name, value) VALUES (184, 'fuel', '1');
INSERT INTO ad_params (ad_id, name, value) VALUES (184, 'cartype', '2');
INSERT INTO ad_params (ad_id, name, value) VALUES (184, 'prev_currency', 'peso');
INSERT INTO ad_params (ad_id, name, value) VALUES (184, 'brand', '6');
INSERT INTO ad_params (ad_id, name, value) VALUES (184, 'model', '2');
INSERT INTO ad_params (ad_id, name, value) VALUES (184, 'version', '3');
INSERT INTO ad_params (ad_id, name, value) VALUES (184, 'country', 'UNK');
INSERT INTO ad_params (ad_id, name, value) VALUES (185, 'regdate', '2010');
INSERT INTO ad_params (ad_id, name, value) VALUES (185, 'mileage', '20000');
INSERT INTO ad_params (ad_id, name, value) VALUES (185, 'gearbox', '1');
INSERT INTO ad_params (ad_id, name, value) VALUES (185, 'fuel', '1');
INSERT INTO ad_params (ad_id, name, value) VALUES (185, 'cartype', '1');
INSERT INTO ad_params (ad_id, name, value) VALUES (185, 'prev_currency', 'peso');
INSERT INTO ad_params (ad_id, name, value) VALUES (185, 'brand', '20');
INSERT INTO ad_params (ad_id, name, value) VALUES (185, 'model', '1');
INSERT INTO ad_params (ad_id, name, value) VALUES (185, 'version', '1');
INSERT INTO ad_params (ad_id, name, value) VALUES (185, 'country', 'UNK');
INSERT INTO ad_params (ad_id, name, value) VALUES (186, 'regdate', '2001');
INSERT INTO ad_params (ad_id, name, value) VALUES (186, 'mileage', '4000');
INSERT INTO ad_params (ad_id, name, value) VALUES (186, 'gearbox', '2');
INSERT INTO ad_params (ad_id, name, value) VALUES (186, 'fuel', '1');
INSERT INTO ad_params (ad_id, name, value) VALUES (186, 'cartype', '3');
INSERT INTO ad_params (ad_id, name, value) VALUES (186, 'prev_currency', 'peso');
INSERT INTO ad_params (ad_id, name, value) VALUES (186, 'brand', '24');
INSERT INTO ad_params (ad_id, name, value) VALUES (186, 'model', '16');
INSERT INTO ad_params (ad_id, name, value) VALUES (186, 'version', '3');
INSERT INTO ad_params (ad_id, name, value) VALUES (186, 'country', 'UNK');
INSERT INTO ad_params (ad_id, name, value) VALUES (187, 'regdate', '2007');
INSERT INTO ad_params (ad_id, name, value) VALUES (187, 'mileage', '1000');
INSERT INTO ad_params (ad_id, name, value) VALUES (187, 'gearbox', '1');
INSERT INTO ad_params (ad_id, name, value) VALUES (187, 'fuel', '1');
INSERT INTO ad_params (ad_id, name, value) VALUES (187, 'cartype', '1');
INSERT INTO ad_params (ad_id, name, value) VALUES (187, 'prev_currency', 'peso');
INSERT INTO ad_params (ad_id, name, value) VALUES (187, 'brand', '26');
INSERT INTO ad_params (ad_id, name, value) VALUES (187, 'model', '4');
INSERT INTO ad_params (ad_id, name, value) VALUES (187, 'version', '1');
INSERT INTO ad_params (ad_id, name, value) VALUES (187, 'country', 'UNK');
INSERT INTO ad_params (ad_id, name, value) VALUES (188, 'regdate', '2010');
INSERT INTO ad_params (ad_id, name, value) VALUES (188, 'mileage', '20000');
INSERT INTO ad_params (ad_id, name, value) VALUES (188, 'gearbox', '1');
INSERT INTO ad_params (ad_id, name, value) VALUES (188, 'fuel', '1');
INSERT INTO ad_params (ad_id, name, value) VALUES (188, 'cartype', '1');
INSERT INTO ad_params (ad_id, name, value) VALUES (188, 'prev_currency', 'peso');
INSERT INTO ad_params (ad_id, name, value) VALUES (188, 'brand', '15');
INSERT INTO ad_params (ad_id, name, value) VALUES (188, 'model', '4');
INSERT INTO ad_params (ad_id, name, value) VALUES (188, 'version', '1');
INSERT INTO ad_params (ad_id, name, value) VALUES (188, 'country', 'UNK');
INSERT INTO ad_params (ad_id, name, value) VALUES (189, 'regdate', '1990');
INSERT INTO ad_params (ad_id, name, value) VALUES (189, 'mileage', '20000');
INSERT INTO ad_params (ad_id, name, value) VALUES (189, 'gearbox', '1');
INSERT INTO ad_params (ad_id, name, value) VALUES (189, 'fuel', '1');
INSERT INTO ad_params (ad_id, name, value) VALUES (189, 'cartype', '3');
INSERT INTO ad_params (ad_id, name, value) VALUES (189, 'prev_currency', 'peso');
INSERT INTO ad_params (ad_id, name, value) VALUES (189, 'brand', '22');
INSERT INTO ad_params (ad_id, name, value) VALUES (189, 'model', '1');
INSERT INTO ad_params (ad_id, name, value) VALUES (189, 'version', '1');
INSERT INTO ad_params (ad_id, name, value) VALUES (189, 'country', 'UNK');
INSERT INTO ad_params (ad_id, name, value) VALUES (190, 'regdate', '2007');
INSERT INTO ad_params (ad_id, name, value) VALUES (190, 'mileage', '20000');
INSERT INTO ad_params (ad_id, name, value) VALUES (190, 'gearbox', '2');
INSERT INTO ad_params (ad_id, name, value) VALUES (190, 'fuel', '1');
INSERT INTO ad_params (ad_id, name, value) VALUES (190, 'cartype', '1');
INSERT INTO ad_params (ad_id, name, value) VALUES (190, 'prev_currency', 'peso');
INSERT INTO ad_params (ad_id, name, value) VALUES (190, 'brand', '79');
INSERT INTO ad_params (ad_id, name, value) VALUES (190, 'model', '1');
INSERT INTO ad_params (ad_id, name, value) VALUES (190, 'version', '1');
INSERT INTO ad_params (ad_id, name, value) VALUES (190, 'country', 'UNK');
INSERT INTO ad_params (ad_id, name, value) VALUES (190, 'pack_status', 'active');
INSERT INTO ad_params (ad_id, name, value) VALUES (189, 'pack_status', 'active');
INSERT INTO ad_params (ad_id, name, value) VALUES (188, 'pack_status', 'active');
INSERT INTO ad_params (ad_id, name, value) VALUES (187, 'pack_status', 'active');
INSERT INTO ad_params (ad_id, name, value) VALUES (186, 'pack_status', 'active');
INSERT INTO ad_params (ad_id, name, value) VALUES (185, 'pack_status', 'active');
INSERT INTO ad_params (ad_id, name, value) VALUES (184, 'pack_status', 'active');
INSERT INTO ad_params (ad_id, name, value) VALUES (183, 'pack_status', 'active');
INSERT INTO ad_params (ad_id, name, value) VALUES (182, 'pack_status', 'active');
INSERT INTO ad_params (ad_id, name, value) VALUES (181, 'pack_status', 'active');
INSERT INTO ad_params (ad_id, name, value) VALUES (191, 'regdate', '2006');
INSERT INTO ad_params (ad_id, name, value) VALUES (191, 'mileage', '2000');
INSERT INTO ad_params (ad_id, name, value) VALUES (191, 'gearbox', '1');
INSERT INTO ad_params (ad_id, name, value) VALUES (191, 'fuel', '1');
INSERT INTO ad_params (ad_id, name, value) VALUES (191, 'cartype', '1');
INSERT INTO ad_params (ad_id, name, value) VALUES (191, 'prev_currency', 'peso');
INSERT INTO ad_params (ad_id, name, value) VALUES (191, 'brand', '18');
INSERT INTO ad_params (ad_id, name, value) VALUES (191, 'model', '24');
INSERT INTO ad_params (ad_id, name, value) VALUES (191, 'version', '1');
INSERT INTO ad_params (ad_id, name, value) VALUES (191, 'country', 'UNK');
INSERT INTO ad_params (ad_id, name, value) VALUES (191, 'pack_status', 'disabled');
INSERT INTO ad_params (ad_id, name, value) VALUES (192, 'regdate', '2009');
INSERT INTO ad_params (ad_id, name, value) VALUES (192, 'mileage', '20000');
INSERT INTO ad_params (ad_id, name, value) VALUES (192, 'gearbox', '1');
INSERT INTO ad_params (ad_id, name, value) VALUES (192, 'fuel', '1');
INSERT INTO ad_params (ad_id, name, value) VALUES (192, 'cartype', '1');
INSERT INTO ad_params (ad_id, name, value) VALUES (192, 'prev_currency', 'peso');
INSERT INTO ad_params (ad_id, name, value) VALUES (192, 'brand', '96');
INSERT INTO ad_params (ad_id, name, value) VALUES (192, 'model', '2');
INSERT INTO ad_params (ad_id, name, value) VALUES (192, 'version', '2');
INSERT INTO ad_params (ad_id, name, value) VALUES (192, 'country', 'UNK');
INSERT INTO ad_params (ad_id, name, value) VALUES (192, 'pack_status', 'disabled');
INSERT INTO ad_params (ad_id, name, value) VALUES (193, 'regdate', '2010');
INSERT INTO ad_params (ad_id, name, value) VALUES (193, 'mileage', '2000');
INSERT INTO ad_params (ad_id, name, value) VALUES (193, 'gearbox', '1');
INSERT INTO ad_params (ad_id, name, value) VALUES (193, 'fuel', '1');
INSERT INTO ad_params (ad_id, name, value) VALUES (193, 'cartype', '1');
INSERT INTO ad_params (ad_id, name, value) VALUES (193, 'prev_currency', 'peso');
INSERT INTO ad_params (ad_id, name, value) VALUES (193, 'brand', '16');
INSERT INTO ad_params (ad_id, name, value) VALUES (193, 'model', '8');
INSERT INTO ad_params (ad_id, name, value) VALUES (193, 'version', '1');
INSERT INTO ad_params (ad_id, name, value) VALUES (193, 'country', 'UNK');
INSERT INTO ad_params (ad_id, name, value) VALUES (193, 'pack_status', 'disabled');
INSERT INTO ad_params (ad_id, name, value) VALUES (194, 'regdate', '1970');
INSERT INTO ad_params (ad_id, name, value) VALUES (194, 'mileage', '2000');
INSERT INTO ad_params (ad_id, name, value) VALUES (194, 'gearbox', '1');
INSERT INTO ad_params (ad_id, name, value) VALUES (194, 'fuel', '1');
INSERT INTO ad_params (ad_id, name, value) VALUES (194, 'cartype', '1');
INSERT INTO ad_params (ad_id, name, value) VALUES (194, 'prev_currency', 'peso');
INSERT INTO ad_params (ad_id, name, value) VALUES (194, 'brand', '13');
INSERT INTO ad_params (ad_id, name, value) VALUES (194, 'model', '3');
INSERT INTO ad_params (ad_id, name, value) VALUES (194, 'version', '1');
INSERT INTO ad_params (ad_id, name, value) VALUES (194, 'country', 'UNK');
INSERT INTO ad_params (ad_id, name, value) VALUES (194, 'pack_status', 'disabled');
INSERT INTO ad_params (ad_id, name, value) VALUES (195, 'regdate', '2012');
INSERT INTO ad_params (ad_id, name, value) VALUES (195, 'mileage', '2000');
INSERT INTO ad_params (ad_id, name, value) VALUES (195, 'gearbox', '1');
INSERT INTO ad_params (ad_id, name, value) VALUES (195, 'fuel', '1');
INSERT INTO ad_params (ad_id, name, value) VALUES (195, 'cartype', '1');
INSERT INTO ad_params (ad_id, name, value) VALUES (195, 'prev_currency', 'peso');
INSERT INTO ad_params (ad_id, name, value) VALUES (195, 'brand', '10');
INSERT INTO ad_params (ad_id, name, value) VALUES (195, 'model', '2');
INSERT INTO ad_params (ad_id, name, value) VALUES (195, 'version', '2');
INSERT INTO ad_params (ad_id, name, value) VALUES (195, 'country', 'UNK');
INSERT INTO ad_params (ad_id, name, value) VALUES (195, 'pack_status', 'disabled');
SELECT pg_catalog.setval('ads_ad_id_seq', 195, true);
INSERT INTO blocked_items (item_id, value, list_id, notice, token_id) VALUES (25, '20_packs_to_disabled@yapo.cl', 17, 'Price "" is lower than allowed minimum.', NULL);
SELECT pg_catalog.setval('blocked_items_item_id_seq', 25, true);
SELECT pg_catalog.setval('list_id_seq', 8000153, true);
INSERT INTO packs (pack_id, account_id, status, type, slots, used, date_start, date_end, product_id, payment_group_id, token_id) VALUES (4, 13, 'active', 'car', 10, 10, '2015-04-02 11:03:01.71926', '2015-04-02 11:08:01.71926', 11010, 233, NULL);
SELECT pg_catalog.setval('packs_pack_id_seq', 4, true);
SELECT pg_catalog.setval('pay_code_seq', 536, true);
INSERT INTO pay_log (pay_log_id, pay_type, amount, code, token_id, paid_at, payment_group_id, status) VALUES (309, 'save', 0, '633026231', NULL, '2015-04-02 10:42:36', 213, 'SAVE');
INSERT INTO pay_log (pay_log_id, pay_type, amount, code, token_id, paid_at, payment_group_id, status) VALUES (310, 'verify', 0, '633026231', NULL, '2015-04-02 10:42:36', 213, 'OK');
INSERT INTO pay_log (pay_log_id, pay_type, amount, code, token_id, paid_at, payment_group_id, status) VALUES (311, 'save', 0, '768418254', NULL, '2015-04-02 10:43:37', 214, 'SAVE');
INSERT INTO pay_log (pay_log_id, pay_type, amount, code, token_id, paid_at, payment_group_id, status) VALUES (312, 'verify', 0, '768418254', NULL, '2015-04-02 10:43:37', 214, 'OK');
INSERT INTO pay_log (pay_log_id, pay_type, amount, code, token_id, paid_at, payment_group_id, status) VALUES (313, 'save', 0, '903810277', NULL, '2015-04-02 10:44:21', 215, 'SAVE');
INSERT INTO pay_log (pay_log_id, pay_type, amount, code, token_id, paid_at, payment_group_id, status) VALUES (314, 'verify', 0, '903810277', NULL, '2015-04-02 10:44:21', 215, 'OK');
INSERT INTO pay_log (pay_log_id, pay_type, amount, code, token_id, paid_at, payment_group_id, status) VALUES (315, 'save', 0, '139202300', NULL, '2015-04-02 10:45:13', 216, 'SAVE');
INSERT INTO pay_log (pay_log_id, pay_type, amount, code, token_id, paid_at, payment_group_id, status) VALUES (316, 'verify', 0, '139202300', NULL, '2015-04-02 10:45:13', 216, 'OK');
INSERT INTO pay_log (pay_log_id, pay_type, amount, code, token_id, paid_at, payment_group_id, status) VALUES (317, 'save', 0, '274594323', NULL, '2015-04-02 10:46:32', 217, 'SAVE');
INSERT INTO pay_log (pay_log_id, pay_type, amount, code, token_id, paid_at, payment_group_id, status) VALUES (318, 'verify', 0, '274594323', NULL, '2015-04-02 10:46:33', 217, 'OK');
INSERT INTO pay_log (pay_log_id, pay_type, amount, code, token_id, paid_at, payment_group_id, status) VALUES (319, 'save', 0, '409986346', NULL, '2015-04-02 10:47:12', 218, 'SAVE');
INSERT INTO pay_log (pay_log_id, pay_type, amount, code, token_id, paid_at, payment_group_id, status) VALUES (320, 'verify', 0, '409986346', NULL, '2015-04-02 10:47:13', 218, 'OK');
INSERT INTO pay_log (pay_log_id, pay_type, amount, code, token_id, paid_at, payment_group_id, status) VALUES (321, 'save', 0, '545378369', NULL, '2015-04-02 10:50:37', 219, 'SAVE');
INSERT INTO pay_log (pay_log_id, pay_type, amount, code, token_id, paid_at, payment_group_id, status) VALUES (322, 'verify', 0, '545378369', NULL, '2015-04-02 10:50:37', 219, 'OK');
INSERT INTO pay_log (pay_log_id, pay_type, amount, code, token_id, paid_at, payment_group_id, status) VALUES (323, 'save', 0, '680770392', NULL, '2015-04-02 10:51:07', 220, 'SAVE');
INSERT INTO pay_log (pay_log_id, pay_type, amount, code, token_id, paid_at, payment_group_id, status) VALUES (324, 'verify', 0, '680770392', NULL, '2015-04-02 10:51:07', 220, 'OK');
INSERT INTO pay_log (pay_log_id, pay_type, amount, code, token_id, paid_at, payment_group_id, status) VALUES (325, 'save', 0, '816162415', NULL, '2015-04-02 10:51:28', 221, 'SAVE');
INSERT INTO pay_log (pay_log_id, pay_type, amount, code, token_id, paid_at, payment_group_id, status) VALUES (326, 'verify', 0, '816162415', NULL, '2015-04-02 10:51:28', 221, 'OK');
INSERT INTO pay_log (pay_log_id, pay_type, amount, code, token_id, paid_at, payment_group_id, status) VALUES (327, 'save', 0, '951554438', NULL, '2015-04-02 10:52:57', 222, 'SAVE');
INSERT INTO pay_log (pay_log_id, pay_type, amount, code, token_id, paid_at, payment_group_id, status) VALUES (328, 'verify', 0, '951554438', NULL, '2015-04-02 10:52:57', 222, 'OK');
INSERT INTO pay_log (pay_log_id, pay_type, amount, code, token_id, paid_at, payment_group_id, status) VALUES (329, 'save', 0, '186946461', NULL, '2015-04-02 10:54:22', 223, 'SAVE');
INSERT INTO pay_log (pay_log_id, pay_type, amount, code, token_id, paid_at, payment_group_id, status) VALUES (330, 'verify', 0, '186946461', NULL, '2015-04-02 10:54:22', 223, 'OK');
INSERT INTO pay_log (pay_log_id, pay_type, amount, code, token_id, paid_at, payment_group_id, status) VALUES (331, 'save', 0, '322338484', NULL, '2015-04-02 10:55:19', 224, 'SAVE');
INSERT INTO pay_log (pay_log_id, pay_type, amount, code, token_id, paid_at, payment_group_id, status) VALUES (332, 'verify', 0, '322338484', NULL, '2015-04-02 10:55:19', 224, 'OK');
INSERT INTO pay_log (pay_log_id, pay_type, amount, code, token_id, paid_at, payment_group_id, status) VALUES (333, 'save', 0, '457730507', NULL, '2015-04-02 10:56:16', 225, 'SAVE');
INSERT INTO pay_log (pay_log_id, pay_type, amount, code, token_id, paid_at, payment_group_id, status) VALUES (334, 'verify', 0, '457730507', NULL, '2015-04-02 10:56:16', 225, 'OK');
INSERT INTO pay_log (pay_log_id, pay_type, amount, code, token_id, paid_at, payment_group_id, status) VALUES (335, 'save', 0, '593122530', NULL, '2015-04-02 10:57:15', 226, 'SAVE');
INSERT INTO pay_log (pay_log_id, pay_type, amount, code, token_id, paid_at, payment_group_id, status) VALUES (336, 'verify', 0, '593122530', NULL, '2015-04-02 10:57:15', 226, 'OK');
INSERT INTO pay_log (pay_log_id, pay_type, amount, code, token_id, paid_at, payment_group_id, status) VALUES (337, 'save', 0, '728514553', NULL, '2015-04-02 10:57:46', 227, 'SAVE');
INSERT INTO pay_log (pay_log_id, pay_type, amount, code, token_id, paid_at, payment_group_id, status) VALUES (338, 'verify', 0, '728514553', NULL, '2015-04-02 10:57:47', 227, 'OK');
INSERT INTO pay_log (pay_log_id, pay_type, amount, code, token_id, paid_at, payment_group_id, status) VALUES (339, 'save', 0, '863906576', NULL, '2015-04-02 10:58:36', 228, 'SAVE');
INSERT INTO pay_log (pay_log_id, pay_type, amount, code, token_id, paid_at, payment_group_id, status) VALUES (340, 'verify', 0, '863906576', NULL, '2015-04-02 10:58:36', 228, 'OK');
INSERT INTO pay_log (pay_log_id, pay_type, amount, code, token_id, paid_at, payment_group_id, status) VALUES (341, 'save', 0, '999298599', NULL, '2015-04-02 10:59:35', 229, 'SAVE');
INSERT INTO pay_log (pay_log_id, pay_type, amount, code, token_id, paid_at, payment_group_id, status) VALUES (342, 'verify', 0, '999298599', NULL, '2015-04-02 10:59:36', 229, 'OK');
INSERT INTO pay_log (pay_log_id, pay_type, amount, code, token_id, paid_at, payment_group_id, status) VALUES (343, 'save', 0, '234690622', NULL, '2015-04-02 11:00:13', 230, 'SAVE');
INSERT INTO pay_log (pay_log_id, pay_type, amount, code, token_id, paid_at, payment_group_id, status) VALUES (344, 'verify', 0, '234690622', NULL, '2015-04-02 11:00:13', 230, 'OK');
INSERT INTO pay_log (pay_log_id, pay_type, amount, code, token_id, paid_at, payment_group_id, status) VALUES (345, 'save', 0, '370082645', NULL, '2015-04-02 11:00:46', 231, 'SAVE');
INSERT INTO pay_log (pay_log_id, pay_type, amount, code, token_id, paid_at, payment_group_id, status) VALUES (346, 'verify', 0, '370082645', NULL, '2015-04-02 11:00:46', 231, 'OK');
INSERT INTO pay_log (pay_log_id, pay_type, amount, code, token_id, paid_at, payment_group_id, status) VALUES (347, 'save', 0, '505474668', NULL, '2015-04-02 11:01:59', 232, 'SAVE');
INSERT INTO pay_log (pay_log_id, pay_type, amount, code, token_id, paid_at, payment_group_id, status) VALUES (348, 'verify', 0, '505474668', NULL, '2015-04-02 11:01:59', 232, 'OK');
INSERT INTO pay_log (pay_log_id, pay_type, amount, code, token_id, paid_at, payment_group_id, status) VALUES (349, 'save', 0, '12345', NULL, '2015-04-02 11:02:58', 233, 'SAVE');
INSERT INTO pay_log (pay_log_id, pay_type, amount, code, token_id, paid_at, payment_group_id, status) VALUES (350, 'paycard_save', 0, '12345', NULL, '2015-04-02 11:03:01', 233, 'SAVE');
INSERT INTO pay_log (pay_log_id, pay_type, amount, code, token_id, paid_at, payment_group_id, status) VALUES (351, 'paycard', 23000, '12345', NULL, '2015-04-02 11:03:02', 233, 'OK');
INSERT INTO pay_log (pay_log_id, pay_type, amount, code, token_id, paid_at, payment_group_id, status) VALUES (352, 'save', 0, '640866691', NULL, '2015-04-02 11:14:50', 234, 'SAVE');
INSERT INTO pay_log (pay_log_id, pay_type, amount, code, token_id, paid_at, payment_group_id, status) VALUES (353, 'verify', 0, '640866691', NULL, '2015-04-02 11:14:51', 234, 'OK');
INSERT INTO pay_log (pay_log_id, pay_type, amount, code, token_id, paid_at, payment_group_id, status) VALUES (354, 'save', 0, '776258714', NULL, '2015-04-02 11:15:34', 235, 'SAVE');
INSERT INTO pay_log (pay_log_id, pay_type, amount, code, token_id, paid_at, payment_group_id, status) VALUES (355, 'verify', 0, '776258714', NULL, '2015-04-02 11:15:35', 235, 'OK');
INSERT INTO pay_log (pay_log_id, pay_type, amount, code, token_id, paid_at, payment_group_id, status) VALUES (356, 'save', 0, '911650737', NULL, '2015-04-02 11:16:14', 236, 'SAVE');
INSERT INTO pay_log (pay_log_id, pay_type, amount, code, token_id, paid_at, payment_group_id, status) VALUES (357, 'verify', 0, '911650737', NULL, '2015-04-02 11:16:15', 236, 'OK');
INSERT INTO pay_log (pay_log_id, pay_type, amount, code, token_id, paid_at, payment_group_id, status) VALUES (358, 'save', 0, '147042760', NULL, '2015-04-02 11:16:46', 237, 'SAVE');
INSERT INTO pay_log (pay_log_id, pay_type, amount, code, token_id, paid_at, payment_group_id, status) VALUES (359, 'verify', 0, '147042760', NULL, '2015-04-02 11:16:46', 237, 'OK');
INSERT INTO pay_log (pay_log_id, pay_type, amount, code, token_id, paid_at, payment_group_id, status) VALUES (360, 'save', 0, '282434783', NULL, '2015-04-02 11:17:32', 238, 'SAVE');
INSERT INTO pay_log (pay_log_id, pay_type, amount, code, token_id, paid_at, payment_group_id, status) VALUES (361, 'verify', 0, '282434783', NULL, '2015-04-02 11:17:32', 238, 'OK');
SELECT pg_catalog.setval('pay_log_pay_log_id_seq', 361, true);
INSERT INTO pay_log_references (pay_log_id, ref_num, ref_type, reference) VALUES (309, 0, 'adphone', '1234567');
INSERT INTO pay_log_references (pay_log_id, ref_num, ref_type, reference) VALUES (309, 1, 'remote_addr', '10.0.1.164');
INSERT INTO pay_log_references (pay_log_id, ref_num, ref_type, reference) VALUES (310, 0, 'remote_addr', '10.0.1.164');
INSERT INTO pay_log_references (pay_log_id, ref_num, ref_type, reference) VALUES (311, 0, 'adphone', '1234567');
INSERT INTO pay_log_references (pay_log_id, ref_num, ref_type, reference) VALUES (311, 1, 'remote_addr', '10.0.1.164');
INSERT INTO pay_log_references (pay_log_id, ref_num, ref_type, reference) VALUES (312, 0, 'remote_addr', '10.0.1.164');
INSERT INTO pay_log_references (pay_log_id, ref_num, ref_type, reference) VALUES (313, 0, 'adphone', '1234567');
INSERT INTO pay_log_references (pay_log_id, ref_num, ref_type, reference) VALUES (313, 1, 'remote_addr', '10.0.1.164');
INSERT INTO pay_log_references (pay_log_id, ref_num, ref_type, reference) VALUES (314, 0, 'remote_addr', '10.0.1.164');
INSERT INTO pay_log_references (pay_log_id, ref_num, ref_type, reference) VALUES (315, 0, 'adphone', '1234567');
INSERT INTO pay_log_references (pay_log_id, ref_num, ref_type, reference) VALUES (315, 1, 'remote_addr', '10.0.1.164');
INSERT INTO pay_log_references (pay_log_id, ref_num, ref_type, reference) VALUES (316, 0, 'remote_addr', '10.0.1.164');
INSERT INTO pay_log_references (pay_log_id, ref_num, ref_type, reference) VALUES (317, 0, 'adphone', '1234567');
INSERT INTO pay_log_references (pay_log_id, ref_num, ref_type, reference) VALUES (317, 1, 'remote_addr', '10.0.1.164');
INSERT INTO pay_log_references (pay_log_id, ref_num, ref_type, reference) VALUES (318, 0, 'remote_addr', '10.0.1.164');
INSERT INTO pay_log_references (pay_log_id, ref_num, ref_type, reference) VALUES (319, 0, 'adphone', '1234567');
INSERT INTO pay_log_references (pay_log_id, ref_num, ref_type, reference) VALUES (319, 1, 'remote_addr', '10.0.1.164');
INSERT INTO pay_log_references (pay_log_id, ref_num, ref_type, reference) VALUES (320, 0, 'remote_addr', '10.0.1.164');
INSERT INTO pay_log_references (pay_log_id, ref_num, ref_type, reference) VALUES (321, 0, 'adphone', '1234567');
INSERT INTO pay_log_references (pay_log_id, ref_num, ref_type, reference) VALUES (321, 1, 'remote_addr', '10.0.1.164');
INSERT INTO pay_log_references (pay_log_id, ref_num, ref_type, reference) VALUES (322, 0, 'remote_addr', '10.0.1.164');
INSERT INTO pay_log_references (pay_log_id, ref_num, ref_type, reference) VALUES (323, 0, 'adphone', '1234567');
INSERT INTO pay_log_references (pay_log_id, ref_num, ref_type, reference) VALUES (323, 1, 'remote_addr', '10.0.1.164');
INSERT INTO pay_log_references (pay_log_id, ref_num, ref_type, reference) VALUES (324, 0, 'remote_addr', '10.0.1.164');
INSERT INTO pay_log_references (pay_log_id, ref_num, ref_type, reference) VALUES (325, 0, 'adphone', '1234567');
INSERT INTO pay_log_references (pay_log_id, ref_num, ref_type, reference) VALUES (325, 1, 'remote_addr', '10.0.1.164');
INSERT INTO pay_log_references (pay_log_id, ref_num, ref_type, reference) VALUES (326, 0, 'remote_addr', '10.0.1.164');
INSERT INTO pay_log_references (pay_log_id, ref_num, ref_type, reference) VALUES (327, 0, 'adphone', '1234567');
INSERT INTO pay_log_references (pay_log_id, ref_num, ref_type, reference) VALUES (327, 1, 'remote_addr', '10.0.1.164');
INSERT INTO pay_log_references (pay_log_id, ref_num, ref_type, reference) VALUES (328, 0, 'remote_addr', '10.0.1.164');
INSERT INTO pay_log_references (pay_log_id, ref_num, ref_type, reference) VALUES (329, 0, 'adphone', '1234567');
INSERT INTO pay_log_references (pay_log_id, ref_num, ref_type, reference) VALUES (329, 1, 'remote_addr', '10.0.1.164');
INSERT INTO pay_log_references (pay_log_id, ref_num, ref_type, reference) VALUES (330, 0, 'remote_addr', '10.0.1.164');
INSERT INTO pay_log_references (pay_log_id, ref_num, ref_type, reference) VALUES (331, 0, 'adphone', '1234567');
INSERT INTO pay_log_references (pay_log_id, ref_num, ref_type, reference) VALUES (331, 1, 'remote_addr', '10.0.1.164');
INSERT INTO pay_log_references (pay_log_id, ref_num, ref_type, reference) VALUES (332, 0, 'remote_addr', '10.0.1.164');
INSERT INTO pay_log_references (pay_log_id, ref_num, ref_type, reference) VALUES (333, 0, 'adphone', '1234567');
INSERT INTO pay_log_references (pay_log_id, ref_num, ref_type, reference) VALUES (333, 1, 'remote_addr', '10.0.1.164');
INSERT INTO pay_log_references (pay_log_id, ref_num, ref_type, reference) VALUES (334, 0, 'remote_addr', '10.0.1.164');
INSERT INTO pay_log_references (pay_log_id, ref_num, ref_type, reference) VALUES (335, 0, 'adphone', '1234567');
INSERT INTO pay_log_references (pay_log_id, ref_num, ref_type, reference) VALUES (335, 1, 'remote_addr', '10.0.1.164');
INSERT INTO pay_log_references (pay_log_id, ref_num, ref_type, reference) VALUES (336, 0, 'remote_addr', '10.0.1.164');
INSERT INTO pay_log_references (pay_log_id, ref_num, ref_type, reference) VALUES (337, 0, 'adphone', '1234567');
INSERT INTO pay_log_references (pay_log_id, ref_num, ref_type, reference) VALUES (337, 1, 'remote_addr', '10.0.1.164');
INSERT INTO pay_log_references (pay_log_id, ref_num, ref_type, reference) VALUES (338, 0, 'remote_addr', '10.0.1.164');
INSERT INTO pay_log_references (pay_log_id, ref_num, ref_type, reference) VALUES (339, 0, 'adphone', '1234567');
INSERT INTO pay_log_references (pay_log_id, ref_num, ref_type, reference) VALUES (339, 1, 'remote_addr', '10.0.1.164');
INSERT INTO pay_log_references (pay_log_id, ref_num, ref_type, reference) VALUES (340, 0, 'remote_addr', '10.0.1.164');
INSERT INTO pay_log_references (pay_log_id, ref_num, ref_type, reference) VALUES (341, 0, 'adphone', '1234567');
INSERT INTO pay_log_references (pay_log_id, ref_num, ref_type, reference) VALUES (341, 1, 'remote_addr', '10.0.1.164');
INSERT INTO pay_log_references (pay_log_id, ref_num, ref_type, reference) VALUES (342, 0, 'remote_addr', '10.0.1.164');
INSERT INTO pay_log_references (pay_log_id, ref_num, ref_type, reference) VALUES (343, 0, 'adphone', '1234567');
INSERT INTO pay_log_references (pay_log_id, ref_num, ref_type, reference) VALUES (343, 1, 'remote_addr', '10.0.1.164');
INSERT INTO pay_log_references (pay_log_id, ref_num, ref_type, reference) VALUES (344, 0, 'remote_addr', '10.0.1.164');
INSERT INTO pay_log_references (pay_log_id, ref_num, ref_type, reference) VALUES (345, 0, 'adphone', '1234567');
INSERT INTO pay_log_references (pay_log_id, ref_num, ref_type, reference) VALUES (345, 1, 'remote_addr', '10.0.1.164');
INSERT INTO pay_log_references (pay_log_id, ref_num, ref_type, reference) VALUES (346, 0, 'remote_addr', '10.0.1.164');
INSERT INTO pay_log_references (pay_log_id, ref_num, ref_type, reference) VALUES (347, 0, 'adphone', '1234567');
INSERT INTO pay_log_references (pay_log_id, ref_num, ref_type, reference) VALUES (347, 1, 'remote_addr', '10.0.1.164');
INSERT INTO pay_log_references (pay_log_id, ref_num, ref_type, reference) VALUES (348, 0, 'remote_addr', '10.0.1.164');
INSERT INTO pay_log_references (pay_log_id, ref_num, ref_type, reference) VALUES (349, 0, 'remote_addr', '10.0.1.164');
INSERT INTO pay_log_references (pay_log_id, ref_num, ref_type, reference) VALUES (350, 0, 'auth_code', '949922');
INSERT INTO pay_log_references (pay_log_id, ref_num, ref_type, reference) VALUES (350, 1, 'trans_date', '02/04/2015 11:03:00');
INSERT INTO pay_log_references (pay_log_id, ref_num, ref_type, reference) VALUES (350, 2, 'placements_type', 'VN');
INSERT INTO pay_log_references (pay_log_id, ref_num, ref_type, reference) VALUES (350, 3, 'placements_number', '1');
INSERT INTO pay_log_references (pay_log_id, ref_num, ref_type, reference) VALUES (350, 4, 'pay_type', 'credit');
INSERT INTO pay_log_references (pay_log_id, ref_num, ref_type, reference) VALUES (350, 5, 'external_response', '0');
INSERT INTO pay_log_references (pay_log_id, ref_num, ref_type, reference) VALUES (350, 6, 'external_id', '64997589890278188095');
INSERT INTO pay_log_references (pay_log_id, ref_num, ref_type, reference) VALUES (350, 7, 'remote_addr', '10.0.1.208');
INSERT INTO pay_log_references (pay_log_id, ref_num, ref_type, reference) VALUES (352, 0, 'adphone', '1234567');
INSERT INTO pay_log_references (pay_log_id, ref_num, ref_type, reference) VALUES (352, 1, 'remote_addr', '10.0.1.164');
INSERT INTO pay_log_references (pay_log_id, ref_num, ref_type, reference) VALUES (353, 0, 'remote_addr', '10.0.1.164');
INSERT INTO pay_log_references (pay_log_id, ref_num, ref_type, reference) VALUES (354, 0, 'adphone', '1234567');
INSERT INTO pay_log_references (pay_log_id, ref_num, ref_type, reference) VALUES (354, 1, 'remote_addr', '10.0.1.164');
INSERT INTO pay_log_references (pay_log_id, ref_num, ref_type, reference) VALUES (355, 0, 'remote_addr', '10.0.1.164');
INSERT INTO pay_log_references (pay_log_id, ref_num, ref_type, reference) VALUES (356, 0, 'adphone', '1234567');
INSERT INTO pay_log_references (pay_log_id, ref_num, ref_type, reference) VALUES (356, 1, 'remote_addr', '10.0.1.164');
INSERT INTO pay_log_references (pay_log_id, ref_num, ref_type, reference) VALUES (357, 0, 'remote_addr', '10.0.1.164');
INSERT INTO pay_log_references (pay_log_id, ref_num, ref_type, reference) VALUES (358, 0, 'adphone', '1234567');
INSERT INTO pay_log_references (pay_log_id, ref_num, ref_type, reference) VALUES (358, 1, 'remote_addr', '10.0.1.164');
INSERT INTO pay_log_references (pay_log_id, ref_num, ref_type, reference) VALUES (359, 0, 'remote_addr', '10.0.1.164');
INSERT INTO pay_log_references (pay_log_id, ref_num, ref_type, reference) VALUES (360, 0, 'adphone', '1234567');
INSERT INTO pay_log_references (pay_log_id, ref_num, ref_type, reference) VALUES (360, 1, 'remote_addr', '10.0.1.164');
INSERT INTO pay_log_references (pay_log_id, ref_num, ref_type, reference) VALUES (361, 0, 'remote_addr', '10.0.1.164');
SELECT pg_catalog.setval('payment_groups_payment_group_id_seq', 238, true);
INSERT INTO payments (payment_group_id, payment_type, pay_amount, discount) VALUES (213, 'ad_action', 0, 0);
INSERT INTO payments (payment_group_id, payment_type, pay_amount, discount) VALUES (214, 'ad_action', 0, 0);
INSERT INTO payments (payment_group_id, payment_type, pay_amount, discount) VALUES (215, 'ad_action', 0, 0);
INSERT INTO payments (payment_group_id, payment_type, pay_amount, discount) VALUES (216, 'ad_action', 0, 0);
INSERT INTO payments (payment_group_id, payment_type, pay_amount, discount) VALUES (217, 'ad_action', 0, 0);
INSERT INTO payments (payment_group_id, payment_type, pay_amount, discount) VALUES (218, 'ad_action', 0, 0);
INSERT INTO payments (payment_group_id, payment_type, pay_amount, discount) VALUES (219, 'ad_action', 0, 0);
INSERT INTO payments (payment_group_id, payment_type, pay_amount, discount) VALUES (220, 'ad_action', 0, 0);
INSERT INTO payments (payment_group_id, payment_type, pay_amount, discount) VALUES (221, 'ad_action', 0, 0);
INSERT INTO payments (payment_group_id, payment_type, pay_amount, discount) VALUES (222, 'ad_action', 0, 0);
INSERT INTO payments (payment_group_id, payment_type, pay_amount, discount) VALUES (223, 'ad_action', 0, 0);
INSERT INTO payments (payment_group_id, payment_type, pay_amount, discount) VALUES (224, 'ad_action', 0, 0);
INSERT INTO payments (payment_group_id, payment_type, pay_amount, discount) VALUES (225, 'ad_action', 0, 0);
INSERT INTO payments (payment_group_id, payment_type, pay_amount, discount) VALUES (226, 'ad_action', 0, 0);
INSERT INTO payments (payment_group_id, payment_type, pay_amount, discount) VALUES (227, 'ad_action', 0, 0);
INSERT INTO payments (payment_group_id, payment_type, pay_amount, discount) VALUES (228, 'ad_action', 0, 0);
INSERT INTO payments (payment_group_id, payment_type, pay_amount, discount) VALUES (229, 'ad_action', 0, 0);
INSERT INTO payments (payment_group_id, payment_type, pay_amount, discount) VALUES (230, 'ad_action', 0, 0);
INSERT INTO payments (payment_group_id, payment_type, pay_amount, discount) VALUES (231, 'ad_action', 0, 0);
INSERT INTO payments (payment_group_id, payment_type, pay_amount, discount) VALUES (232, 'ad_action', 0, 0);
INSERT INTO payments (payment_group_id, payment_type, pay_amount, discount) VALUES (233, 'PCAR_010_1', 23000, 0);
INSERT INTO payments (payment_group_id, payment_type, pay_amount, discount) VALUES (234, 'ad_action', 0, 0);
INSERT INTO payments (payment_group_id, payment_type, pay_amount, discount) VALUES (235, 'ad_action', 0, 0);
INSERT INTO payments (payment_group_id, payment_type, pay_amount, discount) VALUES (236, 'ad_action', 0, 0);
INSERT INTO payments (payment_group_id, payment_type, pay_amount, discount) VALUES (237, 'ad_action', 0, 0);
INSERT INTO payments (payment_group_id, payment_type, pay_amount, discount) VALUES (238, 'ad_action', 0, 0);
INSERT INTO purchase (purchase_id, doc_type, doc_num, external_doc_id, status, receipt, delivery, rut, name, lob, address, region, communes, contact, email, tax, discount, seller_id, total_price, payment_group_id, payment_method, account_id) VALUES (4, 'bill', NULL, NULL, 'paid', '2015-04-02 11:02:57.717296', NULL, NULL, NULL, NULL, NULL, NULL, NULL, NULL, '20_packs_to_disabled@yapo.cl', 0, 0, NULL, 23000, 233, 'webpay', 13);
INSERT INTO purchase_detail (purchase_detail_id, purchase_id, product_id, price, action_id, ad_id, payment_group_id) VALUES (4, 4, 11010, 23000, NULL, NULL, 233);
SELECT pg_catalog.setval('purchase_detail_purchase_detail_id_seq', 4, true);
SELECT pg_catalog.setval('purchase_purchase_id_seq', 4, true);
INSERT INTO purchase_states (purchase_id, purchase_state_id, status, "timestamp", remote_addr) VALUES (4, 3, 'pending', '2015-04-02 11:02:57.717296', '10.0.1.164');
SELECT pg_catalog.setval('purchase_states_purchase_state_id_seq', 3, true);
INSERT INTO state_params (ad_id, action_id, state_id, name, value) VALUES (171, 1, 905, 'queue', 'pack');
INSERT INTO state_params (ad_id, action_id, state_id, name, value) VALUES (171, 1, 906, 'filter_name', 'pack');
INSERT INTO state_params (ad_id, action_id, state_id, name, value) VALUES (172, 1, 909, 'queue', 'pack');
INSERT INTO state_params (ad_id, action_id, state_id, name, value) VALUES (172, 1, 910, 'filter_name', 'pack');
INSERT INTO state_params (ad_id, action_id, state_id, name, value) VALUES (173, 1, 913, 'queue', 'pack');
INSERT INTO state_params (ad_id, action_id, state_id, name, value) VALUES (173, 1, 914, 'filter_name', 'pack');
INSERT INTO state_params (ad_id, action_id, state_id, name, value) VALUES (174, 1, 917, 'queue', 'pack');
INSERT INTO state_params (ad_id, action_id, state_id, name, value) VALUES (174, 1, 918, 'filter_name', 'pack');
INSERT INTO state_params (ad_id, action_id, state_id, name, value) VALUES (175, 1, 921, 'queue', 'pack');
INSERT INTO state_params (ad_id, action_id, state_id, name, value) VALUES (175, 1, 922, 'filter_name', 'pack');
INSERT INTO state_params (ad_id, action_id, state_id, name, value) VALUES (176, 1, 925, 'queue', 'pack');
INSERT INTO state_params (ad_id, action_id, state_id, name, value) VALUES (176, 1, 926, 'filter_name', 'pack');
INSERT INTO state_params (ad_id, action_id, state_id, name, value) VALUES (177, 1, 929, 'queue', 'pack');
INSERT INTO state_params (ad_id, action_id, state_id, name, value) VALUES (177, 1, 930, 'filter_name', 'pack');
INSERT INTO state_params (ad_id, action_id, state_id, name, value) VALUES (178, 1, 933, 'queue', 'pack');
INSERT INTO state_params (ad_id, action_id, state_id, name, value) VALUES (178, 1, 934, 'filter_name', 'pack');
INSERT INTO state_params (ad_id, action_id, state_id, name, value) VALUES (179, 1, 937, 'queue', 'pack');
INSERT INTO state_params (ad_id, action_id, state_id, name, value) VALUES (180, 1, 940, 'queue', 'pack');
INSERT INTO state_params (ad_id, action_id, state_id, name, value) VALUES (179, 1, 941, 'filter_name', 'pack');
INSERT INTO state_params (ad_id, action_id, state_id, name, value) VALUES (180, 1, 942, 'filter_name', 'pack');
INSERT INTO state_params (ad_id, action_id, state_id, name, value) VALUES (181, 1, 945, 'queue', 'pack');
INSERT INTO state_params (ad_id, action_id, state_id, name, value) VALUES (181, 1, 946, 'filter_name', 'pack');
INSERT INTO state_params (ad_id, action_id, state_id, name, value) VALUES (182, 1, 949, 'queue', 'pack');
INSERT INTO state_params (ad_id, action_id, state_id, name, value) VALUES (182, 1, 950, 'filter_name', 'pack');
INSERT INTO state_params (ad_id, action_id, state_id, name, value) VALUES (183, 1, 953, 'queue', 'pack');
INSERT INTO state_params (ad_id, action_id, state_id, name, value) VALUES (183, 1, 954, 'filter_name', 'pack');
INSERT INTO state_params (ad_id, action_id, state_id, name, value) VALUES (184, 1, 957, 'queue', 'pack');
INSERT INTO state_params (ad_id, action_id, state_id, name, value) VALUES (184, 1, 958, 'filter_name', 'pack');
INSERT INTO state_params (ad_id, action_id, state_id, name, value) VALUES (185, 1, 961, 'queue', 'pack');
INSERT INTO state_params (ad_id, action_id, state_id, name, value) VALUES (185, 1, 962, 'filter_name', 'pack');
INSERT INTO state_params (ad_id, action_id, state_id, name, value) VALUES (186, 1, 965, 'queue', 'pack');
INSERT INTO state_params (ad_id, action_id, state_id, name, value) VALUES (186, 1, 966, 'filter_name', 'pack');
INSERT INTO state_params (ad_id, action_id, state_id, name, value) VALUES (187, 1, 969, 'queue', 'pack');
INSERT INTO state_params (ad_id, action_id, state_id, name, value) VALUES (187, 1, 970, 'filter_name', 'pack');
INSERT INTO state_params (ad_id, action_id, state_id, name, value) VALUES (188, 1, 973, 'queue', 'pack');
INSERT INTO state_params (ad_id, action_id, state_id, name, value) VALUES (188, 1, 974, 'filter_name', 'pack');
INSERT INTO state_params (ad_id, action_id, state_id, name, value) VALUES (189, 1, 977, 'queue', 'pack');
INSERT INTO state_params (ad_id, action_id, state_id, name, value) VALUES (189, 1, 978, 'filter_name', 'pack');
INSERT INTO state_params (ad_id, action_id, state_id, name, value) VALUES (190, 1, 981, 'queue', 'pack');
INSERT INTO state_params (ad_id, action_id, state_id, name, value) VALUES (190, 1, 982, 'filter_name', 'pack');
INSERT INTO state_params (ad_id, action_id, state_id, name, value) VALUES (191, 1, 1005, 'queue', 'pack');
INSERT INTO state_params (ad_id, action_id, state_id, name, value) VALUES (191, 1, 1006, 'filter_name', 'pack');
INSERT INTO state_params (ad_id, action_id, state_id, name, value) VALUES (192, 1, 1009, 'queue', 'pack');
INSERT INTO state_params (ad_id, action_id, state_id, name, value) VALUES (192, 1, 1010, 'filter_name', 'pack');
INSERT INTO state_params (ad_id, action_id, state_id, name, value) VALUES (193, 1, 1013, 'queue', 'pack');
INSERT INTO state_params (ad_id, action_id, state_id, name, value) VALUES (193, 1, 1014, 'filter_name', 'pack');
INSERT INTO state_params (ad_id, action_id, state_id, name, value) VALUES (194, 1, 1017, 'queue', 'pack');
INSERT INTO state_params (ad_id, action_id, state_id, name, value) VALUES (194, 1, 1018, 'filter_name', 'pack');
INSERT INTO state_params (ad_id, action_id, state_id, name, value) VALUES (195, 1, 1021, 'queue', 'pack');
INSERT INTO state_params (ad_id, action_id, state_id, name, value) VALUES (195, 1, 1022, 'filter_name', 'pack');
INSERT INTO trans_queue (trans_queue_id, added_at, added_by, execute_at, executed_at, executed_by, status, locked_at, locked_by, command, response, queue, sub_queue, info) VALUES (199, '2015-04-02 10:56:26.630673', '29947@mazaru.schibsted.cl', NULL, NULL, NULL, NULL, NULL, NULL, 'cmd:admail
ad_id:183
action_id:1
mail_type:accept
', NULL, 'accepted_mail', NULL, NULL);
INSERT INTO ad_params VALUES (171, 'communes', '295');
INSERT INTO ad_params VALUES (172, 'communes', '303');
INSERT INTO ad_params VALUES (178, 'communes', '321');
INSERT INTO ad_params VALUES (173, 'communes', '313');
INSERT INTO ad_params VALUES (174, 'communes', '330');
INSERT INTO ad_params VALUES (175, 'communes', '322');
INSERT INTO ad_params VALUES (176, 'communes', '338');
INSERT INTO ad_params VALUES (179, 'communes', '338');
INSERT INTO ad_params VALUES (177, 'communes', '308');
INSERT INTO ad_params VALUES (180, 'communes', '325');
INSERT INTO ad_params VALUES (190, 'communes', '345');
INSERT INTO ad_params VALUES (189, 'communes', '303');
INSERT INTO ad_params VALUES (188, 'communes', '304');
INSERT INTO ad_params VALUES (187, 'communes', '295');
INSERT INTO ad_params VALUES (186, 'communes', '322');
INSERT INTO ad_params VALUES (185, 'communes', '317');
INSERT INTO ad_params VALUES (184, 'communes', '301');
INSERT INTO ad_params VALUES (183, 'communes', '311');
INSERT INTO ad_params VALUES (182, 'communes', '318');
INSERT INTO ad_params VALUES (181, 'communes', '310');
INSERT INTO ad_params VALUES (191, 'communes', '331');

--Change all passwords to 123123123
update ads set salted_passwd =  E'$1024$2y1bQ}VYRD}zF4QCbf07a971b784888658a20e62156de64dfde5ffb6', passwd = null;
update accounts set salted_passwd =  E'$1024$2y1bQ}VYRD}zF4QCbf07a971b784888658a20e62156de64dfde5ffb6';
