INSERT INTO users (user_id, uid, email, account, paid_total) VALUES (59, 3, 'dany@schibsted.cl', 0, 0);
INSERT INTO accounts (account_id, name, rut, email, phone, is_company, region, salted_passwd, creation_date, activation_date, status, address, contact, lob, commune, user_id) VALUES (8, 'Dany', '', 'dany@schibsted.cl', '1231231', true, 15, '$1024$dsy1{]A5sYJe9`Y2c569b1e36b7bce3f72efa37f5f66b69ccb4b81c6', '2015-03-17 18:33:18.093415', '2015-03-17 18:33:46.370535', 'active', NULL, NULL, NULL, NULL, 59);
INSERT INTO account_params (account_id, name, value) VALUES (8, 'is_pro_for', '2020');
INSERT INTO account_params (account_id, name, value) VALUES (8, 'available_slots', '10');
INSERT INTO account_params (account_id, name, value) VALUES (1, 'is_pro_for', '1020');
INSERT INTO account_params (account_id, name, value) VALUES (5, 'available_slots', '20');
INSERT INTO account_params (account_id, name, value) VALUES (8, 'pack_type', 'car');
INSERT INTO account_params (account_id, name, value) VALUES (1, 'pack_type', 'real_estate');
SELECT pg_catalog.setval('accounts_account_id_seq', 8, true);
INSERT INTO ads  VALUES (130, 8000089, '2015-03-17 18:36:21', 'active', 'sell', 'Dany', '1231231', 15, 0, 2020, 59, NULL, false, false, true, 'Acadian Beaumont 1974 ', 'ad asda ', NULL, NULL, NULL, NULL, NULL, NULL, NULL, '$1024$dsy1{]A5sYJe9`Y2c569b1e36b7bce3f72efa37f5f66b69ccb4b81c6', '2015-03-17 18:36:21.916126', 'es');
INSERT INTO ads  VALUES (126, 8000085, '2015-03-17 17:55:09', 'deleted', 'sell', 'OtherRegionAccount', '12312312', 10, 0, 2020, 3, NULL, false, false, true, 'Acadian Sedan 1978', 'asdasd', NULL, NULL, NULL, NULL, NULL, NULL, NULL, '$1024$Xz9fObnE6R=?;WF3dedc5f856ce5f31bf35015ac0f38cd5edddf155a', '2015-03-17 17:55:53.600218', 'es');
INSERT INTO ads  VALUES (129, 8000090, '2015-03-17 18:36:28', 'active', 'sell', 'Dany', '1231231', 15, 0, 2020, 59, NULL, false, false, true, 'Acadian Beaumont 1974 ', 'ad asda ', NULL, NULL, NULL, NULL, NULL, NULL, NULL, '$1024$dsy1{]A5sYJe9`Y2c569b1e36b7bce3f72efa37f5f66b69ccb4b81c6', '2015-03-17 18:36:28.707654', 'es');
INSERT INTO ads  VALUES (128, 8000091, '2015-03-17 18:36:36', 'active', 'sell', 'Dany', '1231231', 15, 0, 2020, 59, NULL, false, false, true, 'Acadian Beaumont 1974 ', 'ad asda ', NULL, NULL, NULL, NULL, NULL, NULL, NULL, '$1024$dsy1{]A5sYJe9`Y2c569b1e36b7bce3f72efa37f5f66b69ccb4b81c6', '2015-03-17 18:36:36.347505', 'es');
INSERT INTO ads  VALUES (133, 8000092, '2015-03-17 18:38:11', 'active', 'sell', 'Dany', '1231231', 15, 0, 2020, 59, NULL, false, false, true, 'Acura Integra 2005', 'asdasdasd', 123123, NULL, NULL, NULL, NULL, NULL, NULL, '$1024$dsy1{]A5sYJe9`Y2c569b1e36b7bce3f72efa37f5f66b69ccb4b81c6', '2015-03-17 18:38:11.413803', 'es');
INSERT INTO ads  VALUES (132, 8000087, '2015-03-17 18:36:07', 'active', 'sell', 'Dany', '1231231', 15, 0, 2020, 59, NULL, false, false, true, 'Acadian Beaumont 1974 ', 'ad asda ', NULL, NULL, NULL, NULL, NULL, NULL, NULL, '$1024$dsy1{]A5sYJe9`Y2c569b1e36b7bce3f72efa37f5f66b69ccb4b81c6', '2015-03-17 18:36:07.660889', 'es');
INSERT INTO ads  VALUES (131, 8000088, '2015-03-17 18:36:14', 'active', 'sell', 'Dany', '1231231', 15, 0, 2020, 59, NULL, false, false, true, 'Acadian Beaumont 1974 ', 'ad asda ', NULL, NULL, NULL, NULL, NULL, NULL, NULL, '$1024$dsy1{]A5sYJe9`Y2c569b1e36b7bce3f72efa37f5f66b69ccb4b81c6', '2015-03-17 18:36:14.933136', 'es');
INSERT INTO ads  VALUES (139, 8000094, '2015-03-17 18:59:07', 'active', 'sell', 'blocket', '26437660', 15, 0, 1020, 5, NULL, false, false, true, 'Depto test', 'depto test', 1000000, NULL, NULL, NULL, NULL, NULL, NULL, '$1024$''zs5ZqQ 7yWf5*+ 230ce84a3a219bf2eba14d169c8771e057e81411', '2015-03-17 18:59:07.263059', 'es');
INSERT INTO ads  VALUES (134, 8000093, '2015-03-17 18:39:48', 'deleted', 'sell', 'Dany', '1231231', 15, 0, 2020, 59, NULL, false, false, true, 'Alfa Romeo 166 2003', 'alfa', 123221, NULL, NULL, NULL, NULL, NULL, NULL, '$1024$dsy1{]A5sYJe9`Y2c569b1e36b7bce3f72efa37f5f66b69ccb4b81c6', '2015-03-17 18:45:54.877511', 'es');
INSERT INTO ads  VALUES (138, 8000095, '2015-03-17 18:59:14', 'active', 'sell', 'blocket', '26437660', 15, 0, 1020, 5, NULL, false, false, true, 'Depto test', 'depto test', 1000000, NULL, NULL, NULL, NULL, NULL, NULL, '$1024$''zs5ZqQ 7yWf5*+ 230ce84a3a219bf2eba14d169c8771e057e81411', '2015-03-17 18:59:14.588816', 'es');
INSERT INTO ads  VALUES (140, NULL, NULL, 'inactive', 'sell', 'blocket', '26437660', 15, 0, 1020, 5, NULL, false, false, true, 'Depto test', 'depto test', 1000000, NULL, NULL, NULL, NULL, NULL, NULL, '$1024$''zs5ZqQ 7yWf5*+ 230ce84a3a219bf2eba14d169c8771e057e81411', NULL, 'es');
INSERT INTO ads  VALUES (137, 8000096, '2015-03-17 19:00:18', 'active', 'sell', 'blocket', '26437660', 15, 0, 1020, 5, NULL, false, false, true, 'Depto test', 'depto test', 1000000, NULL, NULL, NULL, NULL, NULL, NULL, '$1024$''zs5ZqQ 7yWf5*+ 230ce84a3a219bf2eba14d169c8771e057e81411', '2015-03-17 19:00:18.840141', 'es');
INSERT INTO ads  VALUES (141, NULL, NULL, 'inactive', 'sell', 'BLOCKET', '26437660', 15, 0, 2020, 5, NULL, false, false, true, 'Acadian Beaumont 1974 ', 'ad asda ', NULL, NULL, NULL, NULL, NULL, NULL, NULL, '$1024$''zs5ZqQ 7yWf5*+ 230ce84a3a219bf2eba14d169c8771e057e81411', NULL, 'es');
INSERT INTO ads  VALUES (136, 8000097, '2015-03-17 19:00:25', 'active', 'sell', 'blocket', '26437660', 15, 0, 1020, 5, NULL, false, false, true, 'Depto test', 'depto test', 1000000, NULL, NULL, NULL, NULL, NULL, NULL, '$1024$''zs5ZqQ 7yWf5*+ 230ce84a3a219bf2eba14d169c8771e057e81411', '2015-03-17 19:00:25.469634', 'es');
INSERT INTO ads  VALUES (142, NULL, NULL, 'inactive', 'sell', 'BLOCKET', '26437660', 15, 0, 2020, 5, NULL, false, false, true, 'Acadian Beaumont 1974 ', 'ad asda ', NULL, NULL, NULL, NULL, NULL, NULL, NULL, '$1024$''zs5ZqQ 7yWf5*+ 230ce84a3a219bf2eba14d169c8771e057e81411', NULL, 'es');
INSERT INTO ads  VALUES (143, NULL, NULL, 'inactive', 'sell', 'BLOCKET', '26437660', 15, 0, 2020, 5, NULL, false, false, true, 'Acadian Beaumont 1974 ', 'ad asda ', NULL, NULL, NULL, NULL, NULL, NULL, NULL, '$1024$''zs5ZqQ 7yWf5*+ 230ce84a3a219bf2eba14d169c8771e057e81411', NULL, 'es');
INSERT INTO ads  VALUES (144, NULL, NULL, 'inactive', 'sell', 'BLOCKET', '26437660', 15, 0, 2020, 5, NULL, false, false, true, 'Acadian Beaumont 1974 ', 'ad asda ', NULL, NULL, NULL, NULL, NULL, NULL, NULL, '$1024$''zs5ZqQ 7yWf5*+ 230ce84a3a219bf2eba14d169c8771e057e81411', NULL, 'es');
INSERT INTO ads  VALUES (145, NULL, NULL, 'inactive', 'sell', 'BLOCKET', '26437660', 15, 0, 2020, 5, NULL, false, false, true, 'Acadian Beaumont 1974 ', 'ad asda ', NULL, NULL, NULL, NULL, NULL, NULL, NULL, '$1024$''zs5ZqQ 7yWf5*+ 230ce84a3a219bf2eba14d169c8771e057e81411', NULL, 'es');
INSERT INTO ads  VALUES (135, 8000098, '2015-03-18 10:32:02.62302', 'active', 'sell', 'blocket', '26437660', 15, 0, 1020, 5, NULL, false, false, true, 'Depto test', 'depto test', 1000000, NULL, NULL, NULL, '2015-03-17 19:01:15', NULL, NULL, '$1024$''zs5ZqQ 7yWf5*+ 230ce84a3a219bf2eba14d169c8771e057e81411', '2015-03-18 10:32:02.62302', 'es');
INSERT INTO ads  VALUES (146, 8000099, '2015-03-18 10:54:08', 'disabled', 'sell', 'OtherRegionAccount', '1231231', 10, 0, 2020, 3, NULL, false, false, true, 'American Motors Cherokee 2014', 'lalsksdjasld', 1200000, NULL, NULL, NULL, NULL, NULL, NULL, '$1024$Xz9fObnE6R=?;WF3dedc5f856ce5f31bf35015ac0f38cd5edddf155a', '2015-03-18 10:54:08.307803', 'es');
INSERT INTO ads  VALUES (127, 8000086, '2015-03-17 18:31:59', 'disabled', 'sell', 'OtherRegionAccount', '1231231', 10, 0, 2020, 3, NULL, false, false, true, 'Acadian Sedan 1978', 'lalalalala', 123123, NULL, NULL, NULL, NULL, NULL, NULL, '$1024$Xz9fObnE6R=?;WF3dedc5f856ce5f31bf35015ac0f38cd5edddf155a', '2015-03-18 10:36:47.685447', 'es');
INSERT INTO ads  VALUES (147, 8000101, '2015-03-18 11:01:26', 'active', 'sell', 'OtherRegionAccount', '1231231', 10, 0, 5020, 3, NULL, false, false, true, 'Mesa', 'adasdasd', 120000, NULL, NULL, NULL, NULL, NULL, NULL, '$1024$Xz9fObnE6R=?;WF3dedc5f856ce5f31bf35015ac0f38cd5edddf155a', '2015-03-18 11:01:26.528281', 'es');
INSERT INTO ads  VALUES (148, 8000102, '2015-03-18 11:03:50', 'active', 'sell', 'OtherRegionAccount', '1231231', 10, 0, 2020, 3, NULL, false, false, true, 'Autorrad Ruda 2009', 'asdasdasd', 12000, NULL, NULL, NULL, NULL, NULL, NULL, '$1024$Xz9fObnE6R=?;WF3dedc5f856ce5f31bf35015ac0f38cd5edddf155a', '2015-03-18 11:03:50.577512', 'es');
INSERT INTO ads  VALUES (200, 8000199, '2015-03-18 10:54:08', 'disabled', 'sell', 'OtherRegionAccount', '1231231', 10, 0, 2040, 3, NULL, false, false, true, 'American Truck', 'lalsksdjasld', 1200000, NULL, NULL, NULL, NULL, NULL, NULL, '$1024$Xz9fObnE6R=?;WF3dedc5f856ce5f31bf35015ac0f38cd5edddf155a', '2015-03-18 10:54:08.307803', 'es');

--Change all passwords to 123123123
update ads set salted_passwd =  E'$1024$2y1bQ}VYRD}zF4QCbf07a971b784888658a20e62156de64dfde5ffb6', passwd = null;

INSERT INTO payment_groups (payment_group_id, code, status, added_at, parent_payment_group_id) VALUES (166, '633026231', 'verified', '2015-03-17 17:53:48.705627', NULL);
INSERT INTO payment_groups (payment_group_id, code, status, added_at, parent_payment_group_id) VALUES (167, '768418254', 'verified', '2015-03-17 18:29:56.06351', NULL);
INSERT INTO payment_groups (payment_group_id, code, status, added_at, parent_payment_group_id) VALUES (168, '903810277', 'verified', '2015-03-17 18:34:23.586851', NULL);
INSERT INTO payment_groups (payment_group_id, code, status, added_at, parent_payment_group_id) VALUES (169, '139202300', 'verified', '2015-03-17 18:34:31.251006', NULL);
INSERT INTO payment_groups (payment_group_id, code, status, added_at, parent_payment_group_id) VALUES (170, '274594323', 'verified', '2015-03-17 18:34:38.906461', NULL);
INSERT INTO payment_groups (payment_group_id, code, status, added_at, parent_payment_group_id) VALUES (171, '409986346', 'verified', '2015-03-17 18:34:45.950415', NULL);
INSERT INTO payment_groups (payment_group_id, code, status, added_at, parent_payment_group_id) VALUES (172, '545378369', 'verified', '2015-03-17 18:34:53.936383', NULL);
INSERT INTO payment_groups (payment_group_id, code, status, added_at, parent_payment_group_id) VALUES (173, '680770392', 'verified', '2015-03-17 18:37:42.037607', NULL);
INSERT INTO payment_groups (payment_group_id, code, status, added_at, parent_payment_group_id) VALUES (174, '816162415', 'verified', '2015-03-17 18:39:35.132001', NULL);
INSERT INTO payment_groups (payment_group_id, code, status, added_at, parent_payment_group_id) VALUES (175, '12345', 'paid', '2015-03-17 18:40:55.515085', NULL);
INSERT INTO payment_groups (payment_group_id, code, status, added_at, parent_payment_group_id) VALUES (176, '951554438', 'verified', '2015-03-17 18:58:13.784276', NULL);
INSERT INTO payment_groups (payment_group_id, code, status, added_at, parent_payment_group_id) VALUES (177, '186946461', 'verified', '2015-03-17 18:58:34.634774', NULL);
INSERT INTO payment_groups (payment_group_id, code, status, added_at, parent_payment_group_id) VALUES (178, '322338484', 'verified', '2015-03-17 18:58:36.417464', NULL);
INSERT INTO payment_groups (payment_group_id, code, status, added_at, parent_payment_group_id) VALUES (179, '457730507', 'verified', '2015-03-17 18:58:38.279145', NULL);
INSERT INTO payment_groups (payment_group_id, code, status, added_at, parent_payment_group_id) VALUES (180, '593122530', 'verified', '2015-03-17 18:58:40.182303', NULL);
INSERT INTO payment_groups (payment_group_id, code, status, added_at, parent_payment_group_id) VALUES (181, '728514553', 'verified', '2015-03-17 19:02:05.290221', NULL);
INSERT INTO payment_groups (payment_group_id, code, status, added_at, parent_payment_group_id) VALUES (182, '863906576', 'verified', '2015-03-17 19:03:09.767827', NULL);
INSERT INTO payment_groups (payment_group_id, code, status, added_at, parent_payment_group_id) VALUES (183, '999298599', 'verified', '2015-03-17 19:03:15.800953', NULL);
INSERT INTO payment_groups (payment_group_id, code, status, added_at, parent_payment_group_id) VALUES (184, '234690622', 'verified', '2015-03-17 19:03:22.314134', NULL);
INSERT INTO payment_groups (payment_group_id, code, status, added_at, parent_payment_group_id) VALUES (185, '370082645', 'verified', '2015-03-17 19:03:28.690659', NULL);
INSERT INTO payment_groups (payment_group_id, code, status, added_at, parent_payment_group_id) VALUES (186, '505474668', 'verified', '2015-03-17 19:03:35.290418', NULL);
INSERT INTO payment_groups (payment_group_id, code, status, added_at, parent_payment_group_id) VALUES (187, '65432', 'paid', '2015-03-18 10:31:59.340273', NULL);
INSERT INTO payment_groups (payment_group_id, code, status, added_at, parent_payment_group_id) VALUES (188, '32323', 'paid', '2015-03-18 10:34:06.310391', NULL);
INSERT INTO payment_groups (payment_group_id, code, status, added_at, parent_payment_group_id) VALUES (189, '640866691', 'verified', '2015-03-18 10:53:56.042719', NULL);
INSERT INTO payment_groups (payment_group_id, code, status, added_at, parent_payment_group_id) VALUES (289, '540866691', 'verified', '2015-03-18 10:53:56.042719', NULL);
INSERT INTO payment_groups (payment_group_id, code, status, added_at, parent_payment_group_id) VALUES (190, '776258714', 'verified', '2015-03-18 11:00:47.268454', NULL);
INSERT INTO payment_groups (payment_group_id, code, status, added_at, parent_payment_group_id) VALUES (191, '911650737', 'verified', '2015-03-18 11:03:40.271571', NULL);

-- ad_params (ad_id, name, value)
INSERT INTO ad_params VALUES (126, 'regdate', '1978');
INSERT INTO ad_params VALUES (126, 'mileage', '13123');
INSERT INTO ad_params VALUES (126, 'gearbox', '1');
INSERT INTO ad_params VALUES (126, 'fuel', '1');
INSERT INTO ad_params VALUES (126, 'cartype', '1');
INSERT INTO ad_params VALUES (126, 'prev_currency', 'peso');
INSERT INTO ad_params VALUES (126, 'brand', '1');
INSERT INTO ad_params VALUES (126, 'model', '2');
INSERT INTO ad_params VALUES (126, 'version', '1');
INSERT INTO ad_params VALUES (126, 'country', 'UNK');
INSERT INTO ad_params VALUES (126, 'pack_status', 'disabled');
INSERT INTO ad_params VALUES (127, 'regdate', '1978');
INSERT INTO ad_params VALUES (127, 'mileage', '13123');
INSERT INTO ad_params VALUES (127, 'gearbox', '1');
INSERT INTO ad_params VALUES (127, 'fuel', '1');
INSERT INTO ad_params VALUES (127, 'cartype', '1');
INSERT INTO ad_params VALUES (127, 'prev_currency', 'peso');
INSERT INTO ad_params VALUES (127, 'brand', '1');
INSERT INTO ad_params VALUES (127, 'model', '2');
INSERT INTO ad_params VALUES (127, 'version', '1');
INSERT INTO ad_params VALUES (127, 'country', 'UNK');
INSERT INTO ad_params VALUES (127, 'pack_status', 'disabled');
INSERT INTO ad_params VALUES (128, 'regdate', '1974');
INSERT INTO ad_params VALUES (128, 'mileage', '123123');
INSERT INTO ad_params VALUES (128, 'gearbox', '1');
INSERT INTO ad_params VALUES (128, 'fuel', '1');
INSERT INTO ad_params VALUES (128, 'cartype', '1');
INSERT INTO ad_params VALUES (128, 'brand', '1');
INSERT INTO ad_params VALUES (128, 'model', '1');
INSERT INTO ad_params VALUES (128, 'version', '1');
INSERT INTO ad_params VALUES (128, 'country', 'UNK');
INSERT INTO ad_params VALUES (129, 'regdate', '1974');
INSERT INTO ad_params VALUES (129, 'mileage', '123123');
INSERT INTO ad_params VALUES (129, 'gearbox', '1');
INSERT INTO ad_params VALUES (129, 'fuel', '1');
INSERT INTO ad_params VALUES (129, 'cartype', '1');
INSERT INTO ad_params VALUES (129, 'brand', '1');
INSERT INTO ad_params VALUES (129, 'model', '1');
INSERT INTO ad_params VALUES (129, 'version', '1');
INSERT INTO ad_params VALUES (129, 'country', 'UNK');
INSERT INTO ad_params VALUES (130, 'regdate', '1974');
INSERT INTO ad_params VALUES (130, 'mileage', '123123');
INSERT INTO ad_params VALUES (130, 'gearbox', '1');
INSERT INTO ad_params VALUES (130, 'fuel', '1');
INSERT INTO ad_params VALUES (130, 'cartype', '1');
INSERT INTO ad_params VALUES (130, 'brand', '1');
INSERT INTO ad_params VALUES (130, 'model', '1');
INSERT INTO ad_params VALUES (130, 'version', '1');
INSERT INTO ad_params VALUES (130, 'country', 'UNK');
INSERT INTO ad_params VALUES (131, 'regdate', '1974');
INSERT INTO ad_params VALUES (131, 'mileage', '123123');
INSERT INTO ad_params VALUES (131, 'gearbox', '1');
INSERT INTO ad_params VALUES (131, 'fuel', '1');
INSERT INTO ad_params VALUES (131, 'cartype', '1');
INSERT INTO ad_params VALUES (131, 'brand', '1');
INSERT INTO ad_params VALUES (131, 'model', '1');
INSERT INTO ad_params VALUES (131, 'version', '1');
INSERT INTO ad_params VALUES (131, 'country', 'UNK');
INSERT INTO ad_params VALUES (132, 'regdate', '1974');
INSERT INTO ad_params VALUES (132, 'mileage', '123123');
INSERT INTO ad_params VALUES (132, 'gearbox', '1');
INSERT INTO ad_params VALUES (132, 'fuel', '1');
INSERT INTO ad_params VALUES (132, 'cartype', '1');
INSERT INTO ad_params VALUES (132, 'brand', '1');
INSERT INTO ad_params VALUES (132, 'model', '1');
INSERT INTO ad_params VALUES (132, 'version', '1');
INSERT INTO ad_params VALUES (132, 'country', 'UNK');
INSERT INTO ad_params VALUES (133, 'regdate', '2005');
INSERT INTO ad_params VALUES (133, 'mileage', '13123');
INSERT INTO ad_params VALUES (133, 'gearbox', '1');
INSERT INTO ad_params VALUES (133, 'fuel', '1');
INSERT INTO ad_params VALUES (133, 'cartype', '1');
INSERT INTO ad_params VALUES (133, 'prev_currency', 'peso');
INSERT INTO ad_params VALUES (133, 'brand', '2');
INSERT INTO ad_params VALUES (133, 'model', '1');
INSERT INTO ad_params VALUES (133, 'version', '2');
INSERT INTO ad_params VALUES (133, 'country', 'UNK');
INSERT INTO ad_params VALUES (134, 'regdate', '2003');
INSERT INTO ad_params VALUES (134, 'mileage', '13123');
INSERT INTO ad_params VALUES (134, 'gearbox', '2');
INSERT INTO ad_params VALUES (134, 'fuel', '1');
INSERT INTO ad_params VALUES (134, 'cartype', '1');
INSERT INTO ad_params VALUES (134, 'prev_currency', 'peso');
INSERT INTO ad_params VALUES (134, 'brand', '3');
INSERT INTO ad_params VALUES (134, 'model', '8');
INSERT INTO ad_params VALUES (134, 'version', '2');
INSERT INTO ad_params VALUES (134, 'country', 'UNK');
INSERT INTO ad_params VALUES (134, 'pack_status', 'disabled');
INSERT INTO ad_params VALUES (135, 'rooms', '1');
INSERT INTO ad_params VALUES (135, 'communes', '295');
INSERT INTO ad_params VALUES (135, 'prev_currency', 'peso');
INSERT INTO ad_params VALUES (135, 'country', 'UNK');
INSERT INTO ad_params VALUES (136, 'rooms', '1');
INSERT INTO ad_params VALUES (136, 'communes', '295');
INSERT INTO ad_params VALUES (136, 'prev_currency', 'peso');
INSERT INTO ad_params VALUES (136, 'country', 'UNK');
INSERT INTO ad_params VALUES (137, 'rooms', '1');
INSERT INTO ad_params VALUES (137, 'communes', '295');
INSERT INTO ad_params VALUES (137, 'prev_currency', 'peso');
INSERT INTO ad_params VALUES (137, 'country', 'UNK');
INSERT INTO ad_params VALUES (138, 'rooms', '1');
INSERT INTO ad_params VALUES (138, 'communes', '295');
INSERT INTO ad_params VALUES (138, 'prev_currency', 'peso');
INSERT INTO ad_params VALUES (138, 'country', 'UNK');
INSERT INTO ad_params VALUES (139, 'rooms', '1');
INSERT INTO ad_params VALUES (139, 'communes', '295');
INSERT INTO ad_params VALUES (139, 'prev_currency', 'peso');
INSERT INTO ad_params VALUES (139, 'country', 'UNK');
INSERT INTO ad_params VALUES (140, 'rooms', '1');
INSERT INTO ad_params VALUES (140, 'communes', '295');
INSERT INTO ad_params VALUES (140, 'prev_currency', 'peso');
INSERT INTO ad_params VALUES (140, 'country', 'UNK');
INSERT INTO ad_params VALUES (141, 'regdate', '1974');
INSERT INTO ad_params VALUES (141, 'mileage', '123123');
INSERT INTO ad_params VALUES (141, 'gearbox', '1');
INSERT INTO ad_params VALUES (141, 'fuel', '1');
INSERT INTO ad_params VALUES (141, 'cartype', '1');
INSERT INTO ad_params VALUES (141, 'brand', '1');
INSERT INTO ad_params VALUES (141, 'model', '1');
INSERT INTO ad_params VALUES (141, 'version', '1');
INSERT INTO ad_params VALUES (141, 'country', 'UNK');
INSERT INTO ad_params VALUES (142, 'regdate', '1974');
INSERT INTO ad_params VALUES (142, 'mileage', '123123');
INSERT INTO ad_params VALUES (142, 'gearbox', '1');
INSERT INTO ad_params VALUES (142, 'fuel', '1');
INSERT INTO ad_params VALUES (142, 'cartype', '1');
INSERT INTO ad_params VALUES (142, 'brand', '1');
INSERT INTO ad_params VALUES (142, 'model', '1');
INSERT INTO ad_params VALUES (142, 'version', '1');
INSERT INTO ad_params VALUES (142, 'country', 'UNK');
INSERT INTO ad_params VALUES (143, 'regdate', '1974');
INSERT INTO ad_params VALUES (143, 'mileage', '123123');
INSERT INTO ad_params VALUES (143, 'gearbox', '1');
INSERT INTO ad_params VALUES (143, 'fuel', '1');
INSERT INTO ad_params VALUES (143, 'cartype', '1');
INSERT INTO ad_params VALUES (143, 'brand', '1');
INSERT INTO ad_params VALUES (143, 'model', '1');
INSERT INTO ad_params VALUES (143, 'version', '1');
INSERT INTO ad_params VALUES (143, 'country', 'UNK');
INSERT INTO ad_params VALUES (144, 'regdate', '1974');
INSERT INTO ad_params VALUES (144, 'mileage', '123123');
INSERT INTO ad_params VALUES (144, 'gearbox', '1');
INSERT INTO ad_params VALUES (144, 'fuel', '1');
INSERT INTO ad_params VALUES (144, 'cartype', '1');
INSERT INTO ad_params VALUES (144, 'brand', '1');
INSERT INTO ad_params VALUES (144, 'model', '1');
INSERT INTO ad_params VALUES (144, 'version', '1');
INSERT INTO ad_params VALUES (144, 'country', 'UNK');
INSERT INTO ad_params VALUES (145, 'regdate', '1974');
INSERT INTO ad_params VALUES (145, 'mileage', '123123');
INSERT INTO ad_params VALUES (145, 'gearbox', '1');
INSERT INTO ad_params VALUES (145, 'fuel', '1');
INSERT INTO ad_params VALUES (145, 'cartype', '1');
INSERT INTO ad_params VALUES (145, 'brand', '1');
INSERT INTO ad_params VALUES (145, 'model', '1');
INSERT INTO ad_params VALUES (145, 'version', '1');
INSERT INTO ad_params VALUES (145, 'country', 'UNK');
INSERT INTO ad_params VALUES (146, 'regdate', '2014');
INSERT INTO ad_params VALUES (146, 'mileage', '12000');
INSERT INTO ad_params VALUES (146, 'gearbox', '1');
INSERT INTO ad_params VALUES (146, 'fuel', '4');
INSERT INTO ad_params VALUES (146, 'cartype', '3');
INSERT INTO ad_params VALUES (146, 'prev_currency', 'peso');
INSERT INTO ad_params VALUES (146, 'brand', '4');
INSERT INTO ad_params VALUES (146, 'model', '1');
INSERT INTO ad_params VALUES (146, 'version', '1');
INSERT INTO ad_params VALUES (146, 'country', 'UNK');
INSERT INTO ad_params VALUES (146, 'pack_status', 'disabled');
INSERT INTO ad_params VALUES (147, 'prev_currency', 'peso');
INSERT INTO ad_params VALUES (147, 'country', 'UNK');
INSERT INTO ad_params VALUES (148, 'regdate', '2009');
INSERT INTO ad_params VALUES (148, 'mileage', '123123');
INSERT INTO ad_params VALUES (148, 'gearbox', '1');
INSERT INTO ad_params VALUES (148, 'fuel', '1');
INSERT INTO ad_params VALUES (148, 'cartype', '2');
INSERT INTO ad_params VALUES (148, 'prev_currency', 'peso');
INSERT INTO ad_params VALUES (148, 'brand', '10');
INSERT INTO ad_params VALUES (148, 'model', '3');
INSERT INTO ad_params VALUES (148, 'version', '1');
INSERT INTO ad_params VALUES (148, 'country', 'UNK');
INSERT INTO ad_params VALUES (148, 'pack_status', 'active');
INSERT INTO ad_params VALUES (200, 'regdate', '2014');
INSERT INTO ad_params VALUES (200, 'mileage', '12000');
INSERT INTO ad_params VALUES (200, 'gearbox', '1');
INSERT INTO ad_params VALUES (200, 'fuel', '4');
INSERT INTO ad_params VALUES (200, 'prev_currency', 'peso');
INSERT INTO ad_params VALUES (200, 'country', 'UNK');
INSERT INTO ad_params VALUES (200, 'pack_status', 'disabled');

-- Ad actions table (ad_id, action_id, action_type, current_state, state, queue, locked_by, locked_until, payment_group_id)
INSERT INTO ad_actions VALUES ( 95, 2, 'account_to_pro', 801, 'accepted', 'normal', NULL, NULL, NULL);
INSERT INTO ad_actions VALUES (126, 1, 'new', 701, 'accepted', 'pack', NULL, NULL, 166);
INSERT INTO ad_actions VALUES (126, 2, 'delete', 702, 'deleted', 'normal', NULL, NULL, NULL);
INSERT INTO ad_actions VALUES (127, 1, 'new', 706, 'accepted', 'pack', NULL, NULL, 167);
INSERT INTO ad_actions VALUES (127, 2, 'status_change', 825, 'accepted', 'normal', NULL, NULL, NULL);
INSERT INTO ad_actions VALUES (127, 3, 'status_change', 827, 'disabled', 'normal', NULL, NULL, NULL);
INSERT INTO ad_actions VALUES (128, 2, 'account_to_pro', 760, 'accepted', 'normal', NULL, NULL, NULL);
INSERT INTO ad_actions VALUES (129, 2, 'account_to_pro', 758, 'accepted', 'normal', NULL, NULL, NULL);
INSERT INTO ad_actions VALUES (130, 2, 'account_to_pro', 756, 'accepted', 'normal', NULL, NULL, NULL);
INSERT INTO ad_actions VALUES (131, 2, 'account_to_pro', 754, 'accepted', 'normal', NULL, NULL, NULL);
INSERT INTO ad_actions VALUES (132, 2, 'account_to_pro', 752, 'accepted', 'normal', NULL, NULL, NULL);
INSERT INTO ad_actions VALUES (133, 2, 'account_to_pro', 762, 'accepted', 'normal', NULL, NULL, NULL);
INSERT INTO ad_actions VALUES (134, 1, 'new', 766, 'accepted', 'pack', NULL, NULL, 174);
INSERT INTO ad_actions VALUES (134, 2, 'status_change', 768, 'accepted', 'normal', NULL, NULL, NULL);
INSERT INTO ad_actions VALUES (134, 3, 'status_change', 770, 'disabled', 'normal', NULL, NULL, NULL);
INSERT INTO ad_actions VALUES (134, 4, 'delete', 771, 'deleted', 'normal', NULL, NULL, NULL);
INSERT INTO ad_actions VALUES (135, 1, 'new', 791, 'accepted', 'normal', NULL, NULL, 176);
INSERT INTO ad_actions VALUES (136, 1, 'new', 790, 'accepted', 'normal', NULL, NULL, 177);
INSERT INTO ad_actions VALUES (137, 1, 'new', 789, 'accepted', 'normal', NULL, NULL, 178);
INSERT INTO ad_actions VALUES (138, 1, 'new', 788, 'accepted', 'normal', NULL, NULL, 179);
INSERT INTO ad_actions VALUES (139, 1, 'new', 787, 'accepted', 'normal', NULL, NULL, 180);
INSERT INTO ad_actions VALUES (140, 1, 'new', 804, 'pending_review', 'normal', NULL, NULL, 181);
INSERT INTO ad_actions VALUES (141, 1, 'new', 807, 'pending_review', 'normal', NULL, NULL, 182);
INSERT INTO ad_actions VALUES (142, 1, 'new', 810, 'pending_review', 'normal', NULL, NULL, 183);
INSERT INTO ad_actions VALUES (143, 1, 'new', 813, 'pending_review', 'normal', NULL, NULL, 184);
INSERT INTO ad_actions VALUES (144, 1, 'new', 816, 'pending_review', 'normal', NULL, NULL, 185);
INSERT INTO ad_actions VALUES (145, 1, 'new', 819, 'pending_review', 'normal', NULL, NULL, 186);
INSERT INTO ad_actions VALUES (146, 1, 'new', 831, 'accepted', 'pack', NULL, NULL, 189);
INSERT INTO ad_actions VALUES (147, 1, 'new', 843, 'accepted', 'whitelist', NULL, NULL, 190);
INSERT INTO ad_actions VALUES (148, 1, 'new', 847, 'accepted', 'pack', NULL, NULL, 191);
INSERT INTO ad_actions VALUES (200, 1, 'new', 2831, 'accepted', 'pack', NULL, NULL, 289);

-- Fix Only to have the  correct status for this pack ad
INSERT INTO action_states (ad_id, action_id, state_id, state, transition, "timestamp", remote_addr, token_id) VALUES (148, 1, 847, 'accepted', 'accept', '2015-03-18 11:03:50.577512', '10.0.1.101', NULL);
INSERT INTO ad_changes (ad_id, action_id, state_id, is_param, column_name, old_value, new_value) VALUES (148, 1, 847, true, 'pack_status', NULL, 'active');

INSERT INTO ad_actions VALUES (148, 2, 'status_change', 848, 'accepted', 'normal', NULL, NULL, 289);
INSERT INTO action_states (ad_id, action_id, state_id, state, transition, "timestamp", remote_addr, token_id) VALUES (148, 2, 848, 'accepted', 'status_change', '2015-03-18 11:03:50.577512', '10.0.1.101', NULL);
-- End fix
INSERT INTO action_params (ad_id, action_id, name, value) VALUES (126, 1, 'source', 'web');
INSERT INTO action_params (ad_id, action_id, name, value) VALUES (126, 1, 'redir', 'dW5rbm93bg==');
INSERT INTO action_params (ad_id, action_id, name, value) VALUES (126, 2, 'source', 'web');
INSERT INTO action_params (ad_id, action_id, name, value) VALUES (126, 2, 'deletion_reason', '1');
INSERT INTO action_params (ad_id, action_id, name, value) VALUES (126, 2, 'deletion_timer', '1');
INSERT INTO action_params (ad_id, action_id, name, value) VALUES (126, 2, 'event_view', '0');
INSERT INTO action_params (ad_id, action_id, name, value) VALUES (126, 2, 'event_mail', '0');
INSERT INTO action_params (ad_id, action_id, name, value) VALUES (126, 2, 'event_galleryview', '0');
INSERT INTO action_params (ad_id, action_id, name, value) VALUES (127, 1, 'source', 'web');
INSERT INTO action_params (ad_id, action_id, name, value) VALUES (127, 1, 'redir', 'dW5rbm93bg==');
INSERT INTO tokens (token_id, token, admin_id, created_at, valid_to, remote_addr, info, store_id, email) VALUES (715, 'X550894655f3a0f3a000000003af9e5ce00000000', 9, '2015-03-17 17:53:56.898886', '2015-03-17 17:53:57.043398', '10.0.1.101', 'authenticate', NULL, NULL);
INSERT INTO tokens (token_id, token, admin_id, created_at, valid_to, remote_addr, info, store_id, email) VALUES (716, 'X5508946536734d000000004ec7377500000000', 9, '2015-03-17 17:53:57.043398', '2015-03-17 17:54:00.522789', '10.0.1.101', 'spamfilter', NULL, NULL);
INSERT INTO tokens (token_id, token, admin_id, created_at, valid_to, remote_addr, info, store_id, email) VALUES (717, 'X5508946933bf387a000000004687ef0e00000000', 9, '2015-03-17 17:54:00.522789', '2015-03-17 17:54:13.908293', '10.0.1.101', 'adqueues', NULL, NULL);
INSERT INTO tokens (token_id, token, admin_id, created_at, valid_to, remote_addr, info, store_id, email) VALUES (718, 'X550894763f6dd3c100000000530b752f00000000', 9, '2015-03-17 17:54:13.908293', '2015-03-17 17:54:15.777631', '10.0.1.101', 'adqueues', NULL, NULL);
INSERT INTO tokens (token_id, token, admin_id, created_at, valid_to, remote_addr, info, store_id, email) VALUES (719, 'X5508947816fbb92e000000004ba07f5d00000000', 9, '2015-03-17 17:54:15.777631', '2015-03-17 17:54:20.503005', '10.0.1.101', 'adqueues', NULL, NULL);
INSERT INTO tokens (token_id, token, admin_id, created_at, valid_to, remote_addr, info, store_id, email) VALUES (720, 'X5508947d5a565801000000007dd9c74600000000', 9, '2015-03-17 17:54:20.503005', '2015-03-17 17:55:06.434717', '10.0.1.101', 'adqueues', NULL, NULL);
INSERT INTO tokens (token_id, token, admin_id, created_at, valid_to, remote_addr, info, store_id, email) VALUES (721, 'X550894aa5f99db4700000000bd09d9000000000', 9, '2015-03-17 17:55:06.434717', '2015-03-17 17:55:06.530577', '10.0.1.101', 'adqueues', NULL, NULL);
INSERT INTO tokens (token_id, token, admin_id, created_at, valid_to, remote_addr, info, store_id, email) VALUES (722, 'X550894ab791dfec20000000053df0e7b00000000', 9, '2015-03-17 17:55:06.530577', '2015-03-17 17:55:06.540137', '10.0.1.101', 'block_list', NULL, NULL);
INSERT INTO tokens (token_id, token, admin_id, created_at, valid_to, remote_addr, info, store_id, email) VALUES (723, 'X550894ab39d0c3a80000000010c8e800000000', 9, '2015-03-17 17:55:06.540137', '2015-03-17 17:55:06.549966', '10.0.1.101', 'block_list', NULL, NULL);
INSERT INTO tokens (token_id, token, admin_id, created_at, valid_to, remote_addr, info, store_id, email) VALUES (724, 'X550894ab49a4d3eb000000002b1468be00000000', 9, '2015-03-17 17:55:06.549966', '2015-03-17 17:55:09.529014', '10.0.1.101', 'block_list', NULL, NULL);
INSERT INTO tokens (token_id, token, admin_id, created_at, valid_to, remote_addr, info, store_id, email) VALUES (725, 'X550894ae4529cd9f00000000609d96f200000000', 9, '2015-03-17 17:55:09.529014', '2015-03-17 17:55:11.30441', '10.0.1.101', 'review', NULL, NULL);
INSERT INTO tokens (token_id, token, admin_id, created_at, valid_to, remote_addr, info, store_id, email) VALUES (726, 'X550894af2a609b800000000449333a600000000', 9, '2015-03-17 17:55:11.30441', '2015-03-17 18:31:54.635757', '10.0.1.101', 'adqueues', NULL, NULL);
INSERT INTO tokens (token_id, token, admin_id, created_at, valid_to, remote_addr, info, store_id, email) VALUES (727, 'X55089d4b22a96ec600000000675b60e100000000', 9, '2015-03-17 18:31:54.635757', '2015-03-17 18:31:54.744625', '10.0.1.101', 'adqueues', NULL, NULL);
INSERT INTO tokens (token_id, token, admin_id, created_at, valid_to, remote_addr, info, store_id, email) VALUES (728, 'X55089d4b59ceab3800000000575ed19500000000', 9, '2015-03-17 18:31:54.744625', '2015-03-17 18:31:54.753624', '10.0.1.101', 'block_list', NULL, NULL);
INSERT INTO tokens (token_id, token, admin_id, created_at, valid_to, remote_addr, info, store_id, email) VALUES (729, 'X55089d4b66760ff90000000039b4216d00000000', 9, '2015-03-17 18:31:54.753624', '2015-03-17 18:31:54.761699', '10.0.1.101', 'block_list', NULL, NULL);
INSERT INTO tokens (token_id, token, admin_id, created_at, valid_to, remote_addr, info, store_id, email) VALUES (730, 'X55089d4b2e24aa97000000004f0f038200000000', 9, '2015-03-17 18:31:54.761699', '2015-03-17 18:31:59.089812', '10.0.1.101', 'block_list', NULL, NULL);
INSERT INTO tokens (token_id, token, admin_id, created_at, valid_to, remote_addr, info, store_id, email) VALUES (731, 'X55089d4f65728d7e000000001a6ccf4500000000', 9, '2015-03-17 18:31:59.089812', '2015-03-17 18:32:00.627582', '10.0.1.101', 'review', NULL, NULL);
INSERT INTO tokens (token_id, token, admin_id, created_at, valid_to, remote_addr, info, store_id, email) VALUES (732, 'X55089d5115dac2b2000000007bb61b5500000000', 9, '2015-03-17 18:32:00.627582', '2015-03-17 18:35:07.87182', '10.0.1.101', 'adqueues', NULL, NULL);
INSERT INTO tokens (token_id, token, admin_id, created_at, valid_to, remote_addr, info, store_id, email) VALUES (733, 'X55089e0c5572b38c00000000ff20d4a00000000', 9, '2015-03-17 18:35:07.87182', '2015-03-17 18:35:10.318961', '10.0.1.101', 'adqueues', NULL, NULL);
INSERT INTO tokens (token_id, token, admin_id, created_at, valid_to, remote_addr, info, store_id, email) VALUES (734, 'X55089e0e49219f4b00000000513ef1c00000000', 9, '2015-03-17 18:35:10.318961', '2015-03-17 18:35:10.402412', '10.0.1.101', 'adqueues', NULL, NULL);
INSERT INTO tokens (token_id, token, admin_id, created_at, valid_to, remote_addr, info, store_id, email) VALUES (735, 'X55089e0e6a8bb7ff00000000606511b800000000', 9, '2015-03-17 18:35:10.402412', '2015-03-17 18:35:10.407871', '10.0.1.101', 'block_list', NULL, NULL);
INSERT INTO tokens (token_id, token, admin_id, created_at, valid_to, remote_addr, info, store_id, email) VALUES (736, 'X55089e0e2bdc31b10000000011706e3e00000000', 9, '2015-03-17 18:35:10.407871', '2015-03-17 18:35:10.414075', '10.0.1.101', 'block_list', NULL, NULL);
INSERT INTO tokens (token_id, token, admin_id, created_at, valid_to, remote_addr, info, store_id, email) VALUES (737, 'X55089e0e2a3b2f8a00000000284db5f900000000', 9, '2015-03-17 18:35:10.414075', '2015-03-17 18:35:15.704148', '10.0.1.101', 'block_list', NULL, NULL);
INSERT INTO tokens (token_id, token, admin_id, created_at, valid_to, remote_addr, info, store_id, email) VALUES (738, 'X55089e1423d6d76d000000002b531b8500000000', 9, '2015-03-17 18:35:15.704148', '2015-03-17 18:35:15.784967', '10.0.1.101', 'adqueues', NULL, NULL);
INSERT INTO tokens (token_id, token, admin_id, created_at, valid_to, remote_addr, info, store_id, email) VALUES (739, 'X55089e1466f250e300000000179aabe600000000', 9, '2015-03-17 18:35:15.784967', '2015-03-17 18:35:15.79025', '10.0.1.101', 'block_list', NULL, NULL);
INSERT INTO tokens (token_id, token, admin_id, created_at, valid_to, remote_addr, info, store_id, email) VALUES (740, 'X55089e14528c24dc0000000070ae587c00000000', 9, '2015-03-17 18:35:15.79025', '2015-03-17 18:35:15.794733', '10.0.1.101', 'block_list', NULL, NULL);
INSERT INTO tokens (token_id, token, admin_id, created_at, valid_to, remote_addr, info, store_id, email) VALUES (741, 'X55089e146b5ca9530000000012e82b3700000000', 9, '2015-03-17 18:35:15.794733', '2015-03-17 18:35:20.905517', '10.0.1.101', 'block_list', NULL, NULL);
INSERT INTO tokens (token_id, token, admin_id, created_at, valid_to, remote_addr, info, store_id, email) VALUES (742, 'X55089e195515aea9000000004e93c90000000000', 9, '2015-03-17 18:35:20.905517', '2015-03-17 18:35:20.982237', '10.0.1.101', 'adqueues', NULL, NULL);
INSERT INTO tokens (token_id, token, admin_id, created_at, valid_to, remote_addr, info, store_id, email) VALUES (743, 'X55089e192476e129000000002a5fc83200000000', 9, '2015-03-17 18:35:20.982237', '2015-03-17 18:35:20.987255', '10.0.1.101', 'block_list', NULL, NULL);
INSERT INTO tokens (token_id, token, admin_id, created_at, valid_to, remote_addr, info, store_id, email) VALUES (744, 'X55089e193cfb06b3000000005bded19600000000', 9, '2015-03-17 18:35:20.987255', '2015-03-17 18:35:20.991905', '10.0.1.101', 'block_list', NULL, NULL);
INSERT INTO tokens (token_id, token, admin_id, created_at, valid_to, remote_addr, info, store_id, email) VALUES (745, 'X55089e1944101d5c000000006acffae200000000', 9, '2015-03-17 18:35:20.991905', '2015-03-17 18:35:25.444322', '10.0.1.101', 'block_list', NULL, NULL);
INSERT INTO tokens (token_id, token, admin_id, created_at, valid_to, remote_addr, info, store_id, email) VALUES (746, 'X55089e1d6d0ce8d80000000061243bd000000000', 9, '2015-03-17 18:35:25.444322', '2015-03-17 18:35:25.522617', '10.0.1.101', 'adqueues', NULL, NULL);
INSERT INTO tokens (token_id, token, admin_id, created_at, valid_to, remote_addr, info, store_id, email) VALUES (747, 'X55089e1e4b74110f000000004d72c57e00000000', 9, '2015-03-17 18:35:25.522617', '2015-03-17 18:35:25.528035', '10.0.1.101', 'block_list', NULL, NULL);
INSERT INTO tokens (token_id, token, admin_id, created_at, valid_to, remote_addr, info, store_id, email) VALUES (748, 'X55089e1e56d32530000000001074c7a800000000', 9, '2015-03-17 18:35:25.528035', '2015-03-17 18:35:25.533012', '10.0.1.101', 'block_list', NULL, NULL);
INSERT INTO tokens (token_id, token, admin_id, created_at, valid_to, remote_addr, info, store_id, email) VALUES (749, 'X55089e1eed9fd44000000004c38c34200000000', 9, '2015-03-17 18:35:25.533012', '2015-03-17 18:35:31.189713', '10.0.1.101', 'block_list', NULL, NULL);
INSERT INTO tokens (token_id, token, admin_id, created_at, valid_to, remote_addr, info, store_id, email) VALUES (750, 'X55089e23b7c966a000000007a34635800000000', 9, '2015-03-17 18:35:31.189713', '2015-03-17 18:35:31.326645', '10.0.1.101', 'adqueues', NULL, NULL);
INSERT INTO tokens (token_id, token, admin_id, created_at, valid_to, remote_addr, info, store_id, email) VALUES (751, 'X55089e2313ea685e00000000a89f34b00000000', 9, '2015-03-17 18:35:31.326645', '2015-03-17 18:35:31.333519', '10.0.1.101', 'block_list', NULL, NULL);
INSERT INTO tokens (token_id, token, admin_id, created_at, valid_to, remote_addr, info, store_id, email) VALUES (752, 'X55089e236962f8d80000000038242fbc00000000', 9, '2015-03-17 18:35:31.333519', '2015-03-17 18:35:31.341215', '10.0.1.101', 'block_list', NULL, NULL);
INSERT INTO tokens (token_id, token, admin_id, created_at, valid_to, remote_addr, info, store_id, email) VALUES (753, 'X55089e236e4a58d000000006c0701a100000000', 9, '2015-03-17 18:35:31.341215', '2015-03-17 18:35:37.059021', '10.0.1.101', 'block_list', NULL, NULL);
INSERT INTO tokens (token_id, token, admin_id, created_at, valid_to, remote_addr, info, store_id, email) VALUES (754, 'X55089e29749b54200000000076cab81600000000', 9, '2015-03-17 18:35:37.059021', '2015-03-17 18:35:37.07', '10.0.1.101', 'unlock', NULL, NULL);
INSERT INTO tokens (token_id, token, admin_id, created_at, valid_to, remote_addr, info, store_id, email) VALUES (755, 'X55089e29273ffc99000000003bac3bc000000000', 9, '2015-03-17 18:35:37.07', '2015-03-17 18:35:37.077562', '10.0.1.101', 'unlock', NULL, NULL);
INSERT INTO tokens (token_id, token, admin_id, created_at, valid_to, remote_addr, info, store_id, email) VALUES (756, 'X55089e293d90035a000000001dd93c3000000000', 9, '2015-03-17 18:35:37.077562', '2015-03-17 18:35:37.084473', '10.0.1.101', 'unlock', NULL, NULL);
INSERT INTO tokens (token_id, token, admin_id, created_at, valid_to, remote_addr, info, store_id, email) VALUES (757, 'X55089e2944d2b0f0000000073b698e900000000', 9, '2015-03-17 18:35:37.084473', '2015-03-17 18:35:37.091855', '10.0.1.101', 'unlock', NULL, NULL);
INSERT INTO tokens (token_id, token, admin_id, created_at, valid_to, remote_addr, info, store_id, email) VALUES (758, 'X55089e294a4adb14000000002f7a954700000000', 9, '2015-03-17 18:35:37.091855', '2015-03-17 18:35:37.098959', '10.0.1.101', 'unlock', NULL, NULL);
INSERT INTO tokens (token_id, token, admin_id, created_at, valid_to, remote_addr, info, store_id, email) VALUES (759, 'X55089e292c6dbd7900000000275fa5e400000000', 9, '2015-03-17 18:35:37.098959', '2015-03-17 18:35:37.106427', '10.0.1.101', 'unlock', NULL, NULL);
INSERT INTO tokens (token_id, token, admin_id, created_at, valid_to, remote_addr, info, store_id, email) VALUES (760, 'X55089e296c6428ee00000000106b5fd700000000', 9, '2015-03-17 18:35:37.106427', '2015-03-17 18:35:37.130073', '10.0.1.101', 'unlock', NULL, NULL);
INSERT INTO tokens (token_id, token, admin_id, created_at, valid_to, remote_addr, info, store_id, email) VALUES (761, 'X55089e297464ab8400000000457f99ec00000000', 9, '2015-03-17 18:35:37.130073', '2015-03-17 18:35:37.138518', '10.0.1.101', 'unlock', NULL, NULL);
INSERT INTO tokens (token_id, token, admin_id, created_at, valid_to, remote_addr, info, store_id, email) VALUES (762, 'X55089e291ba63dd1000000002e8cd0c600000000', 9, '2015-03-17 18:35:37.138518', '2015-03-17 18:35:37.1454', '10.0.1.101', 'unlock', NULL, NULL);
INSERT INTO tokens (token_id, token, admin_id, created_at, valid_to, remote_addr, info, store_id, email) VALUES (763, 'X55089e2935142ab5000000006a24bbad00000000', 9, '2015-03-17 18:35:37.1454', '2015-03-17 18:35:37.351006', '10.0.1.101', 'unlock', NULL, NULL);
INSERT INTO tokens (token_id, token, admin_id, created_at, valid_to, remote_addr, info, store_id, email) VALUES (764, 'X55089e2923b4b220000000004a4fe72500000000', 9, '2015-03-17 18:35:37.351006', '2015-03-17 18:35:44.086568', '10.0.1.101', 'adqueues', NULL, NULL);
INSERT INTO tokens (token_id, token, admin_id, created_at, valid_to, remote_addr, info, store_id, email) VALUES (765, 'X55089e30180b09e000000000280ae04900000000', 9, '2015-03-17 18:35:44.086568', '2015-03-17 18:35:56.503184', '10.0.1.101', 'listadmins', NULL, NULL);
INSERT INTO tokens (token_id, token, admin_id, created_at, valid_to, remote_addr, info, store_id, email) VALUES (766, 'X55089e3d3dd85247000000007e1570ce00000000', 9, '2015-03-17 18:35:56.503184', '2015-03-17 18:35:56.521374', '10.0.1.101', 'listadmins', NULL, NULL);
INSERT INTO tokens (token_id, token, admin_id, created_at, valid_to, remote_addr, info, store_id, email) VALUES (767, 'X55089e3d339a86f3000000002b6913f300000000', 9, '2015-03-17 18:35:56.521374', '2015-03-17 18:36:03.793008', '10.0.1.101', 'search_ads', NULL, NULL);
INSERT INTO tokens (token_id, token, admin_id, created_at, valid_to, remote_addr, info, store_id, email) VALUES (768, 'X55089e4443b37d3d000000003e4084b300000000', 9, '2015-03-17 18:36:03.793008', '2015-03-17 18:36:03.899515', '10.0.1.101', 'adqueues', NULL, NULL);
INSERT INTO tokens (token_id, token, admin_id, created_at, valid_to, remote_addr, info, store_id, email) VALUES (769, 'X55089e44e1bdf95000000005a6147d500000000', 9, '2015-03-17 18:36:03.899515', '2015-03-17 18:36:03.906927', '10.0.1.101', 'block_list', NULL, NULL);
INSERT INTO tokens (token_id, token, admin_id, created_at, valid_to, remote_addr, info, store_id, email) VALUES (770, 'X55089e44433342b80000000038345d0b00000000', 9, '2015-03-17 18:36:03.906927', '2015-03-17 18:36:03.913721', '10.0.1.101', 'block_list', NULL, NULL);
INSERT INTO tokens (token_id, token, admin_id, created_at, valid_to, remote_addr, info, store_id, email) VALUES (771, 'X55089e44a3c5f59000000001c06f37d00000000', 9, '2015-03-17 18:36:03.913721', '2015-03-17 18:36:07.656314', '10.0.1.101', 'block_list', NULL, NULL);
INSERT INTO tokens (token_id, token, admin_id, created_at, valid_to, remote_addr, info, store_id, email) VALUES (772, 'X55089e48e73ec1c000000004331170500000000', 9, '2015-03-17 18:36:07.656314', '2015-03-17 18:36:12.035348', '10.0.1.101', 'review', NULL, NULL);
INSERT INTO tokens (token_id, token, admin_id, created_at, valid_to, remote_addr, info, store_id, email) VALUES (773, 'X55089e4c30558830000000005d17ac8f00000000', 9, '2015-03-17 18:36:12.035348', '2015-03-17 18:36:12.106932', '10.0.1.101', 'adqueues', NULL, NULL);
INSERT INTO tokens (token_id, token, admin_id, created_at, valid_to, remote_addr, info, store_id, email) VALUES (774, 'X55089e4c583716ab000000006097354b00000000', 9, '2015-03-17 18:36:12.106932', '2015-03-17 18:36:12.117707', '10.0.1.101', 'block_list', NULL, NULL);
INSERT INTO tokens (token_id, token, admin_id, created_at, valid_to, remote_addr, info, store_id, email) VALUES (775, 'X55089e4c4609a47500000000761ec6a700000000', 9, '2015-03-17 18:36:12.117707', '2015-03-17 18:36:12.126146', '10.0.1.101', 'block_list', NULL, NULL);
INSERT INTO tokens (token_id, token, admin_id, created_at, valid_to, remote_addr, info, store_id, email) VALUES (776, 'X55089e4c5080af4c00000000102e276700000000', 9, '2015-03-17 18:36:12.126146', '2015-03-17 18:36:14.927809', '10.0.1.101', 'block_list', NULL, NULL);
INSERT INTO tokens (token_id, token, admin_id, created_at, valid_to, remote_addr, info, store_id, email) VALUES (777, 'X55089e4f4bc6f31a000000004f8337ce00000000', 9, '2015-03-17 18:36:14.927809', '2015-03-17 18:36:18.221196', '10.0.1.101', 'review', NULL, NULL);
INSERT INTO tokens (token_id, token, admin_id, created_at, valid_to, remote_addr, info, store_id, email) VALUES (778, 'X55089e5239dea0bc000000006e409e7e00000000', 9, '2015-03-17 18:36:18.221196', '2015-03-17 18:36:18.261814', '10.0.1.101', 'adqueues', NULL, NULL);
INSERT INTO tokens (token_id, token, admin_id, created_at, valid_to, remote_addr, info, store_id, email) VALUES (779, 'X55089e523dc62405000000001cb6435200000000', 9, '2015-03-17 18:36:18.261814', '2015-03-17 18:36:18.266152', '10.0.1.101', 'block_list', NULL, NULL);
INSERT INTO tokens (token_id, token, admin_id, created_at, valid_to, remote_addr, info, store_id, email) VALUES (780, 'X55089e5277178b28000000006f47ee1800000000', 9, '2015-03-17 18:36:18.266152', '2015-03-17 18:36:18.270212', '10.0.1.101', 'block_list', NULL, NULL);
INSERT INTO tokens (token_id, token, admin_id, created_at, valid_to, remote_addr, info, store_id, email) VALUES (781, 'X55089e5222e7bc8f0000000032725da00000000', 9, '2015-03-17 18:36:18.270212', '2015-03-17 18:36:21.912665', '10.0.1.101', 'block_list', NULL, NULL);
INSERT INTO tokens (token_id, token, admin_id, created_at, valid_to, remote_addr, info, store_id, email) VALUES (782, 'X55089e5625e72b99000000002da3dc9300000000', 9, '2015-03-17 18:36:21.912665', '2015-03-17 18:36:25.264477', '10.0.1.101', 'review', NULL, NULL);
INSERT INTO tokens (token_id, token, admin_id, created_at, valid_to, remote_addr, info, store_id, email) VALUES (783, 'X55089e5964646a4a000000002d37c41100000000', 9, '2015-03-17 18:36:25.264477', '2015-03-17 18:36:25.299405', '10.0.1.101', 'adqueues', NULL, NULL);
INSERT INTO tokens (token_id, token, admin_id, created_at, valid_to, remote_addr, info, store_id, email) VALUES (784, 'X55089e597872383d0000000069c9e3b800000000', 9, '2015-03-17 18:36:25.299405', '2015-03-17 18:36:25.303748', '10.0.1.101', 'block_list', NULL, NULL);
INSERT INTO tokens (token_id, token, admin_id, created_at, valid_to, remote_addr, info, store_id, email) VALUES (785, 'X55089e594a611904000000004d6e876e00000000', 9, '2015-03-17 18:36:25.303748', '2015-03-17 18:36:25.307641', '10.0.1.101', 'block_list', NULL, NULL);
INSERT INTO tokens (token_id, token, admin_id, created_at, valid_to, remote_addr, info, store_id, email) VALUES (786, 'X55089e593a0eb354000000002f4fa89200000000', 9, '2015-03-17 18:36:25.307641', '2015-03-17 18:36:28.704539', '10.0.1.101', 'block_list', NULL, NULL);
INSERT INTO tokens (token_id, token, admin_id, created_at, valid_to, remote_addr, info, store_id, email) VALUES (787, 'X55089e5d12fb384400000000d50e0b00000000', 9, '2015-03-17 18:36:28.704539', '2015-03-17 18:36:32.635644', '10.0.1.101', 'review', NULL, NULL);
INSERT INTO tokens (token_id, token, admin_id, created_at, valid_to, remote_addr, info, store_id, email) VALUES (788, 'X55089e6149aad01000000000475ec43200000000', 9, '2015-03-17 18:36:32.635644', '2015-03-17 18:36:32.69443', '10.0.1.101', 'adqueues', NULL, NULL);
INSERT INTO tokens (token_id, token, admin_id, created_at, valid_to, remote_addr, info, store_id, email) VALUES (789, 'X55089e613a927f2c0000000075cfc9ed00000000', 9, '2015-03-17 18:36:32.69443', '2015-03-17 18:36:32.701389', '10.0.1.101', 'block_list', NULL, NULL);
INSERT INTO tokens (token_id, token, admin_id, created_at, valid_to, remote_addr, info, store_id, email) VALUES (790, 'X55089e61a0c200d0000000046ff986900000000', 9, '2015-03-17 18:36:32.701389', '2015-03-17 18:36:32.708448', '10.0.1.101', 'block_list', NULL, NULL);
INSERT INTO tokens (token_id, token, admin_id, created_at, valid_to, remote_addr, info, store_id, email) VALUES (791, 'X55089e6143eac0c900000000354036e700000000', 9, '2015-03-17 18:36:32.708448', '2015-03-17 18:36:36.342857', '10.0.1.101', 'block_list', NULL, NULL);
INSERT INTO tokens (token_id, token, admin_id, created_at, valid_to, remote_addr, info, store_id, email) VALUES (792, 'X55089e64670224a100000000d9067cf00000000', 9, '2015-03-17 18:36:36.342857', '2015-03-17 18:36:43.388343', '10.0.1.101', 'review', NULL, NULL);
INSERT INTO tokens (token_id, token, admin_id, created_at, valid_to, remote_addr, info, store_id, email) VALUES (793, 'X55089e6b11033572000000003d202a8e00000000', 9, '2015-03-17 18:36:43.388343', '2015-03-17 18:36:43.407932', '10.0.1.101', 'listadmins', NULL, NULL);
INSERT INTO tokens (token_id, token, admin_id, created_at, valid_to, remote_addr, info, store_id, email) VALUES (794, 'X55089e6b70ac05180000000048ebeaee00000000', 9, '2015-03-17 18:36:43.407932', '2015-03-17 18:36:58.67553', '10.0.1.101', 'search_ads', NULL, NULL);
INSERT INTO tokens (token_id, token, admin_id, created_at, valid_to, remote_addr, info, store_id, email) VALUES (795, 'X55089e7b59485592000000003109627d00000000', 9, '2015-03-17 18:36:58.67553', '2015-03-17 18:36:58.703593', '10.0.1.101', 'listadmins', NULL, NULL);
INSERT INTO tokens (token_id, token, admin_id, created_at, valid_to, remote_addr, info, store_id, email) VALUES (796, 'X55089e7b6eec9be50000000036c7317700000000', 9, '2015-03-17 18:36:58.703593', '2015-03-17 18:38:00.36831', '10.0.1.101', 'search_ads', NULL, NULL);
INSERT INTO tokens (token_id, token, admin_id, created_at, valid_to, remote_addr, info, store_id, email) VALUES (797, 'X55089eb841404c07000000003b382bef00000000', 9, '2015-03-17 18:38:00.36831', '2015-03-17 18:38:00.392216', '10.0.1.101', 'listadmins', NULL, NULL);
INSERT INTO tokens (token_id, token, admin_id, created_at, valid_to, remote_addr, info, store_id, email) VALUES (798, 'X55089eb8d5219d0000000014f08f3300000000', 9, '2015-03-17 18:38:00.392216', '2015-03-17 18:38:04.153917', '10.0.1.101', 'search_ads', NULL, NULL);
INSERT INTO tokens (token_id, token, admin_id, created_at, valid_to, remote_addr, info, store_id, email) VALUES (799, 'X55089ebc34fc3ac600000000cf5817600000000', 9, '2015-03-17 18:38:04.153917', '2015-03-17 18:38:04.171278', '10.0.1.101', 'listadmins', NULL, NULL);
INSERT INTO tokens (token_id, token, admin_id, created_at, valid_to, remote_addr, info, store_id, email) VALUES (800, 'X55089ebc5f3ed9760000000066c7adef00000000', 9, '2015-03-17 18:38:04.171278', '2015-03-17 18:38:07.348032', '10.0.1.101', 'search_ads', NULL, NULL);
INSERT INTO tokens (token_id, token, admin_id, created_at, valid_to, remote_addr, info, store_id, email) VALUES (801, 'X55089ebf336c3daf000000007408dbbd00000000', 9, '2015-03-17 18:38:07.348032', '2015-03-17 18:38:07.467099', '10.0.1.101', 'adqueues', NULL, NULL);
INSERT INTO tokens (token_id, token, admin_id, created_at, valid_to, remote_addr, info, store_id, email) VALUES (802, 'X55089ebf1ead159300000000350cc6f800000000', 9, '2015-03-17 18:38:07.467099', '2015-03-17 18:38:07.476139', '10.0.1.101', 'block_list', NULL, NULL);
INSERT INTO tokens (token_id, token, admin_id, created_at, valid_to, remote_addr, info, store_id, email) VALUES (803, 'X55089ebf649db5d7000000004d1d165300000000', 9, '2015-03-17 18:38:07.476139', '2015-03-17 18:38:07.48306', '10.0.1.101', 'block_list', NULL, NULL);
INSERT INTO tokens (token_id, token, admin_id, created_at, valid_to, remote_addr, info, store_id, email) VALUES (804, 'X55089ebf3b110695000000006be9732e00000000', 9, '2015-03-17 18:38:07.48306', '2015-03-17 18:38:11.40876', '10.0.1.101', 'block_list', NULL, NULL);
INSERT INTO tokens (token_id, token, admin_id, created_at, valid_to, remote_addr, info, store_id, email) VALUES (805, 'X55089ec33c155a8d0000000035697c900000000', 9, '2015-03-17 18:38:11.40876', '2015-03-17 18:38:23.371078', '10.0.1.101', 'review', NULL, NULL);
INSERT INTO tokens (token_id, token, admin_id, created_at, valid_to, remote_addr, info, store_id, email) VALUES (806, 'X55089ecf58abc91700000000106a506500000000', 9, '2015-03-17 18:38:23.371078', '2015-03-17 18:38:23.390512', '10.0.1.101', 'listadmins', NULL, NULL);
INSERT INTO tokens (token_id, token, admin_id, created_at, valid_to, remote_addr, info, store_id, email) VALUES (807, 'X55089ecf321c3e52000000003c92326a00000000', 9, '2015-03-17 18:38:23.390512', '2015-03-17 18:58:48.019946', '10.0.1.101', 'search_ads', NULL, NULL);
INSERT INTO tokens (token_id, token, admin_id, created_at, valid_to, remote_addr, info, store_id, email) VALUES (808, 'X5508a3984798b2e40000000012fc973700000000', 9, '2015-03-17 18:58:48.019946', '2015-03-17 18:58:50.699235', '10.0.1.101', 'spamfilter', NULL, NULL);
INSERT INTO tokens (token_id, token, admin_id, created_at, valid_to, remote_addr, info, store_id, email) VALUES (809, 'X5508a39b3219ef25000000007ef2125400000000', 9, '2015-03-17 18:58:50.699235', '2015-03-17 18:58:59.162429', '10.0.1.101', 'listadmins', NULL, NULL);
INSERT INTO tokens (token_id, token, admin_id, created_at, valid_to, remote_addr, info, store_id, email) VALUES (810, 'X5508a3a3198d0ea80000000078ddc36100000000', 9, '2015-03-17 18:58:59.162429', '2015-03-17 18:58:59.179605', '10.0.1.101', 'listadmins', NULL, NULL);
INSERT INTO tokens (token_id, token, admin_id, created_at, valid_to, remote_addr, info, store_id, email) VALUES (811, 'X5508a3a346205fcf00000000743c951400000000', 9, '2015-03-17 18:58:59.179605', '2015-03-17 18:59:04.264933', '10.0.1.101', 'search_ads', NULL, NULL);
INSERT INTO tokens (token_id, token, admin_id, created_at, valid_to, remote_addr, info, store_id, email) VALUES (812, 'X5508a3a81f4f93900000000025c1b2cc00000000', 9, '2015-03-17 18:59:04.264933', '2015-03-17 18:59:04.352843', '10.0.1.101', 'adqueues', NULL, NULL);
INSERT INTO tokens (token_id, token, admin_id, created_at, valid_to, remote_addr, info, store_id, email) VALUES (813, 'X5508a3a84d3a614c00000000b08b9fa00000000', 9, '2015-03-17 18:59:04.352843', '2015-03-17 18:59:04.359538', '10.0.1.101', 'block_list', NULL, NULL);
INSERT INTO tokens (token_id, token, admin_id, created_at, valid_to, remote_addr, info, store_id, email) VALUES (814, 'X5508a3a86066a02100000000762e940700000000', 9, '2015-03-17 18:59:04.359538', '2015-03-17 18:59:04.364924', '10.0.1.101', 'block_list', NULL, NULL);
INSERT INTO tokens (token_id, token, admin_id, created_at, valid_to, remote_addr, info, store_id, email) VALUES (815, 'X5508a3a82bded7e40000000065de4f1500000000', 9, '2015-03-17 18:59:04.364924', '2015-03-17 18:59:07.25776', '10.0.1.101', 'block_list', NULL, NULL);
INSERT INTO tokens (token_id, token, admin_id, created_at, valid_to, remote_addr, info, store_id, email) VALUES (816, 'X5508a3ab10884c3900000000413e6d8000000000', 9, '2015-03-17 18:59:07.25776', '2015-03-17 18:59:10.732764', '10.0.1.101', 'review', NULL, NULL);
INSERT INTO tokens (token_id, token, admin_id, created_at, valid_to, remote_addr, info, store_id, email) VALUES (817, 'X5508a3af5267db67000000003d4764fd00000000', 9, '2015-03-17 18:59:10.732764', '2015-03-17 18:59:10.799134', '10.0.1.101', 'adqueues', NULL, NULL);
INSERT INTO tokens (token_id, token, admin_id, created_at, valid_to, remote_addr, info, store_id, email) VALUES (818, 'X5508a3af450b6f9000000002d9cffac00000000', 9, '2015-03-17 18:59:10.799134', '2015-03-17 18:59:10.807618', '10.0.1.101', 'block_list', NULL, NULL);
INSERT INTO tokens (token_id, token, admin_id, created_at, valid_to, remote_addr, info, store_id, email) VALUES (819, 'X5508a3af183015bc00000000103c67f600000000', 9, '2015-03-17 18:59:10.807618', '2015-03-17 18:59:10.816158', '10.0.1.101', 'block_list', NULL, NULL);
INSERT INTO tokens (token_id, token, admin_id, created_at, valid_to, remote_addr, info, store_id, email) VALUES (820, 'X5508a3af11278b20000000005b78285f00000000', 9, '2015-03-17 18:59:10.816158', '2015-03-17 18:59:14.581248', '10.0.1.101', 'block_list', NULL, NULL);
INSERT INTO tokens (token_id, token, admin_id, created_at, valid_to, remote_addr, info, store_id, email) VALUES (821, 'X5508a3b3369721590000000063bd315300000000', 9, '2015-03-17 18:59:14.581248', '2015-03-17 18:59:39.125812', '10.0.1.101', 'review', NULL, NULL);
INSERT INTO tokens (token_id, token, admin_id, created_at, valid_to, remote_addr, info, store_id, email) VALUES (822, 'X5508a3cb239ffa4f000000005ce825900000000', 9, '2015-03-17 18:59:39.125812', '2015-03-17 18:59:39.142661', '10.0.1.101', 'listadmins', NULL, NULL);
INSERT INTO tokens (token_id, token, admin_id, created_at, valid_to, remote_addr, info, store_id, email) VALUES (823, 'X5508a3cb4e43999a000000002d20c45100000000', 9, '2015-03-17 18:59:39.142661', '2015-03-17 18:59:46.681382', '10.0.1.101', 'search_ads', NULL, NULL);
INSERT INTO tokens (token_id, token, admin_id, created_at, valid_to, remote_addr, info, store_id, email) VALUES (824, 'X5508a3d31874301e000000004eab3e9300000000', 9, '2015-03-17 18:59:46.681382', '2015-03-17 18:59:46.697468', '10.0.1.101', 'listadmins', NULL, NULL);
INSERT INTO tokens (token_id, token, admin_id, created_at, valid_to, remote_addr, info, store_id, email) VALUES (825, 'X5508a3d3700e6c7b0000000072facf2500000000', 9, '2015-03-17 18:59:46.697468', '2015-03-17 18:59:51.209764', '10.0.1.101', 'search_ads', NULL, NULL);
INSERT INTO tokens (token_id, token, admin_id, created_at, valid_to, remote_addr, info, store_id, email) VALUES (826, 'X5508a3d72832968f0000000059d3595500000000', 9, '2015-03-17 18:59:51.209764', '2015-03-17 18:59:51.226158', '10.0.1.101', 'listadmins', NULL, NULL);
INSERT INTO tokens (token_id, token, admin_id, created_at, valid_to, remote_addr, info, store_id, email) VALUES (827, 'X5508a3d7601c38c7000000001b5cab4400000000', 9, '2015-03-17 18:59:51.226158', '2015-03-17 18:59:54.679388', '10.0.1.101', 'search_ads', NULL, NULL);
INSERT INTO tokens (token_id, token, admin_id, created_at, valid_to, remote_addr, info, store_id, email) VALUES (828, 'X5508a3db74e255ca0000000027b4ebab00000000', 9, '2015-03-17 18:59:54.679388', '2015-03-17 18:59:54.69435', '10.0.1.101', 'listadmins', NULL, NULL);
INSERT INTO tokens (token_id, token, admin_id, created_at, valid_to, remote_addr, info, store_id, email) VALUES (829, 'X5508a3db2e59427b0000000026fc44ef00000000', 9, '2015-03-17 18:59:54.69435', '2015-03-17 18:59:57.441167', '10.0.1.101', 'search_ads', NULL, NULL);
INSERT INTO tokens (token_id, token, admin_id, created_at, valid_to, remote_addr, info, store_id, email) VALUES (830, 'X5508a3dd26a6fe000000000047e6512300000000', 9, '2015-03-17 18:59:57.441167', '2015-03-17 18:59:57.45667', '10.0.1.101', 'listadmins', NULL, NULL);
INSERT INTO tokens (token_id, token, admin_id, created_at, valid_to, remote_addr, info, store_id, email) VALUES (831, 'X5508a3dd1fda0851000000006cc75dcf00000000', 9, '2015-03-17 18:59:57.45667', '2015-03-17 19:00:01.744047', '10.0.1.101', 'search_ads', NULL, NULL);
INSERT INTO tokens (token_id, token, admin_id, created_at, valid_to, remote_addr, info, store_id, email) VALUES (832, 'X5508a3e23c22e637000000003f299be100000000', 9, '2015-03-17 19:00:01.744047', '2015-03-17 19:00:01.75924', '10.0.1.101', 'listadmins', NULL, NULL);
INSERT INTO tokens (token_id, token, admin_id, created_at, valid_to, remote_addr, info, store_id, email) VALUES (833, 'X5508a3e295d4784000000004a3255db00000000', 9, '2015-03-17 19:00:01.75924', '2015-03-17 19:00:07.425562', '10.0.1.101', 'search_ads', NULL, NULL);
INSERT INTO tokens (token_id, token, admin_id, created_at, valid_to, remote_addr, info, store_id, email) VALUES (834, 'X5508a3e776112dc00000000058cdffd100000000', 9, '2015-03-17 19:00:07.425562', '2015-03-17 19:00:07.451176', '10.0.1.101', 'listadmins', NULL, NULL);
INSERT INTO tokens (token_id, token, admin_id, created_at, valid_to, remote_addr, info, store_id, email) VALUES (835, 'X5508a3e77c6dfa200000000015e2aa1e00000000', 9, '2015-03-17 19:00:07.451176', '2015-03-17 19:00:16.144318', '10.0.1.101', 'search_ads', NULL, NULL);
INSERT INTO tokens (token_id, token, admin_id, created_at, valid_to, remote_addr, info, store_id, email) VALUES (836, 'X5508a3f02e56da3c00000000543e736d00000000', 9, '2015-03-17 19:00:16.144318', '2015-03-17 19:00:16.202252', '10.0.1.101', 'adqueues', NULL, NULL);
INSERT INTO tokens (token_id, token, admin_id, created_at, valid_to, remote_addr, info, store_id, email) VALUES (837, 'X5508a3f07c7109fd000000007370844200000000', 9, '2015-03-17 19:00:16.202252', '2015-03-17 19:00:16.206295', '10.0.1.101', 'block_list', NULL, NULL);
INSERT INTO tokens (token_id, token, admin_id, created_at, valid_to, remote_addr, info, store_id, email) VALUES (838, 'X5508a3f06852da0c000000002922cdd400000000', 9, '2015-03-17 19:00:16.206295', '2015-03-17 19:00:16.210146', '10.0.1.101', 'block_list', NULL, NULL);
INSERT INTO tokens (token_id, token, admin_id, created_at, valid_to, remote_addr, info, store_id, email) VALUES (839, 'X5508a3f04fc9cbd400000000e0d48e000000000', 9, '2015-03-17 19:00:16.210146', '2015-03-17 19:00:18.836728', '10.0.1.101', 'block_list', NULL, NULL);
INSERT INTO tokens (token_id, token, admin_id, created_at, valid_to, remote_addr, info, store_id, email) VALUES (840, 'X5508a3f34a302f17000000006e52c32e00000000', 9, '2015-03-17 19:00:18.836728', '2015-03-17 19:00:22.137581', '10.0.1.101', 'review', NULL, NULL);
INSERT INTO tokens (token_id, token, admin_id, created_at, valid_to, remote_addr, info, store_id, email) VALUES (841, 'X5508a3f63aa6268e000000006cf4247c00000000', 9, '2015-03-17 19:00:22.137581', '2015-03-17 19:00:22.192557', '10.0.1.101', 'adqueues', NULL, NULL);
INSERT INTO tokens (token_id, token, admin_id, created_at, valid_to, remote_addr, info, store_id, email) VALUES (842, 'X5508a3f614afa43d00000000210f0dfd00000000', 9, '2015-03-17 19:00:22.192557', '2015-03-17 19:00:22.199429', '10.0.1.101', 'block_list', NULL, NULL);
INSERT INTO tokens (token_id, token, admin_id, created_at, valid_to, remote_addr, info, store_id, email) VALUES (843, 'X5508a3f611be6e38000000001f7e683e00000000', 9, '2015-03-17 19:00:22.199429', '2015-03-17 19:00:22.205385', '10.0.1.101', 'block_list', NULL, NULL);
INSERT INTO tokens (token_id, token, admin_id, created_at, valid_to, remote_addr, info, store_id, email) VALUES (844, 'X5508a3f6368df9eb000000004ef0446200000000', 9, '2015-03-17 19:00:22.205385', '2015-03-17 19:00:25.461162', '10.0.1.101', 'block_list', NULL, NULL);
INSERT INTO tokens (token_id, token, admin_id, created_at, valid_to, remote_addr, info, store_id, email) VALUES (845, 'X5508a3f92b53075a000000006efcb36600000000', 9, '2015-03-17 19:00:25.461162', '2015-03-17 19:00:31.368189', '10.0.1.101', 'review', NULL, NULL);
INSERT INTO tokens (token_id, token, admin_id, created_at, valid_to, remote_addr, info, store_id, email) VALUES (846, 'X5508a3ff3885190a000000004209eafa00000000', 9, '2015-03-17 19:00:31.368189', '2015-03-17 19:00:31.38368', '10.0.1.101', 'listadmins', NULL, NULL);
INSERT INTO tokens (token_id, token, admin_id, created_at, valid_to, remote_addr, info, store_id, email) VALUES (847, 'X5508a3ff1ad7eacc00000000632d79ec00000000', 9, '2015-03-17 19:00:31.38368', '2015-03-17 19:00:46.304895', '10.0.1.101', 'search_ads', NULL, NULL);
INSERT INTO tokens (token_id, token, admin_id, created_at, valid_to, remote_addr, info, store_id, email) VALUES (848, 'X5508a40e724c9be1000000005f7ef3c100000000', 9, '2015-03-17 19:00:46.304895', '2015-03-17 19:00:46.400289', '10.0.1.101', 'adqueues', NULL, NULL);
INSERT INTO tokens (token_id, token, admin_id, created_at, valid_to, remote_addr, info, store_id, email) VALUES (849, 'X5508a40e10517266000000005fa53a2f00000000', 9, '2015-03-17 19:00:46.400289', '2015-03-17 19:00:46.406606', '10.0.1.101', 'block_list', NULL, NULL);
INSERT INTO tokens (token_id, token, admin_id, created_at, valid_to, remote_addr, info, store_id, email) VALUES (850, 'X5508a40e7a24e6f6000000003fa6145e00000000', 9, '2015-03-17 19:00:46.406606', '2015-03-17 19:00:46.411819', '10.0.1.101', 'block_list', NULL, NULL);
INSERT INTO tokens (token_id, token, admin_id, created_at, valid_to, remote_addr, info, store_id, email) VALUES (851, 'X5508a40e46a212f200000000585da7e400000000', 9, '2015-03-17 19:00:46.411819', '2015-03-17 19:01:15.492329', '10.0.1.101', 'block_list', NULL, NULL);
INSERT INTO tokens (token_id, token, admin_id, created_at, valid_to, remote_addr, info, store_id, email) VALUES (852, 'X5508a42b1ccd211d0000000024f89d5000000000', 9, '2015-03-17 19:01:15.492329', '2015-03-17 20:01:15.492329', '10.0.1.101', 'review', NULL, NULL);
INSERT INTO tokens (token_id, token, admin_id, created_at, valid_to, remote_addr, info, store_id, email) VALUES (853, 'X55098416569c7d63000000003bac18bb00000000', 9, '2015-03-18 10:56:37.699095', '2015-03-18 10:56:37.874426', '10.0.1.101', 'authenticate', NULL, NULL);
INSERT INTO tokens (token_id, token, admin_id, created_at, valid_to, remote_addr, info, store_id, email) VALUES (854, 'X550984165f2507fd000000003432627100000000', 9, '2015-03-18 10:56:37.874426', '2015-03-18 10:56:40.32913', '10.0.1.101', 'spamfilter', NULL, NULL);
INSERT INTO tokens (token_id, token, admin_id, created_at, valid_to, remote_addr, info, store_id, email) VALUES (855, 'X55098418afba72d000000004b0f10200000000', 9, '2015-03-18 10:56:40.32913', '2015-03-18 10:56:45.204532', '10.0.1.101', 'adqueues', NULL, NULL);
INSERT INTO tokens (token_id, token, admin_id, created_at, valid_to, remote_addr, info, store_id, email) VALUES (856, 'X5509841d6786649e0000000020e45de600000000', 9, '2015-03-18 10:56:45.204532', '2015-03-18 10:56:45.384139', '10.0.1.101', 'adqueues', NULL, NULL);
INSERT INTO tokens (token_id, token, admin_id, created_at, valid_to, remote_addr, info, store_id, email) VALUES (857, 'X5509841d2613087500000000b43b3bc00000000', 9, '2015-03-18 10:56:45.384139', '2015-03-18 10:56:45.392997', '10.0.1.101', 'block_list', NULL, NULL);
INSERT INTO tokens (token_id, token, admin_id, created_at, valid_to, remote_addr, info, store_id, email) VALUES (858, 'X5509841d5e670d63000000002768c1f100000000', 9, '2015-03-18 10:56:45.392997', '2015-03-18 10:56:45.401209', '10.0.1.101', 'block_list', NULL, NULL);
INSERT INTO tokens (token_id, token, admin_id, created_at, valid_to, remote_addr, info, store_id, email) VALUES (859, 'X5509841d79823e2200000000132e3a9800000000', 9, '2015-03-18 10:56:45.401209', '2015-03-18 10:57:08.36613', '10.0.1.101', 'block_list', NULL, NULL);
INSERT INTO tokens (token_id, token, admin_id, created_at, valid_to, remote_addr, info, store_id, email) VALUES (860, 'X550984346218f49900000000cd2d13600000000', 9, '2015-03-18 10:57:08.36613', '2015-03-18 10:57:41.599884', '10.0.1.101', 'adqueues', NULL, NULL);
INSERT INTO tokens (token_id, token, admin_id, created_at, valid_to, remote_addr, info, store_id, email) VALUES (861, 'X55098456636f4e9a0000000037f295bd00000000', 9, '2015-03-18 10:57:41.599884', '2015-03-18 10:57:41.738919', '10.0.1.101', 'adqueues', NULL, NULL);
INSERT INTO tokens (token_id, token, admin_id, created_at, valid_to, remote_addr, info, store_id, email) VALUES (862, 'X550984566c24f82f0000000053f073bd00000000', 9, '2015-03-18 10:57:41.738919', '2015-03-18 10:57:41.746899', '10.0.1.101', 'block_list', NULL, NULL);
INSERT INTO tokens (token_id, token, admin_id, created_at, valid_to, remote_addr, info, store_id, email) VALUES (863, 'X5509845658a164c000000000259c97c000000000', 9, '2015-03-18 10:57:41.746899', '2015-03-18 10:57:41.754298', '10.0.1.101', 'block_list', NULL, NULL);
INSERT INTO tokens (token_id, token, admin_id, created_at, valid_to, remote_addr, info, store_id, email) VALUES (864, 'X550984564680f5a60000000020090c0000000000', 9, '2015-03-18 10:57:41.754298', '2015-03-18 10:58:01.429274', '10.0.1.101', 'block_list', NULL, NULL);
INSERT INTO tokens (token_id, token, admin_id, created_at, valid_to, remote_addr, info, store_id, email) VALUES (865, 'X550984692b4cbfbc000000003418635a00000000', 9, '2015-03-18 10:58:01.429274', '2015-03-18 10:58:08.42098', '10.0.1.101', 'review', NULL, NULL);
INSERT INTO tokens (token_id, token, admin_id, created_at, valid_to, remote_addr, info, store_id, email) VALUES (866, 'X5509847068ee18b90000000055b4600a00000000', 9, '2015-03-18 10:58:08.42098', '2015-03-18 10:58:19.724848', '10.0.1.101', 'review', NULL, NULL);
INSERT INTO tokens (token_id, token, admin_id, created_at, valid_to, remote_addr, info, store_id, email) VALUES (867, 'X5509847c1c49a135000000005d438e8300000000', 9, '2015-03-18 10:58:19.724848', '2015-03-18 10:58:19.742934', '10.0.1.101', 'unlock', NULL, NULL);
INSERT INTO tokens (token_id, token, admin_id, created_at, valid_to, remote_addr, info, store_id, email) VALUES (868, 'X5509847c1a2c39d00000000468b546700000000', 9, '2015-03-18 10:58:19.742934', '2015-03-18 10:58:19.935997', '10.0.1.101', 'unlock', NULL, NULL);
INSERT INTO tokens (token_id, token, admin_id, created_at, valid_to, remote_addr, info, store_id, email) VALUES (869, 'X5509847c7f03fc8200000000716a008900000000', 9, '2015-03-18 10:58:19.935997', '2015-03-18 10:58:47.113649', '10.0.1.101', 'adqueues', NULL, NULL);
INSERT INTO tokens (token_id, token, admin_id, created_at, valid_to, remote_addr, info, store_id, email) VALUES (870, 'X550984974f840e6b000000001924a2300000000', 9, '2015-03-18 10:58:47.113649', '2015-03-18 10:58:47.13748', '10.0.1.101', 'adqueues', NULL, NULL);
INSERT INTO tokens (token_id, token, admin_id, created_at, valid_to, remote_addr, info, store_id, email) VALUES (871, 'X5509849777b0f757000000002568677400000000', 9, '2015-03-18 10:58:47.13748', '2015-03-18 11:01:03.749077', '10.0.1.101', 'adqueues', NULL, NULL);
INSERT INTO tokens (token_id, token, admin_id, created_at, valid_to, remote_addr, info, store_id, email) VALUES (872, 'X5509852064a3835c00000000afce38e00000000', 9, '2015-03-18 11:01:03.749077', '2015-03-18 11:01:11.026757', '10.0.1.101', 'listadmins', NULL, NULL);
INSERT INTO tokens (token_id, token, admin_id, created_at, valid_to, remote_addr, info, store_id, email) VALUES (873, 'X550985274dafb1f4000000003ab32fb800000000', 9, '2015-03-18 11:01:11.026757', '2015-03-18 11:01:11.040653', '10.0.1.101', 'listadmins', NULL, NULL);
INSERT INTO tokens (token_id, token, admin_id, created_at, valid_to, remote_addr, info, store_id, email) VALUES (874, 'X550985273569f86d000000007c78d2c400000000', 9, '2015-03-18 11:01:11.040653', '2015-03-18 11:01:11.525712', '10.0.1.101', 'search_ads', NULL, NULL);
INSERT INTO tokens (token_id, token, admin_id, created_at, valid_to, remote_addr, info, store_id, email) VALUES (875, 'X550985286d601f280000000019f6328500000000', 9, '2015-03-18 11:01:11.525712', '2015-03-18 11:01:11.546607', '10.0.1.101', 'listadmins', NULL, NULL);
INSERT INTO tokens (token_id, token, admin_id, created_at, valid_to, remote_addr, info, store_id, email) VALUES (876, 'X5509852813378b3a0000000018d60c1400000000', 9, '2015-03-18 11:01:11.546607', '2015-03-18 11:01:14.813332', '10.0.1.101', 'search_ads', NULL, NULL);
INSERT INTO tokens (token_id, token, admin_id, created_at, valid_to, remote_addr, info, store_id, email) VALUES (877, 'X5509852b1b773491000000005c7505f700000000', 9, '2015-03-18 11:01:14.813332', '2015-03-18 11:01:14.831003', '10.0.1.101', 'listadmins', NULL, NULL);
INSERT INTO tokens (token_id, token, admin_id, created_at, valid_to, remote_addr, info, store_id, email) VALUES (878, 'X5509852b23c57be6000000005ea9cc3200000000', 9, '2015-03-18 11:01:14.831003', '2015-03-18 11:01:21.701471', '10.0.1.101', 'search_ads', NULL, NULL);
INSERT INTO tokens (token_id, token, admin_id, created_at, valid_to, remote_addr, info, store_id, email) VALUES (879, 'X5509853272285b760000000013ad134900000000', 9, '2015-03-18 11:01:21.701471', '2015-03-18 11:01:21.823756', '10.0.1.101', 'adqueues', NULL, NULL);
INSERT INTO tokens (token_id, token, admin_id, created_at, valid_to, remote_addr, info, store_id, email) VALUES (880, 'X550985321ea9f6d700000000372c171200000000', 9, '2015-03-18 11:01:21.823756', '2015-03-18 11:01:21.834173', '10.0.1.101', 'block_list', NULL, NULL);
INSERT INTO tokens (token_id, token, admin_id, created_at, valid_to, remote_addr, info, store_id, email) VALUES (881, 'X5509853271df46ca0000000051bf2d6f00000000', 9, '2015-03-18 11:01:21.834173', '2015-03-18 11:01:21.843041', '10.0.1.101', 'block_list', NULL, NULL);
INSERT INTO tokens (token_id, token, admin_id, created_at, valid_to, remote_addr, info, store_id, email) VALUES (882, 'X550985324e3800340000000073e15cd900000000', 9, '2015-03-18 11:01:21.843041', '2015-03-18 11:01:26.521981', '10.0.1.101', 'block_list', NULL, NULL);
INSERT INTO tokens (token_id, token, admin_id, created_at, valid_to, remote_addr, info, store_id, email) VALUES (883, 'X55098537dd78f5f000000007f38c85e00000000', 9, '2015-03-18 11:01:26.521981', '2015-03-18 12:01:26.521981', '10.0.1.101', 'review', NULL, NULL);
INSERT INTO action_states (ad_id, action_id, state_id, state, transition, "timestamp", remote_addr, token_id) VALUES (126, 1, 698, 'reg', 'initial', '2015-03-17 17:53:48.705627', '10.0.1.101', NULL);
INSERT INTO action_states (ad_id, action_id, state_id, state, transition, "timestamp", remote_addr, token_id) VALUES (126, 1, 699, 'unverified', 'verifymail', '2015-03-17 17:53:48.705627', '10.0.1.101', NULL);
INSERT INTO action_states (ad_id, action_id, state_id, state, transition, "timestamp", remote_addr, token_id) VALUES (126, 1, 700, 'pending_review', 'verify', '2015-03-17 17:53:48.78128', '10.0.1.101', NULL);
INSERT INTO action_states (ad_id, action_id, state_id, state, transition, "timestamp", remote_addr, token_id) VALUES (126, 1, 701, 'accepted', 'accept', '2015-03-17 17:55:09.536773', '10.0.1.101', 724);
INSERT INTO action_states (ad_id, action_id, state_id, state, transition, "timestamp", remote_addr, token_id) VALUES (126, 2, 702, 'deleted', 'user_deleted', '2015-03-17 17:55:53.600218', '10.0.1.101', NULL);
INSERT INTO action_states (ad_id, action_id, state_id, state, transition, "timestamp", remote_addr, token_id) VALUES (127, 1, 703, 'reg', 'initial', '2015-03-17 18:29:56.06351', '10.0.1.101', NULL);
INSERT INTO action_states (ad_id, action_id, state_id, state, transition, "timestamp", remote_addr, token_id) VALUES (127, 1, 704, 'unverified', 'verifymail', '2015-03-17 18:29:56.06351', '10.0.1.101', NULL);
INSERT INTO action_states (ad_id, action_id, state_id, state, transition, "timestamp", remote_addr, token_id) VALUES (127, 1, 705, 'pending_review', 'verify', '2015-03-17 18:29:56.130302', '10.0.1.101', NULL);
INSERT INTO action_states (ad_id, action_id, state_id, state, transition, "timestamp", remote_addr, token_id) VALUES (127, 1, 706, 'accepted', 'accept', '2015-03-17 18:31:59.098457', '10.0.1.101', 730);
INSERT INTO action_states (ad_id, action_id, state_id, state, transition, "timestamp", remote_addr, token_id) VALUES (87, 1, 722, 'locked', 'checkout', '2015-03-17 18:35:10.323322', '10.0.1.101', 733);
INSERT INTO action_states (ad_id, action_id, state_id, state, transition, "timestamp", remote_addr, token_id) VALUES (92, 1, 723, 'locked', 'checkout', '2015-03-17 18:35:10.323322', '10.0.1.101', 733);
INSERT INTO action_states (ad_id, action_id, state_id, state, transition, "timestamp", remote_addr, token_id) VALUES (101, 1, 724, 'locked', 'checkout', '2015-03-17 18:35:15.708016', '10.0.1.101', 737);
INSERT INTO action_states (ad_id, action_id, state_id, state, transition, "timestamp", remote_addr, token_id) VALUES (102, 1, 725, 'locked', 'checkout', '2015-03-17 18:35:15.708016', '10.0.1.101', 737);
INSERT INTO action_states (ad_id, action_id, state_id, state, transition, "timestamp", remote_addr, token_id) VALUES (103, 1, 726, 'locked', 'checkout', '2015-03-17 18:35:20.908673', '10.0.1.101', 741);
INSERT INTO action_states (ad_id, action_id, state_id, state, transition, "timestamp", remote_addr, token_id) VALUES (104, 1, 727, 'locked', 'checkout', '2015-03-17 18:35:20.908673', '10.0.1.101', 741);
INSERT INTO action_states (ad_id, action_id, state_id, state, transition, "timestamp", remote_addr, token_id) VALUES (105, 1, 728, 'locked', 'checkout', '2015-03-17 18:35:25.447961', '10.0.1.101', 745);
INSERT INTO action_states (ad_id, action_id, state_id, state, transition, "timestamp", remote_addr, token_id) VALUES (106, 1, 729, 'locked', 'checkout', '2015-03-17 18:35:25.447961', '10.0.1.101', 745);
INSERT INTO action_states (ad_id, action_id, state_id, state, transition, "timestamp", remote_addr, token_id) VALUES (107, 1, 730, 'locked', 'checkout', '2015-03-17 18:35:31.195814', '10.0.1.101', 749);
INSERT INTO action_states (ad_id, action_id, state_id, state, transition, "timestamp", remote_addr, token_id) VALUES (108, 1, 731, 'locked', 'checkout', '2015-03-17 18:35:31.195814', '10.0.1.101', 749);
INSERT INTO action_states (ad_id, action_id, state_id, state, transition, "timestamp", remote_addr, token_id) VALUES (87, 1, 732, 'pending_review', 'checkin', '2015-03-17 18:35:37.061681', '10.0.1.101', 753);
INSERT INTO action_states (ad_id, action_id, state_id, state, transition, "timestamp", remote_addr, token_id) VALUES (92, 1, 733, 'pending_review', 'checkin', '2015-03-17 18:35:37.072505', '10.0.1.101', 754);
INSERT INTO action_states (ad_id, action_id, state_id, state, transition, "timestamp", remote_addr, token_id) VALUES (101, 1, 734, 'pending_review', 'checkin', '2015-03-17 18:35:37.079846', '10.0.1.101', 755);
INSERT INTO action_states (ad_id, action_id, state_id, state, transition, "timestamp", remote_addr, token_id) VALUES (102, 1, 735, 'pending_review', 'checkin', '2015-03-17 18:35:37.086459', '10.0.1.101', 756);
INSERT INTO action_states (ad_id, action_id, state_id, state, transition, "timestamp", remote_addr, token_id) VALUES (103, 1, 736, 'pending_review', 'checkin', '2015-03-17 18:35:37.093833', '10.0.1.101', 757);
INSERT INTO action_states (ad_id, action_id, state_id, state, transition, "timestamp", remote_addr, token_id) VALUES (104, 1, 737, 'pending_review', 'checkin', '2015-03-17 18:35:37.100941', '10.0.1.101', 758);
INSERT INTO action_states (ad_id, action_id, state_id, state, transition, "timestamp", remote_addr, token_id) VALUES (105, 1, 738, 'pending_review', 'checkin', '2015-03-17 18:35:37.107898', '10.0.1.101', 759);
INSERT INTO action_states (ad_id, action_id, state_id, state, transition, "timestamp", remote_addr, token_id) VALUES (106, 1, 739, 'pending_review', 'checkin', '2015-03-17 18:35:37.132772', '10.0.1.101', 760);
INSERT INTO action_states (ad_id, action_id, state_id, state, transition, "timestamp", remote_addr, token_id) VALUES (107, 1, 740, 'pending_review', 'checkin', '2015-03-17 18:35:37.140686', '10.0.1.101', 761);
INSERT INTO action_states (ad_id, action_id, state_id, state, transition, "timestamp", remote_addr, token_id) VALUES (108, 1, 741, 'pending_review', 'checkin', '2015-03-17 18:35:37.147855', '10.0.1.101', 762);
INSERT INTO action_states (ad_id, action_id, state_id, state, transition, "timestamp", remote_addr, token_id) VALUES (130, 2, 755, 'reg', 'initial', '2015-03-17 18:38:11.463416', '127.0.0.1', NULL);
INSERT INTO action_states (ad_id, action_id, state_id, state, transition, "timestamp", remote_addr, token_id) VALUES (130, 2, 756, 'accepted', 'adminclear', '2015-03-17 18:38:11.463416', '127.0.0.1', NULL);
INSERT INTO action_states (ad_id, action_id, state_id, state, transition, "timestamp", remote_addr, token_id) VALUES (129, 2, 757, 'reg', 'initial', '2015-03-17 18:38:11.463416', '127.0.0.1', NULL);
INSERT INTO action_states (ad_id, action_id, state_id, state, transition, "timestamp", remote_addr, token_id) VALUES (129, 2, 758, 'accepted', 'adminclear', '2015-03-17 18:38:11.463416', '127.0.0.1', NULL);
INSERT INTO action_states (ad_id, action_id, state_id, state, transition, "timestamp", remote_addr, token_id) VALUES (128, 2, 759, 'reg', 'initial', '2015-03-17 18:38:11.463416', '127.0.0.1', NULL);
INSERT INTO action_states (ad_id, action_id, state_id, state, transition, "timestamp", remote_addr, token_id) VALUES (128, 2, 760, 'accepted', 'adminclear', '2015-03-17 18:38:11.463416', '127.0.0.1', NULL);
INSERT INTO action_states (ad_id, action_id, state_id, state, transition, "timestamp", remote_addr, token_id) VALUES (133, 2, 761, 'reg', 'initial', '2015-03-17 18:38:11.463416', '127.0.0.1', NULL);
INSERT INTO action_states (ad_id, action_id, state_id, state, transition, "timestamp", remote_addr, token_id) VALUES (133, 2, 762, 'accepted', 'adminclear', '2015-03-17 18:38:11.463416', '127.0.0.1', NULL);
INSERT INTO action_states (ad_id, action_id, state_id, state, transition, "timestamp", remote_addr, token_id) VALUES (134, 1, 763, 'reg', 'initial', '2015-03-17 18:39:35.132001', '10.0.1.101', NULL);
INSERT INTO action_states (ad_id, action_id, state_id, state, transition, "timestamp", remote_addr, token_id) VALUES (134, 1, 764, 'unverified', 'verifymail', '2015-03-17 18:39:35.132001', '10.0.1.101', NULL);
INSERT INTO action_states (ad_id, action_id, state_id, state, transition, "timestamp", remote_addr, token_id) VALUES (134, 1, 765, 'pending_review', 'verify', '2015-03-17 18:39:35.219288', '10.0.1.101', NULL);
INSERT INTO action_states (ad_id, action_id, state_id, state, transition, "timestamp", remote_addr, token_id) VALUES (134, 1, 766, 'accepted', 'accept', '2015-03-17 18:39:48.355911', '10.0.1.101', NULL);
INSERT INTO action_states (ad_id, action_id, state_id, state, transition, "timestamp", remote_addr, token_id) VALUES (134, 2, 767, 'reg', 'initial', '2015-03-17 18:40:58.807912', '0.0.0.0', NULL);
INSERT INTO action_states (ad_id, action_id, state_id, state, transition, "timestamp", remote_addr, token_id) VALUES (134, 2, 768, 'accepted', 'status_change', '2015-03-17 18:40:58.807912', '0.0.0.0', NULL);
INSERT INTO action_states (ad_id, action_id, state_id, state, transition, "timestamp", remote_addr, token_id) VALUES (134, 3, 769, 'reg', 'initial', '2015-03-17 18:42:04.86491', '10.0.1.101', NULL);
INSERT INTO action_states (ad_id, action_id, state_id, state, transition, "timestamp", remote_addr, token_id) VALUES (134, 3, 770, 'disabled', 'status_change', '2015-03-17 18:42:04.86491', '10.0.1.101', NULL);
INSERT INTO action_states (ad_id, action_id, state_id, state, transition, "timestamp", remote_addr, token_id) VALUES (134, 4, 771, 'deleted', 'user_deleted', '2015-03-17 18:45:54.877511', '10.0.1.101', NULL);
INSERT INTO action_states (ad_id, action_id, state_id, state, transition, "timestamp", remote_addr, token_id) VALUES (135, 1, 772, 'reg', 'initial', '2015-03-17 18:58:13.784276', '10.0.1.101', NULL);
INSERT INTO action_states (ad_id, action_id, state_id, state, transition, "timestamp", remote_addr, token_id) VALUES (135, 1, 773, 'unverified', 'verifymail', '2015-03-17 18:58:13.784276', '10.0.1.101', NULL);
INSERT INTO action_states (ad_id, action_id, state_id, state, transition, "timestamp", remote_addr, token_id) VALUES (135, 1, 774, 'pending_review', 'verify', '2015-03-17 18:58:13.85929', '10.0.1.101', NULL);
INSERT INTO action_states (ad_id, action_id, state_id, state, transition, "timestamp", remote_addr, token_id) VALUES (136, 1, 775, 'reg', 'initial', '2015-03-17 18:58:34.634774', '10.0.1.101', NULL);
INSERT INTO action_states (ad_id, action_id, state_id, state, transition, "timestamp", remote_addr, token_id) VALUES (136, 1, 776, 'unverified', 'verifymail', '2015-03-17 18:58:34.634774', '10.0.1.101', NULL);
INSERT INTO action_states (ad_id, action_id, state_id, state, transition, "timestamp", remote_addr, token_id) VALUES (136, 1, 777, 'pending_review', 'verify', '2015-03-17 18:58:34.661849', '10.0.1.101', NULL);
INSERT INTO action_states (ad_id, action_id, state_id, state, transition, "timestamp", remote_addr, token_id) VALUES (137, 1, 778, 'reg', 'initial', '2015-03-17 18:58:36.417464', '10.0.1.101', NULL);
INSERT INTO action_states (ad_id, action_id, state_id, state, transition, "timestamp", remote_addr, token_id) VALUES (137, 1, 779, 'unverified', 'verifymail', '2015-03-17 18:58:36.417464', '10.0.1.101', NULL);
INSERT INTO action_states (ad_id, action_id, state_id, state, transition, "timestamp", remote_addr, token_id) VALUES (137, 1, 780, 'pending_review', 'verify', '2015-03-17 18:58:36.465457', '10.0.1.101', NULL);
INSERT INTO action_states (ad_id, action_id, state_id, state, transition, "timestamp", remote_addr, token_id) VALUES (138, 1, 781, 'reg', 'initial', '2015-03-17 18:58:38.279145', '10.0.1.101', NULL);
INSERT INTO action_states (ad_id, action_id, state_id, state, transition, "timestamp", remote_addr, token_id) VALUES (138, 1, 782, 'unverified', 'verifymail', '2015-03-17 18:58:38.279145', '10.0.1.101', NULL);
INSERT INTO action_states (ad_id, action_id, state_id, state, transition, "timestamp", remote_addr, token_id) VALUES (138, 1, 783, 'pending_review', 'verify', '2015-03-17 18:58:38.304565', '10.0.1.101', NULL);
INSERT INTO action_states (ad_id, action_id, state_id, state, transition, "timestamp", remote_addr, token_id) VALUES (139, 1, 784, 'reg', 'initial', '2015-03-17 18:58:40.182303', '10.0.1.101', NULL);
INSERT INTO action_states (ad_id, action_id, state_id, state, transition, "timestamp", remote_addr, token_id) VALUES (139, 1, 785, 'unverified', 'verifymail', '2015-03-17 18:58:40.182303', '10.0.1.101', NULL);
INSERT INTO action_states (ad_id, action_id, state_id, state, transition, "timestamp", remote_addr, token_id) VALUES (139, 1, 786, 'pending_review', 'verify', '2015-03-17 18:58:40.208818', '10.0.1.101', NULL);
INSERT INTO action_states (ad_id, action_id, state_id, state, transition, "timestamp", remote_addr, token_id) VALUES (139, 1, 787, 'accepted', 'accept', '2015-03-17 18:59:07.263059', '10.0.1.101', 815);
INSERT INTO action_states (ad_id, action_id, state_id, state, transition, "timestamp", remote_addr, token_id) VALUES (138, 1, 788, 'accepted', 'accept', '2015-03-17 18:59:14.588816', '10.0.1.101', 820);
INSERT INTO action_states (ad_id, action_id, state_id, state, transition, "timestamp", remote_addr, token_id) VALUES (137, 1, 789, 'accepted', 'accept', '2015-03-17 19:00:18.840141', '10.0.1.101', 839);
INSERT INTO action_states (ad_id, action_id, state_id, state, transition, "timestamp", remote_addr, token_id) VALUES (136, 1, 790, 'accepted', 'accept', '2015-03-17 19:00:25.469634', '10.0.1.101', 844);
INSERT INTO action_states (ad_id, action_id, state_id, state, transition, "timestamp", remote_addr, token_id) VALUES (135, 1, 791, 'accepted', 'accept', '2015-03-17 19:01:15.499015', '10.0.1.101', 851);
INSERT INTO action_states (ad_id, action_id, state_id, state, transition, "timestamp", remote_addr, token_id) VALUES (140, 1, 802, 'reg', 'initial', '2015-03-17 19:02:05.290221', '10.0.1.101', NULL);
INSERT INTO action_states (ad_id, action_id, state_id, state, transition, "timestamp", remote_addr, token_id) VALUES (140, 1, 803, 'unverified', 'verifymail', '2015-03-17 19:02:05.290221', '10.0.1.101', NULL);
INSERT INTO action_states (ad_id, action_id, state_id, state, transition, "timestamp", remote_addr, token_id) VALUES (140, 1, 804, 'pending_review', 'verify', '2015-03-17 19:02:05.404125', '10.0.1.101', NULL);
INSERT INTO action_states (ad_id, action_id, state_id, state, transition, "timestamp", remote_addr, token_id) VALUES (141, 1, 805, 'reg', 'initial', '2015-03-17 19:03:09.767827', '10.0.1.101', NULL);
INSERT INTO action_states (ad_id, action_id, state_id, state, transition, "timestamp", remote_addr, token_id) VALUES (141, 1, 806, 'unverified', 'verifymail', '2015-03-17 19:03:09.767827', '10.0.1.101', NULL);
INSERT INTO action_states (ad_id, action_id, state_id, state, transition, "timestamp", remote_addr, token_id) VALUES (141, 1, 807, 'pending_review', 'verify', '2015-03-17 19:03:09.823676', '10.0.1.101', NULL);
INSERT INTO action_states (ad_id, action_id, state_id, state, transition, "timestamp", remote_addr, token_id) VALUES (142, 1, 808, 'reg', 'initial', '2015-03-17 19:03:15.800953', '10.0.1.101', NULL);
INSERT INTO action_states (ad_id, action_id, state_id, state, transition, "timestamp", remote_addr, token_id) VALUES (142, 1, 809, 'unverified', 'verifymail', '2015-03-17 19:03:15.800953', '10.0.1.101', NULL);
INSERT INTO action_states (ad_id, action_id, state_id, state, transition, "timestamp", remote_addr, token_id) VALUES (142, 1, 810, 'pending_review', 'verify', '2015-03-17 19:03:15.854047', '10.0.1.101', NULL);
INSERT INTO action_states (ad_id, action_id, state_id, state, transition, "timestamp", remote_addr, token_id) VALUES (143, 1, 811, 'reg', 'initial', '2015-03-17 19:03:22.314134', '10.0.1.101', NULL);
INSERT INTO action_states (ad_id, action_id, state_id, state, transition, "timestamp", remote_addr, token_id) VALUES (143, 1, 812, 'unverified', 'verifymail', '2015-03-17 19:03:22.314134', '10.0.1.101', NULL);
INSERT INTO action_states (ad_id, action_id, state_id, state, transition, "timestamp", remote_addr, token_id) VALUES (143, 1, 813, 'pending_review', 'verify', '2015-03-17 19:03:22.335438', '10.0.1.101', NULL);
INSERT INTO action_states (ad_id, action_id, state_id, state, transition, "timestamp", remote_addr, token_id) VALUES (144, 1, 816, 'pending_review', 'verify', '2015-03-17 19:03:28.703863', '10.0.1.101', NULL);
INSERT INTO action_states (ad_id, action_id, state_id, state, transition, "timestamp", remote_addr, token_id) VALUES (145, 1, 817, 'reg', 'initial', '2015-03-17 19:03:35.290418', '10.0.1.101', NULL);
INSERT INTO action_states (ad_id, action_id, state_id, state, transition, "timestamp", remote_addr, token_id) VALUES (145, 1, 818, 'unverified', 'verifymail', '2015-03-17 19:03:35.290418', '10.0.1.101', NULL);
INSERT INTO action_states (ad_id, action_id, state_id, state, transition, "timestamp", remote_addr, token_id) VALUES (144, 1, 814, 'reg', 'initial', '2015-03-17 19:03:28.690659', '10.0.1.101', NULL);
INSERT INTO action_states (ad_id, action_id, state_id, state, transition, "timestamp", remote_addr, token_id) VALUES (144, 1, 815, 'unverified', 'verifymail', '2015-03-17 19:03:28.690659', '10.0.1.101', NULL);
INSERT INTO action_states (ad_id, action_id, state_id, state, transition, "timestamp", remote_addr, token_id) VALUES (145, 1, 819, 'pending_review', 'verify', '2015-03-17 19:03:35.313072', '10.0.1.101', NULL);
INSERT INTO action_states (ad_id, action_id, state_id, state, transition, "timestamp", remote_addr, token_id) VALUES (146, 1, 828, 'reg', 'initial', '2015-03-18 10:53:56.042719', '10.0.1.101', NULL);
INSERT INTO action_states (ad_id, action_id, state_id, state, transition, "timestamp", remote_addr, token_id) VALUES (146, 1, 829, 'unverified', 'verifymail', '2015-03-18 10:53:56.042719', '10.0.1.101', NULL);
INSERT INTO action_states (ad_id, action_id, state_id, state, transition, "timestamp", remote_addr, token_id) VALUES (146, 1, 830, 'pending_review', 'verify', '2015-03-18 10:53:56.119669', '10.0.1.101', NULL);
INSERT INTO action_states (ad_id, action_id, state_id, state, transition, "timestamp", remote_addr, token_id) VALUES (146, 1, 831, 'accepted', 'accept', '2015-03-18 10:54:08.307803', '10.0.1.101', NULL);
INSERT INTO action_states (ad_id, action_id, state_id, state, transition, "timestamp", remote_addr, token_id) VALUES (200, 1, 2828, 'reg', 'initial', '2015-03-18 10:53:56.042719', '10.0.1.101', NULL);
INSERT INTO action_states (ad_id, action_id, state_id, state, transition, "timestamp", remote_addr, token_id) VALUES (200, 1, 2829, 'unverified', 'verifymail', '2015-03-18 10:53:56.042719', '10.0.1.101', NULL);
INSERT INTO action_states (ad_id, action_id, state_id, state, transition, "timestamp", remote_addr, token_id) VALUES (200, 1, 2830, 'pending_review', 'verify', '2015-03-18 10:53:56.119669', '10.0.1.101', NULL);
INSERT INTO action_states (ad_id, action_id, state_id, state, transition, "timestamp", remote_addr, token_id) VALUES (200, 1, 2831, 'accepted', 'accept', '2015-03-18 10:54:08.307803', '10.0.1.101', NULL);
INSERT INTO action_states (ad_id, action_id, state_id, state, transition, "timestamp", remote_addr, token_id) VALUES (147, 1, 840, 'reg', 'initial', '2015-03-18 11:00:47.268454', '10.0.1.101', NULL);
INSERT INTO action_states (ad_id, action_id, state_id, state, transition, "timestamp", remote_addr, token_id) VALUES (147, 1, 841, 'unverified', 'verifymail', '2015-03-18 11:00:47.268454', '10.0.1.101', NULL);
INSERT INTO action_states (ad_id, action_id, state_id, state, transition, "timestamp", remote_addr, token_id) VALUES (147, 1, 842, 'pending_review', 'verify', '2015-03-18 11:00:47.382731', '10.0.1.101', NULL);
INSERT INTO action_states (ad_id, action_id, state_id, state, transition, "timestamp", remote_addr, token_id) VALUES (147, 1, 843, 'accepted', 'accept', '2015-03-18 11:01:26.528281', '10.0.1.101', 882);
INSERT INTO action_states (ad_id, action_id, state_id, state, transition, "timestamp", remote_addr, token_id) VALUES (148, 1, 844, 'reg', 'initial', '2015-03-18 11:03:40.271571', '10.0.1.101', NULL);
INSERT INTO action_states (ad_id, action_id, state_id, state, transition, "timestamp", remote_addr, token_id) VALUES (148, 1, 845, 'unverified', 'verifymail', '2015-03-18 11:03:40.271571', '10.0.1.101', NULL);
INSERT INTO action_states (ad_id, action_id, state_id, state, transition, "timestamp", remote_addr, token_id) VALUES (148, 1, 846, 'pending_review', 'verify', '2015-03-18 11:03:40.397741', '10.0.1.101', NULL);
SELECT pg_catalog.setval('action_states_state_id_seq', 849, true);
INSERT INTO ad_changes (ad_id, action_id, state_id, is_param, column_name, old_value, new_value) VALUES (126, 1, 699, true, 'pack_status', NULL, 'disabled');
INSERT INTO ad_changes (ad_id, action_id, state_id, is_param, column_name, old_value, new_value) VALUES (127, 1, 704, true, 'pack_status', NULL, 'disabled');
INSERT INTO ad_changes (ad_id, action_id, state_id, is_param, column_name, old_value, new_value) VALUES (134, 1, 764, true, 'pack_status', NULL, 'disabled');
INSERT INTO ad_changes (ad_id, action_id, state_id, is_param, column_name, old_value, new_value) VALUES (134, 2, 767, true, 'pack_status', 'disabled', 'active');
INSERT INTO ad_changes (ad_id, action_id, state_id, is_param, column_name, old_value, new_value) VALUES (134, 3, 769, true, 'pack_status', 'active', 'disabled');
INSERT INTO ad_changes (ad_id, action_id, state_id, is_param, column_name, old_value, new_value) VALUES (146, 1, 829, true, 'pack_status', NULL, 'disabled');
INSERT INTO ad_changes (ad_id, action_id, state_id, is_param, column_name, old_value, new_value) VALUES (200, 1, 2829, true, 'pack_status', NULL, 'disabled');
INSERT INTO ad_codes (code, code_type) VALUES (24741, 'pay');
INSERT INTO ad_codes (code, code_type) VALUES (56764, 'pay');
INSERT INTO ad_codes (code, code_type) VALUES (88787, 'pay');
INSERT INTO ad_codes (code, code_type) VALUES (30810, 'pay');
INSERT INTO ad_codes (code, code_type) VALUES (62833, 'pay');
INSERT INTO ad_codes (code, code_type) VALUES (94856, 'pay');
INSERT INTO ad_codes (code, code_type) VALUES (36879, 'pay');
INSERT INTO ad_codes (code, code_type) VALUES (68902, 'pay');
INSERT INTO ad_codes (code, code_type) VALUES (10925, 'pay');
INSERT INTO ad_codes (code, code_type) VALUES (42948, 'pay');
INSERT INTO ad_codes (code, code_type) VALUES (74971, 'pay');
INSERT INTO ad_codes (code, code_type) VALUES (16994, 'pay');
INSERT INTO ad_codes (code, code_type) VALUES (49017, 'pay');
INSERT INTO ad_codes (code, code_type) VALUES (81040, 'pay');
INSERT INTO ad_codes (code, code_type) VALUES (23063, 'pay');
INSERT INTO ad_codes (code, code_type) VALUES (55086, 'pay');
INSERT INTO ad_codes (code, code_type) VALUES (87109, 'pay');
INSERT INTO ad_codes (code, code_type) VALUES (29132, 'pay');
INSERT INTO ad_codes (code, code_type) VALUES (61155, 'pay');
INSERT INTO ad_codes (code, code_type) VALUES (93178, 'pay');
INSERT INTO ad_codes (code, code_type) VALUES (35201, 'pay');
INSERT INTO ad_codes (code, code_type) VALUES (67224, 'pay');
INSERT INTO ad_codes (code, code_type) VALUES (99247, 'pay');
INSERT INTO ad_images_digests (ad_id, name, digest, uid, previously_inserted) VALUES (127, '1108523319.jpg', '70fc595f5f4adb3c902c82d87cc04977', 3, false);
INSERT INTO ad_media (ad_media_id, ad_id, seq_no, upload_time, media_type, width, height, length) VALUES (1108523319, 127, 0, '2015-03-17 18:29:52.443659', 'image', NULL, NULL, NULL);
SELECT pg_catalog.setval('ads_ad_id_seq', 148, true);
SELECT pg_catalog.setval('blocked_items_item_id_seq', 24, true);
SELECT pg_catalog.setval('list_id_seq', 8000102, true);
SELECT pg_catalog.setval('next_image_id', 1, true);
INSERT INTO packs (pack_id, account_id, status, type, slots, used, date_start, date_end, product_id) VALUES (1, 8, 'active', 'car', 10, 0, '2015-03-17 18:40:58.807912', '2015-03-17 18:45:58.807912', 11010);
INSERT INTO packs (pack_id, account_id, status, type, slots, used, date_start, date_end, product_id) VALUES (2, 5, 'active', 'car', 20, 2, '2015-03-18 10:34:51.695191', '2015-03-18 11:34:51.695191', 14020);
SELECT pg_catalog.setval('pay_code_seq', 489, true);
INSERT INTO pay_log (pay_log_id, pay_type, amount, code, token_id, paid_at, payment_group_id, status) VALUES (213, 'save', 0, '633026231', NULL, '2015-03-17 17:53:49', 166, 'SAVE');
INSERT INTO pay_log (pay_log_id, pay_type, amount, code, token_id, paid_at, payment_group_id, status) VALUES (214, 'verify', 0, '633026231', NULL, '2015-03-17 17:53:49', 166, 'OK');
INSERT INTO pay_log (pay_log_id, pay_type, amount, code, token_id, paid_at, payment_group_id, status) VALUES (215, 'save', 0, '768418254', NULL, '2015-03-17 18:29:56', 167, 'SAVE');
INSERT INTO pay_log (pay_log_id, pay_type, amount, code, token_id, paid_at, payment_group_id, status) VALUES (216, 'verify', 0, '768418254', NULL, '2015-03-17 18:29:56', 167, 'OK');
INSERT INTO pay_log (pay_log_id, pay_type, amount, code, token_id, paid_at, payment_group_id, status) VALUES (217, 'save', 0, '903810277', NULL, '2015-03-17 18:34:24', 168, 'SAVE');
INSERT INTO pay_log (pay_log_id, pay_type, amount, code, token_id, paid_at, payment_group_id, status) VALUES (218, 'verify', 0, '903810277', NULL, '2015-03-17 18:34:24', 168, 'OK');
INSERT INTO pay_log (pay_log_id, pay_type, amount, code, token_id, paid_at, payment_group_id, status) VALUES (219, 'save', 0, '139202300', NULL, '2015-03-17 18:34:31', 169, 'SAVE');
INSERT INTO pay_log (pay_log_id, pay_type, amount, code, token_id, paid_at, payment_group_id, status) VALUES (220, 'verify', 0, '139202300', NULL, '2015-03-17 18:34:31', 169, 'OK');
INSERT INTO pay_log (pay_log_id, pay_type, amount, code, token_id, paid_at, payment_group_id, status) VALUES (221, 'save', 0, '274594323', NULL, '2015-03-17 18:34:39', 170, 'SAVE');
INSERT INTO pay_log (pay_log_id, pay_type, amount, code, token_id, paid_at, payment_group_id, status) VALUES (222, 'verify', 0, '274594323', NULL, '2015-03-17 18:34:39', 170, 'OK');
INSERT INTO pay_log (pay_log_id, pay_type, amount, code, token_id, paid_at, payment_group_id, status) VALUES (223, 'save', 0, '409986346', NULL, '2015-03-17 18:34:46', 171, 'SAVE');
INSERT INTO pay_log (pay_log_id, pay_type, amount, code, token_id, paid_at, payment_group_id, status) VALUES (224, 'verify', 0, '409986346', NULL, '2015-03-17 18:34:46', 171, 'OK');
INSERT INTO pay_log (pay_log_id, pay_type, amount, code, token_id, paid_at, payment_group_id, status) VALUES (225, 'save', 0, '545378369', NULL, '2015-03-17 18:34:54', 172, 'SAVE');
INSERT INTO pay_log (pay_log_id, pay_type, amount, code, token_id, paid_at, payment_group_id, status) VALUES (226, 'verify', 0, '545378369', NULL, '2015-03-17 18:34:54', 172, 'OK');
INSERT INTO pay_log (pay_log_id, pay_type, amount, code, token_id, paid_at, payment_group_id, status) VALUES (227, 'save', 0, '680770392', NULL, '2015-03-17 18:37:42', 173, 'SAVE');
INSERT INTO pay_log (pay_log_id, pay_type, amount, code, token_id, paid_at, payment_group_id, status) VALUES (228, 'verify', 0, '680770392', NULL, '2015-03-17 18:37:42', 173, 'OK');
INSERT INTO pay_log (pay_log_id, pay_type, amount, code, token_id, paid_at, payment_group_id, status) VALUES (229, 'save', 0, '816162415', NULL, '2015-03-17 18:39:35', 174, 'SAVE');
INSERT INTO pay_log (pay_log_id, pay_type, amount, code, token_id, paid_at, payment_group_id, status) VALUES (230, 'verify', 0, '816162415', NULL, '2015-03-17 18:39:35', 174, 'OK');
INSERT INTO pay_log (pay_log_id, pay_type, amount, code, token_id, paid_at, payment_group_id, status) VALUES (231, 'save', 0, '12345', NULL, '2015-03-17 18:40:56', 175, 'SAVE');
INSERT INTO pay_log (pay_log_id, pay_type, amount, code, token_id, paid_at, payment_group_id, status) VALUES (232, 'paycard_save', 0, '12345', NULL, '2015-03-17 18:40:59', 175, 'SAVE');
INSERT INTO pay_log (pay_log_id, pay_type, amount, code, token_id, paid_at, payment_group_id, status) VALUES (233, 'paycard', 23000, '12345', NULL, '2015-03-17 18:40:59', 175, 'OK');
INSERT INTO pay_log (pay_log_id, pay_type, amount, code, token_id, paid_at, payment_group_id, status) VALUES (234, 'save', 0, '951554438', NULL, '2015-03-17 18:58:14', 176, 'SAVE');
INSERT INTO pay_log (pay_log_id, pay_type, amount, code, token_id, paid_at, payment_group_id, status) VALUES (235, 'verify', 0, '951554438', NULL, '2015-03-17 18:58:14', 176, 'OK');
INSERT INTO pay_log (pay_log_id, pay_type, amount, code, token_id, paid_at, payment_group_id, status) VALUES (236, 'save', 0, '186946461', NULL, '2015-03-17 18:58:35', 177, 'SAVE');
INSERT INTO pay_log (pay_log_id, pay_type, amount, code, token_id, paid_at, payment_group_id, status) VALUES (237, 'verify', 0, '186946461', NULL, '2015-03-17 18:58:35', 177, 'OK');
INSERT INTO pay_log (pay_log_id, pay_type, amount, code, token_id, paid_at, payment_group_id, status) VALUES (238, 'save', 0, '322338484', NULL, '2015-03-17 18:58:36', 178, 'SAVE');
INSERT INTO pay_log (pay_log_id, pay_type, amount, code, token_id, paid_at, payment_group_id, status) VALUES (239, 'verify', 0, '322338484', NULL, '2015-03-17 18:58:36', 178, 'OK');
INSERT INTO pay_log (pay_log_id, pay_type, amount, code, token_id, paid_at, payment_group_id, status) VALUES (240, 'save', 0, '457730507', NULL, '2015-03-17 18:58:38', 179, 'SAVE');
INSERT INTO pay_log (pay_log_id, pay_type, amount, code, token_id, paid_at, payment_group_id, status) VALUES (241, 'verify', 0, '457730507', NULL, '2015-03-17 18:58:38', 179, 'OK');
INSERT INTO pay_log (pay_log_id, pay_type, amount, code, token_id, paid_at, payment_group_id, status) VALUES (242, 'save', 0, '593122530', NULL, '2015-03-17 18:58:40', 180, 'SAVE');
INSERT INTO pay_log (pay_log_id, pay_type, amount, code, token_id, paid_at, payment_group_id, status) VALUES (243, 'verify', 0, '593122530', NULL, '2015-03-17 18:58:40', 180, 'OK');
INSERT INTO pay_log (pay_log_id, pay_type, amount, code, token_id, paid_at, payment_group_id, status) VALUES (244, 'save', 0, '728514553', NULL, '2015-03-17 19:02:05', 181, 'SAVE');
INSERT INTO pay_log (pay_log_id, pay_type, amount, code, token_id, paid_at, payment_group_id, status) VALUES (245, 'verify', 0, '728514553', NULL, '2015-03-17 19:02:05', 181, 'OK');
INSERT INTO pay_log (pay_log_id, pay_type, amount, code, token_id, paid_at, payment_group_id, status) VALUES (246, 'save', 0, '863906576', NULL, '2015-03-17 19:03:10', 182, 'SAVE');
INSERT INTO pay_log (pay_log_id, pay_type, amount, code, token_id, paid_at, payment_group_id, status) VALUES (247, 'verify', 0, '863906576', NULL, '2015-03-17 19:03:10', 182, 'OK');
INSERT INTO pay_log (pay_log_id, pay_type, amount, code, token_id, paid_at, payment_group_id, status) VALUES (248, 'save', 0, '999298599', NULL, '2015-03-17 19:03:16', 183, 'SAVE');
INSERT INTO pay_log (pay_log_id, pay_type, amount, code, token_id, paid_at, payment_group_id, status) VALUES (249, 'verify', 0, '999298599', NULL, '2015-03-17 19:03:16', 183, 'OK');
INSERT INTO pay_log (pay_log_id, pay_type, amount, code, token_id, paid_at, payment_group_id, status) VALUES (250, 'save', 0, '234690622', NULL, '2015-03-17 19:03:22', 184, 'SAVE');
INSERT INTO pay_log (pay_log_id, pay_type, amount, code, token_id, paid_at, payment_group_id, status) VALUES (251, 'verify', 0, '234690622', NULL, '2015-03-17 19:03:22', 184, 'OK');
INSERT INTO pay_log (pay_log_id, pay_type, amount, code, token_id, paid_at, payment_group_id, status) VALUES (252, 'save', 0, '370082645', NULL, '2015-03-17 19:03:29', 185, 'SAVE');
INSERT INTO pay_log (pay_log_id, pay_type, amount, code, token_id, paid_at, payment_group_id, status) VALUES (253, 'verify', 0, '370082645', NULL, '2015-03-17 19:03:29', 185, 'OK');
INSERT INTO pay_log (pay_log_id, pay_type, amount, code, token_id, paid_at, payment_group_id, status) VALUES (254, 'save', 0, '505474668', NULL, '2015-03-17 19:03:35', 186, 'SAVE');
INSERT INTO pay_log (pay_log_id, pay_type, amount, code, token_id, paid_at, payment_group_id, status) VALUES (255, 'verify', 0, '505474668', NULL, '2015-03-17 19:03:35', 186, 'OK');
INSERT INTO pay_log (pay_log_id, pay_type, amount, code, token_id, paid_at, payment_group_id, status) VALUES (256, 'save', 0, '65432', NULL, '2015-03-18 10:31:59', 187, 'SAVE');
INSERT INTO pay_log (pay_log_id, pay_type, amount, code, token_id, paid_at, payment_group_id, status) VALUES (257, 'paycard_save', 0, '65432', NULL, '2015-03-18 10:32:02', 187, 'SAVE');
INSERT INTO pay_log (pay_log_id, pay_type, amount, code, token_id, paid_at, payment_group_id, status) VALUES (258, 'paycard', 2300, '00187a', NULL, '2015-03-18 10:32:02', 187, 'OK');
INSERT INTO pay_log (pay_log_id, pay_type, amount, code, token_id, paid_at, payment_group_id, status) VALUES (259, 'paycard', 2300, '65432', NULL, '2015-03-18 10:32:03', 187, 'OK');
INSERT INTO pay_log (pay_log_id, pay_type, amount, code, token_id, paid_at, payment_group_id, status) VALUES (260, 'save', 0, '32323', NULL, '2015-03-18 10:34:06', 188, 'SAVE');
INSERT INTO pay_log (pay_log_id, pay_type, amount, code, token_id, paid_at, payment_group_id, status) VALUES (261, 'paycard_save', 0, '32323', NULL, '2015-03-18 10:34:51', 188, 'SAVE');
INSERT INTO pay_log (pay_log_id, pay_type, amount, code, token_id, paid_at, payment_group_id, status) VALUES (262, 'paycard', 459000, '32323', NULL, '2015-03-18 10:34:52', 188, 'OK');
INSERT INTO pay_log (pay_log_id, pay_type, amount, code, token_id, paid_at, payment_group_id, status) VALUES (263, 'save', 0, '640866691', NULL, '2015-03-18 10:53:56', 189, 'SAVE');
INSERT INTO pay_log (pay_log_id, pay_type, amount, code, token_id, paid_at, payment_group_id, status) VALUES (264, 'verify', 0, '640866691', NULL, '2015-03-18 10:53:56', 189, 'OK');
INSERT INTO pay_log (pay_log_id, pay_type, amount, code, token_id, paid_at, payment_group_id, status) VALUES (363, 'save', 0, '540866691', NULL, '2015-03-18 10:53:56', 289, 'SAVE');
INSERT INTO pay_log (pay_log_id, pay_type, amount, code, token_id, paid_at, payment_group_id, status) VALUES (364, 'verify', 0, '540866691', NULL, '2015-03-18 10:53:56', 289, 'OK');
INSERT INTO pay_log (pay_log_id, pay_type, amount, code, token_id, paid_at, payment_group_id, status) VALUES (265, 'save', 0, '776258714', NULL, '2015-03-18 11:00:47', 190, 'SAVE');
INSERT INTO pay_log (pay_log_id, pay_type, amount, code, token_id, paid_at, payment_group_id, status) VALUES (266, 'verify', 0, '776258714', NULL, '2015-03-18 11:00:47', 190, 'OK');
INSERT INTO pay_log (pay_log_id, pay_type, amount, code, token_id, paid_at, payment_group_id, status) VALUES (267, 'save', 0, '911650737', NULL, '2015-03-18 11:03:40', 191, 'SAVE');
INSERT INTO pay_log (pay_log_id, pay_type, amount, code, token_id, paid_at, payment_group_id, status) VALUES (268, 'verify', 0, '911650737', NULL, '2015-03-18 11:03:40', 191, 'OK');
SELECT pg_catalog.setval('pay_log_pay_log_id_seq', 268, true);
INSERT INTO pay_log_references (pay_log_id, ref_num, ref_type, reference) VALUES (213, 0, 'adphone', '12312312');
INSERT INTO pay_log_references (pay_log_id, ref_num, ref_type, reference) VALUES (213, 1, 'remote_addr', '10.0.1.101');
INSERT INTO pay_log_references (pay_log_id, ref_num, ref_type, reference) VALUES (214, 0, 'remote_addr', '10.0.1.101');
INSERT INTO pay_log_references (pay_log_id, ref_num, ref_type, reference) VALUES (215, 0, 'adphone', '1231231');
INSERT INTO pay_log_references (pay_log_id, ref_num, ref_type, reference) VALUES (215, 1, 'remote_addr', '10.0.1.101');
INSERT INTO pay_log_references (pay_log_id, ref_num, ref_type, reference) VALUES (216, 0, 'remote_addr', '10.0.1.101');
INSERT INTO pay_log_references (pay_log_id, ref_num, ref_type, reference) VALUES (217, 0, 'adphone', '1231231');
INSERT INTO pay_log_references (pay_log_id, ref_num, ref_type, reference) VALUES (217, 1, 'remote_addr', '10.0.1.101');
INSERT INTO pay_log_references (pay_log_id, ref_num, ref_type, reference) VALUES (218, 0, 'remote_addr', '10.0.1.101');
INSERT INTO pay_log_references (pay_log_id, ref_num, ref_type, reference) VALUES (219, 0, 'adphone', '1231231');
INSERT INTO pay_log_references (pay_log_id, ref_num, ref_type, reference) VALUES (219, 1, 'remote_addr', '10.0.1.101');
INSERT INTO pay_log_references (pay_log_id, ref_num, ref_type, reference) VALUES (220, 0, 'remote_addr', '10.0.1.101');
INSERT INTO pay_log_references (pay_log_id, ref_num, ref_type, reference) VALUES (221, 0, 'adphone', '1231231');
INSERT INTO pay_log_references (pay_log_id, ref_num, ref_type, reference) VALUES (221, 1, 'remote_addr', '10.0.1.101');
INSERT INTO pay_log_references (pay_log_id, ref_num, ref_type, reference) VALUES (222, 0, 'remote_addr', '10.0.1.101');
INSERT INTO pay_log_references (pay_log_id, ref_num, ref_type, reference) VALUES (223, 0, 'adphone', '1231231');
INSERT INTO pay_log_references (pay_log_id, ref_num, ref_type, reference) VALUES (223, 1, 'remote_addr', '10.0.1.101');
INSERT INTO pay_log_references (pay_log_id, ref_num, ref_type, reference) VALUES (224, 0, 'remote_addr', '10.0.1.101');
INSERT INTO pay_log_references (pay_log_id, ref_num, ref_type, reference) VALUES (225, 0, 'adphone', '1231231');
INSERT INTO pay_log_references (pay_log_id, ref_num, ref_type, reference) VALUES (225, 1, 'remote_addr', '10.0.1.101');
INSERT INTO pay_log_references (pay_log_id, ref_num, ref_type, reference) VALUES (226, 0, 'remote_addr', '10.0.1.101');
INSERT INTO pay_log_references (pay_log_id, ref_num, ref_type, reference) VALUES (227, 0, 'adphone', '1231231');
INSERT INTO pay_log_references (pay_log_id, ref_num, ref_type, reference) VALUES (227, 1, 'remote_addr', '10.0.1.101');
INSERT INTO pay_log_references (pay_log_id, ref_num, ref_type, reference) VALUES (228, 0, 'remote_addr', '10.0.1.101');
INSERT INTO pay_log_references (pay_log_id, ref_num, ref_type, reference) VALUES (229, 0, 'adphone', '1231231');
INSERT INTO pay_log_references (pay_log_id, ref_num, ref_type, reference) VALUES (229, 1, 'remote_addr', '10.0.1.101');
INSERT INTO pay_log_references (pay_log_id, ref_num, ref_type, reference) VALUES (230, 0, 'remote_addr', '10.0.1.101');
INSERT INTO pay_log_references (pay_log_id, ref_num, ref_type, reference) VALUES (231, 0, 'remote_addr', '10.0.1.101');
INSERT INTO pay_log_references (pay_log_id, ref_num, ref_type, reference) VALUES (232, 0, 'auth_code', '973304');
INSERT INTO pay_log_references (pay_log_id, ref_num, ref_type, reference) VALUES (232, 1, 'trans_date', '17/03/2015 18:40:58');
INSERT INTO pay_log_references (pay_log_id, ref_num, ref_type, reference) VALUES (232, 2, 'placements_type', 'VN');
INSERT INTO pay_log_references (pay_log_id, ref_num, ref_type, reference) VALUES (232, 3, 'placements_number', '1');
INSERT INTO pay_log_references (pay_log_id, ref_num, ref_type, reference) VALUES (232, 4, 'pay_type', 'credit');
INSERT INTO pay_log_references (pay_log_id, ref_num, ref_type, reference) VALUES (232, 5, 'external_response', '0');
INSERT INTO pay_log_references (pay_log_id, ref_num, ref_type, reference) VALUES (232, 6, 'external_id', '09111193275834448647');
INSERT INTO pay_log_references (pay_log_id, ref_num, ref_type, reference) VALUES (232, 7, 'remote_addr', '10.0.1.208');
INSERT INTO pay_log_references (pay_log_id, ref_num, ref_type, reference) VALUES (234, 0, 'adphone', '26437660');
INSERT INTO pay_log_references (pay_log_id, ref_num, ref_type, reference) VALUES (234, 1, 'remote_addr', '10.0.1.101');
INSERT INTO pay_log_references (pay_log_id, ref_num, ref_type, reference) VALUES (235, 0, 'remote_addr', '10.0.1.101');
INSERT INTO pay_log_references (pay_log_id, ref_num, ref_type, reference) VALUES (236, 0, 'adphone', '26437660');
INSERT INTO pay_log_references (pay_log_id, ref_num, ref_type, reference) VALUES (236, 1, 'remote_addr', '10.0.1.101');
INSERT INTO pay_log_references (pay_log_id, ref_num, ref_type, reference) VALUES (237, 0, 'remote_addr', '10.0.1.101');
INSERT INTO pay_log_references (pay_log_id, ref_num, ref_type, reference) VALUES (238, 0, 'adphone', '26437660');
INSERT INTO pay_log_references (pay_log_id, ref_num, ref_type, reference) VALUES (238, 1, 'remote_addr', '10.0.1.101');
INSERT INTO pay_log_references (pay_log_id, ref_num, ref_type, reference) VALUES (239, 0, 'remote_addr', '10.0.1.101');
INSERT INTO pay_log_references (pay_log_id, ref_num, ref_type, reference) VALUES (240, 0, 'adphone', '26437660');
INSERT INTO pay_log_references (pay_log_id, ref_num, ref_type, reference) VALUES (240, 1, 'remote_addr', '10.0.1.101');
INSERT INTO pay_log_references (pay_log_id, ref_num, ref_type, reference) VALUES (241, 0, 'remote_addr', '10.0.1.101');
INSERT INTO pay_log_references (pay_log_id, ref_num, ref_type, reference) VALUES (242, 0, 'adphone', '26437660');
INSERT INTO pay_log_references (pay_log_id, ref_num, ref_type, reference) VALUES (242, 1, 'remote_addr', '10.0.1.101');
INSERT INTO pay_log_references (pay_log_id, ref_num, ref_type, reference) VALUES (243, 0, 'remote_addr', '10.0.1.101');
INSERT INTO pay_log_references (pay_log_id, ref_num, ref_type, reference) VALUES (244, 0, 'adphone', '26437660');
INSERT INTO pay_log_references (pay_log_id, ref_num, ref_type, reference) VALUES (244, 1, 'remote_addr', '10.0.1.101');
INSERT INTO pay_log_references (pay_log_id, ref_num, ref_type, reference) VALUES (245, 0, 'remote_addr', '10.0.1.101');
INSERT INTO pay_log_references (pay_log_id, ref_num, ref_type, reference) VALUES (246, 0, 'adphone', '26437660');
INSERT INTO pay_log_references (pay_log_id, ref_num, ref_type, reference) VALUES (246, 1, 'remote_addr', '10.0.1.101');
INSERT INTO pay_log_references (pay_log_id, ref_num, ref_type, reference) VALUES (247, 0, 'remote_addr', '10.0.1.101');
INSERT INTO pay_log_references (pay_log_id, ref_num, ref_type, reference) VALUES (248, 0, 'adphone', '26437660');
INSERT INTO pay_log_references (pay_log_id, ref_num, ref_type, reference) VALUES (248, 1, 'remote_addr', '10.0.1.101');
INSERT INTO pay_log_references (pay_log_id, ref_num, ref_type, reference) VALUES (249, 0, 'remote_addr', '10.0.1.101');
INSERT INTO pay_log_references (pay_log_id, ref_num, ref_type, reference) VALUES (250, 0, 'adphone', '26437660');
INSERT INTO pay_log_references (pay_log_id, ref_num, ref_type, reference) VALUES (250, 1, 'remote_addr', '10.0.1.101');
INSERT INTO pay_log_references (pay_log_id, ref_num, ref_type, reference) VALUES (251, 0, 'remote_addr', '10.0.1.101');
INSERT INTO pay_log_references (pay_log_id, ref_num, ref_type, reference) VALUES (252, 0, 'adphone', '26437660');
INSERT INTO pay_log_references (pay_log_id, ref_num, ref_type, reference) VALUES (252, 1, 'remote_addr', '10.0.1.101');
INSERT INTO pay_log_references (pay_log_id, ref_num, ref_type, reference) VALUES (253, 0, 'remote_addr', '10.0.1.101');
INSERT INTO pay_log_references (pay_log_id, ref_num, ref_type, reference) VALUES (254, 0, 'adphone', '26437660');
INSERT INTO pay_log_references (pay_log_id, ref_num, ref_type, reference) VALUES (254, 1, 'remote_addr', '10.0.1.101');
INSERT INTO pay_log_references (pay_log_id, ref_num, ref_type, reference) VALUES (255, 0, 'remote_addr', '10.0.1.101');
INSERT INTO pay_log_references (pay_log_id, ref_num, ref_type, reference) VALUES (256, 0, 'remote_addr', '10.0.1.101');
INSERT INTO pay_log_references (pay_log_id, ref_num, ref_type, reference) VALUES (257, 0, 'auth_code', '346040');
INSERT INTO pay_log_references (pay_log_id, ref_num, ref_type, reference) VALUES (257, 1, 'trans_date', '18/03/2015 10:32:01');
INSERT INTO pay_log_references (pay_log_id, ref_num, ref_type, reference) VALUES (257, 2, 'placements_type', 'VN');
INSERT INTO pay_log_references (pay_log_id, ref_num, ref_type, reference) VALUES (257, 3, 'placements_number', '1');
INSERT INTO pay_log_references (pay_log_id, ref_num, ref_type, reference) VALUES (257, 4, 'pay_type', 'credit');
INSERT INTO pay_log_references (pay_log_id, ref_num, ref_type, reference) VALUES (257, 5, 'external_response', '0');
INSERT INTO pay_log_references (pay_log_id, ref_num, ref_type, reference) VALUES (257, 6, 'external_id', '70085627576208484539');
INSERT INTO pay_log_references (pay_log_id, ref_num, ref_type, reference) VALUES (257, 7, 'remote_addr', '10.0.1.208');
INSERT INTO pay_log_references (pay_log_id, ref_num, ref_type, reference) VALUES (258, 0, 'webpay', '1');
INSERT INTO pay_log_references (pay_log_id, ref_num, ref_type, reference) VALUES (260, 0, 'remote_addr', '10.0.1.101');
INSERT INTO pay_log_references (pay_log_id, ref_num, ref_type, reference) VALUES (261, 0, 'auth_code', '876756');
INSERT INTO pay_log_references (pay_log_id, ref_num, ref_type, reference) VALUES (261, 1, 'trans_date', '18/03/2015 10:34:51');
INSERT INTO pay_log_references (pay_log_id, ref_num, ref_type, reference) VALUES (261, 2, 'placements_type', 'VN');
INSERT INTO pay_log_references (pay_log_id, ref_num, ref_type, reference) VALUES (261, 3, 'placements_number', '1');
INSERT INTO pay_log_references (pay_log_id, ref_num, ref_type, reference) VALUES (261, 4, 'pay_type', 'credit');
INSERT INTO pay_log_references (pay_log_id, ref_num, ref_type, reference) VALUES (261, 5, 'external_response', '0');
INSERT INTO pay_log_references (pay_log_id, ref_num, ref_type, reference) VALUES (261, 6, 'external_id', '78198268545645264823');
INSERT INTO pay_log_references (pay_log_id, ref_num, ref_type, reference) VALUES (261, 7, 'remote_addr', '10.0.1.208');
INSERT INTO pay_log_references (pay_log_id, ref_num, ref_type, reference) VALUES (263, 0, 'adphone', '1231231');
INSERT INTO pay_log_references (pay_log_id, ref_num, ref_type, reference) VALUES (263, 1, 'remote_addr', '10.0.1.101');
INSERT INTO pay_log_references (pay_log_id, ref_num, ref_type, reference) VALUES (264, 0, 'remote_addr', '10.0.1.101');
INSERT INTO pay_log_references (pay_log_id, ref_num, ref_type, reference) VALUES (265, 0, 'adphone', '1231231');
INSERT INTO pay_log_references (pay_log_id, ref_num, ref_type, reference) VALUES (265, 1, 'remote_addr', '10.0.1.101');
INSERT INTO pay_log_references (pay_log_id, ref_num, ref_type, reference) VALUES (266, 0, 'remote_addr', '10.0.1.101');
INSERT INTO pay_log_references (pay_log_id, ref_num, ref_type, reference) VALUES (267, 0, 'adphone', '1231231');
INSERT INTO pay_log_references (pay_log_id, ref_num, ref_type, reference) VALUES (267, 1, 'remote_addr', '10.0.1.101');
INSERT INTO pay_log_references (pay_log_id, ref_num, ref_type, reference) VALUES (268, 0, 'remote_addr', '10.0.1.101');
SELECT pg_catalog.setval('payment_groups_payment_group_id_seq', 191, true);
INSERT INTO payments (payment_group_id, payment_type, pay_amount, discount) VALUES (166, 'ad_action', 0, 0);
INSERT INTO payments (payment_group_id, payment_type, pay_amount, discount) VALUES (167, 'ad_action', 0, 0);
INSERT INTO payments (payment_group_id, payment_type, pay_amount, discount) VALUES (168, 'ad_action', 0, 0);
INSERT INTO payments (payment_group_id, payment_type, pay_amount, discount) VALUES (169, 'ad_action', 0, 0);
INSERT INTO payments (payment_group_id, payment_type, pay_amount, discount) VALUES (170, 'ad_action', 0, 0);
INSERT INTO payments (payment_group_id, payment_type, pay_amount, discount) VALUES (171, 'ad_action', 0, 0);
INSERT INTO payments (payment_group_id, payment_type, pay_amount, discount) VALUES (172, 'ad_action', 0, 0);
INSERT INTO payments (payment_group_id, payment_type, pay_amount, discount) VALUES (173, 'ad_action', 0, 0);
INSERT INTO payments (payment_group_id, payment_type, pay_amount, discount) VALUES (174, 'ad_action', 0, 0);
INSERT INTO payments (payment_group_id, payment_type, pay_amount, discount) VALUES (175, 'PCAR_010_1', 23000, 0);
INSERT INTO payments (payment_group_id, payment_type, pay_amount, discount) VALUES (176, 'ad_action', 0, 0);
INSERT INTO payments (payment_group_id, payment_type, pay_amount, discount) VALUES (177, 'ad_action', 0, 0);
INSERT INTO payments (payment_group_id, payment_type, pay_amount, discount) VALUES (178, 'ad_action', 0, 0);
INSERT INTO payments (payment_group_id, payment_type, pay_amount, discount) VALUES (179, 'ad_action', 0, 0);
INSERT INTO payments (payment_group_id, payment_type, pay_amount, discount) VALUES (180, 'ad_action', 0, 0);
INSERT INTO payments (payment_group_id, payment_type, pay_amount, discount) VALUES (181, 'ad_action', 0, 0);
INSERT INTO payments (payment_group_id, payment_type, pay_amount, discount) VALUES (182, 'ad_action', 0, 0);
INSERT INTO payments (payment_group_id, payment_type, pay_amount, discount) VALUES (183, 'ad_action', 0, 0);
INSERT INTO payments (payment_group_id, payment_type, pay_amount, discount) VALUES (184, 'ad_action', 0, 0);
INSERT INTO payments (payment_group_id, payment_type, pay_amount, discount) VALUES (185, 'ad_action', 0, 0);
INSERT INTO payments (payment_group_id, payment_type, pay_amount, discount) VALUES (186, 'ad_action', 0, 0);
INSERT INTO payments (payment_group_id, payment_type, pay_amount, discount) VALUES (187, 'bump', 2300, 0);
INSERT INTO payments (payment_group_id, payment_type, pay_amount, discount) VALUES (188, 'PCAR_020_4', 459000, 0);
INSERT INTO payments (payment_group_id, payment_type, pay_amount, discount) VALUES (189, 'ad_action', 0, 0);
INSERT INTO payments (payment_group_id, payment_type, pay_amount, discount) VALUES (190, 'ad_action', 0, 0);
INSERT INTO payments (payment_group_id, payment_type, pay_amount, discount) VALUES (191, 'ad_action', 0, 0);
INSERT INTO purchase (purchase_id, doc_type, doc_num, external_doc_id, status, receipt, delivery, rut, name, lob, address, region, communes, contact, email, tax, discount, seller_id, total_price, payment_group_id, payment_method, account_id) VALUES (2, 'bill', NULL, NULL, 'paid', '2015-03-17 18:40:55.515085', NULL, NULL, NULL, NULL, NULL, NULL, NULL, NULL, 'dany@schibsted.cl', 0, 0, NULL, 23000, 175, 'webpay', 8);
INSERT INTO purchase (purchase_id, doc_type, doc_num, external_doc_id, status, receipt, delivery, rut, name, lob, address, region, communes, contact, email, tax, discount, seller_id, total_price, payment_group_id, payment_method, account_id) VALUES (3, 'bill', NULL, NULL, 'paid', '2015-03-18 10:31:59.340273', NULL, NULL, NULL, NULL, NULL, NULL, NULL, NULL, 'prepaid5@blocket.se', 0, 0, NULL, 2300, 187, 'webpay', NULL);
INSERT INTO purchase (purchase_id, doc_type, doc_num, external_doc_id, status, receipt, delivery, rut, name, lob, address, region, communes, contact, email, tax, discount, seller_id, total_price, payment_group_id, payment_method, account_id) VALUES (4, 'bill', NULL, NULL, 'paid', '2015-03-18 10:34:06.310391', NULL, NULL, NULL, NULL, NULL, NULL, NULL, NULL, 'prepaid3@blocket.se', 0, 0, NULL, 459000, 188, 'webpay', 5);
INSERT INTO purchase_detail (purchase_detail_id, purchase_id, product_id, price, action_id, ad_id, payment_group_id) VALUES (2, 2, 11010, 23000, NULL, NULL, 175);
INSERT INTO purchase_detail (purchase_detail_id, purchase_id, product_id, price, action_id, ad_id, payment_group_id) VALUES (3, 3, 1, 2300, 2, 135, 187);
INSERT INTO purchase_detail (purchase_detail_id, purchase_id, product_id, price, action_id, ad_id, payment_group_id) VALUES (4, 4, 14020, 459000, NULL, NULL, 188);
SELECT pg_catalog.setval('purchase_detail_purchase_detail_id_seq', 4, true);
SELECT pg_catalog.setval('purchase_purchase_id_seq', 4, true);
INSERT INTO purchase_states (purchase_id, purchase_state_id, status, "timestamp", remote_addr) VALUES (2, 1, 'pending', '2015-03-17 18:40:55.515085', '10.0.1.101');
INSERT INTO purchase_states (purchase_id, purchase_state_id, status, "timestamp", remote_addr) VALUES (3, 2, 'pending', '2015-03-18 10:31:59.340273', '10.0.1.101');
INSERT INTO purchase_states (purchase_id, purchase_state_id, status, "timestamp", remote_addr) VALUES (4, 3, 'pending', '2015-03-18 10:34:06.310391', '10.0.1.101');
SELECT pg_catalog.setval('purchase_states_purchase_state_id_seq', 3, true);
INSERT INTO review_log (ad_id, action_id, admin_id, review_time, queue, action_type, action, refusal_reason_text, category) VALUES (126, 1, 9, '2015-03-17 17:55:09.536773', 'pack', 'new', 'accepted', NULL, 2020);
INSERT INTO review_log (ad_id, action_id, admin_id, review_time, queue, action_type, action, refusal_reason_text, category) VALUES (127, 1, 9, '2015-03-17 18:31:59.098457', 'pack', 'new', 'accepted', NULL, 2020);
INSERT INTO review_log (ad_id, action_id, admin_id, review_time, queue, action_type, action, refusal_reason_text, category) VALUES (132, 1, 9, '2015-03-17 18:36:07.660889', 'all', 'new', 'accepted', NULL, 2020);
INSERT INTO review_log (ad_id, action_id, admin_id, review_time, queue, action_type, action, refusal_reason_text, category) VALUES (131, 1, 9, '2015-03-17 18:36:14.933136', 'all', 'new', 'accepted', NULL, 2020);
INSERT INTO review_log (ad_id, action_id, admin_id, review_time, queue, action_type, action, refusal_reason_text, category) VALUES (130, 1, 9, '2015-03-17 18:36:21.916126', 'all', 'new', 'accepted', NULL, 2020);
INSERT INTO review_log (ad_id, action_id, admin_id, review_time, queue, action_type, action, refusal_reason_text, category) VALUES (129, 1, 9, '2015-03-17 18:36:28.707654', 'all', 'new', 'accepted', NULL, 2020);
INSERT INTO review_log (ad_id, action_id, admin_id, review_time, queue, action_type, action, refusal_reason_text, category) VALUES (128, 1, 9, '2015-03-17 18:36:36.347505', 'all', 'new', 'accepted', NULL, 2020);
INSERT INTO review_log (ad_id, action_id, admin_id, review_time, queue, action_type, action, refusal_reason_text, category) VALUES (133, 1, 9, '2015-03-17 18:38:11.413803', 'all', 'new', 'accepted', NULL, 2020);
INSERT INTO review_log (ad_id, action_id, admin_id, review_time, queue, action_type, action, refusal_reason_text, category) VALUES (139, 1, 9, '2015-03-17 18:59:07.263059', 'all', 'new', 'accepted', NULL, 1020);
INSERT INTO review_log (ad_id, action_id, admin_id, review_time, queue, action_type, action, refusal_reason_text, category) VALUES (138, 1, 9, '2015-03-17 18:59:14.588816', 'all', 'new', 'accepted', NULL, 1020);
INSERT INTO review_log (ad_id, action_id, admin_id, review_time, queue, action_type, action, refusal_reason_text, category) VALUES (137, 1, 9, '2015-03-17 19:00:18.840141', 'all', 'new', 'accepted', NULL, 1020);
INSERT INTO review_log (ad_id, action_id, admin_id, review_time, queue, action_type, action, refusal_reason_text, category) VALUES (136, 1, 9, '2015-03-17 19:00:25.469634', 'all', 'new', 'accepted', NULL, 1020);
INSERT INTO review_log (ad_id, action_id, admin_id, review_time, queue, action_type, action, refusal_reason_text, category) VALUES (135, 1, 9, '2015-03-17 19:01:15.499015', 'all', 'new', 'accepted', NULL, 1020);
INSERT INTO review_log (ad_id, action_id, admin_id, review_time, queue, action_type, action, refusal_reason_text, category) VALUES (101, 1, 9, '2015-03-18 10:58:01.433475', 'normal', 'new', 'accepted', NULL, 8020);
INSERT INTO review_log (ad_id, action_id, admin_id, review_time, queue, action_type, action, refusal_reason_text, category) VALUES (102, 1, 9, '2015-03-18 10:58:08.443876', 'normal', 'new', 'refused', 'Propiedad intelectual', 8020);
INSERT INTO review_log (ad_id, action_id, admin_id, review_time, queue, action_type, action, refusal_reason_text, category) VALUES (147, 1, 9, '2015-03-18 11:01:26.528281', 'all', 'new', 'accepted', NULL, 5020);
SELECT pg_catalog.setval('tokens_token_id_seq', 883, true);
SELECT pg_catalog.setval('trans_queue_id_seq', 117, true);
INSERT INTO user_params (user_id, name, value) VALUES (59, 'first_approved_ad', '2015-03-17 18:36:07.660889-03');
INSERT INTO user_params (user_id, name, value) VALUES (59, 'first_inserted_ad', '2015-03-17 18:36:07.660889-03');
SELECT pg_catalog.setval('users_user_id_seq', 59, true);
INSERT INTO ad_params VALUES (130, 'communes', '302');
INSERT INTO ad_params VALUES (126, 'communes', '229');
INSERT INTO ad_params VALUES (129, 'communes', '330');
INSERT INTO ad_params VALUES (128, 'communes', '327');
INSERT INTO ad_params VALUES (133, 'communes', '317');
INSERT INTO ad_params VALUES (132, 'communes', '306');
INSERT INTO ad_params VALUES (131, 'communes', '325');
INSERT INTO ad_params VALUES (134, 'communes', '335');
INSERT INTO ad_params VALUES (141, 'communes', '337');
INSERT INTO ad_params VALUES (142, 'communes', '325');
INSERT INTO ad_params VALUES (143, 'communes', '336');
INSERT INTO ad_params VALUES (144, 'communes', '312');
INSERT INTO ad_params VALUES (145, 'communes', '307');
INSERT INTO ad_params VALUES (146, 'communes', '216');

--Migrate inmo ads
select * from bpv.migrate_ads_inmo();

--Change all passwords to 123123123
--The changes for ads were moved to the BOF after insert ads
update accounts set salted_passwd =  E'$1024$2y1bQ}VYRD}zF4QCbf07a971b784888658a20e62156de64dfde5ffb6';
