INSERT INTO users (user_id, uid, email, account, paid_total) VALUES (62, 5, 'ups_wg@yapo.cl', 0, 0);
INSERT INTO users (user_id, uid, email, account, paid_total) VALUES (61, 5, 'ups_wwb@yapo.cl', 0, 2700);
INSERT INTO users (user_id, uid, email, account, paid_total) VALUES (60, 5, 'ups_wdb@yapo.cl', 0, 4500);
INSERT INTO users (user_id, uid, email, account, paid_total) VALUES (59, 5, 'ups_normal@yapo.cl', 0, 4500);
INSERT INTO accounts (account_id, name, rut, email, phone, is_company, region, salted_passwd, creation_date, activation_date, status, address, contact, lob, commune, user_id) VALUES (8, 'UPS_normal', '', 'ups_normal@yapo.cl', '12312312', false, 15, '$1024$C/}W+2D-V`''q`%mN2d47c982fab5f0f6617fcb5d47797e81cffca603', '2015-07-09 16:48:11.976956', '2015-07-09 16:48:31.697249', 'active', NULL, NULL, NULL, NULL, 59);
INSERT INTO accounts (account_id, name, rut, email, phone, is_company, region, salted_passwd, creation_date, activation_date, status, address, contact, lob, commune, user_id) VALUES (9, 'ups_wdb', '', 'ups_wdb@yapo.cl', '12312312', false, 15, '$1024$DE91~QXLve:gi:_)11addebdea85a85aaffb652693f5d53bf8a432cf', '2015-07-09 16:49:06.455999', '2015-07-09 16:49:12.192461', 'active', NULL, NULL, NULL, NULL, 60);
INSERT INTO accounts (account_id, name, rut, email, phone, is_company, region, salted_passwd, creation_date, activation_date, status, address, contact, lob, commune, user_id) VALUES (10, 'ups_wwb', '', 'ups_wwb@yapo.cl', '12312312', false, 15, '$1024$c(An<")/Xd:$Ua]`0c27befbdacd50e513e4c1958d2afd2c82539a66', '2015-07-09 16:49:52.750672', '2015-07-09 16:49:58.21261', 'active', NULL, NULL, NULL, NULL, 61);
INSERT INTO accounts (account_id, name, rut, email, phone, is_company, region, salted_passwd, creation_date, activation_date, status, address, contact, lob, commune, user_id) VALUES (11, 'ups_wg', '', 'ups_wg@yapo.cl', '12312312', false, 15, '$1024$;&8- 2HpVV,N{_Iif1264a459e3846165b6a8209f9c988fe5e18476a', '2015-07-09 16:50:30.485716', '2015-07-09 16:50:35.576199', 'active', NULL, NULL, NULL, NULL, 62);
INSERT INTO tokens (token_id, token, admin_id, created_at, valid_to, remote_addr, info, store_id, email) VALUES (715, 'X559ed1de1de004510000000030fc3eea00000000', 9, '2015-07-09 16:56:13.864378', '2015-07-09 16:56:14.022755', '10.0.1.165', 'authenticate', NULL, NULL);
INSERT INTO tokens (token_id, token, admin_id, created_at, valid_to, remote_addr, info, store_id, email) VALUES (716, 'X559ed1ded55d370000000007f211c700000000', 9, '2015-07-09 16:56:14.022755', '2015-07-09 16:56:17.257571', '10.0.1.165', 'spamfilter', NULL, NULL);
INSERT INTO tokens (token_id, token, admin_id, created_at, valid_to, remote_addr, info, store_id, email) VALUES (717, 'X559ed1e15eef98390000000021ed83a900000000', 9, '2015-07-09 16:56:17.257571', '2015-07-09 16:56:24.5549', '10.0.1.165', 'listadmins', NULL, NULL);
INSERT INTO tokens (token_id, token, admin_id, created_at, valid_to, remote_addr, info, store_id, email) VALUES (718, 'X559ed1e947f6a39a0000000078d58fce00000000', 9, '2015-07-09 16:56:24.5549', '2015-07-09 16:56:24.574817', '10.0.1.165', 'listadmins', NULL, NULL);
INSERT INTO tokens (token_id, token, admin_id, created_at, valid_to, remote_addr, info, store_id, email) VALUES (719, 'X559ed1e92e00cbae0000000014c7fa9400000000', 9, '2015-07-09 16:56:24.574817', '2015-07-09 16:56:27.512428', '10.0.1.165', 'search_ads', NULL, NULL);
INSERT INTO tokens (token_id, token, admin_id, created_at, valid_to, remote_addr, info, store_id, email) VALUES (720, 'X559ed1ec4195a35b000000002607e48f00000000', 9, '2015-07-09 16:56:27.512428', '2015-07-09 16:56:27.616488', '10.0.1.165', 'adqueues', NULL, NULL);
INSERT INTO tokens (token_id, token, admin_id, created_at, valid_to, remote_addr, info, store_id, email) VALUES (721, 'X559ed1ec5965a51e00000000319edc5600000000', 9, '2015-07-09 16:56:27.616488', '2015-07-09 16:56:27.625427', '10.0.1.165', 'block_list', NULL, NULL);
INSERT INTO tokens (token_id, token, admin_id, created_at, valid_to, remote_addr, info, store_id, email) VALUES (722, 'X559ed1ec37e2865900000000257464cb00000000', 9, '2015-07-09 16:56:27.625427', '2015-07-09 16:56:27.633254', '10.0.1.165', 'block_list', NULL, NULL);
INSERT INTO tokens (token_id, token, admin_id, created_at, valid_to, remote_addr, info, store_id, email) VALUES (723, 'X559ed1ec79ff62a90000000054853fbe00000000', 9, '2015-07-09 16:56:27.633254', '2015-07-09 16:56:33.035991', '10.0.1.165', 'block_list', NULL, NULL);
INSERT INTO tokens (token_id, token, admin_id, created_at, valid_to, remote_addr, info, store_id, email) VALUES (724, 'X559ed1f11435f5b7000000006a3bdda100000000', 9, '2015-07-09 16:56:33.035991', '2015-07-09 16:58:20.724988', '10.0.1.165', 'review', NULL, NULL);
INSERT INTO tokens (token_id, token, admin_id, created_at, valid_to, remote_addr, info, store_id, email) VALUES (725, 'X559ed25d36bb5daa0000000022ed65bc00000000', 9, '2015-07-09 16:58:20.724988', '2015-07-09 16:58:20.888631', '10.0.1.165', 'spamfilter', NULL, NULL);
INSERT INTO tokens (token_id, token, admin_id, created_at, valid_to, remote_addr, info, store_id, email) VALUES (726, 'X559ed25d49d2808b000000006566f5db00000000', 9, '2015-07-09 16:58:20.888631', '2015-07-09 16:58:22.64156', '10.0.1.165', 'spamfilter', NULL, NULL);
INSERT INTO tokens (token_id, token, admin_id, created_at, valid_to, remote_addr, info, store_id, email) VALUES (727, 'X559ed25f2443d8d600000000545a49d800000000', 9, '2015-07-09 16:58:22.64156', '2015-07-09 16:58:28.359028', '10.0.1.165', 'listadmins', NULL, NULL);
INSERT INTO tokens (token_id, token, admin_id, created_at, valid_to, remote_addr, info, store_id, email) VALUES (728, 'X559ed26473ad9d9e0000000063c5f6fc00000000', 9, '2015-07-09 16:58:28.359028', '2015-07-09 16:58:28.376339', '10.0.1.165', 'listadmins', NULL, NULL);
INSERT INTO tokens (token_id, token, admin_id, created_at, valid_to, remote_addr, info, store_id, email) VALUES (729, 'X559ed26464d9bc160000000028fc2c3c00000000', 9, '2015-07-09 16:58:28.376339', '2015-07-09 16:58:31.18202', '10.0.1.165', 'search_ads', NULL, NULL);
INSERT INTO tokens (token_id, token, admin_id, created_at, valid_to, remote_addr, info, store_id, email) VALUES (730, 'X559ed26726c796be00000000743dac3d00000000', 9, '2015-07-09 16:58:31.18202', '2015-07-09 16:58:31.287898', '10.0.1.165', 'adqueues', NULL, NULL);
INSERT INTO tokens (token_id, token, admin_id, created_at, valid_to, remote_addr, info, store_id, email) VALUES (731, 'X559ed26720e27dc1000000001300f75700000000', 9, '2015-07-09 16:58:31.287898', '2015-07-09 16:58:31.296588', '10.0.1.165', 'block_list', NULL, NULL);
INSERT INTO tokens (token_id, token, admin_id, created_at, valid_to, remote_addr, info, store_id, email) VALUES (732, 'X559ed26720355482000000008b53f6f00000000', 9, '2015-07-09 16:58:31.296588', '2015-07-09 16:58:31.320026', '10.0.1.165', 'block_list', NULL, NULL);
INSERT INTO tokens (token_id, token, admin_id, created_at, valid_to, remote_addr, info, store_id, email) VALUES (733, 'X559ed2674de1d5220000000031e9c41100000000', 9, '2015-07-09 16:58:31.320026', '2015-07-09 16:58:37.366404', '10.0.1.165', 'block_list', NULL, NULL);
INSERT INTO tokens (token_id, token, admin_id, created_at, valid_to, remote_addr, info, store_id, email) VALUES (734, 'X559ed26d2cac06e70000000044cff05400000000', 9, '2015-07-09 16:58:37.366404', '2015-07-09 16:59:58.341044', '10.0.1.165', 'review', NULL, NULL);
INSERT INTO tokens (token_id, token, admin_id, created_at, valid_to, remote_addr, info, store_id, email) VALUES (735, 'X559ed2be4dcf200000000020778b9300000000', 9, '2015-07-09 16:59:58.341044', '2015-07-09 17:00:01.721885', '10.0.1.165', 'spamfilter', NULL, NULL);
INSERT INTO tokens (token_id, token, admin_id, created_at, valid_to, remote_addr, info, store_id, email) VALUES (736, 'X559ed2c27a39360d000000006fbda9f700000000', 9, '2015-07-09 17:00:01.721885', '2015-07-09 17:00:17.464161', '10.0.1.165', 'listadmins', NULL, NULL);
INSERT INTO tokens (token_id, token, admin_id, created_at, valid_to, remote_addr, info, store_id, email) VALUES (737, 'X559ed2d124242eaf000000005b33ccc200000000', 9, '2015-07-09 17:00:17.464161', '2015-07-09 17:00:17.490813', '10.0.1.165', 'listadmins', NULL, NULL);
INSERT INTO tokens (token_id, token, admin_id, created_at, valid_to, remote_addr, info, store_id, email) VALUES (738, 'X559ed2d1472936ff00000000bc168800000000', 9, '2015-07-09 17:00:17.490813', '2015-07-09 17:00:17.796739', '10.0.1.165', 'search_ads', NULL, NULL);
INSERT INTO tokens (token_id, token, admin_id, created_at, valid_to, remote_addr, info, store_id, email) VALUES (739, 'X559ed2d24842ae86000000005c94207400000000', 9, '2015-07-09 17:00:17.796739', '2015-07-09 17:00:17.817887', '10.0.1.165', 'listadmins', NULL, NULL);
INSERT INTO tokens (token_id, token, admin_id, created_at, valid_to, remote_addr, info, store_id, email) VALUES (740, 'X559ed2d24bc2d0b8000000003c1a5d8e00000000', 9, '2015-07-09 17:00:17.817887', '2015-07-09 17:00:19.521678', '10.0.1.165', 'search_ads', NULL, NULL);
INSERT INTO tokens (token_id, token, admin_id, created_at, valid_to, remote_addr, info, store_id, email) VALUES (741, 'X559ed2d47cd1aabc000000007fffc1dd00000000', 9, '2015-07-09 17:00:19.521678', '2015-07-09 17:00:19.593796', '10.0.1.165', 'adqueues', NULL, NULL);
INSERT INTO tokens (token_id, token, admin_id, created_at, valid_to, remote_addr, info, store_id, email) VALUES (742, 'X559ed2d4217b811e000000007a129b6700000000', 9, '2015-07-09 17:00:19.593796', '2015-07-09 17:00:19.599817', '10.0.1.165', 'block_list', NULL, NULL);
INSERT INTO tokens (token_id, token, admin_id, created_at, valid_to, remote_addr, info, store_id, email) VALUES (743, 'X559ed2d45cd361d1000000001923029600000000', 9, '2015-07-09 17:00:19.599817', '2015-07-09 17:00:19.607467', '10.0.1.165', 'block_list', NULL, NULL);
INSERT INTO tokens (token_id, token, admin_id, created_at, valid_to, remote_addr, info, store_id, email) VALUES (744, 'X559ed2d44e3e46fd000000004865702700000000', 9, '2015-07-09 17:00:19.607467', '2015-07-09 17:00:22.2427', '10.0.1.165', 'block_list', NULL, NULL);
INSERT INTO tokens (token_id, token, admin_id, created_at, valid_to, remote_addr, info, store_id, email) VALUES (745, 'X559ed2d639e36719000000006493df4f00000000', 9, '2015-07-09 17:00:22.2427', '2015-07-09 17:01:46.82824', '10.0.1.165', 'review', NULL, NULL);
INSERT INTO tokens (token_id, token, admin_id, created_at, valid_to, remote_addr, info, store_id, email) VALUES (746, 'X559ed32b22282e680000000032f3145a00000000', 9, '2015-07-09 17:01:46.82824', '2015-07-09 17:01:48.575624', '10.0.1.165', 'spamfilter', NULL, NULL);
INSERT INTO tokens (token_id, token, admin_id, created_at, valid_to, remote_addr, info, store_id, email) VALUES (747, 'X559ed32d49c1bce90000000029ca967300000000', 9, '2015-07-09 17:01:48.575624', '2015-07-09 17:01:52.928927', '10.0.1.165', 'listadmins', NULL, NULL);
INSERT INTO tokens (token_id, token, admin_id, created_at, valid_to, remote_addr, info, store_id, email) VALUES (748, 'X559ed3316d54b7c100000000fb6b4ba00000000', 9, '2015-07-09 17:01:52.928927', '2015-07-09 17:01:52.942515', '10.0.1.165', 'listadmins', NULL, NULL);
INSERT INTO tokens (token_id, token, admin_id, created_at, valid_to, remote_addr, info, store_id, email) VALUES (749, 'X559ed33178e5a1b9000000005235051200000000', 9, '2015-07-09 17:01:52.942515', '2015-07-09 17:01:55.042549', '10.0.1.165', 'search_ads', NULL, NULL);
INSERT INTO tokens (token_id, token, admin_id, created_at, valid_to, remote_addr, info, store_id, email) VALUES (750, 'X559ed3334f58cd2500000000a9ad64100000000', 9, '2015-07-09 17:01:55.042549', '2015-07-09 17:01:55.107904', '10.0.1.165', 'adqueues', NULL, NULL);
INSERT INTO tokens (token_id, token, admin_id, created_at, valid_to, remote_addr, info, store_id, email) VALUES (751, 'X559ed33349efaf9200000000581a116200000000', 9, '2015-07-09 17:01:55.107904', '2015-07-09 17:01:55.113888', '10.0.1.165', 'block_list', NULL, NULL);
INSERT INTO tokens (token_id, token, admin_id, created_at, valid_to, remote_addr, info, store_id, email) VALUES (752, 'X559ed333739824e10000000045f79a1900000000', 9, '2015-07-09 17:01:55.113888', '2015-07-09 17:01:55.118679', '10.0.1.165', 'block_list', NULL, NULL);
INSERT INTO tokens (token_id, token, admin_id, created_at, valid_to, remote_addr, info, store_id, email) VALUES (753, 'X559ed333678997780000000057a861b500000000', 9, '2015-07-09 17:01:55.118679', '2015-07-09 17:02:00.597978', '10.0.1.165', 'block_list', NULL, NULL);
INSERT INTO tokens (token_id, token, admin_id, created_at, valid_to, remote_addr, info, store_id, email) VALUES (754, 'X559ed3394f921c64000000006180363100000000', 9, '2015-07-09 17:02:00.597978', '2015-07-09 18:02:00.597978', '10.0.1.165', 'review', NULL, NULL);
INSERT INTO account_actions (account_id, account_action_id, account_action_type, "timestamp", token_id) VALUES (8, 1, 'creation', '2015-07-09 16:48:11.976956', NULL);
INSERT INTO account_actions (account_id, account_action_id, account_action_type, "timestamp", token_id) VALUES (8, 2, 'activation', '2015-07-09 16:48:31.697249', NULL);
INSERT INTO account_actions (account_id, account_action_id, account_action_type, "timestamp", token_id) VALUES (9, 1, 'creation', '2015-07-09 16:49:06.455999', NULL);
INSERT INTO account_actions (account_id, account_action_id, account_action_type, "timestamp", token_id) VALUES (9, 2, 'activation', '2015-07-09 16:49:12.192461', NULL);
INSERT INTO account_actions (account_id, account_action_id, account_action_type, "timestamp", token_id) VALUES (10, 1, 'creation', '2015-07-09 16:49:52.750672', NULL);
INSERT INTO account_actions (account_id, account_action_id, account_action_type, "timestamp", token_id) VALUES (10, 2, 'activation', '2015-07-09 16:49:58.21261', NULL);
INSERT INTO account_actions (account_id, account_action_id, account_action_type, "timestamp", token_id) VALUES (11, 1, 'creation', '2015-07-09 16:50:30.485716', NULL);
INSERT INTO account_actions (account_id, account_action_id, account_action_type, "timestamp", token_id) VALUES (11, 2, 'activation', '2015-07-09 16:50:35.576199', NULL);
SELECT pg_catalog.setval('accounts_account_id_seq', 11, true);
INSERT INTO ads (ad_id, list_id, list_time, status, type, name, phone, region, city, category, user_id, passwd, phone_hidden, no_salesmen, company_ad, subject, body, price, image, infopage, infopage_title, orig_list_time, old_price, store_id, salted_passwd, modified_at, lang) VALUES (126, NULL, NULL, 'inactive', 'sell', 'ups_wg', '12312312', 15, 0, 5020, 62, NULL, false, false, false, 'UPS wg', 'ups wg', 123, NULL, NULL, NULL, NULL, NULL, NULL, '$1024$;&8- 2HpVV,N{_Iif1264a459e3846165b6a8209f9c988fe5e18476a', NULL, 'es');
INSERT INTO ads (ad_id, list_id, list_time, status, type, name, phone, region, city, category, user_id, passwd, phone_hidden, no_salesmen, company_ad, subject, body, price, image, infopage, infopage_title, orig_list_time, old_price, store_id, salted_passwd, modified_at, lang) VALUES (127, 8000085, '2015-07-09 16:56:33', 'active', 'sell', 'ups_wwb', '12312312', 15, 0, 5020, 61, NULL, false, false, false, 'UPS wwb', 'aaaaaa', 123, NULL, NULL, NULL, NULL, NULL, NULL, '$1024$c(An<")/Xd:$Ua]`0c27befbdacd50e513e4c1958d2afd2c82539a66', '2015-07-09 16:56:33.041813', 'es');
INSERT INTO ads (ad_id, list_id, list_time, status, type, name, phone, region, city, category, user_id, passwd, phone_hidden, no_salesmen, company_ad, subject, body, price, image, infopage, infopage_title, orig_list_time, old_price, store_id, salted_passwd, modified_at, lang) VALUES (128, 8000086, '2015-07-09 16:58:37', 'active', 'sell', 'ups_wdb', '12312312', 15, 0, 5020, 60, NULL, false, false, false, 'UPS wdb', 'aaaaaaa', 123, NULL, NULL, NULL, NULL, NULL, NULL, '$1024$DE91~QXLve:gi:_)11addebdea85a85aaffb652693f5d53bf8a432cf', '2015-07-09 16:58:37.369513', 'es');
INSERT INTO ads (ad_id, list_id, list_time, status, type, name, phone, region, city, category, user_id, passwd, phone_hidden, no_salesmen, company_ad, subject, body, price, image, infopage, infopage_title, orig_list_time, old_price, store_id, salted_passwd, modified_at, lang) VALUES (129, 8000087, '2015-07-09 17:00:22', 'active', 'sell', 'UPS_normal', '12312312', 15, 0, 5020, 59, NULL, false, false, false, 'UPS normal', 'normal', 123, NULL, NULL, NULL, NULL, NULL, NULL, '$1024$C/}W+2D-V`''q`%mN2d47c982fab5f0f6617fcb5d47797e81cffca603', '2015-07-09 17:00:22.248252', 'es');
INSERT INTO ads (ad_id, list_id, list_time, status, type, name, phone, region, city, category, user_id, passwd, phone_hidden, no_salesmen, company_ad, subject, body, price, image, infopage, infopage_title, orig_list_time, old_price, store_id, salted_passwd, modified_at, lang) VALUES (130, NULL, NULL, 'refused', 'sell', 'UPS_normal', '12312312', 15, 0, 5020, 59, NULL, false, false, false, 'B ups - denied', '123123', 123, NULL, NULL, NULL, NULL, NULL, NULL, '$1024$C/}W+2D-V`''q`%mN2d47c982fab5f0f6617fcb5d47797e81cffca603', NULL, 'es');
INSERT INTO payment_groups (payment_group_id, code, status, added_at, parent_payment_group_id) VALUES (166, '633026231', 'verified', '2015-07-09 16:53:59.217069', NULL);
INSERT INTO payment_groups (payment_group_id, code, status, added_at, parent_payment_group_id) VALUES (167, '768418254', 'verified', '2015-07-09 16:55:43.122618', NULL);
INSERT INTO payment_groups (payment_group_id, code, status, added_at, parent_payment_group_id) VALUES (168, '12345', 'paid', '2015-07-09 16:55:52.516632', NULL);
INSERT INTO payment_groups (payment_group_id, code, status, added_at, parent_payment_group_id) VALUES (169, '903810277', 'verified', '2015-07-09 16:58:03.932768', NULL);
INSERT INTO payment_groups (payment_group_id, code, status, added_at, parent_payment_group_id) VALUES (170, '65432', 'paid', '2015-07-09 16:58:11.864753', NULL);
INSERT INTO payment_groups (payment_group_id, code, status, added_at, parent_payment_group_id) VALUES (171, '139202300', 'verified', '2015-07-09 16:59:46.931004', NULL);
INSERT INTO payment_groups (payment_group_id, code, status, added_at, parent_payment_group_id) VALUES (172, '274594323', 'verified', '2015-07-09 17:01:33.170275', NULL);
INSERT INTO payment_groups (payment_group_id, code, status, added_at, parent_payment_group_id) VALUES (173, '32323', 'paid', '2015-07-09 17:01:37.260551', NULL);
INSERT INTO ad_actions (ad_id, action_id, action_type, current_state, state, queue, locked_by, locked_until, payment_group_id) VALUES (126, 1, 'new', 700, 'pending_review', 'normal', NULL, NULL, 166);
INSERT INTO ad_actions (ad_id, action_id, action_type, current_state, state, queue, locked_by, locked_until, payment_group_id) VALUES (127, 2, 'upselling_weekly_bump', 706, 'accepted', 'normal', NULL, NULL, 168);
INSERT INTO ad_actions (ad_id, action_id, action_type, current_state, state, queue, locked_by, locked_until, payment_group_id) VALUES (127, 1, 'new', 707, 'accepted', 'normal', NULL, NULL, 167);
INSERT INTO ad_actions (ad_id, action_id, action_type, current_state, state, queue, locked_by, locked_until, payment_group_id) VALUES (128, 2, 'upselling_daily_bump', 713, 'accepted', 'normal', NULL, NULL, 170);
INSERT INTO ad_actions (ad_id, action_id, action_type, current_state, state, queue, locked_by, locked_until, payment_group_id) VALUES (128, 1, 'new', 714, 'accepted', 'normal', NULL, NULL, 169);
INSERT INTO ad_actions (ad_id, action_id, action_type, current_state, state, queue, locked_by, locked_until, payment_group_id) VALUES (129, 1, 'new', 718, 'accepted', 'normal', NULL, NULL, 171);
INSERT INTO ad_actions (ad_id, action_id, action_type, current_state, state, queue, locked_by, locked_until, payment_group_id) VALUES (130, 1, 'new', 725, 'refused', 'normal', NULL, NULL, 172);
INSERT INTO ad_actions (ad_id, action_id, action_type, current_state, state, queue, locked_by, locked_until, payment_group_id) VALUES (130, 2, 'upselling_daily_bump', 726, 'refused', 'normal', NULL, NULL, 173);
INSERT INTO action_params (ad_id, action_id, name, value) VALUES (126, 1, 'source', 'web');
INSERT INTO action_params (ad_id, action_id, name, value) VALUES (126, 1, 'redir', 'dW5rbm93bg==');
INSERT INTO action_params (ad_id, action_id, name, value) VALUES (127, 1, 'source', 'web');
INSERT INTO action_params (ad_id, action_id, name, value) VALUES (127, 1, 'redir', 'dW5rbm93bg==');
INSERT INTO action_params (ad_id, action_id, name, value) VALUES (128, 1, 'source', 'web');
INSERT INTO action_params (ad_id, action_id, name, value) VALUES (128, 1, 'redir', 'dW5rbm93bg==');
INSERT INTO action_params (ad_id, action_id, name, value) VALUES (129, 1, 'source', 'web');
INSERT INTO action_params (ad_id, action_id, name, value) VALUES (129, 1, 'redir', 'dW5rbm93bg==');
INSERT INTO action_params (ad_id, action_id, name, value) VALUES (130, 1, 'source', 'web');
INSERT INTO action_params (ad_id, action_id, name, value) VALUES (130, 1, 'redir', 'dW5rbm93bg==');
INSERT INTO action_states (ad_id, action_id, state_id, state, transition, "timestamp", remote_addr, token_id) VALUES (126, 1, 698, 'reg', 'initial', '2015-07-09 16:53:59.217069', '10.0.1.165', NULL);
INSERT INTO action_states (ad_id, action_id, state_id, state, transition, "timestamp", remote_addr, token_id) VALUES (126, 1, 699, 'unverified', 'verifymail', '2015-07-09 16:53:59.217069', '10.0.1.165', NULL);
INSERT INTO action_states (ad_id, action_id, state_id, state, transition, "timestamp", remote_addr, token_id) VALUES (126, 1, 700, 'pending_review', 'verify', '2015-07-09 16:53:59.33088', '10.0.1.165', NULL);
INSERT INTO action_states (ad_id, action_id, state_id, state, transition, "timestamp", remote_addr, token_id) VALUES (127, 1, 701, 'reg', 'initial', '2015-07-09 16:55:43.122618', '10.0.1.165', NULL);
INSERT INTO action_states (ad_id, action_id, state_id, state, transition, "timestamp", remote_addr, token_id) VALUES (127, 1, 702, 'unverified', 'verifymail', '2015-07-09 16:55:43.122618', '10.0.1.165', NULL);
INSERT INTO action_states (ad_id, action_id, state_id, state, transition, "timestamp", remote_addr, token_id) VALUES (127, 1, 703, 'pending_review', 'verify', '2015-07-09 16:55:43.203879', '10.0.1.165', NULL);
INSERT INTO action_states (ad_id, action_id, state_id, state, transition, "timestamp", remote_addr, token_id) VALUES (127, 2, 704, 'reg', 'initial', '2015-07-09 16:55:52.516632', '10.0.1.165', NULL);
INSERT INTO action_states (ad_id, action_id, state_id, state, transition, "timestamp", remote_addr, token_id) VALUES (127, 2, 705, 'unpaid', 'pending_pay', '2015-07-09 16:55:52.516632', '10.0.1.165', NULL);
INSERT INTO action_states (ad_id, action_id, state_id, state, transition, "timestamp", remote_addr, token_id) VALUES (127, 2, 706, 'accepted', 'pay', '2015-07-09 16:55:54.535434', NULL, NULL);
INSERT INTO action_states (ad_id, action_id, state_id, state, transition, "timestamp", remote_addr, token_id) VALUES (127, 1, 707, 'accepted', 'accept', '2015-07-09 16:56:33.041813', '10.0.1.165', 723);
INSERT INTO action_states (ad_id, action_id, state_id, state, transition, "timestamp", remote_addr, token_id) VALUES (128, 1, 708, 'reg', 'initial', '2015-07-09 16:58:03.932768', '10.0.1.165', NULL);
INSERT INTO action_states (ad_id, action_id, state_id, state, transition, "timestamp", remote_addr, token_id) VALUES (128, 1, 709, 'unverified', 'verifymail', '2015-07-09 16:58:03.932768', '10.0.1.165', NULL);
INSERT INTO action_states (ad_id, action_id, state_id, state, transition, "timestamp", remote_addr, token_id) VALUES (128, 1, 710, 'pending_review', 'verify', '2015-07-09 16:58:04.004514', '10.0.1.165', NULL);
INSERT INTO action_states (ad_id, action_id, state_id, state, transition, "timestamp", remote_addr, token_id) VALUES (128, 2, 711, 'reg', 'initial', '2015-07-09 16:58:11.864753', '10.0.1.165', NULL);
INSERT INTO action_states (ad_id, action_id, state_id, state, transition, "timestamp", remote_addr, token_id) VALUES (128, 2, 712, 'unpaid', 'pending_pay', '2015-07-09 16:58:11.864753', '10.0.1.165', NULL);
INSERT INTO action_states (ad_id, action_id, state_id, state, transition, "timestamp", remote_addr, token_id) VALUES (128, 2, 713, 'accepted', 'pay', '2015-07-09 16:58:14.302894', NULL, NULL);
INSERT INTO action_states (ad_id, action_id, state_id, state, transition, "timestamp", remote_addr, token_id) VALUES (128, 1, 714, 'accepted', 'accept', '2015-07-09 16:58:37.369513', '10.0.1.165', 733);
INSERT INTO action_states (ad_id, action_id, state_id, state, transition, "timestamp", remote_addr, token_id) VALUES (129, 1, 715, 'reg', 'initial', '2015-07-09 16:59:46.931004', '10.0.1.165', NULL);
INSERT INTO action_states (ad_id, action_id, state_id, state, transition, "timestamp", remote_addr, token_id) VALUES (129, 1, 716, 'unverified', 'verifymail', '2015-07-09 16:59:46.931004', '10.0.1.165', NULL);
INSERT INTO action_states (ad_id, action_id, state_id, state, transition, "timestamp", remote_addr, token_id) VALUES (129, 1, 717, 'pending_review', 'verify', '2015-07-09 16:59:47.032005', '10.0.1.165', NULL);
INSERT INTO action_states (ad_id, action_id, state_id, state, transition, "timestamp", remote_addr, token_id) VALUES (129, 1, 718, 'accepted', 'accept', '2015-07-09 17:00:22.248252', '10.0.1.165', 744);
INSERT INTO action_states (ad_id, action_id, state_id, state, transition, "timestamp", remote_addr, token_id) VALUES (130, 1, 719, 'reg', 'initial', '2015-07-09 17:01:33.170275', '10.0.1.165', NULL);
INSERT INTO action_states (ad_id, action_id, state_id, state, transition, "timestamp", remote_addr, token_id) VALUES (130, 1, 720, 'unverified', 'verifymail', '2015-07-09 17:01:33.170275', '10.0.1.165', NULL);
INSERT INTO action_states (ad_id, action_id, state_id, state, transition, "timestamp", remote_addr, token_id) VALUES (130, 1, 721, 'pending_review', 'verify', '2015-07-09 17:01:33.229563', '10.0.1.165', NULL);
INSERT INTO action_states (ad_id, action_id, state_id, state, transition, "timestamp", remote_addr, token_id) VALUES (130, 2, 722, 'reg', 'initial', '2015-07-09 17:01:37.260551', '10.0.1.165', NULL);
INSERT INTO action_states (ad_id, action_id, state_id, state, transition, "timestamp", remote_addr, token_id) VALUES (130, 2, 723, 'unpaid', 'pending_pay', '2015-07-09 17:01:37.260551', '10.0.1.165', NULL);
INSERT INTO action_states (ad_id, action_id, state_id, state, transition, "timestamp", remote_addr, token_id) VALUES (130, 2, 724, 'accepted', 'pay', '2015-07-09 17:01:39.715323', NULL, NULL);
INSERT INTO action_states (ad_id, action_id, state_id, state, transition, "timestamp", remote_addr, token_id) VALUES (130, 1, 725, 'refused', 'refuse', '2015-07-09 17:02:00.600797', '10.0.1.165', 753);
INSERT INTO action_states (ad_id, action_id, state_id, state, transition, "timestamp", remote_addr, token_id) VALUES (130, 2, 726, 'refused', 'refuse', '2015-07-09 17:02:00.600797', '10.0.1.165', 753);
SELECT pg_catalog.setval('action_states_state_id_seq', 726, true);
INSERT INTO ad_codes (code, code_type) VALUES (24741, 'pay');
INSERT INTO ad_codes (code, code_type) VALUES (56764, 'pay');
INSERT INTO ad_codes (code, code_type) VALUES (88787, 'pay');
INSERT INTO ad_codes (code, code_type) VALUES (30810, 'pay');
INSERT INTO ad_codes (code, code_type) VALUES (62833, 'pay');
INSERT INTO ad_image_changes (ad_id, action_id, state_id, seq_no, name, is_new) VALUES (127, 1, 707, 0, NULL, false);
INSERT INTO ad_image_changes (ad_id, action_id, state_id, seq_no, name, is_new) VALUES (128, 1, 714, 0, NULL, false);
INSERT INTO ad_image_changes (ad_id, action_id, state_id, seq_no, name, is_new) VALUES (129, 1, 718, 0, NULL, false);
INSERT INTO ad_images_digests (ad_id, name, digest, uid, previously_inserted) VALUES (126, '2508523319.jpg', '900cebf401a4f6bad8ed1a6ca56e2911', 5, false);
INSERT INTO ad_media (ad_media_id, ad_id, seq_no, upload_time, media_type, width, height, length) VALUES (2508523319, 126, 0, '2015-07-09 16:53:54.630661', 'image', NULL, NULL, NULL);
INSERT INTO ad_params (ad_id, name, value) VALUES (126, 'prev_currency', 'peso');
INSERT INTO ad_params (ad_id, name, value) VALUES (126, 'country', 'UNK');
INSERT INTO ad_params (ad_id, name, value) VALUES (127, 'prev_currency', 'peso');
INSERT INTO ad_params (ad_id, name, value) VALUES (127, 'country', 'UNK');
INSERT INTO ad_params (ad_id, name, value) VALUES (128, 'prev_currency', 'peso');
INSERT INTO ad_params (ad_id, name, value) VALUES (128, 'country', 'UNK');
INSERT INTO ad_params (ad_id, name, value) VALUES (129, 'prev_currency', 'peso');
INSERT INTO ad_params (ad_id, name, value) VALUES (129, 'country', 'UNK');
INSERT INTO ad_params (ad_id, name, value) VALUES (130, 'prev_currency', 'peso');
INSERT INTO ad_params (ad_id, name, value) VALUES (130, 'country', 'UNK');
INSERT INTO ad_queues (ad_id, action_id, queue, queued_at, locked_by, locked_until) VALUES (126, 1, 'normal', '2015-07-09 16:53:59.33088', NULL, NULL);
SELECT pg_catalog.setval('ads_ad_id_seq', 130, true);
SELECT pg_catalog.setval('list_id_seq', 8000087, true);
SELECT pg_catalog.setval('next_image_id', 1, true);
SELECT pg_catalog.setval('pay_code_seq', 471, true);
INSERT INTO pay_log (pay_log_id, pay_type, amount, code, token_id, paid_at, payment_group_id, status) VALUES (213, 'save', 0, '633026231', NULL, '2015-07-09 16:53:59', 166, 'SAVE');
INSERT INTO pay_log (pay_log_id, pay_type, amount, code, token_id, paid_at, payment_group_id, status) VALUES (214, 'verify', 0, '633026231', NULL, '2015-07-09 16:53:59', 166, 'OK');
INSERT INTO pay_log (pay_log_id, pay_type, amount, code, token_id, paid_at, payment_group_id, status) VALUES (215, 'save', 0, '768418254', NULL, '2015-07-09 16:55:43', 167, 'SAVE');
INSERT INTO pay_log (pay_log_id, pay_type, amount, code, token_id, paid_at, payment_group_id, status) VALUES (216, 'verify', 0, '768418254', NULL, '2015-07-09 16:55:43', 167, 'OK');
INSERT INTO pay_log (pay_log_id, pay_type, amount, code, token_id, paid_at, payment_group_id, status) VALUES (217, 'save', 0, '12345', NULL, '2015-07-09 16:55:53', 168, 'SAVE');
INSERT INTO pay_log (pay_log_id, pay_type, amount, code, token_id, paid_at, payment_group_id, status) VALUES (218, 'paycard_save', 0, '12345', NULL, '2015-07-09 16:55:54', 168, 'SAVE');
INSERT INTO pay_log (pay_log_id, pay_type, amount, code, token_id, paid_at, payment_group_id, status) VALUES (219, 'paycard', 2700, '00168a', NULL, '2015-07-09 16:55:55', 168, 'OK');
INSERT INTO pay_log (pay_log_id, pay_type, amount, code, token_id, paid_at, payment_group_id, status) VALUES (220, 'paycard', 2700, '12345', NULL, '2015-07-09 16:55:55', 168, 'OK');
INSERT INTO pay_log (pay_log_id, pay_type, amount, code, token_id, paid_at, payment_group_id, status) VALUES (221, 'save', 0, '903810277', NULL, '2015-07-09 16:58:04', 169, 'SAVE');
INSERT INTO pay_log (pay_log_id, pay_type, amount, code, token_id, paid_at, payment_group_id, status) VALUES (222, 'verify', 0, '903810277', NULL, '2015-07-09 16:58:04', 169, 'OK');
INSERT INTO pay_log (pay_log_id, pay_type, amount, code, token_id, paid_at, payment_group_id, status) VALUES (223, 'save', 0, '65432', NULL, '2015-07-09 16:58:12', 170, 'SAVE');
INSERT INTO pay_log (pay_log_id, pay_type, amount, code, token_id, paid_at, payment_group_id, status) VALUES (224, 'paycard_save', 0, '65432', NULL, '2015-07-09 16:58:14', 170, 'SAVE');
INSERT INTO pay_log (pay_log_id, pay_type, amount, code, token_id, paid_at, payment_group_id, status) VALUES (225, 'paycard', 4500, '00170a', NULL, '2015-07-09 16:58:14', 170, 'OK');
INSERT INTO pay_log (pay_log_id, pay_type, amount, code, token_id, paid_at, payment_group_id, status) VALUES (226, 'paycard', 4500, '65432', NULL, '2015-07-09 16:58:14', 170, 'OK');
INSERT INTO pay_log (pay_log_id, pay_type, amount, code, token_id, paid_at, payment_group_id, status) VALUES (227, 'save', 0, '139202300', NULL, '2015-07-09 16:59:47', 171, 'SAVE');
INSERT INTO pay_log (pay_log_id, pay_type, amount, code, token_id, paid_at, payment_group_id, status) VALUES (228, 'verify', 0, '139202300', NULL, '2015-07-09 16:59:47', 171, 'OK');
INSERT INTO pay_log (pay_log_id, pay_type, amount, code, token_id, paid_at, payment_group_id, status) VALUES (229, 'save', 0, '274594323', NULL, '2015-07-09 17:01:33', 172, 'SAVE');
INSERT INTO pay_log (pay_log_id, pay_type, amount, code, token_id, paid_at, payment_group_id, status) VALUES (230, 'verify', 0, '274594323', NULL, '2015-07-09 17:01:33', 172, 'OK');
INSERT INTO pay_log (pay_log_id, pay_type, amount, code, token_id, paid_at, payment_group_id, status) VALUES (231, 'save', 0, '32323', NULL, '2015-07-09 17:01:37', 173, 'SAVE');
INSERT INTO pay_log (pay_log_id, pay_type, amount, code, token_id, paid_at, payment_group_id, status) VALUES (232, 'paycard_save', 0, '32323', NULL, '2015-07-09 17:01:40', 173, 'SAVE');
INSERT INTO pay_log (pay_log_id, pay_type, amount, code, token_id, paid_at, payment_group_id, status) VALUES (233, 'paycard', 4500, '00173a', NULL, '2015-07-09 17:01:40', 173, 'OK');
INSERT INTO pay_log (pay_log_id, pay_type, amount, code, token_id, paid_at, payment_group_id, status) VALUES (234, 'paycard', 4500, '32323', NULL, '2015-07-09 17:01:40', 173, 'OK');
SELECT pg_catalog.setval('pay_log_pay_log_id_seq', 234, true);
INSERT INTO pay_log_references (pay_log_id, ref_num, ref_type, reference) VALUES (213, 0, 'adphone', '12312312');
INSERT INTO pay_log_references (pay_log_id, ref_num, ref_type, reference) VALUES (213, 1, 'remote_addr', '10.0.1.165');
INSERT INTO pay_log_references (pay_log_id, ref_num, ref_type, reference) VALUES (214, 0, 'remote_addr', '10.0.1.165');
INSERT INTO pay_log_references (pay_log_id, ref_num, ref_type, reference) VALUES (215, 0, 'adphone', '12312312');
INSERT INTO pay_log_references (pay_log_id, ref_num, ref_type, reference) VALUES (215, 1, 'remote_addr', '10.0.1.165');
INSERT INTO pay_log_references (pay_log_id, ref_num, ref_type, reference) VALUES (216, 0, 'remote_addr', '10.0.1.165');
INSERT INTO pay_log_references (pay_log_id, ref_num, ref_type, reference) VALUES (217, 0, 'remote_addr', '10.0.1.165');
INSERT INTO pay_log_references (pay_log_id, ref_num, ref_type, reference) VALUES (218, 0, 'auth_code', '133974');
INSERT INTO pay_log_references (pay_log_id, ref_num, ref_type, reference) VALUES (218, 1, 'trans_date', '09/07/2015 16:55:54');
INSERT INTO pay_log_references (pay_log_id, ref_num, ref_type, reference) VALUES (218, 2, 'placements_type', 'VN');
INSERT INTO pay_log_references (pay_log_id, ref_num, ref_type, reference) VALUES (218, 3, 'placements_number', '1');
INSERT INTO pay_log_references (pay_log_id, ref_num, ref_type, reference) VALUES (218, 4, 'pay_type', 'credit');
INSERT INTO pay_log_references (pay_log_id, ref_num, ref_type, reference) VALUES (218, 5, 'external_response', '0');
INSERT INTO pay_log_references (pay_log_id, ref_num, ref_type, reference) VALUES (218, 6, 'external_id', '39347266442370639472');
INSERT INTO pay_log_references (pay_log_id, ref_num, ref_type, reference) VALUES (218, 7, 'remote_addr', '10.0.1.208');
INSERT INTO pay_log_references (pay_log_id, ref_num, ref_type, reference) VALUES (219, 0, 'webpay', '1');
INSERT INTO pay_log_references (pay_log_id, ref_num, ref_type, reference) VALUES (221, 0, 'adphone', '12312312');
INSERT INTO pay_log_references (pay_log_id, ref_num, ref_type, reference) VALUES (221, 1, 'remote_addr', '10.0.1.165');
INSERT INTO pay_log_references (pay_log_id, ref_num, ref_type, reference) VALUES (222, 0, 'remote_addr', '10.0.1.165');
INSERT INTO pay_log_references (pay_log_id, ref_num, ref_type, reference) VALUES (223, 0, 'remote_addr', '10.0.1.165');
INSERT INTO pay_log_references (pay_log_id, ref_num, ref_type, reference) VALUES (224, 0, 'auth_code', '937358');
INSERT INTO pay_log_references (pay_log_id, ref_num, ref_type, reference) VALUES (224, 1, 'trans_date', '09/07/2015 16:58:13');
INSERT INTO pay_log_references (pay_log_id, ref_num, ref_type, reference) VALUES (224, 2, 'placements_type', 'VN');
INSERT INTO pay_log_references (pay_log_id, ref_num, ref_type, reference) VALUES (224, 3, 'placements_number', '1');
INSERT INTO pay_log_references (pay_log_id, ref_num, ref_type, reference) VALUES (224, 4, 'pay_type', 'credit');
INSERT INTO pay_log_references (pay_log_id, ref_num, ref_type, reference) VALUES (224, 5, 'external_response', '0');
INSERT INTO pay_log_references (pay_log_id, ref_num, ref_type, reference) VALUES (224, 6, 'external_id', '22032099704658035588');
INSERT INTO pay_log_references (pay_log_id, ref_num, ref_type, reference) VALUES (224, 7, 'remote_addr', '10.0.1.208');
INSERT INTO pay_log_references (pay_log_id, ref_num, ref_type, reference) VALUES (225, 0, 'webpay', '1');
INSERT INTO pay_log_references (pay_log_id, ref_num, ref_type, reference) VALUES (227, 0, 'adphone', '12312312');
INSERT INTO pay_log_references (pay_log_id, ref_num, ref_type, reference) VALUES (227, 1, 'remote_addr', '10.0.1.165');
INSERT INTO pay_log_references (pay_log_id, ref_num, ref_type, reference) VALUES (228, 0, 'remote_addr', '10.0.1.165');
INSERT INTO pay_log_references (pay_log_id, ref_num, ref_type, reference) VALUES (229, 0, 'adphone', '12312312');
INSERT INTO pay_log_references (pay_log_id, ref_num, ref_type, reference) VALUES (229, 1, 'remote_addr', '10.0.1.165');
INSERT INTO pay_log_references (pay_log_id, ref_num, ref_type, reference) VALUES (230, 0, 'remote_addr', '10.0.1.165');
INSERT INTO pay_log_references (pay_log_id, ref_num, ref_type, reference) VALUES (231, 0, 'remote_addr', '10.0.1.165');
INSERT INTO pay_log_references (pay_log_id, ref_num, ref_type, reference) VALUES (232, 0, 'auth_code', '134069');
INSERT INTO pay_log_references (pay_log_id, ref_num, ref_type, reference) VALUES (232, 1, 'trans_date', '09/07/2015 17:01:39');
INSERT INTO pay_log_references (pay_log_id, ref_num, ref_type, reference) VALUES (232, 2, 'placements_type', 'VN');
INSERT INTO pay_log_references (pay_log_id, ref_num, ref_type, reference) VALUES (232, 3, 'placements_number', '1');
INSERT INTO pay_log_references (pay_log_id, ref_num, ref_type, reference) VALUES (232, 4, 'pay_type', 'credit');
INSERT INTO pay_log_references (pay_log_id, ref_num, ref_type, reference) VALUES (232, 5, 'external_response', '0');
INSERT INTO pay_log_references (pay_log_id, ref_num, ref_type, reference) VALUES (232, 6, 'external_id', '88557508671730206772');
INSERT INTO pay_log_references (pay_log_id, ref_num, ref_type, reference) VALUES (232, 7, 'remote_addr', '10.0.1.208');
INSERT INTO pay_log_references (pay_log_id, ref_num, ref_type, reference) VALUES (233, 0, 'webpay', '1');
SELECT pg_catalog.setval('payment_groups_payment_group_id_seq', 173, true);
INSERT INTO payments (payment_group_id, payment_type, pay_amount, discount) VALUES (166, 'ad_action', 0, 0);
INSERT INTO payments (payment_group_id, payment_type, pay_amount, discount) VALUES (167, 'ad_action', 0, 0);
INSERT INTO payments (payment_group_id, payment_type, pay_amount, discount) VALUES (168, 'upselling_weekly_bump', 2700, 0);
INSERT INTO payments (payment_group_id, payment_type, pay_amount, discount) VALUES (169, 'ad_action', 0, 0);
INSERT INTO payments (payment_group_id, payment_type, pay_amount, discount) VALUES (170, 'upselling_daily_bump', 4500, 0);
INSERT INTO payments (payment_group_id, payment_type, pay_amount, discount) VALUES (171, 'ad_action', 0, 0);
INSERT INTO payments (payment_group_id, payment_type, pay_amount, discount) VALUES (172, 'ad_action', 0, 0);
INSERT INTO payments (payment_group_id, payment_type, pay_amount, discount) VALUES (173, 'upselling_daily_bump', 4500, 0);
INSERT INTO purchase (purchase_id, doc_type, doc_num, external_doc_id, status, receipt, delivery, rut, name, lob, address, region, communes, contact, email, tax, discount, seller_id, total_price, payment_group_id, payment_method, account_id) VALUES (2, 'bill', NULL, NULL, 'paid', '2015-07-09 16:55:52.516632', NULL, NULL, NULL, NULL, NULL, NULL, NULL, NULL, 'ups_wwb@yapo.cl', 0, 0, NULL, 2700, 168, 'webpay', 10);
INSERT INTO purchase (purchase_id, doc_type, doc_num, external_doc_id, status, receipt, delivery, rut, name, lob, address, region, communes, contact, email, tax, discount, seller_id, total_price, payment_group_id, payment_method, account_id) VALUES (3, 'bill', NULL, NULL, 'paid', '2015-07-09 16:58:11.864753', NULL, NULL, NULL, NULL, NULL, NULL, NULL, NULL, 'ups_wdb@yapo.cl', 0, 0, NULL, 4500, 170, 'webpay', 9);
INSERT INTO purchase (purchase_id, doc_type, doc_num, external_doc_id, status, receipt, delivery, rut, name, lob, address, region, communes, contact, email, tax, discount, seller_id, total_price, payment_group_id, payment_method, account_id) VALUES (4, 'bill', NULL, NULL, 'paid', '2015-07-09 17:01:37.260551', NULL, NULL, NULL, NULL, NULL, NULL, NULL, NULL, 'ups_normal@yapo.cl', 0, 0, NULL, 4500, 173, 'webpay', 8);
INSERT INTO purchase_detail (purchase_detail_id, purchase_id, product_id, price, action_id, ad_id, payment_group_id) VALUES (2, 2, 101, 2700, 2, 127, 168);
INSERT INTO purchase_detail (purchase_detail_id, purchase_id, product_id, price, action_id, ad_id, payment_group_id) VALUES (3, 3, 103, 4500, 2, 128, 170);
INSERT INTO purchase_detail (purchase_detail_id, purchase_id, product_id, price, action_id, ad_id, payment_group_id) VALUES (4, 4, 103, 4500, 2, 130, 173);
SELECT pg_catalog.setval('purchase_detail_purchase_detail_id_seq', 4, true);
SELECT pg_catalog.setval('purchase_purchase_id_seq', 4, true);
INSERT INTO purchase_states (purchase_id, purchase_state_id, status, "timestamp", remote_addr) VALUES (2, 1, 'pending', '2015-07-09 16:55:52.516632', '10.0.1.165');
INSERT INTO purchase_states (purchase_id, purchase_state_id, status, "timestamp", remote_addr) VALUES (3, 2, 'pending', '2015-07-09 16:58:11.864753', '10.0.1.165');
INSERT INTO purchase_states (purchase_id, purchase_state_id, status, "timestamp", remote_addr) VALUES (4, 3, 'pending', '2015-07-09 17:01:37.260551', '10.0.1.165');
SELECT pg_catalog.setval('purchase_states_purchase_state_id_seq', 3, true);
INSERT INTO review_log (ad_id, action_id, admin_id, review_time, queue, action_type, action, refusal_reason_text, category) VALUES (127, 1, 9, '2015-07-09 16:56:33.041813', 'all', 'new', 'accepted', NULL, 5020);
INSERT INTO review_log (ad_id, action_id, admin_id, review_time, queue, action_type, action, refusal_reason_text, category) VALUES (128, 1, 9, '2015-07-09 16:58:37.369513', 'all', 'new', 'accepted', NULL, 5020);
INSERT INTO review_log (ad_id, action_id, admin_id, review_time, queue, action_type, action, refusal_reason_text, category) VALUES (129, 1, 9, '2015-07-09 17:00:22.248252', 'all', 'new', 'accepted', NULL, 5020);
INSERT INTO review_log (ad_id, action_id, admin_id, review_time, queue, action_type, action, refusal_reason_text, category) VALUES (130, 1, 9, '2015-07-09 17:02:00.600797', 'all', 'new', 'refused', 'Privacidad', 5020);
INSERT INTO state_params (ad_id, action_id, state_id, name, value) VALUES (126, 1, 700, 'queue', 'normal');
INSERT INTO state_params (ad_id, action_id, state_id, name, value) VALUES (127, 1, 703, 'queue', 'normal');
INSERT INTO state_params (ad_id, action_id, state_id, name, value) VALUES (127, 1, 707, 'filter_name', 'all');
INSERT INTO state_params (ad_id, action_id, state_id, name, value) VALUES (128, 1, 710, 'queue', 'normal');
INSERT INTO state_params (ad_id, action_id, state_id, name, value) VALUES (128, 1, 714, 'filter_name', 'all');
INSERT INTO state_params (ad_id, action_id, state_id, name, value) VALUES (129, 1, 717, 'queue', 'normal');
INSERT INTO state_params (ad_id, action_id, state_id, name, value) VALUES (129, 1, 718, 'filter_name', 'all');
INSERT INTO state_params (ad_id, action_id, state_id, name, value) VALUES (130, 1, 721, 'queue', 'normal');
INSERT INTO state_params (ad_id, action_id, state_id, name, value) VALUES (130, 1, 725, 'reason', '33');
INSERT INTO state_params (ad_id, action_id, state_id, name, value) VALUES (130, 1, 725, 'filter_name', 'all');
SELECT pg_catalog.setval('tokens_token_id_seq', 754, true);
INSERT INTO trans_queue (trans_queue_id, added_at, added_by, execute_at, executed_at, executed_by, status, locked_at, locked_by, command, response, queue, sub_queue, info) VALUES (93, '2015-07-09 16:55:54.621287', '4217@mazaru.schibsted.cl', '2015-07-09 16:57:54.621287', NULL, NULL, NULL, NULL, NULL, '
cmd:weekly_bump_ad
ad_id:127
action_id:2
counter:4
batch:1
do_not_send_mail:1
is_upselling:1
commit:1', NULL, 'upselling', NULL, NULL);
INSERT INTO trans_queue (trans_queue_id, added_at, added_by, execute_at, executed_at, executed_by, status, locked_at, locked_by, command, response, queue, sub_queue, info) VALUES (94, '2015-07-09 16:55:54.624429', '4217@mazaru.schibsted.cl', NULL, NULL, NULL, NULL, NULL, NULL, '
cmd:multi_product_mail
to:ups_wwb@yapo.cl
doc_type:bill
product_ids:101
ad_names:UPS wwb
commit:1', NULL, 'bump_mail', NULL, NULL);
INSERT INTO trans_queue (trans_queue_id, added_at, added_by, execute_at, executed_at, executed_by, status, locked_at, locked_by, command, response, queue, sub_queue, info) VALUES (95, '2015-07-09 16:56:33.076823', '4217@mazaru.schibsted.cl', NULL, NULL, NULL, NULL, NULL, NULL, 'cmd:admail
commit:1
ad_id:127
action_id:1
mail_type:accept
', NULL, 'accepted_mail', NULL, NULL);
INSERT INTO trans_queue (trans_queue_id, added_at, added_by, execute_at, executed_at, executed_by, status, locked_at, locked_by, command, response, queue, sub_queue, info) VALUES (96, '2015-07-09 16:58:14.398826', '4217@mazaru.schibsted.cl', '2015-07-09 17:00:14.398826', NULL, NULL, NULL, NULL, NULL, '
cmd:weekly_bump_ad
ad_id:128
action_id:2
counter:4
batch:1
daily_bump:1
do_not_send_mail:1
is_upselling:1
commit:1', NULL, 'upselling', NULL, NULL);
INSERT INTO trans_queue (trans_queue_id, added_at, added_by, execute_at, executed_at, executed_by, status, locked_at, locked_by, command, response, queue, sub_queue, info) VALUES (97, '2015-07-09 16:58:14.402551', '4217@mazaru.schibsted.cl', NULL, NULL, NULL, NULL, NULL, NULL, '
cmd:multi_product_mail
to:ups_wdb@yapo.cl
doc_type:bill
product_ids:103
ad_names:UPS wdb
commit:1', NULL, 'bump_mail', NULL, NULL);
INSERT INTO trans_queue (trans_queue_id, added_at, added_by, execute_at, executed_at, executed_by, status, locked_at, locked_by, command, response, queue, sub_queue, info) VALUES (98, '2015-07-09 16:58:37.39048', '4217@mazaru.schibsted.cl', NULL, NULL, NULL, NULL, NULL, NULL, 'cmd:admail
commit:1
ad_id:128
action_id:1
mail_type:accept
', NULL, 'accepted_mail', NULL, NULL);
INSERT INTO trans_queue (trans_queue_id, added_at, added_by, execute_at, executed_at, executed_by, status, locked_at, locked_by, command, response, queue, sub_queue, info) VALUES (99, '2015-07-09 17:00:22.280499', '4217@mazaru.schibsted.cl', NULL, NULL, NULL, NULL, NULL, NULL, 'cmd:admail
commit:1
ad_id:129
action_id:1
mail_type:accept
', NULL, 'accepted_mail', NULL, NULL);
INSERT INTO trans_queue (trans_queue_id, added_at, added_by, execute_at, executed_at, executed_by, status, locked_at, locked_by, command, response, queue, sub_queue, info) VALUES (101, '2015-07-09 17:01:39.825249', '4217@mazaru.schibsted.cl', NULL, NULL, NULL, NULL, NULL, NULL, '
cmd:multi_product_mail
to:ups_normal@yapo.cl
doc_type:bill
product_ids:103
ad_names:B ups - denied
commit:1', NULL, 'bump_mail', NULL, NULL);
INSERT INTO trans_queue (trans_queue_id, added_at, added_by, execute_at, executed_at, executed_by, status, locked_at, locked_by, command, response, queue, sub_queue, info) VALUES (100, '2015-07-09 17:01:39.820215', '4217@mazaru.schibsted.cl', '2015-07-09 17:03:39.820215', '2015-07-09 17:02:00.600797', NULL, 'CANCELED', NULL, NULL, '
cmd:weekly_bump_ad
ad_id:130
action_id:2
counter:4
batch:1
daily_bump:1
do_not_send_mail:1
is_upselling:1
commit:1', NULL, 'upselling', NULL, NULL);
SELECT pg_catalog.setval('trans_queue_id_seq', 101, true);
INSERT INTO user_params (user_id, name, value) VALUES (61, 'first_approved_ad', '2015-07-09 16:56:33.041813-03');
INSERT INTO user_params (user_id, name, value) VALUES (60, 'first_approved_ad', '2015-07-09 16:58:37.369513-03');
INSERT INTO user_params (user_id, name, value) VALUES (59, 'first_approved_ad', '2015-07-09 17:00:22.248252-03');
INSERT INTO user_params (user_id, name, value) VALUES (61, 'first_inserted_ad', '2015-07-09 16:56:33.041813-03');
INSERT INTO user_params (user_id, name, value) VALUES (60, 'first_inserted_ad', '2015-07-09 16:58:37.369513-03');
INSERT INTO user_params (user_id, name, value) VALUES (59, 'first_inserted_ad', '2015-07-09 17:00:22.248252-03');
SELECT pg_catalog.setval('users_user_id_seq', 62, true);

--Change all passwords to 123123123
update ads set salted_passwd =  E'$1024$2y1bQ}VYRD}zF4QCbf07a971b784888658a20e62156de64dfde5ffb6', passwd = null;
update accounts set salted_passwd =  E'$1024$2y1bQ}VYRD}zF4QCbf07a971b784888658a20e62156de64dfde5ffb6';
