DELETE FROM state_params WHERE ad_id in (126, 127);
DELETE FROM ad_params WHERE ad_id in (126, 127);
DELETE FROM action_states WHERE ad_id in (126, 127);
DELETE FROM action_params WHERE ad_id in (126, 127);
DELETE FROM ad_queues WHERE ad_id in (126, 127);
DELETE FROM ad_actions WHERE ad_id in (126, 127);
DELETE FROM ads WHERE ad_id in (126, 127);

DELETE FROM pay_log_references WHERE pay_log_id IN (213, 214, 215, 216);
DELETE FROM pay_log WHERE pay_log_id IN (213, 214, 215, 216);
DELETE FROM user_params WHERE user_id IN (59, 60);
DELETE FROM users WHERE user_id IN (59, 60);

DELETE FROM payments WHERE payment_group_id IN (166, 167);
DELETE FROM payment_groups WHERE payment_group_id IN (166, 167);


INSERT INTO users (user_id, uid, email, account, paid_total) VALUES (59, 55, 'test@user.com', 0, 0);
INSERT INTO users (user_id, uid, email, account, paid_total) VALUES (60, 55, 'test@yapo.com', 0, 0);
INSERT INTO ads (ad_id, list_id, list_time, status, type, name, phone, region, city, category, user_id, passwd, phone_hidden, no_salesmen, company_ad, subject, body, price, image, infopage, infopage_title, orig_list_time, old_price, store_id, salted_passwd, modified_at, lang) VALUES (126, NULL, NULL, 'inactive', 'buy', 'Test user', '123123123', 15, 0, 2020, 59, NULL, false, false, false, 'Aviso de auto 01', 'asd asd aads asd ads asd', 123123, NULL, NULL, NULL, NULL, NULL, NULL, '$1024$L"lWvr?t7:GA)_@^7a0f0163f5447fa74ca9f201aeb8ea3b99771663', NULL, 'es');
INSERT INTO ads (ad_id, list_id, list_time, status, type, name, phone, region, city, category, user_id, passwd, phone_hidden, no_salesmen, company_ad, subject, body, price, image, infopage, infopage_title, orig_list_time, old_price, store_id, salted_passwd, modified_at, lang) VALUES (127, NULL, NULL, 'inactive', 'sell', 'Test user', '123123123', 15, 0, 2020, 60, NULL, false, false, false, 'Aro standard 2000', 'asdasd asd ad asd', 123123, NULL, NULL, NULL, NULL, NULL, NULL, '$1024$v62xpeQ+L3y>AOe?47b1f3e606ca6042c521e6e657af9414c9095574', NULL, 'es');
INSERT INTO payment_groups (payment_group_id, code, status, added_at, parent_payment_group_id) VALUES (166, '633026231', 'verified', '2015-11-19 16:47:43.762287', NULL);
INSERT INTO payment_groups (payment_group_id, code, status, added_at, parent_payment_group_id) VALUES (167, '768418254', 'verified', '2015-11-19 16:49:19.516166', NULL);
INSERT INTO ad_actions (ad_id, action_id, action_type, current_state, state, queue, locked_by, locked_until, payment_group_id) VALUES (126, 1, 'new', 700, 'pending_review', 'first_da', NULL, NULL, 166);
INSERT INTO ad_actions (ad_id, action_id, action_type, current_state, state, queue, locked_by, locked_until, payment_group_id) VALUES (127, 1, 'new', 703, 'pending_review', 'normal', NULL, NULL, 167);
INSERT INTO action_params (ad_id, action_id, name, value) VALUES (126, 1, 'source', 'msite');
INSERT INTO action_params (ad_id, action_id, name, value) VALUES (126, 1, 'redir', 'dW5rbm93bg==');
INSERT INTO action_params (ad_id, action_id, name, value) VALUES (127, 1, 'source', 'web');
INSERT INTO action_params (ad_id, action_id, name, value) VALUES (127, 1, 'redir', 'dW5rbm93bg==');
INSERT INTO action_states (ad_id, action_id, state_id, state, transition, "timestamp", remote_addr, token_id) VALUES (126, 1, 698, 'reg', 'initial', '2015-11-19 16:47:43.762287', '10.0.1.176', NULL);
INSERT INTO action_states (ad_id, action_id, state_id, state, transition, "timestamp", remote_addr, token_id) VALUES (126, 1, 699, 'unverified', 'verifymail', '2015-11-19 16:47:43.762287', '10.0.1.176', NULL);
INSERT INTO action_states (ad_id, action_id, state_id, state, transition, "timestamp", remote_addr, token_id) VALUES (126, 1, 700, 'pending_review', 'verify', '2015-11-19 16:47:43.812052', '10.0.1.176', NULL);
INSERT INTO action_states (ad_id, action_id, state_id, state, transition, "timestamp", remote_addr, token_id) VALUES (127, 1, 701, 'reg', 'initial', '2015-11-19 16:49:19.516166', '10.0.1.176', NULL);
INSERT INTO action_states (ad_id, action_id, state_id, state, transition, "timestamp", remote_addr, token_id) VALUES (127, 1, 702, 'unverified', 'verifymail', '2015-11-19 16:49:19.516166', '10.0.1.176', NULL);
INSERT INTO action_states (ad_id, action_id, state_id, state, transition, "timestamp", remote_addr, token_id) VALUES (127, 1, 703, 'pending_review', 'verify', '2015-11-19 16:49:19.557139', '10.0.1.176', NULL);
SELECT pg_catalog.setval('action_states_state_id_seq', 703, true);
-- INSERT INTO ad_codes (code, code_type) VALUES (24741, 'pay');
-- INSERT INTO ad_codes (code, code_type) VALUES (56764, 'pay');
INSERT INTO ad_params (ad_id, name, value) VALUES (126, 'regdate', '1977');
INSERT INTO ad_params (ad_id, name, value) VALUES (126, 'mileage', '100000');
INSERT INTO ad_params (ad_id, name, value) VALUES (126, 'gearbox', '2');
INSERT INTO ad_params (ad_id, name, value) VALUES (126, 'fuel', '1');
INSERT INTO ad_params (ad_id, name, value) VALUES (126, 'cartype', '1');
INSERT INTO ad_params (ad_id, name, value) VALUES (126, 'communes', '315');
INSERT INTO ad_params (ad_id, name, value) VALUES (126, 'brand', '4');
INSERT INTO ad_params (ad_id, name, value) VALUES (126, 'model', '4');
INSERT INTO ad_params (ad_id, name, value) VALUES (126, 'version', '2');
INSERT INTO ad_params (ad_id, name, value) VALUES (126, 'geoposition', '-33.4199352,-70.5989755');
INSERT INTO ad_params (ad_id, name, value) VALUES (126, 'country', 'UNK');
INSERT INTO ad_params (ad_id, name, value) VALUES (127, 'regdate', '2000');
INSERT INTO ad_params (ad_id, name, value) VALUES (127, 'mileage', '120000');
INSERT INTO ad_params (ad_id, name, value) VALUES (127, 'gearbox', '1');
INSERT INTO ad_params (ad_id, name, value) VALUES (127, 'fuel', '1');
INSERT INTO ad_params (ad_id, name, value) VALUES (127, 'cartype', '3');
INSERT INTO ad_params (ad_id, name, value) VALUES (127, 'communes', '315');
INSERT INTO ad_params (ad_id, name, value) VALUES (127, 'prev_currency', 'peso');
INSERT INTO ad_params (ad_id, name, value) VALUES (127, 'brand', '5');
INSERT INTO ad_params (ad_id, name, value) VALUES (127, 'model', '2');
INSERT INTO ad_params (ad_id, name, value) VALUES (127, 'version', '1');
INSERT INTO ad_params (ad_id, name, value) VALUES (127, 'country', 'UNK');
INSERT INTO ad_queues (ad_id, action_id, queue, queued_at, locked_by, locked_until) VALUES (126, 1, 'first_da', '2015-11-19 16:47:43.812052', NULL, NULL);
INSERT INTO ad_queues (ad_id, action_id, queue, queued_at, locked_by, locked_until) VALUES (127, 1, 'normal', '2015-11-19 16:49:19.557139', NULL, NULL);
SELECT pg_catalog.setval('ads_ad_id_seq', 127, true);
SELECT pg_catalog.setval('pay_code_seq', 468, true);
INSERT INTO pay_log (pay_log_id, pay_type, amount, code, token_id, paid_at, payment_group_id, status) VALUES (213, 'save', 0, '633026231', NULL, '2015-11-19 16:47:44', 166, 'SAVE');
INSERT INTO pay_log (pay_log_id, pay_type, amount, code, token_id, paid_at, payment_group_id, status) VALUES (214, 'verify', 0, '633026231', NULL, '2015-11-19 16:47:44', 166, 'OK');
INSERT INTO pay_log (pay_log_id, pay_type, amount, code, token_id, paid_at, payment_group_id, status) VALUES (215, 'save', 0, '768418254', NULL, '2015-11-19 16:49:20', 167, 'SAVE');
INSERT INTO pay_log (pay_log_id, pay_type, amount, code, token_id, paid_at, payment_group_id, status) VALUES (216, 'verify', 0, '768418254', NULL, '2015-11-19 16:49:20', 167, 'OK');
SELECT pg_catalog.setval('pay_log_pay_log_id_seq', 216, true);
INSERT INTO pay_log_references (pay_log_id, ref_num, ref_type, reference) VALUES (213, 0, 'adphone', '123123123');
INSERT INTO pay_log_references (pay_log_id, ref_num, ref_type, reference) VALUES (213, 1, 'remote_addr', '10.0.1.176');
INSERT INTO pay_log_references (pay_log_id, ref_num, ref_type, reference) VALUES (214, 0, 'remote_addr', '10.0.1.176');
INSERT INTO pay_log_references (pay_log_id, ref_num, ref_type, reference) VALUES (215, 0, 'adphone', '123123123');
INSERT INTO pay_log_references (pay_log_id, ref_num, ref_type, reference) VALUES (215, 1, 'remote_addr', '10.0.1.176');
INSERT INTO pay_log_references (pay_log_id, ref_num, ref_type, reference) VALUES (216, 0, 'remote_addr', '10.0.1.176');
SELECT pg_catalog.setval('payment_groups_payment_group_id_seq', 167, true);
INSERT INTO payments (payment_group_id, payment_type, pay_amount, discount) VALUES (166, 'ad_action', 0, 0);
INSERT INTO payments (payment_group_id, payment_type, pay_amount, discount) VALUES (167, 'ad_action', 0, 0);
INSERT INTO state_params (ad_id, action_id, state_id, name, value) VALUES (126, 1, 700, 'queue', 'first_da');
INSERT INTO state_params (ad_id, action_id, state_id, name, value) VALUES (127, 1, 703, 'queue', 'normal');
SELECT pg_catalog.setval('uid_seq', 55, true);
INSERT INTO user_params (user_id, name, value) VALUES (59, 'first_inserted_ad', '2015-11-19 16:47:43.762287-03');
INSERT INTO user_params (user_id, name, value) VALUES (60, 'first_inserted_ad', '2015-11-19 16:47:43.762287-03');
SELECT pg_catalog.setval('users_user_id_seq', 60, true);
