INSERT INTO payment_groups (payment_group_id, code, status, added_at, parent_payment_group_id) VALUES (166, '12345', 'paid', '2014-07-15 12:48:42.71921', NULL);
INSERT INTO payment_groups (payment_group_id, code, status, added_at, parent_payment_group_id) VALUES (167, '65432', 'paid', '2014-07-15 12:48:42.71921', 166);
INSERT INTO payment_groups (payment_group_id, code, status, added_at, parent_payment_group_id) VALUES (168, '32323', 'paid', '2014-07-15 12:48:42.71921', 166);
INSERT INTO payment_groups (payment_group_id, code, status, added_at, parent_payment_group_id) VALUES (169, '54545', 'paid', '2014-07-15 12:48:42.71921', 166);
INSERT INTO payment_groups (payment_group_id, code, status, added_at, parent_payment_group_id) VALUES (170, '12345', 'paid', '2014-10-22 12:05:29.325122', NULL);
INSERT INTO payment_groups (payment_group_id, code, status, added_at, parent_payment_group_id) VALUES (171, '12345', 'paid', '2014-10-23 19:15:46.649449', NULL);
INSERT INTO payment_groups (payment_group_id, code, status, added_at, parent_payment_group_id) VALUES (172, '65432', 'paid', '2014-10-23 19:17:28.483897', NULL);
INSERT INTO payment_groups (payment_group_id, code, status, added_at, parent_payment_group_id) VALUES (173, '32323', 'paid', '2014-10-23 19:17:40.487087', NULL);
INSERT INTO payment_groups (payment_group_id, code, status, added_at, parent_payment_group_id) VALUES (174, '12345', 'paid', '2014-11-19 16:47:53.61302', NULL);
INSERT INTO payment_groups (payment_group_id, code, status, added_at, parent_payment_group_id) VALUES (175, '65432', 'paid', '2014-11-19 16:47:53.61302', 174);
INSERT INTO payment_groups (payment_group_id, code, status, added_at, parent_payment_group_id) VALUES (176, '32323', 'paid', '2014-11-19 16:47:53.61302', 174);
INSERT INTO payment_groups (payment_group_id, code, status, added_at, parent_payment_group_id) VALUES (177, '54545', 'paid', '2014-11-19 16:47:53.61302', 174);
INSERT INTO ad_actions (ad_id, action_id, action_type, current_state, state, queue, locked_by, locked_until, payment_group_id) VALUES (72, 2, 'gallery', 705, 'accepted', 'normal', NULL, NULL, 168);
INSERT INTO ad_actions (ad_id, action_id, action_type, current_state, state, queue, locked_by, locked_until, payment_group_id) VALUES (90, 2, 'bump', 707, 'accepted', 'normal', NULL, NULL, 167);
INSERT INTO ad_actions (ad_id, action_id, action_type, current_state, state, queue, locked_by, locked_until, payment_group_id) VALUES (76, 2, 'weekly_bump', 708, 'accepted', 'normal', NULL, NULL, 169);
INSERT INTO ad_actions (ad_id, action_id, action_type, current_state, state, queue, locked_by, locked_until, payment_group_id) VALUES (76, 3, 'bump', 710, 'accepted', 'normal', NULL, NULL, NULL);
INSERT INTO ad_actions (ad_id, action_id, action_type, current_state, state, queue, locked_by, locked_until, payment_group_id) VALUES (33, 2, 'daily_bump', 720, 'accepted', 'normal', NULL, NULL, 175);
INSERT INTO ad_actions (ad_id, action_id, action_type, current_state, state, queue, locked_by, locked_until, payment_group_id) VALUES (33, 3, 'bump', 722, 'accepted', 'normal', NULL, NULL, NULL);
INSERT INTO ad_actions (ad_id, action_id, action_type, current_state, state, queue, locked_by, locked_until, payment_group_id) VALUES (41, 2, 'daily_bump', 723, 'accepted', 'normal', NULL, NULL, 176);
INSERT INTO ad_actions (ad_id, action_id, action_type, current_state, state, queue, locked_by, locked_until, payment_group_id) VALUES (41, 3, 'bump', 725, 'accepted', 'normal', NULL, NULL, NULL);
INSERT INTO ad_actions (ad_id, action_id, action_type, current_state, state, queue, locked_by, locked_until, payment_group_id) VALUES (42, 2, 'daily_bump', 726, 'accepted', 'normal', NULL, NULL, 177);
INSERT INTO ad_actions (ad_id, action_id, action_type, current_state, state, queue, locked_by, locked_until, payment_group_id) VALUES (42, 3, 'bump', 728, 'accepted', 'normal', NULL, NULL, NULL);
INSERT INTO stores (store_id, name, phone, address, info_text, status, date_start, date_end, region, url, hide_phone, commune, address_number, website_url, main_image, main_image_offset, logo_image, account_id) VALUES (1, NULL, NULL, NULL, NULL, 'inactive', '2014-10-22 12:05:29.299273', '2014-10-23 19:45:49.370551', NULL, NULL, NULL, NULL, NULL, NULL, NULL, NULL, NULL, 1);
INSERT INTO tokens (token_id, token, admin_id, created_at, valid_to, remote_addr, info, store_id, email) VALUES (715, 'X53c55a364a7a9f44000000007f1a985f00000000', 9, '2014-07-15 12:43:33.579197', '2014-07-15 12:43:33.758133', '10.0.1.164', 'authenticate', NULL, NULL);
INSERT INTO tokens (token_id, token, admin_id, created_at, valid_to, remote_addr, info, store_id, email) VALUES (716, 'X53c55a367a3fee1000000005a44bc1100000000', 9, '2014-07-15 12:43:33.758133', '2014-07-15 12:50:02.410822', '10.0.1.164', 'spamfilter', NULL, NULL);
INSERT INTO tokens (token_id, token, admin_id, created_at, valid_to, remote_addr, info, store_id, email) VALUES (717, 'X53c55bba43af99b90000000045935e3700000000', 9, '2014-07-15 12:50:02.410822', '2014-07-15 12:50:57.176523', '10.0.1.164', 'Websql', NULL, NULL);
INSERT INTO tokens (token_id, token, admin_id, created_at, valid_to, remote_addr, info, store_id, email) VALUES (718, 'X53c55bf1262370c2000000003d7a7ec00000000', 9, '2014-07-15 12:50:57.176523', '2014-07-15 12:51:12.597286', '10.0.1.164', 'Websql', NULL, NULL);
INSERT INTO tokens (token_id, token, admin_id, created_at, valid_to, remote_addr, info, store_id, email) VALUES (719, 'X53c55c0142342228000000005a580a3500000000', 9, '2014-07-15 12:51:12.597286', '2014-07-15 12:51:21.780302', '10.0.1.164', 'listadmins', NULL, NULL);
INSERT INTO tokens (token_id, token, admin_id, created_at, valid_to, remote_addr, info, store_id, email) VALUES (720, 'X53c55c0a13bc87140000000064951d6200000000', 9, '2014-07-15 12:51:21.780302', '2014-07-15 12:51:35.671465', '10.0.1.164', 'listadmins', NULL, NULL);
INSERT INTO tokens (token_id, token, admin_id, created_at, valid_to, remote_addr, info, store_id, email) VALUES (721, 'X53c55c183c7d8aeb000000005c300d5600000000', 9, '2014-07-15 12:51:35.671465', '2014-07-15 12:51:35.687933', '10.0.1.164', 'saveadmin', NULL, NULL);
INSERT INTO tokens (token_id, token, admin_id, created_at, valid_to, remote_addr, info, store_id, email) VALUES (722, 'X53c55c1868cf45f40000000036c0a26900000000', 9, '2014-07-15 12:51:35.687933', '2014-07-15 12:51:39.525216', '10.0.1.164', 'listadmins', NULL, NULL);
INSERT INTO tokens (token_id, token, admin_id, created_at, valid_to, remote_addr, info, store_id, email) VALUES (723, 'X53c55c234a957065000000003c7dbddf00000000', 9, '2014-07-15 12:51:46.815063', '2014-07-15 12:51:46.94826', '10.0.1.164', 'authenticate', NULL, NULL);
INSERT INTO tokens (token_id, token, admin_id, created_at, valid_to, remote_addr, info, store_id, email) VALUES (724, 'X53c55c2341c308f00000000a028e5000000000', 9, '2014-07-15 12:51:46.94826', '2014-07-15 12:51:57.893088', '10.0.1.164', 'spamfilter', NULL, NULL);
INSERT INTO tokens (token_id, token, admin_id, created_at, valid_to, remote_addr, info, store_id, email) VALUES (725, 'X53c55c2eab700b9000000001d87ee5c00000000', 9, '2014-07-15 12:51:57.893088', '2014-07-15 13:51:57.893088', '10.0.1.164', 'Websql', NULL, NULL);
INSERT INTO tokens (token_id, token, admin_id, created_at, valid_to, remote_addr, info, store_id, email) VALUES (726, 'X5447c7945a789c0000000029b935c300000000', 9, '2014-10-22 12:04:52.003515', '2014-10-22 12:04:52.175967', '10.0.1.138', 'authenticate', NULL, NULL);
INSERT INTO tokens (token_id, token, admin_id, created_at, valid_to, remote_addr, info, store_id, email) VALUES (727, 'X5447c7948536863000000006371a89700000000', 9, '2014-10-22 12:04:52.175967', '2014-10-22 12:05:29.294996', '10.0.1.138', 'spamfilter', NULL, NULL);
INSERT INTO tokens (token_id, token, admin_id, created_at, valid_to, remote_addr, info, store_id, email) VALUES (728, 'X5447c7b973089185000000005e5c6b7500000000', 9, '2014-10-22 12:05:29.294996', '2014-10-22 12:05:29.319736', '10.0.1.138', 'create_store', NULL, NULL);
INSERT INTO tokens (token_id, token, admin_id, created_at, valid_to, remote_addr, info, store_id, email) VALUES (729, 'X5447c7b93389d58f000000003d4a003300000000', 9, '2014-10-22 12:05:29.319736', '2014-10-22 13:05:29.319736', '10.0.1.138', 'purchase_insert', NULL, NULL);
INSERT INTO tokens (token_id, token, admin_id, created_at, valid_to, remote_addr, info, store_id, email) VALUES (730, 'X544978042f99eaf3000000007a0dff200000000', 9, '2014-10-23 18:49:55.905986', '2014-10-23 18:49:56.036974', '10.0.1.138', 'authenticate', NULL, NULL);
INSERT INTO tokens (token_id, token, admin_id, created_at, valid_to, remote_addr, info, store_id, email) VALUES (731, 'X54497804206b4ca9000000007e2aacf000000000', 9, '2014-10-23 18:49:56.036974', '2014-10-23 19:14:52.582401', '10.0.1.138', 'spamfilter', NULL, NULL);
INSERT INTO tokens (token_id, token, admin_id, created_at, valid_to, remote_addr, info, store_id, email) VALUES (732, 'X54497ddd4cf72679000000006f5d0c9f00000000', 9, '2014-10-23 19:14:52.582401', '2014-10-23 19:14:52.640099', '10.0.1.138', 'authenticate', NULL, NULL);
INSERT INTO tokens (token_id, token, admin_id, created_at, valid_to, remote_addr, info, store_id, email) VALUES (733, 'X54497ddd3e626098000000007f8bec4f00000000', 9, '2014-10-23 19:14:52.640099', '2014-10-23 19:15:07.770662', '10.0.1.138', 'spamfilter', NULL, NULL);
INSERT INTO tokens (token_id, token, admin_id, created_at, valid_to, remote_addr, info, store_id, email) VALUES (734, 'X54497dec6e5f9a62000000003b45a4f200000000', 9, '2014-10-23 19:15:07.770662', '2014-10-23 19:15:14.320099', '10.0.1.138', 'Websql', NULL, NULL);
INSERT INTO tokens (token_id, token, admin_id, created_at, valid_to, remote_addr, info, store_id, email) VALUES (735, 'X54497df23f2ff9f2000000002f81b9d000000000', 9, '2014-10-23 19:15:14.320099', '2014-10-23 19:15:46.648214', '10.0.1.138', 'Websql', NULL, NULL);
INSERT INTO tokens (token_id, token, admin_id, created_at, valid_to, remote_addr, info, store_id, email) VALUES (736, 'X54497e134f89174100000000207e86d900000000', 9, '2014-10-23 19:15:46.648214', '2014-10-23 19:17:28.480172', '10.0.1.138', 'purchase_insert', NULL, NULL);
INSERT INTO tokens (token_id, token, admin_id, created_at, valid_to, remote_addr, info, store_id, email) VALUES (737, 'X54497e781280224d000000007b75f50600000000', 9, '2014-10-23 19:17:28.480172', '2014-10-23 19:17:40.485623', '10.0.1.138', 'purchase_insert', NULL, NULL);
INSERT INTO tokens (token_id, token, admin_id, created_at, valid_to, remote_addr, info, store_id, email) VALUES (738, 'X54497e8456937417000000003a91276d00000000', 9, '2014-10-23 19:17:40.485623', '2014-10-23 19:17:52.087003', '10.0.1.138', 'purchase_insert', NULL, NULL);
INSERT INTO tokens (token_id, token, admin_id, created_at, valid_to, remote_addr, info, store_id, email) VALUES (739, 'X54497e907d96d419000000004f39c8b500000000', 9, '2014-10-23 19:17:52.087003', '2014-10-23 19:18:04.118992', '10.0.1.138', 'Websql', NULL, NULL);
INSERT INTO tokens (token_id, token, admin_id, created_at, valid_to, remote_addr, info, store_id, email) VALUES (740, 'X54497e9c538af405000000005e562a7600000000', 9, '2014-10-23 19:18:04.118992', '2014-10-23 20:18:04.118992', '10.0.1.138', 'Websql', NULL, NULL);
INSERT INTO tokens (token_id, token, admin_id, created_at, valid_to, remote_addr, info, store_id, email) VALUES (741, 'X546cf0a042427e92000000005ff86ec00000000', 9, '2014-11-19 16:33:52.132813', '2014-11-19 16:33:52.234563', '10.0.1.108', 'authenticate', NULL, NULL);
INSERT INTO tokens (token_id, token, admin_id, created_at, valid_to, remote_addr, info, store_id, email) VALUES (742, 'X546cf0a0774ea6d8000000002dc8fc6000000000', 9, '2014-11-19 16:33:52.234563', '2014-11-19 16:47:53.605636', '10.0.1.108', 'spamfilter', NULL, NULL);
INSERT INTO tokens (token_id, token, admin_id, created_at, valid_to, remote_addr, info, store_id, email) VALUES (743, 'X546cf3ea462373d0000000003d8129100000000', 9, '2014-11-19 16:47:53.605636', '2014-11-19 16:48:28.043388', '10.0.1.108', 'purchase_insert', NULL, NULL);
INSERT INTO tokens (token_id, token, admin_id, created_at, valid_to, remote_addr, info, store_id, email) VALUES (744, 'X546cf40c2a1cb2400000000036550bc400000000', 9, '2014-11-19 16:48:28.043388', '2014-11-19 16:48:47.216304', '10.0.1.108', 'Websql', NULL, NULL);
INSERT INTO tokens (token_id, token, admin_id, created_at, valid_to, remote_addr, info, store_id, email) VALUES (745, 'X546cf41f633fcde700000000328f8a6500000000', 9, '2014-11-19 16:48:47.216304', '2014-11-19 17:48:47.216304', '10.0.1.108', 'Websql', NULL, NULL);
INSERT INTO action_states (ad_id, action_id, state_id, state, transition, "timestamp", remote_addr, token_id) VALUES (90, 2, 698, 'reg', 'initial', '2014-07-15 12:48:42.71921', '10.0.1.164', 729);
INSERT INTO action_states (ad_id, action_id, state_id, state, transition, "timestamp", remote_addr, token_id) VALUES (90, 2, 699, 'unpaid', 'pending_pay', '2014-07-15 12:48:42.71921', '10.0.1.164', 729);
INSERT INTO action_states (ad_id, action_id, state_id, state, transition, "timestamp", remote_addr, token_id) VALUES (72, 2, 700, 'reg', 'initial', '2014-07-15 12:48:42.71921', '10.0.1.164', 729);
INSERT INTO action_states (ad_id, action_id, state_id, state, transition, "timestamp", remote_addr, token_id) VALUES (72, 2, 701, 'unpaid', 'pending_pay', '2014-07-15 12:48:42.71921', '10.0.1.164', 729);
INSERT INTO action_states (ad_id, action_id, state_id, state, transition, "timestamp", remote_addr, token_id) VALUES (76, 2, 702, 'reg', 'initial', '2014-07-15 12:48:42.71921', '10.0.1.164', 729);
INSERT INTO action_states (ad_id, action_id, state_id, state, transition, "timestamp", remote_addr, token_id) VALUES (76, 2, 703, 'unpaid', 'pending_pay', '2014-07-15 12:48:42.71921', '10.0.1.164', 729);
INSERT INTO action_states (ad_id, action_id, state_id, state, transition, "timestamp", remote_addr, token_id) VALUES (90, 2, 704, 'pending_bump', 'pay', '2014-07-15 12:48:49.085225', NULL, 729);
INSERT INTO action_states (ad_id, action_id, state_id, state, transition, "timestamp", remote_addr, token_id) VALUES (72, 2, 705, 'accepted', 'pay', '2014-07-15 12:48:49.12707', NULL, 729);
INSERT INTO action_states (ad_id, action_id, state_id, state, transition, "timestamp", remote_addr, token_id) VALUES (76, 2, 706, 'accepted', 'pay', '2014-07-15 12:48:49.201113', NULL, 729);
INSERT INTO action_states (ad_id, action_id, state_id, state, transition, "timestamp", remote_addr, token_id) VALUES (90, 2, 707, 'accepted', 'bump', '2014-07-15 12:48:49.29704', NULL, 729);
INSERT INTO action_states (ad_id, action_id, state_id, state, transition, "timestamp", remote_addr, token_id) VALUES (76, 2, 708, 'accepted', 'updating_counter', '2014-07-15 12:48:49.30816', NULL, 729);
INSERT INTO action_states (ad_id, action_id, state_id, state, transition, "timestamp", remote_addr, token_id) VALUES (76, 3, 709, 'reg', 'initial', '2014-07-15 12:48:49.316133', NULL, 729);
INSERT INTO action_states (ad_id, action_id, state_id, state, transition, "timestamp", remote_addr, token_id) VALUES (76, 3, 710, 'accepted', 'bump', '2014-07-15 12:48:49.316133', NULL, 729);
INSERT INTO action_states (ad_id, action_id, state_id, state, transition, "timestamp", remote_addr, token_id) VALUES (33, 2, 711, 'reg', 'initial', '2014-11-19 16:47:53.61302', '10.0.1.108', 742);
INSERT INTO action_states (ad_id, action_id, state_id, state, transition, "timestamp", remote_addr, token_id) VALUES (33, 2, 712, 'unpaid', 'pending_pay', '2014-11-19 16:47:53.61302', '10.0.1.108', 742);
INSERT INTO action_states (ad_id, action_id, state_id, state, transition, "timestamp", remote_addr, token_id) VALUES (41, 2, 713, 'reg', 'initial', '2014-11-19 16:47:53.61302', '10.0.1.108', 742);
INSERT INTO action_states (ad_id, action_id, state_id, state, transition, "timestamp", remote_addr, token_id) VALUES (41, 2, 714, 'unpaid', 'pending_pay', '2014-11-19 16:47:53.61302', '10.0.1.108', 742);
INSERT INTO action_states (ad_id, action_id, state_id, state, transition, "timestamp", remote_addr, token_id) VALUES (42, 2, 715, 'reg', 'initial', '2014-11-19 16:47:53.61302', '10.0.1.108', 742);
INSERT INTO action_states (ad_id, action_id, state_id, state, transition, "timestamp", remote_addr, token_id) VALUES (42, 2, 716, 'unpaid', 'pending_pay', '2014-11-19 16:47:53.61302', '10.0.1.108', 742);
INSERT INTO action_states (ad_id, action_id, state_id, state, transition, "timestamp", remote_addr, token_id) VALUES (33, 2, 717, 'accepted', 'pay', '2014-11-19 16:47:59.303118', NULL, NULL);
INSERT INTO action_states (ad_id, action_id, state_id, state, transition, "timestamp", remote_addr, token_id) VALUES (41, 2, 718, 'accepted', 'pay', '2014-11-19 16:47:59.332262', NULL, NULL);
INSERT INTO action_states (ad_id, action_id, state_id, state, transition, "timestamp", remote_addr, token_id) VALUES (42, 2, 719, 'accepted', 'pay', '2014-11-19 16:47:59.342055', NULL, NULL);
INSERT INTO action_states (ad_id, action_id, state_id, state, transition, "timestamp", remote_addr, token_id) VALUES (33, 2, 720, 'accepted', 'updating_counter', '2014-11-19 16:47:59.399803', NULL, NULL);
INSERT INTO action_states (ad_id, action_id, state_id, state, transition, "timestamp", remote_addr, token_id) VALUES (33, 3, 721, 'reg', 'initial', '2014-11-19 16:47:59.406169', NULL, NULL);
INSERT INTO action_states (ad_id, action_id, state_id, state, transition, "timestamp", remote_addr, token_id) VALUES (33, 3, 722, 'accepted', 'bump', '2014-11-19 16:47:59.406169', NULL, NULL);
INSERT INTO action_states (ad_id, action_id, state_id, state, transition, "timestamp", remote_addr, token_id) VALUES (41, 2, 723, 'accepted', 'updating_counter', '2014-11-19 16:47:59.41037', NULL, NULL);
INSERT INTO action_states (ad_id, action_id, state_id, state, transition, "timestamp", remote_addr, token_id) VALUES (41, 3, 724, 'reg', 'initial', '2014-11-19 16:47:59.427381', NULL, NULL);
INSERT INTO action_states (ad_id, action_id, state_id, state, transition, "timestamp", remote_addr, token_id) VALUES (41, 3, 725, 'accepted', 'bump', '2014-11-19 16:47:59.427381', NULL, NULL);
INSERT INTO action_states (ad_id, action_id, state_id, state, transition, "timestamp", remote_addr, token_id) VALUES (42, 2, 726, 'accepted', 'updating_counter', '2014-11-19 16:47:59.428951', NULL, NULL);
INSERT INTO action_states (ad_id, action_id, state_id, state, transition, "timestamp", remote_addr, token_id) VALUES (42, 3, 727, 'reg', 'initial', '2014-11-19 16:47:59.44491', NULL, NULL);
INSERT INTO action_states (ad_id, action_id, state_id, state, transition, "timestamp", remote_addr, token_id) VALUES (42, 3, 728, 'accepted', 'bump', '2014-11-19 16:47:59.44491', NULL, NULL);
SELECT pg_catalog.setval('action_states_state_id_seq', 728, true);
INSERT INTO ad_changes (ad_id, action_id, state_id, is_param, column_name, old_value, new_value) VALUES (76, 2, 708, true, 'weekly_bump', NULL, '3');
INSERT INTO ad_changes (ad_id, action_id, state_id, is_param, column_name, old_value, new_value) VALUES (72, 2, 705, true, 'gallery', NULL, '2014-07-15 12:58:49');
INSERT INTO ad_changes (ad_id, action_id, state_id, is_param, column_name, old_value, new_value) VALUES (33, 2, 720, true, 'daily_bump', NULL, '6');
INSERT INTO ad_changes (ad_id, action_id, state_id, is_param, column_name, old_value, new_value) VALUES (41, 2, 723, true, 'daily_bump', NULL, '6');
INSERT INTO ad_changes (ad_id, action_id, state_id, is_param, column_name, old_value, new_value) VALUES (42, 2, 726, true, 'daily_bump', NULL, '6');
INSERT INTO ad_params (ad_id, name, value) VALUES (76, 'weekly_bump', '3');
INSERT INTO ad_params (ad_id, name, value) VALUES (72, 'gallery', '2014-07-15 12:58:49');
INSERT INTO ad_params (ad_id, name, value) VALUES (33, 'daily_bump', '6');
INSERT INTO ad_params (ad_id, name, value) VALUES (41, 'daily_bump', '6');
INSERT INTO ad_params (ad_id, name, value) VALUES (42, 'daily_bump', '6');
INSERT INTO pay_log (pay_log_id, pay_type, amount, code, token_id, paid_at, payment_group_id, status) VALUES (213, 'save', 0, '65432', NULL, '2014-07-15 12:48:43', 167, 'SAVE');
INSERT INTO pay_log (pay_log_id, pay_type, amount, code, token_id, paid_at, payment_group_id, status) VALUES (214, 'save', 0, '32323', NULL, '2014-07-15 12:48:43', 168, 'SAVE');
INSERT INTO pay_log (pay_log_id, pay_type, amount, code, token_id, paid_at, payment_group_id, status) VALUES (215, 'save', 0, '54545', NULL, '2014-07-15 12:48:43', 169, 'SAVE');
INSERT INTO pay_log (pay_log_id, pay_type, amount, code, token_id, paid_at, payment_group_id, status) VALUES (216, 'paycard_save', 0, '12345', NULL, '2014-07-15 12:48:48', 166, 'SAVE');
INSERT INTO pay_log (pay_log_id, pay_type, amount, code, token_id, paid_at, payment_group_id, status) VALUES (217, 'paycard', 1000, '00167a', NULL, '2014-07-15 12:48:49', 167, 'OK');
INSERT INTO pay_log (pay_log_id, pay_type, amount, code, token_id, paid_at, payment_group_id, status) VALUES (218, 'paycard', 3990, '00168a', NULL, '2014-07-15 12:48:49', 168, 'OK');
INSERT INTO pay_log (pay_log_id, pay_type, amount, code, token_id, paid_at, payment_group_id, status) VALUES (219, 'paycard', 2990, '00169a', NULL, '2014-07-15 12:48:49', 169, 'OK');
INSERT INTO pay_log (pay_log_id, pay_type, amount, code, token_id, paid_at, payment_group_id, status) VALUES (220, 'paycard', 7980, '12345', NULL, '2014-07-15 12:48:49', 166, 'OK');
INSERT INTO pay_log (pay_log_id, pay_type, amount, code, token_id, paid_at, payment_group_id, status) VALUES (221, 'save', 0, '12345', NULL, '2014-10-22 12:05:29', 170, 'SAVE');
INSERT INTO pay_log (pay_log_id, pay_type, amount, code, token_id, paid_at, payment_group_id, status) VALUES (222, 'paycard_save', 0, '12345', NULL, '2014-10-22 12:05:32', 170, 'SAVE');
INSERT INTO pay_log (pay_log_id, pay_type, amount, code, token_id, paid_at, payment_group_id, status) VALUES (223, 'save', 0, '12345', NULL, '2014-10-23 19:15:47', 171, 'SAVE');
INSERT INTO pay_log (pay_log_id, pay_type, amount, code, token_id, paid_at, payment_group_id, status) VALUES (224, 'paycard_save', 0, '12345', NULL, '2014-10-23 19:15:49', 171, 'SAVE');
INSERT INTO pay_log (pay_log_id, pay_type, amount, code, token_id, paid_at, payment_group_id, status) VALUES (225, 'save', 0, '65432', NULL, '2014-10-23 19:17:28', 172, 'SAVE');
INSERT INTO pay_log (pay_log_id, pay_type, amount, code, token_id, paid_at, payment_group_id, status) VALUES (226, 'paycard_save', 0, '65432', NULL, '2014-10-23 19:17:31', 172, 'SAVE');
INSERT INTO pay_log (pay_log_id, pay_type, amount, code, token_id, paid_at, payment_group_id, status) VALUES (227, 'save', 0, '32323', NULL, '2014-10-23 19:17:40', 173, 'SAVE');
INSERT INTO pay_log (pay_log_id, pay_type, amount, code, token_id, paid_at, payment_group_id, status) VALUES (228, 'paycard_save', 0, '32323', NULL, '2014-10-23 19:17:43', 173, 'SAVE');
INSERT INTO pay_log (pay_log_id, pay_type, amount, code, token_id, paid_at, payment_group_id, status) VALUES (229, 'save', 0, '65432', NULL, '2014-11-19 16:47:54', 175, 'SAVE');
INSERT INTO pay_log (pay_log_id, pay_type, amount, code, token_id, paid_at, payment_group_id, status) VALUES (230, 'save', 0, '32323', NULL, '2014-11-19 16:47:54', 176, 'SAVE');
INSERT INTO pay_log (pay_log_id, pay_type, amount, code, token_id, paid_at, payment_group_id, status) VALUES (231, 'save', 0, '54545', NULL, '2014-11-19 16:47:54', 177, 'SAVE');
INSERT INTO pay_log (pay_log_id, pay_type, amount, code, token_id, paid_at, payment_group_id, status) VALUES (232, 'paycard_save', 0, '12345', NULL, '2014-11-19 16:47:59', 174, 'SAVE');
INSERT INTO pay_log (pay_log_id, pay_type, amount, code, token_id, paid_at, payment_group_id, status) VALUES (233, 'paycard', 11500, '00175a', NULL, '2014-11-19 16:47:59', 175, 'OK');
INSERT INTO pay_log (pay_log_id, pay_type, amount, code, token_id, paid_at, payment_group_id, status) VALUES (234, 'paycard', 8000, '00176a', NULL, '2014-11-19 16:47:59', 176, 'OK');
INSERT INTO pay_log (pay_log_id, pay_type, amount, code, token_id, paid_at, payment_group_id, status) VALUES (235, 'paycard', 4500, '00177a', NULL, '2014-11-19 16:47:59', 177, 'OK');
INSERT INTO pay_log (pay_log_id, pay_type, amount, code, token_id, paid_at, payment_group_id, status) VALUES (236, 'paycard', 24000, '12345', NULL, '2014-11-19 16:47:59', 174, 'OK');
SELECT pg_catalog.setval('pay_log_pay_log_id_seq', 236, true);
INSERT INTO pay_log_references (pay_log_id, ref_num, ref_type, reference) VALUES (213, 0, 'remote_addr', '10.0.1.164');
INSERT INTO pay_log_references (pay_log_id, ref_num, ref_type, reference) VALUES (214, 0, 'remote_addr', '10.0.1.164');
INSERT INTO pay_log_references (pay_log_id, ref_num, ref_type, reference) VALUES (215, 0, 'remote_addr', '10.0.1.164');
INSERT INTO pay_log_references (pay_log_id, ref_num, ref_type, reference) VALUES (216, 0, 'auth_code', '625810');
INSERT INTO pay_log_references (pay_log_id, ref_num, ref_type, reference) VALUES (216, 1, 'trans_date', '15/07/2014 12:48:46');
INSERT INTO pay_log_references (pay_log_id, ref_num, ref_type, reference) VALUES (216, 2, 'placements_type', 'VN');
INSERT INTO pay_log_references (pay_log_id, ref_num, ref_type, reference) VALUES (216, 3, 'placements_number', '1');
INSERT INTO pay_log_references (pay_log_id, ref_num, ref_type, reference) VALUES (216, 4, 'pay_type', 'credit');
INSERT INTO pay_log_references (pay_log_id, ref_num, ref_type, reference) VALUES (216, 5, 'external_response', '0');
INSERT INTO pay_log_references (pay_log_id, ref_num, ref_type, reference) VALUES (216, 6, 'external_id', '88447661498338183238');
INSERT INTO pay_log_references (pay_log_id, ref_num, ref_type, reference) VALUES (216, 7, 'remote_addr', '10.0.1.218');
INSERT INTO pay_log_references (pay_log_id, ref_num, ref_type, reference) VALUES (217, 0, 'webpay', '1');
INSERT INTO pay_log_references (pay_log_id, ref_num, ref_type, reference) VALUES (218, 0, 'webpay', '1');
INSERT INTO pay_log_references (pay_log_id, ref_num, ref_type, reference) VALUES (219, 0, 'webpay', '1');
INSERT INTO pay_log_references (pay_log_id, ref_num, ref_type, reference) VALUES (221, 0, 'remote_addr', '10.0.1.138');
INSERT INTO pay_log_references (pay_log_id, ref_num, ref_type, reference) VALUES (222, 0, 'auth_code', '441576');
INSERT INTO pay_log_references (pay_log_id, ref_num, ref_type, reference) VALUES (222, 1, 'trans_date', '22/10/2014 12:05:31');
INSERT INTO pay_log_references (pay_log_id, ref_num, ref_type, reference) VALUES (222, 2, 'placements_type', 'VN');
INSERT INTO pay_log_references (pay_log_id, ref_num, ref_type, reference) VALUES (222, 3, 'placements_number', '1');
INSERT INTO pay_log_references (pay_log_id, ref_num, ref_type, reference) VALUES (222, 4, 'pay_type', 'credit');
INSERT INTO pay_log_references (pay_log_id, ref_num, ref_type, reference) VALUES (222, 5, 'external_response', '0');
INSERT INTO pay_log_references (pay_log_id, ref_num, ref_type, reference) VALUES (222, 6, 'external_id', '16757152035660262011');
INSERT INTO pay_log_references (pay_log_id, ref_num, ref_type, reference) VALUES (222, 7, 'remote_addr', '10.0.1.208');
INSERT INTO pay_log_references (pay_log_id, ref_num, ref_type, reference) VALUES (223, 0, 'remote_addr', '10.0.1.138');
INSERT INTO pay_log_references (pay_log_id, ref_num, ref_type, reference) VALUES (224, 0, 'auth_code', '421930');
INSERT INTO pay_log_references (pay_log_id, ref_num, ref_type, reference) VALUES (224, 1, 'trans_date', '23/10/2014 19:15:49');
INSERT INTO pay_log_references (pay_log_id, ref_num, ref_type, reference) VALUES (224, 2, 'placements_type', 'VN');
INSERT INTO pay_log_references (pay_log_id, ref_num, ref_type, reference) VALUES (224, 3, 'placements_number', '1');
INSERT INTO pay_log_references (pay_log_id, ref_num, ref_type, reference) VALUES (224, 4, 'pay_type', 'credit');
INSERT INTO pay_log_references (pay_log_id, ref_num, ref_type, reference) VALUES (224, 5, 'external_response', '0');
INSERT INTO pay_log_references (pay_log_id, ref_num, ref_type, reference) VALUES (224, 6, 'external_id', '55200032789634070301');
INSERT INTO pay_log_references (pay_log_id, ref_num, ref_type, reference) VALUES (224, 7, 'remote_addr', '10.0.1.210');
INSERT INTO pay_log_references (pay_log_id, ref_num, ref_type, reference) VALUES (225, 0, 'remote_addr', '10.0.1.138');
INSERT INTO pay_log_references (pay_log_id, ref_num, ref_type, reference) VALUES (226, 0, 'auth_code', '375783');
INSERT INTO pay_log_references (pay_log_id, ref_num, ref_type, reference) VALUES (226, 1, 'trans_date', '23/10/2014 19:17:30');
INSERT INTO pay_log_references (pay_log_id, ref_num, ref_type, reference) VALUES (226, 2, 'placements_type', 'VN');
INSERT INTO pay_log_references (pay_log_id, ref_num, ref_type, reference) VALUES (226, 3, 'placements_number', '1');
INSERT INTO pay_log_references (pay_log_id, ref_num, ref_type, reference) VALUES (226, 4, 'pay_type', 'credit');
INSERT INTO pay_log_references (pay_log_id, ref_num, ref_type, reference) VALUES (226, 5, 'external_response', '0');
INSERT INTO pay_log_references (pay_log_id, ref_num, ref_type, reference) VALUES (226, 6, 'external_id', '90316676731160942743');
INSERT INTO pay_log_references (pay_log_id, ref_num, ref_type, reference) VALUES (226, 7, 'remote_addr', '10.0.1.210');
INSERT INTO pay_log_references (pay_log_id, ref_num, ref_type, reference) VALUES (227, 0, 'remote_addr', '10.0.1.138');
INSERT INTO pay_log_references (pay_log_id, ref_num, ref_type, reference) VALUES (228, 0, 'auth_code', '298536');
INSERT INTO pay_log_references (pay_log_id, ref_num, ref_type, reference) VALUES (228, 1, 'trans_date', '23/10/2014 19:17:43');
INSERT INTO pay_log_references (pay_log_id, ref_num, ref_type, reference) VALUES (228, 2, 'placements_type', 'VN');
INSERT INTO pay_log_references (pay_log_id, ref_num, ref_type, reference) VALUES (228, 3, 'placements_number', '1');
INSERT INTO pay_log_references (pay_log_id, ref_num, ref_type, reference) VALUES (228, 4, 'pay_type', 'credit');
INSERT INTO pay_log_references (pay_log_id, ref_num, ref_type, reference) VALUES (228, 5, 'external_response', '0');
INSERT INTO pay_log_references (pay_log_id, ref_num, ref_type, reference) VALUES (228, 6, 'external_id', '54574181829750005670');
INSERT INTO pay_log_references (pay_log_id, ref_num, ref_type, reference) VALUES (228, 7, 'remote_addr', '10.0.1.210');
INSERT INTO pay_log_references (pay_log_id, ref_num, ref_type, reference) VALUES (229, 0, 'remote_addr', '10.0.1.108');
INSERT INTO pay_log_references (pay_log_id, ref_num, ref_type, reference) VALUES (230, 0, 'remote_addr', '10.0.1.108');
INSERT INTO pay_log_references (pay_log_id, ref_num, ref_type, reference) VALUES (231, 0, 'remote_addr', '10.0.1.108');
INSERT INTO pay_log_references (pay_log_id, ref_num, ref_type, reference) VALUES (232, 0, 'auth_code', '789494');
INSERT INTO pay_log_references (pay_log_id, ref_num, ref_type, reference) VALUES (232, 1, 'trans_date', '19/11/2014 16:47:57');
INSERT INTO pay_log_references (pay_log_id, ref_num, ref_type, reference) VALUES (232, 2, 'placements_type', 'VN');
INSERT INTO pay_log_references (pay_log_id, ref_num, ref_type, reference) VALUES (232, 3, 'placements_number', '1');
INSERT INTO pay_log_references (pay_log_id, ref_num, ref_type, reference) VALUES (232, 4, 'pay_type', 'credit');
INSERT INTO pay_log_references (pay_log_id, ref_num, ref_type, reference) VALUES (232, 5, 'external_response', '0');
INSERT INTO pay_log_references (pay_log_id, ref_num, ref_type, reference) VALUES (232, 6, 'external_id', '35007365930423435725');
INSERT INTO pay_log_references (pay_log_id, ref_num, ref_type, reference) VALUES (232, 7, 'remote_addr', '10.0.1.72');
INSERT INTO pay_log_references (pay_log_id, ref_num, ref_type, reference) VALUES (233, 0, 'webpay', '1');
INSERT INTO pay_log_references (pay_log_id, ref_num, ref_type, reference) VALUES (234, 0, 'webpay', '1');
INSERT INTO pay_log_references (pay_log_id, ref_num, ref_type, reference) VALUES (235, 0, 'webpay', '1');
SELECT pg_catalog.setval('payment_groups_payment_group_id_seq', 177, true);
INSERT INTO payments (payment_group_id, payment_type, pay_amount, discount) VALUES (167, 'bump', 1000, 0);
INSERT INTO payments (payment_group_id, payment_type, pay_amount, discount) VALUES (168, 'gallery', 3990, 0);
INSERT INTO payments (payment_group_id, payment_type, pay_amount, discount) VALUES (169, 'weekly_bump', 2990, 0);
INSERT INTO payments (payment_group_id, payment_type, pay_amount, discount) VALUES (170, 'annual_store', 48000, 0);
INSERT INTO payments (payment_group_id, payment_type, pay_amount, discount) VALUES (171, 'monthly_store', 6000, 0);
INSERT INTO payments (payment_group_id, payment_type, pay_amount, discount) VALUES (172, 'quarterly_store', 15000, 0);
INSERT INTO payments (payment_group_id, payment_type, pay_amount, discount) VALUES (173, 'biannual_store', 27000, 0);
INSERT INTO payments (payment_group_id, payment_type, pay_amount, discount) VALUES (175, 'daily_bump', 11500, 0);
INSERT INTO payments (payment_group_id, payment_type, pay_amount, discount) VALUES (176, 'daily_bump', 8000, 0);
INSERT INTO payments (payment_group_id, payment_type, pay_amount, discount) VALUES (177, 'daily_bump', 4500, 0);
INSERT INTO purchase (purchase_id, doc_type, doc_num, external_doc_id, status, receipt, delivery, rut, name, lob, address, region, communes, contact, email, tax, discount, seller_id, total_price, payment_group_id) VALUES (2, 'bill', NULL, NULL, 'confirmed', '2014-07-15 12:48:42.71921', NULL, NULL, NULL, NULL, NULL, NULL, NULL, NULL, 'android@yapo.cl', 0, 0, 9, 7980, 166);
INSERT INTO purchase (purchase_id, doc_type, doc_num, external_doc_id, status, receipt, delivery, rut, name, lob, address, region, communes, contact, email, tax, discount, seller_id, total_price, payment_group_id) VALUES (3, 'invoice', 1, 1001, 'confirmed', '2014-10-22 12:05:29.325122', NULL, '100000-4', 'BLOCKET', 'Technology', 'Alonso de C�rdova 5670', 15, 315, 'BLOCKET', 'prepaid5@blocket.se', 0, 0, 9, 48000, 170);
INSERT INTO purchase (purchase_id, doc_type, doc_num, external_doc_id, status, receipt, delivery, rut, name, lob, address, region, communes, contact, email, tax, discount, seller_id, total_price, payment_group_id) VALUES (4, 'invoice', 2, 1002, 'confirmed', '2014-10-23 19:15:46.649449', NULL, '100000-4', 'BLOCKET', 'Technology', 'Alonso de C�rdova 5670', 15, 315, 'BLOCKET', 'prepaid5@blocket.se', 0, 0, 9, 6000, 171);
INSERT INTO purchase (purchase_id, doc_type, doc_num, external_doc_id, status, receipt, delivery, rut, name, lob, address, region, communes, contact, email, tax, discount, seller_id, total_price, payment_group_id) VALUES (5, 'invoice', 3, 1003, 'confirmed', '2014-10-23 19:17:28.483897', NULL, '100000-4', 'BLOCKET', 'Technology', 'Alonso de C�rdova 5670', 15, 315, 'BLOCKET', 'prepaid5@blocket.se', 0, 0, 9, 15000, 172);
INSERT INTO purchase (purchase_id, doc_type, doc_num, external_doc_id, status, receipt, delivery, rut, name, lob, address, region, communes, contact, email, tax, discount, seller_id, total_price, payment_group_id) VALUES (6, 'invoice', 4, 1004, 'confirmed', '2014-10-23 19:17:40.487087', NULL, '100000-4', 'BLOCKET', 'Technology', 'Alonso de C�rdova 5670', 15, 315, 'BLOCKET', 'prepaid5@blocket.se', 0, 0, 9, 27000, 173);
INSERT INTO purchase (purchase_id, doc_type, doc_num, external_doc_id, status, receipt, delivery, rut, name, lob, address, region, communes, contact, email, tax, discount, seller_id, total_price, payment_group_id) VALUES (7, 'bill', 5, 1005, 'sent', '2014-11-19 16:47:53.61302', NULL, NULL, NULL, NULL, NULL, NULL, NULL, NULL, 'android@yapo.cl', 0, 0, 9, 24000, 174);
INSERT INTO purchase_detail (purchase_detail_id, purchase_id, product_id, price, action_id, ad_id) VALUES (2, 2, 1, 1000, 2, 90);
INSERT INTO purchase_detail (purchase_detail_id, purchase_id, product_id, price, action_id, ad_id) VALUES (3, 2, 3, 3990, 2, 72);
INSERT INTO purchase_detail (purchase_detail_id, purchase_id, product_id, price, action_id, ad_id) VALUES (4, 2, 2, 2990, 2, 76);
INSERT INTO purchase_detail (purchase_detail_id, purchase_id, product_id, price, action_id, ad_id) VALUES (5, 3, 7, 48000, NULL, NULL);
INSERT INTO purchase_detail (purchase_detail_id, purchase_id, product_id, price, action_id, ad_id) VALUES (6, 4, 4, 6000, NULL, NULL);
INSERT INTO purchase_detail (purchase_detail_id, purchase_id, product_id, price, action_id, ad_id) VALUES (7, 5, 5, 15000, NULL, NULL);
INSERT INTO purchase_detail (purchase_detail_id, purchase_id, product_id, price, action_id, ad_id) VALUES (8, 6, 6, 27000, NULL, NULL);
INSERT INTO purchase_detail (purchase_detail_id, purchase_id, product_id, price, action_id, ad_id) VALUES (9, 7, 8, 11500, 2, 33);
INSERT INTO purchase_detail (purchase_detail_id, purchase_id, product_id, price, action_id, ad_id) VALUES (10, 7, 8, 8000, 2, 41);
INSERT INTO purchase_detail (purchase_detail_id, purchase_id, product_id, price, action_id, ad_id) VALUES (11, 7, 8, 4500, 2, 42);
SELECT pg_catalog.setval('purchase_detail_purchase_detail_id_seq', 11, true);
SELECT pg_catalog.setval('purchase_purchase_id_seq', 7, true);
INSERT INTO purchase_states (purchase_id, purchase_state_id, status, "timestamp", remote_addr) VALUES (2, 1, 'pending', '2014-07-15 12:48:42.71921', '10.0.1.164');
INSERT INTO purchase_states (purchase_id, purchase_state_id, status, "timestamp", remote_addr) VALUES (3, 2, 'pending', '2014-10-22 12:05:29.325122', '10.0.1.138');
INSERT INTO purchase_states (purchase_id, purchase_state_id, status, "timestamp", remote_addr) VALUES (4, 3, 'pending', '2014-10-23 19:15:46.649449', '10.0.1.138');
INSERT INTO purchase_states (purchase_id, purchase_state_id, status, "timestamp", remote_addr) VALUES (5, 4, 'pending', '2014-10-23 19:17:28.483897', '10.0.1.138');
INSERT INTO purchase_states (purchase_id, purchase_state_id, status, "timestamp", remote_addr) VALUES (6, 5, 'pending', '2014-10-23 19:17:40.487087', '10.0.1.138');
INSERT INTO purchase_states (purchase_id, purchase_state_id, status, "timestamp", remote_addr) VALUES (7, 6, 'pending', '2014-11-19 16:47:53.61302', '10.0.1.108');
SELECT pg_catalog.setval('purchase_states_purchase_state_id_seq', 6, true);
INSERT INTO stats_daily (stat_time, name, value) VALUES ('2014-07-15', 'websql_query_89', '3');
INSERT INTO stats_daily (stat_time, name, value) VALUES ('2014-10-23', 'websql_query_89', '4');
INSERT INTO stats_daily (stat_time, name, value) VALUES ('2014-11-19', 'websql_query_89', '2');
INSERT INTO store_actions (store_id, action_id, action_type, current_state, state, payment_group_id) VALUES (1, 1, 'new', 1, 'reg', NULL);
INSERT INTO store_actions (store_id, action_id, action_type, current_state, state, payment_group_id) VALUES (1, 2, 'new', 2, 'unpaid', NULL);
INSERT INTO store_actions (store_id, action_id, action_type, current_state, state, payment_group_id) VALUES (1, 4, 'status_change', 5, 'accepted', NULL);
INSERT INTO store_actions (store_id, action_id, action_type, current_state, state, payment_group_id) VALUES (1, 3, 'extend', 7, 'accepted', 170);
INSERT INTO store_actions (store_id, action_id, action_type, current_state, state, payment_group_id) VALUES (1, 5, 'extend', 10, 'accepted', 171);
INSERT INTO store_actions (store_id, action_id, action_type, current_state, state, payment_group_id) VALUES (1, 6, 'extend', 13, 'accepted', 172);
INSERT INTO store_actions (store_id, action_id, action_type, current_state, state, payment_group_id) VALUES (1, 7, 'extend', 16, 'accepted', 173);
INSERT INTO store_action_states (store_id, action_id, state_id, state, "timestamp", token_id) VALUES (1, 1, 1, 'reg', '2014-10-22 12:05:29.299273', 727);
INSERT INTO store_action_states (store_id, action_id, state_id, state, "timestamp", token_id) VALUES (1, 2, 2, 'unpaid', '2014-10-22 12:05:29.299273', 727);
INSERT INTO store_action_states (store_id, action_id, state_id, state, "timestamp", token_id) VALUES (1, 3, 3, 'unpaid', '2014-10-22 12:05:29.325122', 728);
INSERT INTO store_action_states (store_id, action_id, state_id, state, "timestamp", token_id) VALUES (1, 4, 4, 'reg', '2014-10-22 12:05:32.715297', NULL);
INSERT INTO store_action_states (store_id, action_id, state_id, state, "timestamp", token_id) VALUES (1, 4, 5, 'accepted', '2014-10-22 12:05:32.715297', NULL);
INSERT INTO store_action_states (store_id, action_id, state_id, state, "timestamp", token_id) VALUES (1, 3, 6, 'paid', '2014-10-22 12:05:32.715297', NULL);
INSERT INTO store_action_states (store_id, action_id, state_id, state, "timestamp", token_id) VALUES (1, 3, 7, 'accepted', '2014-10-22 12:05:32.715297', NULL);
INSERT INTO store_action_states (store_id, action_id, state_id, state, "timestamp", token_id) VALUES (1, 5, 8, 'unpaid', '2014-10-23 19:15:46.649449', 735);
INSERT INTO store_action_states (store_id, action_id, state_id, state, "timestamp", token_id) VALUES (1, 5, 9, 'paid', '2014-10-23 19:15:49.370551', NULL);
INSERT INTO store_action_states (store_id, action_id, state_id, state, "timestamp", token_id) VALUES (1, 5, 10, 'accepted', '2014-10-23 19:15:49.370551', NULL);
INSERT INTO store_action_states (store_id, action_id, state_id, state, "timestamp", token_id) VALUES (1, 6, 11, 'unpaid', '2014-10-23 19:17:28.483897', 736);
INSERT INTO store_action_states (store_id, action_id, state_id, state, "timestamp", token_id) VALUES (1, 6, 12, 'paid', '2014-10-23 19:17:30.652544', NULL);
INSERT INTO store_action_states (store_id, action_id, state_id, state, "timestamp", token_id) VALUES (1, 6, 13, 'accepted', '2014-10-23 19:17:30.652544', NULL);
INSERT INTO store_action_states (store_id, action_id, state_id, state, "timestamp", token_id) VALUES (1, 7, 14, 'unpaid', '2014-10-23 19:17:40.487087', 737);
INSERT INTO store_action_states (store_id, action_id, state_id, state, "timestamp", token_id) VALUES (1, 7, 15, 'paid', '2014-10-23 19:17:43.203433', NULL);
INSERT INTO store_action_states (store_id, action_id, state_id, state, "timestamp", token_id) VALUES (1, 7, 16, 'accepted', '2014-10-23 19:17:43.203433', NULL);
SELECT pg_catalog.setval('store_action_states_state_id_seq', 16, true);
INSERT INTO store_changes (store_id, action_id, state_id, is_param, column_name, old_value, new_value) VALUES (1, 4, 4, false, 'status', 'pending', 'inactive');
INSERT INTO store_changes (store_id, action_id, state_id, is_param, column_name, old_value, new_value) VALUES (1, 3, 3, false, 'date_end', NULL, '2014-10-22 12:25:32.715297');
INSERT INTO store_changes (store_id, action_id, state_id, is_param, column_name, old_value, new_value) VALUES (1, 3, 3, true, 'store_type', NULL, '7');
INSERT INTO store_changes (store_id, action_id, state_id, is_param, column_name, old_value, new_value) VALUES (1, 5, 8, false, 'date_end', '2014-10-22 12:25:32.715297', '2014-10-23 19:20:49.370551');
INSERT INTO store_changes (store_id, action_id, state_id, is_param, column_name, old_value, new_value) VALUES (1, 5, 8, true, 'store_type', '7', '4');
INSERT INTO store_changes (store_id, action_id, state_id, is_param, column_name, old_value, new_value) VALUES (1, 6, 11, false, 'date_end', '2014-10-23 19:20:49.370551', '2014-10-23 19:30:49.370551');
INSERT INTO store_changes (store_id, action_id, state_id, is_param, column_name, old_value, new_value) VALUES (1, 6, 11, true, 'store_type', '4', '5');
INSERT INTO store_changes (store_id, action_id, state_id, is_param, column_name, old_value, new_value) VALUES (1, 7, 14, false, 'date_end', '2014-10-23 19:30:49.370551', '2014-10-23 19:45:49.370551');
INSERT INTO store_changes (store_id, action_id, state_id, is_param, column_name, old_value, new_value) VALUES (1, 7, 14, true, 'store_type', '5', '6');
INSERT INTO store_params (store_id, name, value) VALUES (1, 'store_type', '6');
SELECT pg_catalog.setval('stores_store_id_seq', 1, true);
SELECT pg_catalog.setval('tokens_token_id_seq', 745, true);
INSERT INTO trans_queue (trans_queue_id, added_at, added_by, execute_at, executed_at, executed_by, status, locked_at, locked_by, command, response, queue, sub_queue, info) VALUES (95, '2014-11-19 16:47:59.406873', '21510@takashi.schibsted.cl', '2014-11-19 16:49:59.406873', NULL, NULL, NULL, NULL, NULL, 'cmd:weekly_bump_ad
counter:6
ad_id:33
daily_bump:1
batch:1
commit:1
', NULL, 'weekly_bump', NULL, NULL);
INSERT INTO trans_queue (trans_queue_id, added_at, added_by, execute_at, executed_at, executed_by, status, locked_at, locked_by, command, response, queue, sub_queue, info) VALUES (96, '2014-11-19 16:47:59.427971', '21510@takashi.schibsted.cl', '2014-11-19 16:49:59.427971', NULL, NULL, NULL, NULL, NULL, 'cmd:weekly_bump_ad
counter:6
ad_id:41
daily_bump:1
batch:1
commit:1
', NULL, 'weekly_bump', NULL, NULL);
INSERT INTO trans_queue (trans_queue_id, added_at, added_by, execute_at, executed_at, executed_by, status, locked_at, locked_by, command, response, queue, sub_queue, info) VALUES (97, '2014-11-19 16:47:59.445304', '21510@takashi.schibsted.cl', '2014-11-19 16:49:59.445304', NULL, NULL, NULL, NULL, NULL, 'cmd:weekly_bump_ad
counter:6
ad_id:42
daily_bump:1
batch:1
commit:1
', NULL, 'weekly_bump', NULL, NULL);
INSERT INTO trans_queue (trans_queue_id, added_at, added_by, execute_at, executed_at, executed_by, status, locked_at, locked_by, command, response, queue, sub_queue, info) VALUES (98, '2014-11-19 16:47:59.446465', '21510@takashi.schibsted.cl', NULL, NULL, NULL, NULL, NULL, NULL, '
cmd:multi_product_mail
to:android@yapo.cl
doc_type:bill
product_ids:8|8|8
ad_names:Parcelas frente a laguna de aculeo 101 hectareas|Asesora del hogar|Traktor Kontrol X1 + Case Traktor
commit:1', NULL, 'bump_mail', NULL, NULL);
SELECT pg_catalog.setval('trans_queue_id_seq', 98, true);

--Change all passwords to 123123123
update ads set salted_passwd =  E'$1024$2y1bQ}VYRD}zF4QCbf07a971b784888658a20e62156de64dfde5ffb6', passwd = null;
update accounts set salted_passwd =  E'$1024$2y1bQ}VYRD}zF4QCbf07a971b784888658a20e62156de64dfde5ffb6';
