INSERT INTO users (user_id, uid, email, account, paid_total) VALUES (59, 50, 'enabled_disabled_normal_ads@yapo.cl', 0, 0);
INSERT INTO users (user_id, uid, email, account, paid_total) VALUES (60, 50, 'active_ads_expired_pack@yapo.cl', 0, 0);
INSERT INTO users (user_id, uid, email, account, paid_total) VALUES (61, 50, 'without_pack_5_disabled_ads@yapo.cl', 0, 0);
INSERT INTO users (user_id, uid, email, account, paid_total) VALUES (62, 50, '5_published_ads_1d_review_pending@yapo.cl', 0, 0);
INSERT INTO users (user_id, uid, email, account, paid_total) VALUES (63, 50, '15_disabled_ads_without_packs@yapo.cl', 0, 0);
INSERT INTO accounts (account_id, name, rut, email, phone, is_company, region, salted_passwd, creation_date, activation_date, status, address, contact, lob, commune, user_id) VALUES (8, 'enabled_disabled_normal_ads', '', 'enabled_disabled_normal_ads@yapo.cl', '962184762', false, 15, '$1024$SAF.''<rz,qo<)lS/accf5f33df10e2e294a4dd19e159ed2a11af0702', '2015-03-19 17:04:29.302255', '2015-03-19 17:04:41.99815', 'active', NULL, NULL, NULL, NULL, 59);
INSERT INTO accounts (account_id, name, rut, email, phone, is_company, region, salted_passwd, creation_date, activation_date, status, address, contact, lob, commune, user_id) VALUES (9, 'active_ads_expired_pack', '', 'active_ads_expired_pack@yapo.cl', '26437660', false, 15, '$1024$YH<e&-`ZcPJN+''Gh9290d62ab249e65e332e87667c1ec6893bf6367b', '2015-03-19 17:41:51.636371', '2015-03-19 17:41:58.311848', 'active', NULL, NULL, NULL, NULL, 60);
INSERT INTO accounts (account_id, name, rut, email, phone, is_company, region, salted_passwd, creation_date, activation_date, status, address, contact, lob, commune, user_id) VALUES (10, 'without_pack_5_disabled_ads', '', 'without_pack_5_disabled_ads@yapo.cl', '26437660', false, 15, '$1024$ei6o%io0q1X(z":*a1e43cfc699ee0989745bf758b53bf30e267cba5', '2015-03-19 17:49:02.416568', '2015-03-19 17:49:14.360604', 'active', NULL, NULL, NULL, NULL, 61);
INSERT INTO accounts (account_id, name, rut, email, phone, is_company, region, salted_passwd, creation_date, activation_date, status, address, contact, lob, commune, user_id) VALUES (11, '5_published_ads_1d_review_pending', '', '5_published_ads_1d_review_pending@yapo.cl', '26437660', false, 15, '$1024$Ho(bP#}[8|ACK57|13797dc56eff5b5f09bec1b6f09fcbb8ecfab784', '2015-03-20 11:11:15.907107', '2015-03-20 11:11:35.43269', 'active', NULL, NULL, NULL, NULL, 62);
INSERT INTO accounts (account_id, name, rut, email, phone, is_company, region, salted_passwd, creation_date, activation_date, status, address, contact, lob, commune, user_id) VALUES (12, '15_disabled_ads_without_packs', '', '15_disabled_ads_without_packs@yapo.cl', '585555', false, 15, '$1024$|''s*$x]?C~reH#s>219d41118978d7a795ec65fd25cc14408a010ae1', '2015-03-20 11:36:22.923951', '2015-03-20 11:36:49.005269', 'active', NULL, NULL, NULL, NULL, 63);
INSERT INTO account_params (account_id, name, value) VALUES (8, 'is_pro_for', '2020');
INSERT INTO account_params (account_id, name, value) VALUES (8, 'available_slots', '0');
INSERT INTO account_params (account_id, name, value) VALUES (8, 'pack_type', 'car');
INSERT INTO account_params (account_id, name, value) VALUES (9, 'is_pro_for', '2020');
INSERT INTO account_params (account_id, name, value) VALUES (9, 'available_slots', '7');
INSERT INTO account_params (account_id, name, value) VALUES (9, 'pack_type', 'car');
INSERT INTO account_params (account_id, name, value) VALUES (10, 'is_pro_for', '2020');
INSERT INTO account_params (account_id, name, value) VALUES (10, 'pack_type', 'car');
INSERT INTO account_params (account_id, name, value) VALUES (12, 'is_pro_for', '2020');
INSERT INTO account_params (account_id, name, value) VALUES (12, 'pack_type', 'car');
SELECT pg_catalog.setval('accounts_account_id_seq', 12, true);
--INSERT INTO ads (ad_id, list_id, list_time, status, type, name, phone, region, city, category, user_id, passwd, phone_hidden, no_salesmen, company_ad, subject, body, price, image, infopage, infopage_title, orig_list_time, old_price, store_id, salted_passwd, modified_at, lang) VALUES (95, 8000073, '2015-03-19 17:01:36.215287', 'active', 'sell', 'blocket', '26437660', 15, 0, 6120, 5, NULL, false, false, false, 'Adeptus Astartes Codex', 'for teh emporer!', 778889, NULL, NULL, NULL, NULL, NULL, NULL, '$1024$''zs5ZqQ 7yWf5*+ 230ce84a3a219bf2eba14d169c8771e057e81411', '2013-09-10 19:17:09.743324', 'es');
INSERT INTO ads VALUES (138, 8000097, '2015-03-19 17:36:41', 'active', 'sell', 'enabled_disabled_normal_ads', '962184762', 15, 0, 2020, 59, NULL, false, false, true, 'Citroen Bx 2007', 'jknojn', NULL, NULL, NULL, NULL, NULL, NULL, NULL, '$1024$SAF.''<rz,qo<)lS/accf5f33df10e2e294a4dd19e159ed2a11af0702', '2015-03-19 17:37:58.553616', 'es');
INSERT INTO ads VALUES (127, 8000085, '2015-03-19 17:08:46', 'active', 'sell', 'enabled_disabled_normal_ads', '962184762', 15, 0, 2020, 59, NULL, false, false, false, 'Citroen C-ELYSEE 2009', 'gyjmt', NULL, NULL, NULL, NULL, NULL, NULL, NULL, '$1024$SAF.''<rz,qo<)lS/accf5f33df10e2e294a4dd19e159ed2a11af0702', '2015-03-19 17:08:46.957642', 'es');
INSERT INTO ads VALUES (126, 8000086, '2015-03-19 17:08:50', 'active', 'sell', 'enabled_disabled_normal_ads', '962184762', 15, 0, 2020, 59, NULL, false, false, false, 'Autorrad Outsider 1999', 'grtnfnf', NULL, NULL, NULL, NULL, NULL, NULL, NULL, '$1024$SAF.''<rz,qo<)lS/accf5f33df10e2e294a4dd19e159ed2a11af0702', '2015-03-19 17:08:50.358346', 'es');
INSERT INTO ads VALUES (128, 8000087, '2015-03-19 17:25:26', 'disabled', 'sell', 'enabled_disabled_normal_ads', '962184762', 15, 0, 2020, 59, NULL, false, false, false, 'Dongfeng Ministar 2011', 'dbfgdbd', NULL, NULL, NULL, NULL, NULL, NULL, NULL, '$1024$SAF.''<rz,qo<)lS/accf5f33df10e2e294a4dd19e159ed2a11af0702', '2015-03-19 17:25:26.771904', 'es');
INSERT INTO ads VALUES (129, 8000088, '2015-03-19 17:27:07', 'disabled', 'sell', 'enabled_disabled_normal_ads', '962184762', 15, 0, 2020, 59, NULL, false, false, true, 'Mini Countryman 2013', 'ijbi', NULL, NULL, NULL, NULL, NULL, NULL, NULL, '$1024$SAF.''<rz,qo<)lS/accf5f33df10e2e294a4dd19e159ed2a11af0702', '2015-03-19 17:27:07.674532', 'es');
INSERT INTO ads VALUES (130, 8000089, '2015-03-19 17:28:53', 'disabled', 'sell', 'enabled_disabled_normal_ads', '962184762', 15, 0, 2020, 59, NULL, false, false, true, 'Cadillac Fleetwood 1999', 'iub', NULL, NULL, NULL, NULL, NULL, NULL, NULL, '$1024$SAF.''<rz,qo<)lS/accf5f33df10e2e294a4dd19e159ed2a11af0702', '2015-03-19 17:28:53.099981', 'es');
INSERT INTO ads VALUES (137, 8000096, '2015-03-19 17:36:17', 'active', 'sell', 'enabled_disabled_normal_ads', '962184762', 15, 0, 2020, 59, NULL, false, false, true, 'F.S.O. 1.500 Cc 2010', 'onjk', NULL, NULL, NULL, NULL, NULL, NULL, NULL, '$1024$SAF.''<rz,qo<)lS/accf5f33df10e2e294a4dd19e159ed2a11af0702', '2015-03-19 17:37:58.553616', 'es');
INSERT INTO ads VALUES (136, 8000095, '2015-03-19 17:35:49', 'active', 'sell', 'enabled_disabled_normal_ads', '962184762', 15, 0, 2020, 59, NULL, false, false, true, 'Hyundai EON 2014', 'ihin', NULL, NULL, NULL, NULL, NULL, NULL, NULL, '$1024$SAF.''<rz,qo<)lS/accf5f33df10e2e294a4dd19e159ed2a11af0702', '2015-03-19 17:37:58.553616', 'es');
INSERT INTO ads VALUES (140, 8000099, '2015-03-19 17:37:47', 'active', 'sell', 'enabled_disabled_normal_ads', '962184762', 15, 0, 2020, 59, NULL, false, false, true, 'International 750 Kgs. 1975', 'jubiu', NULL, NULL, NULL, NULL, NULL, NULL, NULL, '$1024$SAF.''<rz,qo<)lS/accf5f33df10e2e294a4dd19e159ed2a11af0702', '2015-03-19 17:37:58.553616', 'es');
INSERT INTO ads VALUES (139, 8000098, '2015-03-19 17:37:09', 'active', 'sell', 'enabled_disabled_normal_ads', '962184762', 15, 0, 2020, 59, NULL, false, false, true, 'Jaguar Xj 2005', 'jnjk', NULL, NULL, NULL, NULL, NULL, NULL, NULL, '$1024$SAF.''<rz,qo<)lS/accf5f33df10e2e294a4dd19e159ed2a11af0702', '2015-03-19 17:37:58.553616', 'es');
INSERT INTO ads VALUES (135, 8000094, '2015-03-19 17:33:31', 'active', 'sell', 'enabled_disabled_normal_ads', '962184762', 15, 0, 2020, 59, NULL, false, false, true, 'MORGAN Plus 2012', 'uibn', 852000, NULL, NULL, NULL, NULL, NULL, NULL, '$1024$SAF.''<rz,qo<)lS/accf5f33df10e2e294a4dd19e159ed2a11af0702', '2015-03-19 17:37:58.553616', 'es');
INSERT INTO ads VALUES (134, 8000093, '2015-03-19 17:30:58', 'active', 'sell', 'enabled_disabled_normal_ads', '962184762', 15, 0, 2020, 59, NULL, false, false, true, 'Changan CV1 2009', 'ojnuiouno', NULL, NULL, NULL, NULL, NULL, NULL, NULL, '$1024$SAF.''<rz,qo<)lS/accf5f33df10e2e294a4dd19e159ed2a11af0702', '2015-03-19 17:37:58.553616', 'es');
INSERT INTO ads VALUES (133, 8000092, '2015-03-19 17:30:28', 'active', 'sell', 'enabled_disabled_normal_ads', '962184762', 15, 0, 2020, 59, NULL, false, false, true, 'Lexus Is350 2008', 'ijonio', NULL, NULL, NULL, NULL, NULL, NULL, NULL, '$1024$SAF.''<rz,qo<)lS/accf5f33df10e2e294a4dd19e159ed2a11af0702', '2015-03-19 17:37:58.553616', 'es');
INSERT INTO ads VALUES (132, 8000091, '2015-03-19 17:29:58', 'active', 'sell', 'enabled_disabled_normal_ads', '962184762', 15, 0, 2020, 59, NULL, false, false, true, 'Mahindra Pick Up 1998', 'iobi', NULL, NULL, NULL, NULL, NULL, NULL, NULL, '$1024$SAF.''<rz,qo<)lS/accf5f33df10e2e294a4dd19e159ed2a11af0702', '2015-03-19 17:37:58.553616', 'es');
INSERT INTO ads VALUES (131, 8000090, '2015-03-19 17:29:31', 'active', 'sell', 'enabled_disabled_normal_ads', '962184762', 15, 0, 2020, 59, NULL, false, false, true, 'Beiging Bj 1988', 'jobhio', NULL, NULL, NULL, NULL, NULL, NULL, NULL, '$1024$SAF.''<rz,qo<)lS/accf5f33df10e2e294a4dd19e159ed2a11af0702', '2015-03-19 17:37:58.553616', 'es');
INSERT INTO ads VALUES (157, 8000115, '2015-03-20 12:02:18', 'disabled', 'sell', '15_disabled_ads_without_packs', '585555', 15, 0, 2020, 63, NULL, false, false, true, 'Great Wall Haval 1999', 'debhtdn', NULL, NULL, NULL, NULL, NULL, NULL, NULL, '$1024$|''s*$x]?C~reH#s>219d41118978d7a795ec65fd25cc14408a010ae1', '2015-03-20 12:02:18.660618', 'es');
INSERT INTO ads VALUES (143, 8000102, '2015-03-19 17:46:03', 'active', 'sell', 'active_ads_expired_pack', '26437660', 15, 0, 2020, 60, NULL, false, false, true, 'Dongfeng Refritruck 2012', 'ojnjn', NULL, NULL, NULL, NULL, NULL, NULL, NULL, '$1024$YH<e&-`ZcPJN+''Gh9290d62ab249e65e332e87667c1ec6893bf6367b', '2015-03-19 17:46:27.284817', 'es');
INSERT INTO ads VALUES (153, 8000108, '2015-03-20 11:19:32', 'active', 'sell', '5_published_ads_1d_review_pending', '26437660', 15, 0, 2020, 62, NULL, false, false, false, 'Aro Dacia 2002', 'ygkygkgy', NULL, NULL, NULL, NULL, NULL, NULL, NULL, '$1024$Ho(bP#}[8|ACK57|13797dc56eff5b5f09bec1b6f09fcbb8ecfab784', '2015-03-20 11:19:32.103221', 'es');
INSERT INTO ads VALUES (142, 8000101, '2015-03-19 17:45:06', 'active', 'sell', 'active_ads_expired_pack', '26437660', 15, 0, 2020, 60, NULL, false, false, true, 'Lancia Executive 1983', 'jnoijn', NULL, NULL, NULL, NULL, NULL, NULL, NULL, '$1024$YH<e&-`ZcPJN+''Gh9290d62ab249e65e332e87667c1ec6893bf6367b', '2015-03-19 17:46:27.284817', 'es');
INSERT INTO ads VALUES (141, 8000100, '2015-03-19 17:44:40', 'active', 'sell', 'active_ads_expired_pack', '26437660', 15, 0, 2020, 60, NULL, false, false, false, 'Foton TERRACOTA 2013', 'jkbnjkbn', NULL, NULL, NULL, NULL, NULL, NULL, NULL, '$1024$YH<e&-`ZcPJN+''Gh9290d62ab249e65e332e87667c1ec6893bf6367b', '2015-03-19 17:46:27.284817', 'es');
INSERT INTO ads VALUES (152, 8000109, '2015-03-20 11:19:37', 'active', 'sell', '5_published_ads_1d_review_pending', '26437660', 15, 0, 2020, 62, NULL, false, false, false, 'Foton Sup 2011', 'gikuugut', NULL, NULL, NULL, NULL, NULL, NULL, NULL, '$1024$Ho(bP#}[8|ACK57|13797dc56eff5b5f09bec1b6f09fcbb8ecfab784', '2015-03-20 11:19:37.952846', 'es');
INSERT INTO ads VALUES (144, 8000103, '2015-03-19 17:50:40', 'disabled', 'sell', 'without_pack_5_disabled_ads', '26437660', 15, 0, 2020, 61, NULL, false, false, false, 'Fiat 600 2009', 'iunojn', NULL, NULL, NULL, NULL, NULL, NULL, NULL, '$1024$ei6o%io0q1X(z":*a1e43cfc699ee0989745bf758b53bf30e267cba5', '2015-03-19 17:50:40.16187', 'es');
INSERT INTO ads VALUES (165, 8000123, '2015-03-20 12:10:47', 'disabled', 'sell', '15_disabled_ads_without_packs', '585555', 15, 0, 2020, 63, NULL, false, false, true, 'Infiniti g37 2009', 'bhikbkhbj', NULL, NULL, NULL, NULL, NULL, NULL, NULL, '$1024$|''s*$x]?C~reH#s>219d41118978d7a795ec65fd25cc14408a010ae1', '2015-03-20 12:10:47.474615', 'es');
INSERT INTO ads VALUES (145, 8000104, '2015-03-19 17:51:03', 'disabled', 'sell', 'without_pack_5_disabled_ads', '26437660', 15, 0, 2020, 61, NULL, false, false, true, 'Jmc Carrying 2005', 'knijn', NULL, NULL, NULL, NULL, NULL, NULL, NULL, '$1024$ei6o%io0q1X(z":*a1e43cfc699ee0989745bf758b53bf30e267cba5', '2015-03-19 17:51:03.746614', 'es');
INSERT INTO ads VALUES (151, 8000110, '2015-03-20 11:19:42', 'active', 'sell', '5_published_ads_1d_review_pending', '26437660', 15, 0, 2020, 62, NULL, false, false, false, 'Mitsubishi MONTERO SPORT 2008', 'rtrjrrtj', NULL, NULL, NULL, NULL, NULL, NULL, NULL, '$1024$Ho(bP#}[8|ACK57|13797dc56eff5b5f09bec1b6f09fcbb8ecfab784', '2015-03-20 11:19:42.106581', 'es');
INSERT INTO ads VALUES (146, 8000105, '2015-03-19 17:51:23', 'disabled', 'sell', 'without_pack_5_disabled_ads', '26437660', 15, 0, 2020, 61, NULL, false, false, true, 'Mercury Grand Marquis 1979', 'njnk', NULL, NULL, NULL, NULL, NULL, NULL, NULL, '$1024$ei6o%io0q1X(z":*a1e43cfc699ee0989745bf758b53bf30e267cba5', '2015-03-19 17:51:23.495767', 'es');
INSERT INTO ads VALUES (158, 8000116, '2015-03-20 12:03:43', 'disabled', 'sell', '15_disabled_ads_without_packs', '585555', 15, 0, 2020, 63, NULL, false, false, true, 'Mitsubishi L200 2004', 'ouhiough', NULL, NULL, NULL, NULL, NULL, NULL, NULL, '$1024$|''s*$x]?C~reH#s>219d41118978d7a795ec65fd25cc14408a010ae1', '2015-03-20 12:03:43.489288', 'es');
INSERT INTO ads VALUES (147, 8000106, '2015-03-19 17:51:58', 'disabled', 'sell', 'without_pack_5_disabled_ads', '26437660', 15, 0, 2020, 61, NULL, false, false, true, 'Haima Haima 2002', 'ibhibubh', NULL, NULL, NULL, NULL, NULL, NULL, NULL, '$1024$ei6o%io0q1X(z":*a1e43cfc699ee0989745bf758b53bf30e267cba5', '2015-03-19 17:51:58.240198', 'es');
INSERT INTO ads VALUES (150, 8000111, '2015-03-20 11:19:48', 'active', 'sell', '5_published_ads_1d_review_pending', '26437660', 15, 0, 2020, 62, NULL, false, false, false, 'Cadillac El Dorado 2005', 'etetheth', NULL, NULL, NULL, NULL, NULL, NULL, NULL, '$1024$Ho(bP#}[8|ACK57|13797dc56eff5b5f09bec1b6f09fcbb8ecfab784', '2015-03-20 11:19:48.248972', 'es');
INSERT INTO ads VALUES (148, 8000107, '2015-03-19 17:52:30', 'disabled', 'sell', 'without_pack_5_disabled_ads', '26437660', 15, 0, 2020, 61, NULL, false, false, true, 'Lincoln Continental 2013', 'jbijbi', NULL, NULL, NULL, NULL, NULL, NULL, NULL, '$1024$ei6o%io0q1X(z":*a1e43cfc699ee0989745bf758b53bf30e267cba5', '2015-03-19 17:52:30.114456', 'es');
INSERT INTO ads VALUES (149, 8000112, '2015-03-20 11:19:53', 'active', 'sell', '5_published_ads_1d_review_pending', '26437660', 15, 0, 2020, 62, NULL, false, false, false, 'Alfa Romeo 166 2003', 'dthdth', NULL, NULL, NULL, NULL, NULL, NULL, NULL, '$1024$Ho(bP#}[8|ACK57|13797dc56eff5b5f09bec1b6f09fcbb8ecfab784', '2015-03-20 11:19:53.363164', 'es');
INSERT INTO ads VALUES (154, NULL, NULL, 'inactive', 'sell', '5_published_ads_1d_review_pending', '26437660', 15, 0, 2020, 62, NULL, false, false, false, 'Datsun 260-Z 1974', 'fghnrnrn', NULL, NULL, NULL, NULL, NULL, NULL, NULL, '$1024$Ho(bP#}[8|ACK57|13797dc56eff5b5f09bec1b6f09fcbb8ecfab784', NULL, 'es');
INSERT INTO ads VALUES (162, 8000120, '2015-03-20 12:07:24', 'disabled', 'sell', '15_disabled_ads_without_packs', '585555', 15, 0, 2020, 63, NULL, false, false, true, 'Jmc Carrying 1998', 'ibiubi', NULL, NULL, NULL, NULL, NULL, NULL, NULL, '$1024$|''s*$x]?C~reH#s>219d41118978d7a795ec65fd25cc14408a010ae1', '2015-03-20 12:07:24.690371', 'es');
INSERT INTO ads VALUES (155, 8000113, '2015-03-20 12:00:25', 'disabled', 'sell', '15_disabled_ads_without_packs', '585555', 15, 0, 2020, 63, NULL, false, false, false, 'American Motors Comanche 1986', 'dbngdndnd', NULL, NULL, NULL, NULL, NULL, NULL, NULL, '$1024$|''s*$x]?C~reH#s>219d41118978d7a795ec65fd25cc14408a010ae1', '2015-03-20 12:00:25.685265', 'es');
INSERT INTO ads VALUES (159, 8000117, '2015-03-20 12:04:34', 'disabled', 'sell', '15_disabled_ads_without_packs', '585555', 15, 0, 2020, 63, NULL, false, false, true, 'Hafei Lobo 1999', 'jhbvjhbik', NULL, NULL, NULL, NULL, NULL, NULL, NULL, '$1024$|''s*$x]?C~reH#s>219d41118978d7a795ec65fd25cc14408a010ae1', '2015-03-20 12:04:34.412675', 'es');
INSERT INTO ads VALUES (156, 8000114, '2015-03-20 12:01:27', 'disabled', 'sell', '15_disabled_ads_without_packs', '585555', 15, 0, 2020, 63, NULL, false, false, true, 'Acura Integra 2003', 'uybgyu8bu', NULL, NULL, NULL, NULL, NULL, NULL, NULL, '$1024$|''s*$x]?C~reH#s>219d41118978d7a795ec65fd25cc14408a010ae1', '2015-03-20 12:01:27.909649', 'es');
INSERT INTO ads VALUES (160, 8000118, '2015-03-20 12:05:24', 'disabled', 'sell', '15_disabled_ads_without_packs', '585555', 15, 0, 2020, 63, NULL, false, false, true, 'Buick Le Sabre 1998', 'moopimp', NULL, NULL, NULL, NULL, NULL, NULL, NULL, '$1024$|''s*$x]?C~reH#s>219d41118978d7a795ec65fd25cc14408a010ae1', '2015-03-20 12:05:24.779678', 'es');
INSERT INTO ads VALUES (163, 8000121, '2015-03-20 12:08:55', 'disabled', 'sell', '15_disabled_ads_without_packs', '585555', 15, 0, 2020, 63, NULL, false, false, true, 'Beiging Bj 1988', 'iybibhibihb', NULL, NULL, NULL, NULL, NULL, NULL, NULL, '$1024$|''s*$x]?C~reH#s>219d41118978d7a795ec65fd25cc14408a010ae1', '2015-03-20 12:08:55.277624', 'es');
INSERT INTO ads VALUES (161, 8000119, '2015-03-20 12:06:44', 'disabled', 'sell', '15_disabled_ads_without_packs', '585555', 15, 0, 2020, 63, NULL, false, false, true, 'Lada 21074 2001', 'ioubniu', NULL, NULL, NULL, NULL, NULL, NULL, NULL, '$1024$|''s*$x]?C~reH#s>219d41118978d7a795ec65fd25cc14408a010ae1', '2015-03-20 12:06:44.389017', 'es');
INSERT INTO ads VALUES (168, 8000126, '2015-03-20 12:13:23', 'disabled', 'sell', '15_disabled_ads_without_packs', '585555', 15, 0, 2020, 63, NULL, false, false, true, 'Saehan Bird De Luxe 1981', 'inmiopn', NULL, NULL, NULL, NULL, NULL, NULL, NULL, '$1024$|''s*$x]?C~reH#s>219d41118978d7a795ec65fd25cc14408a010ae1', '2015-03-20 12:13:23.091021', 'es');
INSERT INTO ads VALUES (164, 8000122, '2015-03-20 12:09:47', 'disabled', 'sell', '15_disabled_ads_without_packs', '585555', 15, 0, 2020, 63, NULL, false, false, true, 'Lexus Ls460 1997', 'oubou', NULL, NULL, NULL, NULL, NULL, NULL, NULL, '$1024$|''s*$x]?C~reH#s>219d41118978d7a795ec65fd25cc14408a010ae1', '2015-03-20 12:09:47.733008', 'es');
INSERT INTO ads VALUES (167, 8000125, '2015-03-20 12:12:40', 'disabled', 'sell', '15_disabled_ads_without_packs', '585555', 15, 0, 2020, 63, NULL, false, false, true, 'Changan EADO 2013', 'onoj', NULL, NULL, NULL, NULL, NULL, NULL, NULL, '$1024$|''s*$x]?C~reH#s>219d41118978d7a795ec65fd25cc14408a010ae1', '2015-03-20 12:12:40.947912', 'es');
INSERT INTO ads VALUES (166, 8000124, '2015-03-20 12:11:28', 'disabled', 'sell', '15_disabled_ads_without_packs', '585555', 15, 0, 2020, 63, NULL, false, false, true, 'International 750 Kgs. 1975', 'ibnuiuin', NULL, NULL, NULL, NULL, NULL, NULL, NULL, '$1024$|''s*$x]?C~reH#s>219d41118978d7a795ec65fd25cc14408a010ae1', '2015-03-20 12:11:28.585151', 'es');
INSERT INTO ads VALUES (169, 8000127, '2015-03-20 12:14:40', 'disabled', 'sell', '15_disabled_ads_without_packs', '585555', 15, 0, 2020, 63, NULL, false, false, true, 'Austin A7 1971', 'iubhiouno', NULL, NULL, NULL, NULL, NULL, NULL, NULL, '$1024$|''s*$x]?C~reH#s>219d41118978d7a795ec65fd25cc14408a010ae1', '2015-03-20 12:14:40.074159', 'es');
INSERT INTO ads VALUES (170, 8000128, '2015-03-20 12:16:15', 'disabled', 'sell', '15_disabled_ads_without_packs', '585555', 15, 0, 2020, 63, NULL, false, false, true, 'Mg 550 1999', 'jnbono', NULL, NULL, NULL, NULL, NULL, NULL, NULL, '$1024$|''s*$x]?C~reH#s>219d41118978d7a795ec65fd25cc14408a010ae1', '2015-03-20 12:16:15.592142', 'es');
INSERT INTO payment_groups (payment_group_id, code, status, added_at, parent_payment_group_id) VALUES (166, '633026231', 'verified', '2015-03-19 17:05:14.14941', NULL);
INSERT INTO payment_groups (payment_group_id, code, status, added_at, parent_payment_group_id) VALUES (167, '768418254', 'verified', '2015-03-19 17:05:39.031997', NULL);
INSERT INTO payment_groups (payment_group_id, code, status, added_at, parent_payment_group_id) VALUES (168, '903810277', 'verified', '2015-03-19 17:25:16.577459', NULL);
INSERT INTO payment_groups (payment_group_id, code, status, added_at, parent_payment_group_id) VALUES (169, '139202300', 'verified', '2015-03-19 17:26:57.479272', NULL);
INSERT INTO payment_groups (payment_group_id, code, status, added_at, parent_payment_group_id) VALUES (170, '274594323', 'verified', '2015-03-19 17:28:39.827035', NULL);
INSERT INTO payment_groups (payment_group_id, code, status, added_at, parent_payment_group_id) VALUES (171, '409986346', 'verified', '2015-03-19 17:29:19.422458', NULL);
INSERT INTO payment_groups (payment_group_id, code, status, added_at, parent_payment_group_id) VALUES (172, '545378369', 'verified', '2015-03-19 17:29:49.52646', NULL);
INSERT INTO payment_groups (payment_group_id, code, status, added_at, parent_payment_group_id) VALUES (173, '680770392', 'verified', '2015-03-19 17:30:16.046685', NULL);
INSERT INTO payment_groups (payment_group_id, code, status, added_at, parent_payment_group_id) VALUES (174, '816162415', 'verified', '2015-03-19 17:30:49.087903', NULL);
INSERT INTO payment_groups (payment_group_id, code, status, added_at, parent_payment_group_id) VALUES (175, '951554438', 'verified', '2015-03-19 17:33:20.337512', NULL);
INSERT INTO payment_groups (payment_group_id, code, status, added_at, parent_payment_group_id) VALUES (176, '186946461', 'verified', '2015-03-19 17:35:36.518402', NULL);
INSERT INTO payment_groups (payment_group_id, code, status, added_at, parent_payment_group_id) VALUES (177, '322338484', 'verified', '2015-03-19 17:36:05.134489', NULL);
INSERT INTO payment_groups (payment_group_id, code, status, added_at, parent_payment_group_id) VALUES (178, '457730507', 'verified', '2015-03-19 17:36:29.913394', NULL);
INSERT INTO payment_groups (payment_group_id, code, status, added_at, parent_payment_group_id) VALUES (179, '593122530', 'verified', '2015-03-19 17:36:58.178624', NULL);
INSERT INTO payment_groups (payment_group_id, code, status, added_at, parent_payment_group_id) VALUES (180, '728514553', 'verified', '2015-03-19 17:37:34.328862', NULL);
INSERT INTO payment_groups (payment_group_id, code, status, added_at, parent_payment_group_id) VALUES (181, '12345', 'paid', '2015-03-19 17:37:55.374233', NULL);
INSERT INTO payment_groups (payment_group_id, code, status, added_at, parent_payment_group_id) VALUES (182, '863906576', 'verified', '2015-03-19 17:44:26.860603', NULL);
INSERT INTO payment_groups (payment_group_id, code, status, added_at, parent_payment_group_id) VALUES (183, '999298599', 'verified', '2015-03-19 17:44:54.032197', NULL);
INSERT INTO payment_groups (payment_group_id, code, status, added_at, parent_payment_group_id) VALUES (184, '234690622', 'verified', '2015-03-19 17:45:50.822334', NULL);
INSERT INTO payment_groups (payment_group_id, code, status, added_at, parent_payment_group_id) VALUES (185, '65432', 'paid', '2015-03-19 17:46:24.863685', NULL);
INSERT INTO payment_groups (payment_group_id, code, status, added_at, parent_payment_group_id) VALUES (186, '370082645', 'verified', '2015-03-19 17:50:30.922636', NULL);
INSERT INTO payment_groups (payment_group_id, code, status, added_at, parent_payment_group_id) VALUES (187, '505474668', 'verified', '2015-03-19 17:50:52.478774', NULL);
INSERT INTO payment_groups (payment_group_id, code, status, added_at, parent_payment_group_id) VALUES (188, '640866691', 'verified', '2015-03-19 17:51:12.368525', NULL);
INSERT INTO payment_groups (payment_group_id, code, status, added_at, parent_payment_group_id) VALUES (189, '776258714', 'verified', '2015-03-19 17:51:45.076341', NULL);
INSERT INTO payment_groups (payment_group_id, code, status, added_at, parent_payment_group_id) VALUES (190, '911650737', 'verified', '2015-03-19 17:52:17.930801', NULL);
INSERT INTO payment_groups (payment_group_id, code, status, added_at, parent_payment_group_id) VALUES (191, '147042760', 'verified', '2015-03-20 11:12:33.878307', NULL);
INSERT INTO payment_groups (payment_group_id, code, status, added_at, parent_payment_group_id) VALUES (192, '282434783', 'verified', '2015-03-20 11:12:55.623936', NULL);
INSERT INTO payment_groups (payment_group_id, code, status, added_at, parent_payment_group_id) VALUES (193, '417826806', 'verified', '2015-03-20 11:13:19.660657', NULL);
INSERT INTO payment_groups (payment_group_id, code, status, added_at, parent_payment_group_id) VALUES (194, '553218829', 'verified', '2015-03-20 11:14:27.559345', NULL);
INSERT INTO payment_groups (payment_group_id, code, status, added_at, parent_payment_group_id) VALUES (195, '688610852', 'verified', '2015-03-20 11:14:53.538906', NULL);
INSERT INTO payment_groups (payment_group_id, code, status, added_at, parent_payment_group_id) VALUES (196, '824002875', 'verified', '2015-03-20 11:20:42.985402', NULL);
INSERT INTO payment_groups (payment_group_id, code, status, added_at, parent_payment_group_id) VALUES (197, '959394898', 'verified', '2015-03-20 11:57:20.889393', NULL);
INSERT INTO payment_groups (payment_group_id, code, status, added_at, parent_payment_group_id) VALUES (198, '194786921', 'verified', '2015-03-20 12:01:15.69241', NULL);
INSERT INTO payment_groups (payment_group_id, code, status, added_at, parent_payment_group_id) VALUES (199, '330178944', 'verified', '2015-03-20 12:02:09.464892', NULL);
INSERT INTO payment_groups (payment_group_id, code, status, added_at, parent_payment_group_id) VALUES (200, '465570967', 'verified', '2015-03-20 12:03:30.291276', NULL);
INSERT INTO payment_groups (payment_group_id, code, status, added_at, parent_payment_group_id) VALUES (201, '600962990', 'verified', '2015-03-20 12:04:24.257079', NULL);
INSERT INTO payment_groups (payment_group_id, code, status, added_at, parent_payment_group_id) VALUES (202, '736355013', 'verified', '2015-03-20 12:05:11.652716', NULL);
INSERT INTO payment_groups (payment_group_id, code, status, added_at, parent_payment_group_id) VALUES (203, '871747036', 'verified', '2015-03-20 12:06:35.20916', NULL);
INSERT INTO payment_groups (payment_group_id, code, status, added_at, parent_payment_group_id) VALUES (204, '107139059', 'verified', '2015-03-20 12:07:13.46939', NULL);
INSERT INTO payment_groups (payment_group_id, code, status, added_at, parent_payment_group_id) VALUES (205, '242531082', 'verified', '2015-03-20 12:08:44.070329', NULL);
INSERT INTO payment_groups (payment_group_id, code, status, added_at, parent_payment_group_id) VALUES (206, '377923105', 'verified', '2015-03-20 12:09:34.51905', NULL);
INSERT INTO payment_groups (payment_group_id, code, status, added_at, parent_payment_group_id) VALUES (207, '513315128', 'verified', '2015-03-20 12:10:36.254051', NULL);
INSERT INTO payment_groups (payment_group_id, code, status, added_at, parent_payment_group_id) VALUES (208, '648707151', 'verified', '2015-03-20 12:11:17.42475', NULL);
INSERT INTO payment_groups (payment_group_id, code, status, added_at, parent_payment_group_id) VALUES (209, '784099174', 'verified', '2015-03-20 12:12:27.80859', NULL);
INSERT INTO payment_groups (payment_group_id, code, status, added_at, parent_payment_group_id) VALUES (210, '919491197', 'verified', '2015-03-20 12:13:11.940036', NULL);
INSERT INTO payment_groups (payment_group_id, code, status, added_at, parent_payment_group_id) VALUES (211, '154883220', 'verified', '2015-03-20 12:14:30.883419', NULL);
INSERT INTO payment_groups (payment_group_id, code, status, added_at, parent_payment_group_id) VALUES (212, '290275243', 'verified', '2015-03-20 12:16:03.346302', NULL);

INSERT INTO ad_params (ad_id, name, value) VALUES (126, 'regdate', '1999');
INSERT INTO ad_params (ad_id, name, value) VALUES (126, 'mileage', '25000');
INSERT INTO ad_params (ad_id, name, value) VALUES (126, 'gearbox', '1');
INSERT INTO ad_params (ad_id, name, value) VALUES (126, 'fuel', '1');
INSERT INTO ad_params (ad_id, name, value) VALUES (126, 'cartype', '1');
INSERT INTO ad_params (ad_id, name, value) VALUES (126, 'prev_currency', 'peso');
INSERT INTO ad_params (ad_id, name, value) VALUES (126, 'brand', '10');
INSERT INTO ad_params (ad_id, name, value) VALUES (126, 'model', '2');
INSERT INTO ad_params (ad_id, name, value) VALUES (126, 'version', '1');
INSERT INTO ad_params (ad_id, name, value) VALUES (126, 'country', 'UNK');
INSERT INTO ad_params (ad_id, name, value) VALUES (127, 'regdate', '2009');
INSERT INTO ad_params (ad_id, name, value) VALUES (127, 'mileage', '40000');
INSERT INTO ad_params (ad_id, name, value) VALUES (127, 'gearbox', '1');
INSERT INTO ad_params (ad_id, name, value) VALUES (127, 'fuel', '4');
INSERT INTO ad_params (ad_id, name, value) VALUES (127, 'cartype', '1');
INSERT INTO ad_params (ad_id, name, value) VALUES (127, 'prev_currency', 'peso');
INSERT INTO ad_params (ad_id, name, value) VALUES (127, 'brand', '20');
INSERT INTO ad_params (ad_id, name, value) VALUES (127, 'model', '40');
INSERT INTO ad_params (ad_id, name, value) VALUES (127, 'version', '4');
INSERT INTO ad_params (ad_id, name, value) VALUES (127, 'country', 'UNK');
INSERT INTO ad_params (ad_id, name, value) VALUES (128, 'regdate', '2011');
INSERT INTO ad_params (ad_id, name, value) VALUES (128, 'mileage', '40000');
INSERT INTO ad_params (ad_id, name, value) VALUES (128, 'gearbox', '1');
INSERT INTO ad_params (ad_id, name, value) VALUES (128, 'fuel', '1');
INSERT INTO ad_params (ad_id, name, value) VALUES (128, 'cartype', '1');
INSERT INTO ad_params (ad_id, name, value) VALUES (128, 'prev_currency', 'peso');
INSERT INTO ad_params (ad_id, name, value) VALUES (128, 'brand', '27');
INSERT INTO ad_params (ad_id, name, value) VALUES (128, 'model', '5');
INSERT INTO ad_params (ad_id, name, value) VALUES (128, 'version', '1');
INSERT INTO ad_params (ad_id, name, value) VALUES (128, 'country', 'UNK');
INSERT INTO ad_params (ad_id, name, value) VALUES (128, 'pack_status', 'disabled');
INSERT INTO ad_params (ad_id, name, value) VALUES (129, 'regdate', '2013');
INSERT INTO ad_params (ad_id, name, value) VALUES (129, 'mileage', '26000');
INSERT INTO ad_params (ad_id, name, value) VALUES (129, 'gearbox', '2');
INSERT INTO ad_params (ad_id, name, value) VALUES (129, 'fuel', '4');
INSERT INTO ad_params (ad_id, name, value) VALUES (129, 'cartype', '1');
INSERT INTO ad_params (ad_id, name, value) VALUES (129, 'prev_currency', 'peso');
INSERT INTO ad_params (ad_id, name, value) VALUES (129, 'brand', '61');
INSERT INTO ad_params (ad_id, name, value) VALUES (129, 'model', '3');
INSERT INTO ad_params (ad_id, name, value) VALUES (129, 'version', '19');
INSERT INTO ad_params (ad_id, name, value) VALUES (129, 'country', 'UNK');
INSERT INTO ad_params (ad_id, name, value) VALUES (129, 'pack_status', 'disabled');
INSERT INTO ad_params (ad_id, name, value) VALUES (130, 'regdate', '1999');
INSERT INTO ad_params (ad_id, name, value) VALUES (130, 'mileage', '26000');
INSERT INTO ad_params (ad_id, name, value) VALUES (130, 'gearbox', '2');
INSERT INTO ad_params (ad_id, name, value) VALUES (130, 'fuel', '1');
INSERT INTO ad_params (ad_id, name, value) VALUES (130, 'cartype', '1');
INSERT INTO ad_params (ad_id, name, value) VALUES (130, 'prev_currency', 'peso');
INSERT INTO ad_params (ad_id, name, value) VALUES (130, 'brand', '15');
INSERT INTO ad_params (ad_id, name, value) VALUES (130, 'model', '4');
INSERT INTO ad_params (ad_id, name, value) VALUES (130, 'version', '1');
INSERT INTO ad_params (ad_id, name, value) VALUES (130, 'country', 'UNK');
INSERT INTO ad_params (ad_id, name, value) VALUES (130, 'pack_status', 'disabled');
INSERT INTO ad_params (ad_id, name, value) VALUES (131, 'regdate', '1988');
INSERT INTO ad_params (ad_id, name, value) VALUES (131, 'mileage', '26000');
INSERT INTO ad_params (ad_id, name, value) VALUES (131, 'gearbox', '1');
INSERT INTO ad_params (ad_id, name, value) VALUES (131, 'fuel', '1');
INSERT INTO ad_params (ad_id, name, value) VALUES (131, 'cartype', '3');
INSERT INTO ad_params (ad_id, name, value) VALUES (131, 'prev_currency', 'peso');
INSERT INTO ad_params (ad_id, name, value) VALUES (131, 'brand', '11');
INSERT INTO ad_params (ad_id, name, value) VALUES (131, 'model', '1');
INSERT INTO ad_params (ad_id, name, value) VALUES (131, 'version', '1');
INSERT INTO ad_params (ad_id, name, value) VALUES (131, 'country', 'UNK');
INSERT INTO ad_params (ad_id, name, value) VALUES (131, 'pack_status', 'active');
INSERT INTO ad_params (ad_id, name, value) VALUES (132, 'regdate', '1998');
INSERT INTO ad_params (ad_id, name, value) VALUES (132, 'mileage', '26000');
INSERT INTO ad_params (ad_id, name, value) VALUES (132, 'gearbox', '2');
INSERT INTO ad_params (ad_id, name, value) VALUES (132, 'fuel', '4');
INSERT INTO ad_params (ad_id, name, value) VALUES (132, 'cartype', '4');
INSERT INTO ad_params (ad_id, name, value) VALUES (132, 'prev_currency', 'peso');
INSERT INTO ad_params (ad_id, name, value) VALUES (132, 'brand', '55');
INSERT INTO ad_params (ad_id, name, value) VALUES (132, 'model', '1');
INSERT INTO ad_params (ad_id, name, value) VALUES (132, 'version', '12');
INSERT INTO ad_params (ad_id, name, value) VALUES (132, 'country', 'UNK');
INSERT INTO ad_params (ad_id, name, value) VALUES (133, 'regdate', '2008');
INSERT INTO ad_params (ad_id, name, value) VALUES (133, 'mileage', '26000');
INSERT INTO ad_params (ad_id, name, value) VALUES (133, 'gearbox', '2');
INSERT INTO ad_params (ad_id, name, value) VALUES (133, 'fuel', '1');
INSERT INTO ad_params (ad_id, name, value) VALUES (133, 'cartype', '1');
INSERT INTO ad_params (ad_id, name, value) VALUES (133, 'prev_currency', 'peso');
INSERT INTO ad_params (ad_id, name, value) VALUES (133, 'brand', '51');
INSERT INTO ad_params (ad_id, name, value) VALUES (133, 'model', '5');
INSERT INTO ad_params (ad_id, name, value) VALUES (133, 'version', '1');
INSERT INTO ad_params (ad_id, name, value) VALUES (133, 'country', 'UNK');
INSERT INTO ad_params (ad_id, name, value) VALUES (133, 'pack_status', 'active');
INSERT INTO ad_params (ad_id, name, value) VALUES (134, 'regdate', '2009');
INSERT INTO ad_params (ad_id, name, value) VALUES (134, 'mileage', '25000');
INSERT INTO ad_params (ad_id, name, value) VALUES (134, 'gearbox', '1');
INSERT INTO ad_params (ad_id, name, value) VALUES (134, 'fuel', '1');
INSERT INTO ad_params (ad_id, name, value) VALUES (134, 'cartype', '1');
INSERT INTO ad_params (ad_id, name, value) VALUES (134, 'prev_currency', 'peso');
INSERT INTO ad_params (ad_id, name, value) VALUES (134, 'brand', '16');
INSERT INTO ad_params (ad_id, name, value) VALUES (134, 'model', '6');
INSERT INTO ad_params (ad_id, name, value) VALUES (134, 'version', '1');
INSERT INTO ad_params (ad_id, name, value) VALUES (134, 'country', 'UNK');
INSERT INTO ad_params (ad_id, name, value) VALUES (135, 'regdate', '2012');
INSERT INTO ad_params (ad_id, name, value) VALUES (135, 'mileage', '26000');
INSERT INTO ad_params (ad_id, name, value) VALUES (135, 'gearbox', '1');
INSERT INTO ad_params (ad_id, name, value) VALUES (135, 'fuel', '1');
INSERT INTO ad_params (ad_id, name, value) VALUES (135, 'cartype', '1');
INSERT INTO ad_params (ad_id, name, value) VALUES (135, 'prev_currency', 'peso');
INSERT INTO ad_params (ad_id, name, value) VALUES (135, 'brand', '99');
INSERT INTO ad_params (ad_id, name, value) VALUES (135, 'model', '2');
INSERT INTO ad_params (ad_id, name, value) VALUES (135, 'version', '1');
INSERT INTO ad_params (ad_id, name, value) VALUES (135, 'country', 'UNK');
INSERT INTO ad_params (ad_id, name, value) VALUES (136, 'regdate', '2014');
INSERT INTO ad_params (ad_id, name, value) VALUES (136, 'mileage', '26000');
INSERT INTO ad_params (ad_id, name, value) VALUES (136, 'gearbox', '2');
INSERT INTO ad_params (ad_id, name, value) VALUES (136, 'fuel', '1');
INSERT INTO ad_params (ad_id, name, value) VALUES (136, 'cartype', '1');
INSERT INTO ad_params (ad_id, name, value) VALUES (136, 'prev_currency', 'peso');
INSERT INTO ad_params (ad_id, name, value) VALUES (136, 'brand', '40');
INSERT INTO ad_params (ad_id, name, value) VALUES (136, 'model', '28');
INSERT INTO ad_params (ad_id, name, value) VALUES (136, 'version', '2');
INSERT INTO ad_params (ad_id, name, value) VALUES (136, 'country', 'UNK');
INSERT INTO ad_params (ad_id, name, value) VALUES (137, 'regdate', '2010');
INSERT INTO ad_params (ad_id, name, value) VALUES (137, 'mileage', '56000');
INSERT INTO ad_params (ad_id, name, value) VALUES (137, 'gearbox', '1');
INSERT INTO ad_params (ad_id, name, value) VALUES (137, 'fuel', '1');
INSERT INTO ad_params (ad_id, name, value) VALUES (137, 'cartype', '2');
INSERT INTO ad_params (ad_id, name, value) VALUES (137, 'prev_currency', 'peso');
INSERT INTO ad_params (ad_id, name, value) VALUES (137, 'brand', '28');
INSERT INTO ad_params (ad_id, name, value) VALUES (137, 'model', '1');
INSERT INTO ad_params (ad_id, name, value) VALUES (137, 'version', '1');
INSERT INTO ad_params (ad_id, name, value) VALUES (137, 'country', 'UNK');
INSERT INTO ad_params (ad_id, name, value) VALUES (138, 'regdate', '2007');
INSERT INTO ad_params (ad_id, name, value) VALUES (138, 'mileage', '40000');
INSERT INTO ad_params (ad_id, name, value) VALUES (138, 'gearbox', '2');
INSERT INTO ad_params (ad_id, name, value) VALUES (138, 'fuel', '1');
INSERT INTO ad_params (ad_id, name, value) VALUES (138, 'cartype', '1');
INSERT INTO ad_params (ad_id, name, value) VALUES (138, 'prev_currency', 'peso');
INSERT INTO ad_params (ad_id, name, value) VALUES (138, 'brand', '20');
INSERT INTO ad_params (ad_id, name, value) VALUES (138, 'model', '8');
INSERT INTO ad_params (ad_id, name, value) VALUES (138, 'version', '6');
INSERT INTO ad_params (ad_id, name, value) VALUES (138, 'country', 'UNK');
INSERT INTO ad_params (ad_id, name, value) VALUES (139, 'regdate', '2005');
INSERT INTO ad_params (ad_id, name, value) VALUES (139, 'mileage', '25000');
INSERT INTO ad_params (ad_id, name, value) VALUES (139, 'gearbox', '2');
INSERT INTO ad_params (ad_id, name, value) VALUES (139, 'fuel', '1');
INSERT INTO ad_params (ad_id, name, value) VALUES (139, 'cartype', '1');
INSERT INTO ad_params (ad_id, name, value) VALUES (139, 'prev_currency', 'peso');
INSERT INTO ad_params (ad_id, name, value) VALUES (139, 'brand', '44');
INSERT INTO ad_params (ad_id, name, value) VALUES (139, 'model', '12');
INSERT INTO ad_params (ad_id, name, value) VALUES (139, 'version', '1');
INSERT INTO ad_params (ad_id, name, value) VALUES (139, 'country', 'UNK');
INSERT INTO ad_params (ad_id, name, value) VALUES (140, 'regdate', '1975');
INSERT INTO ad_params (ad_id, name, value) VALUES (140, 'mileage', '25000');
INSERT INTO ad_params (ad_id, name, value) VALUES (140, 'gearbox', '1');
INSERT INTO ad_params (ad_id, name, value) VALUES (140, 'fuel', '1');
INSERT INTO ad_params (ad_id, name, value) VALUES (140, 'cartype', '2');
INSERT INTO ad_params (ad_id, name, value) VALUES (140, 'prev_currency', 'peso');
INSERT INTO ad_params (ad_id, name, value) VALUES (140, 'brand', '41');
INSERT INTO ad_params (ad_id, name, value) VALUES (140, 'model', '2');
INSERT INTO ad_params (ad_id, name, value) VALUES (140, 'version', '1');
INSERT INTO ad_params (ad_id, name, value) VALUES (140, 'country', 'UNK');
INSERT INTO ad_params (ad_id, name, value) VALUES (140, 'pack_status', 'active');
INSERT INTO ad_params (ad_id, name, value) VALUES (139, 'pack_status', 'active');
INSERT INTO ad_params (ad_id, name, value) VALUES (138, 'pack_status', 'active');
INSERT INTO ad_params (ad_id, name, value) VALUES (137, 'pack_status', 'active');
INSERT INTO ad_params (ad_id, name, value) VALUES (136, 'pack_status', 'active');
INSERT INTO ad_params (ad_id, name, value) VALUES (135, 'pack_status', 'active');
INSERT INTO ad_params (ad_id, name, value) VALUES (134, 'pack_status', 'active');
INSERT INTO ad_params (ad_id, name, value) VALUES (132, 'pack_status', 'active');
INSERT INTO ad_params (ad_id, name, value) VALUES (141, 'regdate', '2013');
INSERT INTO ad_params (ad_id, name, value) VALUES (141, 'mileage', '25000');
INSERT INTO ad_params (ad_id, name, value) VALUES (141, 'gearbox', '1');
INSERT INTO ad_params (ad_id, name, value) VALUES (141, 'fuel', '4');
INSERT INTO ad_params (ad_id, name, value) VALUES (141, 'cartype', '2');
INSERT INTO ad_params (ad_id, name, value) VALUES (141, 'prev_currency', 'peso');
INSERT INTO ad_params (ad_id, name, value) VALUES (141, 'brand', '32');
INSERT INTO ad_params (ad_id, name, value) VALUES (141, 'model', '2');
INSERT INTO ad_params (ad_id, name, value) VALUES (141, 'version', '2');
INSERT INTO ad_params (ad_id, name, value) VALUES (141, 'country', 'UNK');
INSERT INTO ad_params (ad_id, name, value) VALUES (142, 'regdate', '1983');
INSERT INTO ad_params (ad_id, name, value) VALUES (142, 'mileage', '86555');
INSERT INTO ad_params (ad_id, name, value) VALUES (142, 'gearbox', '1');
INSERT INTO ad_params (ad_id, name, value) VALUES (142, 'fuel', '1');
INSERT INTO ad_params (ad_id, name, value) VALUES (142, 'cartype', '1');
INSERT INTO ad_params (ad_id, name, value) VALUES (142, 'prev_currency', 'peso');
INSERT INTO ad_params (ad_id, name, value) VALUES (142, 'brand', '49');
INSERT INTO ad_params (ad_id, name, value) VALUES (142, 'model', '4');
INSERT INTO ad_params (ad_id, name, value) VALUES (142, 'version', '1');
INSERT INTO ad_params (ad_id, name, value) VALUES (142, 'country', 'UNK');
INSERT INTO ad_params (ad_id, name, value) VALUES (143, 'regdate', '2012');
INSERT INTO ad_params (ad_id, name, value) VALUES (143, 'mileage', '40000');
INSERT INTO ad_params (ad_id, name, value) VALUES (143, 'gearbox', '1');
INSERT INTO ad_params (ad_id, name, value) VALUES (143, 'fuel', '1');
INSERT INTO ad_params (ad_id, name, value) VALUES (143, 'cartype', '2');
INSERT INTO ad_params (ad_id, name, value) VALUES (143, 'prev_currency', 'peso');
INSERT INTO ad_params (ad_id, name, value) VALUES (143, 'brand', '27');
INSERT INTO ad_params (ad_id, name, value) VALUES (143, 'model', '9');
INSERT INTO ad_params (ad_id, name, value) VALUES (143, 'version', '1');
INSERT INTO ad_params (ad_id, name, value) VALUES (143, 'country', 'UNK');
INSERT INTO ad_params (ad_id, name, value) VALUES (143, 'pack_status', 'active');
INSERT INTO ad_params (ad_id, name, value) VALUES (142, 'pack_status', 'active');
INSERT INTO ad_params (ad_id, name, value) VALUES (141, 'pack_status', 'active');
INSERT INTO ad_params (ad_id, name, value) VALUES (144, 'regdate', '2009');
INSERT INTO ad_params (ad_id, name, value) VALUES (144, 'mileage', '86555');
INSERT INTO ad_params (ad_id, name, value) VALUES (144, 'gearbox', '1');
INSERT INTO ad_params (ad_id, name, value) VALUES (144, 'fuel', '1');
INSERT INTO ad_params (ad_id, name, value) VALUES (144, 'cartype', '1');
INSERT INTO ad_params (ad_id, name, value) VALUES (144, 'prev_currency', 'peso');
INSERT INTO ad_params (ad_id, name, value) VALUES (144, 'brand', '30');
INSERT INTO ad_params (ad_id, name, value) VALUES (144, 'model', '8');
INSERT INTO ad_params (ad_id, name, value) VALUES (144, 'version', '1');
INSERT INTO ad_params (ad_id, name, value) VALUES (144, 'country', 'UNK');
INSERT INTO ad_params (ad_id, name, value) VALUES (144, 'pack_status', 'disabled');
INSERT INTO ad_params (ad_id, name, value) VALUES (145, 'regdate', '2005');
INSERT INTO ad_params (ad_id, name, value) VALUES (145, 'mileage', '40000');
INSERT INTO ad_params (ad_id, name, value) VALUES (145, 'gearbox', '1');
INSERT INTO ad_params (ad_id, name, value) VALUES (145, 'fuel', '4');
INSERT INTO ad_params (ad_id, name, value) VALUES (145, 'cartype', '2');
INSERT INTO ad_params (ad_id, name, value) VALUES (145, 'prev_currency', 'peso');
INSERT INTO ad_params (ad_id, name, value) VALUES (145, 'brand', '46');
INSERT INTO ad_params (ad_id, name, value) VALUES (145, 'model', '2');
INSERT INTO ad_params (ad_id, name, value) VALUES (145, 'version', '1');
INSERT INTO ad_params (ad_id, name, value) VALUES (145, 'country', 'UNK');
INSERT INTO ad_params (ad_id, name, value) VALUES (145, 'pack_status', 'disabled');
INSERT INTO ad_params (ad_id, name, value) VALUES (146, 'regdate', '1979');
INSERT INTO ad_params (ad_id, name, value) VALUES (146, 'mileage', '26000');
INSERT INTO ad_params (ad_id, name, value) VALUES (146, 'gearbox', '1');
INSERT INTO ad_params (ad_id, name, value) VALUES (146, 'fuel', '1');
INSERT INTO ad_params (ad_id, name, value) VALUES (146, 'cartype', '1');
INSERT INTO ad_params (ad_id, name, value) VALUES (146, 'prev_currency', 'peso');
INSERT INTO ad_params (ad_id, name, value) VALUES (146, 'brand', '59');
INSERT INTO ad_params (ad_id, name, value) VALUES (146, 'model', '5');
INSERT INTO ad_params (ad_id, name, value) VALUES (146, 'version', '1');
INSERT INTO ad_params (ad_id, name, value) VALUES (146, 'country', 'UNK');
INSERT INTO ad_params (ad_id, name, value) VALUES (146, 'pack_status', 'disabled');
INSERT INTO ad_params (ad_id, name, value) VALUES (147, 'regdate', '2002');
INSERT INTO ad_params (ad_id, name, value) VALUES (147, 'mileage', '56000');
INSERT INTO ad_params (ad_id, name, value) VALUES (147, 'gearbox', '1');
INSERT INTO ad_params (ad_id, name, value) VALUES (147, 'fuel', '1');
INSERT INTO ad_params (ad_id, name, value) VALUES (147, 'cartype', '1');
INSERT INTO ad_params (ad_id, name, value) VALUES (147, 'prev_currency', 'peso');
INSERT INTO ad_params (ad_id, name, value) VALUES (147, 'brand', '37');
INSERT INTO ad_params (ad_id, name, value) VALUES (147, 'model', '1');
INSERT INTO ad_params (ad_id, name, value) VALUES (147, 'version', '9');
INSERT INTO ad_params (ad_id, name, value) VALUES (147, 'country', 'UNK');
INSERT INTO ad_params (ad_id, name, value) VALUES (147, 'pack_status', 'disabled');
INSERT INTO ad_params (ad_id, name, value) VALUES (148, 'regdate', '2013');
INSERT INTO ad_params (ad_id, name, value) VALUES (148, 'mileage', '25000');
INSERT INTO ad_params (ad_id, name, value) VALUES (148, 'gearbox', '1');
INSERT INTO ad_params (ad_id, name, value) VALUES (148, 'fuel', '1');
INSERT INTO ad_params (ad_id, name, value) VALUES (148, 'cartype', '1');
INSERT INTO ad_params (ad_id, name, value) VALUES (148, 'prev_currency', 'peso');
INSERT INTO ad_params (ad_id, name, value) VALUES (148, 'brand', '53');
INSERT INTO ad_params (ad_id, name, value) VALUES (148, 'model', '1');
INSERT INTO ad_params (ad_id, name, value) VALUES (148, 'version', '1');
INSERT INTO ad_params (ad_id, name, value) VALUES (148, 'country', 'UNK');
INSERT INTO ad_params (ad_id, name, value) VALUES (148, 'pack_status', 'disabled');
INSERT INTO ad_params (ad_id, name, value) VALUES (149, 'regdate', '2003');
INSERT INTO ad_params (ad_id, name, value) VALUES (149, 'mileage', '26000');
INSERT INTO ad_params (ad_id, name, value) VALUES (149, 'gearbox', '2');
INSERT INTO ad_params (ad_id, name, value) VALUES (149, 'fuel', '1');
INSERT INTO ad_params (ad_id, name, value) VALUES (149, 'cartype', '1');
INSERT INTO ad_params (ad_id, name, value) VALUES (149, 'prev_currency', 'peso');
INSERT INTO ad_params (ad_id, name, value) VALUES (149, 'brand', '3');
INSERT INTO ad_params (ad_id, name, value) VALUES (149, 'model', '8');
INSERT INTO ad_params (ad_id, name, value) VALUES (149, 'version', '2');
INSERT INTO ad_params (ad_id, name, value) VALUES (149, 'country', 'UNK');
INSERT INTO ad_params (ad_id, name, value) VALUES (150, 'regdate', '2005');
INSERT INTO ad_params (ad_id, name, value) VALUES (150, 'mileage', '25000');
INSERT INTO ad_params (ad_id, name, value) VALUES (150, 'gearbox', '1');
INSERT INTO ad_params (ad_id, name, value) VALUES (150, 'fuel', '1');
INSERT INTO ad_params (ad_id, name, value) VALUES (150, 'cartype', '1');
INSERT INTO ad_params (ad_id, name, value) VALUES (150, 'prev_currency', 'peso');
INSERT INTO ad_params (ad_id, name, value) VALUES (150, 'brand', '15');
INSERT INTO ad_params (ad_id, name, value) VALUES (150, 'model', '3');
INSERT INTO ad_params (ad_id, name, value) VALUES (150, 'version', '1');
INSERT INTO ad_params (ad_id, name, value) VALUES (150, 'country', 'UNK');
INSERT INTO ad_params (ad_id, name, value) VALUES (151, 'regdate', '2008');
INSERT INTO ad_params (ad_id, name, value) VALUES (151, 'mileage', '56000');
INSERT INTO ad_params (ad_id, name, value) VALUES (151, 'gearbox', '2');
INSERT INTO ad_params (ad_id, name, value) VALUES (151, 'fuel', '2');
INSERT INTO ad_params (ad_id, name, value) VALUES (151, 'cartype', '3');
INSERT INTO ad_params (ad_id, name, value) VALUES (151, 'prev_currency', 'peso');
INSERT INTO ad_params (ad_id, name, value) VALUES (151, 'brand', '62');
INSERT INTO ad_params (ad_id, name, value) VALUES (151, 'model', '18');
INSERT INTO ad_params (ad_id, name, value) VALUES (151, 'version', '2');
INSERT INTO ad_params (ad_id, name, value) VALUES (151, 'country', 'UNK');
INSERT INTO ad_params (ad_id, name, value) VALUES (152, 'regdate', '2011');
INSERT INTO ad_params (ad_id, name, value) VALUES (152, 'mileage', '40000');
INSERT INTO ad_params (ad_id, name, value) VALUES (152, 'gearbox', '1');
INSERT INTO ad_params (ad_id, name, value) VALUES (152, 'fuel', '1');
INSERT INTO ad_params (ad_id, name, value) VALUES (152, 'cartype', '2');
INSERT INTO ad_params (ad_id, name, value) VALUES (152, 'prev_currency', 'peso');
INSERT INTO ad_params (ad_id, name, value) VALUES (152, 'brand', '32');
INSERT INTO ad_params (ad_id, name, value) VALUES (152, 'model', '1');
INSERT INTO ad_params (ad_id, name, value) VALUES (152, 'version', '2');
INSERT INTO ad_params (ad_id, name, value) VALUES (152, 'country', 'UNK');
INSERT INTO ad_params (ad_id, name, value) VALUES (153, 'regdate', '2002');
INSERT INTO ad_params (ad_id, name, value) VALUES (153, 'mileage', '86555');
INSERT INTO ad_params (ad_id, name, value) VALUES (153, 'gearbox', '1');
INSERT INTO ad_params (ad_id, name, value) VALUES (153, 'fuel', '1');
INSERT INTO ad_params (ad_id, name, value) VALUES (153, 'cartype', '3');
INSERT INTO ad_params (ad_id, name, value) VALUES (153, 'prev_currency', 'peso');
INSERT INTO ad_params (ad_id, name, value) VALUES (153, 'brand', '5');
INSERT INTO ad_params (ad_id, name, value) VALUES (153, 'model', '1');
INSERT INTO ad_params (ad_id, name, value) VALUES (153, 'version', '1');
INSERT INTO ad_params (ad_id, name, value) VALUES (153, 'country', 'UNK');
INSERT INTO ad_params (ad_id, name, value) VALUES (154, 'regdate', '1974');
INSERT INTO ad_params (ad_id, name, value) VALUES (154, 'mileage', '40000');
INSERT INTO ad_params (ad_id, name, value) VALUES (154, 'gearbox', '1');
INSERT INTO ad_params (ad_id, name, value) VALUES (154, 'fuel', '1');
INSERT INTO ad_params (ad_id, name, value) VALUES (154, 'cartype', '1');
INSERT INTO ad_params (ad_id, name, value) VALUES (154, 'prev_currency', 'peso');
INSERT INTO ad_params (ad_id, name, value) VALUES (154, 'brand', '25');
INSERT INTO ad_params (ad_id, name, value) VALUES (154, 'model', '15');
INSERT INTO ad_params (ad_id, name, value) VALUES (154, 'version', '1');
INSERT INTO ad_params (ad_id, name, value) VALUES (154, 'country', 'UNK');
INSERT INTO ad_params (ad_id, name, value) VALUES (155, 'regdate', '1986');
INSERT INTO ad_params (ad_id, name, value) VALUES (155, 'mileage', '40000');
INSERT INTO ad_params (ad_id, name, value) VALUES (155, 'gearbox', '1');
INSERT INTO ad_params (ad_id, name, value) VALUES (155, 'fuel', '1');
INSERT INTO ad_params (ad_id, name, value) VALUES (155, 'cartype', '2');
INSERT INTO ad_params (ad_id, name, value) VALUES (155, 'prev_currency', 'peso');
INSERT INTO ad_params (ad_id, name, value) VALUES (155, 'brand', '4');
INSERT INTO ad_params (ad_id, name, value) VALUES (155, 'model', '3');
INSERT INTO ad_params (ad_id, name, value) VALUES (155, 'version', '1');
INSERT INTO ad_params (ad_id, name, value) VALUES (155, 'country', 'UNK');
INSERT INTO ad_params (ad_id, name, value) VALUES (155, 'pack_status', 'disabled');
INSERT INTO ad_params (ad_id, name, value) VALUES (156, 'regdate', '2003');
INSERT INTO ad_params (ad_id, name, value) VALUES (156, 'mileage', '26000');
INSERT INTO ad_params (ad_id, name, value) VALUES (156, 'gearbox', '1');
INSERT INTO ad_params (ad_id, name, value) VALUES (156, 'fuel', '1');
INSERT INTO ad_params (ad_id, name, value) VALUES (156, 'cartype', '1');
INSERT INTO ad_params (ad_id, name, value) VALUES (156, 'prev_currency', 'peso');
INSERT INTO ad_params (ad_id, name, value) VALUES (156, 'brand', '2');
INSERT INTO ad_params (ad_id, name, value) VALUES (156, 'model', '1');
INSERT INTO ad_params (ad_id, name, value) VALUES (156, 'version', '1');
INSERT INTO ad_params (ad_id, name, value) VALUES (156, 'country', 'UNK');
INSERT INTO ad_params (ad_id, name, value) VALUES (156, 'pack_status', 'disabled');
INSERT INTO ad_params (ad_id, name, value) VALUES (157, 'regdate', '1999');
INSERT INTO ad_params (ad_id, name, value) VALUES (157, 'mileage', '25000');
INSERT INTO ad_params (ad_id, name, value) VALUES (157, 'gearbox', '1');
INSERT INTO ad_params (ad_id, name, value) VALUES (157, 'fuel', '1');
INSERT INTO ad_params (ad_id, name, value) VALUES (157, 'cartype', '1');
INSERT INTO ad_params (ad_id, name, value) VALUES (157, 'prev_currency', 'peso');
INSERT INTO ad_params (ad_id, name, value) VALUES (157, 'brand', '35');
INSERT INTO ad_params (ad_id, name, value) VALUES (157, 'model', '3');
INSERT INTO ad_params (ad_id, name, value) VALUES (157, 'version', '4');
INSERT INTO ad_params (ad_id, name, value) VALUES (157, 'country', 'UNK');
INSERT INTO ad_params (ad_id, name, value) VALUES (157, 'pack_status', 'disabled');
INSERT INTO ad_params (ad_id, name, value) VALUES (158, 'regdate', '2004');
INSERT INTO ad_params (ad_id, name, value) VALUES (158, 'mileage', '40000');
INSERT INTO ad_params (ad_id, name, value) VALUES (158, 'gearbox', '1');
INSERT INTO ad_params (ad_id, name, value) VALUES (158, 'fuel', '1');
INSERT INTO ad_params (ad_id, name, value) VALUES (158, 'cartype', '2');
INSERT INTO ad_params (ad_id, name, value) VALUES (158, 'prev_currency', 'peso');
INSERT INTO ad_params (ad_id, name, value) VALUES (158, 'brand', '62');
INSERT INTO ad_params (ad_id, name, value) VALUES (158, 'model', '8');
INSERT INTO ad_params (ad_id, name, value) VALUES (158, 'version', '4');
INSERT INTO ad_params (ad_id, name, value) VALUES (158, 'country', 'UNK');
INSERT INTO ad_params (ad_id, name, value) VALUES (158, 'pack_status', 'disabled');
INSERT INTO ad_params (ad_id, name, value) VALUES (159, 'regdate', '1999');
INSERT INTO ad_params (ad_id, name, value) VALUES (159, 'mileage', '26000');
INSERT INTO ad_params (ad_id, name, value) VALUES (159, 'gearbox', '1');
INSERT INTO ad_params (ad_id, name, value) VALUES (159, 'fuel', '1');
INSERT INTO ad_params (ad_id, name, value) VALUES (159, 'cartype', '1');
INSERT INTO ad_params (ad_id, name, value) VALUES (159, 'prev_currency', 'peso');
INSERT INTO ad_params (ad_id, name, value) VALUES (159, 'brand', '36');
INSERT INTO ad_params (ad_id, name, value) VALUES (159, 'model', '1');
INSERT INTO ad_params (ad_id, name, value) VALUES (159, 'version', '1');
INSERT INTO ad_params (ad_id, name, value) VALUES (159, 'country', 'UNK');
INSERT INTO ad_params (ad_id, name, value) VALUES (159, 'pack_status', 'disabled');
INSERT INTO ad_params (ad_id, name, value) VALUES (160, 'regdate', '1998');
INSERT INTO ad_params (ad_id, name, value) VALUES (160, 'mileage', '40000');
INSERT INTO ad_params (ad_id, name, value) VALUES (160, 'gearbox', '1');
INSERT INTO ad_params (ad_id, name, value) VALUES (160, 'fuel', '1');
INSERT INTO ad_params (ad_id, name, value) VALUES (160, 'cartype', '1');
INSERT INTO ad_params (ad_id, name, value) VALUES (160, 'prev_currency', 'peso');
INSERT INTO ad_params (ad_id, name, value) VALUES (160, 'brand', '13');
INSERT INTO ad_params (ad_id, name, value) VALUES (160, 'model', '5');
INSERT INTO ad_params (ad_id, name, value) VALUES (160, 'version', '1');
INSERT INTO ad_params (ad_id, name, value) VALUES (160, 'country', 'UNK');
INSERT INTO ad_params (ad_id, name, value) VALUES (160, 'pack_status', 'disabled');
INSERT INTO ad_params (ad_id, name, value) VALUES (161, 'regdate', '2001');
INSERT INTO ad_params (ad_id, name, value) VALUES (161, 'mileage', '56000');
INSERT INTO ad_params (ad_id, name, value) VALUES (161, 'gearbox', '1');
INSERT INTO ad_params (ad_id, name, value) VALUES (161, 'fuel', '1');
INSERT INTO ad_params (ad_id, name, value) VALUES (161, 'cartype', '1');
INSERT INTO ad_params (ad_id, name, value) VALUES (161, 'prev_currency', 'peso');
INSERT INTO ad_params (ad_id, name, value) VALUES (161, 'brand', '48');
INSERT INTO ad_params (ad_id, name, value) VALUES (161, 'model', '7');
INSERT INTO ad_params (ad_id, name, value) VALUES (161, 'version', '1');
INSERT INTO ad_params (ad_id, name, value) VALUES (161, 'country', 'UNK');
INSERT INTO ad_params (ad_id, name, value) VALUES (161, 'pack_status', 'disabled');
INSERT INTO ad_params (ad_id, name, value) VALUES (162, 'regdate', '1998');
INSERT INTO ad_params (ad_id, name, value) VALUES (162, 'mileage', '40000');
INSERT INTO ad_params (ad_id, name, value) VALUES (162, 'gearbox', '1');
INSERT INTO ad_params (ad_id, name, value) VALUES (162, 'fuel', '4');
INSERT INTO ad_params (ad_id, name, value) VALUES (162, 'cartype', '2');
INSERT INTO ad_params (ad_id, name, value) VALUES (162, 'prev_currency', 'peso');
INSERT INTO ad_params (ad_id, name, value) VALUES (162, 'brand', '46');
INSERT INTO ad_params (ad_id, name, value) VALUES (162, 'model', '2');
INSERT INTO ad_params (ad_id, name, value) VALUES (162, 'version', '2');
INSERT INTO ad_params (ad_id, name, value) VALUES (162, 'country', 'UNK');
INSERT INTO ad_params (ad_id, name, value) VALUES (162, 'pack_status', 'disabled');
INSERT INTO ad_params (ad_id, name, value) VALUES (163, 'regdate', '1988');
INSERT INTO ad_params (ad_id, name, value) VALUES (163, 'mileage', '86555');
INSERT INTO ad_params (ad_id, name, value) VALUES (163, 'gearbox', '1');
INSERT INTO ad_params (ad_id, name, value) VALUES (163, 'fuel', '1');
INSERT INTO ad_params (ad_id, name, value) VALUES (163, 'cartype', '3');
INSERT INTO ad_params (ad_id, name, value) VALUES (163, 'prev_currency', 'peso');
INSERT INTO ad_params (ad_id, name, value) VALUES (163, 'brand', '11');
INSERT INTO ad_params (ad_id, name, value) VALUES (163, 'model', '1');
INSERT INTO ad_params (ad_id, name, value) VALUES (163, 'version', '1');
INSERT INTO ad_params (ad_id, name, value) VALUES (163, 'country', 'UNK');
INSERT INTO ad_params (ad_id, name, value) VALUES (163, 'pack_status', 'disabled');
INSERT INTO ad_params (ad_id, name, value) VALUES (164, 'regdate', '1997');
INSERT INTO ad_params (ad_id, name, value) VALUES (164, 'mileage', '56000');
INSERT INTO ad_params (ad_id, name, value) VALUES (164, 'gearbox', '2');
INSERT INTO ad_params (ad_id, name, value) VALUES (164, 'fuel', '1');
INSERT INTO ad_params (ad_id, name, value) VALUES (164, 'cartype', '1');
INSERT INTO ad_params (ad_id, name, value) VALUES (164, 'prev_currency', 'peso');
INSERT INTO ad_params (ad_id, name, value) VALUES (164, 'brand', '51');
INSERT INTO ad_params (ad_id, name, value) VALUES (164, 'model', '6');
INSERT INTO ad_params (ad_id, name, value) VALUES (164, 'version', '1');
INSERT INTO ad_params (ad_id, name, value) VALUES (164, 'country', 'UNK');
INSERT INTO ad_params (ad_id, name, value) VALUES (164, 'pack_status', 'disabled');
INSERT INTO ad_params (ad_id, name, value) VALUES (165, 'regdate', '2009');
INSERT INTO ad_params (ad_id, name, value) VALUES (165, 'mileage', '25000');
INSERT INTO ad_params (ad_id, name, value) VALUES (165, 'gearbox', '2');
INSERT INTO ad_params (ad_id, name, value) VALUES (165, 'fuel', '4');
INSERT INTO ad_params (ad_id, name, value) VALUES (165, 'cartype', '1');
INSERT INTO ad_params (ad_id, name, value) VALUES (165, 'prev_currency', 'peso');
INSERT INTO ad_params (ad_id, name, value) VALUES (165, 'brand', '97');
INSERT INTO ad_params (ad_id, name, value) VALUES (165, 'model', '1');
INSERT INTO ad_params (ad_id, name, value) VALUES (165, 'version', '4');
INSERT INTO ad_params (ad_id, name, value) VALUES (165, 'country', 'UNK');
INSERT INTO ad_params (ad_id, name, value) VALUES (165, 'pack_status', 'disabled');
INSERT INTO ad_params (ad_id, name, value) VALUES (166, 'regdate', '1975');
INSERT INTO ad_params (ad_id, name, value) VALUES (166, 'mileage', '40000');
INSERT INTO ad_params (ad_id, name, value) VALUES (166, 'gearbox', '1');
INSERT INTO ad_params (ad_id, name, value) VALUES (166, 'fuel', '1');
INSERT INTO ad_params (ad_id, name, value) VALUES (166, 'cartype', '2');
INSERT INTO ad_params (ad_id, name, value) VALUES (166, 'prev_currency', 'peso');
INSERT INTO ad_params (ad_id, name, value) VALUES (166, 'brand', '41');
INSERT INTO ad_params (ad_id, name, value) VALUES (166, 'model', '2');
INSERT INTO ad_params (ad_id, name, value) VALUES (166, 'version', '1');
INSERT INTO ad_params (ad_id, name, value) VALUES (166, 'country', 'UNK');
INSERT INTO ad_params (ad_id, name, value) VALUES (166, 'pack_status', 'disabled');
INSERT INTO ad_params (ad_id, name, value) VALUES (167, 'regdate', '2013');
INSERT INTO ad_params (ad_id, name, value) VALUES (167, 'mileage', '86555');
INSERT INTO ad_params (ad_id, name, value) VALUES (167, 'gearbox', '1');
INSERT INTO ad_params (ad_id, name, value) VALUES (167, 'fuel', '1');
INSERT INTO ad_params (ad_id, name, value) VALUES (167, 'cartype', '1');
INSERT INTO ad_params (ad_id, name, value) VALUES (167, 'prev_currency', 'peso');
INSERT INTO ad_params (ad_id, name, value) VALUES (167, 'brand', '16');
INSERT INTO ad_params (ad_id, name, value) VALUES (167, 'model', '7');
INSERT INTO ad_params (ad_id, name, value) VALUES (167, 'version', '1');
INSERT INTO ad_params (ad_id, name, value) VALUES (167, 'country', 'UNK');
INSERT INTO ad_params (ad_id, name, value) VALUES (167, 'pack_status', 'disabled');
INSERT INTO ad_params (ad_id, name, value) VALUES (168, 'regdate', '1981');
INSERT INTO ad_params (ad_id, name, value) VALUES (168, 'mileage', '26000');
INSERT INTO ad_params (ad_id, name, value) VALUES (168, 'gearbox', '1');
INSERT INTO ad_params (ad_id, name, value) VALUES (168, 'fuel', '1');
INSERT INTO ad_params (ad_id, name, value) VALUES (168, 'cartype', '1');
INSERT INTO ad_params (ad_id, name, value) VALUES (168, 'prev_currency', 'peso');
INSERT INTO ad_params (ad_id, name, value) VALUES (168, 'brand', '78');
INSERT INTO ad_params (ad_id, name, value) VALUES (168, 'model', '2');
INSERT INTO ad_params (ad_id, name, value) VALUES (168, 'version', '1');
INSERT INTO ad_params (ad_id, name, value) VALUES (168, 'country', 'UNK');
INSERT INTO ad_params (ad_id, name, value) VALUES (168, 'pack_status', 'disabled');
INSERT INTO ad_params (ad_id, name, value) VALUES (169, 'regdate', '1971');
INSERT INTO ad_params (ad_id, name, value) VALUES (169, 'mileage', '86555');
INSERT INTO ad_params (ad_id, name, value) VALUES (169, 'gearbox', '1');
INSERT INTO ad_params (ad_id, name, value) VALUES (169, 'fuel', '1');
INSERT INTO ad_params (ad_id, name, value) VALUES (169, 'cartype', '2');
INSERT INTO ad_params (ad_id, name, value) VALUES (169, 'prev_currency', 'peso');
INSERT INTO ad_params (ad_id, name, value) VALUES (169, 'brand', '9');
INSERT INTO ad_params (ad_id, name, value) VALUES (169, 'model', '4');
INSERT INTO ad_params (ad_id, name, value) VALUES (169, 'version', '1');
INSERT INTO ad_params (ad_id, name, value) VALUES (169, 'country', 'UNK');
INSERT INTO ad_params (ad_id, name, value) VALUES (169, 'pack_status', 'disabled');
INSERT INTO ad_params (ad_id, name, value) VALUES (170, 'regdate', '1999');
INSERT INTO ad_params (ad_id, name, value) VALUES (170, 'mileage', '56000');
INSERT INTO ad_params (ad_id, name, value) VALUES (170, 'gearbox', '2');
INSERT INTO ad_params (ad_id, name, value) VALUES (170, 'fuel', '1');
INSERT INTO ad_params (ad_id, name, value) VALUES (170, 'cartype', '1');
INSERT INTO ad_params (ad_id, name, value) VALUES (170, 'prev_currency', 'peso');
INSERT INTO ad_params (ad_id, name, value) VALUES (170, 'brand', '60');
INSERT INTO ad_params (ad_id, name, value) VALUES (170, 'model', '2');
INSERT INTO ad_params (ad_id, name, value) VALUES (170, 'version', '5');
INSERT INTO ad_params (ad_id, name, value) VALUES (170, 'country', 'UNK');
INSERT INTO ad_params (ad_id, name, value) VALUES (170, 'pack_status', 'disabled');





INSERT INTO ad_actions  VALUES (141, 1, 'new', 781, 'accepted', 'pack', NULL, NULL, 182);
INSERT INTO ad_actions  VALUES (138, 1, 'new', 749, 'accepted', 'pack', NULL, NULL, 178);
INSERT INTO ad_actions  VALUES (158, 1, 'new', 854, 'accepted', 'pack', NULL, NULL, 200);
INSERT INTO ad_actions  VALUES (127, 1, 'new', 704, 'accepted', 'normal', NULL, NULL, 167);
INSERT INTO ad_actions  VALUES (126, 1, 'new', 705, 'accepted', 'normal', NULL, NULL, 166);
INSERT INTO ad_actions  VALUES (142, 1, 'new', 785, 'accepted', 'pack', NULL, NULL, 183);
INSERT INTO ad_actions  VALUES (159, 1, 'new', 858, 'accepted', 'pack', NULL, NULL, 201);
INSERT INTO ad_actions  VALUES (128, 1, 'new', 709, 'accepted', 'pack', NULL, NULL, 168);
INSERT INTO ad_actions  VALUES (143, 1, 'new', 789, 'accepted', 'pack', NULL, NULL, 184);
INSERT INTO ad_actions  VALUES (148, 1, 'new', 815, 'accepted', 'pack', NULL, NULL, 190);
INSERT INTO ad_actions  VALUES (129, 1, 'new', 713, 'accepted', 'pack', NULL, NULL, 169);
INSERT INTO ad_actions  VALUES (143, 2, 'status_change', 791, 'accepted', 'normal', NULL, NULL, NULL);
INSERT INTO ad_actions  VALUES (160, 1, 'new', 862, 'accepted', 'pack', NULL, NULL, 202);
INSERT INTO ad_actions  VALUES (142, 2, 'status_change', 793, 'accepted', 'normal', NULL, NULL, NULL);
INSERT INTO ad_actions  VALUES (163, 1, 'new', 874, 'accepted', 'pack', NULL, NULL, 205);
INSERT INTO ad_actions  VALUES (130, 1, 'new', 717, 'accepted', 'pack', NULL, NULL, 170);
INSERT INTO ad_actions  VALUES (141, 2, 'status_change', 795, 'accepted', 'normal', NULL, NULL, NULL);
INSERT INTO ad_actions  VALUES (161, 1, 'new', 866, 'accepted', 'pack', NULL, NULL, 203);
INSERT INTO ad_actions  VALUES (131, 1, 'new', 721, 'accepted', 'pack', NULL, NULL, 171);
INSERT INTO ad_actions  VALUES (144, 1, 'new', 799, 'accepted', 'pack', NULL, NULL, 186);
INSERT INTO ad_actions  VALUES (132, 1, 'new', 725, 'accepted', 'pack', NULL, NULL, 172);
INSERT INTO ad_actions  VALUES (139, 1, 'new', 753, 'accepted', 'pack', NULL, NULL, 179);
INSERT INTO ad_actions  VALUES (162, 1, 'new', 870, 'accepted', 'pack', NULL, NULL, 204);
INSERT INTO ad_actions  VALUES (145, 1, 'new', 803, 'accepted', 'pack', NULL, NULL, 187);
INSERT INTO ad_actions  VALUES (133, 1, 'new', 729, 'accepted', 'pack', NULL, NULL, 173);
INSERT INTO ad_actions  VALUES (167, 1, 'new', 890, 'accepted', 'pack', NULL, NULL, 209);
INSERT INTO ad_actions  VALUES (146, 1, 'new', 807, 'accepted', 'pack', NULL, NULL, 188);
INSERT INTO ad_actions  VALUES (134, 1, 'new', 733, 'accepted', 'pack', NULL, NULL, 174);
INSERT INTO ad_actions  VALUES (164, 1, 'new', 878, 'accepted', 'pack', NULL, NULL, 206);
INSERT INTO ad_actions  VALUES (147, 1, 'new', 811, 'accepted', 'pack', NULL, NULL, 189);
INSERT INTO ad_actions  VALUES (135, 1, 'new', 737, 'accepted', 'pack', NULL, NULL, 175);
INSERT INTO ad_actions  VALUES (165, 1, 'new', 882, 'accepted', 'pack', NULL, NULL, 207);
INSERT INTO ad_actions  VALUES (136, 1, 'new', 741, 'accepted', 'pack', NULL, NULL, 176);
INSERT INTO ad_actions  VALUES (155, 1, 'new', 842, 'accepted', 'pack', NULL, NULL, 197);
INSERT INTO ad_actions  VALUES (166, 1, 'new', 886, 'accepted', 'pack', NULL, NULL, 208);
INSERT INTO ad_actions  VALUES (137, 1, 'new', 745, 'accepted', 'pack', NULL, NULL, 177);
INSERT INTO ad_actions  VALUES (140, 1, 'new', 757, 'accepted', 'pack', NULL, NULL, 180);
INSERT INTO ad_actions  VALUES (140, 2, 'status_change', 759, 'accepted', 'normal', NULL, NULL, NULL);
INSERT INTO ad_actions  VALUES (168, 1, 'new', 894, 'accepted', 'pack', NULL, NULL, 210);
INSERT INTO ad_actions  VALUES (139, 2, 'status_change', 761, 'accepted', 'normal', NULL, NULL, NULL);
INSERT INTO ad_actions  VALUES (138, 2, 'status_change', 763, 'accepted', 'normal', NULL, NULL, NULL);
INSERT INTO ad_actions  VALUES (137, 2, 'status_change', 765, 'accepted', 'normal', NULL, NULL, NULL);
INSERT INTO ad_actions  VALUES (136, 2, 'status_change', 767, 'accepted', 'normal', NULL, NULL, NULL);
INSERT INTO ad_actions  VALUES (153, 1, 'new', 831, 'accepted', 'normal', NULL, NULL, 195);
INSERT INTO ad_actions  VALUES (152, 1, 'new', 832, 'accepted', 'normal', NULL, NULL, 194);
INSERT INTO ad_actions  VALUES (135, 2, 'status_change', 769, 'accepted', 'normal', NULL, NULL, NULL);
INSERT INTO ad_actions  VALUES (151, 1, 'new', 833, 'accepted', 'normal', NULL, NULL, 193);
INSERT INTO ad_actions  VALUES (150, 1, 'new', 834, 'accepted', 'normal', NULL, NULL, 192);
INSERT INTO ad_actions  VALUES (134, 2, 'status_change', 771, 'accepted', 'normal', NULL, NULL, NULL);
INSERT INTO ad_actions  VALUES (149, 1, 'new', 835, 'accepted', 'normal', NULL, NULL, 191);
INSERT INTO ad_actions  VALUES (169, 1, 'new', 898, 'accepted', 'pack', NULL, NULL, 211);
INSERT INTO ad_actions  VALUES (133, 2, 'status_change', 773, 'accepted', 'normal', NULL, NULL, NULL);
INSERT INTO ad_actions  VALUES (132, 2, 'status_change', 775, 'accepted', 'normal', NULL, NULL, NULL);
INSERT INTO ad_actions  VALUES (131, 2, 'status_change', 777, 'accepted', 'normal', NULL, NULL, NULL);
INSERT INTO ad_actions  VALUES (154, 1, 'new', 838, 'pending_review', 'normal', NULL, NULL, 196);
INSERT INTO ad_actions  VALUES (156, 1, 'new', 846, 'accepted', 'pack', NULL, NULL, 198);
INSERT INTO ad_actions  VALUES (170, 1, 'new', 902, 'accepted', 'pack', NULL, NULL, 212);
INSERT INTO ad_actions  VALUES (157, 1, 'new', 850, 'accepted', 'pack', NULL, NULL, 199);
INSERT INTO action_params (ad_id, action_id, name, value) VALUES (126, 1, 'source', 'web');
INSERT INTO action_params (ad_id, action_id, name, value) VALUES (126, 1, 'redir', 'dW5rbm93bg==');
INSERT INTO action_params (ad_id, action_id, name, value) VALUES (127, 1, 'source', 'web');
INSERT INTO action_params (ad_id, action_id, name, value) VALUES (127, 1, 'redir', 'dW5rbm93bg==');
INSERT INTO action_params (ad_id, action_id, name, value) VALUES (128, 1, 'source', 'web');
INSERT INTO action_params (ad_id, action_id, name, value) VALUES (128, 1, 'redir', 'dW5rbm93bg==');
INSERT INTO action_params (ad_id, action_id, name, value) VALUES (129, 1, 'source', 'web');
INSERT INTO action_params (ad_id, action_id, name, value) VALUES (129, 1, 'redir', 'dW5rbm93bg==');
INSERT INTO action_params (ad_id, action_id, name, value) VALUES (130, 1, 'source', 'web');
INSERT INTO action_params (ad_id, action_id, name, value) VALUES (130, 1, 'redir', 'dW5rbm93bg==');
INSERT INTO action_params (ad_id, action_id, name, value) VALUES (131, 1, 'source', 'web');
INSERT INTO action_params (ad_id, action_id, name, value) VALUES (131, 1, 'redir', 'dW5rbm93bg==');
INSERT INTO action_params (ad_id, action_id, name, value) VALUES (132, 1, 'source', 'web');
INSERT INTO action_params (ad_id, action_id, name, value) VALUES (132, 1, 'redir', 'dW5rbm93bg==');
INSERT INTO action_params (ad_id, action_id, name, value) VALUES (133, 1, 'source', 'web');
INSERT INTO action_params (ad_id, action_id, name, value) VALUES (133, 1, 'redir', 'dW5rbm93bg==');
INSERT INTO action_params (ad_id, action_id, name, value) VALUES (134, 1, 'source', 'web');
INSERT INTO action_params (ad_id, action_id, name, value) VALUES (134, 1, 'redir', 'dW5rbm93bg==');
INSERT INTO action_params (ad_id, action_id, name, value) VALUES (135, 1, 'source', 'web');
INSERT INTO action_params (ad_id, action_id, name, value) VALUES (135, 1, 'redir', 'dW5rbm93bg==');
INSERT INTO action_params (ad_id, action_id, name, value) VALUES (136, 1, 'source', 'web');
INSERT INTO action_params (ad_id, action_id, name, value) VALUES (136, 1, 'redir', 'dW5rbm93bg==');
INSERT INTO action_params (ad_id, action_id, name, value) VALUES (137, 1, 'source', 'web');
INSERT INTO action_params (ad_id, action_id, name, value) VALUES (137, 1, 'redir', 'dW5rbm93bg==');
INSERT INTO action_params (ad_id, action_id, name, value) VALUES (138, 1, 'source', 'web');
INSERT INTO action_params (ad_id, action_id, name, value) VALUES (138, 1, 'redir', 'dW5rbm93bg==');
INSERT INTO action_params (ad_id, action_id, name, value) VALUES (139, 1, 'source', 'web');
INSERT INTO action_params (ad_id, action_id, name, value) VALUES (139, 1, 'redir', 'dW5rbm93bg==');
INSERT INTO action_params (ad_id, action_id, name, value) VALUES (140, 1, 'source', 'web');
INSERT INTO action_params (ad_id, action_id, name, value) VALUES (140, 1, 'redir', 'dW5rbm93bg==');
INSERT INTO action_params (ad_id, action_id, name, value) VALUES (141, 1, 'source', 'web');
INSERT INTO action_params (ad_id, action_id, name, value) VALUES (141, 1, 'redir', 'dW5rbm93bg==');
INSERT INTO action_params (ad_id, action_id, name, value) VALUES (142, 1, 'source', 'web');
INSERT INTO action_params (ad_id, action_id, name, value) VALUES (142, 1, 'redir', 'dW5rbm93bg==');
INSERT INTO action_params (ad_id, action_id, name, value) VALUES (143, 1, 'source', 'web');
INSERT INTO action_params (ad_id, action_id, name, value) VALUES (143, 1, 'redir', 'dW5rbm93bg==');
INSERT INTO action_params (ad_id, action_id, name, value) VALUES (144, 1, 'source', 'web');
INSERT INTO action_params (ad_id, action_id, name, value) VALUES (144, 1, 'redir', 'dW5rbm93bg==');
INSERT INTO action_params (ad_id, action_id, name, value) VALUES (145, 1, 'source', 'web');
INSERT INTO action_params (ad_id, action_id, name, value) VALUES (145, 1, 'redir', 'dW5rbm93bg==');
INSERT INTO action_params (ad_id, action_id, name, value) VALUES (146, 1, 'source', 'web');
INSERT INTO action_params (ad_id, action_id, name, value) VALUES (146, 1, 'redir', 'dW5rbm93bg==');
INSERT INTO action_params (ad_id, action_id, name, value) VALUES (147, 1, 'source', 'web');
INSERT INTO action_params (ad_id, action_id, name, value) VALUES (147, 1, 'redir', 'dW5rbm93bg==');
INSERT INTO action_params (ad_id, action_id, name, value) VALUES (148, 1, 'source', 'web');
INSERT INTO action_params (ad_id, action_id, name, value) VALUES (148, 1, 'redir', 'dW5rbm93bg==');
INSERT INTO action_params (ad_id, action_id, name, value) VALUES (149, 1, 'source', 'web');
INSERT INTO action_params (ad_id, action_id, name, value) VALUES (149, 1, 'redir', 'dW5rbm93bg==');
INSERT INTO action_params (ad_id, action_id, name, value) VALUES (150, 1, 'source', 'web');
INSERT INTO action_params (ad_id, action_id, name, value) VALUES (150, 1, 'redir', 'dW5rbm93bg==');
INSERT INTO action_params (ad_id, action_id, name, value) VALUES (151, 1, 'source', 'web');
INSERT INTO action_params (ad_id, action_id, name, value) VALUES (151, 1, 'redir', 'dW5rbm93bg==');
INSERT INTO action_params (ad_id, action_id, name, value) VALUES (152, 1, 'source', 'web');
INSERT INTO action_params (ad_id, action_id, name, value) VALUES (152, 1, 'redir', 'dW5rbm93bg==');
INSERT INTO action_params (ad_id, action_id, name, value) VALUES (153, 1, 'source', 'web');
INSERT INTO action_params (ad_id, action_id, name, value) VALUES (153, 1, 'redir', 'dW5rbm93bg==');
INSERT INTO action_params (ad_id, action_id, name, value) VALUES (154, 1, 'source', 'web');
INSERT INTO action_params (ad_id, action_id, name, value) VALUES (154, 1, 'redir', 'dW5rbm93bg==');
INSERT INTO action_params (ad_id, action_id, name, value) VALUES (155, 1, 'source', 'web');
INSERT INTO action_params (ad_id, action_id, name, value) VALUES (155, 1, 'redir', 'dW5rbm93bg==');
INSERT INTO action_params (ad_id, action_id, name, value) VALUES (156, 1, 'source', 'web');
INSERT INTO action_params (ad_id, action_id, name, value) VALUES (156, 1, 'redir', 'dW5rbm93bg==');
INSERT INTO action_params (ad_id, action_id, name, value) VALUES (157, 1, 'source', 'web');
INSERT INTO action_params (ad_id, action_id, name, value) VALUES (157, 1, 'redir', 'dW5rbm93bg==');
INSERT INTO action_params (ad_id, action_id, name, value) VALUES (158, 1, 'source', 'web');
INSERT INTO action_params (ad_id, action_id, name, value) VALUES (158, 1, 'redir', 'dW5rbm93bg==');
INSERT INTO action_params (ad_id, action_id, name, value) VALUES (159, 1, 'source', 'web');
INSERT INTO action_params (ad_id, action_id, name, value) VALUES (159, 1, 'redir', 'dW5rbm93bg==');
INSERT INTO action_params (ad_id, action_id, name, value) VALUES (160, 1, 'source', 'web');
INSERT INTO action_params (ad_id, action_id, name, value) VALUES (160, 1, 'redir', 'dW5rbm93bg==');
INSERT INTO action_params (ad_id, action_id, name, value) VALUES (161, 1, 'source', 'web');
INSERT INTO action_params (ad_id, action_id, name, value) VALUES (161, 1, 'redir', 'dW5rbm93bg==');
INSERT INTO action_params (ad_id, action_id, name, value) VALUES (162, 1, 'source', 'web');
INSERT INTO action_params (ad_id, action_id, name, value) VALUES (162, 1, 'redir', 'dW5rbm93bg==');
INSERT INTO action_params (ad_id, action_id, name, value) VALUES (163, 1, 'source', 'web');
INSERT INTO action_params (ad_id, action_id, name, value) VALUES (163, 1, 'redir', 'dW5rbm93bg==');
INSERT INTO action_params (ad_id, action_id, name, value) VALUES (164, 1, 'source', 'web');
INSERT INTO action_params (ad_id, action_id, name, value) VALUES (164, 1, 'redir', 'dW5rbm93bg==');
INSERT INTO action_params (ad_id, action_id, name, value) VALUES (165, 1, 'source', 'web');
INSERT INTO action_params (ad_id, action_id, name, value) VALUES (165, 1, 'redir', 'dW5rbm93bg==');
INSERT INTO action_params (ad_id, action_id, name, value) VALUES (166, 1, 'source', 'web');
INSERT INTO action_params (ad_id, action_id, name, value) VALUES (166, 1, 'redir', 'dW5rbm93bg==');
INSERT INTO action_params (ad_id, action_id, name, value) VALUES (167, 1, 'source', 'web');
INSERT INTO action_params (ad_id, action_id, name, value) VALUES (167, 1, 'redir', 'dW5rbm93bg==');
INSERT INTO action_params (ad_id, action_id, name, value) VALUES (168, 1, 'source', 'web');
INSERT INTO action_params (ad_id, action_id, name, value) VALUES (168, 1, 'redir', 'dW5rbm93bg==');
INSERT INTO action_params (ad_id, action_id, name, value) VALUES (169, 1, 'source', 'web');
INSERT INTO action_params (ad_id, action_id, name, value) VALUES (169, 1, 'redir', 'dW5rbm93bg==');
INSERT INTO action_params (ad_id, action_id, name, value) VALUES (170, 1, 'source', 'web');
INSERT INTO action_params (ad_id, action_id, name, value) VALUES (170, 1, 'redir', 'dW5rbm93bg==');
INSERT INTO tokens (token_id, token, admin_id, created_at, valid_to, remote_addr, info, store_id, email) VALUES (715, 'X550b2c267c16b4db00000000417dda6500000000', 9, '2015-03-19 17:05:57.558287', '2015-03-19 17:05:57.803616', '10.0.1.198', 'authenticate', NULL, NULL);
INSERT INTO tokens (token_id, token, admin_id, created_at, valid_to, remote_addr, info, store_id, email) VALUES (716, 'X550b2c26425ff2f900000000226f66e300000000', 9, '2015-03-19 17:05:57.803616', '2015-03-19 17:08:23.365391', '10.0.1.198', 'spamfilter', NULL, NULL);
INSERT INTO tokens (token_id, token, admin_id, created_at, valid_to, remote_addr, info, store_id, email) VALUES (717, 'X550b2cb75f360c19000000005b0e66a00000000', 9, '2015-03-19 17:08:23.365391', '2015-03-19 17:08:38.016536', '10.0.1.198', 'listadmins', NULL, NULL);
INSERT INTO tokens (token_id, token, admin_id, created_at, valid_to, remote_addr, info, store_id, email) VALUES (718, 'X550b2cc65918ccc500000000682d6be500000000', 9, '2015-03-19 17:08:38.016536', '2015-03-19 17:08:38.03219', '10.0.1.198', 'listadmins', NULL, NULL);
INSERT INTO tokens (token_id, token, admin_id, created_at, valid_to, remote_addr, info, store_id, email) VALUES (719, 'X550b2cc66d75d3000000000073b0657600000000', 9, '2015-03-19 17:08:38.03219', '2015-03-19 17:08:41.876634', '10.0.1.198', 'search_ads', NULL, NULL);
INSERT INTO tokens (token_id, token, admin_id, created_at, valid_to, remote_addr, info, store_id, email) VALUES (720, 'X550b2cca5420693f000000001246702900000000', 9, '2015-03-19 17:08:41.876634', '2015-03-19 17:08:42.041423', '10.0.1.198', 'adqueues', NULL, NULL);
INSERT INTO tokens (token_id, token, admin_id, created_at, valid_to, remote_addr, info, store_id, email) VALUES (721, 'X550b2cca5922ea7000000007378de7e00000000', 9, '2015-03-19 17:08:42.041423', '2015-03-19 17:08:42.053408', '10.0.1.198', 'block_list', NULL, NULL);
INSERT INTO tokens (token_id, token, admin_id, created_at, valid_to, remote_addr, info, store_id, email) VALUES (722, 'X550b2cca2a370acf000000002f1aa3c000000000', 9, '2015-03-19 17:08:42.053408', '2015-03-19 17:08:42.062316', '10.0.1.198', 'block_list', NULL, NULL);
INSERT INTO tokens (token_id, token, admin_id, created_at, valid_to, remote_addr, info, store_id, email) VALUES (723, 'X550b2cca648c7dc40000000060f996600000000', 9, '2015-03-19 17:08:42.062316', '2015-03-19 17:08:42.93232', '10.0.1.198', 'block_list', NULL, NULL);
INSERT INTO tokens (token_id, token, admin_id, created_at, valid_to, remote_addr, info, store_id, email) VALUES (724, 'X550b2ccb1010c11200000000104beb9700000000', 9, '2015-03-19 17:08:42.93232', '2015-03-19 17:08:43.047172', '10.0.1.198', 'adqueues', NULL, NULL);
INSERT INTO tokens (token_id, token, admin_id, created_at, valid_to, remote_addr, info, store_id, email) VALUES (725, 'X550b2ccb34e24773000000004d30a73b00000000', 9, '2015-03-19 17:08:43.047172', '2015-03-19 17:08:43.054915', '10.0.1.198', 'block_list', NULL, NULL);
INSERT INTO tokens (token_id, token, admin_id, created_at, valid_to, remote_addr, info, store_id, email) VALUES (726, 'X550b2ccb264974010000000032d83a4700000000', 9, '2015-03-19 17:08:43.054915', '2015-03-19 17:08:43.062966', '10.0.1.198', 'block_list', NULL, NULL);
INSERT INTO tokens (token_id, token, admin_id, created_at, valid_to, remote_addr, info, store_id, email) VALUES (727, 'X550b2ccb26889fbe0000000062bfbad100000000', 9, '2015-03-19 17:08:43.062966', '2015-03-19 17:08:46.951538', '10.0.1.198', 'block_list', NULL, NULL);
INSERT INTO tokens (token_id, token, admin_id, created_at, valid_to, remote_addr, info, store_id, email) VALUES (728, 'X550b2ccf75062afa000000002a4e633c00000000', 9, '2015-03-19 17:08:46.951538', '2015-03-19 17:08:50.335584', '10.0.1.198', 'review', NULL, NULL);
INSERT INTO tokens (token_id, token, admin_id, created_at, valid_to, remote_addr, info, store_id, email) VALUES (729, 'X550b2cd22d4794ad000000007d047ad700000000', 9, '2015-03-19 17:08:50.335584', '2015-03-19 17:08:55.22503', '10.0.1.198', 'review', NULL, NULL);
INSERT INTO tokens (token_id, token, admin_id, created_at, valid_to, remote_addr, info, store_id, email) VALUES (730, 'X550b2cd71dc741bb000000008a8637800000000', 9, '2015-03-19 17:08:55.22503', '2015-03-19 17:08:55.245215', '10.0.1.198', 'listadmins', NULL, NULL);
INSERT INTO tokens (token_id, token, admin_id, created_at, valid_to, remote_addr, info, store_id, email) VALUES (731, 'X550b2cd737c307380000000065d5b43900000000', 9, '2015-03-19 17:08:55.245215', '2015-03-19 17:25:21.851232', '10.0.1.198', 'search_ads', NULL, NULL);
INSERT INTO tokens (token_id, token, admin_id, created_at, valid_to, remote_addr, info, store_id, email) VALUES (732, 'X550b30b264551ffb00000000753006200000000', 9, '2015-03-19 17:25:21.851232', '2015-03-19 17:25:21.879903', '10.0.1.198', 'listadmins', NULL, NULL);
INSERT INTO tokens (token_id, token, admin_id, created_at, valid_to, remote_addr, info, store_id, email) VALUES (733, 'X550b30b21e529fff0000000054608d2500000000', 9, '2015-03-19 17:25:21.879903', '2015-03-19 17:25:25.51709', '10.0.1.198', 'search_ads', NULL, NULL);
INSERT INTO tokens (token_id, token, admin_id, created_at, valid_to, remote_addr, info, store_id, email) VALUES (734, 'X550b30b656b3aaa6000000002510484f00000000', 9, '2015-03-19 17:25:25.51709', '2015-03-19 17:25:25.632746', '10.0.1.198', 'adqueues', NULL, NULL);
INSERT INTO tokens (token_id, token, admin_id, created_at, valid_to, remote_addr, info, store_id, email) VALUES (735, 'X550b30b6482dfb1d000000007491514c00000000', 9, '2015-03-19 17:25:25.632746', '2015-03-19 17:25:25.640209', '10.0.1.198', 'block_list', NULL, NULL);
INSERT INTO tokens (token_id, token, admin_id, created_at, valid_to, remote_addr, info, store_id, email) VALUES (736, 'X550b30b614a1ccce000000005bdb28ac00000000', 9, '2015-03-19 17:25:25.640209', '2015-03-19 17:25:25.647744', '10.0.1.198', 'block_list', NULL, NULL);
INSERT INTO tokens (token_id, token, admin_id, created_at, valid_to, remote_addr, info, store_id, email) VALUES (737, 'X550b30b6317fed9800000000556dfa0d00000000', 9, '2015-03-19 17:25:25.647744', '2015-03-19 17:25:30.278192', '10.0.1.198', 'block_list', NULL, NULL);
INSERT INTO tokens (token_id, token, admin_id, created_at, valid_to, remote_addr, info, store_id, email) VALUES (738, 'X550b30ba6b0770aa000000004c3f00b400000000', 9, '2015-03-19 17:25:30.278192', '2015-03-19 17:28:42.578026', '10.0.1.198', 'review', NULL, NULL);
INSERT INTO tokens (token_id, token, admin_id, created_at, valid_to, remote_addr, info, store_id, email) VALUES (739, 'X550b317b38d65dc70000000057fa52e600000000', 9, '2015-03-19 17:28:42.578026', '2015-03-19 17:28:42.621461', '10.0.1.198', 'listadmins', NULL, NULL);
INSERT INTO tokens (token_id, token, admin_id, created_at, valid_to, remote_addr, info, store_id, email) VALUES (740, 'X550b317b3b728618000000006197df5400000000', 9, '2015-03-19 17:28:42.621461', '2015-03-19 17:30:18.93966', '10.0.1.198', 'search_ads', NULL, NULL);
INSERT INTO tokens (token_id, token, admin_id, created_at, valid_to, remote_addr, info, store_id, email) VALUES (741, 'X550b31db2a6cdd32000000003a489d0d00000000', 9, '2015-03-19 17:30:18.93966', '2015-03-19 17:30:18.962211', '10.0.1.198', 'listadmins', NULL, NULL);
INSERT INTO tokens (token_id, token, admin_id, created_at, valid_to, remote_addr, info, store_id, email) VALUES (742, 'X550b31db4d5ad87300000000516ae5f200000000', 9, '2015-03-19 17:30:18.962211', '2015-03-19 17:33:27.376078', '10.0.1.198', 'search_ads', NULL, NULL);
INSERT INTO tokens (token_id, token, admin_id, created_at, valid_to, remote_addr, info, store_id, email) VALUES (743, 'X550b32975737702000000007454c6bb00000000', 9, '2015-03-19 17:33:27.376078', '2015-03-19 17:33:27.411083', '10.0.1.198', 'listadmins', NULL, NULL);
INSERT INTO tokens (token_id, token, admin_id, created_at, valid_to, remote_addr, info, store_id, email) VALUES (744, 'X550b329716f12398000000007ef2aabb00000000', 9, '2015-03-19 17:33:27.411083', '2015-03-19 17:33:45.89497', '10.0.1.198', 'search_ads', NULL, NULL);
INSERT INTO tokens (token_id, token, admin_id, created_at, valid_to, remote_addr, info, store_id, email) VALUES (745, 'X550b32aaf89f2cb000000001e03bbe800000000', 9, '2015-03-19 17:33:45.89497', '2015-03-19 17:33:46.064358', '10.0.1.198', 'adqueues', NULL, NULL);
INSERT INTO tokens (token_id, token, admin_id, created_at, valid_to, remote_addr, info, store_id, email) VALUES (746, 'X550b32aa4043c5d6000000003890cad800000000', 9, '2015-03-19 17:33:46.064358', '2015-03-19 17:33:46.074821', '10.0.1.198', 'block_list', NULL, NULL);
INSERT INTO tokens (token_id, token, admin_id, created_at, valid_to, remote_addr, info, store_id, email) VALUES (747, 'X550b32aa5aa235210000000029ebf39a00000000', 9, '2015-03-19 17:33:46.074821', '2015-03-19 17:33:46.084156', '10.0.1.198', 'block_list', NULL, NULL);
INSERT INTO tokens (token_id, token, admin_id, created_at, valid_to, remote_addr, info, store_id, email) VALUES (748, 'X550b32aa2d63298700000000104b544100000000', 9, '2015-03-19 17:33:46.084156', '2015-03-19 17:33:52.258867', '10.0.1.198', 'block_list', NULL, NULL);
INSERT INTO tokens (token_id, token, admin_id, created_at, valid_to, remote_addr, info, store_id, email) VALUES (749, 'X550b32b076f40cef000000003ecd86e700000000', 9, '2015-03-19 17:33:52.258867', '2015-03-19 17:37:07.09319', '10.0.1.198', 'review', NULL, NULL);
INSERT INTO tokens (token_id, token, admin_id, created_at, valid_to, remote_addr, info, store_id, email) VALUES (750, 'X550b3373538356ca000000002e430e5600000000', 9, '2015-03-19 17:37:07.09319', '2015-03-19 17:37:07.128815', '10.0.1.198', 'listadmins', NULL, NULL);
INSERT INTO tokens (token_id, token, admin_id, created_at, valid_to, remote_addr, info, store_id, email) VALUES (751, 'X550b3373474c0ae30000000017e6646400000000', 9, '2015-03-19 17:37:07.128815', '2015-03-19 17:37:37.693818', '10.0.1.198', 'search_ads', NULL, NULL);
INSERT INTO tokens (token_id, token, admin_id, created_at, valid_to, remote_addr, info, store_id, email) VALUES (752, 'X550b33924a6741ed00000000f67e87500000000', 9, '2015-03-19 17:37:37.693818', '2015-03-19 17:37:37.713736', '10.0.1.198', 'listadmins', NULL, NULL);
INSERT INTO tokens (token_id, token, admin_id, created_at, valid_to, remote_addr, info, store_id, email) VALUES (753, 'X550b33927a4065650000000075f50b2400000000', 9, '2015-03-19 17:37:37.713736', '2015-03-19 18:37:37.713736', '10.0.1.198', 'search_ads', NULL, NULL);
INSERT INTO tokens (token_id, token, admin_id, created_at, valid_to, remote_addr, info, store_id, email) VALUES (754, 'X550c2c507ae3596e0000000016e9d2ff00000000', 9, '2015-03-20 11:18:56.267807', '2015-03-20 11:18:56.412265', '10.0.1.198', 'authenticate', NULL, NULL);
INSERT INTO tokens (token_id, token, admin_id, created_at, valid_to, remote_addr, info, store_id, email) VALUES (755, 'X550c2c503d128c4e000000005fcfc84300000000', 9, '2015-03-20 11:18:56.412265', '2015-03-20 11:19:00.34733', '10.0.1.198', 'spamfilter', NULL, NULL);
INSERT INTO tokens (token_id, token, admin_id, created_at, valid_to, remote_addr, info, store_id, email) VALUES (756, 'X550c2c541c0e936e000000002ca1e11500000000', 9, '2015-03-20 11:19:00.34733', '2015-03-20 11:19:18.353766', '10.0.1.198', 'listadmins', NULL, NULL);
INSERT INTO tokens (token_id, token, admin_id, created_at, valid_to, remote_addr, info, store_id, email) VALUES (757, 'X550c2c66f68103c000000005920142e00000000', 9, '2015-03-20 11:19:18.353766', '2015-03-20 11:19:18.376172', '10.0.1.198', 'listadmins', NULL, NULL);
INSERT INTO tokens (token_id, token, admin_id, created_at, valid_to, remote_addr, info, store_id, email) VALUES (758, 'X550c2c6628e371fd000000001ef9355a00000000', 9, '2015-03-20 11:19:18.376172', '2015-03-20 11:19:21.951533', '10.0.1.198', 'search_ads', NULL, NULL);
INSERT INTO tokens (token_id, token, admin_id, created_at, valid_to, remote_addr, info, store_id, email) VALUES (759, 'X550c2c6a77abb7ea000000004330aa5a00000000', 9, '2015-03-20 11:19:21.951533', '2015-03-20 11:19:22.137441', '10.0.1.198', 'adqueues', NULL, NULL);
INSERT INTO tokens (token_id, token, admin_id, created_at, valid_to, remote_addr, info, store_id, email) VALUES (760, 'X550c2c6a269614b300000000690a13900000000', 9, '2015-03-20 11:19:22.137441', '2015-03-20 11:19:22.148186', '10.0.1.198', 'block_list', NULL, NULL);
INSERT INTO tokens (token_id, token, admin_id, created_at, valid_to, remote_addr, info, store_id, email) VALUES (761, 'X550c2c6a3652d4900000000021a74af00000000', 9, '2015-03-20 11:19:22.148186', '2015-03-20 11:19:22.155588', '10.0.1.198', 'block_list', NULL, NULL);
INSERT INTO tokens (token_id, token, admin_id, created_at, valid_to, remote_addr, info, store_id, email) VALUES (762, 'X550c2c6a7cfdce1d00000000612d612300000000', 9, '2015-03-20 11:19:22.155588', '2015-03-20 11:19:22.883724', '10.0.1.198', 'block_list', NULL, NULL);
INSERT INTO tokens (token_id, token, admin_id, created_at, valid_to, remote_addr, info, store_id, email) VALUES (763, 'X550c2c6b40fd2966000000001f33d52400000000', 9, '2015-03-20 11:19:22.883724', '2015-03-20 11:19:23.019791', '10.0.1.198', 'adqueues', NULL, NULL);
INSERT INTO tokens (token_id, token, admin_id, created_at, valid_to, remote_addr, info, store_id, email) VALUES (764, 'X550c2c6b4bd5b639000000005075836800000000', 9, '2015-03-20 11:19:23.019791', '2015-03-20 11:19:23.027332', '10.0.1.198', 'block_list', NULL, NULL);
INSERT INTO tokens (token_id, token, admin_id, created_at, valid_to, remote_addr, info, store_id, email) VALUES (765, 'X550c2c6b5b3dc675000000002995979600000000', 9, '2015-03-20 11:19:23.027332', '2015-03-20 11:19:23.035683', '10.0.1.198', 'block_list', NULL, NULL);
INSERT INTO tokens (token_id, token, admin_id, created_at, valid_to, remote_addr, info, store_id, email) VALUES (766, 'X550c2c6b8fe680300000000b2a09f100000000', 9, '2015-03-20 11:19:23.035683', '2015-03-20 11:19:23.644424', '10.0.1.198', 'block_list', NULL, NULL);
INSERT INTO tokens (token_id, token, admin_id, created_at, valid_to, remote_addr, info, store_id, email) VALUES (767, 'X550c2c6c527909930000000027f79d5e00000000', 9, '2015-03-20 11:19:23.644424', '2015-03-20 11:19:23.781874', '10.0.1.198', 'adqueues', NULL, NULL);
INSERT INTO tokens (token_id, token, admin_id, created_at, valid_to, remote_addr, info, store_id, email) VALUES (768, 'X550c2c6cc9643f6000000001e1ac73800000000', 9, '2015-03-20 11:19:23.781874', '2015-03-20 11:19:23.790916', '10.0.1.198', 'block_list', NULL, NULL);
INSERT INTO tokens (token_id, token, admin_id, created_at, valid_to, remote_addr, info, store_id, email) VALUES (769, 'X550c2c6c1fa35548000000004fc6ee5000000000', 9, '2015-03-20 11:19:23.790916', '2015-03-20 11:19:23.799643', '10.0.1.198', 'block_list', NULL, NULL);
INSERT INTO tokens (token_id, token, admin_id, created_at, valid_to, remote_addr, info, store_id, email) VALUES (770, 'X550c2c6c18669dd0000000003388512200000000', 9, '2015-03-20 11:19:23.799643', '2015-03-20 11:19:24.574154', '10.0.1.198', 'block_list', NULL, NULL);
INSERT INTO tokens (token_id, token, admin_id, created_at, valid_to, remote_addr, info, store_id, email) VALUES (771, 'X550c2c6d765d0303000000001ef73f0900000000', 9, '2015-03-20 11:19:24.574154', '2015-03-20 11:19:24.711831', '10.0.1.198', 'adqueues', NULL, NULL);
INSERT INTO tokens (token_id, token, admin_id, created_at, valid_to, remote_addr, info, store_id, email) VALUES (772, 'X550c2c6d3a4caa8f000000007227fa8c00000000', 9, '2015-03-20 11:19:24.711831', '2015-03-20 11:19:24.718813', '10.0.1.198', 'block_list', NULL, NULL);
INSERT INTO tokens (token_id, token, admin_id, created_at, valid_to, remote_addr, info, store_id, email) VALUES (773, 'X550c2c6d554a1399000000003c671f3e00000000', 9, '2015-03-20 11:19:24.718813', '2015-03-20 11:19:24.726453', '10.0.1.198', 'block_list', NULL, NULL);
INSERT INTO tokens (token_id, token, admin_id, created_at, valid_to, remote_addr, info, store_id, email) VALUES (774, 'X550c2c6d3c6b88b00000000036b49ac000000000', 9, '2015-03-20 11:19:24.726453', '2015-03-20 11:19:25.733067', '10.0.1.198', 'block_list', NULL, NULL);
INSERT INTO tokens (token_id, token, admin_id, created_at, valid_to, remote_addr, info, store_id, email) VALUES (775, 'X550c2c6e3964ed5b000000001d98e9d400000000', 9, '2015-03-20 11:19:25.733067', '2015-03-20 11:19:25.836105', '10.0.1.198', 'adqueues', NULL, NULL);
INSERT INTO tokens (token_id, token, admin_id, created_at, valid_to, remote_addr, info, store_id, email) VALUES (776, 'X550c2c6e6f4910bd00000000737547c700000000', 9, '2015-03-20 11:19:25.836105', '2015-03-20 11:19:25.841033', '10.0.1.198', 'block_list', NULL, NULL);
INSERT INTO tokens (token_id, token, admin_id, created_at, valid_to, remote_addr, info, store_id, email) VALUES (777, 'X550c2c6e5e96133a00000000e7ce5e100000000', 9, '2015-03-20 11:19:25.841033', '2015-03-20 11:19:25.846047', '10.0.1.198', 'block_list', NULL, NULL);
INSERT INTO tokens (token_id, token, admin_id, created_at, valid_to, remote_addr, info, store_id, email) VALUES (778, 'X550c2c6e5bd970b4000000003ba1d00f00000000', 9, '2015-03-20 11:19:25.846047', '2015-03-20 11:19:32.096098', '10.0.1.198', 'block_list', NULL, NULL);
INSERT INTO tokens (token_id, token, admin_id, created_at, valid_to, remote_addr, info, store_id, email) VALUES (779, 'X550c2c745a529c1b000000002c4ef41c00000000', 9, '2015-03-20 11:19:32.096098', '2015-03-20 11:19:37.925169', '10.0.1.198', 'review', NULL, NULL);
INSERT INTO tokens (token_id, token, admin_id, created_at, valid_to, remote_addr, info, store_id, email) VALUES (780, 'X550c2c7a1af61620000000007f98a56f00000000', 9, '2015-03-20 11:19:37.925169', '2015-03-20 11:19:42.10328', '10.0.1.198', 'review', NULL, NULL);
INSERT INTO tokens (token_id, token, admin_id, created_at, valid_to, remote_addr, info, store_id, email) VALUES (781, 'X550c2c7e3cc8e2d1000000003590629000000000', 9, '2015-03-20 11:19:42.10328', '2015-03-20 11:19:48.23969', '10.0.1.198', 'review', NULL, NULL);
INSERT INTO tokens (token_id, token, admin_id, created_at, valid_to, remote_addr, info, store_id, email) VALUES (782, 'X550c2c84356094730000000047fac34200000000', 9, '2015-03-20 11:19:48.23969', '2015-03-20 11:19:53.357581', '10.0.1.198', 'review', NULL, NULL);
INSERT INTO tokens (token_id, token, admin_id, created_at, valid_to, remote_addr, info, store_id, email) VALUES (783, 'X550c2c8955e48bb20000000045c74ad400000000', 9, '2015-03-20 11:19:53.357581', '2015-03-20 11:19:58.264454', '10.0.1.198', 'review', NULL, NULL);
INSERT INTO tokens (token_id, token, admin_id, created_at, valid_to, remote_addr, info, store_id, email) VALUES (784, 'X550c2c8e4aa479cb000000003b6fcec500000000', 9, '2015-03-20 11:19:58.264454', '2015-03-20 11:19:58.287013', '10.0.1.198', 'listadmins', NULL, NULL);
INSERT INTO tokens (token_id, token, admin_id, created_at, valid_to, remote_addr, info, store_id, email) VALUES (785, 'X550c2c8e778c4f06000000005082b65300000000', 9, '2015-03-20 11:19:58.287013', '2015-03-20 11:58:46.882458', '10.0.1.198', 'search_ads', NULL, NULL);
INSERT INTO tokens (token_id, token, admin_id, created_at, valid_to, remote_addr, info, store_id, email) VALUES (786, 'X550c35a73e3c23640000000085fb13200000000', 9, '2015-03-20 11:58:46.882458', '2015-03-20 11:58:49.973431', '10.0.1.198', 'spamfilter', NULL, NULL);
INSERT INTO tokens (token_id, token, admin_id, created_at, valid_to, remote_addr, info, store_id, email) VALUES (787, 'X550c35aa3af3907000000005e2bf16900000000', 9, '2015-03-20 11:58:49.973431', '2015-03-20 11:59:17.774161', '10.0.1.198', 'listadmins', NULL, NULL);
INSERT INTO tokens (token_id, token, admin_id, created_at, valid_to, remote_addr, info, store_id, email) VALUES (788, 'X550c35c65a766646000000005b73f11f00000000', 9, '2015-03-20 11:59:17.774161', '2015-03-20 11:59:17.792839', '10.0.1.198', 'listadmins', NULL, NULL);
INSERT INTO tokens (token_id, token, admin_id, created_at, valid_to, remote_addr, info, store_id, email) VALUES (789, 'X550c35c667ba20dd0000000065b35bae00000000', 9, '2015-03-20 11:59:17.792839', '2015-03-20 11:59:33.380223', '10.0.1.198', 'search_ads', NULL, NULL);
INSERT INTO tokens (token_id, token, admin_id, created_at, valid_to, remote_addr, info, store_id, email) VALUES (790, 'X550c35d5a864ab8000000009132fbb00000000', 9, '2015-03-20 11:59:33.380223', '2015-03-20 11:59:33.398622', '10.0.1.198', 'listadmins', NULL, NULL);
INSERT INTO tokens (token_id, token, admin_id, created_at, valid_to, remote_addr, info, store_id, email) VALUES (791, 'X550c35d55ef37ead000000007a6093e300000000', 9, '2015-03-20 11:59:33.398622', '2015-03-20 12:00:17.597544', '10.0.1.198', 'search_ads', NULL, NULL);
INSERT INTO tokens (token_id, token, admin_id, created_at, valid_to, remote_addr, info, store_id, email) VALUES (792, 'X550c3602685a0e59000000006946c6c200000000', 9, '2015-03-20 12:00:17.597544', '2015-03-20 12:00:17.615743', '10.0.1.198', 'listadmins', NULL, NULL);
INSERT INTO tokens (token_id, token, admin_id, created_at, valid_to, remote_addr, info, store_id, email) VALUES (793, 'X550c36025f68725600000000acedbad00000000', 9, '2015-03-20 12:00:17.615743', '2015-03-20 12:00:18.975165', '10.0.1.198', 'search_ads', NULL, NULL);
INSERT INTO tokens (token_id, token, admin_id, created_at, valid_to, remote_addr, info, store_id, email) VALUES (794, 'X550c36034f825d5b0000000068eb56f200000000', 9, '2015-03-20 12:00:18.975165', '2015-03-20 12:00:18.986063', '10.0.1.198', 'listadmins', NULL, NULL);
INSERT INTO tokens (token_id, token, admin_id, created_at, valid_to, remote_addr, info, store_id, email) VALUES (795, 'X550c36037f413e2a000000003d7b23ed00000000', 9, '2015-03-20 12:00:18.986063', '2015-03-20 12:00:20.803211', '10.0.1.198', 'search_ads', NULL, NULL);
INSERT INTO tokens (token_id, token, admin_id, created_at, valid_to, remote_addr, info, store_id, email) VALUES (796, 'X550c360577b1b85f0000000083b577e00000000', 9, '2015-03-20 12:00:20.803211', '2015-03-20 12:00:20.982834', '10.0.1.198', 'adqueues', NULL, NULL);
INSERT INTO tokens (token_id, token, admin_id, created_at, valid_to, remote_addr, info, store_id, email) VALUES (797, 'X550c36059bfd1190000000063e009a800000000', 9, '2015-03-20 12:00:20.982834', '2015-03-20 12:00:20.990278', '10.0.1.198', 'block_list', NULL, NULL);
INSERT INTO tokens (token_id, token, admin_id, created_at, valid_to, remote_addr, info, store_id, email) VALUES (798, 'X550c36057b14c8fb0000000047fb050f00000000', 9, '2015-03-20 12:00:20.990278', '2015-03-20 12:00:20.996461', '10.0.1.198', 'block_list', NULL, NULL);
INSERT INTO tokens (token_id, token, admin_id, created_at, valid_to, remote_addr, info, store_id, email) VALUES (799, 'X550c36055478c6f3000000003e4aea2e00000000', 9, '2015-03-20 12:00:20.996461', '2015-03-20 12:00:25.679973', '10.0.1.198', 'block_list', NULL, NULL);
INSERT INTO tokens (token_id, token, admin_id, created_at, valid_to, remote_addr, info, store_id, email) VALUES (800, 'X550c360a1db3e53000000000416e8f7500000000', 9, '2015-03-20 12:00:25.679973', '2015-03-20 12:01:19.402603', '10.0.1.198', 'review', NULL, NULL);
INSERT INTO tokens (token_id, token, admin_id, created_at, valid_to, remote_addr, info, store_id, email) VALUES (801, 'X550c363f6353c6fc00000000595da300000000', 9, '2015-03-20 12:01:19.402603', '2015-03-20 12:01:19.430463', '10.0.1.198', 'listadmins', NULL, NULL);
INSERT INTO tokens (token_id, token, admin_id, created_at, valid_to, remote_addr, info, store_id, email) VALUES (802, 'X550c363f6906f78a000000007555962800000000', 9, '2015-03-20 12:01:19.430463', '2015-03-20 12:01:37.075771', '10.0.1.198', 'search_ads', NULL, NULL);
INSERT INTO tokens (token_id, token, admin_id, created_at, valid_to, remote_addr, info, store_id, email) VALUES (803, 'X550c365114f4fbfc000000006dc7481400000000', 9, '2015-03-20 12:01:37.075771', '2015-03-20 12:01:37.105042', '10.0.1.198', 'listadmins', NULL, NULL);
INSERT INTO tokens (token_id, token, admin_id, created_at, valid_to, remote_addr, info, store_id, email) VALUES (804, 'X550c365114acdbd1000000003373481300000000', 9, '2015-03-20 12:01:37.105042', '2015-03-20 12:02:13.148103', '10.0.1.198', 'search_ads', NULL, NULL);
INSERT INTO tokens (token_id, token, admin_id, created_at, valid_to, remote_addr, info, store_id, email) VALUES (805, 'X550c367549ce40a8000000007a630bfc00000000', 9, '2015-03-20 12:02:13.148103', '2015-03-20 12:02:13.165621', '10.0.1.198', 'listadmins', NULL, NULL);
INSERT INTO tokens (token_id, token, admin_id, created_at, valid_to, remote_addr, info, store_id, email) VALUES (806, 'X550c36753a1bf9fd000000002444a6ee00000000', 9, '2015-03-20 12:02:13.165621', '2015-03-20 12:02:27.842175', '10.0.1.198', 'search_ads', NULL, NULL);
INSERT INTO tokens (token_id, token, admin_id, created_at, valid_to, remote_addr, info, store_id, email) VALUES (807, 'X550c3684589b70f00000000048c0c3f300000000', 9, '2015-03-20 12:02:27.842175', '2015-03-20 12:02:27.860538', '10.0.1.198', 'listadmins', NULL, NULL);
INSERT INTO tokens (token_id, token, admin_id, created_at, valid_to, remote_addr, info, store_id, email) VALUES (808, 'X550c36841a75a35800000000316a8b400000000', 9, '2015-03-20 12:02:27.860538', '2015-03-20 12:03:38.204424', '10.0.1.198', 'search_ads', NULL, NULL);
INSERT INTO tokens (token_id, token, admin_id, created_at, valid_to, remote_addr, info, store_id, email) VALUES (809, 'X550c36ca598c11e900000000333484d000000000', 9, '2015-03-20 12:03:38.204424', '2015-03-20 12:03:38.231989', '10.0.1.198', 'listadmins', NULL, NULL);
INSERT INTO tokens (token_id, token, admin_id, created_at, valid_to, remote_addr, info, store_id, email) VALUES (810, 'X550c36ca149d8a320000000038776e7700000000', 9, '2015-03-20 12:03:38.231989', '2015-03-20 12:04:28.606779', '10.0.1.198', 'search_ads', NULL, NULL);
INSERT INTO tokens (token_id, token, admin_id, created_at, valid_to, remote_addr, info, store_id, email) VALUES (811, 'X550c36fd5a2719f000000003ed77e00000000', 9, '2015-03-20 12:04:28.606779', '2015-03-20 12:04:28.624644', '10.0.1.198', 'listadmins', NULL, NULL);
INSERT INTO tokens (token_id, token, admin_id, created_at, valid_to, remote_addr, info, store_id, email) VALUES (812, 'X550c36fd7f3fab7e0000000067ee676600000000', 9, '2015-03-20 12:04:28.624644', '2015-03-20 12:05:14.459937', '10.0.1.198', 'search_ads', NULL, NULL);
INSERT INTO tokens (token_id, token, admin_id, created_at, valid_to, remote_addr, info, store_id, email) VALUES (813, 'X550c372a18f2a07c0000000069f6148700000000', 9, '2015-03-20 12:05:14.459937', '2015-03-20 12:05:14.470763', '10.0.1.198', 'listadmins', NULL, NULL);
INSERT INTO tokens (token_id, token, admin_id, created_at, valid_to, remote_addr, info, store_id, email) VALUES (814, 'X550c372a19c49c2600000000c00d0cc00000000', 9, '2015-03-20 12:05:14.470763', '2015-03-20 12:05:56.372844', '10.0.1.198', 'search_ads', NULL, NULL);
INSERT INTO tokens (token_id, token, admin_id, created_at, valid_to, remote_addr, info, store_id, email) VALUES (815, 'X550c37548fb365c000000002dd6d0fd00000000', 9, '2015-03-20 12:05:56.372844', '2015-03-20 12:05:56.390436', '10.0.1.198', 'listadmins', NULL, NULL);
INSERT INTO tokens (token_id, token, admin_id, created_at, valid_to, remote_addr, info, store_id, email) VALUES (816, 'X550c375448e11e08000000001fd126c500000000', 9, '2015-03-20 12:05:56.390436', '2015-03-20 12:07:02.084988', '10.0.1.198', 'search_ads', NULL, NULL);
INSERT INTO tokens (token_id, token, admin_id, created_at, valid_to, remote_addr, info, store_id, email) VALUES (817, 'X550c37965452a2970000000017d66d7900000000', 9, '2015-03-20 12:07:02.084988', '2015-03-20 12:07:02.117101', '10.0.1.198', 'listadmins', NULL, NULL);
INSERT INTO tokens (token_id, token, admin_id, created_at, valid_to, remote_addr, info, store_id, email) VALUES (818, 'X550c37965622e7c7000000007624d44900000000', 9, '2015-03-20 12:07:02.117101', '2015-03-20 12:08:48.400764', '10.0.1.198', 'search_ads', NULL, NULL);
INSERT INTO tokens (token_id, token, admin_id, created_at, valid_to, remote_addr, info, store_id, email) VALUES (819, 'X550c38006d35bd6600000000687945f800000000', 9, '2015-03-20 12:08:48.400764', '2015-03-20 12:08:48.428078', '10.0.1.198', 'listadmins', NULL, NULL);
INSERT INTO tokens (token_id, token, admin_id, created_at, valid_to, remote_addr, info, store_id, email) VALUES (820, 'X550c38004304a84f000000007fab6b5f00000000', 9, '2015-03-20 12:08:48.428078', '2015-03-20 12:09:39.216982', '10.0.1.198', 'search_ads', NULL, NULL);
INSERT INTO tokens (token_id, token, admin_id, created_at, valid_to, remote_addr, info, store_id, email) VALUES (821, 'X550c3833664a59170000000050a67900000000', 9, '2015-03-20 12:09:39.216982', '2015-03-20 12:09:39.242855', '10.0.1.198', 'listadmins', NULL, NULL);
INSERT INTO tokens (token_id, token, admin_id, created_at, valid_to, remote_addr, info, store_id, email) VALUES (822, 'X550c38336515660600000000511933ab00000000', 9, '2015-03-20 12:09:39.242855', '2015-03-20 12:10:30.896206', '10.0.1.198', 'search_ads', NULL, NULL);
INSERT INTO tokens (token_id, token, admin_id, created_at, valid_to, remote_addr, info, store_id, email) VALUES (823, 'X550c3867320c837b000000007ae5555200000000', 9, '2015-03-20 12:10:30.896206', '2015-03-20 12:10:30.915245', '10.0.1.198', 'listadmins', NULL, NULL);
INSERT INTO tokens (token_id, token, admin_id, created_at, valid_to, remote_addr, info, store_id, email) VALUES (824, 'X550c386713d08c4c000000008fcd77800000000', 9, '2015-03-20 12:10:30.915245', '2015-03-20 12:10:42.164928', '10.0.1.198', 'search_ads', NULL, NULL);
INSERT INTO tokens (token_id, token, admin_id, created_at, valid_to, remote_addr, info, store_id, email) VALUES (825, 'X550c38721981d763000000003b925c2300000000', 9, '2015-03-20 12:10:42.164928', '2015-03-20 12:10:42.189098', '10.0.1.198', 'listadmins', NULL, NULL);
INSERT INTO tokens (token_id, token, admin_id, created_at, valid_to, remote_addr, info, store_id, email) VALUES (826, 'X550c387253fe928000000004e412dab00000000', 9, '2015-03-20 12:10:42.189098', '2015-03-20 12:12:39.099505', '10.0.1.198', 'search_ads', NULL, NULL);
INSERT INTO tokens (token_id, token, admin_id, created_at, valid_to, remote_addr, info, store_id, email) VALUES (827, 'X550c38e754056706000000003c0ab92300000000', 9, '2015-03-20 12:12:39.099505', '2015-03-20 12:12:39.117473', '10.0.1.198', 'listadmins', NULL, NULL);
INSERT INTO tokens (token_id, token, admin_id, created_at, valid_to, remote_addr, info, store_id, email) VALUES (828, 'X550c38e7101a98fd0000000053e776e500000000', 9, '2015-03-20 12:12:39.117473', '2015-03-20 12:13:17.024914', '10.0.1.198', 'search_ads', NULL, NULL);
INSERT INTO tokens (token_id, token, admin_id, created_at, valid_to, remote_addr, info, store_id, email) VALUES (829, 'X550c390d4c01b30d0000000076aa13400000000', 9, '2015-03-20 12:13:17.024914', '2015-03-20 12:13:17.045526', '10.0.1.198', 'listadmins', NULL, NULL);
INSERT INTO tokens (token_id, token, admin_id, created_at, valid_to, remote_addr, info, store_id, email) VALUES (830, 'X550c390d47747739000000003c0c98ea00000000', 9, '2015-03-20 12:13:17.045526', '2015-03-20 12:13:46.898103', '10.0.1.198', 'search_ads', NULL, NULL);
INSERT INTO tokens (token_id, token, admin_id, created_at, valid_to, remote_addr, info, store_id, email) VALUES (831, 'X550c392b2e695dae0000000040d6af1800000000', 9, '2015-03-20 12:13:46.898103', '2015-03-20 12:13:46.91493', '10.0.1.198', 'listadmins', NULL, NULL);
INSERT INTO tokens (token_id, token, admin_id, created_at, valid_to, remote_addr, info, store_id, email) VALUES (832, 'X550c392b78eae1c1000000001ea1e43c00000000', 9, '2015-03-20 12:13:46.91493', '2015-03-20 12:16:15.529932', '10.0.1.198', 'search_ads', NULL, NULL);
INSERT INTO tokens (token_id, token, admin_id, created_at, valid_to, remote_addr, info, store_id, email) VALUES (833, 'X550c39c0b3a912a000000007b048b9200000000', 9, '2015-03-20 12:16:15.529932', '2015-03-20 12:16:15.560128', '10.0.1.198', 'listadmins', NULL, NULL);
INSERT INTO tokens (token_id, token, admin_id, created_at, valid_to, remote_addr, info, store_id, email) VALUES (834, 'X550c39c0321cfc710000000052aab54f00000000', 9, '2015-03-20 12:16:15.560128', '2015-03-20 12:16:32.063716', '10.0.1.198', 'search_ads', NULL, NULL);
INSERT INTO tokens (token_id, token, admin_id, created_at, valid_to, remote_addr, info, store_id, email) VALUES (835, 'X550c39d06de760a0000000001f2817800000000', 9, '2015-03-20 12:16:32.063716', '2015-03-20 12:16:32.083623', '10.0.1.198', 'listadmins', NULL, NULL);
INSERT INTO tokens (token_id, token, admin_id, created_at, valid_to, remote_addr, info, store_id, email) VALUES (836, 'X550c39d0286109a1000000001b5a8cab00000000', 9, '2015-03-20 12:16:32.083623', '2015-03-20 12:16:38.383968', '10.0.1.198', 'search_ads', NULL, NULL);
INSERT INTO tokens (token_id, token, admin_id, created_at, valid_to, remote_addr, info, store_id, email) VALUES (837, 'X550c39d66a8f235d00000000726bb33a00000000', 9, '2015-03-20 12:16:38.383968', '2015-03-20 12:16:38.401554', '10.0.1.198', 'listadmins', NULL, NULL);
INSERT INTO tokens (token_id, token, admin_id, created_at, valid_to, remote_addr, info, store_id, email) VALUES (838, 'X550c39d651c2542e00000000587db62e00000000', 9, '2015-03-20 12:16:38.401554', '2015-03-20 13:16:38.401554', '10.0.1.198', 'search_ads', NULL, NULL);
INSERT INTO action_states (ad_id, action_id, state_id, state, transition, "timestamp", remote_addr, token_id) VALUES (126, 1, 698, 'reg', 'initial', '2015-03-19 17:05:14.14941', '10.0.1.198', NULL);
INSERT INTO action_states (ad_id, action_id, state_id, state, transition, "timestamp", remote_addr, token_id) VALUES (126, 1, 699, 'unverified', 'verifymail', '2015-03-19 17:05:14.14941', '10.0.1.198', NULL);
INSERT INTO action_states (ad_id, action_id, state_id, state, transition, "timestamp", remote_addr, token_id) VALUES (126, 1, 700, 'pending_review', 'verify', '2015-03-19 17:05:14.207566', '10.0.1.198', NULL);
INSERT INTO action_states (ad_id, action_id, state_id, state, transition, "timestamp", remote_addr, token_id) VALUES (127, 1, 701, 'reg', 'initial', '2015-03-19 17:05:39.031997', '10.0.1.198', NULL);
INSERT INTO action_states (ad_id, action_id, state_id, state, transition, "timestamp", remote_addr, token_id) VALUES (127, 1, 702, 'unverified', 'verifymail', '2015-03-19 17:05:39.031997', '10.0.1.198', NULL);
INSERT INTO action_states (ad_id, action_id, state_id, state, transition, "timestamp", remote_addr, token_id) VALUES (127, 1, 703, 'pending_review', 'verify', '2015-03-19 17:05:39.074663', '10.0.1.198', NULL);
INSERT INTO action_states (ad_id, action_id, state_id, state, transition, "timestamp", remote_addr, token_id) VALUES (127, 1, 704, 'accepted', 'accept', '2015-03-19 17:08:46.957642', '10.0.1.198', 727);
INSERT INTO action_states (ad_id, action_id, state_id, state, transition, "timestamp", remote_addr, token_id) VALUES (126, 1, 705, 'accepted', 'accept', '2015-03-19 17:08:50.358346', '10.0.1.198', 728);
INSERT INTO action_states (ad_id, action_id, state_id, state, transition, "timestamp", remote_addr, token_id) VALUES (128, 1, 706, 'reg', 'initial', '2015-03-19 17:25:16.577459', '10.0.1.198', NULL);
INSERT INTO action_states (ad_id, action_id, state_id, state, transition, "timestamp", remote_addr, token_id) VALUES (128, 1, 707, 'unverified', 'verifymail', '2015-03-19 17:25:16.577459', '10.0.1.198', NULL);
INSERT INTO action_states (ad_id, action_id, state_id, state, transition, "timestamp", remote_addr, token_id) VALUES (128, 1, 708, 'pending_review', 'verify', '2015-03-19 17:25:16.628156', '10.0.1.198', NULL);
INSERT INTO action_states (ad_id, action_id, state_id, state, transition, "timestamp", remote_addr, token_id) VALUES (128, 1, 709, 'accepted', 'accept', '2015-03-19 17:25:26.771904', '10.0.1.198', NULL);
INSERT INTO action_states (ad_id, action_id, state_id, state, transition, "timestamp", remote_addr, token_id) VALUES (129, 1, 710, 'reg', 'initial', '2015-03-19 17:26:57.479272', '10.0.1.198', NULL);
INSERT INTO action_states (ad_id, action_id, state_id, state, transition, "timestamp", remote_addr, token_id) VALUES (129, 1, 711, 'unverified', 'verifymail', '2015-03-19 17:26:57.479272', '10.0.1.198', NULL);
INSERT INTO action_states (ad_id, action_id, state_id, state, transition, "timestamp", remote_addr, token_id) VALUES (129, 1, 712, 'pending_review', 'verify', '2015-03-19 17:26:57.555161', '10.0.1.198', NULL);
INSERT INTO action_states (ad_id, action_id, state_id, state, transition, "timestamp", remote_addr, token_id) VALUES (129, 1, 713, 'accepted', 'accept', '2015-03-19 17:27:07.674532', '10.0.1.198', NULL);
INSERT INTO action_states (ad_id, action_id, state_id, state, transition, "timestamp", remote_addr, token_id) VALUES (130, 1, 714, 'reg', 'initial', '2015-03-19 17:28:39.827035', '10.0.1.198', NULL);
INSERT INTO action_states (ad_id, action_id, state_id, state, transition, "timestamp", remote_addr, token_id) VALUES (130, 1, 715, 'unverified', 'verifymail', '2015-03-19 17:28:39.827035', '10.0.1.198', NULL);
INSERT INTO action_states (ad_id, action_id, state_id, state, transition, "timestamp", remote_addr, token_id) VALUES (130, 1, 716, 'pending_review', 'verify', '2015-03-19 17:28:39.921448', '10.0.1.198', NULL);
INSERT INTO action_states (ad_id, action_id, state_id, state, transition, "timestamp", remote_addr, token_id) VALUES (130, 1, 717, 'accepted', 'accept', '2015-03-19 17:28:53.099981', '10.0.1.198', NULL);
INSERT INTO action_states (ad_id, action_id, state_id, state, transition, "timestamp", remote_addr, token_id) VALUES (131, 1, 718, 'reg', 'initial', '2015-03-19 17:29:19.422458', '10.0.1.198', NULL);
INSERT INTO action_states (ad_id, action_id, state_id, state, transition, "timestamp", remote_addr, token_id) VALUES (131, 1, 719, 'unverified', 'verifymail', '2015-03-19 17:29:19.422458', '10.0.1.198', NULL);
INSERT INTO action_states (ad_id, action_id, state_id, state, transition, "timestamp", remote_addr, token_id) VALUES (131, 1, 720, 'pending_review', 'verify', '2015-03-19 17:29:19.49366', '10.0.1.198', NULL);
INSERT INTO action_states (ad_id, action_id, state_id, state, transition, "timestamp", remote_addr, token_id) VALUES (131, 1, 721, 'accepted', 'accept', '2015-03-19 17:29:31.624689', '10.0.1.198', NULL);
INSERT INTO action_states (ad_id, action_id, state_id, state, transition, "timestamp", remote_addr, token_id) VALUES (132, 1, 722, 'reg', 'initial', '2015-03-19 17:29:49.52646', '10.0.1.198', NULL);
INSERT INTO action_states (ad_id, action_id, state_id, state, transition, "timestamp", remote_addr, token_id) VALUES (132, 1, 723, 'unverified', 'verifymail', '2015-03-19 17:29:49.52646', '10.0.1.198', NULL);
INSERT INTO action_states (ad_id, action_id, state_id, state, transition, "timestamp", remote_addr, token_id) VALUES (132, 1, 724, 'pending_review', 'verify', '2015-03-19 17:29:49.587535', '10.0.1.198', NULL);
INSERT INTO action_states (ad_id, action_id, state_id, state, transition, "timestamp", remote_addr, token_id) VALUES (132, 1, 725, 'accepted', 'accept', '2015-03-19 17:29:58.699017', '10.0.1.198', NULL);
INSERT INTO action_states (ad_id, action_id, state_id, state, transition, "timestamp", remote_addr, token_id) VALUES (133, 1, 726, 'reg', 'initial', '2015-03-19 17:30:16.046685', '10.0.1.198', NULL);
INSERT INTO action_states (ad_id, action_id, state_id, state, transition, "timestamp", remote_addr, token_id) VALUES (133, 1, 727, 'unverified', 'verifymail', '2015-03-19 17:30:16.046685', '10.0.1.198', NULL);
INSERT INTO action_states (ad_id, action_id, state_id, state, transition, "timestamp", remote_addr, token_id) VALUES (133, 1, 728, 'pending_review', 'verify', '2015-03-19 17:30:16.087739', '10.0.1.198', NULL);
INSERT INTO action_states (ad_id, action_id, state_id, state, transition, "timestamp", remote_addr, token_id) VALUES (133, 1, 729, 'accepted', 'accept', '2015-03-19 17:30:28.186673', '10.0.1.198', NULL);
INSERT INTO action_states (ad_id, action_id, state_id, state, transition, "timestamp", remote_addr, token_id) VALUES (134, 1, 730, 'reg', 'initial', '2015-03-19 17:30:49.087903', '10.0.1.198', NULL);
INSERT INTO action_states (ad_id, action_id, state_id, state, transition, "timestamp", remote_addr, token_id) VALUES (134, 1, 731, 'unverified', 'verifymail', '2015-03-19 17:30:49.087903', '10.0.1.198', NULL);
INSERT INTO action_states (ad_id, action_id, state_id, state, transition, "timestamp", remote_addr, token_id) VALUES (134, 1, 732, 'pending_review', 'verify', '2015-03-19 17:30:49.151837', '10.0.1.198', NULL);
INSERT INTO action_states (ad_id, action_id, state_id, state, transition, "timestamp", remote_addr, token_id) VALUES (134, 1, 733, 'accepted', 'accept', '2015-03-19 17:30:58.26686', '10.0.1.198', NULL);
INSERT INTO action_states (ad_id, action_id, state_id, state, transition, "timestamp", remote_addr, token_id) VALUES (135, 1, 734, 'reg', 'initial', '2015-03-19 17:33:20.337512', '10.0.1.198', NULL);
INSERT INTO action_states (ad_id, action_id, state_id, state, transition, "timestamp", remote_addr, token_id) VALUES (135, 1, 735, 'unverified', 'verifymail', '2015-03-19 17:33:20.337512', '10.0.1.198', NULL);
INSERT INTO action_states (ad_id, action_id, state_id, state, transition, "timestamp", remote_addr, token_id) VALUES (135, 1, 736, 'pending_review', 'verify', '2015-03-19 17:33:20.448823', '10.0.1.198', NULL);
INSERT INTO action_states (ad_id, action_id, state_id, state, transition, "timestamp", remote_addr, token_id) VALUES (135, 1, 737, 'accepted', 'accept', '2015-03-19 17:33:31.751529', '10.0.1.198', NULL);
INSERT INTO action_states (ad_id, action_id, state_id, state, transition, "timestamp", remote_addr, token_id) VALUES (136, 1, 738, 'reg', 'initial', '2015-03-19 17:35:36.518402', '10.0.1.198', NULL);
INSERT INTO action_states (ad_id, action_id, state_id, state, transition, "timestamp", remote_addr, token_id) VALUES (136, 1, 739, 'unverified', 'verifymail', '2015-03-19 17:35:36.518402', '10.0.1.198', NULL);
INSERT INTO action_states (ad_id, action_id, state_id, state, transition, "timestamp", remote_addr, token_id) VALUES (136, 1, 740, 'pending_review', 'verify', '2015-03-19 17:35:36.616563', '10.0.1.198', NULL);
INSERT INTO action_states (ad_id, action_id, state_id, state, transition, "timestamp", remote_addr, token_id) VALUES (136, 1, 741, 'accepted', 'accept', '2015-03-19 17:35:49.773618', '10.0.1.198', NULL);
INSERT INTO action_states (ad_id, action_id, state_id, state, transition, "timestamp", remote_addr, token_id) VALUES (137, 1, 742, 'reg', 'initial', '2015-03-19 17:36:05.134489', '10.0.1.198', NULL);
INSERT INTO action_states (ad_id, action_id, state_id, state, transition, "timestamp", remote_addr, token_id) VALUES (137, 1, 743, 'unverified', 'verifymail', '2015-03-19 17:36:05.134489', '10.0.1.198', NULL);
INSERT INTO action_states (ad_id, action_id, state_id, state, transition, "timestamp", remote_addr, token_id) VALUES (137, 1, 744, 'pending_review', 'verify', '2015-03-19 17:36:05.190808', '10.0.1.198', NULL);
INSERT INTO action_states (ad_id, action_id, state_id, state, transition, "timestamp", remote_addr, token_id) VALUES (137, 1, 745, 'accepted', 'accept', '2015-03-19 17:36:17.333297', '10.0.1.198', NULL);
INSERT INTO action_states (ad_id, action_id, state_id, state, transition, "timestamp", remote_addr, token_id) VALUES (138, 1, 746, 'reg', 'initial', '2015-03-19 17:36:29.913394', '10.0.1.198', NULL);
INSERT INTO action_states (ad_id, action_id, state_id, state, transition, "timestamp", remote_addr, token_id) VALUES (138, 1, 747, 'unverified', 'verifymail', '2015-03-19 17:36:29.913394', '10.0.1.198', NULL);
INSERT INTO action_states (ad_id, action_id, state_id, state, transition, "timestamp", remote_addr, token_id) VALUES (138, 1, 748, 'pending_review', 'verify', '2015-03-19 17:36:29.972891', '10.0.1.198', NULL);
INSERT INTO action_states (ad_id, action_id, state_id, state, transition, "timestamp", remote_addr, token_id) VALUES (138, 1, 749, 'accepted', 'accept', '2015-03-19 17:36:41.077833', '10.0.1.198', NULL);
INSERT INTO action_states (ad_id, action_id, state_id, state, transition, "timestamp", remote_addr, token_id) VALUES (139, 1, 750, 'reg', 'initial', '2015-03-19 17:36:58.178624', '10.0.1.198', NULL);
INSERT INTO action_states (ad_id, action_id, state_id, state, transition, "timestamp", remote_addr, token_id) VALUES (139, 1, 751, 'unverified', 'verifymail', '2015-03-19 17:36:58.178624', '10.0.1.198', NULL);
INSERT INTO action_states (ad_id, action_id, state_id, state, transition, "timestamp", remote_addr, token_id) VALUES (139, 1, 752, 'pending_review', 'verify', '2015-03-19 17:36:58.221811', '10.0.1.198', NULL);
INSERT INTO action_states (ad_id, action_id, state_id, state, transition, "timestamp", remote_addr, token_id) VALUES (139, 1, 753, 'accepted', 'accept', '2015-03-19 17:37:09.351212', '10.0.1.198', NULL);
INSERT INTO action_states (ad_id, action_id, state_id, state, transition, "timestamp", remote_addr, token_id) VALUES (140, 1, 754, 'reg', 'initial', '2015-03-19 17:37:34.328862', '10.0.1.198', NULL);
INSERT INTO action_states (ad_id, action_id, state_id, state, transition, "timestamp", remote_addr, token_id) VALUES (140, 1, 755, 'unverified', 'verifymail', '2015-03-19 17:37:34.328862', '10.0.1.198', NULL);
INSERT INTO action_states (ad_id, action_id, state_id, state, transition, "timestamp", remote_addr, token_id) VALUES (140, 1, 756, 'pending_review', 'verify', '2015-03-19 17:37:34.365278', '10.0.1.198', NULL);
INSERT INTO action_states (ad_id, action_id, state_id, state, transition, "timestamp", remote_addr, token_id) VALUES (140, 1, 757, 'accepted', 'accept', '2015-03-19 17:37:47.459369', '10.0.1.198', NULL);
INSERT INTO action_states (ad_id, action_id, state_id, state, transition, "timestamp", remote_addr, token_id) VALUES (140, 2, 758, 'reg', 'initial', '2015-03-19 17:37:58.553616', '0.0.0.0', NULL);
INSERT INTO action_states (ad_id, action_id, state_id, state, transition, "timestamp", remote_addr, token_id) VALUES (140, 2, 759, 'accepted', 'status_change', '2015-03-19 17:37:58.553616', '0.0.0.0', NULL);
INSERT INTO action_states (ad_id, action_id, state_id, state, transition, "timestamp", remote_addr, token_id) VALUES (139, 2, 760, 'reg', 'initial', '2015-03-19 17:37:58.553616', '0.0.0.0', NULL);
INSERT INTO action_states (ad_id, action_id, state_id, state, transition, "timestamp", remote_addr, token_id) VALUES (139, 2, 761, 'accepted', 'status_change', '2015-03-19 17:37:58.553616', '0.0.0.0', NULL);
INSERT INTO action_states (ad_id, action_id, state_id, state, transition, "timestamp", remote_addr, token_id) VALUES (138, 2, 762, 'reg', 'initial', '2015-03-19 17:37:58.553616', '0.0.0.0', NULL);
INSERT INTO action_states (ad_id, action_id, state_id, state, transition, "timestamp", remote_addr, token_id) VALUES (138, 2, 763, 'accepted', 'status_change', '2015-03-19 17:37:58.553616', '0.0.0.0', NULL);
INSERT INTO action_states (ad_id, action_id, state_id, state, transition, "timestamp", remote_addr, token_id) VALUES (137, 2, 764, 'reg', 'initial', '2015-03-19 17:37:58.553616', '0.0.0.0', NULL);
INSERT INTO action_states (ad_id, action_id, state_id, state, transition, "timestamp", remote_addr, token_id) VALUES (137, 2, 765, 'accepted', 'status_change', '2015-03-19 17:37:58.553616', '0.0.0.0', NULL);
INSERT INTO action_states (ad_id, action_id, state_id, state, transition, "timestamp", remote_addr, token_id) VALUES (136, 2, 766, 'reg', 'initial', '2015-03-19 17:37:58.553616', '0.0.0.0', NULL);
INSERT INTO action_states (ad_id, action_id, state_id, state, transition, "timestamp", remote_addr, token_id) VALUES (136, 2, 767, 'accepted', 'status_change', '2015-03-19 17:37:58.553616', '0.0.0.0', NULL);
INSERT INTO action_states (ad_id, action_id, state_id, state, transition, "timestamp", remote_addr, token_id) VALUES (135, 2, 768, 'reg', 'initial', '2015-03-19 17:37:58.553616', '0.0.0.0', NULL);
INSERT INTO action_states (ad_id, action_id, state_id, state, transition, "timestamp", remote_addr, token_id) VALUES (135, 2, 769, 'accepted', 'status_change', '2015-03-19 17:37:58.553616', '0.0.0.0', NULL);
INSERT INTO action_states (ad_id, action_id, state_id, state, transition, "timestamp", remote_addr, token_id) VALUES (134, 2, 770, 'reg', 'initial', '2015-03-19 17:37:58.553616', '0.0.0.0', NULL);
INSERT INTO action_states (ad_id, action_id, state_id, state, transition, "timestamp", remote_addr, token_id) VALUES (134, 2, 771, 'accepted', 'status_change', '2015-03-19 17:37:58.553616', '0.0.0.0', NULL);
INSERT INTO action_states (ad_id, action_id, state_id, state, transition, "timestamp", remote_addr, token_id) VALUES (133, 2, 772, 'reg', 'initial', '2015-03-19 17:37:58.553616', '0.0.0.0', NULL);
INSERT INTO action_states (ad_id, action_id, state_id, state, transition, "timestamp", remote_addr, token_id) VALUES (133, 2, 773, 'accepted', 'status_change', '2015-03-19 17:37:58.553616', '0.0.0.0', NULL);
INSERT INTO action_states (ad_id, action_id, state_id, state, transition, "timestamp", remote_addr, token_id) VALUES (132, 2, 774, 'reg', 'initial', '2015-03-19 17:37:58.553616', '0.0.0.0', NULL);
INSERT INTO action_states (ad_id, action_id, state_id, state, transition, "timestamp", remote_addr, token_id) VALUES (132, 2, 775, 'accepted', 'status_change', '2015-03-19 17:37:58.553616', '0.0.0.0', NULL);
INSERT INTO action_states (ad_id, action_id, state_id, state, transition, "timestamp", remote_addr, token_id) VALUES (131, 2, 776, 'reg', 'initial', '2015-03-19 17:37:58.553616', '0.0.0.0', NULL);
INSERT INTO action_states (ad_id, action_id, state_id, state, transition, "timestamp", remote_addr, token_id) VALUES (131, 2, 777, 'accepted', 'status_change', '2015-03-19 17:37:58.553616', '0.0.0.0', NULL);
INSERT INTO action_states (ad_id, action_id, state_id, state, transition, "timestamp", remote_addr, token_id) VALUES (141, 1, 778, 'reg', 'initial', '2015-03-19 17:44:26.860603', '10.0.1.198', NULL);
INSERT INTO action_states (ad_id, action_id, state_id, state, transition, "timestamp", remote_addr, token_id) VALUES (141, 1, 779, 'unverified', 'verifymail', '2015-03-19 17:44:26.860603', '10.0.1.198', NULL);
INSERT INTO action_states (ad_id, action_id, state_id, state, transition, "timestamp", remote_addr, token_id) VALUES (141, 1, 780, 'pending_review', 'verify', '2015-03-19 17:44:26.927092', '10.0.1.198', NULL);
INSERT INTO action_states (ad_id, action_id, state_id, state, transition, "timestamp", remote_addr, token_id) VALUES (141, 1, 781, 'accepted', 'accept', '2015-03-19 17:44:40.079325', '10.0.1.198', NULL);
INSERT INTO action_states (ad_id, action_id, state_id, state, transition, "timestamp", remote_addr, token_id) VALUES (142, 1, 782, 'reg', 'initial', '2015-03-19 17:44:54.032197', '10.0.1.198', NULL);
INSERT INTO action_states (ad_id, action_id, state_id, state, transition, "timestamp", remote_addr, token_id) VALUES (142, 1, 783, 'unverified', 'verifymail', '2015-03-19 17:44:54.032197', '10.0.1.198', NULL);
INSERT INTO action_states (ad_id, action_id, state_id, state, transition, "timestamp", remote_addr, token_id) VALUES (142, 1, 784, 'pending_review', 'verify', '2015-03-19 17:44:54.084604', '10.0.1.198', NULL);
INSERT INTO action_states (ad_id, action_id, state_id, state, transition, "timestamp", remote_addr, token_id) VALUES (142, 1, 785, 'accepted', 'accept', '2015-03-19 17:45:06.254372', '10.0.1.198', NULL);
INSERT INTO action_states (ad_id, action_id, state_id, state, transition, "timestamp", remote_addr, token_id) VALUES (143, 1, 786, 'reg', 'initial', '2015-03-19 17:45:50.822334', '10.0.1.198', NULL);
INSERT INTO action_states (ad_id, action_id, state_id, state, transition, "timestamp", remote_addr, token_id) VALUES (143, 1, 787, 'unverified', 'verifymail', '2015-03-19 17:45:50.822334', '10.0.1.198', NULL);
INSERT INTO action_states (ad_id, action_id, state_id, state, transition, "timestamp", remote_addr, token_id) VALUES (143, 1, 788, 'pending_review', 'verify', '2015-03-19 17:45:50.857478', '10.0.1.198', NULL);
INSERT INTO action_states (ad_id, action_id, state_id, state, transition, "timestamp", remote_addr, token_id) VALUES (143, 1, 789, 'accepted', 'accept', '2015-03-19 17:46:03.9826', '10.0.1.198', NULL);
INSERT INTO action_states (ad_id, action_id, state_id, state, transition, "timestamp", remote_addr, token_id) VALUES (143, 2, 790, 'reg', 'initial', '2015-03-19 17:46:27.284817', '0.0.0.0', NULL);
INSERT INTO action_states (ad_id, action_id, state_id, state, transition, "timestamp", remote_addr, token_id) VALUES (143, 2, 791, 'accepted', 'status_change', '2015-03-19 17:46:27.284817', '0.0.0.0', NULL);
INSERT INTO action_states (ad_id, action_id, state_id, state, transition, "timestamp", remote_addr, token_id) VALUES (142, 2, 792, 'reg', 'initial', '2015-03-19 17:46:27.284817', '0.0.0.0', NULL);
INSERT INTO action_states (ad_id, action_id, state_id, state, transition, "timestamp", remote_addr, token_id) VALUES (142, 2, 793, 'accepted', 'status_change', '2015-03-19 17:46:27.284817', '0.0.0.0', NULL);
INSERT INTO action_states (ad_id, action_id, state_id, state, transition, "timestamp", remote_addr, token_id) VALUES (141, 2, 794, 'reg', 'initial', '2015-03-19 17:46:27.284817', '0.0.0.0', NULL);
INSERT INTO action_states (ad_id, action_id, state_id, state, transition, "timestamp", remote_addr, token_id) VALUES (141, 2, 795, 'accepted', 'status_change', '2015-03-19 17:46:27.284817', '0.0.0.0', NULL);
INSERT INTO action_states (ad_id, action_id, state_id, state, transition, "timestamp", remote_addr, token_id) VALUES (144, 1, 796, 'reg', 'initial', '2015-03-19 17:50:30.922636', '10.0.1.198', NULL);
INSERT INTO action_states (ad_id, action_id, state_id, state, transition, "timestamp", remote_addr, token_id) VALUES (144, 1, 797, 'unverified', 'verifymail', '2015-03-19 17:50:30.922636', '10.0.1.198', NULL);
INSERT INTO action_states (ad_id, action_id, state_id, state, transition, "timestamp", remote_addr, token_id) VALUES (144, 1, 798, 'pending_review', 'verify', '2015-03-19 17:50:30.990782', '10.0.1.198', NULL);
INSERT INTO action_states (ad_id, action_id, state_id, state, transition, "timestamp", remote_addr, token_id) VALUES (144, 1, 799, 'accepted', 'accept', '2015-03-19 17:50:40.16187', '10.0.1.198', NULL);
INSERT INTO action_states (ad_id, action_id, state_id, state, transition, "timestamp", remote_addr, token_id) VALUES (145, 1, 800, 'reg', 'initial', '2015-03-19 17:50:52.478774', '10.0.1.198', NULL);
INSERT INTO action_states (ad_id, action_id, state_id, state, transition, "timestamp", remote_addr, token_id) VALUES (145, 1, 801, 'unverified', 'verifymail', '2015-03-19 17:50:52.478774', '10.0.1.198', NULL);
INSERT INTO action_states (ad_id, action_id, state_id, state, transition, "timestamp", remote_addr, token_id) VALUES (145, 1, 802, 'pending_review', 'verify', '2015-03-19 17:50:52.548083', '10.0.1.198', NULL);
INSERT INTO action_states (ad_id, action_id, state_id, state, transition, "timestamp", remote_addr, token_id) VALUES (145, 1, 803, 'accepted', 'accept', '2015-03-19 17:51:03.746614', '10.0.1.198', NULL);
INSERT INTO action_states (ad_id, action_id, state_id, state, transition, "timestamp", remote_addr, token_id) VALUES (146, 1, 804, 'reg', 'initial', '2015-03-19 17:51:12.368525', '10.0.1.198', NULL);
INSERT INTO action_states (ad_id, action_id, state_id, state, transition, "timestamp", remote_addr, token_id) VALUES (146, 1, 805, 'unverified', 'verifymail', '2015-03-19 17:51:12.368525', '10.0.1.198', NULL);
INSERT INTO action_states (ad_id, action_id, state_id, state, transition, "timestamp", remote_addr, token_id) VALUES (146, 1, 806, 'pending_review', 'verify', '2015-03-19 17:51:12.3927', '10.0.1.198', NULL);
INSERT INTO action_states (ad_id, action_id, state_id, state, transition, "timestamp", remote_addr, token_id) VALUES (146, 1, 807, 'accepted', 'accept', '2015-03-19 17:51:23.495767', '10.0.1.198', NULL);
INSERT INTO action_states (ad_id, action_id, state_id, state, transition, "timestamp", remote_addr, token_id) VALUES (147, 1, 808, 'reg', 'initial', '2015-03-19 17:51:45.076341', '10.0.1.198', NULL);
INSERT INTO action_states (ad_id, action_id, state_id, state, transition, "timestamp", remote_addr, token_id) VALUES (147, 1, 809, 'unverified', 'verifymail', '2015-03-19 17:51:45.076341', '10.0.1.198', NULL);
INSERT INTO action_states (ad_id, action_id, state_id, state, transition, "timestamp", remote_addr, token_id) VALUES (147, 1, 810, 'pending_review', 'verify', '2015-03-19 17:51:45.123098', '10.0.1.198', NULL);
INSERT INTO action_states (ad_id, action_id, state_id, state, transition, "timestamp", remote_addr, token_id) VALUES (147, 1, 811, 'accepted', 'accept', '2015-03-19 17:51:58.240198', '10.0.1.198', NULL);
INSERT INTO action_states (ad_id, action_id, state_id, state, transition, "timestamp", remote_addr, token_id) VALUES (148, 1, 812, 'reg', 'initial', '2015-03-19 17:52:17.930801', '10.0.1.198', NULL);
INSERT INTO action_states (ad_id, action_id, state_id, state, transition, "timestamp", remote_addr, token_id) VALUES (148, 1, 813, 'unverified', 'verifymail', '2015-03-19 17:52:17.930801', '10.0.1.198', NULL);
INSERT INTO action_states (ad_id, action_id, state_id, state, transition, "timestamp", remote_addr, token_id) VALUES (148, 1, 814, 'pending_review', 'verify', '2015-03-19 17:52:17.976663', '10.0.1.198', NULL);
INSERT INTO action_states (ad_id, action_id, state_id, state, transition, "timestamp", remote_addr, token_id) VALUES (148, 1, 815, 'accepted', 'accept', '2015-03-19 17:52:30.114456', '10.0.1.198', NULL);
INSERT INTO action_states (ad_id, action_id, state_id, state, transition, "timestamp", remote_addr, token_id) VALUES (149, 1, 816, 'reg', 'initial', '2015-03-20 11:12:33.878307', '10.0.1.198', NULL);
INSERT INTO action_states (ad_id, action_id, state_id, state, transition, "timestamp", remote_addr, token_id) VALUES (149, 1, 817, 'unverified', 'verifymail', '2015-03-20 11:12:33.878307', '10.0.1.198', NULL);
INSERT INTO action_states (ad_id, action_id, state_id, state, transition, "timestamp", remote_addr, token_id) VALUES (149, 1, 818, 'pending_review', 'verify', '2015-03-20 11:12:33.949923', '10.0.1.198', NULL);
INSERT INTO action_states (ad_id, action_id, state_id, state, transition, "timestamp", remote_addr, token_id) VALUES (150, 1, 819, 'reg', 'initial', '2015-03-20 11:12:55.623936', '10.0.1.198', NULL);
INSERT INTO action_states (ad_id, action_id, state_id, state, transition, "timestamp", remote_addr, token_id) VALUES (150, 1, 820, 'unverified', 'verifymail', '2015-03-20 11:12:55.623936', '10.0.1.198', NULL);
INSERT INTO action_states (ad_id, action_id, state_id, state, transition, "timestamp", remote_addr, token_id) VALUES (150, 1, 821, 'pending_review', 'verify', '2015-03-20 11:12:55.657853', '10.0.1.198', NULL);
INSERT INTO action_states (ad_id, action_id, state_id, state, transition, "timestamp", remote_addr, token_id) VALUES (151, 1, 822, 'reg', 'initial', '2015-03-20 11:13:19.660657', '10.0.1.198', NULL);
INSERT INTO action_states (ad_id, action_id, state_id, state, transition, "timestamp", remote_addr, token_id) VALUES (151, 1, 823, 'unverified', 'verifymail', '2015-03-20 11:13:19.660657', '10.0.1.198', NULL);
INSERT INTO action_states (ad_id, action_id, state_id, state, transition, "timestamp", remote_addr, token_id) VALUES (151, 1, 824, 'pending_review', 'verify', '2015-03-20 11:13:19.713484', '10.0.1.198', NULL);
INSERT INTO action_states (ad_id, action_id, state_id, state, transition, "timestamp", remote_addr, token_id) VALUES (152, 1, 825, 'reg', 'initial', '2015-03-20 11:14:27.559345', '10.0.1.198', NULL);
INSERT INTO action_states (ad_id, action_id, state_id, state, transition, "timestamp", remote_addr, token_id) VALUES (152, 1, 826, 'unverified', 'verifymail', '2015-03-20 11:14:27.559345', '10.0.1.198', NULL);
INSERT INTO action_states (ad_id, action_id, state_id, state, transition, "timestamp", remote_addr, token_id) VALUES (152, 1, 827, 'pending_review', 'verify', '2015-03-20 11:14:27.632838', '10.0.1.198', NULL);
INSERT INTO action_states (ad_id, action_id, state_id, state, transition, "timestamp", remote_addr, token_id) VALUES (153, 1, 828, 'reg', 'initial', '2015-03-20 11:14:53.538906', '10.0.1.198', NULL);
INSERT INTO action_states (ad_id, action_id, state_id, state, transition, "timestamp", remote_addr, token_id) VALUES (153, 1, 829, 'unverified', 'verifymail', '2015-03-20 11:14:53.538906', '10.0.1.198', NULL);
INSERT INTO action_states (ad_id, action_id, state_id, state, transition, "timestamp", remote_addr, token_id) VALUES (153, 1, 830, 'pending_review', 'verify', '2015-03-20 11:14:53.58925', '10.0.1.198', NULL);
INSERT INTO action_states (ad_id, action_id, state_id, state, transition, "timestamp", remote_addr, token_id) VALUES (153, 1, 831, 'accepted', 'accept', '2015-03-20 11:19:32.103221', '10.0.1.198', 778);
INSERT INTO action_states (ad_id, action_id, state_id, state, transition, "timestamp", remote_addr, token_id) VALUES (152, 1, 832, 'accepted', 'accept', '2015-03-20 11:19:37.952846', '10.0.1.198', 779);
INSERT INTO action_states (ad_id, action_id, state_id, state, transition, "timestamp", remote_addr, token_id) VALUES (151, 1, 833, 'accepted', 'accept', '2015-03-20 11:19:42.106581', '10.0.1.198', 780);
INSERT INTO action_states (ad_id, action_id, state_id, state, transition, "timestamp", remote_addr, token_id) VALUES (150, 1, 834, 'accepted', 'accept', '2015-03-20 11:19:48.248972', '10.0.1.198', 781);
INSERT INTO action_states (ad_id, action_id, state_id, state, transition, "timestamp", remote_addr, token_id) VALUES (149, 1, 835, 'accepted', 'accept', '2015-03-20 11:19:53.363164', '10.0.1.198', 782);
INSERT INTO action_states (ad_id, action_id, state_id, state, transition, "timestamp", remote_addr, token_id) VALUES (154, 1, 836, 'reg', 'initial', '2015-03-20 11:20:42.985402', '10.0.1.198', NULL);
INSERT INTO action_states (ad_id, action_id, state_id, state, transition, "timestamp", remote_addr, token_id) VALUES (154, 1, 837, 'unverified', 'verifymail', '2015-03-20 11:20:42.985402', '10.0.1.198', NULL);
INSERT INTO action_states (ad_id, action_id, state_id, state, transition, "timestamp", remote_addr, token_id) VALUES (154, 1, 838, 'pending_review', 'verify', '2015-03-20 11:20:43.068614', '10.0.1.198', NULL);
INSERT INTO action_states (ad_id, action_id, state_id, state, transition, "timestamp", remote_addr, token_id) VALUES (155, 1, 839, 'reg', 'initial', '2015-03-20 11:57:20.889393', '10.0.1.198', NULL);
INSERT INTO action_states (ad_id, action_id, state_id, state, transition, "timestamp", remote_addr, token_id) VALUES (155, 1, 840, 'unverified', 'verifymail', '2015-03-20 11:57:20.889393', '10.0.1.198', NULL);
INSERT INTO action_states (ad_id, action_id, state_id, state, transition, "timestamp", remote_addr, token_id) VALUES (155, 1, 841, 'pending_review', 'verify', '2015-03-20 11:57:20.9767', '10.0.1.198', NULL);
INSERT INTO action_states (ad_id, action_id, state_id, state, transition, "timestamp", remote_addr, token_id) VALUES (155, 1, 842, 'accepted', 'accept', '2015-03-20 12:00:25.685265', '10.0.1.198', 799);
INSERT INTO action_states (ad_id, action_id, state_id, state, transition, "timestamp", remote_addr, token_id) VALUES (156, 1, 843, 'reg', 'initial', '2015-03-20 12:01:15.69241', '10.0.1.198', NULL);
INSERT INTO action_states (ad_id, action_id, state_id, state, transition, "timestamp", remote_addr, token_id) VALUES (156, 1, 844, 'unverified', 'verifymail', '2015-03-20 12:01:15.69241', '10.0.1.198', NULL);
INSERT INTO action_states (ad_id, action_id, state_id, state, transition, "timestamp", remote_addr, token_id) VALUES (156, 1, 845, 'pending_review', 'verify', '2015-03-20 12:01:15.740052', '10.0.1.198', NULL);
INSERT INTO action_states (ad_id, action_id, state_id, state, transition, "timestamp", remote_addr, token_id) VALUES (156, 1, 846, 'accepted', 'accept', '2015-03-20 12:01:27.909649', '10.0.1.198', NULL);
INSERT INTO action_states (ad_id, action_id, state_id, state, transition, "timestamp", remote_addr, token_id) VALUES (157, 1, 847, 'reg', 'initial', '2015-03-20 12:02:09.464892', '10.0.1.198', NULL);
INSERT INTO action_states (ad_id, action_id, state_id, state, transition, "timestamp", remote_addr, token_id) VALUES (157, 1, 848, 'unverified', 'verifymail', '2015-03-20 12:02:09.464892', '10.0.1.198', NULL);
INSERT INTO action_states (ad_id, action_id, state_id, state, transition, "timestamp", remote_addr, token_id) VALUES (157, 1, 849, 'pending_review', 'verify', '2015-03-20 12:02:09.497108', '10.0.1.198', NULL);
INSERT INTO action_states (ad_id, action_id, state_id, state, transition, "timestamp", remote_addr, token_id) VALUES (157, 1, 850, 'accepted', 'accept', '2015-03-20 12:02:18.660618', '10.0.1.198', NULL);
INSERT INTO action_states (ad_id, action_id, state_id, state, transition, "timestamp", remote_addr, token_id) VALUES (158, 1, 851, 'reg', 'initial', '2015-03-20 12:03:30.291276', '10.0.1.198', NULL);
INSERT INTO action_states (ad_id, action_id, state_id, state, transition, "timestamp", remote_addr, token_id) VALUES (158, 1, 852, 'unverified', 'verifymail', '2015-03-20 12:03:30.291276', '10.0.1.198', NULL);
INSERT INTO action_states (ad_id, action_id, state_id, state, transition, "timestamp", remote_addr, token_id) VALUES (158, 1, 853, 'pending_review', 'verify', '2015-03-20 12:03:30.379449', '10.0.1.198', NULL);
INSERT INTO action_states (ad_id, action_id, state_id, state, transition, "timestamp", remote_addr, token_id) VALUES (158, 1, 854, 'accepted', 'accept', '2015-03-20 12:03:43.489288', '10.0.1.198', NULL);
INSERT INTO action_states (ad_id, action_id, state_id, state, transition, "timestamp", remote_addr, token_id) VALUES (159, 1, 855, 'reg', 'initial', '2015-03-20 12:04:24.257079', '10.0.1.198', NULL);
INSERT INTO action_states (ad_id, action_id, state_id, state, transition, "timestamp", remote_addr, token_id) VALUES (159, 1, 856, 'unverified', 'verifymail', '2015-03-20 12:04:24.257079', '10.0.1.198', NULL);
INSERT INTO action_states (ad_id, action_id, state_id, state, transition, "timestamp", remote_addr, token_id) VALUES (159, 1, 857, 'pending_review', 'verify', '2015-03-20 12:04:24.303302', '10.0.1.198', NULL);
INSERT INTO action_states (ad_id, action_id, state_id, state, transition, "timestamp", remote_addr, token_id) VALUES (159, 1, 858, 'accepted', 'accept', '2015-03-20 12:04:34.412675', '10.0.1.198', NULL);
INSERT INTO action_states (ad_id, action_id, state_id, state, transition, "timestamp", remote_addr, token_id) VALUES (160, 1, 859, 'reg', 'initial', '2015-03-20 12:05:11.652716', '10.0.1.198', NULL);
INSERT INTO action_states (ad_id, action_id, state_id, state, transition, "timestamp", remote_addr, token_id) VALUES (160, 1, 860, 'unverified', 'verifymail', '2015-03-20 12:05:11.652716', '10.0.1.198', NULL);
INSERT INTO action_states (ad_id, action_id, state_id, state, transition, "timestamp", remote_addr, token_id) VALUES (160, 1, 861, 'pending_review', 'verify', '2015-03-20 12:05:11.68579', '10.0.1.198', NULL);
INSERT INTO action_states (ad_id, action_id, state_id, state, transition, "timestamp", remote_addr, token_id) VALUES (160, 1, 862, 'accepted', 'accept', '2015-03-20 12:05:24.779678', '10.0.1.198', NULL);
INSERT INTO action_states (ad_id, action_id, state_id, state, transition, "timestamp", remote_addr, token_id) VALUES (161, 1, 863, 'reg', 'initial', '2015-03-20 12:06:35.20916', '10.0.1.198', NULL);
INSERT INTO action_states (ad_id, action_id, state_id, state, transition, "timestamp", remote_addr, token_id) VALUES (161, 1, 864, 'unverified', 'verifymail', '2015-03-20 12:06:35.20916', '10.0.1.198', NULL);
INSERT INTO action_states (ad_id, action_id, state_id, state, transition, "timestamp", remote_addr, token_id) VALUES (161, 1, 865, 'pending_review', 'verify', '2015-03-20 12:06:35.288002', '10.0.1.198', NULL);
INSERT INTO action_states (ad_id, action_id, state_id, state, transition, "timestamp", remote_addr, token_id) VALUES (161, 1, 866, 'accepted', 'accept', '2015-03-20 12:06:44.389017', '10.0.1.198', NULL);
INSERT INTO action_states (ad_id, action_id, state_id, state, transition, "timestamp", remote_addr, token_id) VALUES (162, 1, 867, 'reg', 'initial', '2015-03-20 12:07:13.46939', '10.0.1.198', NULL);
INSERT INTO action_states (ad_id, action_id, state_id, state, transition, "timestamp", remote_addr, token_id) VALUES (162, 1, 868, 'unverified', 'verifymail', '2015-03-20 12:07:13.46939', '10.0.1.198', NULL);
INSERT INTO action_states (ad_id, action_id, state_id, state, transition, "timestamp", remote_addr, token_id) VALUES (162, 1, 869, 'pending_review', 'verify', '2015-03-20 12:07:13.528095', '10.0.1.198', NULL);
INSERT INTO action_states (ad_id, action_id, state_id, state, transition, "timestamp", remote_addr, token_id) VALUES (162, 1, 870, 'accepted', 'accept', '2015-03-20 12:07:24.690371', '10.0.1.198', NULL);
INSERT INTO action_states (ad_id, action_id, state_id, state, transition, "timestamp", remote_addr, token_id) VALUES (163, 1, 871, 'reg', 'initial', '2015-03-20 12:08:44.070329', '10.0.1.198', NULL);
INSERT INTO action_states (ad_id, action_id, state_id, state, transition, "timestamp", remote_addr, token_id) VALUES (163, 1, 872, 'unverified', 'verifymail', '2015-03-20 12:08:44.070329', '10.0.1.198', NULL);
INSERT INTO action_states (ad_id, action_id, state_id, state, transition, "timestamp", remote_addr, token_id) VALUES (163, 1, 873, 'pending_review', 'verify', '2015-03-20 12:08:44.152866', '10.0.1.198', NULL);
INSERT INTO action_states (ad_id, action_id, state_id, state, transition, "timestamp", remote_addr, token_id) VALUES (163, 1, 874, 'accepted', 'accept', '2015-03-20 12:08:55.277624', '10.0.1.198', NULL);
INSERT INTO action_states (ad_id, action_id, state_id, state, transition, "timestamp", remote_addr, token_id) VALUES (164, 1, 875, 'reg', 'initial', '2015-03-20 12:09:34.51905', '10.0.1.198', NULL);
INSERT INTO action_states (ad_id, action_id, state_id, state, transition, "timestamp", remote_addr, token_id) VALUES (164, 1, 876, 'unverified', 'verifymail', '2015-03-20 12:09:34.51905', '10.0.1.198', NULL);
INSERT INTO action_states (ad_id, action_id, state_id, state, transition, "timestamp", remote_addr, token_id) VALUES (164, 1, 877, 'pending_review', 'verify', '2015-03-20 12:09:34.580675', '10.0.1.198', NULL);
INSERT INTO action_states (ad_id, action_id, state_id, state, transition, "timestamp", remote_addr, token_id) VALUES (164, 1, 878, 'accepted', 'accept', '2015-03-20 12:09:47.733008', '10.0.1.198', NULL);
INSERT INTO action_states (ad_id, action_id, state_id, state, transition, "timestamp", remote_addr, token_id) VALUES (165, 1, 879, 'reg', 'initial', '2015-03-20 12:10:36.254051', '10.0.1.198', NULL);
INSERT INTO action_states (ad_id, action_id, state_id, state, transition, "timestamp", remote_addr, token_id) VALUES (165, 1, 880, 'unverified', 'verifymail', '2015-03-20 12:10:36.254051', '10.0.1.198', NULL);
INSERT INTO action_states (ad_id, action_id, state_id, state, transition, "timestamp", remote_addr, token_id) VALUES (165, 1, 881, 'pending_review', 'verify', '2015-03-20 12:10:36.312211', '10.0.1.198', NULL);
INSERT INTO action_states (ad_id, action_id, state_id, state, transition, "timestamp", remote_addr, token_id) VALUES (165, 1, 882, 'accepted', 'accept', '2015-03-20 12:10:47.474615', '10.0.1.198', NULL);
INSERT INTO action_states (ad_id, action_id, state_id, state, transition, "timestamp", remote_addr, token_id) VALUES (166, 1, 883, 'reg', 'initial', '2015-03-20 12:11:17.42475', '10.0.1.198', NULL);
INSERT INTO action_states (ad_id, action_id, state_id, state, transition, "timestamp", remote_addr, token_id) VALUES (166, 1, 884, 'unverified', 'verifymail', '2015-03-20 12:11:17.42475', '10.0.1.198', NULL);
INSERT INTO action_states (ad_id, action_id, state_id, state, transition, "timestamp", remote_addr, token_id) VALUES (166, 1, 885, 'pending_review', 'verify', '2015-03-20 12:11:17.47266', '10.0.1.198', NULL);
INSERT INTO action_states (ad_id, action_id, state_id, state, transition, "timestamp", remote_addr, token_id) VALUES (166, 1, 886, 'accepted', 'accept', '2015-03-20 12:11:28.585151', '10.0.1.198', NULL);
INSERT INTO action_states (ad_id, action_id, state_id, state, transition, "timestamp", remote_addr, token_id) VALUES (167, 1, 887, 'reg', 'initial', '2015-03-20 12:12:27.80859', '10.0.1.198', NULL);
INSERT INTO action_states (ad_id, action_id, state_id, state, transition, "timestamp", remote_addr, token_id) VALUES (167, 1, 888, 'unverified', 'verifymail', '2015-03-20 12:12:27.80859', '10.0.1.198', NULL);
INSERT INTO action_states (ad_id, action_id, state_id, state, transition, "timestamp", remote_addr, token_id) VALUES (167, 1, 889, 'pending_review', 'verify', '2015-03-20 12:12:27.847456', '10.0.1.198', NULL);
INSERT INTO action_states (ad_id, action_id, state_id, state, transition, "timestamp", remote_addr, token_id) VALUES (167, 1, 890, 'accepted', 'accept', '2015-03-20 12:12:40.947912', '10.0.1.198', NULL);
INSERT INTO action_states (ad_id, action_id, state_id, state, transition, "timestamp", remote_addr, token_id) VALUES (168, 1, 891, 'reg', 'initial', '2015-03-20 12:13:11.940036', '10.0.1.198', NULL);
INSERT INTO action_states (ad_id, action_id, state_id, state, transition, "timestamp", remote_addr, token_id) VALUES (168, 1, 892, 'unverified', 'verifymail', '2015-03-20 12:13:11.940036', '10.0.1.198', NULL);
INSERT INTO action_states (ad_id, action_id, state_id, state, transition, "timestamp", remote_addr, token_id) VALUES (168, 1, 893, 'pending_review', 'verify', '2015-03-20 12:13:11.982397', '10.0.1.198', NULL);
INSERT INTO action_states (ad_id, action_id, state_id, state, transition, "timestamp", remote_addr, token_id) VALUES (168, 1, 894, 'accepted', 'accept', '2015-03-20 12:13:23.091021', '10.0.1.198', NULL);
INSERT INTO action_states (ad_id, action_id, state_id, state, transition, "timestamp", remote_addr, token_id) VALUES (169, 1, 895, 'reg', 'initial', '2015-03-20 12:14:30.883419', '10.0.1.198', NULL);
INSERT INTO action_states (ad_id, action_id, state_id, state, transition, "timestamp", remote_addr, token_id) VALUES (169, 1, 896, 'unverified', 'verifymail', '2015-03-20 12:14:30.883419', '10.0.1.198', NULL);
INSERT INTO action_states (ad_id, action_id, state_id, state, transition, "timestamp", remote_addr, token_id) VALUES (169, 1, 897, 'pending_review', 'verify', '2015-03-20 12:14:30.958541', '10.0.1.198', NULL);
INSERT INTO action_states (ad_id, action_id, state_id, state, transition, "timestamp", remote_addr, token_id) VALUES (169, 1, 898, 'accepted', 'accept', '2015-03-20 12:14:40.074159', '10.0.1.198', NULL);
INSERT INTO action_states (ad_id, action_id, state_id, state, transition, "timestamp", remote_addr, token_id) VALUES (170, 1, 899, 'reg', 'initial', '2015-03-20 12:16:03.346302', '10.0.1.198', NULL);
INSERT INTO action_states (ad_id, action_id, state_id, state, transition, "timestamp", remote_addr, token_id) VALUES (170, 1, 900, 'unverified', 'verifymail', '2015-03-20 12:16:03.346302', '10.0.1.198', NULL);
INSERT INTO action_states (ad_id, action_id, state_id, state, transition, "timestamp", remote_addr, token_id) VALUES (170, 1, 901, 'pending_review', 'verify', '2015-03-20 12:16:03.4362', '10.0.1.198', NULL);
INSERT INTO action_states (ad_id, action_id, state_id, state, transition, "timestamp", remote_addr, token_id) VALUES (170, 1, 902, 'accepted', 'accept', '2015-03-20 12:16:15.592142', '10.0.1.198', NULL);
SELECT pg_catalog.setval('action_states_state_id_seq', 902, true);
INSERT INTO ad_changes (ad_id, action_id, state_id, is_param, column_name, old_value, new_value) VALUES (128, 1, 707, true, 'pack_status', NULL, 'disabled');
INSERT INTO ad_changes (ad_id, action_id, state_id, is_param, column_name, old_value, new_value) VALUES (129, 1, 711, true, 'pack_status', NULL, 'disabled');
INSERT INTO ad_changes (ad_id, action_id, state_id, is_param, column_name, old_value, new_value) VALUES (130, 1, 715, true, 'pack_status', NULL, 'disabled');
INSERT INTO ad_changes (ad_id, action_id, state_id, is_param, column_name, old_value, new_value) VALUES (131, 1, 719, true, 'pack_status', NULL, 'disabled');
INSERT INTO ad_changes (ad_id, action_id, state_id, is_param, column_name, old_value, new_value) VALUES (132, 1, 723, true, 'pack_status', NULL, 'disabled');
INSERT INTO ad_changes (ad_id, action_id, state_id, is_param, column_name, old_value, new_value) VALUES (133, 1, 727, true, 'pack_status', NULL, 'disabled');
INSERT INTO ad_changes (ad_id, action_id, state_id, is_param, column_name, old_value, new_value) VALUES (134, 1, 731, true, 'pack_status', NULL, 'disabled');
INSERT INTO ad_changes (ad_id, action_id, state_id, is_param, column_name, old_value, new_value) VALUES (135, 1, 735, true, 'pack_status', NULL, 'disabled');
INSERT INTO ad_changes (ad_id, action_id, state_id, is_param, column_name, old_value, new_value) VALUES (136, 1, 739, true, 'pack_status', NULL, 'disabled');
INSERT INTO ad_changes (ad_id, action_id, state_id, is_param, column_name, old_value, new_value) VALUES (137, 1, 743, true, 'pack_status', NULL, 'disabled');
INSERT INTO ad_changes (ad_id, action_id, state_id, is_param, column_name, old_value, new_value) VALUES (138, 1, 747, true, 'pack_status', NULL, 'disabled');
INSERT INTO ad_changes (ad_id, action_id, state_id, is_param, column_name, old_value, new_value) VALUES (139, 1, 751, true, 'pack_status', NULL, 'disabled');
INSERT INTO ad_changes (ad_id, action_id, state_id, is_param, column_name, old_value, new_value) VALUES (140, 1, 755, true, 'pack_status', NULL, 'disabled');
INSERT INTO ad_changes (ad_id, action_id, state_id, is_param, column_name, old_value, new_value) VALUES (140, 2, 758, true, 'pack_status', 'disabled', 'active');
INSERT INTO ad_changes (ad_id, action_id, state_id, is_param, column_name, old_value, new_value) VALUES (139, 2, 760, true, 'pack_status', 'disabled', 'active');
INSERT INTO ad_changes (ad_id, action_id, state_id, is_param, column_name, old_value, new_value) VALUES (138, 2, 762, true, 'pack_status', 'disabled', 'active');
INSERT INTO ad_changes (ad_id, action_id, state_id, is_param, column_name, old_value, new_value) VALUES (137, 2, 764, true, 'pack_status', 'disabled', 'active');
INSERT INTO ad_changes (ad_id, action_id, state_id, is_param, column_name, old_value, new_value) VALUES (136, 2, 766, true, 'pack_status', 'disabled', 'active');
INSERT INTO ad_changes (ad_id, action_id, state_id, is_param, column_name, old_value, new_value) VALUES (135, 2, 768, true, 'pack_status', 'disabled', 'active');
INSERT INTO ad_changes (ad_id, action_id, state_id, is_param, column_name, old_value, new_value) VALUES (134, 2, 770, true, 'pack_status', 'disabled', 'active');
INSERT INTO ad_changes (ad_id, action_id, state_id, is_param, column_name, old_value, new_value) VALUES (133, 2, 772, true, 'pack_status', 'disabled', 'active');
INSERT INTO ad_changes (ad_id, action_id, state_id, is_param, column_name, old_value, new_value) VALUES (132, 2, 774, true, 'pack_status', 'disabled', 'active');
INSERT INTO ad_changes (ad_id, action_id, state_id, is_param, column_name, old_value, new_value) VALUES (131, 2, 776, true, 'pack_status', 'disabled', 'active');
INSERT INTO ad_changes (ad_id, action_id, state_id, is_param, column_name, old_value, new_value) VALUES (141, 1, 779, true, 'pack_status', NULL, 'disabled');
INSERT INTO ad_changes (ad_id, action_id, state_id, is_param, column_name, old_value, new_value) VALUES (142, 1, 783, true, 'pack_status', NULL, 'disabled');
INSERT INTO ad_changes (ad_id, action_id, state_id, is_param, column_name, old_value, new_value) VALUES (143, 1, 787, true, 'pack_status', NULL, 'disabled');
INSERT INTO ad_changes (ad_id, action_id, state_id, is_param, column_name, old_value, new_value) VALUES (143, 2, 790, true, 'pack_status', 'disabled', 'active');
INSERT INTO ad_changes (ad_id, action_id, state_id, is_param, column_name, old_value, new_value) VALUES (142, 2, 792, true, 'pack_status', 'disabled', 'active');
INSERT INTO ad_changes (ad_id, action_id, state_id, is_param, column_name, old_value, new_value) VALUES (141, 2, 794, true, 'pack_status', 'disabled', 'active');
INSERT INTO ad_changes (ad_id, action_id, state_id, is_param, column_name, old_value, new_value) VALUES (144, 1, 797, true, 'pack_status', NULL, 'disabled');
INSERT INTO ad_changes (ad_id, action_id, state_id, is_param, column_name, old_value, new_value) VALUES (145, 1, 801, true, 'pack_status', NULL, 'disabled');
INSERT INTO ad_changes (ad_id, action_id, state_id, is_param, column_name, old_value, new_value) VALUES (146, 1, 805, true, 'pack_status', NULL, 'disabled');
INSERT INTO ad_changes (ad_id, action_id, state_id, is_param, column_name, old_value, new_value) VALUES (147, 1, 809, true, 'pack_status', NULL, 'disabled');
INSERT INTO ad_changes (ad_id, action_id, state_id, is_param, column_name, old_value, new_value) VALUES (148, 1, 813, true, 'pack_status', NULL, 'disabled');
INSERT INTO ad_changes (ad_id, action_id, state_id, is_param, column_name, old_value, new_value) VALUES (155, 1, 840, true, 'pack_status', NULL, 'disabled');
INSERT INTO ad_changes (ad_id, action_id, state_id, is_param, column_name, old_value, new_value) VALUES (156, 1, 844, true, 'pack_status', NULL, 'disabled');
INSERT INTO ad_changes (ad_id, action_id, state_id, is_param, column_name, old_value, new_value) VALUES (157, 1, 848, true, 'pack_status', NULL, 'disabled');
INSERT INTO ad_changes (ad_id, action_id, state_id, is_param, column_name, old_value, new_value) VALUES (158, 1, 852, true, 'pack_status', NULL, 'disabled');
INSERT INTO ad_changes (ad_id, action_id, state_id, is_param, column_name, old_value, new_value) VALUES (159, 1, 856, true, 'pack_status', NULL, 'disabled');
INSERT INTO ad_changes (ad_id, action_id, state_id, is_param, column_name, old_value, new_value) VALUES (160, 1, 860, true, 'pack_status', NULL, 'disabled');
INSERT INTO ad_changes (ad_id, action_id, state_id, is_param, column_name, old_value, new_value) VALUES (161, 1, 864, true, 'pack_status', NULL, 'disabled');
INSERT INTO ad_changes (ad_id, action_id, state_id, is_param, column_name, old_value, new_value) VALUES (162, 1, 868, true, 'pack_status', NULL, 'disabled');
INSERT INTO ad_changes (ad_id, action_id, state_id, is_param, column_name, old_value, new_value) VALUES (163, 1, 872, true, 'pack_status', NULL, 'disabled');
INSERT INTO ad_changes (ad_id, action_id, state_id, is_param, column_name, old_value, new_value) VALUES (164, 1, 876, true, 'pack_status', NULL, 'disabled');
INSERT INTO ad_changes (ad_id, action_id, state_id, is_param, column_name, old_value, new_value) VALUES (165, 1, 880, true, 'pack_status', NULL, 'disabled');
INSERT INTO ad_changes (ad_id, action_id, state_id, is_param, column_name, old_value, new_value) VALUES (166, 1, 884, true, 'pack_status', NULL, 'disabled');
INSERT INTO ad_changes (ad_id, action_id, state_id, is_param, column_name, old_value, new_value) VALUES (167, 1, 888, true, 'pack_status', NULL, 'disabled');
INSERT INTO ad_changes (ad_id, action_id, state_id, is_param, column_name, old_value, new_value) VALUES (168, 1, 892, true, 'pack_status', NULL, 'disabled');
INSERT INTO ad_changes (ad_id, action_id, state_id, is_param, column_name, old_value, new_value) VALUES (169, 1, 896, true, 'pack_status', NULL, 'disabled');
INSERT INTO ad_changes (ad_id, action_id, state_id, is_param, column_name, old_value, new_value) VALUES (170, 1, 900, true, 'pack_status', NULL, 'disabled');
INSERT INTO ad_codes (code, code_type) VALUES (24741, 'pay');
INSERT INTO ad_codes (code, code_type) VALUES (56764, 'pay');
INSERT INTO ad_codes (code, code_type) VALUES (88787, 'pay');
INSERT INTO ad_codes (code, code_type) VALUES (30810, 'pay');
INSERT INTO ad_codes (code, code_type) VALUES (62833, 'pay');
INSERT INTO ad_codes (code, code_type) VALUES (94856, 'pay');
INSERT INTO ad_codes (code, code_type) VALUES (36879, 'pay');
INSERT INTO ad_codes (code, code_type) VALUES (68902, 'pay');
INSERT INTO ad_codes (code, code_type) VALUES (10925, 'pay');
INSERT INTO ad_codes (code, code_type) VALUES (42948, 'pay');
INSERT INTO ad_codes (code, code_type) VALUES (74971, 'pay');
INSERT INTO ad_codes (code, code_type) VALUES (16994, 'pay');
INSERT INTO ad_codes (code, code_type) VALUES (49017, 'pay');
INSERT INTO ad_codes (code, code_type) VALUES (81040, 'pay');
INSERT INTO ad_codes (code, code_type) VALUES (23063, 'pay');
INSERT INTO ad_codes (code, code_type) VALUES (55086, 'pay');
INSERT INTO ad_codes (code, code_type) VALUES (87109, 'pay');
INSERT INTO ad_codes (code, code_type) VALUES (29132, 'pay');
INSERT INTO ad_codes (code, code_type) VALUES (61155, 'pay');
INSERT INTO ad_codes (code, code_type) VALUES (93178, 'pay');
INSERT INTO ad_codes (code, code_type) VALUES (35201, 'pay');
INSERT INTO ad_codes (code, code_type) VALUES (67224, 'pay');
INSERT INTO ad_codes (code, code_type) VALUES (99247, 'pay');
INSERT INTO ad_codes (code, code_type) VALUES (41270, 'pay');
INSERT INTO ad_codes (code, code_type) VALUES (73293, 'pay');
INSERT INTO ad_codes (code, code_type) VALUES (15316, 'pay');
INSERT INTO ad_codes (code, code_type) VALUES (47339, 'pay');
INSERT INTO ad_codes (code, code_type) VALUES (79362, 'pay');
INSERT INTO ad_codes (code, code_type) VALUES (21385, 'pay');
INSERT INTO ad_codes (code, code_type) VALUES (53408, 'pay');
INSERT INTO ad_codes (code, code_type) VALUES (85431, 'pay');
INSERT INTO ad_codes (code, code_type) VALUES (27454, 'pay');
INSERT INTO ad_codes (code, code_type) VALUES (59477, 'pay');
INSERT INTO ad_codes (code, code_type) VALUES (91500, 'pay');
INSERT INTO ad_codes (code, code_type) VALUES (33523, 'pay');
INSERT INTO ad_codes (code, code_type) VALUES (65546, 'pay');
INSERT INTO ad_codes (code, code_type) VALUES (97569, 'pay');
INSERT INTO ad_codes (code, code_type) VALUES (39592, 'pay');
INSERT INTO ad_codes (code, code_type) VALUES (71615, 'pay');
INSERT INTO ad_codes (code, code_type) VALUES (13638, 'pay');
INSERT INTO ad_codes (code, code_type) VALUES (45661, 'pay');
INSERT INTO ad_codes (code, code_type) VALUES (77684, 'pay');
INSERT INTO ad_codes (code, code_type) VALUES (19707, 'pay');
INSERT INTO ad_codes (code, code_type) VALUES (51730, 'pay');
INSERT INTO ad_codes (code, code_type) VALUES (83753, 'pay');
INSERT INTO ad_image_changes (ad_id, action_id, state_id, seq_no, name, is_new) VALUES (127, 1, 704, 0, NULL, false);
INSERT INTO ad_image_changes (ad_id, action_id, state_id, seq_no, name, is_new) VALUES (126, 1, 705, 0, NULL, false);
INSERT INTO ad_image_changes (ad_id, action_id, state_id, seq_no, name, is_new) VALUES (128, 1, 709, 0, NULL, false);
INSERT INTO ad_image_changes (ad_id, action_id, state_id, seq_no, name, is_new) VALUES (129, 1, 713, 0, NULL, false);
INSERT INTO ad_image_changes (ad_id, action_id, state_id, seq_no, name, is_new) VALUES (130, 1, 717, 0, NULL, false);
INSERT INTO ad_image_changes (ad_id, action_id, state_id, seq_no, name, is_new) VALUES (131, 1, 721, 0, NULL, false);
INSERT INTO ad_image_changes (ad_id, action_id, state_id, seq_no, name, is_new) VALUES (132, 1, 725, 0, NULL, false);
INSERT INTO ad_image_changes (ad_id, action_id, state_id, seq_no, name, is_new) VALUES (133, 1, 729, 0, NULL, false);
INSERT INTO ad_image_changes (ad_id, action_id, state_id, seq_no, name, is_new) VALUES (134, 1, 733, 0, NULL, false);
INSERT INTO ad_image_changes (ad_id, action_id, state_id, seq_no, name, is_new) VALUES (135, 1, 737, 0, NULL, false);
INSERT INTO ad_image_changes (ad_id, action_id, state_id, seq_no, name, is_new) VALUES (136, 1, 741, 0, NULL, false);
INSERT INTO ad_image_changes (ad_id, action_id, state_id, seq_no, name, is_new) VALUES (137, 1, 745, 0, NULL, false);
INSERT INTO ad_image_changes (ad_id, action_id, state_id, seq_no, name, is_new) VALUES (138, 1, 749, 0, NULL, false);
INSERT INTO ad_image_changes (ad_id, action_id, state_id, seq_no, name, is_new) VALUES (139, 1, 753, 0, NULL, false);
INSERT INTO ad_image_changes (ad_id, action_id, state_id, seq_no, name, is_new) VALUES (140, 1, 757, 0, NULL, false);
INSERT INTO ad_image_changes (ad_id, action_id, state_id, seq_no, name, is_new) VALUES (141, 1, 781, 0, NULL, false);
INSERT INTO ad_image_changes (ad_id, action_id, state_id, seq_no, name, is_new) VALUES (142, 1, 785, 0, NULL, false);
INSERT INTO ad_image_changes (ad_id, action_id, state_id, seq_no, name, is_new) VALUES (143, 1, 789, 0, NULL, false);
INSERT INTO ad_image_changes (ad_id, action_id, state_id, seq_no, name, is_new) VALUES (144, 1, 799, 0, NULL, false);
INSERT INTO ad_image_changes (ad_id, action_id, state_id, seq_no, name, is_new) VALUES (145, 1, 803, 0, NULL, false);
INSERT INTO ad_image_changes (ad_id, action_id, state_id, seq_no, name, is_new) VALUES (146, 1, 807, 0, NULL, false);
INSERT INTO ad_image_changes (ad_id, action_id, state_id, seq_no, name, is_new) VALUES (147, 1, 811, 0, NULL, false);
INSERT INTO ad_image_changes (ad_id, action_id, state_id, seq_no, name, is_new) VALUES (148, 1, 815, 0, NULL, false);
INSERT INTO ad_image_changes (ad_id, action_id, state_id, seq_no, name, is_new) VALUES (153, 1, 831, 0, NULL, false);
INSERT INTO ad_image_changes (ad_id, action_id, state_id, seq_no, name, is_new) VALUES (152, 1, 832, 0, NULL, false);
INSERT INTO ad_image_changes (ad_id, action_id, state_id, seq_no, name, is_new) VALUES (151, 1, 833, 0, NULL, false);
INSERT INTO ad_image_changes (ad_id, action_id, state_id, seq_no, name, is_new) VALUES (150, 1, 834, 0, NULL, false);
INSERT INTO ad_image_changes (ad_id, action_id, state_id, seq_no, name, is_new) VALUES (149, 1, 835, 0, NULL, false);
INSERT INTO ad_image_changes (ad_id, action_id, state_id, seq_no, name, is_new) VALUES (155, 1, 842, 0, NULL, false);
INSERT INTO ad_image_changes (ad_id, action_id, state_id, seq_no, name, is_new) VALUES (156, 1, 846, 0, NULL, false);
INSERT INTO ad_image_changes (ad_id, action_id, state_id, seq_no, name, is_new) VALUES (157, 1, 850, 0, NULL, false);
INSERT INTO ad_image_changes (ad_id, action_id, state_id, seq_no, name, is_new) VALUES (158, 1, 854, 0, NULL, false);
INSERT INTO ad_image_changes (ad_id, action_id, state_id, seq_no, name, is_new) VALUES (159, 1, 858, 0, NULL, false);
INSERT INTO ad_image_changes (ad_id, action_id, state_id, seq_no, name, is_new) VALUES (160, 1, 862, 0, NULL, false);
INSERT INTO ad_image_changes (ad_id, action_id, state_id, seq_no, name, is_new) VALUES (161, 1, 866, 0, NULL, false);
INSERT INTO ad_image_changes (ad_id, action_id, state_id, seq_no, name, is_new) VALUES (162, 1, 870, 0, NULL, false);
INSERT INTO ad_image_changes (ad_id, action_id, state_id, seq_no, name, is_new) VALUES (163, 1, 874, 0, NULL, false);
INSERT INTO ad_image_changes (ad_id, action_id, state_id, seq_no, name, is_new) VALUES (164, 1, 878, 0, NULL, false);
INSERT INTO ad_image_changes (ad_id, action_id, state_id, seq_no, name, is_new) VALUES (165, 1, 882, 0, NULL, false);
INSERT INTO ad_image_changes (ad_id, action_id, state_id, seq_no, name, is_new) VALUES (166, 1, 886, 0, NULL, false);
INSERT INTO ad_image_changes (ad_id, action_id, state_id, seq_no, name, is_new) VALUES (167, 1, 890, 0, NULL, false);
INSERT INTO ad_image_changes (ad_id, action_id, state_id, seq_no, name, is_new) VALUES (168, 1, 894, 0, NULL, false);
INSERT INTO ad_image_changes (ad_id, action_id, state_id, seq_no, name, is_new) VALUES (169, 1, 898, 0, NULL, false);
INSERT INTO ad_image_changes (ad_id, action_id, state_id, seq_no, name, is_new) VALUES (170, 1, 902, 0, NULL, false);
INSERT INTO ad_queues (ad_id, action_id, queue, queued_at, locked_by, locked_until) VALUES (154, 1, 'normal', '2015-03-20 11:20:43.068614', NULL, NULL);
SELECT pg_catalog.setval('ads_ad_id_seq', 170, true);
SELECT pg_catalog.setval('list_id_seq', 8000128, true);
INSERT INTO packs (pack_id, account_id, status, type, slots, used, date_start, date_end, product_id) VALUES (1, 8, 'active', 'car', 10, 10, '2015-03-19 17:37:58.553616', '2015-03-19 17:42:58.553616', 11010);
INSERT INTO packs (pack_id, account_id, status, type, slots, used, date_start, date_end, product_id) VALUES (2, 9, 'active', 'car', 10, 3, '2015-03-19 17:46:27.284817', '2015-03-19 17:51:27.284817', 11010);
SELECT pg_catalog.setval('packs_pack_id_seq', 3, true);
SELECT pg_catalog.setval('pay_code_seq', 511, true);
INSERT INTO pay_log (pay_log_id, pay_type, amount, code, token_id, paid_at, payment_group_id, status) VALUES (213, 'save', 0, '633026231', NULL, '2015-03-19 17:05:14', 166, 'SAVE');
INSERT INTO pay_log (pay_log_id, pay_type, amount, code, token_id, paid_at, payment_group_id, status) VALUES (214, 'verify', 0, '633026231', NULL, '2015-03-19 17:05:14', 166, 'OK');
INSERT INTO pay_log (pay_log_id, pay_type, amount, code, token_id, paid_at, payment_group_id, status) VALUES (215, 'save', 0, '768418254', NULL, '2015-03-19 17:05:39', 167, 'SAVE');
INSERT INTO pay_log (pay_log_id, pay_type, amount, code, token_id, paid_at, payment_group_id, status) VALUES (216, 'verify', 0, '768418254', NULL, '2015-03-19 17:05:39', 167, 'OK');
INSERT INTO pay_log (pay_log_id, pay_type, amount, code, token_id, paid_at, payment_group_id, status) VALUES (217, 'save', 0, '903810277', NULL, '2015-03-19 17:25:17', 168, 'SAVE');
INSERT INTO pay_log (pay_log_id, pay_type, amount, code, token_id, paid_at, payment_group_id, status) VALUES (218, 'verify', 0, '903810277', NULL, '2015-03-19 17:25:17', 168, 'OK');
INSERT INTO pay_log (pay_log_id, pay_type, amount, code, token_id, paid_at, payment_group_id, status) VALUES (219, 'save', 0, '139202300', NULL, '2015-03-19 17:26:57', 169, 'SAVE');
INSERT INTO pay_log (pay_log_id, pay_type, amount, code, token_id, paid_at, payment_group_id, status) VALUES (220, 'verify', 0, '139202300', NULL, '2015-03-19 17:26:58', 169, 'OK');
INSERT INTO pay_log (pay_log_id, pay_type, amount, code, token_id, paid_at, payment_group_id, status) VALUES (221, 'save', 0, '274594323', NULL, '2015-03-19 17:28:40', 170, 'SAVE');
INSERT INTO pay_log (pay_log_id, pay_type, amount, code, token_id, paid_at, payment_group_id, status) VALUES (222, 'verify', 0, '274594323', NULL, '2015-03-19 17:28:40', 170, 'OK');
INSERT INTO pay_log (pay_log_id, pay_type, amount, code, token_id, paid_at, payment_group_id, status) VALUES (223, 'save', 0, '409986346', NULL, '2015-03-19 17:29:19', 171, 'SAVE');
INSERT INTO pay_log (pay_log_id, pay_type, amount, code, token_id, paid_at, payment_group_id, status) VALUES (224, 'verify', 0, '409986346', NULL, '2015-03-19 17:29:19', 171, 'OK');
INSERT INTO pay_log (pay_log_id, pay_type, amount, code, token_id, paid_at, payment_group_id, status) VALUES (225, 'save', 0, '545378369', NULL, '2015-03-19 17:29:50', 172, 'SAVE');
INSERT INTO pay_log (pay_log_id, pay_type, amount, code, token_id, paid_at, payment_group_id, status) VALUES (226, 'verify', 0, '545378369', NULL, '2015-03-19 17:29:50', 172, 'OK');
INSERT INTO pay_log (pay_log_id, pay_type, amount, code, token_id, paid_at, payment_group_id, status) VALUES (227, 'save', 0, '680770392', NULL, '2015-03-19 17:30:16', 173, 'SAVE');
INSERT INTO pay_log (pay_log_id, pay_type, amount, code, token_id, paid_at, payment_group_id, status) VALUES (228, 'verify', 0, '680770392', NULL, '2015-03-19 17:30:16', 173, 'OK');
INSERT INTO pay_log (pay_log_id, pay_type, amount, code, token_id, paid_at, payment_group_id, status) VALUES (229, 'save', 0, '816162415', NULL, '2015-03-19 17:30:49', 174, 'SAVE');
INSERT INTO pay_log (pay_log_id, pay_type, amount, code, token_id, paid_at, payment_group_id, status) VALUES (230, 'verify', 0, '816162415', NULL, '2015-03-19 17:30:49', 174, 'OK');
INSERT INTO pay_log (pay_log_id, pay_type, amount, code, token_id, paid_at, payment_group_id, status) VALUES (231, 'save', 0, '951554438', NULL, '2015-03-19 17:33:20', 175, 'SAVE');
INSERT INTO pay_log (pay_log_id, pay_type, amount, code, token_id, paid_at, payment_group_id, status) VALUES (232, 'verify', 0, '951554438', NULL, '2015-03-19 17:33:20', 175, 'OK');
INSERT INTO pay_log (pay_log_id, pay_type, amount, code, token_id, paid_at, payment_group_id, status) VALUES (233, 'save', 0, '186946461', NULL, '2015-03-19 17:35:37', 176, 'SAVE');
INSERT INTO pay_log (pay_log_id, pay_type, amount, code, token_id, paid_at, payment_group_id, status) VALUES (234, 'verify', 0, '186946461', NULL, '2015-03-19 17:35:37', 176, 'OK');
INSERT INTO pay_log (pay_log_id, pay_type, amount, code, token_id, paid_at, payment_group_id, status) VALUES (235, 'save', 0, '322338484', NULL, '2015-03-19 17:36:05', 177, 'SAVE');
INSERT INTO pay_log (pay_log_id, pay_type, amount, code, token_id, paid_at, payment_group_id, status) VALUES (236, 'verify', 0, '322338484', NULL, '2015-03-19 17:36:05', 177, 'OK');
INSERT INTO pay_log (pay_log_id, pay_type, amount, code, token_id, paid_at, payment_group_id, status) VALUES (237, 'save', 0, '457730507', NULL, '2015-03-19 17:36:30', 178, 'SAVE');
INSERT INTO pay_log (pay_log_id, pay_type, amount, code, token_id, paid_at, payment_group_id, status) VALUES (238, 'verify', 0, '457730507', NULL, '2015-03-19 17:36:30', 178, 'OK');
INSERT INTO pay_log (pay_log_id, pay_type, amount, code, token_id, paid_at, payment_group_id, status) VALUES (239, 'save', 0, '593122530', NULL, '2015-03-19 17:36:58', 179, 'SAVE');
INSERT INTO pay_log (pay_log_id, pay_type, amount, code, token_id, paid_at, payment_group_id, status) VALUES (240, 'verify', 0, '593122530', NULL, '2015-03-19 17:36:58', 179, 'OK');
INSERT INTO pay_log (pay_log_id, pay_type, amount, code, token_id, paid_at, payment_group_id, status) VALUES (241, 'save', 0, '728514553', NULL, '2015-03-19 17:37:34', 180, 'SAVE');
INSERT INTO pay_log (pay_log_id, pay_type, amount, code, token_id, paid_at, payment_group_id, status) VALUES (242, 'verify', 0, '728514553', NULL, '2015-03-19 17:37:34', 180, 'OK');
INSERT INTO pay_log (pay_log_id, pay_type, amount, code, token_id, paid_at, payment_group_id, status) VALUES (243, 'save', 0, '12345', NULL, '2015-03-19 17:37:55', 181, 'SAVE');
INSERT INTO pay_log (pay_log_id, pay_type, amount, code, token_id, paid_at, payment_group_id, status) VALUES (244, 'paycard_save', 0, '12345', NULL, '2015-03-19 17:37:58', 181, 'SAVE');
INSERT INTO pay_log (pay_log_id, pay_type, amount, code, token_id, paid_at, payment_group_id, status) VALUES (245, 'paycard', 23000, '12345', NULL, '2015-03-19 17:37:58', 181, 'OK');
INSERT INTO pay_log (pay_log_id, pay_type, amount, code, token_id, paid_at, payment_group_id, status) VALUES (246, 'save', 0, '863906576', NULL, '2015-03-19 17:44:27', 182, 'SAVE');
INSERT INTO pay_log (pay_log_id, pay_type, amount, code, token_id, paid_at, payment_group_id, status) VALUES (247, 'verify', 0, '863906576', NULL, '2015-03-19 17:44:27', 182, 'OK');
INSERT INTO pay_log (pay_log_id, pay_type, amount, code, token_id, paid_at, payment_group_id, status) VALUES (248, 'save', 0, '999298599', NULL, '2015-03-19 17:44:54', 183, 'SAVE');
INSERT INTO pay_log (pay_log_id, pay_type, amount, code, token_id, paid_at, payment_group_id, status) VALUES (249, 'verify', 0, '999298599', NULL, '2015-03-19 17:44:54', 183, 'OK');
INSERT INTO pay_log (pay_log_id, pay_type, amount, code, token_id, paid_at, payment_group_id, status) VALUES (250, 'save', 0, '234690622', NULL, '2015-03-19 17:45:51', 184, 'SAVE');
INSERT INTO pay_log (pay_log_id, pay_type, amount, code, token_id, paid_at, payment_group_id, status) VALUES (251, 'verify', 0, '234690622', NULL, '2015-03-19 17:45:51', 184, 'OK');
INSERT INTO pay_log (pay_log_id, pay_type, amount, code, token_id, paid_at, payment_group_id, status) VALUES (252, 'save', 0, '65432', NULL, '2015-03-19 17:46:25', 185, 'SAVE');
INSERT INTO pay_log (pay_log_id, pay_type, amount, code, token_id, paid_at, payment_group_id, status) VALUES (253, 'paycard_save', 0, '65432', NULL, '2015-03-19 17:46:27', 185, 'SAVE');
INSERT INTO pay_log (pay_log_id, pay_type, amount, code, token_id, paid_at, payment_group_id, status) VALUES (254, 'paycard', 23000, '65432', NULL, '2015-03-19 17:46:27', 185, 'OK');
INSERT INTO pay_log (pay_log_id, pay_type, amount, code, token_id, paid_at, payment_group_id, status) VALUES (255, 'save', 0, '370082645', NULL, '2015-03-19 17:50:31', 186, 'SAVE');
INSERT INTO pay_log (pay_log_id, pay_type, amount, code, token_id, paid_at, payment_group_id, status) VALUES (256, 'verify', 0, '370082645', NULL, '2015-03-19 17:50:31', 186, 'OK');
INSERT INTO pay_log (pay_log_id, pay_type, amount, code, token_id, paid_at, payment_group_id, status) VALUES (257, 'save', 0, '505474668', NULL, '2015-03-19 17:50:52', 187, 'SAVE');
INSERT INTO pay_log (pay_log_id, pay_type, amount, code, token_id, paid_at, payment_group_id, status) VALUES (258, 'verify', 0, '505474668', NULL, '2015-03-19 17:50:53', 187, 'OK');
INSERT INTO pay_log (pay_log_id, pay_type, amount, code, token_id, paid_at, payment_group_id, status) VALUES (259, 'save', 0, '640866691', NULL, '2015-03-19 17:51:12', 188, 'SAVE');
INSERT INTO pay_log (pay_log_id, pay_type, amount, code, token_id, paid_at, payment_group_id, status) VALUES (260, 'verify', 0, '640866691', NULL, '2015-03-19 17:51:12', 188, 'OK');
INSERT INTO pay_log (pay_log_id, pay_type, amount, code, token_id, paid_at, payment_group_id, status) VALUES (261, 'save', 0, '776258714', NULL, '2015-03-19 17:51:45', 189, 'SAVE');
INSERT INTO pay_log (pay_log_id, pay_type, amount, code, token_id, paid_at, payment_group_id, status) VALUES (262, 'verify', 0, '776258714', NULL, '2015-03-19 17:51:45', 189, 'OK');
INSERT INTO pay_log (pay_log_id, pay_type, amount, code, token_id, paid_at, payment_group_id, status) VALUES (263, 'save', 0, '911650737', NULL, '2015-03-19 17:52:18', 190, 'SAVE');
INSERT INTO pay_log (pay_log_id, pay_type, amount, code, token_id, paid_at, payment_group_id, status) VALUES (264, 'verify', 0, '911650737', NULL, '2015-03-19 17:52:18', 190, 'OK');
INSERT INTO pay_log (pay_log_id, pay_type, amount, code, token_id, paid_at, payment_group_id, status) VALUES (265, 'save', 0, '147042760', NULL, '2015-03-20 11:12:34', 191, 'SAVE');
INSERT INTO pay_log (pay_log_id, pay_type, amount, code, token_id, paid_at, payment_group_id, status) VALUES (266, 'verify', 0, '147042760', NULL, '2015-03-20 11:12:34', 191, 'OK');
INSERT INTO pay_log (pay_log_id, pay_type, amount, code, token_id, paid_at, payment_group_id, status) VALUES (267, 'save', 0, '282434783', NULL, '2015-03-20 11:12:56', 192, 'SAVE');
INSERT INTO pay_log (pay_log_id, pay_type, amount, code, token_id, paid_at, payment_group_id, status) VALUES (268, 'verify', 0, '282434783', NULL, '2015-03-20 11:12:56', 192, 'OK');
INSERT INTO pay_log (pay_log_id, pay_type, amount, code, token_id, paid_at, payment_group_id, status) VALUES (269, 'save', 0, '417826806', NULL, '2015-03-20 11:13:20', 193, 'SAVE');
INSERT INTO pay_log (pay_log_id, pay_type, amount, code, token_id, paid_at, payment_group_id, status) VALUES (270, 'verify', 0, '417826806', NULL, '2015-03-20 11:13:20', 193, 'OK');
INSERT INTO pay_log (pay_log_id, pay_type, amount, code, token_id, paid_at, payment_group_id, status) VALUES (271, 'save', 0, '553218829', NULL, '2015-03-20 11:14:28', 194, 'SAVE');
INSERT INTO pay_log (pay_log_id, pay_type, amount, code, token_id, paid_at, payment_group_id, status) VALUES (272, 'verify', 0, '553218829', NULL, '2015-03-20 11:14:28', 194, 'OK');
INSERT INTO pay_log (pay_log_id, pay_type, amount, code, token_id, paid_at, payment_group_id, status) VALUES (273, 'save', 0, '688610852', NULL, '2015-03-20 11:14:54', 195, 'SAVE');
INSERT INTO pay_log (pay_log_id, pay_type, amount, code, token_id, paid_at, payment_group_id, status) VALUES (274, 'verify', 0, '688610852', NULL, '2015-03-20 11:14:54', 195, 'OK');
INSERT INTO pay_log (pay_log_id, pay_type, amount, code, token_id, paid_at, payment_group_id, status) VALUES (275, 'save', 0, '824002875', NULL, '2015-03-20 11:20:43', 196, 'SAVE');
INSERT INTO pay_log (pay_log_id, pay_type, amount, code, token_id, paid_at, payment_group_id, status) VALUES (276, 'verify', 0, '824002875', NULL, '2015-03-20 11:20:43', 196, 'OK');
INSERT INTO pay_log (pay_log_id, pay_type, amount, code, token_id, paid_at, payment_group_id, status) VALUES (277, 'save', 0, '959394898', NULL, '2015-03-20 11:57:21', 197, 'SAVE');
INSERT INTO pay_log (pay_log_id, pay_type, amount, code, token_id, paid_at, payment_group_id, status) VALUES (278, 'verify', 0, '959394898', NULL, '2015-03-20 11:57:21', 197, 'OK');
INSERT INTO pay_log (pay_log_id, pay_type, amount, code, token_id, paid_at, payment_group_id, status) VALUES (279, 'save', 0, '194786921', NULL, '2015-03-20 12:01:16', 198, 'SAVE');
INSERT INTO pay_log (pay_log_id, pay_type, amount, code, token_id, paid_at, payment_group_id, status) VALUES (280, 'verify', 0, '194786921', NULL, '2015-03-20 12:01:16', 198, 'OK');
INSERT INTO pay_log (pay_log_id, pay_type, amount, code, token_id, paid_at, payment_group_id, status) VALUES (281, 'save', 0, '330178944', NULL, '2015-03-20 12:02:09', 199, 'SAVE');
INSERT INTO pay_log (pay_log_id, pay_type, amount, code, token_id, paid_at, payment_group_id, status) VALUES (282, 'verify', 0, '330178944', NULL, '2015-03-20 12:02:09', 199, 'OK');
INSERT INTO pay_log (pay_log_id, pay_type, amount, code, token_id, paid_at, payment_group_id, status) VALUES (283, 'save', 0, '465570967', NULL, '2015-03-20 12:03:30', 200, 'SAVE');
INSERT INTO pay_log (pay_log_id, pay_type, amount, code, token_id, paid_at, payment_group_id, status) VALUES (284, 'verify', 0, '465570967', NULL, '2015-03-20 12:03:30', 200, 'OK');
INSERT INTO pay_log (pay_log_id, pay_type, amount, code, token_id, paid_at, payment_group_id, status) VALUES (285, 'save', 0, '600962990', NULL, '2015-03-20 12:04:24', 201, 'SAVE');
INSERT INTO pay_log (pay_log_id, pay_type, amount, code, token_id, paid_at, payment_group_id, status) VALUES (286, 'verify', 0, '600962990', NULL, '2015-03-20 12:04:24', 201, 'OK');
INSERT INTO pay_log (pay_log_id, pay_type, amount, code, token_id, paid_at, payment_group_id, status) VALUES (287, 'save', 0, '736355013', NULL, '2015-03-20 12:05:12', 202, 'SAVE');
INSERT INTO pay_log (pay_log_id, pay_type, amount, code, token_id, paid_at, payment_group_id, status) VALUES (288, 'verify', 0, '736355013', NULL, '2015-03-20 12:05:12', 202, 'OK');
INSERT INTO pay_log (pay_log_id, pay_type, amount, code, token_id, paid_at, payment_group_id, status) VALUES (289, 'save', 0, '871747036', NULL, '2015-03-20 12:06:35', 203, 'SAVE');
INSERT INTO pay_log (pay_log_id, pay_type, amount, code, token_id, paid_at, payment_group_id, status) VALUES (290, 'verify', 0, '871747036', NULL, '2015-03-20 12:06:35', 203, 'OK');
INSERT INTO pay_log (pay_log_id, pay_type, amount, code, token_id, paid_at, payment_group_id, status) VALUES (291, 'save', 0, '107139059', NULL, '2015-03-20 12:07:13', 204, 'SAVE');
INSERT INTO pay_log (pay_log_id, pay_type, amount, code, token_id, paid_at, payment_group_id, status) VALUES (292, 'verify', 0, '107139059', NULL, '2015-03-20 12:07:14', 204, 'OK');
INSERT INTO pay_log (pay_log_id, pay_type, amount, code, token_id, paid_at, payment_group_id, status) VALUES (293, 'save', 0, '242531082', NULL, '2015-03-20 12:08:44', 205, 'SAVE');
INSERT INTO pay_log (pay_log_id, pay_type, amount, code, token_id, paid_at, payment_group_id, status) VALUES (294, 'verify', 0, '242531082', NULL, '2015-03-20 12:08:44', 205, 'OK');
INSERT INTO pay_log (pay_log_id, pay_type, amount, code, token_id, paid_at, payment_group_id, status) VALUES (295, 'save', 0, '377923105', NULL, '2015-03-20 12:09:35', 206, 'SAVE');
INSERT INTO pay_log (pay_log_id, pay_type, amount, code, token_id, paid_at, payment_group_id, status) VALUES (296, 'verify', 0, '377923105', NULL, '2015-03-20 12:09:35', 206, 'OK');
INSERT INTO pay_log (pay_log_id, pay_type, amount, code, token_id, paid_at, payment_group_id, status) VALUES (297, 'save', 0, '513315128', NULL, '2015-03-20 12:10:36', 207, 'SAVE');
INSERT INTO pay_log (pay_log_id, pay_type, amount, code, token_id, paid_at, payment_group_id, status) VALUES (298, 'verify', 0, '513315128', NULL, '2015-03-20 12:10:36', 207, 'OK');
INSERT INTO pay_log (pay_log_id, pay_type, amount, code, token_id, paid_at, payment_group_id, status) VALUES (299, 'save', 0, '648707151', NULL, '2015-03-20 12:11:17', 208, 'SAVE');
INSERT INTO pay_log (pay_log_id, pay_type, amount, code, token_id, paid_at, payment_group_id, status) VALUES (300, 'verify', 0, '648707151', NULL, '2015-03-20 12:11:17', 208, 'OK');
INSERT INTO pay_log (pay_log_id, pay_type, amount, code, token_id, paid_at, payment_group_id, status) VALUES (301, 'save', 0, '784099174', NULL, '2015-03-20 12:12:28', 209, 'SAVE');
INSERT INTO pay_log (pay_log_id, pay_type, amount, code, token_id, paid_at, payment_group_id, status) VALUES (302, 'verify', 0, '784099174', NULL, '2015-03-20 12:12:28', 209, 'OK');
INSERT INTO pay_log (pay_log_id, pay_type, amount, code, token_id, paid_at, payment_group_id, status) VALUES (303, 'save', 0, '919491197', NULL, '2015-03-20 12:13:12', 210, 'SAVE');
INSERT INTO pay_log (pay_log_id, pay_type, amount, code, token_id, paid_at, payment_group_id, status) VALUES (304, 'verify', 0, '919491197', NULL, '2015-03-20 12:13:12', 210, 'OK');
INSERT INTO pay_log (pay_log_id, pay_type, amount, code, token_id, paid_at, payment_group_id, status) VALUES (305, 'save', 0, '154883220', NULL, '2015-03-20 12:14:31', 211, 'SAVE');
INSERT INTO pay_log (pay_log_id, pay_type, amount, code, token_id, paid_at, payment_group_id, status) VALUES (306, 'verify', 0, '154883220', NULL, '2015-03-20 12:14:31', 211, 'OK');
INSERT INTO pay_log (pay_log_id, pay_type, amount, code, token_id, paid_at, payment_group_id, status) VALUES (307, 'save', 0, '290275243', NULL, '2015-03-20 12:16:03', 212, 'SAVE');
INSERT INTO pay_log (pay_log_id, pay_type, amount, code, token_id, paid_at, payment_group_id, status) VALUES (308, 'verify', 0, '290275243', NULL, '2015-03-20 12:16:03', 212, 'OK');
SELECT pg_catalog.setval('pay_log_pay_log_id_seq', 308, true);
INSERT INTO pay_log_references (pay_log_id, ref_num, ref_type, reference) VALUES (213, 0, 'adphone', '962184762');
INSERT INTO pay_log_references (pay_log_id, ref_num, ref_type, reference) VALUES (213, 1, 'remote_addr', '10.0.1.198');
INSERT INTO pay_log_references (pay_log_id, ref_num, ref_type, reference) VALUES (214, 0, 'remote_addr', '10.0.1.198');
INSERT INTO pay_log_references (pay_log_id, ref_num, ref_type, reference) VALUES (215, 0, 'adphone', '962184762');
INSERT INTO pay_log_references (pay_log_id, ref_num, ref_type, reference) VALUES (215, 1, 'remote_addr', '10.0.1.198');
INSERT INTO pay_log_references (pay_log_id, ref_num, ref_type, reference) VALUES (216, 0, 'remote_addr', '10.0.1.198');
INSERT INTO pay_log_references (pay_log_id, ref_num, ref_type, reference) VALUES (217, 0, 'adphone', '962184762');
INSERT INTO pay_log_references (pay_log_id, ref_num, ref_type, reference) VALUES (217, 1, 'remote_addr', '10.0.1.198');
INSERT INTO pay_log_references (pay_log_id, ref_num, ref_type, reference) VALUES (218, 0, 'remote_addr', '10.0.1.198');
INSERT INTO pay_log_references (pay_log_id, ref_num, ref_type, reference) VALUES (219, 0, 'adphone', '962184762');
INSERT INTO pay_log_references (pay_log_id, ref_num, ref_type, reference) VALUES (219, 1, 'remote_addr', '10.0.1.198');
INSERT INTO pay_log_references (pay_log_id, ref_num, ref_type, reference) VALUES (220, 0, 'remote_addr', '10.0.1.198');
INSERT INTO pay_log_references (pay_log_id, ref_num, ref_type, reference) VALUES (221, 0, 'adphone', '962184762');
INSERT INTO pay_log_references (pay_log_id, ref_num, ref_type, reference) VALUES (221, 1, 'remote_addr', '10.0.1.198');
INSERT INTO pay_log_references (pay_log_id, ref_num, ref_type, reference) VALUES (222, 0, 'remote_addr', '10.0.1.198');
INSERT INTO pay_log_references (pay_log_id, ref_num, ref_type, reference) VALUES (223, 0, 'adphone', '962184762');
INSERT INTO pay_log_references (pay_log_id, ref_num, ref_type, reference) VALUES (223, 1, 'remote_addr', '10.0.1.198');
INSERT INTO pay_log_references (pay_log_id, ref_num, ref_type, reference) VALUES (224, 0, 'remote_addr', '10.0.1.198');
INSERT INTO pay_log_references (pay_log_id, ref_num, ref_type, reference) VALUES (225, 0, 'adphone', '962184762');
INSERT INTO pay_log_references (pay_log_id, ref_num, ref_type, reference) VALUES (225, 1, 'remote_addr', '10.0.1.198');
INSERT INTO pay_log_references (pay_log_id, ref_num, ref_type, reference) VALUES (226, 0, 'remote_addr', '10.0.1.198');
INSERT INTO pay_log_references (pay_log_id, ref_num, ref_type, reference) VALUES (227, 0, 'adphone', '962184762');
INSERT INTO pay_log_references (pay_log_id, ref_num, ref_type, reference) VALUES (227, 1, 'remote_addr', '10.0.1.198');
INSERT INTO pay_log_references (pay_log_id, ref_num, ref_type, reference) VALUES (228, 0, 'remote_addr', '10.0.1.198');
INSERT INTO pay_log_references (pay_log_id, ref_num, ref_type, reference) VALUES (229, 0, 'adphone', '962184762');
INSERT INTO pay_log_references (pay_log_id, ref_num, ref_type, reference) VALUES (229, 1, 'remote_addr', '10.0.1.198');
INSERT INTO pay_log_references (pay_log_id, ref_num, ref_type, reference) VALUES (230, 0, 'remote_addr', '10.0.1.198');
INSERT INTO pay_log_references (pay_log_id, ref_num, ref_type, reference) VALUES (231, 0, 'adphone', '962184762');
INSERT INTO pay_log_references (pay_log_id, ref_num, ref_type, reference) VALUES (231, 1, 'remote_addr', '10.0.1.198');
INSERT INTO pay_log_references (pay_log_id, ref_num, ref_type, reference) VALUES (232, 0, 'remote_addr', '10.0.1.198');
INSERT INTO pay_log_references (pay_log_id, ref_num, ref_type, reference) VALUES (233, 0, 'adphone', '962184762');
INSERT INTO pay_log_references (pay_log_id, ref_num, ref_type, reference) VALUES (233, 1, 'remote_addr', '10.0.1.198');
INSERT INTO pay_log_references (pay_log_id, ref_num, ref_type, reference) VALUES (234, 0, 'remote_addr', '10.0.1.198');
INSERT INTO pay_log_references (pay_log_id, ref_num, ref_type, reference) VALUES (235, 0, 'adphone', '962184762');
INSERT INTO pay_log_references (pay_log_id, ref_num, ref_type, reference) VALUES (235, 1, 'remote_addr', '10.0.1.198');
INSERT INTO pay_log_references (pay_log_id, ref_num, ref_type, reference) VALUES (236, 0, 'remote_addr', '10.0.1.198');
INSERT INTO pay_log_references (pay_log_id, ref_num, ref_type, reference) VALUES (237, 0, 'adphone', '962184762');
INSERT INTO pay_log_references (pay_log_id, ref_num, ref_type, reference) VALUES (237, 1, 'remote_addr', '10.0.1.198');
INSERT INTO pay_log_references (pay_log_id, ref_num, ref_type, reference) VALUES (238, 0, 'remote_addr', '10.0.1.198');
INSERT INTO pay_log_references (pay_log_id, ref_num, ref_type, reference) VALUES (239, 0, 'adphone', '962184762');
INSERT INTO pay_log_references (pay_log_id, ref_num, ref_type, reference) VALUES (239, 1, 'remote_addr', '10.0.1.198');
INSERT INTO pay_log_references (pay_log_id, ref_num, ref_type, reference) VALUES (240, 0, 'remote_addr', '10.0.1.198');
INSERT INTO pay_log_references (pay_log_id, ref_num, ref_type, reference) VALUES (241, 0, 'adphone', '962184762');
INSERT INTO pay_log_references (pay_log_id, ref_num, ref_type, reference) VALUES (241, 1, 'remote_addr', '10.0.1.198');
INSERT INTO pay_log_references (pay_log_id, ref_num, ref_type, reference) VALUES (242, 0, 'remote_addr', '10.0.1.198');
INSERT INTO pay_log_references (pay_log_id, ref_num, ref_type, reference) VALUES (243, 0, 'remote_addr', '10.0.1.198');
INSERT INTO pay_log_references (pay_log_id, ref_num, ref_type, reference) VALUES (244, 0, 'auth_code', '943507');
INSERT INTO pay_log_references (pay_log_id, ref_num, ref_type, reference) VALUES (244, 1, 'trans_date', '19/03/2015 17:37:58');
INSERT INTO pay_log_references (pay_log_id, ref_num, ref_type, reference) VALUES (244, 2, 'placements_type', 'VN');
INSERT INTO pay_log_references (pay_log_id, ref_num, ref_type, reference) VALUES (244, 3, 'placements_number', '1');
INSERT INTO pay_log_references (pay_log_id, ref_num, ref_type, reference) VALUES (244, 4, 'pay_type', 'credit');
INSERT INTO pay_log_references (pay_log_id, ref_num, ref_type, reference) VALUES (244, 5, 'external_response', '0');
INSERT INTO pay_log_references (pay_log_id, ref_num, ref_type, reference) VALUES (244, 6, 'external_id', '92565248679523126811');
INSERT INTO pay_log_references (pay_log_id, ref_num, ref_type, reference) VALUES (244, 7, 'remote_addr', '10.0.1.208');
INSERT INTO pay_log_references (pay_log_id, ref_num, ref_type, reference) VALUES (246, 0, 'adphone', '26437660');
INSERT INTO pay_log_references (pay_log_id, ref_num, ref_type, reference) VALUES (246, 1, 'remote_addr', '10.0.1.198');
INSERT INTO pay_log_references (pay_log_id, ref_num, ref_type, reference) VALUES (247, 0, 'remote_addr', '10.0.1.198');
INSERT INTO pay_log_references (pay_log_id, ref_num, ref_type, reference) VALUES (248, 0, 'adphone', '26437660');
INSERT INTO pay_log_references (pay_log_id, ref_num, ref_type, reference) VALUES (248, 1, 'remote_addr', '10.0.1.198');
INSERT INTO pay_log_references (pay_log_id, ref_num, ref_type, reference) VALUES (249, 0, 'remote_addr', '10.0.1.198');
INSERT INTO pay_log_references (pay_log_id, ref_num, ref_type, reference) VALUES (250, 0, 'adphone', '26437660');
INSERT INTO pay_log_references (pay_log_id, ref_num, ref_type, reference) VALUES (250, 1, 'remote_addr', '10.0.1.198');
INSERT INTO pay_log_references (pay_log_id, ref_num, ref_type, reference) VALUES (251, 0, 'remote_addr', '10.0.1.198');
INSERT INTO pay_log_references (pay_log_id, ref_num, ref_type, reference) VALUES (252, 0, 'remote_addr', '10.0.1.198');
INSERT INTO pay_log_references (pay_log_id, ref_num, ref_type, reference) VALUES (253, 0, 'auth_code', '547013');
INSERT INTO pay_log_references (pay_log_id, ref_num, ref_type, reference) VALUES (253, 1, 'trans_date', '19/03/2015 17:46:26');
INSERT INTO pay_log_references (pay_log_id, ref_num, ref_type, reference) VALUES (253, 2, 'placements_type', 'VN');
INSERT INTO pay_log_references (pay_log_id, ref_num, ref_type, reference) VALUES (253, 3, 'placements_number', '1');
INSERT INTO pay_log_references (pay_log_id, ref_num, ref_type, reference) VALUES (253, 4, 'pay_type', 'credit');
INSERT INTO pay_log_references (pay_log_id, ref_num, ref_type, reference) VALUES (253, 5, 'external_response', '0');
INSERT INTO pay_log_references (pay_log_id, ref_num, ref_type, reference) VALUES (253, 6, 'external_id', '49905363282534874033');
INSERT INTO pay_log_references (pay_log_id, ref_num, ref_type, reference) VALUES (253, 7, 'remote_addr', '10.0.1.208');
INSERT INTO pay_log_references (pay_log_id, ref_num, ref_type, reference) VALUES (255, 0, 'adphone', '26437660');
INSERT INTO pay_log_references (pay_log_id, ref_num, ref_type, reference) VALUES (255, 1, 'remote_addr', '10.0.1.198');
INSERT INTO pay_log_references (pay_log_id, ref_num, ref_type, reference) VALUES (256, 0, 'remote_addr', '10.0.1.198');
INSERT INTO pay_log_references (pay_log_id, ref_num, ref_type, reference) VALUES (257, 0, 'adphone', '26437660');
INSERT INTO pay_log_references (pay_log_id, ref_num, ref_type, reference) VALUES (257, 1, 'remote_addr', '10.0.1.198');
INSERT INTO pay_log_references (pay_log_id, ref_num, ref_type, reference) VALUES (258, 0, 'remote_addr', '10.0.1.198');
INSERT INTO pay_log_references (pay_log_id, ref_num, ref_type, reference) VALUES (259, 0, 'adphone', '26437660');
INSERT INTO pay_log_references (pay_log_id, ref_num, ref_type, reference) VALUES (259, 1, 'remote_addr', '10.0.1.198');
INSERT INTO pay_log_references (pay_log_id, ref_num, ref_type, reference) VALUES (260, 0, 'remote_addr', '10.0.1.198');
INSERT INTO pay_log_references (pay_log_id, ref_num, ref_type, reference) VALUES (261, 0, 'adphone', '26437660');
INSERT INTO pay_log_references (pay_log_id, ref_num, ref_type, reference) VALUES (261, 1, 'remote_addr', '10.0.1.198');
INSERT INTO pay_log_references (pay_log_id, ref_num, ref_type, reference) VALUES (262, 0, 'remote_addr', '10.0.1.198');
INSERT INTO pay_log_references (pay_log_id, ref_num, ref_type, reference) VALUES (263, 0, 'adphone', '26437660');
INSERT INTO pay_log_references (pay_log_id, ref_num, ref_type, reference) VALUES (263, 1, 'remote_addr', '10.0.1.198');
INSERT INTO pay_log_references (pay_log_id, ref_num, ref_type, reference) VALUES (264, 0, 'remote_addr', '10.0.1.198');
INSERT INTO pay_log_references (pay_log_id, ref_num, ref_type, reference) VALUES (265, 0, 'adphone', '26437660');
INSERT INTO pay_log_references (pay_log_id, ref_num, ref_type, reference) VALUES (265, 1, 'remote_addr', '10.0.1.198');
INSERT INTO pay_log_references (pay_log_id, ref_num, ref_type, reference) VALUES (266, 0, 'remote_addr', '10.0.1.198');
INSERT INTO pay_log_references (pay_log_id, ref_num, ref_type, reference) VALUES (267, 0, 'adphone', '26437660');
INSERT INTO pay_log_references (pay_log_id, ref_num, ref_type, reference) VALUES (267, 1, 'remote_addr', '10.0.1.198');
INSERT INTO pay_log_references (pay_log_id, ref_num, ref_type, reference) VALUES (268, 0, 'remote_addr', '10.0.1.198');
INSERT INTO pay_log_references (pay_log_id, ref_num, ref_type, reference) VALUES (269, 0, 'adphone', '26437660');
INSERT INTO pay_log_references (pay_log_id, ref_num, ref_type, reference) VALUES (269, 1, 'remote_addr', '10.0.1.198');
INSERT INTO pay_log_references (pay_log_id, ref_num, ref_type, reference) VALUES (270, 0, 'remote_addr', '10.0.1.198');
INSERT INTO pay_log_references (pay_log_id, ref_num, ref_type, reference) VALUES (271, 0, 'adphone', '26437660');
INSERT INTO pay_log_references (pay_log_id, ref_num, ref_type, reference) VALUES (271, 1, 'remote_addr', '10.0.1.198');
INSERT INTO pay_log_references (pay_log_id, ref_num, ref_type, reference) VALUES (272, 0, 'remote_addr', '10.0.1.198');
INSERT INTO pay_log_references (pay_log_id, ref_num, ref_type, reference) VALUES (273, 0, 'adphone', '26437660');
INSERT INTO pay_log_references (pay_log_id, ref_num, ref_type, reference) VALUES (273, 1, 'remote_addr', '10.0.1.198');
INSERT INTO pay_log_references (pay_log_id, ref_num, ref_type, reference) VALUES (274, 0, 'remote_addr', '10.0.1.198');
INSERT INTO pay_log_references (pay_log_id, ref_num, ref_type, reference) VALUES (275, 0, 'adphone', '26437660');
INSERT INTO pay_log_references (pay_log_id, ref_num, ref_type, reference) VALUES (275, 1, 'remote_addr', '10.0.1.198');
INSERT INTO pay_log_references (pay_log_id, ref_num, ref_type, reference) VALUES (276, 0, 'remote_addr', '10.0.1.198');
INSERT INTO pay_log_references (pay_log_id, ref_num, ref_type, reference) VALUES (277, 0, 'adphone', '585555');
INSERT INTO pay_log_references (pay_log_id, ref_num, ref_type, reference) VALUES (277, 1, 'remote_addr', '10.0.1.198');
INSERT INTO pay_log_references (pay_log_id, ref_num, ref_type, reference) VALUES (278, 0, 'remote_addr', '10.0.1.198');
INSERT INTO pay_log_references (pay_log_id, ref_num, ref_type, reference) VALUES (279, 0, 'adphone', '585555');
INSERT INTO pay_log_references (pay_log_id, ref_num, ref_type, reference) VALUES (279, 1, 'remote_addr', '10.0.1.198');
INSERT INTO pay_log_references (pay_log_id, ref_num, ref_type, reference) VALUES (280, 0, 'remote_addr', '10.0.1.198');
INSERT INTO pay_log_references (pay_log_id, ref_num, ref_type, reference) VALUES (281, 0, 'adphone', '585555');
INSERT INTO pay_log_references (pay_log_id, ref_num, ref_type, reference) VALUES (281, 1, 'remote_addr', '10.0.1.198');
INSERT INTO pay_log_references (pay_log_id, ref_num, ref_type, reference) VALUES (282, 0, 'remote_addr', '10.0.1.198');
INSERT INTO pay_log_references (pay_log_id, ref_num, ref_type, reference) VALUES (283, 0, 'adphone', '585555');
INSERT INTO pay_log_references (pay_log_id, ref_num, ref_type, reference) VALUES (283, 1, 'remote_addr', '10.0.1.198');
INSERT INTO pay_log_references (pay_log_id, ref_num, ref_type, reference) VALUES (284, 0, 'remote_addr', '10.0.1.198');
INSERT INTO pay_log_references (pay_log_id, ref_num, ref_type, reference) VALUES (285, 0, 'adphone', '585555');
INSERT INTO pay_log_references (pay_log_id, ref_num, ref_type, reference) VALUES (285, 1, 'remote_addr', '10.0.1.198');
INSERT INTO pay_log_references (pay_log_id, ref_num, ref_type, reference) VALUES (286, 0, 'remote_addr', '10.0.1.198');
INSERT INTO pay_log_references (pay_log_id, ref_num, ref_type, reference) VALUES (287, 0, 'adphone', '585555');
INSERT INTO pay_log_references (pay_log_id, ref_num, ref_type, reference) VALUES (287, 1, 'remote_addr', '10.0.1.198');
INSERT INTO pay_log_references (pay_log_id, ref_num, ref_type, reference) VALUES (288, 0, 'remote_addr', '10.0.1.198');
INSERT INTO pay_log_references (pay_log_id, ref_num, ref_type, reference) VALUES (289, 0, 'adphone', '585555');
INSERT INTO pay_log_references (pay_log_id, ref_num, ref_type, reference) VALUES (289, 1, 'remote_addr', '10.0.1.198');
INSERT INTO pay_log_references (pay_log_id, ref_num, ref_type, reference) VALUES (290, 0, 'remote_addr', '10.0.1.198');
INSERT INTO pay_log_references (pay_log_id, ref_num, ref_type, reference) VALUES (291, 0, 'adphone', '585555');
INSERT INTO pay_log_references (pay_log_id, ref_num, ref_type, reference) VALUES (291, 1, 'remote_addr', '10.0.1.198');
INSERT INTO pay_log_references (pay_log_id, ref_num, ref_type, reference) VALUES (292, 0, 'remote_addr', '10.0.1.198');
INSERT INTO pay_log_references (pay_log_id, ref_num, ref_type, reference) VALUES (293, 0, 'adphone', '585555');
INSERT INTO pay_log_references (pay_log_id, ref_num, ref_type, reference) VALUES (293, 1, 'remote_addr', '10.0.1.198');
INSERT INTO pay_log_references (pay_log_id, ref_num, ref_type, reference) VALUES (294, 0, 'remote_addr', '10.0.1.198');
INSERT INTO pay_log_references (pay_log_id, ref_num, ref_type, reference) VALUES (295, 0, 'adphone', '585555');
INSERT INTO pay_log_references (pay_log_id, ref_num, ref_type, reference) VALUES (295, 1, 'remote_addr', '10.0.1.198');
INSERT INTO pay_log_references (pay_log_id, ref_num, ref_type, reference) VALUES (296, 0, 'remote_addr', '10.0.1.198');
INSERT INTO pay_log_references (pay_log_id, ref_num, ref_type, reference) VALUES (297, 0, 'adphone', '585555');
INSERT INTO pay_log_references (pay_log_id, ref_num, ref_type, reference) VALUES (297, 1, 'remote_addr', '10.0.1.198');
INSERT INTO pay_log_references (pay_log_id, ref_num, ref_type, reference) VALUES (298, 0, 'remote_addr', '10.0.1.198');
INSERT INTO pay_log_references (pay_log_id, ref_num, ref_type, reference) VALUES (299, 0, 'adphone', '585555');
INSERT INTO pay_log_references (pay_log_id, ref_num, ref_type, reference) VALUES (299, 1, 'remote_addr', '10.0.1.198');
INSERT INTO pay_log_references (pay_log_id, ref_num, ref_type, reference) VALUES (300, 0, 'remote_addr', '10.0.1.198');
INSERT INTO pay_log_references (pay_log_id, ref_num, ref_type, reference) VALUES (301, 0, 'adphone', '585555');
INSERT INTO pay_log_references (pay_log_id, ref_num, ref_type, reference) VALUES (301, 1, 'remote_addr', '10.0.1.198');
INSERT INTO pay_log_references (pay_log_id, ref_num, ref_type, reference) VALUES (302, 0, 'remote_addr', '10.0.1.198');
INSERT INTO pay_log_references (pay_log_id, ref_num, ref_type, reference) VALUES (303, 0, 'adphone', '585555');
INSERT INTO pay_log_references (pay_log_id, ref_num, ref_type, reference) VALUES (303, 1, 'remote_addr', '10.0.1.198');
INSERT INTO pay_log_references (pay_log_id, ref_num, ref_type, reference) VALUES (304, 0, 'remote_addr', '10.0.1.198');
INSERT INTO pay_log_references (pay_log_id, ref_num, ref_type, reference) VALUES (305, 0, 'adphone', '585555');
INSERT INTO pay_log_references (pay_log_id, ref_num, ref_type, reference) VALUES (305, 1, 'remote_addr', '10.0.1.198');
INSERT INTO pay_log_references (pay_log_id, ref_num, ref_type, reference) VALUES (306, 0, 'remote_addr', '10.0.1.198');
INSERT INTO pay_log_references (pay_log_id, ref_num, ref_type, reference) VALUES (307, 0, 'adphone', '585555');
INSERT INTO pay_log_references (pay_log_id, ref_num, ref_type, reference) VALUES (307, 1, 'remote_addr', '10.0.1.198');
INSERT INTO pay_log_references (pay_log_id, ref_num, ref_type, reference) VALUES (308, 0, 'remote_addr', '10.0.1.198');
SELECT pg_catalog.setval('payment_groups_payment_group_id_seq', 212, true);
INSERT INTO payments (payment_group_id, payment_type, pay_amount, discount) VALUES (166, 'ad_action', 0, 0);
INSERT INTO payments (payment_group_id, payment_type, pay_amount, discount) VALUES (167, 'ad_action', 0, 0);
INSERT INTO payments (payment_group_id, payment_type, pay_amount, discount) VALUES (168, 'ad_action', 0, 0);
INSERT INTO payments (payment_group_id, payment_type, pay_amount, discount) VALUES (169, 'ad_action', 0, 0);
INSERT INTO payments (payment_group_id, payment_type, pay_amount, discount) VALUES (170, 'ad_action', 0, 0);
INSERT INTO payments (payment_group_id, payment_type, pay_amount, discount) VALUES (171, 'ad_action', 0, 0);
INSERT INTO payments (payment_group_id, payment_type, pay_amount, discount) VALUES (172, 'ad_action', 0, 0);
INSERT INTO payments (payment_group_id, payment_type, pay_amount, discount) VALUES (173, 'ad_action', 0, 0);
INSERT INTO payments (payment_group_id, payment_type, pay_amount, discount) VALUES (174, 'ad_action', 0, 0);
INSERT INTO payments (payment_group_id, payment_type, pay_amount, discount) VALUES (175, 'ad_action', 0, 0);
INSERT INTO payments (payment_group_id, payment_type, pay_amount, discount) VALUES (176, 'ad_action', 0, 0);
INSERT INTO payments (payment_group_id, payment_type, pay_amount, discount) VALUES (177, 'ad_action', 0, 0);
INSERT INTO payments (payment_group_id, payment_type, pay_amount, discount) VALUES (178, 'ad_action', 0, 0);
INSERT INTO payments (payment_group_id, payment_type, pay_amount, discount) VALUES (179, 'ad_action', 0, 0);
INSERT INTO payments (payment_group_id, payment_type, pay_amount, discount) VALUES (180, 'ad_action', 0, 0);
INSERT INTO payments (payment_group_id, payment_type, pay_amount, discount) VALUES (181, 'PCAR_010_1', 23000, 0);
INSERT INTO payments (payment_group_id, payment_type, pay_amount, discount) VALUES (182, 'ad_action', 0, 0);
INSERT INTO payments (payment_group_id, payment_type, pay_amount, discount) VALUES (183, 'ad_action', 0, 0);
INSERT INTO payments (payment_group_id, payment_type, pay_amount, discount) VALUES (184, 'ad_action', 0, 0);
INSERT INTO payments (payment_group_id, payment_type, pay_amount, discount) VALUES (185, 'PCAR_010_1', 23000, 0);
INSERT INTO payments (payment_group_id, payment_type, pay_amount, discount) VALUES (186, 'ad_action', 0, 0);
INSERT INTO payments (payment_group_id, payment_type, pay_amount, discount) VALUES (187, 'ad_action', 0, 0);
INSERT INTO payments (payment_group_id, payment_type, pay_amount, discount) VALUES (188, 'ad_action', 0, 0);
INSERT INTO payments (payment_group_id, payment_type, pay_amount, discount) VALUES (189, 'ad_action', 0, 0);
INSERT INTO payments (payment_group_id, payment_type, pay_amount, discount) VALUES (190, 'ad_action', 0, 0);
INSERT INTO payments (payment_group_id, payment_type, pay_amount, discount) VALUES (191, 'ad_action', 0, 0);
INSERT INTO payments (payment_group_id, payment_type, pay_amount, discount) VALUES (192, 'ad_action', 0, 0);
INSERT INTO payments (payment_group_id, payment_type, pay_amount, discount) VALUES (193, 'ad_action', 0, 0);
INSERT INTO payments (payment_group_id, payment_type, pay_amount, discount) VALUES (194, 'ad_action', 0, 0);
INSERT INTO payments (payment_group_id, payment_type, pay_amount, discount) VALUES (195, 'ad_action', 0, 0);
INSERT INTO payments (payment_group_id, payment_type, pay_amount, discount) VALUES (196, 'ad_action', 0, 0);
INSERT INTO payments (payment_group_id, payment_type, pay_amount, discount) VALUES (197, 'ad_action', 0, 0);
INSERT INTO payments (payment_group_id, payment_type, pay_amount, discount) VALUES (198, 'ad_action', 0, 0);
INSERT INTO payments (payment_group_id, payment_type, pay_amount, discount) VALUES (199, 'ad_action', 0, 0);
INSERT INTO payments (payment_group_id, payment_type, pay_amount, discount) VALUES (200, 'ad_action', 0, 0);
INSERT INTO payments (payment_group_id, payment_type, pay_amount, discount) VALUES (201, 'ad_action', 0, 0);
INSERT INTO payments (payment_group_id, payment_type, pay_amount, discount) VALUES (202, 'ad_action', 0, 0);
INSERT INTO payments (payment_group_id, payment_type, pay_amount, discount) VALUES (203, 'ad_action', 0, 0);
INSERT INTO payments (payment_group_id, payment_type, pay_amount, discount) VALUES (204, 'ad_action', 0, 0);
INSERT INTO payments (payment_group_id, payment_type, pay_amount, discount) VALUES (205, 'ad_action', 0, 0);
INSERT INTO payments (payment_group_id, payment_type, pay_amount, discount) VALUES (206, 'ad_action', 0, 0);
INSERT INTO payments (payment_group_id, payment_type, pay_amount, discount) VALUES (207, 'ad_action', 0, 0);
INSERT INTO payments (payment_group_id, payment_type, pay_amount, discount) VALUES (208, 'ad_action', 0, 0);
INSERT INTO payments (payment_group_id, payment_type, pay_amount, discount) VALUES (209, 'ad_action', 0, 0);
INSERT INTO payments (payment_group_id, payment_type, pay_amount, discount) VALUES (210, 'ad_action', 0, 0);
INSERT INTO payments (payment_group_id, payment_type, pay_amount, discount) VALUES (211, 'ad_action', 0, 0);
INSERT INTO payments (payment_group_id, payment_type, pay_amount, discount) VALUES (212, 'ad_action', 0, 0);
INSERT INTO purchase (purchase_id, doc_type, doc_num, external_doc_id, status, receipt, delivery, rut, name, lob, address, region, communes, contact, email, tax, discount, seller_id, total_price, payment_group_id, payment_method, account_id) VALUES (2, 'bill', NULL, NULL, 'paid', '2015-03-19 17:37:55.374233', NULL, NULL, NULL, NULL, NULL, NULL, NULL, NULL, 'enabled_disabled_normal_ads@yapo.cl', 0, 0, NULL, 23000, 181, 'webpay', 8);
INSERT INTO purchase (purchase_id, doc_type, doc_num, external_doc_id, status, receipt, delivery, rut, name, lob, address, region, communes, contact, email, tax, discount, seller_id, total_price, payment_group_id, payment_method, account_id) VALUES (3, 'bill', NULL, NULL, 'paid', '2015-03-19 17:46:24.863685', NULL, NULL, NULL, NULL, NULL, NULL, NULL, NULL, 'active_ads_expired_pack@yapo.cl', 0, 0, NULL, 23000, 185, 'webpay', 9);
INSERT INTO purchase_detail (purchase_detail_id, purchase_id, product_id, price, action_id, ad_id, payment_group_id) VALUES (2, 2, 11010, 23000, NULL, NULL, 181);
INSERT INTO purchase_detail (purchase_detail_id, purchase_id, product_id, price, action_id, ad_id, payment_group_id) VALUES (3, 3, 11010, 23000, NULL, NULL, 185);
SELECT pg_catalog.setval('purchase_detail_purchase_detail_id_seq', 3, true);
SELECT pg_catalog.setval('purchase_purchase_id_seq', 3, true);
INSERT INTO purchase_states (purchase_id, purchase_state_id, status, "timestamp", remote_addr) VALUES (2, 1, 'pending', '2015-03-19 17:37:55.374233', '10.0.1.198');
INSERT INTO purchase_states (purchase_id, purchase_state_id, status, "timestamp", remote_addr) VALUES (3, 2, 'pending', '2015-03-19 17:46:24.863685', '10.0.1.198');
SELECT pg_catalog.setval('purchase_states_purchase_state_id_seq', 2, true);
INSERT INTO review_log (ad_id, action_id, admin_id, review_time, queue, action_type, action, refusal_reason_text, category) VALUES (127, 1, 9, '2015-03-19 17:08:46.957642', 'all', 'new', 'accepted', NULL, 2020);
INSERT INTO review_log (ad_id, action_id, admin_id, review_time, queue, action_type, action, refusal_reason_text, category) VALUES (126, 1, 9, '2015-03-19 17:08:50.358346', 'all', 'new', 'accepted', NULL, 2020);
INSERT INTO review_log (ad_id, action_id, admin_id, review_time, queue, action_type, action, refusal_reason_text, category) VALUES (153, 1, 9, '2015-03-20 11:19:32.103221', 'all', 'new', 'accepted', NULL, 2020);
INSERT INTO review_log (ad_id, action_id, admin_id, review_time, queue, action_type, action, refusal_reason_text, category) VALUES (152, 1, 9, '2015-03-20 11:19:37.952846', 'all', 'new', 'accepted', NULL, 2020);
INSERT INTO review_log (ad_id, action_id, admin_id, review_time, queue, action_type, action, refusal_reason_text, category) VALUES (151, 1, 9, '2015-03-20 11:19:42.106581', 'all', 'new', 'accepted', NULL, 2020);
INSERT INTO review_log (ad_id, action_id, admin_id, review_time, queue, action_type, action, refusal_reason_text, category) VALUES (150, 1, 9, '2015-03-20 11:19:48.248972', 'all', 'new', 'accepted', NULL, 2020);
INSERT INTO review_log (ad_id, action_id, admin_id, review_time, queue, action_type, action, refusal_reason_text, category) VALUES (149, 1, 9, '2015-03-20 11:19:53.363164', 'all', 'new', 'accepted', NULL, 2020);
INSERT INTO review_log (ad_id, action_id, admin_id, review_time, queue, action_type, action, refusal_reason_text, category) VALUES (155, 1, 9, '2015-03-20 12:00:25.685265', 'all', 'new', 'accepted', NULL, 2020);
INSERT INTO state_params (ad_id, action_id, state_id, name, value) VALUES (126, 1, 700, 'queue', 'normal');
INSERT INTO state_params (ad_id, action_id, state_id, name, value) VALUES (127, 1, 703, 'queue', 'normal');
INSERT INTO state_params (ad_id, action_id, state_id, name, value) VALUES (127, 1, 704, 'filter_name', 'all');
INSERT INTO state_params (ad_id, action_id, state_id, name, value) VALUES (126, 1, 705, 'filter_name', 'all');
INSERT INTO state_params (ad_id, action_id, state_id, name, value) VALUES (128, 1, 708, 'queue', 'pack');
INSERT INTO state_params (ad_id, action_id, state_id, name, value) VALUES (128, 1, 709, 'filter_name', 'pack');
INSERT INTO state_params (ad_id, action_id, state_id, name, value) VALUES (129, 1, 712, 'queue', 'pack');
INSERT INTO state_params (ad_id, action_id, state_id, name, value) VALUES (129, 1, 713, 'filter_name', 'pack');
INSERT INTO state_params (ad_id, action_id, state_id, name, value) VALUES (130, 1, 716, 'queue', 'pack');
INSERT INTO state_params (ad_id, action_id, state_id, name, value) VALUES (130, 1, 717, 'filter_name', 'pack');
INSERT INTO state_params (ad_id, action_id, state_id, name, value) VALUES (131, 1, 720, 'queue', 'pack');
INSERT INTO state_params (ad_id, action_id, state_id, name, value) VALUES (131, 1, 721, 'filter_name', 'pack');
INSERT INTO state_params (ad_id, action_id, state_id, name, value) VALUES (132, 1, 724, 'queue', 'pack');
INSERT INTO state_params (ad_id, action_id, state_id, name, value) VALUES (132, 1, 725, 'filter_name', 'pack');
INSERT INTO state_params (ad_id, action_id, state_id, name, value) VALUES (133, 1, 728, 'queue', 'pack');
INSERT INTO state_params (ad_id, action_id, state_id, name, value) VALUES (133, 1, 729, 'filter_name', 'pack');
INSERT INTO state_params (ad_id, action_id, state_id, name, value) VALUES (134, 1, 732, 'queue', 'pack');
INSERT INTO state_params (ad_id, action_id, state_id, name, value) VALUES (134, 1, 733, 'filter_name', 'pack');
INSERT INTO state_params (ad_id, action_id, state_id, name, value) VALUES (135, 1, 736, 'queue', 'pack');
INSERT INTO state_params (ad_id, action_id, state_id, name, value) VALUES (135, 1, 737, 'filter_name', 'pack');
INSERT INTO state_params (ad_id, action_id, state_id, name, value) VALUES (136, 1, 740, 'queue', 'pack');
INSERT INTO state_params (ad_id, action_id, state_id, name, value) VALUES (136, 1, 741, 'filter_name', 'pack');
INSERT INTO state_params (ad_id, action_id, state_id, name, value) VALUES (137, 1, 744, 'queue', 'pack');
INSERT INTO state_params (ad_id, action_id, state_id, name, value) VALUES (137, 1, 745, 'filter_name', 'pack');
INSERT INTO state_params (ad_id, action_id, state_id, name, value) VALUES (138, 1, 748, 'queue', 'pack');
INSERT INTO state_params (ad_id, action_id, state_id, name, value) VALUES (138, 1, 749, 'filter_name', 'pack');
INSERT INTO state_params (ad_id, action_id, state_id, name, value) VALUES (139, 1, 752, 'queue', 'pack');
INSERT INTO state_params (ad_id, action_id, state_id, name, value) VALUES (139, 1, 753, 'filter_name', 'pack');
INSERT INTO state_params (ad_id, action_id, state_id, name, value) VALUES (140, 1, 756, 'queue', 'pack');
INSERT INTO state_params (ad_id, action_id, state_id, name, value) VALUES (140, 1, 757, 'filter_name', 'pack');
INSERT INTO state_params (ad_id, action_id, state_id, name, value) VALUES (141, 1, 780, 'queue', 'pack');
INSERT INTO state_params (ad_id, action_id, state_id, name, value) VALUES (141, 1, 781, 'filter_name', 'pack');
INSERT INTO state_params (ad_id, action_id, state_id, name, value) VALUES (142, 1, 784, 'queue', 'pack');
INSERT INTO state_params (ad_id, action_id, state_id, name, value) VALUES (142, 1, 785, 'filter_name', 'pack');
INSERT INTO state_params (ad_id, action_id, state_id, name, value) VALUES (143, 1, 788, 'queue', 'pack');
INSERT INTO state_params (ad_id, action_id, state_id, name, value) VALUES (143, 1, 789, 'filter_name', 'pack');
INSERT INTO state_params (ad_id, action_id, state_id, name, value) VALUES (144, 1, 798, 'queue', 'pack');
INSERT INTO state_params (ad_id, action_id, state_id, name, value) VALUES (144, 1, 799, 'filter_name', 'pack');
INSERT INTO state_params (ad_id, action_id, state_id, name, value) VALUES (145, 1, 802, 'queue', 'pack');
INSERT INTO state_params (ad_id, action_id, state_id, name, value) VALUES (145, 1, 803, 'filter_name', 'pack');
INSERT INTO state_params (ad_id, action_id, state_id, name, value) VALUES (146, 1, 806, 'queue', 'pack');
INSERT INTO state_params (ad_id, action_id, state_id, name, value) VALUES (146, 1, 807, 'filter_name', 'pack');
INSERT INTO state_params (ad_id, action_id, state_id, name, value) VALUES (147, 1, 810, 'queue', 'pack');
INSERT INTO state_params (ad_id, action_id, state_id, name, value) VALUES (147, 1, 811, 'filter_name', 'pack');
INSERT INTO state_params (ad_id, action_id, state_id, name, value) VALUES (148, 1, 814, 'queue', 'pack');
INSERT INTO state_params (ad_id, action_id, state_id, name, value) VALUES (148, 1, 815, 'filter_name', 'pack');
INSERT INTO state_params (ad_id, action_id, state_id, name, value) VALUES (149, 1, 818, 'queue', 'normal');
INSERT INTO state_params (ad_id, action_id, state_id, name, value) VALUES (150, 1, 821, 'queue', 'normal');
INSERT INTO state_params (ad_id, action_id, state_id, name, value) VALUES (151, 1, 824, 'queue', 'normal');
INSERT INTO state_params (ad_id, action_id, state_id, name, value) VALUES (152, 1, 827, 'queue', 'normal');
INSERT INTO state_params (ad_id, action_id, state_id, name, value) VALUES (153, 1, 830, 'queue', 'normal');
INSERT INTO state_params (ad_id, action_id, state_id, name, value) VALUES (153, 1, 831, 'filter_name', 'all');
INSERT INTO state_params (ad_id, action_id, state_id, name, value) VALUES (152, 1, 832, 'filter_name', 'all');
INSERT INTO state_params (ad_id, action_id, state_id, name, value) VALUES (151, 1, 833, 'filter_name', 'all');
INSERT INTO state_params (ad_id, action_id, state_id, name, value) VALUES (150, 1, 834, 'filter_name', 'all');
INSERT INTO state_params (ad_id, action_id, state_id, name, value) VALUES (149, 1, 835, 'filter_name', 'all');
INSERT INTO state_params (ad_id, action_id, state_id, name, value) VALUES (154, 1, 838, 'queue', 'normal');
INSERT INTO state_params (ad_id, action_id, state_id, name, value) VALUES (155, 1, 841, 'queue', 'pack');
INSERT INTO state_params (ad_id, action_id, state_id, name, value) VALUES (155, 1, 842, 'filter_name', 'all');
INSERT INTO state_params (ad_id, action_id, state_id, name, value) VALUES (156, 1, 845, 'queue', 'pack');
INSERT INTO state_params (ad_id, action_id, state_id, name, value) VALUES (156, 1, 846, 'filter_name', 'pack');
INSERT INTO state_params (ad_id, action_id, state_id, name, value) VALUES (157, 1, 849, 'queue', 'pack');
INSERT INTO state_params (ad_id, action_id, state_id, name, value) VALUES (157, 1, 850, 'filter_name', 'pack');
INSERT INTO state_params (ad_id, action_id, state_id, name, value) VALUES (158, 1, 853, 'queue', 'pack');
INSERT INTO state_params (ad_id, action_id, state_id, name, value) VALUES (158, 1, 854, 'filter_name', 'pack');
INSERT INTO state_params (ad_id, action_id, state_id, name, value) VALUES (159, 1, 857, 'queue', 'pack');
INSERT INTO state_params (ad_id, action_id, state_id, name, value) VALUES (159, 1, 858, 'filter_name', 'pack');
INSERT INTO state_params (ad_id, action_id, state_id, name, value) VALUES (160, 1, 861, 'queue', 'pack');
INSERT INTO state_params (ad_id, action_id, state_id, name, value) VALUES (160, 1, 862, 'filter_name', 'pack');
INSERT INTO state_params (ad_id, action_id, state_id, name, value) VALUES (161, 1, 865, 'queue', 'pack');
INSERT INTO state_params (ad_id, action_id, state_id, name, value) VALUES (161, 1, 866, 'filter_name', 'pack');
INSERT INTO state_params (ad_id, action_id, state_id, name, value) VALUES (162, 1, 869, 'queue', 'pack');
INSERT INTO state_params (ad_id, action_id, state_id, name, value) VALUES (162, 1, 870, 'filter_name', 'pack');
INSERT INTO state_params (ad_id, action_id, state_id, name, value) VALUES (163, 1, 873, 'queue', 'pack');
INSERT INTO state_params (ad_id, action_id, state_id, name, value) VALUES (163, 1, 874, 'filter_name', 'pack');
INSERT INTO state_params (ad_id, action_id, state_id, name, value) VALUES (164, 1, 877, 'queue', 'pack');
INSERT INTO state_params (ad_id, action_id, state_id, name, value) VALUES (164, 1, 878, 'filter_name', 'pack');
INSERT INTO state_params (ad_id, action_id, state_id, name, value) VALUES (165, 1, 881, 'queue', 'pack');
INSERT INTO state_params (ad_id, action_id, state_id, name, value) VALUES (165, 1, 882, 'filter_name', 'pack');
INSERT INTO state_params (ad_id, action_id, state_id, name, value) VALUES (166, 1, 885, 'queue', 'pack');
INSERT INTO state_params (ad_id, action_id, state_id, name, value) VALUES (166, 1, 886, 'filter_name', 'pack');
INSERT INTO state_params (ad_id, action_id, state_id, name, value) VALUES (167, 1, 889, 'queue', 'pack');
INSERT INTO state_params (ad_id, action_id, state_id, name, value) VALUES (167, 1, 890, 'filter_name', 'pack');
INSERT INTO state_params (ad_id, action_id, state_id, name, value) VALUES (168, 1, 893, 'queue', 'pack');
INSERT INTO state_params (ad_id, action_id, state_id, name, value) VALUES (168, 1, 894, 'filter_name', 'pack');
INSERT INTO state_params (ad_id, action_id, state_id, name, value) VALUES (169, 1, 897, 'queue', 'pack');
INSERT INTO state_params (ad_id, action_id, state_id, name, value) VALUES (169, 1, 898, 'filter_name', 'pack');
INSERT INTO state_params (ad_id, action_id, state_id, name, value) VALUES (170, 1, 901, 'queue', 'pack');
INSERT INTO state_params (ad_id, action_id, state_id, name, value) VALUES (170, 1, 902, 'filter_name', 'pack');
SELECT pg_catalog.setval('tokens_token_id_seq', 838, true);
SELECT pg_catalog.setval('trans_queue_id_seq', 173, true);
INSERT INTO user_params (user_id, name, value) VALUES (59, 'first_approved_ad', '2015-03-19 17:08:46.957642-03');
INSERT INTO user_params (user_id, name, value) VALUES (60, 'first_approved_ad', '2015-03-19 17:44:40.079325-03');
INSERT INTO user_params (user_id, name, value) VALUES (61, 'first_approved_ad', '2015-03-19 17:50:40.16187-03');
INSERT INTO user_params (user_id, name, value) VALUES (62, 'first_approved_ad', '2015-03-20 11:19:32.103221-03');
INSERT INTO user_params (user_id, name, value) VALUES (63, 'first_approved_ad', '2015-03-20 12:00:25.685265-03');
INSERT INTO user_params (user_id, name, value) VALUES (59, 'first_inserted_ad', '2015-03-19 17:08:46.957642-03');
INSERT INTO user_params (user_id, name, value) VALUES (60, 'first_inserted_ad', '2015-03-19 17:44:40.079325-03');
INSERT INTO user_params (user_id, name, value) VALUES (61, 'first_inserted_ad', '2015-03-19 17:50:40.16187-03');
INSERT INTO user_params (user_id, name, value) VALUES (62, 'first_inserted_ad', '2015-03-20 11:19:32.103221-03');
INSERT INTO user_params (user_id, name, value) VALUES (63, 'first_inserted_ad', '2015-03-20 12:00:25.685265-03');
SELECT pg_catalog.setval('users_user_id_seq', 63, true);
INSERT INTO ad_params VALUES (138, 'communes', '330');
INSERT INTO ad_params VALUES (127, 'communes', '300');
INSERT INTO ad_params VALUES (126, 'communes', '314');
INSERT INTO ad_params VALUES (128, 'communes', '345');
INSERT INTO ad_params VALUES (129, 'communes', '337');
INSERT INTO ad_params VALUES (130, 'communes', '324');
INSERT INTO ad_params VALUES (137, 'communes', '308');
INSERT INTO ad_params VALUES (136, 'communes', '313');
INSERT INTO ad_params VALUES (140, 'communes', '304');
INSERT INTO ad_params VALUES (139, 'communes', '344');
INSERT INTO ad_params VALUES (135, 'communes', '331');
INSERT INTO ad_params VALUES (134, 'communes', '312');
INSERT INTO ad_params VALUES (133, 'communes', '304');
INSERT INTO ad_params VALUES (132, 'communes', '326');
INSERT INTO ad_params VALUES (131, 'communes', '339');
INSERT INTO ad_params VALUES (157, 'communes', '308');
INSERT INTO ad_params VALUES (143, 'communes', '318');
INSERT INTO ad_params VALUES (153, 'communes', '307');
INSERT INTO ad_params VALUES (142, 'communes', '314');
INSERT INTO ad_params VALUES (141, 'communes', '303');
INSERT INTO ad_params VALUES (152, 'communes', '344');
INSERT INTO ad_params VALUES (144, 'communes', '312');
INSERT INTO ad_params VALUES (165, 'communes', '302');
INSERT INTO ad_params VALUES (145, 'communes', '314');
INSERT INTO ad_params VALUES (151, 'communes', '314');
INSERT INTO ad_params VALUES (146, 'communes', '301');
INSERT INTO ad_params VALUES (158, 'communes', '330');
INSERT INTO ad_params VALUES (147, 'communes', '307');
INSERT INTO ad_params VALUES (150, 'communes', '343');
INSERT INTO ad_params VALUES (148, 'communes', '316');
INSERT INTO ad_params VALUES (149, 'communes', '332');
INSERT INTO ad_params VALUES (154, 'communes', '326');
INSERT INTO ad_params VALUES (162, 'communes', '305');
INSERT INTO ad_params VALUES (155, 'communes', '313');
INSERT INTO ad_params VALUES (159, 'communes', '313');
INSERT INTO ad_params VALUES (156, 'communes', '314');
INSERT INTO ad_params VALUES (160, 'communes', '344');
INSERT INTO ad_params VALUES (163, 'communes', '329');
INSERT INTO ad_params VALUES (161, 'communes', '336');
INSERT INTO ad_params VALUES (168, 'communes', '297');
INSERT INTO ad_params VALUES (164, 'communes', '303');

--Change all passwords to 123123123
update ads set salted_passwd =  E'$1024$2y1bQ}VYRD}zF4QCbf07a971b784888658a20e62156de64dfde5ffb6', passwd = null;
update accounts set salted_passwd =  E'$1024$2y1bQ}VYRD}zF4QCbf07a971b784888658a20e62156de64dfde5ffb6';
