
-- les types

insert into TYPES (idT, nomType) values
	(1,'Ecole'),
	(2,'Mairie'),
	(3,'Association'),
	(4,'Particulier');


-- les salles

insert into SALLE (idS, nomS, capacite) values
	(1,'Salle des fêtes', 1500),
	(2,'Salle Info', 150),
	(3,'Salle du conseil', 500),
	(4,'Salle des écureuils', 250);


-- les occupants

insert into OCCUPANT (idO, nomO, caracteristique, idT) values
	(1,'Ménage', '', 2),
	(2,'Ecole classe', '', 1),
	(3,'Ping Pong','', 3),
	(4,'Acceuil Periscolaire', '', 3),
    (5,'Initiation Info', '', 1),
	(6,'Yoga', '', 3),
	(7,'Tennis', '', 3),
    (8,'Volley', '', 3),
    (9,'Théatre', '', 3),
    (10,'Mariage Dupond/Dubois', '', 4),
    (11,'Conseil municipal', '', 2);


-- les dates 

insert into DATES (idDate, dates) values
	(1,("2022-05-09")),
	(2,("2022-05-10")),
	(3,("2022-05-11")),
	(4,("2022-05-12")),
	(5,("2022-05-13")),
	(6,("2022-05-14")),
	(7,("2022-05-15"));


-- les reservations 

insert into RESERVER (idS, idO, idDate, heureDeb, duree, nbPersonnes) values
    (1, 1, 1,("07:00:00"), ("02:00:00"), 5),
    (1, 2, 1,("10:00:00"), ("02:00:00"), 25),
    (1, 3, 1,("19:00:00"), ("02:00:00"), 20),
    (3, 11, 1,("20:00:00"), ("03:00:00"), 20),
    (4, 4, 1,("07:00:00"), ("02:00:00"), 15),
    (4, 2, 1,("14:00:00"), ("02:00:00"), 20),
    (4, 1, 1,("18:00:00"), ("02:00:00"), 5),
    (1, 6, 2,("19:00:00"), ("02:00:00"), 30),
    (2, 1, 2,("07:00:00"), ("02:00:00"), 5),
    (2, 5, 2,("09:00:00"), ("02:00:00"), 8),
    (4, 4, 2,("07:00:00"), ("02:00:00"), 15),
    (1, 7, 3,("19:00:00"), ("03:00:00"), 15),
    (4, 4, 3,("07:00:00"), ("11:00:00"), 15),
    (1, 2, 4,("14:00:00"), ("02:00:00"), 18),
    (1, 8, 4,("19:00:00"), ("03:00:00"), 30),
    (2, 2, 4,("14:00:00"), ("02:00:00"), 25),
    (3, 1, 4,("07:00:00"), ("02:00:00"), 5),
    (4, 4, 4,("07:00:00"), ("02:00:00"), 15),
    (1, 2, 5,("13:00:00"), ("03:00:00"), 22),
    (2, 2, 5,("10:00:00"), ("02:00:00"), 25),
    (4, 4, 5,("07:00:00"), ("02:00:00"), 15),
    (4, 9, 5,("20:00:00"), ("04:00:00"), 10),
    (1, 10, 6,("00:00:00"), ("24:00:00"), 120),
    (3, 10, 6,("14:00:00"), ("02:00:00"), 30),
    (1, 10, 7,("00:00:00"), ("24:00:00"), 120);



