-- phpMyAdmin SQL Dump
-- version 4.8.5
-- https://www.phpmyadmin.net/
--
-- Host: 127.0.0.1:3306
-- Generation Time: Sep 25, 2019 at 01:25 PM
-- Server version: 5.7.26
-- PHP Version: 7.2.18

SET SQL_MODE = "NO_AUTO_VALUE_ON_ZERO";
SET AUTOCOMMIT = 0;
START TRANSACTION;
SET time_zone = "+00:00";


/*!40101 SET @OLD_CHARACTER_SET_CLIENT=@@CHARACTER_SET_CLIENT */;
/*!40101 SET @OLD_CHARACTER_SET_RESULTS=@@CHARACTER_SET_RESULTS */;
/*!40101 SET @OLD_COLLATION_CONNECTION=@@COLLATION_CONNECTION */;
/*!40101 SET NAMES utf8mb4 */;

--
-- Database: `ventas2`
--

-- --------------------------------------------------------

--
-- Table structure for table `categoria`
--

DROP TABLE IF EXISTS `categoria`;
CREATE TABLE IF NOT EXISTS `categoria` (
  `id` int(11) NOT NULL AUTO_INCREMENT,
  `nombre` varchar(50) DEFAULT NULL,
  PRIMARY KEY (`id`)
) ENGINE=InnoDB AUTO_INCREMENT=3 DEFAULT CHARSET=latin1;

--
-- Dumping data for table `categoria`
--

INSERT INTO `categoria` (`id`, `nombre`) VALUES
(1, 'lacteos'),
(2, 'bebidas');

-- --------------------------------------------------------

--
-- Table structure for table `producto`
--

DROP TABLE IF EXISTS `producto`;
CREATE TABLE IF NOT EXISTS `producto` (
  `id` int(11) NOT NULL AUTO_INCREMENT,
  `nombre` varchar(50) DEFAULT NULL,
  `precio` int(11) DEFAULT NULL,
  `stock` int(11) DEFAULT NULL,
  `categoria_id` int(11) DEFAULT NULL,
  PRIMARY KEY (`id`),
  KEY `categoria_id` (`categoria_id`)
) ENGINE=InnoDB AUTO_INCREMENT=5 DEFAULT CHARSET=latin1;

--
-- Dumping data for table `producto`
--

INSERT INTO `producto` (`id`, `nombre`, `precio`, `stock`, `categoria_id`) VALUES
(1, 'yoghurt', 190, 200, 1),
(2, 'fanta', 1590, 100, 2),
(4, 'galletas', 2990, 9000, 2);

-- --------------------------------------------------------

--
-- Table structure for table `producto_venta`
--

DROP TABLE IF EXISTS `producto_venta`;
CREATE TABLE IF NOT EXISTS `producto_venta` (
  `id` int(11) NOT NULL AUTO_INCREMENT,
  `producto_id` int(11) DEFAULT NULL,
  `venta_id` int(11) DEFAULT NULL,
  `precio` int(11) NOT NULL,
  `cantidad` int(11) NOT NULL,
  PRIMARY KEY (`id`),
  KEY `producto_id` (`producto_id`),
  KEY `venta_id` (`venta_id`)
) ENGINE=InnoDB AUTO_INCREMENT=5 DEFAULT CHARSET=latin1;

--
-- Dumping data for table `producto_venta`
--

INSERT INTO `producto_venta` (`id`, `producto_id`, `venta_id`, `precio`, `cantidad`) VALUES
(1, 1, 1, 190, 2),
(2, 2, 1, 1590, 23),
(3, 1, 2, 190, 2),
(4, 2, 2, 1590, 234);

-- --------------------------------------------------------

--
-- Table structure for table `venta`
--

DROP TABLE IF EXISTS `venta`;
CREATE TABLE IF NOT EXISTS `venta` (
  `id` int(11) NOT NULL AUTO_INCREMENT,
  `fecha_venta` date DEFAULT NULL,
  `monto_total` int(11) DEFAULT NULL,
  `medio_pago` int(4) DEFAULT NULL,
  PRIMARY KEY (`id`)
) ENGINE=InnoDB AUTO_INCREMENT=3 DEFAULT CHARSET=latin1;

--
-- Dumping data for table `venta`
--

INSERT INTO `venta` (`id`, `fecha_venta`, `monto_total`, `medio_pago`) VALUES
(1, '2018-11-07', 36950, NULL),
(2, '2018-11-07', 372440, NULL);

--
-- Constraints for dumped tables
--

--
-- Constraints for table `producto`
--
ALTER TABLE `producto`
  ADD CONSTRAINT `producto_ibfk_1` FOREIGN KEY (`categoria_id`) REFERENCES `categoria` (`id`);

--
-- Constraints for table `producto_venta`
--
ALTER TABLE `producto_venta`
  ADD CONSTRAINT `producto_venta_ibfk_1` FOREIGN KEY (`producto_id`) REFERENCES `producto` (`id`),
  ADD CONSTRAINT `producto_venta_ibfk_2` FOREIGN KEY (`producto_id`) REFERENCES `producto` (`id`),
  ADD CONSTRAINT `producto_venta_ibfk_3` FOREIGN KEY (`venta_id`) REFERENCES `venta` (`id`),
  ADD CONSTRAINT `producto_venta_ibfk_4` FOREIGN KEY (`venta_id`) REFERENCES `venta` (`id`),
  ADD CONSTRAINT `producto_venta_ibfk_5` FOREIGN KEY (`venta_id`) REFERENCES `venta` (`id`),
  ADD CONSTRAINT `producto_venta_ibfk_6` FOREIGN KEY (`venta_id`) REFERENCES `venta` (`id`);
COMMIT;

/*!40101 SET CHARACTER_SET_CLIENT=@OLD_CHARACTER_SET_CLIENT */;
/*!40101 SET CHARACTER_SET_RESULTS=@OLD_CHARACTER_SET_RESULTS */;
/*!40101 SET COLLATION_CONNECTION=@OLD_COLLATION_CONNECTION */;
