﻿--
-- Script was generated by Devart dbForge Studio for MySQL, Version 8.0.40.0
-- Product home page: http://www.devart.com/dbforge/mysql/studio
-- Script date 27/02/2019 10:09:43
-- Server version: 5.5.5-10.1.36-MariaDB
-- Client version: 4.1
--

-- 
-- Disable foreign keys
-- 
/*!40014 SET @OLD_FOREIGN_KEY_CHECKS=@@FOREIGN_KEY_CHECKS, FOREIGN_KEY_CHECKS=0 */;

-- 
-- Set SQL mode
-- 
/*!40101 SET @OLD_SQL_MODE=@@SQL_MODE, SQL_MODE='NO_AUTO_VALUE_ON_ZERO' */;

-- 
-- Set character set the client will use to send SQL statements to the server
--
SET NAMES 'utf8';

DROP DATABASE IF EXISTS emple_depart;

CREATE DATABASE IF NOT EXISTS emple_depart
CHARACTER SET latin1
COLLATE latin1_swedish_ci;

--
-- Set default database
--
USE emple_depart;

--
-- Create table `emple`
--
CREATE TABLE IF NOT EXISTS emple (
  emp_no int(11) NOT NULL,
  apellido varchar(50) NOT NULL,
  oficio varchar(30) DEFAULT NULL,
  dir int(11) DEFAULT NULL,
  fecha_alt date DEFAULT NULL,
  salario int(11) DEFAULT NULL,
  comision int(11) DEFAULT NULL,
  dept_no int(11) DEFAULT NULL,
  PRIMARY KEY (emp_no)
)
ENGINE = INNODB,
AVG_ROW_LENGTH = 1170,
CHARACTER SET latin1,
COLLATE latin1_swedish_ci;

--
-- Create view `c1e`
--
CREATE
DEFINER = 'root'@'localhost'
VIEW IF NOT EXISTS c1e
AS
SELECT
  `e`.`emp_no` AS `emp_no`,
  `e`.`apellido` AS `apellido`,
  `e`.`oficio` AS `oficio`,
  `e`.`dir` AS `dir`,
  `e`.`fecha_alt` AS `fecha_alt`,
  `e`.`salario` AS `salario`,
  `e`.`comision` AS `comision`,
  `e`.`dept_no` AS `dept_no`
FROM `emple` `e`
WHERE (`e`.`oficio` = 'vendedor');

--
-- Create view `c132`
--
CREATE
DEFINER = 'root'@'localhost'
VIEW IF NOT EXISTS c132
AS
SELECT
  `e`.`dept_no` AS `dept_no`,
  COUNT(0) AS `COUNT(*)`
FROM `emple` `e`
GROUP BY `e`.`dept_no`;

--
-- Create view `c1_32`
--
CREATE
DEFINER = 'root'@'localhost'
VIEW IF NOT EXISTS c1_32
AS
SELECT
  `e`.`dept_no` AS `dept_no`,
  COUNT(0) AS `cuenta`
FROM `emple` `e`
GROUP BY `e`.`dept_no`;

--
-- Create table `depart`
--
CREATE TABLE IF NOT EXISTS depart (
  dept_no int(11) NOT NULL AUTO_INCREMENT,
  dnombre varchar(30) DEFAULT NULL,
  loc varchar(30) DEFAULT NULL,
  PRIMARY KEY (dept_no)
)
ENGINE = INNODB,
AUTO_INCREMENT = 41,
AVG_ROW_LENGTH = 4096,
CHARACTER SET latin1,
COLLATE latin1_swedish_ci;

--
-- Create table `copy_1_of_emple`
--
CREATE TABLE IF NOT EXISTS copy_1_of_emple (
  emp_no int(11) NOT NULL,
  apellido varchar(12) DEFAULT NULL,
  oficio varchar(12) DEFAULT NULL,
  dir int(11) NOT NULL,
  fecha_alt datetime DEFAULT NULL,
  salario int(11) NOT NULL,
  comision int(11) NOT NULL,
  dept_no int(11) NOT NULL,
  PRIMARY KEY (emp_no)
)
ENGINE = INNODB,
AVG_ROW_LENGTH = 1170,
CHARACTER SET latin1,
COLLATE latin1_swedish_ci;

--
-- Create index `comision_index` on table `copy_1_of_emple`
--
ALTER TABLE copy_1_of_emple
ADD INDEX comision_index (comision);

--
-- Create index `dept_no_index` on table `copy_1_of_emple`
--
ALTER TABLE copy_1_of_emple
ADD INDEX dept_no_index (dept_no);

--
-- Create index `dir_index` on table `copy_1_of_emple`
--
ALTER TABLE copy_1_of_emple
ADD INDEX dir_index (dir);

--
-- Create index `salario_index` on table `copy_1_of_emple`
--
ALTER TABLE copy_1_of_emple
ADD INDEX salario_index (salario);

-- 
-- Dumping data for table emple
--
INSERT INTO emple VALUES
(7369, 'SÁNCHEZ', 'EMPLEADO', 7902, '1990-12-17', 1040, NULL, 20),
(7499, 'ARROYO', 'VENDEDOR', 7698, '1990-02-20', 1500, 390, 30),
(7521, 'SALA', 'VENDEDOR', 7698, '1991-02-22', 1625, 650, 30),
(7566, 'JIMÉNEZ', 'DIRECTOR', 7839, '1991-04-02', 2900, NULL, 20),
(7654, 'MARTÍN', 'VENDEDOR', 7698, '1991-09-29', 1600, 1020, 30),
(7698, 'NEGRO', 'DIRECTOR', 7839, '1991-05-01', 3005, NULL, 30),
(7782, 'CEREZO', 'DIRECTOR', 7839, '1991-06-09', 2885, NULL, 10),
(7788, 'GIL', 'ANALISTA', 7566, '1991-11-09', 3000, NULL, 20),
(7839, 'REY', 'PRESIDENTE', NULL, '1991-11-17', 4100, NULL, 10),
(7844, 'TOVAR', 'VENDEDOR', 7698, '1991-09-08', 1350, 0, 30),
(7876, 'ALONSO', 'EMPLEADO', 7788, '1991-09-23', 1430, NULL, 20),
(7900, 'JIMENO', 'EMPLEADO', 7698, '1991-12-03', 1335, NULL, 30),
(7902, 'FERNÁNDEZ', 'ANALISTA', 7566, '1991-12-03', 3000, NULL, 20),
(7934, 'MUÑOZ', 'EMPLEADO', 7782, '1992-01-23', 1690, NULL, 10);

-- 
-- Dumping data for table depart
--
INSERT INTO depart VALUES
(10, 'CONTABILIDAD', 'SEVILLA'),
(20, 'INVESTIGACIÓN', 'MADRID'),
(30, 'VENTAS', 'BARCELONA'),
(40, 'PRODUCCIÓN', 'BILBAO');

-- 
-- Dumping data for table copy_1_of_emple
--
INSERT INTO copy_1_of_emple VALUES
(7369, 'SÁNCHEZ', 'EMPLEADO', 7902, '1990-12-17 00:00:00', 1040, 0, 20),
(7499, 'ARROYO', 'VENDEDOR', 7698, '1990-02-20 00:00:00', 1500, 390, 30),
(7521, 'SALA', 'VENDEDOR', 7698, '1991-02-22 00:00:00', 1625, 650, 30),
(7566, 'JIMÉNEZ', 'DIRECTOR', 7839, '1991-04-02 00:00:00', 2900, 0, 20),
(7654, 'MARTÍN', 'VENDEDOR', 7698, '1991-09-29 00:00:00', 1600, 1020, 30),
(7698, 'NEGRO', 'DIRECTOR', 7839, '1991-05-01 00:00:00', 3005, 0, 30),
(7782, 'CEREZO', 'DIRECTOR', 7839, '1991-06-09 00:00:00', 2885, 0, 10),
(7788, 'GIL', 'ANALISTA', 7566, '1991-11-09 00:00:00', 3000, 0, 20),
(7839, 'REY', 'PRESIDENTE', 0, '1991-11-17 00:00:00', 4100, 0, 10),
(7844, 'TOVAR', 'VENDEDOR', 7698, '1991-09-08 00:00:00', 1350, 0, 30),
(7876, 'ALONSO', 'EMPLEADO', 7788, '1991-09-23 00:00:00', 1430, 0, 20),
(7900, 'JIMENO', 'EMPLEADO', 7698, '1991-12-03 00:00:00', 1335, 0, 30),
(7902, 'FERNÁNDEZ', 'ANALISTA', 7566, '1991-12-03 00:00:00', 3000, 0, 20),
(7934, 'MUÑOZ', 'EMPLEADO', 7782, '1992-01-23 00:00:00', 1690, 0, 10);

-- 
-- Restore previous SQL mode
-- 
/*!40101 SET SQL_MODE=@OLD_SQL_MODE */;

-- 
-- Enable foreign keys
-- 
/*!40014 SET FOREIGN_KEY_CHECKS = @OLD_FOREIGN_KEY_CHECKS */;