-- phpMyAdmin SQL Dump
-- version 5.1.1
-- https://www.phpmyadmin.net/
--
-- Хост: 127.0.0.1
-- Время создания: Май 27 2022 г., 23:08
-- Версия сервера: 10.4.22-MariaDB
-- Версия PHP: 8.1.2

SET SQL_MODE = "NO_AUTO_VALUE_ON_ZERO";
START TRANSACTION;
SET time_zone = "+00:00";


/*!40101 SET @OLD_CHARACTER_SET_CLIENT=@@CHARACTER_SET_CLIENT */;
/*!40101 SET @OLD_CHARACTER_SET_RESULTS=@@CHARACTER_SET_RESULTS */;
/*!40101 SET @OLD_COLLATION_CONNECTION=@@COLLATION_CONNECTION */;
/*!40101 SET NAMES utf8mb4 */;

--
-- База данных: `school`
--

-- --------------------------------------------------------

--
-- Структура таблицы `calendar`
--

CREATE TABLE `calendar` (
  `id` int(11) NOT NULL,
  `date` date NOT NULL,
  `event` varchar(100) COLLATE utf8_unicode_ci NOT NULL
) ENGINE=InnoDB DEFAULT CHARSET=utf8 COLLATE=utf8_unicode_ci;

--
-- Дамп данных таблицы `calendar`
--

INSERT INTO `calendar` (`id`, `date`, `event`) VALUES
(1, '2022-03-09', 'Вихідний'),
(2, '2022-03-13', 'Фешен фестиваль'),
(3, '2022-04-12', 'День кольорів '),
(4, '2022-06-18', 'Вихідний'),
(5, '2022-03-27', 'Вихідний'),
(6, '2022-07-23', 'Вихідний'),
(7, '2022-05-28', 'День кольорів '),
(8, '2022-05-15', 'День кольорів ');

-- --------------------------------------------------------

--
-- Структура таблицы `class`
--

CREATE TABLE `class` (
  `id` int(11) NOT NULL,
  `className` varchar(50) CHARACTER SET utf8 COLLATE utf8_unicode_ci NOT NULL,
  `idStudent` int(11) NOT NULL
) ENGINE=InnoDB DEFAULT CHARSET=utf8mb4 COLLATE=utf8mb4_unicode_ci;

--
-- Дамп данных таблицы `class`
--

INSERT INTO `class` (`id`, `className`, `idStudent`) VALUES
(4, '9A', 1),
(5, '9A', 2),
(6, '8B', 3);

-- --------------------------------------------------------

--
-- Структура таблицы `feedback`
--

CREATE TABLE `feedback` (
  `id` int(11) NOT NULL,
  `email` varchar(50) COLLATE utf8_unicode_ci NOT NULL,
  `fullName` varchar(50) COLLATE utf8_unicode_ci NOT NULL,
  `phone` varchar(14) COLLATE utf8_unicode_ci NOT NULL
) ENGINE=InnoDB DEFAULT CHARSET=utf8 COLLATE=utf8_unicode_ci;

--
-- Дамп данных таблицы `feedback`
--

INSERT INTO `feedback` (`id`, `email`, `fullName`, `phone`) VALUES
(4, 'lasddasd@sadasd.asd', 'Ivan Govnov', '1234567890'),
(5, 'lasdddasd@sadasd.asd', 'Ivan Govnov', '1234567890'),
(6, 'lasdddasd@sadasd.asd', 'Ivan Govnov', '12345627890'),
(7, 'lfybk.ua@gmail.com', 'Ivan Govnov', '12345627890'),
(8, 'lfybk.ua@gmail.com', 'Ivan Govnov', '12345627890'),
(9, 'lfybk.ua@gmail.com', 'Ivan Govnov', '12345627890'),
(10, 'lfybk.ua@gmail.com', 'Ivan Govnov', '12345627890'),
(11, 'lfybk.ua@gmail.com', 'Ivan Govnov', '12345627890'),
(12, 'lfybk.ua@gmail.com', 'Ivan Govnov', '12345627890'),
(13, 'lfybk.ua@gmail.com', 'Ivan Govnov', '12345627890'),
(14, 'lfybk.ua@gmail.com', 'Danil Ivanov', '1234567890'),
(15, 'lfybk.uasdasdasda@gmail.com', 'Danil Ivanov', '1234567890');

-- --------------------------------------------------------

--
-- Структура таблицы `gallery`
--

CREATE TABLE `gallery` (
  `id` int(11) NOT NULL,
  `idGallery` int(11) NOT NULL,
  `img` varchar(150) COLLATE utf8_unicode_ci NOT NULL,
  `title` varchar(50) COLLATE utf8_unicode_ci DEFAULT NULL
) ENGINE=InnoDB DEFAULT CHARSET=utf8 COLLATE=utf8_unicode_ci;

--
-- Дамп данных таблицы `gallery`
--

INSERT INTO `gallery` (`id`, `idGallery`, `img`, `title`) VALUES
(1, 1, 'https://shkoladnepr4.dnepredu.com/uploads/org2602/user_98024/photofile_1642542500_475354083_big.jpg', NULL),
(2, 1, 'https://shkoladnepr4.dnepredu.com/uploads/org2602/user_98024/photofile_1642542645_1344934691_big.jpg', NULL),
(3, 1, 'https://shkoladnepr4.dnepredu.com/uploads/org2602/user_98024/photofile_1642542646_1910495421_big.jpg', NULL),
(4, 1, 'https://shkoladnepr4.dnepredu.com/uploads/org2602/user_98024/photofile_1642542501_250011150_big.jpg', NULL),
(5, 2, 'https://shkoladnepr4.dnepredu.com/uploads/org2602/user_98024/photofile_1640535323_279466441_big.jpg', ''),
(6, 2, 'https://shkoladnepr4.dnepredu.com/uploads/org2602/user_98024/photofile_1640535324_267575074_big.jpg', 'іфіфвіфв  фвіфв і фв'),
(7, 2, 'https://shkoladnepr4.dnepredu.com/uploads/org2602/user_98024/photofile_1640535324_598447180_big.jpg', 'азазазазазаззаазза'),
(8, 2, 'https://shkoladnepr4.dnepredu.com/uploads/org2602/user_98024/photofile_1640535323_1443837923_big.jpg', 'іфіфвіфв  фвіфв і фв');

-- --------------------------------------------------------

--
-- Структура таблицы `gallerytabs`
--

CREATE TABLE `gallerytabs` (
  `id` int(11) NOT NULL,
  `title` varchar(50) COLLATE utf8_unicode_ci NOT NULL,
  `img` varchar(150) COLLATE utf8_unicode_ci NOT NULL
) ENGINE=InnoDB DEFAULT CHARSET=utf8 COLLATE=utf8_unicode_ci;

--
-- Дамп данных таблицы `gallerytabs`
--

INSERT INTO `gallerytabs` (`id`, `title`, `img`) VALUES
(1, 'Відкриття студії образотворчого мистецтва', 'https://shkoladnepr4.dnepredu.com/uploads/org2602/user_98024/photogalery_1642542469_1381216614.jpg'),
(2, 'Майстер-клас \"Ялинкова іграшка\"', 'https://shkoladnepr4.dnepredu.com/uploads/org2602/user_98024/photogalery_1640535288_77269070.jpg');

-- --------------------------------------------------------

--
-- Структура таблицы `login`
--

CREATE TABLE `login` (
  `id` int(11) NOT NULL,
  `password` varchar(129) COLLATE utf8_unicode_ci NOT NULL,
  `email` varchar(50) COLLATE utf8_unicode_ci NOT NULL,
  `salt` varchar(100) COLLATE utf8_unicode_ci NOT NULL,
  `phone` varchar(13) COLLATE utf8_unicode_ci NOT NULL,
  `role` enum('teacher','student','admin') COLLATE utf8_unicode_ci NOT NULL DEFAULT 'student',
  `fullName` varchar(50) COLLATE utf8_unicode_ci NOT NULL
) ENGINE=InnoDB DEFAULT CHARSET=utf8 COLLATE=utf8_unicode_ci;

--
-- Дамп данных таблицы `login`
--

INSERT INTO `login` (`id`, `password`, `email`, `salt`, `phone`, `role`, `fullName`) VALUES
(1, '028c75b766b0ecad5fe515bfd2dbd50e6d0f85e5483705cc631aff7225a33b70ea5477cd7831ae16635e99f863c9a700d4eb2ffc806fbf883def1721782b772a', 'lfybk.us@gmail.com', 'b6e746ad8ac683ca', '0734175094', 'student', 'Danil Farenik'),
(2, '424ef68ff0e563b5aec3bea5f61cfab78029c1ad3a5432976ed975ffbb000debeef68d96bed86fe3ab4a01ef0303e830fb94', 'ivangovnov@gmail.com', '80511aa46c643801', '0636424854', 'student', 'Danil Ivanov'),
(3, 'c50cf5466ccac571bc4259a75beae4f202e72a9aba2d921308538e39bdbf4e1560f125640bbec1cb93f7dd03661c891d08f8', 'lololohca@gmail.com', '2da834869fa47ec6', '0970471717', 'student', 'Vlad Isyp'),
(4, '028c75b766b0ecad5fe515bfd2dbd50e6d0f85e5483705cc631aff7225a33b70ea5477cd7831ae16635e99f863c9a700d4eb2ffc806fbf883def1721782b772a', 'lfybk.ua@gmail.com', 'b6e746ad8ac683ca', '0434175023', 'teacher', 'Inna Ivanovna'),
(5, '11f1d06dfefa10e51d330fa587bd338e72cccb37b26d4c6a411b08665133228c89642a72d2d891eec89a4a52abab83639ae1fc16a6662904a708c8959bbc4e8e', 'admin@gmail.com', '6ea7e4eb657e5e32', '0731482095', 'admin', 'Vlad Palada');

-- --------------------------------------------------------

--
-- Структура таблицы `mark`
--

CREATE TABLE `mark` (
  `id` int(11) NOT NULL,
  `idStudent` int(11) NOT NULL,
  `mark` int(11) DEFAULT NULL,
  `text` varchar(200) COLLATE utf8_unicode_ci DEFAULT NULL,
  `idSubject` int(11) NOT NULL,
  `date` date DEFAULT NULL
) ENGINE=InnoDB DEFAULT CHARSET=utf8 COLLATE=utf8_unicode_ci;

--
-- Дамп данных таблицы `mark`
--

INSERT INTO `mark` (`id`, `idStudent`, `mark`, `text`, `idSubject`, `date`) VALUES
(1, 1, 10, NULL, 1, '2022-03-01'),
(2, 1, 8, NULL, 1, '2022-03-17'),
(3, 1, 6, NULL, 1, '2022-03-15'),
(4, 1, 10, NULL, 2, '2022-03-17'),
(5, 1, 6, NULL, 2, '2022-03-12'),
(7, 1, 10, NULL, 3, '2022-03-31'),
(8, 1, 9, NULL, 4, '2022-03-30'),
(9, 1, 10, 'Найкращий у класі ', 5, '2022-03-14'),
(10, 1, 12, NULL, 5, '2022-03-10'),
(11, 1, 12, NULL, 5, '2022-03-06'),
(12, 1, 11, NULL, 6, '2022-03-07'),
(13, 1, 9, NULL, 6, '2022-03-12'),
(14, 1, 8, NULL, 7, '2022-03-20'),
(15, 1, 9, NULL, 9, '2022-03-26'),
(16, 2, 10, NULL, 1, '2022-03-04'),
(17, 2, 8, NULL, 4, '2022-03-19'),
(18, 1, 5, NULL, 4, '2022-03-18'),
(19, 1, 10, NULL, 5, '2022-03-15'),
(20, 2, 11, NULL, 7, '2022-03-24'),
(22, 2, 8, NULL, 7, '2022-03-08'),
(24, 2, 10, '(Ж', 4, '2022-04-15'),
(31, 3, 4, 'Dasd asd asd ', 4, '2022-05-11');

-- --------------------------------------------------------

--
-- Структура таблицы `pagetabs`
--

CREATE TABLE `pagetabs` (
  `id` int(11) NOT NULL,
  `idTabs` int(11) NOT NULL,
  `type` enum('title','subTitle','document','image','text','video') COLLATE utf8mb4_unicode_ci NOT NULL,
  `data` text CHARACTER SET utf8 COLLATE utf8_unicode_ci NOT NULL,
  `alt` varchar(200) COLLATE utf8mb4_unicode_ci DEFAULT NULL
) ENGINE=InnoDB DEFAULT CHARSET=utf8mb4 COLLATE=utf8mb4_unicode_ci;

--
-- Дамп данных таблицы `pagetabs`
--

INSERT INTO `pagetabs` (`id`, `idTabs`, `type`, `data`, `alt`) VALUES
(1, 1, 'title', 'Фінансова діяльність', NULL),
(2, 1, 'image', '1pK_h2JL3J_JoGXgK_iyeOSufbhPkCnGE', NULL),
(3, 1, 'image', '11tK-2ybid5IsZ3aEwykxYE4iapGwF-B6', NULL),
(4, 1, 'image', '1-NrLQAJHD5O3nvc9ODl1mgV_L-PnwRY-', NULL),
(5, 1, 'image', '1SFtB2zzGWPmPtpg3Jqf_2SvVeDER2cd1', NULL),
(6, 1, 'subTitle', 'План виконання робіт капітального характеру на 2021-2025 рр. в закладі', NULL),
(7, 1, 'image', '1GPW2mdxUBOptST3figCKaRZykGRqzK6-', NULL),
(8, 2, 'title', 'Статут закладу освіти', NULL),
(9, 2, 'image', 'https://shkoladnepr4.dnepredu.com/uploads/editor/2602/98024/sitepage_146/images/bezymyannyy.jpg', NULL),
(10, 2, 'text', 'Ці зміни та доповнення є новою редакцією Статуту Комунального закладу освіти  «Середня загальноосвітня школа № 4» Дніпропетровської міської ради, зареєстрованого виконкомом Дніпропетровської міської Ради народних депутатів, рішення від 25.11.94р.,перереєстрованого виконкомом Дніпропетровської міської ради, рішення від 18.12.03  № 3615,зареєстрованого з урахуванням змін до установчих документів 19.10.2009 р., номер запису 12241050004020417, 05.12.2011 р., номер запису 12241050007020417 та 24.02.2015 р. номер запису 12241050009020417, ідентифікаційний номер 26462656.', NULL),
(11, 2, 'subTitle', 'І. Загальні положення', NULL),
(12, 2, 'text', '1.1.          КОМУНАЛЬНИЙ ЗАКЛАД ОСВІТИ “НАВЧАЛЬНО-ВИХОВНИЙ КОМПЛЕКС № 4 «СЕРЕДНЯ ЗАГАЛЬНООСВІТНЯ ШКОЛА- ДОШКІЛЬНИЙ НАВЧАЛЬНИЙ ЗАКЛАД (ДИТЯЧИЙ САДОК)” ДНІПРОВСЬКОЇ МІСЬКОЇ РАДИ, - загальноосвітній навчальний заклад І-ІІІ ступенів ( І ступінь – початкова школа, ІІ ступінь – основна школа, ІІІ ступінь – старша школа) з дошкільним навчальним закладом (дитячий садок),зареєстрований виконкомом Дніпропетровської міської Ради народних депутатів, рішення від 25.11.1994 р., перереєстрованого виконкомом Дніпропетровської міської ради, рішення від 18.12.2003 р. № 3615, зареєстрований з урахуванням змін до установчих документів 19.10.2009 р., номер запису 12241050004020417,  05.12.2011 р., номер запису 12241050007020417 та від 24.02.2015 року номер запису 12241050009020417 знаходиться у комунальній власності територіальної громади міста. Заклад здійснює свою діяльність у підпорядкуванні департаменту гуманітарної політики Дніпровської міської ради. Державний контроль за діяльністю закладу здійснюють Державна інспекція навчальних закладів, власник (територіальна громада міста), департамент гуманітарної політики Дніпровської міської ради.\r\n\r\n1.2.           Місцезнаходження\r\n\r\n Адреса  КОМУНАЛЬНОГО ЗАКЛАДУ ОСВІТИ «НАВЧАЛЬНО-ВИХОВНИЙ КОМПЛЕКС № 4 «СЕРЕДНЯ ЗАГАЛЬНООСВІТНЯ ШКОЛА – ДОШКІЛЬНИЙ НАВЧАЛЬНИЙ ЗАКЛАД (ДИТЯЧИЙ САДОК)» ДНІПРОВСЬКОЇ МІСЬКОЇ РАДИ визначається: 49035, м. Дніпро, вул. Олександра Красносельського, 30 А, телефон 760-58-87. \r\n\r\n                                            \r\n\r\n1.3.          КОМУНАЛЬНИЙ ЗАКЛАД ОСВІТИ “НАВЧАЛЬНО-ВИХОВНИЙ КОМПЛЕКС № 4 «СЕРЕДНЯ ЗАГАЛЬНООСВІТНЯ ШКОЛА –ДОШКІЛЬНИЙ НАВЧАЛЬНИЙ ЗАКЛАД (ДИТЯЧИЙ САДОК)” ДНІПРОВСЬКОЇ МІСЬКОЇ РАДИ ,скорочена назва КЗО «НВК № 4» ДМР (далі НВК) є юридичною особою, має реєстраційний рахунок в органах Державного казначейства, печатку, штамп, ідентифікаційний код ЄДРПОУ.\r\n\r\n1.4.          Власником НВК є територіальна громада міста в особі Дніпровської міської ради.\r\n\r\n \r\n\r\n                                                            3\r\n\r\n1.5.          Головною метою НВК є забезпечення реалізації права громадян на здобуття дошкільної та повної загальної середньої освіти.\r\n\r\n1.6.          Головними завданнями НВК є:\r\n\r\n-         створення умов для різнобічного розвитку дитини дошкільного віку;\r\n\r\n-         забезпечення реалізації права громадян на повну загальну середню освіту;\r\n\r\n-         виховання громадянина України;                                         \r\n\r\n-         виховання шанобливого ставлення до родини, поваги до народних традицій і звичаїв, державної та рідної мов, національних цінностей   українського народу та інших народів і націй;\r\n\r\n-         формування і розвиток соціально зрілої, творчої особистості з усвідомленою громадянською позицією, почуттям національної самосвідомості, особистості, підготовленої до професійного самовизначення;\r\n\r\n-         виховання в учнів поваги до Конституції України, державних символів України, прав і свобод людини і громадянина, почуття власної гідності, відповідальності перед законом за свої дії,\r\n\r\n               свідомого ставлення до обов’язків людини і громадянина;\r\n\r\n-         розвиток особистості учня, його здібностей і обдарувань, наукового світогляду;\r\n\r\n-         реалізація права учнів на вільне формування політичних і світоглядних переконань;\r\n\r\n-         виховання свідомого ставлення до свого здоров’я та здоров’я інших громадян як найвищої соціальної цінності, формування засад здоро-\r\n\r\nвого способу життя, збереження і зміцнення фізичного та психічного здоров’я учнів;\r\n\r\n-         створення умов для оволодіння системою наукових знань про при-\r\n\r\nроду, людину і суспільство.\r\n\r\n1.7.          НВК в своїй діяльності керується Конституцією України, законами України “Про освіту”, “Про загальну середню освіту”, «Про дошкільну освіту»,Положенням про загальноосвітній навчальний заклад, затвердженим Постановою Кабінету Міністрів України від 27 серпня 2010 року № 779 (зі змінами), Положенням про дошкільний навчальний заклад, затвердженим Постановою Кабінету Міністрів України від 12.03.2003 року № 305 (зі змінами) ,Положенням про НВК,затвердженим Постановою Кабінету Міністрів України від 12.03.2003 року № 306  та  іншими нормативно-правовими актами, власним Статутом.                                                 \r\n\r\n1.8.          НВК самостійно приймає рішення і здійснює діяльність у межах своєї компетенції, передбаченої законодавством України та власним Статутом.\r\n\r\n1.9.          НВК несе відповідальність перед особою, суспільством і державою за:\r\n\r\n-         безпечні умови освітньої діяльності;\r\n\r\n-         дотримання державних стандартів освіти;\r\n\r\n-         дотримання договірних зобов’язань з іншими суб’єктами освітньої, виробничої та наукової діяльності;\r\n\r\n                                                               4\r\n\r\n-         дотримання фінансової дисципліни.\r\n\r\n         1.10.У НВК визначена українська мова навчання, наказ управління освіти        департаменту гуманітарної політики Дніпровської міської ради від 01.11.2016 р.  № 251 згідно з чинним законодавством, профілі  навчання відповідно до матеріально- технічного та кадрового забезпечення за напрямками:\r\n\r\nтехнологічний, природничо-математичний, суспільно-гуманітарний, філологічний, художньо-естетичний.\r\n\r\n1.11.НВК має право:\r\n\r\n-         проходити в установленому порядку державну атестацію;\r\n\r\n-         визначати форми, методи і засоби організації навчально-виховного процесу за погодженням із власником;\r\n\r\n-         визначати варіативну частину робочого навчального плану;\r\n\r\n-         в установленому порядку розробляти і впроваджувати експеримен-\r\n\r\nтальні та індивідуальні робочі навчальні плани;\r\n\r\n-         спільно з вищими навчальними закладами, науково-дослідними\r\n\r\n      інститутами та центрами проводити науково-дослідну,\r\n\r\n     експериментальну, наукову роботу, що не суперечить законодавству\r\n\r\n     України;\r\n\r\n-         використовувати різні форми морального і матеріального заохочення до учасників навчально-виховного процесу;\r\n\r\n-         отримувати кошти і матеріальні цінності від органів виконавчої вла-\r\n\r\nди, юридичних і фізичних осіб;\r\n\r\n-         залишати у своєму розпорядженні і використовувати власні надход-\r\n\r\nження у порядку, визначеному законодавством України;\r\n\r\n-         розвивати власну соціальну базу: мережу спортивно-оздоровчих, лікувально-профілактичних і культурних підрозділів.\r\n\r\n \r\n\r\n1.12.У НВК створюються та функціонують:\r\n\r\nпредметні методичні комісії, творчі групи, динамічні групи та рада НВК, піклувальна рада, батьківський комітет.\r\n\r\n \r\n\r\n1.13.Медичне обслуговування учнів та вихованців здійснюється на безоплатній основі медичними працівниками, які входять до штату НВК або відповідних закладів охорони здоров’я, і передбачає проведення обов’язкових медичних оглядів, у тому числі медичних оглядів перед профілактичними щепленнями, проведення профілактичних щеплень згідно з календарем щеплень, надання\r\n\r\nневідкладної медичної допомоги на до госпітальному етапі, організацію заходів для госпіталізації ( у разі показань) та інформування про це батьків або осіб, які їх замінюють.\r\n\r\n         До основних обов’язків медичних працівників НВК належать:\r\n\r\n-         моніторинг стану здоров’я, фізичного розвитку дітей, надання їм невідкладної медичної допомоги;\r\n\r\n-         організація медичних оглядів, у тому числі, поглиблених, профілактичних та лікувально-оздоровчих заходів, оцінка їх ефективності;\r\n\r\n                                                  5\r\n\r\n-         здійснення контролю за організацією та якістю харчування, дотримання раціонального режиму навчально-виховної діяльності, навчального навантаження;                                                   \r\n\r\n-         медичний контроль за виконанням санітарно-гігієнічного та протиепідемічного режиму;                                                  \r\n\r\n-         проведення санітарно-просвітницької роботи серед дітей, батьків або осіб, які їх замінюють, та працівників закладу.\r\n\r\n1.14.      НВК надає приміщення і забезпечує належні умови для роботи медичного персоналу та проведення лікувально-профілактичних заходів.\r\n\r\n1.15.      Взаємовідносини НВК з юридичними і фізичними особами визначаються угодами що укладені між ними.\r\n\r\n1.16.      Харчування забезпечується департаментом гуманітарної політики централізовано на тендерній основі, за рахунок місцевого бюджету відповідно до норм харчування та за рахунок батьків.', NULL),
(13, 2, 'subTitle', 'ІІ. Організація навчально-виховного процесу', NULL),
(14, 2, 'text', 'Навчально-виховний процес у дошкільному закладі спрямований на реалізацію завдань Державного стандарту дошкільної освіти України – Базового компоненту дошкільної освіти, в навчальному закладі І-ІІІ ступенів навчально-виховний процес спрямований на реалізацію завдань Державного стандарту початкової середньої освіти та Державного стандарту базової і повної середньої освіти.\r\n\r\n2.1.          НВК планує свою роботу самостійно відповідно до перспективного річного плану. У плані роботи відображаються найголовніші питання роботи, визначаються перспективи його розвитку. План роботи затверджується радою НВК.\r\n\r\n2.2.          Основним документом, що регулює навчально-виховний процес, є ро-\r\n\r\nбочий навчальний план, що складається на основі типових навчальних планів, розроблених та затверджених Міністерством освіти і науки України із конкретизацією варіативної частини і визначенням профілю навчання.\r\n\r\n      Робочий навчальний план НВК погоджується радою НВК і затверджується управлінням освіти  департаменту гуманітарної політики Дніпровської міської ради.\r\n\r\n  У вигляді додатків до робочого навчального плану додаються розклад уроків та режим роботи ( щоденний, річний).                                                  \r\n\r\n2.3.          Відповідно до робочого навчального плану педагогічні працівники НВК самостійно добирають програми, підручники, навчальні посібники, що мають гриф Міністерства освіти і науки України, а також науково-методичну літературу, дидактичні матеріали, форми, методи, засоби навчальної роботи, що мають забезпечувати виконання статутних завдань та здобуття освіти на рівні державних стандартів.                                                     \r\n\r\n2.4.          НВК здійснює навчально-виховний процес за денною  формою навчання.\r\n\r\n2.5.          Прийом дітей до дошкільного навчального закладу здійснюється завідувачем дошкільного відділення протягом календарного року на\r\n\r\n6\r\n\r\nпідставі заяви батьків або осіб, які їх замінюють , медичної довідки про стан здоров’я дитини, довідки дільничного лікаря про епідеміологічне оточення, свідоцтва про народження та електронної реєстрації. За дитиною зберігається місце у дошкільному закладі у разі її хвороби, карантину, санаторного лікування, на час відпустки батьків або осіб, які їх замінюють, а також у літній період ( 75 днів), прийом дитини після тривалої відсутності відбувається за наявністю медичної довідки про стан здоров’я. Відрахування дітей із дошкільного закладу може здійснюватись:за бажанням батьків або осіб, які їх замінюють, на підставі медичного висновку про стан здоров’я дитини, що виключає можливість її подальшого перебування у дошкільному навчальному закладі даного типу; у разі несплати  без поважних причин батьками або особами, які їх замінюють, плати за харчування дитини протягом 2-х місяців та відсутності дитини в закладі без поважних причин понад 75 календарних днів.                                                 \r\n\r\n2.6.          Зарахування учнів до НВК здійснюється за наказом директора на підставі особистої заяви ( для неповнолітніх – заяви батьків або осіб, які їх замінюють) або направлень відповідних органів управління освітою, а також свідоцтва про народження ( копії), медичної довідки встановленого зразка, документа про наявний рівень освіти ( крім дітей, що вступають до першого класу).\r\n\r\n   У разі потреби учень може перейти протягом будь-якого року навчан-\r\n\r\nня до іншої школи. Переведення учнів до іншої школи здійснюється за наявності особової справи учня встановленого Міністерством освіти і науки України зразка.\r\n\r\n2.7.          У школі першого ступеню навчання для учнів 1-4 класів за бажанням їхніх батьків або осіб, які їх замінюють, при наявності належної навчально-матеріальної бази, педагогічних працівників, обслуговуючого персоналу можуть створюватись групи продовженого дня.\r\n\r\n                Зарахування до груп продовженого дня і відрахування дітей із них\r\n\r\n          здійснюється наказом директора НВК на підставі заяви батьків ( осіб, які  \r\n\r\n          їх замінюють), визначається режим роботи групи  продовженого дня.                                                          \r\n\r\n2.8.          Дошкільний заклад здійснює свою діяльність відповідно до річного плану, який складається на навчальний рік та період оздоровлення. Навчальний рік у дошкільному закладі починається 1 вересня і закінчується 31 травня наступного року. З 1 червня по 31 серпня\r\n\r\n          (оздоровчий період) у дошкільному закладі проводиться оздоровлення   \r\n\r\n          дітей.\r\n\r\nУ дошкільному закладі встановлено 3-х разове харчування. Контроль за організацією та якістю харчування, вітамінізацією страв, закладкою продуктів харчування, кулінарною обробкою, виходом страв, смаковими якостями їжі, санітарним станом харчоблоку, правильністю\r\n\r\nзберігання,дотриманням термінів реалізації продуктів покладається на медичних працівників, кухаря,завгоспа, завідувача дошкільного відділення та керівника НВК.\r\n\r\n \r\n\r\n                                                   7\r\n\r\n2.9.          Структура навчального року, а також тижневе навантаження учнів  встановлюються НВК в межах часу, що передбачений робочим     навчальним планом.\r\n\r\n          Навчальні заняття розпочинаються 1 вересня у День знань і  закінчуються не  пізніше  1 липня поточного року.\r\n\r\n            Навчальний рік поділяється на 2 семестри.\r\n\r\n2.10.      Відволікання учнів від навчальних занять та інші види діяльності забо-\r\n\r\nроняється ( крім випадків, передбачених законодавством України).\r\n\r\n2.11.      За погодженням з  управлінням освіти  департаменту гуманітарної політики Дніпровської міської ради з урахуванням місцевих умов, специфіки та профілю НВК запроваджується                                                  графік канікул. Тривалість канікул протягом навчального року не  повинна становити менш як 30 календарних днів для учнів та вихованців дошкільного відділення.\r\n\r\n2.12.      Тривалість уроків та занять у НВК становить: у вихованців середньої групи – 20 хвилин, старшої групи – 25 хвилин,у перших класах- 35 хвилин, у других –четвертих класах- 40 хвилин, у п’ятих- одинадцятих – 45 хвилин. Зміна тривалості уроків допускається за  погодженням з  управлінням освіти  департаменту гуманітарної політики Дніпровської міської ради та  управлінням Держпродспожив служби в місті Дніпро.\r\n\r\n2.13.      Щоденна кількість і послідовність навчальних занять визначається роз-\r\n\r\nкладом уроків та занять вихованців дошкільного відділення, що складається на кожен семестр відповідно до санітарно-гігієнічних та педагогічних вимог, погоджується радою НВК і затверджується директором.\r\n\r\n    Тижневий режим роботи НВК затверджується у розкладі навчальних занять.\r\n\r\n   Крім різних форм обов’язкових навчальних занять, у НВК проводяться індивідуальні, групові, факультативні та інші позакласні заняття та заходи, що передбачені окремим розкладом і спрямовані на задоволення освітніх інтересів учнів та на розвиток їх творчих здібностей, нахилів і обдаровань.\r\n\r\n2.14.      Зміст, обсяг і характер домашніх завдань з кожного предмету визна-\r\n\r\nчається вчителем відповідно до педагогічних і санітарно-гігієнічних вимог з урахуванням індивідуальних особливостей учнів.                                                   \r\n\r\n2.15.      Визначення рівня досягнень учнів у навчанні здійснюється відповідно до діючої системи оцінювання досягнень у навчанні учнів.\r\n\r\n             У першому класі дається словесна оцінка досягнень учнів у навчанні,\r\n\r\n          у другому-одинадцятому  відповідно до загальної системи оцінювання.\r\n\r\n          У документі про освіту (табелі успішності, свідоцтві, атестаті) відобра-\r\n\r\n жаються досягнення учнів у навчанні за семестри, навчальний рік та    державну підсумкову атестацію.                                        \r\n\r\n2.16.      Результати семестрового, річного оцінювання доводяться до відома учнів та батьків класним керівником ( головою атестаційної комісії).\r\n\r\n2.17.      Порядок переведення учнів НВК визначається  Порядком  переведення  учнів (вихованців) загальноосвітнього навчального закладу до наступного\r\n\r\n                                                   8\r\n\r\nкласу , затвердженого наказом Міністерства освіти і науки України від 14.07.2015 р. № 762 та зареєстрованого в Міністерстві юстиції України 30.07.2015 р.за № 924/27369.\r\n\r\n2.18.      При переведенні учнів з початкової до основної школи передусім бе-руться до уваги досягнення у навчанні не нижче середнього рівня з української мови, читання, математики.\r\n\r\n2.19.      Контроль за відповідністю освітнього рівня учнів, які закінчили певний\r\n\r\nступень навчання, вимогам Державного стандарту загальної середньої освіти здійснюється шляхом їх державної підсумкової атестації.\r\n\r\n                 Порядок проведення державної підсумкової атестації  \r\n\r\n          визначається  Положенням про державну підсумкову атестацію  \r\n\r\n          учнів(вихованців) у системі загальної середньої освіти, затвердженого\r\n\r\n         наказом Міністерства освіти і науки України від 30.12.2014  року №\r\n\r\n         1547 (далі МОН України), зареєстрованого  в Міністерстві   юстиції\r\n\r\n         України 14.02.2015 р. за № 157/26602.                                     \r\n\r\n2.20.      Учням, які закінчили певний ступінь НВК, видається відповідний документ про освіту:\r\n\r\n          по закінченні початкової школи – табель успішності;\r\n\r\n          по закінченні основної школи – свідоцтво про базову загальну середню\r\n\r\n          освіту;\r\n\r\n          по закінченні НВК – атестат про повну загальну середню освіту.\r\n\r\n \r\n\r\n2.21. За високі показники у навчанні для учнів встановлюється форма морального заохочення: похвальні листи та грамоти.\r\n\r\n \r\n\r\n                             ІІІ. Учасники навчально-виховного процесу\r\n\r\n3.1.          Учасниками навчально-виховного процесу в НВК є:\r\n\r\n    діти дошкільного віку ( від 3-х до 6-ти (7) років);\r\n\r\n    учні;\r\n\r\n    керівники;\r\n\r\n    педагогічні працівники, вихователі, помічники вихователів;\r\n\r\n    психолог, соціальний педагог,педагог-організатор,бібліотекар;\r\n\r\n    допоміжний персонал;\r\n\r\n    медичні працівники;\r\n\r\n    батьки або особи, які їх замінюють.\r\n\r\n                                                   \r\n\r\n3.2.          Права і обов’язки дітей у сфері дошкільної освіти, учнів, педагогічних та\r\n\r\nінших працівників визначаються чинним законодавством та цим Статутом.\r\n\r\n3.3.          Права дитини у сфері дошкільної освіти:                                                         \r\n\r\n-         безпечні та нешкідливі для здоров’я умови утримання, розвитку, виховання і навчання;\r\n\r\n-         захист від будь-якої інформації, пропаганди та агітації, що завдає шкоди її здоров’ю, моральному та духовному розвитку;\r\n\r\n \r\n\r\n \r\n\r\n                                                             9\r\n\r\n-         захист від будь-яких форм експлуатації та дій, які шкодять здоров’ю дитини, а також фізичного та психічного насильства, приниження її гідності;\r\n\r\n-         здоровий спосіб життя.\r\n\r\n3.4.          Учні мають право:\r\n\r\n          - на вибір форми навчання, факультативів, спецкурсів, позашкільних та\r\n\r\n            позакласних занять;\r\n\r\n         - на користування навчально-виробничою, науковою, матеріально-тех-\r\n\r\n            нічною, культурно-спортивною, корекційно-відновною та лікувально-                                           \r\n\r\n            оздоровчою базою навчального закладу;\r\n\r\n-         на доступ до інформації з усіх галузей знань; брати участь у різних\r\n\r\n видах науково-практичної діяльності, конференціях, олімпіадах,   виставках, конкурсах тощо;\r\n\r\n          -    брати участь у роботі органів громадського самоврядування НВК;\r\n\r\n-         брати участь в обговоренні і вносити власні пропозиції щодо організації навчально-виховного процесу, дозвілля учнів;\r\n\r\n-         брати участь у добровільних самодіяльних об’єднаннях, творчих студіях, клубах, гуртках, групах за інтересами тощо;\r\n\r\n-         на захист від будь-яких форм експлуатації, психічного і фізичного насилля, що порушують права або принижують їх честь, гідність;\r\n\r\n-         на безпечні і нешкідливі умови навчання, виховання та праці.\r\n\r\n \r\n\r\n3.5. Учні зобов’язані:\r\n\r\n-         оволодівати знаннями, вміннями, практичними навичками, підвищувати загальнокультурний рівень;\r\n\r\n-         дотримуватися вимог Статуту, правил внутрішнього розпорядку;\r\n\r\n-         бережливо ставитись до державного, громадського і особистого майна;\r\n\r\n-         дотримуватися законодавства, моральних, етичних норм;\r\n\r\n-         брати посильну участь у різних видах трудової діяльності, що не заборонені чинним законодавством;\r\n\r\n-         дотримуватися правил особистої гігієни.\r\n\r\n3.6. Педагогічними працівниками НВК можуть бути особи з високими моральними якостями, які мають відповідну педагогічну освіту, належний рівень професійної підготовки, здійснюють педагогічну діяльність, забезпечують результативність та якість своєї роботи, фізичний та психічний стан здоров’я яких дозволяє виконувати професійні обов’язки.\r\n\r\n3.7. Призначення на посаду та звільнення з посади педагогічних та інших  працівників й інші трудові відносини регулюються законодавством  України                                                          \r\n\r\nпро працю, законами України “Про загальну середню освіту”, «Про дошкільну освіту» та   іншими законодавчими актами.                                                    \r\n\r\n3.8. Педагогічні працівники мають право на:\r\n\r\n-         захист професійної честі, гідності;\r\n\r\n-         самостійний вибір форм, методів, засобів навчальної роботи, нешкідливих для здоров’я учнів; участь в обговоренні та вирішенні питань організації навчально-виховного процесу;\r\n\r\n \r\n\r\n                                                        10\r\n\r\n-         проведення в установленому порядку науково-дослідної, експериментальної, пошукової роботи;\r\n\r\n-         виявлення педагогічної ініціативи;\r\n\r\n-         позачергову атестацію з метою отримання відповідної категорії, педагогічного звання;\r\n\r\n-         участь у роботі органів громадського самоврядування НВК;                                                                                   \r\n\r\n-         підвищення кваліфікації, перепідготовку;\r\n\r\n-         отримання пенсії, у тому числі і за вислугу років у порядку, визначеному законодавством України;\r\n\r\n-         на матеріальне, житлово-побутове та соціальне забезпечення відповідно до чинного законодавства.\r\n\r\nВідволікання педагогічних працівників від виконання професійних обов’язків не допускається, за винятком випадків, передбачених зако-нодавством України.\r\n\r\n3.9. Педагогічні працівники зобов’язані:\r\n\r\n          - виконувати Статут, правила внутрішнього розпорядку, умови трудового\r\n\r\n           договору;\r\n\r\n-         забезпечувати емоційний комфорт, захист дитини від будь-яких форм експлуатації та дій, які шкодять її здоров’ю, а також від фізичного та психологічного насильства;\r\n\r\n-         забезпечувати належний рівень викладання навчальних дисциплін\r\n\r\n     відповідно до навчальних програм на рівні обов’язкових державних\r\n\r\n     вимог;\r\n\r\n-         сприяти розвитку інтересів, нахилів та здібностей дітей, а також\r\n\r\nзбереженню їх здоров’я, здійснювати пропаганду здорового способу життя;\r\n\r\n-         сприяти зростанню іміджу навчального закладу;\r\n\r\n-         настановленням і особистим прикладом утверджувати повагу до державної символіки, принципів загальнолюдської моралі;\r\n\r\n-         виховувати в учнів та вихованців повагу до батьків, жінки, старших за віком, народних традицій та звичаїв, духовних та культурних надбань України;\r\n\r\n-         готувати учнів та вихованців до самостійного життя в дусі взаєморозуміння, миру, злагоди між усіма народами, етнічними, національними, релігійними групами;\r\n\r\n-         дотримуватися педагогічної етики, моралі, поважати гідність дитини та її батьків;                                                        \r\n\r\n-         захищати учнів та вихованців від будь-яких форм фізичного або психічного насильства, запобігати вживанню ними алкоголю, наркотиків, тютюну, іншим шкідливим звичкам;                                                \r\n\r\n-         постійно підвищувати свій професійний рівень, педагогічну майстерність, загальну і політичну культуру; виконувати Статут навчального закладу, правила внутрішнього розпорядку, умови контракту чи трудового договору;\r\n\r\n-         виконувати накази і розпорядження керівника навчального закладу, органів управління освітою;\r\n\r\n                                            11\r\n\r\n-         брати участь у роботі педагогічної ради;\r\n\r\n-         проходити щорічні медичні огляди і обов’язкові попередні та періодичні психіатричні огляди в установленому законодавством порядку.', NULL),
(15, 3, 'title', 'Проєкт \"Безпечна школа\"', NULL),
(16, 3, 'video', 'https://www.youtube.com/embed/QLAstfL_JzY', NULL),
(17, 3, 'image', 'https://shkoladnepr4.dnepredu.com/uploads/editor/2602/98024/sitepage_335/images/c_anketa_1.jpg', NULL),
(18, 3, 'subTitle', 'Є питання? \r\nКонсультації з питань реєстрації у проєкті «Безпечна школа»\r\nза номерами телефонів \r\nщодня з 9:00 до 18:00:', NULL),
(19, 3, 'text', 'Поширенні питання проєкту «Безпечна школа»\r\n\r\n1. Що робити після того як заповнили анкету, де замовляти учнівський?\r\nВідповідь\r\nНічого замовляти не потрібно. Після заповнення анкети залишається тільки чекати, протягом 10-14 днів Вам надійде смс повідомлення про те що Ваш учнівський виготовлено. Через деякий час Ви зможете забрати Ваш учнівський у класного керівника, або директора школи.\r\n\r\n2.Під час реєстрації на сайті не додаються сканкопї документів.\r\nВідповідь\r\nЯкщо ви не можете додати сканкопії на сайті реєстрації, то спробуйте зменшити розмір файлів.\r\n\r\n3. На сайті некоректно перекладений текс, багато помилок та незрозумілих слів.\r\nВідповідь\r\nЯкщо у вас на сайті відображається інформація з помилками - це означає, що ваш браузер автоматично переводить частину інформації на російську мову.\r\nДля виправлення помилки спробуйте перезавантажити браузер або відключити автоматичний переклад у налаштуваннях браузера.\r\n\r\n4. Чи обов‘язково підписувати анкету?\r\nВідповідь\r\nТак! Обов\'язково при заповненні в електронному вигляді анкети батьків і анкети дитини необхідно підписати її за допомогою накладення вашої електронного цифрового підпису (ЕЦП), інакше учнівський квиток виготовлений не буде. Без вашого підпису ми не маємо права обробляти і робити верифікацію анкет (без вашої згоди на обробку персональних даних).\r\n\r\n5. Мої дані передаються до третіх осіб?\r\nВідповідь\r\nВідповідно до частини першої статті 16 Закону України «Про захист персональних даних» порядок доступу до персональних даних третіх осіб визначається умовами згоди суб\'єкта персональних даних на обробку цих даних.\r\nВідповідно до частини першої статті 24 Закону України «Про захист персональних даних» розпорядники персональних даних та треті особи зобов\'язані забезпечити захист цих даних від випадкових втрат або знищення, від незаконної обробки, в тому числі незаконного знищення або доступу до персональних даних.\r\nТаким чином, законодавство України зобов\'язує розпорядника персональних даних (КОМУНАЛЬНЕ ПІДПРИЄМСТВО \"Організаційно-аналітична служба \" Дніпровської міської ради) отримати згоду власника на надання персональних даних третім особам (фахівцям комунального підприємства, операторам контактного центру). Надання згоди третім особам (фахівцям комунального підприємства, операторам контактного центру) здійснюється з метою оцифрування даних.', NULL),
(20, 4, 'title', 'Відомості про інформаційне забезпечення', NULL),
(21, 4, 'image', 'https://shkoladnepr4.dnepredu.com/uploads/editor/2602/98024/sitepage_182/images/na_sayt.jpg', NULL),
(22, 5, 'title', 'Матеріально-технічне забезпечення', NULL),
(23, 5, 'image', 'https://shkoladnepr4.dnepredu.com/uploads/editor/2602/98024/sitepage_154/images/ifv33.jpg', NULL),
(24, 6, 'title', 'Правила прийому до закладу', NULL),
(25, 6, 'text', ' Порядок зарахування, відрахування та переведення учнів до державних та комунальних закладів освіти для здобуття повної загальної середньої освіти, затвердженим наказом Міністерства освіти i науки України від 16 квітня 2018 року № 367, зареєстрований в Міністерстві юстиції України 05 травня 2018 р. за № 564/32016.  https://zakon.rada.gov.ua/laws/show/z0564-18. (див. розділ ІІ. \"Зарахування до закладу загальної середньої освіти 1. Зарахування до початкової школи\")', NULL),
(26, 6, 'video', 'https://www.youtube.com/embed/VgnbxIf25VY', NULL),
(27, 6, 'document', 'https://docs.google.com/document/d/e/2PACX-1vQRWX6wlvHTPu76AXCY4XJXb-4tz7E8Pmb-9v8jNW4d_-TSU9tRmGdRUB_sJjmTMg/pub', NULL),
(28, 6, 'subTitle', ' Зарахування до початкової школи', NULL),
(29, 6, 'text', '1. Заява про зарахування дитини до першого класу закладу освіти  подається до закладу одним з батьків дитини особисто до 31 травня. До  заяви додаються:\r\n\r\n  1) копія свідоцтва про народження дитини або документа, що посвідчує особу здобувача освіти (під час подання копії пред\'являється оригінал відповідного документа);\r\n\r\n  2) оригінал або копія медичної довідки за формою первинної облікової документації N 086-1/о \"Довідка учня загальноосвітнього навчального закладу про результати обов\'язкового медичного профілактичного огляду\", затвердженою наказом Міністерства охорони здоров\'я України від 16 серпня 2010 року N 682, зареєстрованим в Міністерстві юстиції України 10 вересня 2010 року за N 794/18089;\r\n\r\n  3) оригінал або копія відповідного документа про освіту (за наявності).\r\n\r\n  У разі наявності та за бажанням одного з батьків при поданні заяви про зарахування може бути пред\'явлено документ, що підтверджує місце проживання дитини чи одного з її батьків на території обслуговування закладу освіти, реквізити якого зазначаються в заяві про зарахування.\r\n\r\n  Впродовж 01 - 15 червня заяви про зарахування не приймаються, що не виключає права батьків подавати їх після 15 червня на вільні місця.\r\n\r\n  Присутність дитини під час подання заяви про зарахування, жеребкування або її зарахування не є обов\'язковою.\r\n\r\n2. Якщо станом на 31 травня кількість поданих заяв про зарахування не перевищує загальної кількості місць у першому (перших) класі (класах), не пізніше 01 червня видається наказ про зарахування усіх дітей.\r\n\r\n  Список зарахованих учнів із зазначенням їх прізвищ оприлюднюється виключно в закладі освіти.\r\n\r\n  Інформація про наявність вільних місць оприлюднюється.\r\n\r\n3. Якщо станом на 31 травня кількість поданих заяв про зарахування перевищує загальну кількість місць у першому (перших) класі (класах), зарахування дітей відбувається за такими правилами:\r\n\r\n  1) до 01 червня включно зараховуються усі діти, місце проживання яких на території обслуговування закладу освіти підтверджене, а також діти, які є рідними (усиновленими) братами та/або сестрами дітей, які здобувають освіту у закладі, чи дітьми працівників закладу;\r\n\r\n  2) до 15 червня включно на вільні місця зараховуються діти, які не проживають на території обслуговування закладу, за результатами жеребкування;\r\n\r\n  3) до 15 червня включно зараховуються на вільні місця та за умови утворення окремого (окремих) класу (класів) також і ті діти, які не проживають на території обслуговування закладу, але мають бажання здобувати освіту за освітньою програмою, що використовується закладом освіти та затверджена Державною службою якості освіти України. У разі якщо кількість поданих заяв перевищує загальну кількість місць у такому класі(класах), зарахування дітей відбувається за результатами жеребкування.\r\n\r\n  Діти зараховуються на вільні місця до закладу освіти за умови подання до 15 червня необхідних документів. Якщо заклад освіти, до якого дитина може бути зарахована на вільне місце, і заклад освіти, на території обслуговування якого проживає ця дитина, розташовані в межах одного населеного пункту, до необхідних документів додається також довідка закладу освіти, на території обслуговування якого проживає дитина, про її відрахування з цього закладу чи незарахування до нього. Така довідка має бути видана закладом освіти, на території якого проживає ця дитина, впродовж одного робочого дня з дати звернення одного з батьків дитини.\r\n\r\n4. Впродовж двох робочих днів з дня зарахування дітей освіти оприлюднює з дотриманням Закону України \"Про захист персональних даних\" на інформаційному стенді закладу освіти, а також на офіційному веб-сайті закладу освіти:\r\n\r\n - список зарахованих учнів із зазначенням лише їх прізвищ;\r\n\r\n - оголошення про дату, час, місце і спосіб проведення жеребкування;\r\n\r\n - інформацію про кількість вільних місць і прізвища дітей, які претендують на вільні місця;\r\n\r\n - наказ керівника закладу освіти про утворення конкурсної комісії у складі 3 осіб для проведення жеребкування.\r\n\r\n5. Після 15 червня зарахування на вільні місця відбувається у такому порядку:\r\n\r\n  - до початку навчального року - діти, які мають право на першочергове зарахування; впродовж навчального року - у порядку надходження заяв про зарахування.\r\n\r\n6. Зарахування дітей до 2 - 4 класів початкової школи відбувається на вільні місця у порядку надходження заяв про зарахування.', NULL),
(30, 6, 'subTitle', 'Для зарахування до 10 (11) класу подаються наступні документи:', NULL),
(31, 6, 'text', '- заява батьків або осіб, які їх замінюють;\r\n\r\n- копія свідоцтва про народження дитини та копія паспорта, при наявності (пред’являється оригінал, який засвідчує достовірність поданого документа);\r\n\r\n- медична довідка встановленого зразка (ФОРМА № 086-1/0, затверджена наказом МОЗ від 16.08.2010 № 682, зі змінами, внесеними наказом МОЗ від 23.05.2012 № 382);\r\n\r\n- документ про відповідний рівень освіти;\r\n\r\n- письмова згода на обробку персональних даних', NULL),
(32, 7, 'title', 'COVID 2019', NULL),
(33, 7, 'image', 'https://shkoladnepr4.dnepredu.com/uploads/editor/2602/98024/sitepage_349/images/doctor4.jpg', NULL),
(34, 7, 'image', 'https://shkoladnepr4.dnepredu.com/uploads/editor/2602/98024/sitepage_349/images/inf_covid_19_grip_1600x1200_rgb_72dpi.png', NULL),
(35, 7, 'image', 'https://shkoladnepr4.dnepredu.com/uploads/editor/2602/98024/sitepage_349/images/informaciyniy_plakat_koronavirus_1_1536x1086.jpg', NULL),
(36, 7, 'image', 'https://shkoladnepr4.dnepredu.com/uploads/editor/2602/98024/sitepage_349/images/1581062513_27797.png', NULL),
(37, 7, 'image', 'https://shkoladnepr4.dnepredu.com/uploads/editor/2602/98024/sitepage_349/images/5e333457bc8ae_1.png', NULL);

-- --------------------------------------------------------

--
-- Структура таблицы `subject`
--

CREATE TABLE `subject` (
  `id` int(11) NOT NULL,
  `subjectName` varchar(50) CHARACTER SET utf8 COLLATE utf8_unicode_ci NOT NULL
) ENGINE=InnoDB DEFAULT CHARSET=utf8mb4 COLLATE=utf8mb4_unicode_ci;

--
-- Дамп данных таблицы `subject`
--

INSERT INTO `subject` (`id`, `subjectName`) VALUES
(1, 'історія україни'),
(2, 'всесвітня історія'),
(3, 'англійська мова'),
(4, 'українська мова'),
(5, 'фіз-ра'),
(6, 'географія'),
(7, 'математика'),
(8, 'правознавство'),
(9, 'основи здоров\'я');

-- --------------------------------------------------------

--
-- Структура таблицы `tabs`
--

CREATE TABLE `tabs` (
  `id` int(11) NOT NULL,
  `name` varchar(50) COLLATE utf8_unicode_ci NOT NULL
) ENGINE=InnoDB DEFAULT CHARSET=utf8 COLLATE=utf8_unicode_ci;

--
-- Дамп данных таблицы `tabs`
--

INSERT INTO `tabs` (`id`, `name`) VALUES
(1, 'Фінансова діяльність'),
(2, 'Статут закладу освіти'),
(3, 'Проєкт \"Безпечна школа\"'),
(4, 'Відомості про інформаційне забезпечення'),
(5, 'Матеріально-технічне забезпечення'),
(6, 'Правила прийому до закладу'),
(7, 'COVID 2019');

-- --------------------------------------------------------

--
-- Структура таблицы `teacher`
--

CREATE TABLE `teacher` (
  `id` int(11) NOT NULL,
  `idSubject` int(11) NOT NULL,
  `idTeacher` int(11) NOT NULL
) ENGINE=InnoDB DEFAULT CHARSET=utf8mb4 COLLATE=utf8mb4_unicode_ci;

--
-- Индексы сохранённых таблиц
--

--
-- Индексы таблицы `calendar`
--
ALTER TABLE `calendar`
  ADD PRIMARY KEY (`id`);

--
-- Индексы таблицы `class`
--
ALTER TABLE `class`
  ADD PRIMARY KEY (`id`),
  ADD KEY `class_ibfk_1` (`idStudent`);

--
-- Индексы таблицы `feedback`
--
ALTER TABLE `feedback`
  ADD PRIMARY KEY (`id`,`email`);

--
-- Индексы таблицы `gallery`
--
ALTER TABLE `gallery`
  ADD PRIMARY KEY (`id`),
  ADD KEY `idGallery` (`idGallery`);

--
-- Индексы таблицы `gallerytabs`
--
ALTER TABLE `gallerytabs`
  ADD PRIMARY KEY (`id`);

--
-- Индексы таблицы `login`
--
ALTER TABLE `login`
  ADD PRIMARY KEY (`id`,`email`);

--
-- Индексы таблицы `mark`
--
ALTER TABLE `mark`
  ADD PRIMARY KEY (`id`),
  ADD KEY `idStudent` (`idStudent`),
  ADD KEY `idSubject` (`idSubject`);

--
-- Индексы таблицы `pagetabs`
--
ALTER TABLE `pagetabs`
  ADD PRIMARY KEY (`id`),
  ADD KEY `idTabs` (`idTabs`);

--
-- Индексы таблицы `subject`
--
ALTER TABLE `subject`
  ADD PRIMARY KEY (`id`);

--
-- Индексы таблицы `tabs`
--
ALTER TABLE `tabs`
  ADD PRIMARY KEY (`id`);

--
-- Индексы таблицы `teacher`
--
ALTER TABLE `teacher`
  ADD PRIMARY KEY (`id`),
  ADD KEY `idTeacher` (`idTeacher`),
  ADD KEY `idSubject` (`idSubject`);

--
-- AUTO_INCREMENT для сохранённых таблиц
--

--
-- AUTO_INCREMENT для таблицы `calendar`
--
ALTER TABLE `calendar`
  MODIFY `id` int(11) NOT NULL AUTO_INCREMENT, AUTO_INCREMENT=24;

--
-- AUTO_INCREMENT для таблицы `class`
--
ALTER TABLE `class`
  MODIFY `id` int(11) NOT NULL AUTO_INCREMENT, AUTO_INCREMENT=7;

--
-- AUTO_INCREMENT для таблицы `feedback`
--
ALTER TABLE `feedback`
  MODIFY `id` int(11) NOT NULL AUTO_INCREMENT, AUTO_INCREMENT=16;

--
-- AUTO_INCREMENT для таблицы `gallery`
--
ALTER TABLE `gallery`
  MODIFY `id` int(11) NOT NULL AUTO_INCREMENT, AUTO_INCREMENT=9;

--
-- AUTO_INCREMENT для таблицы `gallerytabs`
--
ALTER TABLE `gallerytabs`
  MODIFY `id` int(11) NOT NULL AUTO_INCREMENT, AUTO_INCREMENT=3;

--
-- AUTO_INCREMENT для таблицы `login`
--
ALTER TABLE `login`
  MODIFY `id` int(11) NOT NULL AUTO_INCREMENT, AUTO_INCREMENT=8;

--
-- AUTO_INCREMENT для таблицы `mark`
--
ALTER TABLE `mark`
  MODIFY `id` int(11) NOT NULL AUTO_INCREMENT, AUTO_INCREMENT=32;

--
-- AUTO_INCREMENT для таблицы `pagetabs`
--
ALTER TABLE `pagetabs`
  MODIFY `id` int(11) NOT NULL AUTO_INCREMENT, AUTO_INCREMENT=38;

--
-- AUTO_INCREMENT для таблицы `subject`
--
ALTER TABLE `subject`
  MODIFY `id` int(11) NOT NULL AUTO_INCREMENT, AUTO_INCREMENT=10;

--
-- AUTO_INCREMENT для таблицы `tabs`
--
ALTER TABLE `tabs`
  MODIFY `id` int(11) NOT NULL AUTO_INCREMENT, AUTO_INCREMENT=8;

--
-- AUTO_INCREMENT для таблицы `teacher`
--
ALTER TABLE `teacher`
  MODIFY `id` int(11) NOT NULL AUTO_INCREMENT;

--
-- Ограничения внешнего ключа сохраненных таблиц
--

--
-- Ограничения внешнего ключа таблицы `class`
--
ALTER TABLE `class`
  ADD CONSTRAINT `class_ibfk_1` FOREIGN KEY (`idStudent`) REFERENCES `login` (`id`);

--
-- Ограничения внешнего ключа таблицы `gallery`
--
ALTER TABLE `gallery`
  ADD CONSTRAINT `gallery_ibfk_1` FOREIGN KEY (`idGallery`) REFERENCES `gallerytabs` (`id`);

--
-- Ограничения внешнего ключа таблицы `mark`
--
ALTER TABLE `mark`
  ADD CONSTRAINT `mark_ibfk_1` FOREIGN KEY (`idStudent`) REFERENCES `login` (`id`),
  ADD CONSTRAINT `mark_ibfk_2` FOREIGN KEY (`idSubject`) REFERENCES `subject` (`id`);

--
-- Ограничения внешнего ключа таблицы `pagetabs`
--
ALTER TABLE `pagetabs`
  ADD CONSTRAINT `pagetabs_ibfk_1` FOREIGN KEY (`idTabs`) REFERENCES `tabs` (`id`);

--
-- Ограничения внешнего ключа таблицы `teacher`
--
ALTER TABLE `teacher`
  ADD CONSTRAINT `teacher_ibfk_1` FOREIGN KEY (`idTeacher`) REFERENCES `login` (`id`),
  ADD CONSTRAINT `teacher_ibfk_2` FOREIGN KEY (`idSubject`) REFERENCES `subject` (`id`);
COMMIT;

/*!40101 SET CHARACTER_SET_CLIENT=@OLD_CHARACTER_SET_CLIENT */;
/*!40101 SET CHARACTER_SET_RESULTS=@OLD_CHARACTER_SET_RESULTS */;
/*!40101 SET COLLATION_CONNECTION=@OLD_COLLATION_CONNECTION */;
