INSERT INTO PESSOA (CPF, NOME_COMPLETO, DATA_NASC, RUA, NUMERO, BAIRRO, COMPLEMENTO, CIDADE, ESTADO, CELULAR, TEL_CONTATO, EMAIL, NIVEL_FORMACAO, TIPO)
VALUES ('11122233344', 'ADILSON VALERIO', TO_DATE('1980/11/25', 'YYYY/MM/DD'), 'ALAMEDA DAS MAGNOLIAS', '212', 'JARDINS', 'CASA', 'DIADEMA', 'SP', '11980807070', NULL, 'ADILSON.VALERIO7733@GMAIL.COM', 'FUNDAMENTAL', 'FUNCIONARIO');
INSERT INTO PESSOA (CPF, NOME_COMPLETO, DATA_NASC, RUA, NUMERO, BAIRRO, COMPLEMENTO, CIDADE, ESTADO, CELULAR, TEL_CONTATO, EMAIL, NIVEL_FORMACAO, TIPO)
VALUES ('22244466688', 'MARIA ELIZABETH', TO_DATE('1998/02/09', 'YYYY/MM/DD'), 'RUA DOS COMENDADORES', '41', 'CENTRO', 'APTO 21', 'FLORIANOPOLIS', 'SC', '48990901122', '48930318945', 'MARIAZINHA123.ELIZABETH@UOL.COM.BR', 'MEDIO', 'ALUNO');
INSERT INTO PESSOA (CPF, NOME_COMPLETO, DATA_NASC, RUA, NUMERO, BAIRRO, COMPLEMENTO, CIDADE, ESTADO, CELULAR, TEL_CONTATO, EMAIL, NIVEL_FORMACAO, TIPO)
VALUES ('68594258932', 'BADARO DA FONSECA', TO_DATE('1970/06/01', 'YYYY/MM/DD'), 'AVENIDA EPISCOPAL', '1965', 'PONTA DA PRAIA', 'APTO51', 'SANTOS', 'SP', '13996510002', NULL, 'OGRANDEBADARO@GMAIL.COM', NULL, NULL);
INSERT INTO PESSOA (CPF, NOME_COMPLETO, DATA_NASC, RUA, NUMERO, BAIRRO, COMPLEMENTO, CIDADE, ESTADO, CELULAR, TEL_CONTATO, EMAIL, NIVEL_FORMACAO, TIPO)
VALUES ('75962489536', 'SAMANTHA COLLIGIARI', TO_DATE('1988/09/19', 'YYYY/MM/DD'), 'RUA DAS CAMELIAS', '289', 'CIDADE JARDIM', 'CASA', 'SAO CARLOS', 'SP', '16994825795', '16998986464', 'SAMANTHA.COLLIGIARI@USP.BR', 'SUPERIOR', 'INSTRUTOR');
INSERT INTO PESSOA (CPF, NOME_COMPLETO, DATA_NASC, RUA, NUMERO, BAIRRO, COMPLEMENTO, CIDADE, ESTADO, CELULAR, TEL_CONTATO, EMAIL, NIVEL_FORMACAO, TIPO)
VALUES ('11133344455', 'JOAO HANSEL', TO_DATE('1988/12/12', 'YYYY/MM/DD'), 'RUA DOS JASMINS', '1234', 'CIDADE JARDIM', 'CASA', 'SAO CARLOS', 'SP', '16998805410', NULL, 'JOAO.HANSEL@USP.BR', 'SUPERIOR', 'COORDENADOR');
INSERT INTO PESSOA (CPF, NOME_COMPLETO, DATA_NASC, RUA, NUMERO, BAIRRO, COMPLEMENTO, CIDADE, ESTADO, CELULAR, TEL_CONTATO, EMAIL, NIVEL_FORMACAO, TIPO)
VALUES ('99988866622', 'MARIA GRETA', TO_DATE('2000/09/30', 'YYYY/MM/DD'), 'RUA DOS CACTOS', '8420', 'CIDADE JARDIM', 'APTO141', 'SAO CARLOS', 'SP', '16999900999', '16930306060', 'MARIA.GRETA@USP.BR', 'SUPERIOR', 'ADMINISTRADOR');
INSERT INTO PESSOA (CPF, NOME_COMPLETO, DATA_NASC, RUA, NUMERO, BAIRRO, COMPLEMENTO, CIDADE, ESTADO, CELULAR, TEL_CONTATO, EMAIL, NIVEL_FORMACAO, TIPO)
VALUES ('99977788855', 'DONALD DUCK', TO_DATE('1983/11/12', 'YYYY/MM/DD'), 'RUA DOS CACTOS', '8420', 'CIDADE JARDIM', 'APTO204', 'SAO CARLOS', 'SP', '16999881199', NULL, 'DONALD.DUCK@USP.BR', 'MEDIO', 'FUNCIONARIO');
INSERT INTO PESSOA (CPF, NOME_COMPLETO, DATA_NASC, RUA, NUMERO, BAIRRO, COMPLEMENTO, CIDADE, ESTADO, CELULAR, TEL_CONTATO, EMAIL, NIVEL_FORMACAO, TIPO)
VALUES ('15565545588', 'HELCIO SAMPAIO', TO_DATE('1980/12/15', 'YYYY/MM/DD'), 'RUA DAS BROMELIAS', '444', 'JARDIM PAULISTANO', 'CASA', 'SAO CARLOS', 'SP', '16994445566', NULL, 'HELCIO.SAMPAIO@USP.BR', 'SUPERIOR', 'INSTRUTOR');
INSERT INTO PESSOA (CPF, NOME_COMPLETO, DATA_NASC, RUA, NUMERO, BAIRRO, COMPLEMENTO, CIDADE, ESTADO, CELULAR, TEL_CONTATO, EMAIL, NIVEL_FORMACAO, TIPO)
VALUES ('66644422299', 'DOUGLAS SANTOS', TO_DATE('1965/04/20', 'YYYY/MM/DD'), 'PRA�A DO SALGUEIRO', '55', 'SAUDE', 'APTO161', 'SAO PAULO', 'SP', '11998877665', NULL, 'DOUGLAS.SANTOS@USP.BR', 'SUPERIOR', 'COORDENADOR');

INSERT INTO FUNCIONARIO (PESSOA, DATA_CONTRATACAO) VALUES ('11122233344', TO_DATE('2015/01/10', 'YYYY/MM/DD'));
INSERT INTO FUNCIONARIO (PESSOA, DATA_CONTRATACAO) VALUES ('75962489536', TO_DATE('2016/10/05', 'YYYY/MM/DD'));
INSERT INTO FUNCIONARIO (PESSOA, DATA_CONTRATACAO) VALUES ('11133344455', TO_DATE('2016/12/05', 'YYYY/MM/DD'));
INSERT INTO FUNCIONARIO (PESSOA, DATA_CONTRATACAO) VALUES ('99988866622', TO_DATE('2011/06/08', 'YYYY/MM/DD'));
INSERT INTO FUNCIONARIO (PESSOA, DATA_CONTRATACAO) VALUES ('99977788855', TO_DATE('2018/10/05', 'YYYY/MM/DD'));
INSERT INTO FUNCIONARIO (PESSOA, DATA_CONTRATACAO) VALUES ('15565545588', TO_DATE('2002/11/17', 'YYYY/MM/DD'));
INSERT INTO FUNCIONARIO (PESSOA, DATA_CONTRATACAO) VALUES ('66644422299', TO_DATE('1999/03/10', 'YYYY/MM/DD'));


INSERT INTO INSTRUTOR (FUNCIONARIO, AREA_ESPECIALIDADE) VALUES ('99977788855', 'COMPUTACAO');
INSERT INTO INSTRUTOR (FUNCIONARIO, AREA_ESPECIALIDADE) VALUES ('15565545588', 'ARQUITETURA');

INSERT INTO COORDENADOR (FUNCIONARIO, AREA_ESPECIALIDADE) VALUES ('11133344455', 'COMPUTACAO');
INSERT INTO COORDENADOR (FUNCIONARIO, AREA_ESPECIALIDADE) VALUES ('66644422299', 'MEDICINA');

INSERT INTO ADMINISTRADOR (FUNCIONARIO) VALUES ('99988866622');

INSERT INTO ALUNO (PESSOA, MENTOR) VALUES ('22244466688', '99988866622');

INSERT INTO CURSO (CODIGO, NOME, AREA, SUB_AREA, CARGA_HORARIA, VALOR, COORDENADOR)
VALUES ('1111AAAA', 'SISTEMAS DE INFORMACAO', 'COMPUTACAO', 'BSI', 300, 5000, '11133344455');
INSERT INTO CURSO (CODIGO, NOME, AREA, SUB_AREA, CARGA_HORARIA, VALOR, COORDENADOR)
VALUES ('2222BBBB', 'HISTOLOGIA', 'BIOLOGIA DOS TECIDOS', 'MEDICINA', 200, 1000, '66644422299'); 

INSERT INTO MATERIALAPOIO (CURSO, NOME) VALUES ('1111AAAA', 'MACBOOK PRO');
INSERT INTO MATERIALAPOIO (CURSO, NOME) VALUES ('2222BBBB', 'MICROSCOPIO');

INSERT INTO TURMA (CURSO, NUMERO, DATA_INICIO, DATA_FIM, TOTAL_VAGAS, VAGAS_TRANSFORMA, VAGAS_PADRAO_LIVRES, VAGAS_TRANSFORMA_LIVRES, INSTRUTOR)
VALUES ('1111AAAA', 1, TO_DATE('2015/02/28', 'YYYY/MM/DD'), TO_DATE('2016/03/30', 'YYYY/MM/DD'), 60, 6, 54, 6, '99977788855');
INSERT INTO TURMA (CURSO, NUMERO, DATA_INICIO, DATA_FIM, TOTAL_VAGAS, VAGAS_TRANSFORMA, VAGAS_PADRAO_LIVRES, VAGAS_TRANSFORMA_LIVRES, INSTRUTOR)
VALUES ('2222BBBB', 2, TO_DATE('2018/06/01', 'YYYY/MM/DD'), TO_DATE('2018/07/01', 'YYYY/MM/DD'), 80, 10, 70, 10, '15565545588');

INSERT INTO AULA (CURSO, TURMA, DIA_SEMANA, HORARIO)
VALUES ('1111AAAA', 1, 'QUARTA', TO_TIMESTAMP('01/01/2015 08:00:00','MM/DD/YYYY HH24:MI:SS'));
INSERT INTO AULA (CURSO, TURMA, DIA_SEMANA, HORARIO)
VALUES ('2222BBBB', 2, 'SEXTA', TO_TIMESTAMP('01/01/2015 10:00:00','MM/DD/YYYY HH24:MI:SS'));

INSERT INTO OFERECIMENTO (INSTRUTOR, CURSO, TURMA, DATA)
VALUES ('99977788855', '1111AAAA', 1, TO_DATE('2016/04/28', 'YYYY/MM/DD'));
INSERT INTO OFERECIMENTO (INSTRUTOR, CURSO, TURMA, DATA)
VALUES ('15565545588', '2222BBBB', 2, TO_DATE('2018/04/15', 'YYYY/MM/DD'));

INSERT INTO MATRICULA (ALUNO, CURSO, TURMA, DATA, E_TRANSFORMA, VALOR, PAGO, MEDIA_ATIVIDADES, CONCLUIDO, APROVADO)
VALUES ('22244466688', '2222BBBB', 2, TO_DATE('2018/01/25', 'YYYY/MM/DD'), 'S', 30, 'N', NULL, 'N', NULL);
INSERT INTO MATRICULA (ALUNO, CURSO, TURMA, DATA, E_TRANSFORMA, VALOR, PAGO, MEDIA_ATIVIDADES, CONCLUIDO, APROVADO)
VALUES ('22244466688', '1111AAAA', 1, TO_DATE('2016/01/20', 'YYYY/MM/DD'), 'S', 30, 'S', 8.9, 'S', 'S');

INSERT INTO ATIVIDADE (INSTRUTOR, CURSO, TURMA, DATA, NOME)
VALUES ('99977788855', '1111AAAA', 1, TO_DATE('2016/04/28', 'YYYY/MM/DD'), 'PROVA1');
INSERT INTO ATIVIDADE (INSTRUTOR, CURSO, TURMA, DATA, NOME)
VALUES ('15565545588', '2222BBBB', 2, TO_DATE('2018/04/15', 'YYYY/MM/DD'), 'TRABALHO FINAL');

INSERT INTO REALIZAATIVIDADE (ALUNO, INSTRUTOR, CURSO, TURMA, DATA, ATIVIDADE, DATA_REALIZACAO, NOTA)
VALUES ('22244466688', '99977788855', '1111AAAA', 1, TO_DATE('2016/04/28', 'YYYY/MM/DD'), 'PROVA1', TO_DATE('2016/06/30', 'YYYY/MM/DD'), 7.0);
INSERT INTO REALIZAATIVIDADE (ALUNO, INSTRUTOR, CURSO, TURMA, DATA, ATIVIDADE, DATA_REALIZACAO, NOTA)
VALUES ('22244466688', '15565545588', '2222BBBB', 2, TO_DATE('2018/04/15', 'YYYY/MM/DD'), 'TRABALHO FINAL', TO_DATE('2018/06/15', 'YYYY/MM/DD'), 10.0);

INSERT INTO MENTORIA (ALUNO, MENTOR, DATA_INICIO, DATA_TERMINO, GEROU_CONTRATACAO)
VALUES ('22244466688', '99988866622', TO_DATE('2018/04/15', 'YYYY/MM/DD'), TO_DATE('2018/06/15', 'YYYY/MM/DD'), DEFAULT);
INSERT INTO MENTORIA (ALUNO, MENTOR, DATA_INICIO, DATA_TERMINO, GEROU_CONTRATACAO)
VALUES ('22244466688', '99988866622', TO_DATE('2016/04/28', 'YYYY/MM/DD'), TO_DATE('2016/07/30', 'YYYY/MM/DD'), 'S');

INSERT INTO INSTITUICAOAPOIADORA (CNPJ, NOME_FANTASIA, TELEFONE_COMERCIAL, RUA, NUMERO, BAIRRO, CIDADE, ESTADO, COMPLEMENTO, NOME_REPR, TELEFONE_REPR, TIPO)
VALUES('10458462840001', 'COMPUTADORES E CIA', '11980908090', 'AVENIDA PAULISTA', 7000, 'CONSOLACAO', 'SAO PAULO', 'SP', '2� ANDAR, BLOCO 2', 'JOSE DIAS', '11993935050', 'PRIVADA');
INSERT INTO INSTITUICAOAPOIADORA (CNPJ, NOME_FANTASIA, TELEFONE_COMERCIAL, RUA, NUMERO, BAIRRO, CIDADE, ESTADO, COMPLEMENTO, NOME_REPR, TELEFONE_REPR, TIPO)
VALUES('90374624810001', 'HOSPITAL SANTA CLARA', '16970706060', 'RUA DOS ALFAIATES', 23, 'JARDIM SANTA PAULA', 'SAO CARLOS', 'SP', NULL, 'EVANDRO COSTA', '16989446565', 'PUBLICA');

INSERT INTO DOACAOEQUIPAMENTOS (DATA, INSTITUICAO, MENTOR, DATA_INICIO, ALUNO, VALOR_NOM_TOTAL)
VALUES(TO_DATE('2020/06/15', 'YYYY/MM/DD'), '90374624810001', '99988866622', TO_DATE('2016/04/28', 'YYYY/MM/DD'), '22244466688', 2000);
INSERT INTO DOACAOEQUIPAMENTOS (DATA, INSTITUICAO, MENTOR, DATA_INICIO, ALUNO, VALOR_NOM_TOTAL)
VALUES(TO_DATE('2020/03/03', 'YYYY/MM/DD'), '10458462840001', '99988866622', TO_DATE('2018/04/15', 'YYYY/MM/DD'), '22244466688', 4562.65);

INSERT INTO EQUIPAMENTODOADO (CNPJ, DATA, ADMINISTRADOR, DATA_INICIO, ALUNO, NOME, DESCRICAO, QUANTIDADE, VALOR_NOMINAL)
VALUES('90374624810001', TO_DATE('2020/06/15', 'YYYY/MM/DD'), '99988866622', TO_DATE('2016/04/28', 'YYYY/MM/DD'), '22244466688', 'MICROSCOPIO', 'MICROSCOPIO OPTICO 2000X QUATRO LENTES', 1, 2000);
INSERT INTO EQUIPAMENTODOADO (CNPJ, DATA, ADMINISTRADOR, DATA_INICIO, ALUNO, NOME, DESCRICAO, QUANTIDADE, VALOR_NOMINAL)
VALUES('10458462840001', TO_DATE('2020/03/03', 'YYYY/MM/DD'), '99988866622', TO_DATE('2018/04/15', 'YYYY/MM/DD'), '22244466688', 'NOTEBOOK', 'NOTEBOOK PRO 16GB DDR4 RTX2080', 1, 4562.65);

INSERT INTO DOACAOFINANCEIRA (INSTITUICAO, ADMINISTRADOR, ALUNO, CURSO, TURMA, DATA_MATRICULA, DATA, VALOR)
VALUES ('10458462840001', '99988866622', '22244466688', '2222BBBB', 2, TO_DATE('2018/01/25', 'YYYY/MM/DD'), TO_DATE('2018/05/07', 'YYYY/MM/DD'), 300.00);
INSERT INTO DOACAOFINANCEIRA (INSTITUICAO, ADMINISTRADOR, ALUNO, CURSO, TURMA, DATA_MATRICULA, DATA, VALOR)
VALUES ('90374624810001', '99988866622', '22244466688', '1111AAAA', 1, TO_DATE('2016/01/20', 'YYYY/MM/DD'), TO_DATE('2016/04/01', 'YYYY/MM/DD'), 2000.00);