USE [master]
GO
/****** Object:  Database [QL_HocSinh]    Script Date: 03/11/2017 1:46:03 PM ******/
CREATE DATABASE [QL_HocSinh]
 CONTAINMENT = NONE
 ON  PRIMARY 
( NAME = N'QLHS_DATA', FILENAME = N'E:\NHAP MON CONG NGHE PHAN MEM\QLHS.MDF' , SIZE = 51200KB , MAXSIZE = UNLIMITED, FILEGROWTH = 10240KB )
 LOG ON 
( NAME = N'QLHS_LOG', FILENAME = N'E:\NHAP MON CONG NGHE PHAN MEM\QLHS.LDF' , SIZE = 51200KB , MAXSIZE = 102400KB , FILEGROWTH = 10240KB )
GO
ALTER DATABASE [QL_HocSinh] SET COMPATIBILITY_LEVEL = 110
GO
IF (1 = FULLTEXTSERVICEPROPERTY('IsFullTextInstalled'))
begin
EXEC [QL_HocSinh].[dbo].[sp_fulltext_database] @action = 'enable'
end
GO
ALTER DATABASE [QL_HocSinh] SET ANSI_NULL_DEFAULT OFF 
GO
ALTER DATABASE [QL_HocSinh] SET ANSI_NULLS OFF 
GO
ALTER DATABASE [QL_HocSinh] SET ANSI_PADDING OFF 
GO
ALTER DATABASE [QL_HocSinh] SET ANSI_WARNINGS OFF 
GO
ALTER DATABASE [QL_HocSinh] SET ARITHABORT OFF 
GO
ALTER DATABASE [QL_HocSinh] SET AUTO_CLOSE ON 
GO
ALTER DATABASE [QL_HocSinh] SET AUTO_CREATE_STATISTICS ON 
GO
ALTER DATABASE [QL_HocSinh] SET AUTO_SHRINK OFF 
GO
ALTER DATABASE [QL_HocSinh] SET AUTO_UPDATE_STATISTICS ON 
GO
ALTER DATABASE [QL_HocSinh] SET CURSOR_CLOSE_ON_COMMIT OFF 
GO
ALTER DATABASE [QL_HocSinh] SET CURSOR_DEFAULT  GLOBAL 
GO
ALTER DATABASE [QL_HocSinh] SET CONCAT_NULL_YIELDS_NULL OFF 
GO
ALTER DATABASE [QL_HocSinh] SET NUMERIC_ROUNDABORT OFF 
GO
ALTER DATABASE [QL_HocSinh] SET QUOTED_IDENTIFIER OFF 
GO
ALTER DATABASE [QL_HocSinh] SET RECURSIVE_TRIGGERS OFF 
GO
ALTER DATABASE [QL_HocSinh] SET  DISABLE_BROKER 
GO
ALTER DATABASE [QL_HocSinh] SET AUTO_UPDATE_STATISTICS_ASYNC OFF 
GO
ALTER DATABASE [QL_HocSinh] SET DATE_CORRELATION_OPTIMIZATION OFF 
GO
ALTER DATABASE [QL_HocSinh] SET TRUSTWORTHY OFF 
GO
ALTER DATABASE [QL_HocSinh] SET ALLOW_SNAPSHOT_ISOLATION OFF 
GO
ALTER DATABASE [QL_HocSinh] SET PARAMETERIZATION SIMPLE 
GO
ALTER DATABASE [QL_HocSinh] SET READ_COMMITTED_SNAPSHOT OFF 
GO
ALTER DATABASE [QL_HocSinh] SET HONOR_BROKER_PRIORITY OFF 
GO
ALTER DATABASE [QL_HocSinh] SET RECOVERY SIMPLE 
GO
ALTER DATABASE [QL_HocSinh] SET  MULTI_USER 
GO
ALTER DATABASE [QL_HocSinh] SET PAGE_VERIFY CHECKSUM  
GO
ALTER DATABASE [QL_HocSinh] SET DB_CHAINING OFF 
GO
ALTER DATABASE [QL_HocSinh] SET FILESTREAM( NON_TRANSACTED_ACCESS = OFF ) 
GO
ALTER DATABASE [QL_HocSinh] SET TARGET_RECOVERY_TIME = 0 SECONDS 
GO
USE [QL_HocSinh]
GO
/****** Object:  StoredProcedure [dbo].[C]    Script Date: 03/11/2017 1:46:03 PM ******/
SET ANSI_NULLS ON
GO
SET QUOTED_IDENTIFIER ON
GO
CREATE PROC [dbo].[C] (@MAHS INT)
AS
BEGIN
	IF ((SELECT LOP.LOAIKHOI FROM LOP,HOCSINH WHERE LOP.TENLOP= HOCSINH.LOP AND HOCSINH.MAHS=@MAHS)='A')
	PRINT'A'
END
GO
/****** Object:  UserDefinedFunction [dbo].[FC_SEARCH]    Script Date: 03/11/2017 1:46:03 PM ******/
SET ANSI_NULLS ON
GO
SET QUOTED_IDENTIFIER ON
GO
CREATE FUNCTION [dbo].[FC_SEARCH] (@MAHS INT,@HK int)
RETURNS FLOAT
AS BEGIN
	DECLARE @KQ FLOAT
	IF ((SELECT LOP.LOAIKHOI FROM LOP,HOCSINH WHERE LOP.TENLOP= HOCSINH.LOP AND HOCSINH.MAHS=@MAHS)='A')
	BEGIN
		SELECT @KQ = SUM(IIF(BANGDIEM.MON!='TOAN' AND BANGDIEM.MON!='LY' AND BANGDIEM.MON!='HOA',Round((BANGDIEM.DIEM15+BANGDIEM.DIEM1T*2+BANGDIEM.DIEMCHK*3)/6,2),Round((BANGDIEM.DIEM15+BANGDIEM.DIEM1T*2+BANGDIEM.DIEMCHK*3)/6,2)*2))/((SELECT COUNT(MAMH) FROM MONHOC)+3)
		FROM BANGDIEM,LOP,HOCSINH 
		WHERE BANGDIEM.MAHS = HOCSINH.MAHS AND HOCSINH.LOP = LOP.TENLOP AND BANGDIEM.MAHS=@MAHS and BANGDIEM.HOCKY=@HK
	END
	ELSE IF ((SELECT LOP.LOAIKHOI FROM LOP,HOCSINH WHERE LOP.TENLOP= HOCSINH.LOP AND HOCSINH.MAHS=@MAHS)='C')
	BEGIN
		SELECT @KQ = SUM(IIF(BANGDIEM.MON!='VAN' AND BANGDIEM.MON!='SU' AND BANGDIEM.MON!='DIA',Round((BANGDIEM.DIEM15+BANGDIEM.DIEM1T*2+BANGDIEM.DIEMCHK*3)/6,2),Round((BANGDIEM.DIEM15+BANGDIEM.DIEM1T*2+BANGDIEM.DIEMCHK*3)/6,2)*2))/((SELECT COUNT(MAMH) FROM MONHOC)+3)
		FROM BANGDIEM,LOP,HOCSINH 
		WHERE BANGDIEM.MAHS = HOCSINH.MAHS AND HOCSINH.LOP = LOP.TENLOP AND BANGDIEM.MAHS=@MAHS AND BANGDIEM.HOCKY=@HK
	END
	ELSE
	BEGIN
		SELECT @KQ = SUM(Round((BANGDIEM.DIEM15+BANGDIEM.DIEM1T*2+BANGDIEM.DIEMCHK*3)/6,2))/(SELECT COUNT(MAMH) FROM MONHOC)
		FROM BANGDIEM,HOCSINH,LOP 
		WHERE BANGDIEM.MAHS = HOCSINH.MAHS AND HOCSINH.LOP = LOP.TENLOP AND HOCSINH.MAHS=@MAHS AND HOCKY=@HK
	END
	RETURN @KQ
END
GO
/****** Object:  UserDefinedFunction [dbo].[TIMTHEOLOP]    Script Date: 03/11/2017 1:46:03 PM ******/
SET ANSI_NULLS ON
GO
SET QUOTED_IDENTIFIER ON
GO
CREATE FUNCTION [dbo].[TIMTHEOLOP] (@LOP NVARCHAR(4))
RETURNS @bangketqua table (
	MAHS  int,
	HOTEN nvarchar(30),
	LOP nvarchar(4),
	DTB1 float,
	DTB2 float
) AS
BEGIN
	DECLARE @KQ TABLE(MAHSI INT)
	INSERT INTO @KQ SELECT MAHS FROM HOCSINH WHERE LOP=@LOP
	INSERT INTO @bangketqua SELECT HOCSINH.MAHS ,HOCSINH.HOTEN ,LOP.TENLOP ,DBO.FC_SEARCH(MAHSI,'1') ,DBO.FC_SEARCH(MAHSI,'2')
	FROM HOCSINH,LOP,@KQ WHERE HOCSINH.LOP = LOP.TENLOP AND HOCSINH.MAHS=MAHSI
	RETURN
END
GO
/****** Object:  UserDefinedFunction [dbo].[TIMTHEOTEN]    Script Date: 03/11/2017 1:46:03 PM ******/
SET ANSI_NULLS ON
GO
SET QUOTED_IDENTIFIER ON
GO
CREATE FUNCTION [dbo].[TIMTHEOTEN] (@TENHS NVARCHAR(30))
RETURNS @bangketqua table (
	MAHS  int,
	HOTEN nvarchar(30),
	LOP nvarchar(4),
	DTB1 float,
	DTB2 float
) AS
BEGIN
	DECLARE @KQ TABLE(MAHSI INT)
	INSERT INTO @KQ SELECT HOCSINH.MAHS FROM HOCSINH WHERE HOCSINH.HOTEN LIKE @TENHS+'%'
	INSERT INTO @bangketqua SELECT HOCSINH.MAHS ,HOCSINH.HOTEN ,LOP.TENLOP ,DBO.FC_SEARCH(MAHSI,'1') ,DBO.FC_SEARCH(MAHSI,'2')
	FROM HOCSINH,LOP,@KQ WHERE HOCSINH.LOP = LOP.TENLOP AND HOCSINH.MAHS=MAHSI
	RETURN
END
GO
/****** Object:  UserDefinedFunction [dbo].[TINHDTB]    Script Date: 03/11/2017 1:46:03 PM ******/
SET ANSI_NULLS ON
GO
SET QUOTED_IDENTIFIER ON
GO
CREATE FUNCTION [dbo].[TINHDTB] (@MAHS INT)
RETURNS @bangketqua table (
	MAHS  int,
	HOTEN nvarchar(30),
	LOP nvarchar(4),
	DTB1 float,
	DTB2 float
) AS
BEGIN
	INSERT INTO @bangketqua SELECT HOCSINH.MAHS ,HOCSINH.HOTEN ,LOP.TENLOP ,DBO.FC_SEARCH(@MAHS,'1') ,DBO.FC_SEARCH(@MAHS,'2')
	FROM HOCSINH,LOP WHERE HOCSINH.LOP = LOP.TENLOP AND HOCSINH.MAHS=@MAHS
	RETURN
END
GO
/****** Object:  Table [dbo].[BANGDIEM]    Script Date: 03/11/2017 1:46:03 PM ******/
SET ANSI_NULLS ON
GO
SET QUOTED_IDENTIFIER ON
GO
CREATE TABLE [dbo].[BANGDIEM](
	[MAHS] [int] NOT NULL,
	[HOCKY] [smallint] NOT NULL,
	[MON] [nvarchar](4) NOT NULL,
	[DIEM15] [float] NOT NULL,
	[DIEM1T] [float] NOT NULL,
	[DIEMCHK] [float] NOT NULL,
PRIMARY KEY CLUSTERED 
(
	[MAHS] ASC,
	[MON] ASC,
	[HOCKY] ASC
)WITH (PAD_INDEX = OFF, STATISTICS_NORECOMPUTE = OFF, IGNORE_DUP_KEY = OFF, ALLOW_ROW_LOCKS = ON, ALLOW_PAGE_LOCKS = ON) ON [PRIMARY]
) ON [PRIMARY]

GO
/****** Object:  Table [dbo].[HOCSINH]    Script Date: 03/11/2017 1:46:03 PM ******/
SET ANSI_NULLS ON
GO
SET QUOTED_IDENTIFIER ON
GO
SET ANSI_PADDING ON
GO
CREATE TABLE [dbo].[HOCSINH](
	[MAHS] [int] IDENTITY(1,1) NOT NULL,
	[HOTEN] [nvarchar](30) NOT NULL,
	[GIOITINH] [bit] NOT NULL,
	[NGAYSINH] [date] NOT NULL,
	[DIACHI] [nvarchar](100) NOT NULL,
	[EMAIL] [varchar](50) NULL,
	[LOP] [nvarchar](4) NULL,
 CONSTRAINT [PK__HOCSINH__603F20DDAE24AED1] PRIMARY KEY CLUSTERED 
(
	[MAHS] ASC
)WITH (PAD_INDEX = OFF, STATISTICS_NORECOMPUTE = OFF, IGNORE_DUP_KEY = OFF, ALLOW_ROW_LOCKS = ON, ALLOW_PAGE_LOCKS = ON) ON [PRIMARY]
) ON [PRIMARY]

GO
SET ANSI_PADDING OFF
GO
/****** Object:  Table [dbo].[KHOILOP]    Script Date: 03/11/2017 1:46:03 PM ******/
SET ANSI_NULLS ON
GO
SET QUOTED_IDENTIFIER ON
GO
CREATE TABLE [dbo].[KHOILOP](
	[MAKHOILOP] [smallint] NOT NULL,
	[SOLOP] [smallint] NOT NULL,
PRIMARY KEY CLUSTERED 
(
	[MAKHOILOP] ASC
)WITH (PAD_INDEX = OFF, STATISTICS_NORECOMPUTE = OFF, IGNORE_DUP_KEY = OFF, ALLOW_ROW_LOCKS = ON, ALLOW_PAGE_LOCKS = ON) ON [PRIMARY]
) ON [PRIMARY]

GO
/****** Object:  Table [dbo].[LOP]    Script Date: 03/11/2017 1:46:03 PM ******/
SET ANSI_NULLS ON
GO
SET QUOTED_IDENTIFIER ON
GO
SET ANSI_PADDING ON
GO
CREATE TABLE [dbo].[LOP](
	[TENLOP] [nvarchar](4) NOT NULL,
	[GVCN] [nvarchar](30) NOT NULL,
	[SISO] [smallint] NOT NULL,
	[KHOILOP] [smallint] NULL,
	[LOAIKHOI] [varchar](1) NULL,
PRIMARY KEY CLUSTERED 
(
	[TENLOP] ASC
)WITH (PAD_INDEX = OFF, STATISTICS_NORECOMPUTE = OFF, IGNORE_DUP_KEY = OFF, ALLOW_ROW_LOCKS = ON, ALLOW_PAGE_LOCKS = ON) ON [PRIMARY]
) ON [PRIMARY]

GO
SET ANSI_PADDING OFF
GO
/****** Object:  Table [dbo].[MONHOC]    Script Date: 03/11/2017 1:46:03 PM ******/
SET ANSI_NULLS ON
GO
SET QUOTED_IDENTIFIER ON
GO
CREATE TABLE [dbo].[MONHOC](
	[MAMH] [nvarchar](4) NOT NULL,
	[TENMH] [nvarchar](20) NOT NULL,
PRIMARY KEY CLUSTERED 
(
	[MAMH] ASC
)WITH (PAD_INDEX = OFF, STATISTICS_NORECOMPUTE = OFF, IGNORE_DUP_KEY = OFF, ALLOW_ROW_LOCKS = ON, ALLOW_PAGE_LOCKS = ON) ON [PRIMARY]
) ON [PRIMARY]

GO
INSERT [dbo].[BANGDIEM] ([MAHS], [HOCKY], [MON], [DIEM15], [DIEM1T], [DIEMCHK]) VALUES (67, 1, N'DAO', 6, 6, 6)
INSERT [dbo].[BANGDIEM] ([MAHS], [HOCKY], [MON], [DIEM15], [DIEM1T], [DIEMCHK]) VALUES (67, 1, N'DIA', 7, 7, 7)
INSERT [dbo].[BANGDIEM] ([MAHS], [HOCKY], [MON], [DIEM15], [DIEM1T], [DIEMCHK]) VALUES (67, 1, N'HOA', 7, 7, 7)
INSERT [dbo].[BANGDIEM] ([MAHS], [HOCKY], [MON], [DIEM15], [DIEM1T], [DIEMCHK]) VALUES (67, 1, N'LY', 7, 7, 7)
INSERT [dbo].[BANGDIEM] ([MAHS], [HOCKY], [MON], [DIEM15], [DIEM1T], [DIEMCHK]) VALUES (67, 1, N'SINH', 7, 7, 7)
INSERT [dbo].[BANGDIEM] ([MAHS], [HOCKY], [MON], [DIEM15], [DIEM1T], [DIEMCHK]) VALUES (67, 1, N'SU', 7, 7, 7)
INSERT [dbo].[BANGDIEM] ([MAHS], [HOCKY], [MON], [DIEM15], [DIEM1T], [DIEMCHK]) VALUES (67, 1, N'TD', 7, 7, 7)
INSERT [dbo].[BANGDIEM] ([MAHS], [HOCKY], [MON], [DIEM15], [DIEM1T], [DIEMCHK]) VALUES (67, 1, N'TOAN', 7, 7, 7)
INSERT [dbo].[BANGDIEM] ([MAHS], [HOCKY], [MON], [DIEM15], [DIEM1T], [DIEMCHK]) VALUES (67, 1, N'VAN', 7, 7, 7)
INSERT [dbo].[BANGDIEM] ([MAHS], [HOCKY], [MON], [DIEM15], [DIEM1T], [DIEMCHK]) VALUES (68, 1, N'DAO', 7, 5, 9)
INSERT [dbo].[BANGDIEM] ([MAHS], [HOCKY], [MON], [DIEM15], [DIEM1T], [DIEMCHK]) VALUES (68, 1, N'DIA', 7, 8, 9)
INSERT [dbo].[BANGDIEM] ([MAHS], [HOCKY], [MON], [DIEM15], [DIEM1T], [DIEMCHK]) VALUES (68, 1, N'VAN', 8, 8, 6)
INSERT [dbo].[BANGDIEM] ([MAHS], [HOCKY], [MON], [DIEM15], [DIEM1T], [DIEMCHK]) VALUES (103, 1, N'DIA', 10, 10, 10)
INSERT [dbo].[BANGDIEM] ([MAHS], [HOCKY], [MON], [DIEM15], [DIEM1T], [DIEMCHK]) VALUES (103, 1, N'SU', 10, 10, 10)
INSERT [dbo].[BANGDIEM] ([MAHS], [HOCKY], [MON], [DIEM15], [DIEM1T], [DIEMCHK]) VALUES (103, 1, N'VAN', 10, 10, 10)
INSERT [dbo].[BANGDIEM] ([MAHS], [HOCKY], [MON], [DIEM15], [DIEM1T], [DIEMCHK]) VALUES (110, 1, N'LY', 8, 9, 8)
INSERT [dbo].[BANGDIEM] ([MAHS], [HOCKY], [MON], [DIEM15], [DIEM1T], [DIEMCHK]) VALUES (111, 1, N'TD', 8, 6, 9)
INSERT [dbo].[BANGDIEM] ([MAHS], [HOCKY], [MON], [DIEM15], [DIEM1T], [DIEMCHK]) VALUES (114, 1, N'LY', 4, 8, 3)
INSERT [dbo].[BANGDIEM] ([MAHS], [HOCKY], [MON], [DIEM15], [DIEM1T], [DIEMCHK]) VALUES (115, 1, N'SU', 8, 8, 8)
SET IDENTITY_INSERT [dbo].[HOCSINH] ON 

INSERT [dbo].[HOCSINH] ([MAHS], [HOTEN], [GIOITINH], [NGAYSINH], [DIACHI], [EMAIL], [LOP]) VALUES (67, N'Phạm Văn Chuyền', 1, CAST(0x90230B00 AS Date), N'Gia Lai', N'phamvanchuyen@gmail.com', N'12B')
INSERT [dbo].[HOCSINH] ([MAHS], [HOTEN], [GIOITINH], [NGAYSINH], [DIACHI], [EMAIL], [LOP]) VALUES (68, N'Trần Văn Dũng', 1, CAST(0xAC210B00 AS Date), N'ĐăkLăk', N'tranvandung@gmail.com', N'11C')
INSERT [dbo].[HOCSINH] ([MAHS], [HOTEN], [GIOITINH], [NGAYSINH], [DIACHI], [EMAIL], [LOP]) VALUES (92, N'Nguyễn Thị Mai', 0, CAST(0xA9260B00 AS Date), N'Bến Tre', N'nguyenthimai@gmail.com', N'10A')
INSERT [dbo].[HOCSINH] ([MAHS], [HOTEN], [GIOITINH], [NGAYSINH], [DIACHI], [EMAIL], [LOP]) VALUES (93, N'Nguyễn Văn Toàn', 1, CAST(0x40250B00 AS Date), N'Đà Nẵng', N'nguyenvantoan@gmail.com', N'11A')
INSERT [dbo].[HOCSINH] ([MAHS], [HOTEN], [GIOITINH], [NGAYSINH], [DIACHI], [EMAIL], [LOP]) VALUES (94, N'Tạ Thị Hồng', 0, CAST(0xC9260B00 AS Date), N'Nghệ An', N'tathihong@gmail.com', NULL)
INSERT [dbo].[HOCSINH] ([MAHS], [HOTEN], [GIOITINH], [NGAYSINH], [DIACHI], [EMAIL], [LOP]) VALUES (99, N'Nguyễn Thị Mỹ Ái', 0, CAST(0xBE230B00 AS Date), N'ĐăkLăk', N'nguyenthimyai@gmail.com', N'11A')
INSERT [dbo].[HOCSINH] ([MAHS], [HOTEN], [GIOITINH], [NGAYSINH], [DIACHI], [EMAIL], [LOP]) VALUES (101, N'Nguyễn Hồng Phúc', 1, CAST(0x05240B00 AS Date), N'Bến Tre', N'nguyenhongphuc@gmail.com', N'11A')
INSERT [dbo].[HOCSINH] ([MAHS], [HOTEN], [GIOITINH], [NGAYSINH], [DIACHI], [EMAIL], [LOP]) VALUES (102, N'Trương Thanh Bình', 0, CAST(0x06230B00 AS Date), N'Bình Thuận', N'truongthanhbinh@gmail.com', N'11A')
INSERT [dbo].[HOCSINH] ([MAHS], [HOTEN], [GIOITINH], [NGAYSINH], [DIACHI], [EMAIL], [LOP]) VALUES (103, N'Phạm Thị Nhi', 0, CAST(0x8E240B00 AS Date), N'Cao Bằng', N'phamthinhi@gmail.com', N'10A')
INSERT [dbo].[HOCSINH] ([MAHS], [HOTEN], [GIOITINH], [NGAYSINH], [DIACHI], [EMAIL], [LOP]) VALUES (104, N'Lê Bảo Thịnh', 1, CAST(0x2B210B00 AS Date), N'Bình Dương', N'lebaothinh@gmail.com', N'12B')
INSERT [dbo].[HOCSINH] ([MAHS], [HOTEN], [GIOITINH], [NGAYSINH], [DIACHI], [EMAIL], [LOP]) VALUES (107, N'Nguyễn Viết Xuân', 1, CAST(0x35230B00 AS Date), N'Bình Định', N'nguyenvietxuan@gmail.com', N'11A')
INSERT [dbo].[HOCSINH] ([MAHS], [HOTEN], [GIOITINH], [NGAYSINH], [DIACHI], [EMAIL], [LOP]) VALUES (110, N'Nguyễn Công Thành', 1, CAST(0x7F240B00 AS Date), N'Bình Dương', N'nguyencongthanh@gmail.com', N'10B')
INSERT [dbo].[HOCSINH] ([MAHS], [HOTEN], [GIOITINH], [NGAYSINH], [DIACHI], [EMAIL], [LOP]) VALUES (111, N'Hoàng Minh Tú', 1, CAST(0xD0250B00 AS Date), N'Bình Dương', N'hoangminhtu@gmail.com', N'10C')
INSERT [dbo].[HOCSINH] ([MAHS], [HOTEN], [GIOITINH], [NGAYSINH], [DIACHI], [EMAIL], [LOP]) VALUES (112, N'Trương Quốc Chí', 1, CAST(0x2A240B00 AS Date), N'Long An', N'truongquocchi', N'10A4')
INSERT [dbo].[HOCSINH] ([MAHS], [HOTEN], [GIOITINH], [NGAYSINH], [DIACHI], [EMAIL], [LOP]) VALUES (113, N'Nguyễn Tấn Lợi', 1, CAST(0xEC230B00 AS Date), N'Hồ Chí Minh', N'nguyentanloi@gmail.com', N'11B')
INSERT [dbo].[HOCSINH] ([MAHS], [HOTEN], [GIOITINH], [NGAYSINH], [DIACHI], [EMAIL], [LOP]) VALUES (114, N'Phạm Thị Hồng', 1, CAST(0x57230B00 AS Date), N'ĐăkLăk', N'phamthihong@gmail.com', N'11C')
INSERT [dbo].[HOCSINH] ([MAHS], [HOTEN], [GIOITINH], [NGAYSINH], [DIACHI], [EMAIL], [LOP]) VALUES (115, N'Võ Ái Nhi', 0, CAST(0x72230B00 AS Date), N'Gia Lai', N'voainhi@gmail.com', N'11C')
INSERT [dbo].[HOCSINH] ([MAHS], [HOTEN], [GIOITINH], [NGAYSINH], [DIACHI], [EMAIL], [LOP]) VALUES (116, N'Trương Quang Toàn', 1, CAST(0x1D230B00 AS Date), N'Bình Thuận', N'truongquangtoan@gmail.com', N'12A')
SET IDENTITY_INSERT [dbo].[HOCSINH] OFF
INSERT [dbo].[KHOILOP] ([MAKHOILOP], [SOLOP]) VALUES (10, 4)
INSERT [dbo].[KHOILOP] ([MAKHOILOP], [SOLOP]) VALUES (11, 3)
INSERT [dbo].[KHOILOP] ([MAKHOILOP], [SOLOP]) VALUES (12, 2)
INSERT [dbo].[LOP] ([TENLOP], [GVCN], [SISO], [KHOILOP], [LOAIKHOI]) VALUES (N'10A', N'Nguyễn Công Hậu', 2, 10, N'A')
INSERT [dbo].[LOP] ([TENLOP], [GVCN], [SISO], [KHOILOP], [LOAIKHOI]) VALUES (N'10A4', N'Võ Hoài Đức', 1, 10, N'A')
INSERT [dbo].[LOP] ([TENLOP], [GVCN], [SISO], [KHOILOP], [LOAIKHOI]) VALUES (N'10B', N'Nguyễn Thanh', 1, 10, N'B')
INSERT [dbo].[LOP] ([TENLOP], [GVCN], [SISO], [KHOILOP], [LOAIKHOI]) VALUES (N'10C', N'Lê Thanh Hậu', 1, 10, N'C')
INSERT [dbo].[LOP] ([TENLOP], [GVCN], [SISO], [KHOILOP], [LOAIKHOI]) VALUES (N'11A', N'Phạm Thanh Tâm', 5, 11, N'A')
INSERT [dbo].[LOP] ([TENLOP], [GVCN], [SISO], [KHOILOP], [LOAIKHOI]) VALUES (N'11B', N'Võ Huyền My', 1, 11, N'B')
INSERT [dbo].[LOP] ([TENLOP], [GVCN], [SISO], [KHOILOP], [LOAIKHOI]) VALUES (N'11C', N'Tăng Thanh Hà', 3, 11, N'C')
INSERT [dbo].[LOP] ([TENLOP], [GVCN], [SISO], [KHOILOP], [LOAIKHOI]) VALUES (N'12A', N'Nguyễn  Phú Trọng', 1, 12, N'A')
INSERT [dbo].[LOP] ([TENLOP], [GVCN], [SISO], [KHOILOP], [LOAIKHOI]) VALUES (N'12B', N'Đào Thị Hoa', 2, 12, N'B')
INSERT [dbo].[MONHOC] ([MAMH], [TENMH]) VALUES (N'DAO', N'Đạo Đức')
INSERT [dbo].[MONHOC] ([MAMH], [TENMH]) VALUES (N'DIA', N'Địa Lý')
INSERT [dbo].[MONHOC] ([MAMH], [TENMH]) VALUES (N'HOA', N'Hóa Học')
INSERT [dbo].[MONHOC] ([MAMH], [TENMH]) VALUES (N'LY', N'Vật Lý')
INSERT [dbo].[MONHOC] ([MAMH], [TENMH]) VALUES (N'SINH', N'Sinh Học')
INSERT [dbo].[MONHOC] ([MAMH], [TENMH]) VALUES (N'SU', N'Lịch Sử')
INSERT [dbo].[MONHOC] ([MAMH], [TENMH]) VALUES (N'TD', N'Thể Dục')
INSERT [dbo].[MONHOC] ([MAMH], [TENMH]) VALUES (N'TOAN', N'Toán')
INSERT [dbo].[MONHOC] ([MAMH], [TENMH]) VALUES (N'VAN', N'Ngữ Văn')
ALTER TABLE [dbo].[LOP] ADD  DEFAULT ((0)) FOR [SISO]
GO
ALTER TABLE [dbo].[BANGDIEM]  WITH CHECK ADD  CONSTRAINT [RB_MAHS] FOREIGN KEY([MAHS])
REFERENCES [dbo].[HOCSINH] ([MAHS])
GO
ALTER TABLE [dbo].[BANGDIEM] CHECK CONSTRAINT [RB_MAHS]
GO
ALTER TABLE [dbo].[BANGDIEM]  WITH CHECK ADD  CONSTRAINT [RB_MONHOC] FOREIGN KEY([MON])
REFERENCES [dbo].[MONHOC] ([MAMH])
GO
ALTER TABLE [dbo].[BANGDIEM] CHECK CONSTRAINT [RB_MONHOC]
GO
ALTER TABLE [dbo].[HOCSINH]  WITH CHECK ADD  CONSTRAINT [RB_LOP] FOREIGN KEY([LOP])
REFERENCES [dbo].[LOP] ([TENLOP])
GO
ALTER TABLE [dbo].[HOCSINH] CHECK CONSTRAINT [RB_LOP]
GO
ALTER TABLE [dbo].[LOP]  WITH CHECK ADD  CONSTRAINT [RB_KHOILOP] FOREIGN KEY([KHOILOP])
REFERENCES [dbo].[KHOILOP] ([MAKHOILOP])
GO
ALTER TABLE [dbo].[LOP] CHECK CONSTRAINT [RB_KHOILOP]
GO
ALTER TABLE [dbo].[LOP]  WITH CHECK ADD CHECK  (([SISO]>=(0) AND [SISO]<=(20)))
GO
USE [master]
GO
ALTER DATABASE [QL_HocSinh] SET  READ_WRITE 
GO
