﻿--
-- Script was generated by Devart dbForge Studio for MySQL, Version 8.0.40.0
-- Product home page: http://www.devart.com/dbforge/mysql/studio
-- Script date 03/09/2023 19:16:20
-- Server version: 5.5.5-10.1.40-MariaDB
-- Client version: 4.1
--

-- 
-- Disable foreign keys
-- 
/*!40014 SET @OLD_FOREIGN_KEY_CHECKS=@@FOREIGN_KEY_CHECKS, FOREIGN_KEY_CHECKS=0 */;

-- 
-- Set SQL mode
-- 
/*!40101 SET @OLD_SQL_MODE=@@SQL_MODE, SQL_MODE='NO_AUTO_VALUE_ON_ZERO' */;

-- 
-- Set character set the client will use to send SQL statements to the server
--
SET NAMES 'utf8';

DROP DATABASE IF EXISTS animalcrossing;

CREATE DATABASE IF NOT EXISTS animalcrossing
CHARACTER SET latin1
COLLATE latin1_swedish_ci;

--
-- Set default database
--
USE animalcrossing;

--
-- Create table `peces`
--
CREATE TABLE IF NOT EXISTS peces (
  id int(11) NOT NULL AUTO_INCREMENT,
  nombre varchar(30) DEFAULT NULL,
  precio int(11) DEFAULT NULL,
  sombra varchar(50) DEFAULT NULL,
  lugaraparicion varchar(50) DEFAULT NULL,
  PRIMARY KEY (id)
)
ENGINE = INNODB,
AUTO_INCREMENT = 81,
AVG_ROW_LENGTH = 204,
CHARACTER SET latin1,
COLLATE latin1_swedish_ci;

--
-- Create table `mesespeces`
--
CREATE TABLE IF NOT EXISTS mesespeces (
  id int(11) NOT NULL AUTO_INCREMENT,
  idpeces int(11) DEFAULT NULL,
  meses varchar(10) DEFAULT NULL,
  PRIMARY KEY (id)
)
ENGINE = INNODB,
AUTO_INCREMENT = 509,
AVG_ROW_LENGTH = 96,
CHARACTER SET latin1,
COLLATE latin1_swedish_ci;

--
-- Create index `uk_peces_mesespeces` on table `mesespeces`
--
ALTER TABLE mesespeces
ADD UNIQUE INDEX uk_peces_mesespeces (idpeces, meses);

--
-- Create foreign key
--
ALTER TABLE mesespeces
ADD CONSTRAINT fk_peces_mesespeces FOREIGN KEY (idpeces)
REFERENCES peces (id);

--
-- Create table `fosiles`
--
CREATE TABLE IF NOT EXISTS fosiles (
  id int(11) NOT NULL AUTO_INCREMENT,
  nombre varchar(50) DEFAULT NULL,
  partes int(11) DEFAULT NULL,
  precio int(11) DEFAULT NULL,
  PRIMARY KEY (id)
)
ENGINE = INNODB,
AUTO_INCREMENT = 38,
AVG_ROW_LENGTH = 442,
CHARACTER SET latin1,
COLLATE latin1_swedish_ci;

--
-- Create table `animalesmarinos`
--
CREATE TABLE IF NOT EXISTS animalesmarinos (
  id int(11) NOT NULL AUTO_INCREMENT,
  nombre varchar(40) DEFAULT NULL,
  precio int(11) DEFAULT NULL,
  sombra varchar(15) DEFAULT NULL,
  velocidad varchar(20) DEFAULT NULL,
  PRIMARY KEY (id)
)
ENGINE = INNODB,
AUTO_INCREMENT = 41,
AVG_ROW_LENGTH = 409,
CHARACTER SET latin1,
COLLATE latin1_swedish_ci;

--
-- Create table `mesesam`
--
CREATE TABLE IF NOT EXISTS mesesam (
  id int(11) NOT NULL AUTO_INCREMENT,
  idam int(11) DEFAULT NULL,
  meses varchar(10) DEFAULT NULL,
  PRIMARY KEY (id)
)
ENGINE = INNODB,
AUTO_INCREMENT = 249,
AVG_ROW_LENGTH = 66,
CHARACTER SET latin1,
COLLATE latin1_swedish_ci;

--
-- Create index `uk_animalesmarinos_mesesam` on table `mesesam`
--
ALTER TABLE mesesam
ADD UNIQUE INDEX uk_animalesmarinos_mesesam (idam, meses);

--
-- Create foreign key
--
ALTER TABLE mesesam
ADD CONSTRAINT fk_animalesmarinos_mesesam FOREIGN KEY (idam)
REFERENCES animalesmarinos (id);

--
-- Create table `obrasdearte`
--
CREATE TABLE IF NOT EXISTS obrasdearte (
  id int(11) NOT NULL AUTO_INCREMENT,
  titulo varchar(50) DEFAULT NULL,
  autor varchar(30) DEFAULT NULL,
  falsificacion varchar(5) DEFAULT NULL,
  explicacion varchar(255) DEFAULT NULL,
  PRIMARY KEY (id)
)
ENGINE = INNODB,
AUTO_INCREMENT = 42,
AVG_ROW_LENGTH = 399,
CHARACTER SET latin1,
COLLATE latin1_swedish_ci;

--
-- Create table `jugadores`
--
CREATE TABLE IF NOT EXISTS jugadores (
  id int(11) NOT NULL AUTO_INCREMENT,
  nombre int(11) NOT NULL,
  username varchar(30) NOT NULL,
  password varchar(30) NOT NULL,
  auth_key varchar(32) DEFAULT NULL,
  PRIMARY KEY (id)
)
ENGINE = INNODB,
CHARACTER SET latin1,
COLLATE latin1_swedish_ci;

--
-- Create index `pasword` on table `jugadores`
--
ALTER TABLE jugadores
ADD UNIQUE INDEX password (password);

--
-- Create index `username` on table `jugadores`
--
ALTER TABLE jugadores
ADD UNIQUE INDEX username (username);

--
-- Create table `pescan`
--
CREATE TABLE IF NOT EXISTS pescan (
  id int(11) NOT NULL AUTO_INCREMENT,
  idjugadores int(11) DEFAULT NULL,
  idpeces int(11) DEFAULT NULL,
  PRIMARY KEY (id)
)
ENGINE = INNODB,
CHARACTER SET latin1,
COLLATE latin1_swedish_ci;

--
-- Create index `uk_jugadores_peces` on table `pescan`
--
ALTER TABLE pescan
ADD UNIQUE INDEX uk_jugadores_peces (idjugadores, idpeces);

--
-- Create foreign key
--
ALTER TABLE pescan
ADD CONSTRAINT fk_jugadores_pescan FOREIGN KEY (idjugadores)
REFERENCES jugadores (id);

--
-- Create foreign key
--
ALTER TABLE pescan
ADD CONSTRAINT fk_peces_pescan FOREIGN KEY (idpeces)
REFERENCES peces (id);

--
-- Create table `desentierran`
--
CREATE TABLE IF NOT EXISTS desentierran (
  id int(11) NOT NULL AUTO_INCREMENT,
  idjugadores int(11) DEFAULT NULL,
  idfosil int(11) DEFAULT NULL,
  PRIMARY KEY (id)
)
ENGINE = INNODB,
CHARACTER SET latin1,
COLLATE latin1_swedish_ci;

--
-- Create index `uk_jugadores_fosiles` on table `desentierran`
--
ALTER TABLE desentierran
ADD UNIQUE INDEX uk_jugadores_fosiles (idjugadores, idfosil);

--
-- Create foreign key
--
ALTER TABLE desentierran
ADD CONSTRAINT fk_jugadores_desentierran FOREIGN KEY (idjugadores)
REFERENCES jugadores (id);

--
-- Create foreign key
--
ALTER TABLE desentierran
ADD CONSTRAINT fk_nombrefosil_desentierran FOREIGN KEY (idfosil)
REFERENCES fosiles (id);

--
-- Create table `consiguen`
--
CREATE TABLE IF NOT EXISTS consiguen (
  id int(11) NOT NULL AUTO_INCREMENT,
  idjugadores int(11) DEFAULT NULL,
  idam int(11) DEFAULT NULL,
  PRIMARY KEY (id)
)
ENGINE = INNODB,
CHARACTER SET latin1,
COLLATE latin1_swedish_ci;

--
-- Create index `uk_jugadores_animalesmarinos` on table `consiguen`
--
ALTER TABLE consiguen
ADD UNIQUE INDEX uk_jugadores_animalesmarinos (idjugadores, idam);

--
-- Create foreign key
--
ALTER TABLE consiguen
ADD CONSTRAINT fk_animalesmarinos_consiguen FOREIGN KEY (idam)
REFERENCES animalesmarinos (id);

--
-- Create foreign key
--
ALTER TABLE consiguen
ADD CONSTRAINT fk_jugadores_consiguen FOREIGN KEY (idjugadores)
REFERENCES jugadores (id);

--
-- Create table `compran`
--
CREATE TABLE IF NOT EXISTS compran (
  id int(11) NOT NULL AUTO_INCREMENT,
  idjugadores int(11) DEFAULT NULL,
  idobra int(11) DEFAULT NULL,
  PRIMARY KEY (id)
)
ENGINE = INNODB,
CHARACTER SET latin1,
COLLATE latin1_swedish_ci;

--
-- Create index `uk_jugadores_titulo` on table `compran`
--
ALTER TABLE compran
ADD UNIQUE INDEX uk_jugadores_titulo (idjugadores, idobra);

--
-- Create foreign key
--
ALTER TABLE compran
ADD CONSTRAINT fk_jugadores_compran FOREIGN KEY (idjugadores)
REFERENCES jugadores (id);

--
-- Create foreign key
--
ALTER TABLE compran
ADD CONSTRAINT fk_titulo_compran FOREIGN KEY (idobra)
REFERENCES obrasdearte (id);

--
-- Create table `bichos`
--
CREATE TABLE IF NOT EXISTS bichos (
  id int(11) NOT NULL AUTO_INCREMENT,
  nombre varchar(45) DEFAULT NULL,
  precio int(11) DEFAULT NULL,
  tiempo varchar(50) DEFAULT NULL,
  lugaraparicion varchar(50) DEFAULT NULL,
  PRIMARY KEY (id)
)
ENGINE = INNODB,
AUTO_INCREMENT = 81,
AVG_ROW_LENGTH = 204,
CHARACTER SET latin1,
COLLATE latin1_swedish_ci;

--
-- Create table `mesesbichos`
--
CREATE TABLE IF NOT EXISTS mesesbichos (
  id int(11) NOT NULL AUTO_INCREMENT,
  idbichos int(11) DEFAULT NULL,
  meses varchar(10) DEFAULT NULL,
  PRIMARY KEY (id)
)
ENGINE = INNODB,
CHARACTER SET latin1,
COLLATE latin1_swedish_ci;

--
-- Create index `uk_bichos_mesesbichos` on table `mesesbichos`
--
ALTER TABLE mesesbichos
ADD UNIQUE INDEX uk_bichos_mesesbichos (idbichos, meses);

--
-- Create foreign key
--
ALTER TABLE mesesbichos
ADD CONSTRAINT fk_bichos_mesesbichos FOREIGN KEY (idbichos)
REFERENCES bichos (id);

--
-- Create table `capturan`
--
CREATE TABLE IF NOT EXISTS capturan (
  id int(11) NOT NULL AUTO_INCREMENT,
  idjugadores int(11) DEFAULT NULL,
  idbichos int(11) DEFAULT NULL,
  PRIMARY KEY (id)
)
ENGINE = INNODB,
CHARACTER SET latin1,
COLLATE latin1_swedish_ci;

--
-- Create index `uk_jugadores_bichos` on table `capturan`
--
ALTER TABLE capturan
ADD UNIQUE INDEX uk_jugadores_bichos (idjugadores, idbichos);

--
-- Create foreign key
--
ALTER TABLE capturan
ADD CONSTRAINT fk_bichos_capturan FOREIGN KEY (idbichos)
REFERENCES bichos (id);

--
-- Create foreign key
--
ALTER TABLE capturan
ADD CONSTRAINT fk_jugadores_capturan FOREIGN KEY (idjugadores)
REFERENCES jugadores (id);

-- 
-- Dumping data for table peces
--
INSERT INTO peces VALUES
(1, 'Amarguillo', 900, 'Muy pequeña', 'Río'),
(2, 'Anguila de listón azul', 600, 'Estrecha', 'Mar'),
(3, 'Arowana', 600, 'Grande', 'Río'),
(4, 'Atún', 7000, 'Gigante', 'Muelle'),
(5, 'Ayu', 900, 'Mediana', 'Río'),
(6, 'Betta', 2500, 'Pequeña', 'Río'),
(7, 'Bichir ensillado', 4000, 'Grande', 'Río'),
(8, 'Boquerón', 200, 'Pequeña', 'Mar'),
(9, 'Cacho', 200, 'Muy pequeña', 'Río'),
(10, 'Cangrejo de río', 200, 'Pequeña', 'Estanque'),
(11, 'Cangrejo de Shanghái', 2000, 'Pequeña', 'Río'),
(12, 'Carpa', 300, 'Grande', 'Estanque'),
(13, 'Pez dorado', 1300, 'Muy pequeña', 'Estanque'),
(14, 'Carpín', 160, 'Pequeña', 'Río'),
(15, 'Celacanto', 15000, 'Gigante', 'Mar (días con lluvia)'),
(16, 'Pez payaso', 650, 'Muy pequeña', 'Mar'),
(17, 'Dorada japonesa', 5000, 'Mediana', 'Mar'),
(18, 'Dorado', 15000, 'Muy grande', 'Río'),
(19, 'Eperlano', 400, 'Pequeña', 'Río'),
(20, 'Esturión', 10000, 'Gigante', 'Río (desembocadura)'),
(21, 'Salmón', 700, 'Grande', 'Río (desembocadura)'),
(22, 'Gallo', 300, 'Mediana', 'Mar'),
(23, 'Pez cabeza de serpiente', 5500, 'Muy grande', 'Estanque'),
(24, 'Gobio de río', 400, 'Pequeña', 'Río'),
(25, 'Gupi', 1300, 'Muy pequeña', 'Río'),
(26, 'Jurel', 150, 'Pequeña', 'Mar'),
(27, 'Jurel gigante', 4500, 'Muy grande', 'Muelle'),
(28, 'Killi', 300, 'Muy pequeña', 'Estanque'),
(29, 'Koi', 4000, 'Grande', 'Estanque'),
(30, 'Leucisco', 240, 'Mediana', 'Río'),
(31, 'Locha', 400, 'Pequeña', 'Río'),
(32, 'Lubina', 400, 'Muy grande', 'Mar'),
(33, 'Lucio', 1800, 'Muy grande', 'Río'),
(34, 'Mariposa marina', 1000, 'Muy pequeña', 'Mar'),
(35, 'Morena', 2000, 'Estrecha', 'Mar'),
(36, 'Pargo rojo', 3000, 'Grande', 'Mar'),
(37, 'Perca', 400, 'Grande', 'Río'),
(38, 'Perca amarilla', 300, 'Mediana', 'Río'),
(39, 'Pez ángel', 3000, 'Pequeña', 'Río'),
(40, 'Pez balón', 2500, 'Grande', 'Mar'),
(41, 'Pez cabeza transparente', 15000, 'Pequeña', 'Mar'),
(42, 'Pez caimán', 6000, 'Gigante', 'Estanque'),
(43, 'Pez cirujano', 1000, 'Pequeña', 'Mar'),
(44, 'Pez doctor', 1500, 'Muy pequeña', 'Río'),
(45, 'Pez erizo', 250, 'Mediana', 'Mar'),
(46, 'Pez espada', 10000, 'Gigante', 'Muelle'),
(47, 'Pez globo', 5000, 'Mediana', 'Mar'),
(48, 'Pez león', 500, 'Mediana', 'Mar'),
(49, 'Pez luna', 4000, 'Gigante ', 'Mar'),
(50, 'Pez mariposa', 1000, 'Pequeña', 'Mar'),
(51, 'Pez martillo', 8000, 'Gigante', 'Mar'),
(52, 'Pez Napoleón', 10000, 'Gigante', 'Mar'),
(53, 'Pez sierra', 12000, 'Gigante', 'Mar'),
(54, 'Pez sol', 180, 'Pequeña', 'Río'),
(55, 'Pez telescopio', 1300, 'Muy pequeña', 'Estanque'),
(56, 'Piraña', 2500, 'Pequeña', 'Río'),
(57, 'Pirarucú', 10000, 'Gigante', 'Río'),
(58, 'Pez arcoíris', 800, 'Muy pequeña', 'Río'),
(59, 'Rana', 120, 'Pequeña', 'Estanque'),
(60, 'Ranchú', 4500, 'Pequeña', 'Estanque'),
(61, 'Raya', 3000, 'Muy grande', 'Mar'),
(62, 'Rémora', 1500, 'Grande', 'Mar'),
(63, 'Renacuajo', 100, 'Muy pequeña', 'Estanque'),
(64, 'Rodaballo', 800, 'Grande', 'Mar'),
(65, 'Salmón japonés', 1000, 'Mediana', 'Río (acantilado)'),
(66, 'Salmón rey', 1800, 'Gigante', 'Río (desembocadura)'),
(67, 'Caballito de mar', 1100, 'Muy pequeña', 'Mar'),
(68, 'Siluro', 800, 'Grande', 'Estanque'),
(69, 'Taimén', 15000, 'Muy grande', 'Río (acantilado)'),
(70, 'Tetra neón', 500, 'Muy pequeña', 'Río'),
(71, 'Tiburón', 15000, 'Gigante', 'Mar'),
(72, 'Tiburón ballena', 13000, 'Gigante', 'Mar'),
(73, 'Tilapia', 800, 'Mediana', 'Río'),
(74, 'Calamar', 500, 'Mediana', 'Mar'),
(75, 'Tortuga de caparazón blando', 3750, 'Grande', 'Río'),
(76, 'Trucha', 3800, 'Mediana', 'Río (acantilado)'),
(77, 'Trucha dorada', 15000, 'Mediana', 'Río (acantilado)');

-- 
-- Dumping data for table fosiles
--
INSERT INTO fosiles VALUES
(1, 'Acantostega', 1, 2000),
(2, 'Ámbar', 1, 1200),
(3, 'Amonites', 1, 1100),
(4, 'Anquilosaurio', 3, 9000),
(5, 'Anomalocaris', 1, 2000),
(6, 'Arqueoptérix', 1, 1300),
(7, 'Archelon', 2, 7500),
(8, 'Australopiteco', 1, 100),
(9, 'Braquiosaurio', 4, 22000),
(10, 'Coprolito', 1, 1100),
(11, 'Deinonico', 2, 5500),
(12, 'Dimetrodonte', 2, 10500),
(13, 'Huella de dinosaurio', 1, 1000),
(14, 'Dunleosteo', 1, 3500),
(15, 'Eustnopteron', 1, 2000),
(16, 'Iguanodonte', 3, 10500),
(17, 'Juramala', 1, 1500),
(18, 'Trilobites', 1, 1300),
(19, 'Triceratops', 3, 15000),
(20, 'Tiranosaurio', 3, 17500),
(21, 'Mandibula de tiburón', 1, 1000),
(22, 'Myllokunmingia', 1, 1500),
(23, 'Mamut', 2, 5500),
(25, 'Plesiosaurio', 3, 12500),
(26, 'Parasaurio', 2, 5500),
(27, 'Estegosaurio', 3, 13500),
(28, 'Tigre dientes de sable', 2, 4500),
(29, 'Quetzalcoatlus', 2, 10000),
(30, 'Oftalmosaurio', 2, 4500),
(31, 'Pteranodonte', 3, 13000),
(32, 'Espinosaurio', 3, 9500),
(33, 'Estegosaurio', 3, 13500);

-- 
-- Dumping data for table animalesmarinos
--
INSERT INTO animalesmarinos VALUES
(1, 'Abulón', 2000, 'Mediana', 'Mediana'),
(2, 'Alga Wakame', 600, 'Grande', 'No tiene'),
(3, 'Anémona', 500, 'Grande', 'No tiene'),
(4, 'Anguila jardinera', 1100, 'Pequeña', 'Lenta'),
(5, 'Babosa de mar', 600, 'Pequeña', 'Muy lenta'),
(6, 'Bellota de mar', 600, 'Pequeña', 'Muy lenta'),
(7, 'Bogavante', 4500, 'Grande', 'Rápida'),
(8, 'Buccino', 1000, 'Mediana', 'Lenta'),
(9, 'Buey del pacífico', 1900, 'Grande', 'Mediana'),
(10, 'Calamar luciérnaga', 1400, 'Pequeña', 'Lenta'),
(11, 'Calamar vampiro', 10000, 'Grande', 'Muy rápida'),
(12, 'Camarón boreal', 1400, 'Pequeña', 'Lenta'),
(13, 'Cangrejo boreal', 8000, 'Grande', 'Muy rápida'),
(14, 'Cangrejo de nieve', 6000, 'Grande', 'Rápida'),
(15, 'Cangrejo gazami', 2200, 'Mediana', 'Mediana'),
(16, 'Cangrejo gigante japonés', 12000, 'Muy grande', 'Muy rápida'),
(17, 'Cangrejo herradura', 2500, 'Mediana', 'Mediana'),
(18, 'Caracola espinosa', 1000, 'Pequeña', 'Lenta'),
(19, 'Cerdo de mar', 10000, 'Pequeña', 'Muy rápida'),
(20, 'Erizo de mar', 1700, 'Pequeña', 'Lenta'),
(21, 'Erizo lápiz de pizarra', 2000, 'Mediana', 'Mediana'),
(22, 'Estrella de mar', 500, 'Pequeña', 'Muy lenta'),
(23, 'Gusano políclado', 700, 'Muy pequeña', 'Muy lenta'),
(24, 'Isópodo gigante', 12000, 'Mediana', 'Muy rápida'),
(25, 'Langosta espinosa', 5000, 'Grande', 'Rápida'),
(26, 'Langosta mantis', 2500, 'Pequeña', 'Mediana'),
(27, 'Langostino tigre', 3000, 'Pequeña', 'Mediana'),
(28, 'Medusa luna', 600, 'Pequeña', 'Muy lenta'),
(29, 'Mejillón', 1500, 'Pequeña', 'Lenta'),
(30, 'Nautilo', 1800, 'Mediana', 'Mediana'),
(31, 'Ostra', 1100, 'Pequeña', 'Lenta'),
(32, 'Ostra perlera', 2800, 'Pequeña', 'Mediana'),
(33, 'Pepino de mar', 500, 'Mediana', 'Muy lenta'),
(34, 'Piña de mar', 1500, 'Pequeña', 'Lenta'),
(35, 'Pulpo', 1200, 'Mediana', 'Lenta'),
(36, 'Taclobo grande', 15000, 'Muy grande', 'Muy rápida'),
(37, 'Uva de mar', 900, 'Pequeña', 'No tiene'),
(38, 'Vieira', 1200, 'Mediana', 'Lenta');

-- 
-- Dumping data for table obrasdearte
--
INSERT INTO obrasdearte VALUES
(1, 'Cuadro anatómico', 'Leonardo da Vinci', 'Si', 'En la pintura falsa puede verse una gran mancha de café en la esquina superior derecha.'),
(2, 'Cuadro holandés', 'Rembrandt van Rijin', 'Si', 'En la pintura falsa el hombre con barba del centro del cuadro no tiene su sombrero colocado sobre la cabeza.'),
(3, 'Estatua primitiva', 'Desconocido', 'Si', 'La estatuilla falsa tiene lo que parecen ser dos antenas en su cabeza.'),
(4, 'Retrato heroico', 'Thomas Gainsborough', 'Si', 'El niño del retrato tiene el pelo más largo y un flequillo que le cubre la frente en la pintura falsa.'),
(5, 'Estatua femenina', 'Desconocido', 'Si', 'La estatua falsa de la Venus tiene alrededor del cuello un collar.'),
(6, 'Paisaje francés', 'Georges Seurat', 'No', 'Esta obra no tiene falsificación.'),
(7, 'Cuadro segadoras', 'Jean Francois Millet', 'No', 'Esta obra no tiene falsificación.'),
(8, 'Cuadro detallado', 'Itô Kauchû', 'Si', 'En la pintura falsa las hojas del cuadro son de color morado en lugar de color azul. Además a la falsa también le falta una firma en el lado izquierdo.'),
(9, 'Cuadro ola', 'Katsushika Hokusai', 'No', 'Esta obra no tiene falsificación.'),
(10, 'Estatua pensativa', 'Auguste Rodin', 'No', 'Esta obra no tiene falsificación.'),
(11, 'Retrato italiano', 'Leonardo da Vinci', 'Si', 'Las cejas de la Mona Lisa están arqueadas hacia arriba en la pintura falsa.'),
(12, 'Cuadro flores', 'Vincent van Gogh', 'No', 'Esta obra no tiene falsificación.'),
(13, 'Estatua majestuosa', 'Michelangelo', 'Si', 'La estatua falsa sostiene un trozo de tela en su mano derecha'),
(14, 'Cuadro vespertino', 'Joseph Mallord', 'No', 'Esta obra no tiene falsificación.'),
(15, 'Retrato oriental', 'Hishikawa', 'Si', 'La mujer del retrato falso tiene un tamaño mayor que en la pieza original, ocupando casi todo el tamaño del cuadro.'),
(16, 'Estatua triunfante', 'Thomas Ridgeyway', 'No', 'Esta obra no tiene falsificación.'),
(17, 'Piedra políglota', 'Desconocido', 'Si', 'La piedra falsa es de color azul.'),
(18, 'Cuadro orgánico', 'Giuseppe Arcimboldo', 'Si', 'En la obra falsa se omite una flor que brota del pecho del hombre, en la esquina inferior derecha del cuadro.'),
(19, 'Retrato joven', 'Jean Francois Millet', 'No', 'Esta obra no tiene falsificación.'),
(20, 'Figura materna', 'Desconocido', 'Si', 'La estatua falsa de la loba tiene la boca abierta y la lengua fuera, mientras que la original no.'),
(21, 'Cuadro alegórico', 'Sandro Boticelli', 'Si', 'La pintura falsa no tiene árboles ni hojas en la parte del margen derecho del marco.'),
(22, 'Cuadro tenebroso', 'Arnold Böcklin', 'No', 'Esta obra no tiene falsificación.'),
(23, 'Busto antiguo', 'Thutmose', 'Si', 'El busto falso tiene un pendiente colgando de la oreja derecha (la izquierda si nosotros lo vemos de frente).'),
(24, 'Retrato músico', 'Édouard Manet', 'No', 'Esta obra no tiene falsificación.'),
(25, 'Bodegón', 'Paul Cézanne', 'No', 'Esta obra no tiene falsificación.'),
(26, 'Cuadro dama', 'Édouard Manet', 'No', 'Esta obra no tiene falsificación.'),
(27, 'Retrato holandés', 'Johannes Vermeer', 'Si', 'La mujer está vertiendo desde su jarrón mucha más leche que en la obra original, en la que solo cae un pequeño hilo de leche.'),
(28, 'Estatua atlética', 'Desconocido', 'Si', ' La estatua falsa contiene una especie de pulsera en su muñeca derecha'),
(29, 'Cabeza colosal', 'Desconocido', 'Si', 'La estatua falsa de la cabeza está ligeramente sonriendo.'),
(30, 'Cuadro japonés', 'T?sh?sai Sharaku', 'Si', 'En la pintura falsa las cejas del hombre apuntan en una dirección distinta, arqueadas hacia abajo.'),
(31, 'Cuadro invernal', 'Pieter Brueghel el Viejo', 'Si', 'En el cuadro falso, en la esquina inferior izquierda, hay menos perros y falta uno de los dos cazadores.'),
(32, 'Retrato regio', 'Leonardo da Vinci', 'Si', 'En la pintura falsa, el pelaje del armiño que sostiene la mujer entre sus manos es de color más oscuro, tirando hacia el grisaceo.'),
(33, 'Cuadro literario', 'John Everett Millais', 'No', 'Esta obra no tiene falsificación.'),
(34, 'Cuadro español', 'Diego Velázquez', 'Si', 'En la pintura falsa el hombre que está en el marco de la puerta del fondo aparece saludando con la mano.'),
(35, 'Urna imponente', 'Desconocido', 'Si', 'La urna falsa está cerrada con una tapa, mientras que la original está abierta.'),
(36, 'Paisaje estrellado', 'Vincent van Gogh', 'No', 'Esta obra no tiene falsificación.'),
(37, 'Estatua alada', 'Desconocido', 'Si', 'Esta es algo difícil de detectar, su posicionamiento y ángulo es ligeramente distinto al de la obra original, y las alas de la estatua falsa se parecen a las de una especie de murciélago en lugar de un ángel.'),
(38, 'Cuadro clásico', 'Francisco de Goya', 'No', 'Esta obra no tiene falsificación.'),
(39, 'Escultura guerrera', 'Desconocido', 'Si', 'La estatua falsa agarra con sus manos una pala.'),
(40, 'Retrato perla', 'Johannes Vermeer', 'Si', 'En la pintura falsa, el pendiente de la joven tiene forma de estrella.'),
(41, 'Cuadro romántico', 'Eugène Delacroix', 'No', 'Esta obra no tiene falsificación.');

-- 
-- Dumping data for table jugadores
--
-- Table animalcrossing.jugadores does not contain any data (it is empty)

-- 
-- Dumping data for table bichos
--
INSERT INTO bichos VALUES
(1, 'Abeja melífera', 200, 'Siempre menos con lluvia', 'Cerca de flores'),
(2, 'Araña', 600, 'Siempre ', 'Agitando árboles'),
(3, 'Avispa', 2500, 'Siempre', 'Agitando árboles'),
(4, 'Cangrejo ermitaño', 1000, 'Siempre', 'En la orilla del mar'),
(5, 'Caracol', 250, 'Solo con lluvia', 'En rocas o arbustos'),
(6, 'Chinche', 120, 'Siempre menos con lluvia', 'En las flores'),
(7, 'Chinche acuática gigante', 2000, 'Siempre', 'En charcas y ríos'),
(8, 'Chinche con rostro humano', 1000, 'Siempre menos con lluvia', 'En las flores'),
(9, 'Ciempiés', 300, 'Siempre', 'Dándole a rocas'),
(10, 'Cigarra común', 400, 'Siempre', 'En los árboles'),
(11, 'Cigarra gigante', 500, 'Siempre', 'En los árboles'),
(12, 'Cigarra marrón', 250, 'Siempre', 'En los árboles'),
(13, 'Cigarra oriental', 300, 'Siempre', 'En los árboles'),
(14, 'Cigarrilla', 550, 'Siempre', 'En los árboles'),
(15, 'Cochinilla', 250, 'Siempre', 'Dándole a rocas'),
(16, 'Cochinilla de arena', 200, 'Siempre', 'Dándole a rocas en la playa'),
(17, 'Escarabajo ciervo cyclommatus', 8000, 'Siempre', 'En palmeras'),
(18, 'Escarabajo astado atlas', 8000, 'Siempre', 'En palmeras'),
(19, 'Escarabajo astado elefante', 8000, 'Siempre', 'En palmeras'),
(20, 'Escarabajo astado hércules', 12000, 'Siempre', 'En palmeras'),
(21, 'Escarabajo astado japonés', 1350, 'Siempre', 'En árboles'),
(22, 'Escarabajo ciervo arcoíris', 6000, 'Siempre', 'En árboles'),
(23, 'Escarabajo ciervo gigante', 10000, 'Siempre', 'En árboles'),
(24, 'Escarabajo ciervo jirafa', 12000, 'Siempre', 'En palmeras'),
(25, 'Escarabajo ciervo miyama', 1000, 'Siempre', 'En árboles'),
(26, 'Escarabajo ciervo sierra', 2000, 'Siempre', 'En árboles'),
(27, 'Escarabajo ciervo tornasol', 12000, 'Siempre', 'En palmeras'),
(28, 'Escarabajo geotrúpido', 300, 'Siempre', 'En el suelo'),
(29, 'Escarabajo joya', 2400, 'Siempre menos con lluvia', 'En tocones de árbol'),
(30, 'Escarabajo nadador', 800, 'Siempre', 'En los ríos'),
(31, 'Escarabajo oro', 10000, 'Siempre', 'En los árboles'),
(32, 'Escarabajo pelotero', 3000, 'Siempre', 'En el suelo'),
(33, 'Escarabajo rosalía batesi', 3000, 'Siempre menos con lluvia', 'En tocones de árbol'),
(34, 'Escarabajo tigre', 1500, 'Siempre menos con lluvia', 'Volando'),
(35, 'Escarabajo verde japonés', 200, 'Siempre', 'En los árboles'),
(36, 'Escarabajo violín', 450, 'Siempre menos con lluvia', 'En los árboles'),
(37, 'Escorpión', 8000, 'Siempre', 'En el suelo'),
(38, 'Escarabajo goliat', 8000, 'Siempre', 'En los árboles'),
(39, 'Gorgojo azul', 800, 'Siempre', 'En los cocoteros'),
(40, 'Grillo campana', 430, 'Siempre menos con lluvia', 'En la hierba'),
(41, 'Grillo cebollero', 500, 'Siempre', 'Bajo la tierra'),
(42, 'Grillo común', 130, 'Siempre menos con lluvia', 'En la hierba'),
(43, 'Hormiga', 80, 'Siempre', 'En nabos podridos y caramelos'),
(44, 'Insecto hoja', 600, 'Siempre', 'Bajo los árboles'),
(45, 'Insecto palo', 600, 'Siempre', 'En los árboles'),
(46, 'Langosta', 400, 'Siempre', 'En la hierba'),
(47, 'Langosta alargada', 200, 'Siempre', 'En la hierba'),
(48, 'Langosta migratoria', 600, 'Siempre', 'En la hierba'),
(49, 'Libélula caballito del diablo', 230, 'Siempre menos con lluvia', 'Volando cerca del agua'),
(50, 'Libélula damisela', 500, 'Siempre menos con lluvia', 'Volando cerca del agua'),
(51, 'Libélula roja', 180, 'Siempre menos con lluvia', 'Volando cerca del agua'),
(52, 'Libélula tigre', 4500, 'Siempre menos con lluvia', 'Volando cerca del agua'),
(53, 'Longicornio asiático', 350, 'Siempre menos con lluvia', 'En tocones de árbol'),
(54, 'Luciérnaga', 300, 'Siempre menos con lluvia', 'Volando cerca del agua'),
(55, 'Mantis orquídea', 2400, 'Siempre menos con lluvia', 'En flores blancas'),
(56, 'Mantis religiosa', 430, 'Siempre menos con lluvia', 'En las flores'),
(57, 'Mariposa emperador japonés', 3000, 'Siempre menos con lluvia', 'Volando entre las flores'),
(58, 'Mariposa alas de brooke', 2500, 'Siempre menos con lluvia', 'Volando entre las flores'),
(59, 'Mariposa alas de pájaro', 4000, 'Siempre menos con lluvia', 'Volando entre las flores'),
(60, 'Mariposa bianor', 2500, 'Siempre menos con lluvia', 'Volando entre las flores'),
(61, 'Mariposa celeste', 4000, 'Siempre menos con lluvia', 'Volando entre las flores'),
(62, 'Mariposa colias', 160, 'Siempre menos con lluvia', 'Volando'),
(63, 'Mariposa cometa de papel', 1000, 'Siempre menos con lluvia', 'Volando entre las flores'),
(64, 'Mariposa común', 160, 'Siempre menos con lluvia', 'Volando'),
(65, 'Mariposa monarca', 140, 'Siempre menos con lluvia', 'Volando entre las flores'),
(66, 'Mariposa narciso', 3000, 'Siempre menos con lluvia', 'Volando entre las flores'),
(67, 'Mariposa tigre', 240, 'Siempre menos con lluvia', 'Volando'),
(68, 'Mariposa triángulo azul', 300, 'Siempre menos con lluvia', 'Volando'),
(69, 'Mariquita', 200, 'Siempre menos con lluvia', 'En las flores'),
(70, 'Mosca', 60, 'Siempre', 'Volando cerca de basura'),
(71, 'Mosquito', 130, 'Siempre menos con lluvia', 'Volando'),
(72, 'Muda de cigarra', 10, 'Siempre', 'En los árboles'),
(73, 'Oruga de bolsón', 600, 'Siempre', 'Agitando árboles'),
(74, 'Polilla', 130, 'Siempre menos con lluvia', 'Volando cerca de luces'),
(75, 'Polilla atlas', 3000, 'Siempre', 'En los árboles'),
(76, 'Polilla crepuscular', 2500, 'Siempre menos con lluvia', 'Volando entre las flores'),
(77, 'Pulga', 70, 'Siempre', 'En los aldeanos'),
(78, 'Saltamontes', 180, 'Siempre menos con lluvia', 'En la hierba'),
(79, 'Tarántula', 8000, 'Siempre', 'En la hierba'),
(80, 'Zapatero', 130, 'Siempre', 'En charcas y ríos');

-- 
-- Dumping data for table pescan
--
-- Table animalcrossing.pescan does not contain any data (it is empty)

-- 
-- Dumping data for table mesespeces
--
INSERT INTO mesespeces VALUES
(5, 1, 'Diciembre'),
(1, 1, 'Enero'),
(2, 1, 'Febrero'),
(3, 1, 'Marzo'),
(4, 1, 'Noviembre'),
(8, 2, 'Agosto'),
(7, 2, 'Julio'),
(6, 2, 'Junio'),
(10, 2, 'Octubre'),
(9, 2, 'Septiembre'),
(13, 3, 'Agosto'),
(12, 3, 'Julio'),
(11, 3, 'Junio'),
(14, 3, 'Septiembre'),
(18, 4, 'Abril'),
(20, 4, 'Diciembre'),
(15, 4, 'Enero'),
(16, 4, 'Febrero'),
(17, 4, 'Marzo'),
(19, 4, 'Noviembre'),
(22, 5, 'Agosto'),
(21, 5, 'Julio'),
(23, 5, 'Septiembre'),
(27, 6, 'Agosto'),
(26, 6, 'Julio'),
(25, 6, 'Junio'),
(24, 6, 'Mayo'),
(29, 6, 'Octubre'),
(28, 6, 'Septiembre'),
(32, 7, 'Agosto'),
(31, 7, 'Julio'),
(30, 7, 'Junio'),
(34, 7, 'Octubre'),
(33, 7, 'Septiembre'),
(38, 8, 'Abril'),
(42, 8, 'Agosto'),
(46, 8, 'Diciembre'),
(35, 8, 'Enero'),
(36, 8, 'Febrero'),
(41, 8, 'Julio'),
(40, 8, 'Junio'),
(37, 8, 'Marzo'),
(39, 8, 'Mayo'),
(45, 8, 'Noviembre'),
(44, 8, 'Octubre'),
(43, 8, 'Septiembre'),
(50, 9, 'Abril'),
(54, 9, 'Agosto'),
(58, 9, 'Diciembre'),
(47, 9, 'Enero'),
(48, 9, 'Febrero'),
(53, 9, 'Julio'),
(52, 9, 'Junio'),
(49, 9, 'Marzo'),
(51, 9, 'Mayo'),
(57, 9, 'Noviembre'),
(56, 9, 'Octubre'),
(55, 9, 'Septiembre'),
(59, 10, 'Abril'),
(63, 10, 'Agosto'),
(62, 10, 'Julio'),
(61, 10, 'Junio'),
(60, 10, 'Mayo'),
(64, 10, 'Septiembre'),
(67, 11, 'Noviembre'),
(66, 11, 'Octubre'),
(65, 11, 'Septiembre'),
(71, 12, 'Abril'),
(75, 12, 'Agosto'),
(79, 12, 'Diciembre'),
(68, 12, 'Enero'),
(69, 12, 'Febrero'),
(74, 12, 'Julio'),
(73, 12, 'Junio'),
(70, 12, 'Marzo'),
(72, 12, 'Mayo'),
(78, 12, 'Noviembre'),
(77, 12, 'Octubre'),
(76, 12, 'Septiembre'),
(83, 13, 'Abril'),
(87, 13, 'Agosto'),
(91, 13, 'Diciembre'),
(80, 13, 'Enero'),
(81, 13, 'Febrero'),
(86, 13, 'Julio'),
(85, 13, 'Junio'),
(82, 13, 'Marzo'),
(84, 13, 'Mayo'),
(90, 13, 'Noviembre'),
(89, 13, 'Octubre'),
(88, 13, 'Septiembre'),
(95, 14, 'Abril'),
(99, 14, 'Agosto'),
(103, 14, 'Diciembre'),
(92, 14, 'Enero'),
(93, 14, 'Febrero'),
(98, 14, 'Julio'),
(97, 14, 'Junio'),
(94, 14, 'Marzo'),
(96, 14, 'Mayo'),
(102, 14, 'Noviembre'),
(101, 14, 'Octubre'),
(100, 14, 'Septiembre'),
(107, 15, 'Abril'),
(111, 15, 'Agosto'),
(115, 15, 'Diciembre'),
(104, 15, 'Enero'),
(105, 15, 'Febrero'),
(110, 15, 'Julio'),
(109, 15, 'Junio'),
(106, 15, 'Marzo'),
(108, 15, 'Mayo'),
(114, 15, 'Noviembre'),
(113, 15, 'Octubre'),
(112, 15, 'Septiembre'),
(121, 16, 'Diciembre'),
(116, 16, 'Enero '),
(117, 16, 'Febrero'),
(118, 16, 'Marzo'),
(120, 16, 'Noviembre'),
(119, 16, 'Octubre'),
(123, 17, 'Abril'),
(127, 17, 'Agosto'),
(126, 17, 'Julio'),
(125, 17, 'Junio'),
(122, 17, 'Marzo'),
(124, 17, 'Mayo'),
(130, 17, 'Noviembre'),
(129, 17, 'Octubre'),
(128, 17, 'Septiembre'),
(133, 18, 'Agosto'),
(132, 18, 'Julio'),
(131, 18, 'Junio'),
(134, 18, 'Septiembre'),
(137, 19, 'Diciembre'),
(135, 19, 'Enero'),
(136, 19, 'Febrero'),
(144, 20, 'Diciembre'),
(138, 20, 'Enero '),
(139, 20, 'Febrero'),
(140, 20, 'Marzo'),
(143, 20, 'Noviembre'),
(142, 20, 'Octubre'),
(141, 20, 'Septiembre'),
(145, 21, 'Septiembre'),
(149, 22, 'Abril'),
(152, 22, 'Diciembre'),
(146, 22, 'Enero'),
(147, 22, 'Febrero'),
(148, 22, 'Marzo'),
(151, 22, 'Noviembre'),
(150, 22, 'Octubre'),
(155, 23, 'Agosto'),
(154, 23, 'Julio'),
(153, 23, 'Junio'),
(159, 24, 'Abril'),
(163, 24, 'Agosto'),
(167, 24, 'Diciembre'),
(156, 24, 'Enero'),
(157, 24, 'Febrero'),
(162, 24, 'Julio'),
(161, 24, 'Junio'),
(158, 24, 'Marzo'),
(160, 24, 'Mayo'),
(166, 24, 'Noviembre'),
(165, 24, 'Octubre'),
(164, 24, 'Septiembre'),
(168, 25, 'Abril'),
(172, 25, 'Agosto'),
(171, 25, 'Julio'),
(170, 25, 'Junio'),
(169, 25, 'Mayo'),
(175, 25, 'Noviembre'),
(174, 25, 'Octubre'),
(173, 25, 'Septiembre'),
(179, 26, 'Abril'),
(183, 26, 'Agosto'),
(187, 26, 'Diciembre'),
(176, 26, 'Enero'),
(177, 26, 'Febrero'),
(182, 26, 'Julio'),
(181, 26, 'Junio'),
(178, 26, 'Marzo'),
(180, 26, 'Mayo'),
(186, 26, 'Noviembre'),
(185, 26, 'Octubre'),
(184, 26, 'Septiembre'),
(191, 27, 'Agosto'),
(190, 27, 'Julio'),
(189, 27, 'Junio'),
(188, 27, 'Mayo'),
(193, 27, 'Octubre'),
(192, 27, 'Septiembre'),
(194, 28, 'Abril'),
(198, 28, 'Agosto'),
(197, 28, 'Julio'),
(196, 28, 'Junio'),
(195, 28, 'Mayo'),
(202, 29, 'Abril'),
(206, 29, 'Agosto'),
(210, 29, 'Diciembre'),
(199, 29, 'Enero'),
(200, 29, 'Febrero'),
(205, 29, 'Julio'),
(204, 29, 'Junio'),
(201, 29, 'Marzo'),
(203, 29, 'Mayo'),
(209, 29, 'Noviembre'),
(208, 29, 'Octubre'),
(207, 29, 'Septiembre'),
(214, 30, 'Agosto'),
(213, 30, 'Julio'),
(212, 30, 'Junio'),
(211, 30, 'Mayo'),
(216, 30, 'Octubre'),
(215, 30, 'Septiembre'),
(220, 31, 'Abril'),
(224, 31, 'Agosto'),
(228, 31, 'Diciembre'),
(217, 31, 'Enero'),
(218, 31, 'Febrero'),
(223, 31, 'Julio'),
(222, 31, 'Junio'),
(219, 31, 'Marzo'),
(221, 31, 'Mayo'),
(227, 31, 'Noviembre'),
(226, 31, 'Octubre'),
(225, 31, 'Septiembre'),
(231, 32, 'Junio'),
(229, 32, 'Marzo'),
(230, 32, 'Mayo '),
(235, 33, 'Abril'),
(239, 33, 'Agosto'),
(243, 33, 'Diciembre'),
(232, 33, 'Enero'),
(233, 33, 'Febrero'),
(238, 33, 'Julio'),
(237, 33, 'Junio'),
(234, 33, 'Marzo'),
(236, 33, 'Mayo'),
(242, 33, 'Noviembre'),
(241, 33, 'Octubre'),
(240, 33, 'Septiembre'),
(247, 34, 'Diciembre'),
(246, 34, 'Noviembre'),
(245, 34, 'Octubre'),
(244, 34, 'Septiembre'),
(251, 35, 'Diciembre'),
(248, 35, 'Enero'),
(249, 35, 'Febrero'),
(250, 35, 'Marzo'),
(252, 36, 'Agosto'),
(254, 36, 'Octubre'),
(253, 36, 'Septiembre'),
(258, 37, 'Abril'),
(262, 37, 'Agosto'),
(266, 37, 'Diciembre'),
(255, 37, 'Enero'),
(256, 37, 'Febrero'),
(261, 37, 'Julio'),
(260, 37, 'Junio'),
(257, 37, 'Marzo'),
(259, 37, 'Mayo'),
(265, 37, 'Noviembre'),
(264, 37, 'Octubre'),
(263, 37, 'Septiembre'),
(270, 38, 'Abril'),
(274, 38, 'Agosto'),
(278, 38, 'Diciembre'),
(267, 38, 'Enero'),
(268, 38, 'Febrero'),
(273, 38, 'Julio'),
(272, 38, 'Junio'),
(269, 38, 'Marzo'),
(271, 38, 'Mayo'),
(277, 38, 'Noviembre'),
(276, 38, 'Octubre'),
(275, 38, 'Septiembre'),
(284, 39, 'Diciembre'),
(279, 39, 'Enero'),
(280, 39, 'Febrero'),
(281, 39, 'Marzo'),
(283, 39, 'Noviembre'),
(282, 39, 'Octubre'),
(288, 40, 'Agosto'),
(287, 40, 'Julio'),
(286, 40, 'Junio'),
(285, 40, 'Mayo'),
(290, 40, 'Octubre'),
(289, 40, 'Septiembre'),
(295, 41, 'Diciembre'),
(291, 41, 'Enero'),
(292, 41, 'Febrero'),
(293, 41, 'Marzo'),
(294, 41, 'Noviembre'),
(299, 42, 'Abril'),
(303, 42, 'Agosto'),
(307, 42, 'Diciembre'),
(296, 42, 'Enero'),
(297, 42, 'Febrero'),
(302, 42, 'Julio'),
(301, 42, 'Junio'),
(298, 42, 'Marzo'),
(300, 42, 'Mayo'),
(306, 42, 'Noviembre'),
(305, 42, 'Octubre'),
(304, 42, 'Septiembre'),
(310, 43, 'Agosto'),
(309, 43, 'Julio'),
(308, 43, 'Junio'),
(311, 43, 'Septiembre'),
(312, 44, 'Abril'),
(316, 44, 'Agosto'),
(315, 44, 'Julio'),
(314, 44, 'Junio'),
(313, 44, 'Mayo'),
(317, 44, 'Septiembre'),
(321, 45, 'Agosto'),
(320, 45, 'Julio'),
(319, 45, 'Junio'),
(318, 45, 'Mayo'),
(322, 45, 'Septiembre'),
(324, 46, 'Agosto'),
(323, 46, 'Julio'),
(325, 46, 'Septiembre'),
(329, 47, 'Abril'),
(331, 47, 'Agosto'),
(335, 47, 'Diciembre'),
(326, 47, 'Enero'),
(327, 47, 'Febrero'),
(330, 47, 'Julio'),
(328, 47, 'Marzo'),
(334, 47, 'Noviembre'),
(333, 47, 'Octubre'),
(332, 47, 'Septiembre'),
(339, 48, 'Diciembre'),
(336, 48, 'Enero'),
(337, 48, 'Febrero'),
(338, 48, 'Noviembre'),
(340, 49, 'Abril'),
(344, 49, 'Agosto'),
(343, 49, 'Julio'),
(342, 49, 'Junio'),
(341, 49, 'Mayo'),
(347, 49, 'Noviembre'),
(346, 49, 'Octubre'),
(345, 49, 'Septiembre'),
(349, 50, 'Agosto'),
(348, 50, 'Julio'),
(350, 50, 'Septiembre'),
(351, 51, 'Abril'),
(355, 51, 'Agosto'),
(354, 51, 'Julio'),
(353, 51, 'Junio'),
(352, 51, 'Mayo'),
(358, 52, 'Agosto'),
(357, 52, 'Julio'),
(356, 52, 'Junio'),
(359, 52, 'Septiembre'),
(361, 53, 'Agosto'),
(360, 53, 'Julio'),
(365, 54, 'Abril'),
(367, 54, 'Diciembre'),
(362, 54, 'Enero'),
(363, 54, 'Febrero'),
(364, 54, 'Marzo'),
(366, 54, 'Mayo'),
(370, 55, 'Agosto'),
(369, 55, 'Julio'),
(368, 55, 'Junio'),
(371, 55, 'Septiembre'),
(375, 56, 'Abril'),
(379, 56, 'Agosto'),
(383, 56, 'Diciembre'),
(372, 56, 'Enero'),
(373, 56, 'Febrero'),
(378, 56, 'Julio'),
(377, 56, 'Junio'),
(374, 56, 'Marzo'),
(376, 56, 'Mayo'),
(382, 56, 'Noviembre'),
(381, 56, 'Octubre'),
(380, 56, 'Septiembre'),
(387, 57, 'Abril'),
(391, 57, 'Agosto'),
(395, 57, 'Diciembre'),
(384, 57, 'Enero'),
(385, 57, 'Febrero'),
(390, 57, 'Julio'),
(389, 57, 'Junio'),
(386, 57, 'Marzo'),
(388, 57, 'Mayo'),
(394, 57, 'Noviembre'),
(393, 57, 'Octubre'),
(392, 57, 'Septiembre'),
(398, 58, 'Agosto'),
(397, 58, 'Julio'),
(396, 58, 'Junio'),
(399, 58, 'Septiembre'),
(402, 59, 'Agosto'),
(401, 59, 'Julio'),
(400, 59, 'Junio'),
(403, 59, 'Septiembre'),
(407, 60, 'Agosto'),
(406, 60, 'Julio'),
(405, 60, 'Junio'),
(404, 60, 'Mayo'),
(409, 60, 'Octubre'),
(408, 60, 'Septiembre'),
(413, 61, 'Agosto'),
(412, 61, 'Julio'),
(411, 61, 'Junio'),
(410, 61, 'Mayo'),
(417, 62, 'Abril'),
(421, 62, 'Agosto'),
(425, 62, 'Diciembre'),
(414, 62, 'Enero'),
(415, 62, 'Febrero'),
(420, 62, 'Julio'),
(419, 62, 'Junio'),
(416, 62, 'Marzo'),
(418, 62, 'Mayo'),
(424, 62, 'Noviembre'),
(423, 62, 'Octubre'),
(422, 62, 'Septiembre'),
(426, 63, 'Agosto'),
(429, 63, 'Noviembre'),
(428, 63, 'Octubre'),
(427, 63, 'Septiembre'),
(432, 64, 'Agosto'),
(431, 64, 'Julio'),
(430, 64, 'Junio'),
(433, 64, 'Septiembre'),
(435, 65, 'Abril'),
(438, 65, 'Julio'),
(437, 65, 'Junio'),
(434, 65, 'Marzo'),
(436, 65, 'Mayo'),
(442, 66, 'Abril'),
(446, 66, 'Agosto'),
(450, 66, 'Diciembre'),
(439, 66, 'Enero'),
(440, 66, 'Febrero'),
(445, 66, 'Julio'),
(444, 66, 'Junio'),
(441, 66, 'Marzo'),
(443, 66, 'Mayo'),
(449, 66, 'Noviembre'),
(448, 66, 'Octubre'),
(447, 66, 'Septiembre'),
(452, 67, 'Abril'),
(454, 67, 'Junio'),
(451, 67, 'Marzo'),
(453, 67, 'Mayo'),
(457, 67, 'Noviembre'),
(456, 67, 'Octubre'),
(455, 67, 'Septiembre'),
(458, 68, 'Septiembre'),
(459, 69, 'Abril'),
(463, 69, 'Agosto'),
(462, 69, 'Julio'),
(461, 69, 'Junio'),
(460, 69, 'Mayo'),
(466, 69, 'Noviembre'),
(465, 69, 'Octubre'),
(464, 69, 'Septiembre'),
(470, 70, 'Agosto'),
(469, 70, 'Julio'),
(468, 70, 'Junio'),
(467, 70, 'Mayo'),
(472, 70, 'Octubre'),
(471, 70, 'Septiembre'),
(476, 71, 'Diciembre'),
(473, 71, 'Enero'),
(474, 71, 'Febrero'),
(475, 71, 'Marzo'),
(477, 72, 'Abril'),
(481, 72, 'Agosto'),
(480, 72, 'Julio'),
(479, 72, 'Junio'),
(478, 72, 'Mayo'),
(484, 72, 'Noviembre'),
(483, 72, 'Octubre'),
(482, 72, 'Septiembre'),
(487, 73, 'Agosto'),
(486, 73, 'Julio'),
(485, 73, 'Junio'),
(488, 73, 'Septiembre'),
(491, 74, 'Agosto'),
(490, 74, 'Julio'),
(489, 74, 'Junio'),
(492, 74, 'Septiembre'),
(495, 75, 'Agosto'),
(494, 75, 'Julio'),
(493, 75, 'Junio'),
(497, 75, 'Octubre'),
(496, 75, 'Septiembre'),
(501, 76, 'Abril'),
(505, 76, 'Agosto'),
(506, 76, 'Diciembre'),
(498, 76, 'Enero'),
(499, 76, 'Febrero'),
(504, 76, 'Julio'),
(503, 76, 'Junio'),
(500, 76, 'Marzo'),
(502, 76, 'Mayo'),
(507, 77, 'Agosto'),
(508, 77, 'Septiembre');

-- 
-- Dumping data for table mesesbichos
--
-- Table animalcrossing.mesesbichos does not contain any data (it is empty)

-- 
-- Dumping data for table mesesam
--
INSERT INTO mesesam VALUES
(3, 1, 'Agosto'),
(7, 1, 'Diciembre'),
(2, 1, 'Julio'),
(1, 1, 'Junio'),
(6, 1, 'Noviembre'),
(5, 1, 'Octubre'),
(4, 1, 'Septiembre'),
(14, 2, 'Abril'),
(10, 2, 'Diciembre'),
(11, 2, 'Enero'),
(12, 2, 'Febrero'),
(17, 2, 'Julio'),
(16, 2, 'Junio'),
(13, 2, 'Marzo'),
(15, 2, 'Mayo'),
(9, 2, 'Noviembre'),
(8, 2, 'Octubre'),
(21, 3, 'Abril'),
(25, 3, 'Agosto'),
(29, 3, 'Diciembre'),
(18, 3, 'Enero'),
(19, 3, 'Febrero'),
(24, 3, 'Julio'),
(23, 3, 'Junio'),
(20, 3, 'Marzo'),
(22, 3, 'Mayo'),
(28, 3, 'Noviembre'),
(27, 3, 'Octubre'),
(26, 3, 'Septiembre'),
(33, 4, 'Agosto'),
(32, 4, 'Julio'),
(31, 4, 'Junio'),
(30, 4, 'Mayo'),
(35, 4, 'Octubre'),
(34, 4, 'Septiembre'),
(39, 5, 'Abril'),
(43, 5, 'Agosto'),
(47, 5, 'Diciembre'),
(36, 5, 'Enero'),
(37, 5, 'Febrero'),
(42, 5, 'Julio'),
(41, 5, 'Junio'),
(38, 5, 'Marzo'),
(40, 5, 'Mayo'),
(46, 5, 'Noviembre'),
(45, 5, 'Octubre'),
(44, 5, 'Septiembre'),
(51, 6, 'Abril'),
(55, 6, 'Agosto'),
(59, 6, 'Diciembre'),
(48, 6, 'Enero'),
(49, 6, 'Febrero'),
(54, 6, 'Julio'),
(53, 6, 'Junio'),
(50, 6, 'Marzo'),
(52, 6, 'Mayo'),
(58, 6, 'Noviembre'),
(57, 6, 'Octubre'),
(56, 6, 'Septiembre'),
(62, 7, 'Abril'),
(60, 7, 'Diciembre'),
(61, 7, 'Enero'),
(64, 7, 'Junio'),
(63, 7, 'Mayo'),
(68, 8, 'Abril'),
(72, 8, 'Agosto'),
(76, 8, 'Diciembre'),
(65, 8, 'Enero'),
(66, 8, 'Febrero'),
(71, 8, 'Julio'),
(70, 8, 'Junio'),
(67, 8, 'Marzo'),
(69, 8, 'Mayo'),
(75, 8, 'Noviembre'),
(74, 8, 'Octubre'),
(73, 8, 'Septiembre'),
(82, 9, 'Abril'),
(78, 9, 'Diciembre'),
(79, 9, 'Enero'),
(80, 9, 'Febrero'),
(81, 9, 'Marzo'),
(83, 9, 'Mayo'),
(77, 9, 'Noviembre'),
(85, 10, 'Abril'),
(87, 10, 'Junio'),
(84, 10, 'Marzo'),
(86, 10, 'Mayo'),
(91, 11, 'Agosto'),
(90, 11, 'Julio'),
(89, 11, 'Junio'),
(88, 11, 'Mayo'),
(95, 12, 'Diciembre'),
(96, 12, 'Enero'),
(94, 12, 'Noviembre'),
(93, 12, 'Octubre'),
(92, 12, 'Septiembre'),
(99, 13, 'Diciembre'),
(100, 13, 'Enero'),
(101, 13, 'Febrero'),
(98, 13, 'Noviembre'),
(97, 13, 'Octubre'),
(106, 14, 'Diciembre'),
(102, 14, 'Enero'),
(103, 14, 'Febrero'),
(104, 14, 'Marzo'),
(105, 14, 'Noviembre'),
(112, 15, 'Abril'),
(108, 15, 'Diciembre'),
(109, 15, 'Enero'),
(110, 15, 'Febrero'),
(111, 15, 'Marzo'),
(107, 15, 'Noviembre'),
(115, 16, 'Agosto'),
(114, 16, 'Julio'),
(113, 16, 'Junio'),
(118, 16, 'Noviembre'),
(117, 16, 'Octubre'),
(116, 16, 'Septiembre'),
(120, 17, 'Abril'),
(119, 17, 'Marzo'),
(122, 18, 'Agosto'),
(121, 18, 'Julio'),
(123, 18, 'Septiembre'),
(129, 19, 'Abril'),
(127, 19, 'Diciembre'),
(128, 19, 'Marzo'),
(130, 19, 'Mayo'),
(126, 19, 'Noviembre'),
(125, 19, 'Octubre'),
(124, 19, 'Septiembre'),
(134, 20, 'Diciembre'),
(131, 20, 'Enero'),
(132, 20, 'Febrero'),
(133, 20, 'Noviembre'),
(138, 21, 'Agosto'),
(137, 21, 'Julio'),
(136, 21, 'Junio'),
(135, 21, 'Mayo'),
(139, 21, 'Septiembre'),
(143, 22, 'Agosto'),
(142, 22, 'Julio'),
(141, 22, 'Junio'),
(140, 22, 'Mayo'),
(144, 22, 'Septiembre'),
(148, 23, 'Abril'),
(152, 23, 'Agosto'),
(156, 23, 'Diciembre'),
(145, 23, 'Enero'),
(146, 23, 'Febrero'),
(151, 23, 'Julio'),
(150, 23, 'Junio'),
(147, 23, 'Marzo'),
(149, 23, 'Mayo'),
(155, 23, 'Noviembre'),
(154, 23, 'Octubre'),
(153, 23, 'Septiembre'),
(157, 24, 'Agosto'),
(158, 24, 'Septiembre'),
(160, 25, 'Agosto'),
(159, 25, 'Julio'),
(162, 25, 'Octubre'),
(161, 25, 'Septiembre'),
(165, 26, 'Diciembre'),
(164, 26, 'Noviembre'),
(163, 26, 'Octubre'),
(169, 27, 'Abril'),
(173, 27, 'Agosto'),
(177, 27, 'Diciembre'),
(166, 27, 'Enero'),
(167, 27, 'Febrero'),
(172, 27, 'Julio'),
(171, 27, 'Junio'),
(168, 27, 'Marzo'),
(170, 27, 'Mayo'),
(176, 27, 'Noviembre'),
(175, 27, 'Octubre'),
(174, 27, 'Septiembre'),
(180, 28, 'Agosto'),
(179, 28, 'Julio'),
(178, 28, 'Junio'),
(181, 28, 'Septiembre'),
(183, 29, 'Agosto'),
(182, 29, 'Julio'),
(184, 29, 'Septiembre'),
(187, 30, 'Agosto'),
(191, 30, 'Diciembre'),
(186, 30, 'Julio'),
(185, 30, 'Junio'),
(190, 30, 'Noviembre'),
(189, 30, 'Octubre'),
(188, 30, 'Septiembre'),
(193, 31, 'Abril'),
(195, 31, 'Junio'),
(192, 31, 'Marzo'),
(194, 31, 'Mayo'),
(197, 31, 'Noviembre'),
(196, 31, 'Septiembre'),
(200, 32, 'Diciembre'),
(201, 32, 'Enero'),
(202, 32, 'Febrero'),
(199, 32, 'Noviembre'),
(198, 32, 'Septiembre'),
(206, 33, 'Abril'),
(210, 33, 'Agosto'),
(214, 33, 'Diciembre'),
(203, 33, 'Enero'),
(204, 33, 'Febrero'),
(209, 33, 'Julio'),
(208, 33, 'Junio'),
(205, 33, 'Marzo'),
(207, 33, 'Mayo'),
(213, 33, 'Noviembre'),
(212, 33, 'Octubre'),
(211, 33, 'Septiembre'),
(220, 34, 'Abril'),
(216, 34, 'Diciembre'),
(217, 34, 'Enero'),
(218, 34, 'Febrero'),
(219, 34, 'Marzo'),
(215, 34, 'Noviembre'),
(221, 35, 'Abril'),
(225, 35, 'Agosto'),
(224, 35, 'Julio'),
(223, 35, 'Junio'),
(222, 35, 'Mayo'),
(229, 36, 'Abril'),
(233, 36, 'Agosto'),
(237, 36, 'Diciembre'),
(226, 36, 'Enero'),
(227, 36, 'Febrero'),
(232, 36, 'Julio'),
(231, 36, 'Junio'),
(228, 36, 'Marzo'),
(230, 36, 'Mayo'),
(236, 36, 'Noviembre'),
(235, 36, 'Octubre'),
(234, 36, 'Septiembre'),
(239, 37, 'Abril'),
(238, 37, 'Marzo'),
(240, 37, 'Mayo'),
(243, 37, 'Noviembre'),
(242, 37, 'Octubre'),
(241, 37, 'Septiembre'),
(247, 38, 'Agosto'),
(246, 38, 'Julio'),
(245, 38, 'Junio'),
(244, 38, 'Mayo'),
(248, 38, 'Septiembre');



-- 
-- Dumping data for table desentierran
--
-- Table animalcrossing.desentierran does not contain any data (it is empty)

-- 
-- Dumping data for table consiguen
--
-- Table animalcrossing.consiguen does not contain any data (it is empty)

-- 
-- Dumping data for table compran
--
-- Table animalcrossing.compran does not contain any data (it is empty)

-- 
-- Dumping data for table capturan
--
-- Table animalcrossing.capturan does not contain any data (it is empty)

-- 
-- Restore previous SQL mode
-- 
/*!40101 SET SQL_MODE=@OLD_SQL_MODE */;

-- 
-- Enable foreign keys
-- 
/*!40014 SET FOREIGN_KEY_CHECKS = @OLD_FOREIGN_KEY_CHECKS */;