-- phpMyAdmin SQL Dump
-- version 5.2.0
-- https://www.phpmyadmin.net/
--
-- Host: 127.0.0.1:3306
-- Generation Time: Apr 05, 2023 at 10:58 AM
-- Server version: 10.4.27-MariaDB
-- PHP Version: 7.4.33

SET SQL_MODE = "NO_AUTO_VALUE_ON_ZERO";
START TRANSACTION;
SET time_zone = "+00:00";


/*!40101 SET @OLD_CHARACTER_SET_CLIENT=@@CHARACTER_SET_CLIENT */;
/*!40101 SET @OLD_CHARACTER_SET_RESULTS=@@CHARACTER_SET_RESULTS */;
/*!40101 SET @OLD_COLLATION_CONNECTION=@@COLLATION_CONNECTION */;
/*!40101 SET NAMES utf8mb4 */;
USE LazyBunnies;

--
-- Database: `project_lazy`
--

-- --------------------------------------------------------

--
-- Table structure for table `basket`
--

CREATE TABLE `basket` (
  `id` int(11) NOT NULL,
  `amount` int(11) NOT NULL,
  `note` varchar(255) NOT NULL,
  `order` int(11) NOT NULL,
  `createdAt` datetime(6) NOT NULL DEFAULT current_timestamp(6),
  `updatedAt` datetime(6) NOT NULL DEFAULT current_timestamp(6) ON UPDATE current_timestamp(6),
  `deletedAt` datetime(6) DEFAULT NULL,
  `menuId` int(11) DEFAULT NULL
) ENGINE=InnoDB DEFAULT CHARSET=utf8mb4 COLLATE=utf8mb4_general_ci;

--
-- Dumping data for table `basket`
--

INSERT INTO `basket` (`id`, `amount`, `note`, `order`, `createdAt`, `updatedAt`, `deletedAt`, `menuId`) VALUES
(12, 1, '', 1, '2023-03-01 02:51:34.135945', '2023-03-01 02:51:34.135945', NULL, 8),
(16, 1, '', 1, '2023-03-01 03:48:19.678372', '2023-03-01 03:48:19.678372', NULL, 1),
(19, 1, '', 1, '2023-03-01 03:48:48.604470', '2023-03-01 03:48:48.604470', NULL, 7),
(20, 1, '', 1, '2023-03-01 03:48:50.813075', '2023-03-01 03:48:50.813075', NULL, 10),
(48, 3, '', 3, '2023-03-01 09:54:29.016566', '2023-03-01 09:54:29.016566', NULL, 9),
(58, 1, '', 2, '2023-03-02 07:47:32.704398', '2023-03-02 07:47:32.704398', NULL, 41),
(59, 1, '', 2, '2023-03-02 07:47:33.534933', '2023-03-02 07:47:33.534933', NULL, 40),
(60, 1, '', 2, '2023-03-02 07:47:34.558880', '2023-03-02 07:47:34.558880', NULL, 39),
(61, 1, '', 2, '2023-03-02 07:47:35.496406', '2023-03-02 07:47:35.496406', NULL, 38),
(62, 1, '', 2, '2023-03-02 07:47:36.515465', '2023-03-02 07:47:36.515465', NULL, 37),
(63, 1, '', 2, '2023-03-02 07:47:37.969644', '2023-03-02 07:47:37.969644', NULL, 36),
(64, 1, '', 2, '2023-03-02 07:47:39.293845', '2023-03-02 07:47:39.293845', NULL, 35),
(65, 1, '', 2, '2023-03-02 07:47:40.299543', '2023-03-02 07:47:40.299543', NULL, 34),
(66, 1, '', 2, '2023-03-02 07:47:41.652583', '2023-03-02 07:47:41.652583', NULL, 33),
(67, 1, '', 2, '2023-03-02 07:47:42.689388', '2023-03-02 07:47:42.689388', NULL, 32),
(68, 1, '', 2, '2023-03-02 07:47:44.212806', '2023-03-02 07:47:44.212806', NULL, 31),
(69, 1, '', 2, '2023-03-02 07:47:47.437915', '2023-03-02 07:47:47.437915', NULL, 1),
(70, 1, '', 2, '2023-03-02 07:47:48.348592', '2023-03-02 07:47:48.348592', NULL, 6),
(71, 1, '', 2, '2023-03-02 07:47:49.808001', '2023-03-02 07:47:49.808001', NULL, 10),
(72, 1, '', 2, '2023-03-02 07:47:54.178500', '2023-03-02 07:47:54.178500', NULL, 13),
(73, 1, '', 2, '2023-03-02 07:47:54.689201', '2023-03-02 07:47:54.689201', NULL, 13),
(74, 1, '', 2, '2023-03-02 07:47:55.087723', '2023-03-02 07:47:55.087723', NULL, 13),
(75, 1, '', 2, '2023-03-02 07:47:55.481118', '2023-03-02 07:47:55.481118', NULL, 13),
(76, 1, '', 2, '2023-03-02 07:47:55.884354', '2023-03-02 07:47:55.884354', NULL, 13),
(77, 1, '', 2, '2023-03-02 07:47:56.334691', '2023-03-02 07:47:56.334691', NULL, 13),
(78, 1, '', 2, '2023-03-02 07:47:56.760626', '2023-03-02 07:47:56.760626', NULL, 13),
(79, 1, '', 2, '2023-03-02 07:47:57.177538', '2023-03-02 07:47:57.177538', NULL, 13),
(80, 1, '', 2, '2023-03-02 07:47:58.195469', '2023-03-02 07:47:58.195469', NULL, 13),
(84, 1, '', 2, '2023-03-03 00:10:38.837818', '2023-03-03 00:10:38.837818', NULL, 6),
(110, 1, '', 13, '2023-03-03 03:05:14.140296', '2023-03-03 03:05:14.140296', NULL, 1),
(274, 1, '', 2147483647, '2023-03-11 22:52:18.161597', '2023-03-11 22:52:18.161597', NULL, 1),
(275, 1, '', 2147483647, '2023-03-11 22:54:11.604288', '2023-03-11 22:54:11.604288', NULL, 1);

-- --------------------------------------------------------

--
-- Table structure for table `check`
--

CREATE TABLE `check` (
  `id` int(11) NOT NULL,
  `isLate` tinyint(4) NOT NULL DEFAULT 0,
  `createdAt` datetime(6) NOT NULL DEFAULT current_timestamp(6),
  `updatedAt` datetime(6) NOT NULL DEFAULT current_timestamp(6) ON UPDATE current_timestamp(6),
  `deletedAt` datetime(6) DEFAULT NULL,
  `checkIn` varchar(255) NOT NULL,
  `checkOut` varchar(255) NOT NULL,
  `userId` int(11) DEFAULT NULL
) ENGINE=InnoDB DEFAULT CHARSET=utf8mb4 COLLATE=utf8mb4_general_ci;

--
-- Dumping data for table `check`
--

INSERT INTO `check` (`id`, `isLate`, `createdAt`, `updatedAt`, `deletedAt`, `checkIn`, `checkOut`, `userId`) VALUES
(225, 0, '2023-03-05 23:24:08.746759', '2023-03-05 23:24:28.000000', NULL, '23:24', '23:24', 1),
(226, 0, '2023-03-05 23:27:41.303666', '2023-03-05 23:27:44.000000', NULL, '23:27', '23:27', 1),
(227, 0, '2023-03-05 23:51:51.559842', '2023-03-05 23:52:57.000000', NULL, '23:51', '23:52', 1),
(228, 0, '2023-03-05 23:53:14.962589', '2023-03-05 23:53:57.000000', NULL, '23:53', '23:53', 1),
(229, 0, '2023-03-05 23:54:52.218084', '2023-03-05 23:55:29.000000', NULL, '23:54', '23:55', 1),
(230, 0, '2023-03-06 00:25:27.596266', '2023-03-06 00:25:38.000000', NULL, '00:25', '00:25', 1),
(231, 0, '2023-03-06 00:26:57.757349', '2023-03-06 00:27:33.000000', NULL, '00:26', '00:27', 1),
(232, 0, '2023-03-06 00:27:35.986319', '2023-03-06 00:28:03.000000', NULL, '00:27', '00:28', 1),
(233, 0, '2023-03-06 00:28:19.674250', '2023-03-06 00:29:01.000000', NULL, '00:28', '00:29', 1),
(234, 0, '2023-03-06 00:29:57.326572', '2023-03-06 00:30:54.000000', NULL, '00:29', '00:30', 1),
(235, 0, '2023-03-06 00:30:59.232261', '2023-03-06 00:32:04.000000', NULL, '00:31', '00:32', 1),
(236, 0, '2023-03-06 00:34:16.407292', '2023-03-06 00:35:26.000000', NULL, '00:34', '00:35', 1),
(237, 0, '2023-03-06 00:36:19.179527', '2023-03-06 00:46:46.000000', NULL, '00:36', '00:46', 1),
(238, 0, '2023-03-06 00:39:50.404463', '2023-03-06 00:40:10.000000', NULL, '00:39', '00:40', 15),
(239, 0, '2023-03-06 00:46:05.477012', '2023-03-06 00:46:25.000000', NULL, '00:46', '00:46', 15),
(240, 0, '2023-03-06 00:47:08.158009', '2023-03-06 00:47:53.000000', NULL, '00:47', '00:47', 1),
(241, 0, '2023-03-06 00:48:11.427340', '2023-03-06 00:48:27.000000', NULL, '00:48', '00:48', 1),
(242, 0, '2023-03-06 00:58:05.756831', '2023-03-06 20:07:13.000000', NULL, '00:58', '20:07', 1),
(243, 0, '2023-03-07 00:17:38.677766', '2023-03-07 00:17:41.000000', NULL, '00:17', '00:17', 1),
(244, 0, '2023-03-07 17:19:06.872111', '2023-03-07 17:25:00.000000', NULL, '17:19', '17:25', 1),
(245, 0, '2023-03-07 17:27:00.503461', '2023-03-07 17:27:11.000000', NULL, '17:27', '17:27', 1),
(246, 0, '2023-03-07 17:27:59.744508', '2023-03-07 17:28:03.000000', NULL, '17:28', '17:28', 1),
(247, 0, '2023-03-07 17:50:18.005159', '2023-03-07 17:50:22.000000', NULL, '17:50', '17:50', 1),
(248, 0, '2023-03-07 17:50:52.640776', '2023-03-07 17:51:09.000000', NULL, '17:50', '17:51', 5),
(249, 0, '2023-03-07 17:51:29.996808', '2023-03-07 17:51:32.000000', NULL, '17:51', '17:51', 5),
(250, 0, '2023-03-07 17:51:44.551668', '2023-03-07 17:51:46.000000', NULL, '17:51', '17:51', 5),
(251, 0, '2023-03-07 17:53:11.511224', '2023-03-07 18:07:38.000000', NULL, '17:53', '18:07', 1),
(252, 0, '2023-03-07 18:10:05.828610', '2023-03-07 18:10:08.000000', NULL, '18:10', '18:10', 5),
(253, 0, '2023-03-07 18:10:21.470284', '2023-03-07 18:10:23.000000', NULL, '18:10', '18:10', 5),
(254, 0, '2023-03-08 11:55:29.195113', '2023-03-08 13:10:38.000000', NULL, '11:55', '13:10', 1),
(255, 0, '2023-03-08 15:58:33.407699', '2023-03-08 16:25:51.000000', NULL, '15:58', '16:25', 1),
(256, 0, '2023-03-08 16:26:41.729287', '2023-03-08 20:09:09.000000', NULL, '16:26', '20:09', 1),
(257, 0, '2023-03-12 18:48:34.494270', '2023-03-12 18:48:34.494270', NULL, '18:48', '', 1),
(258, 0, '2023-03-12 19:43:04.055400', '2023-03-12 19:43:04.055400', NULL, '19:43', '', 1),
(259, 0, '2023-03-12 19:48:00.188902', '2023-03-12 20:07:52.000000', NULL, '19:48', '20:07', 1),
(260, 0, '2023-03-12 20:25:03.294856', '2023-03-12 20:25:05.000000', NULL, '20:25', '20:25', 1),
(261, 0, '2023-03-12 20:25:19.068393', '2023-03-12 20:25:22.000000', NULL, '20:25', '20:25', 1),
(262, 0, '2023-03-12 20:37:31.003826', '2023-03-13 20:24:49.000000', NULL, '20:37', '20:24', 1),
(263, 0, '2023-03-13 20:24:55.763324', '2023-03-13 20:40:12.000000', NULL, '20:24', '20:40', 1),
(264, 0, '2023-03-13 20:40:15.447843', '2023-03-13 20:40:41.000000', NULL, '20:40', '20:40', 1),
(265, 0, '2023-03-13 20:43:34.256832', '2023-03-13 20:43:36.000000', NULL, '20:43', '20:43', 1),
(266, 0, '2023-03-13 20:44:42.067020', '2023-03-13 20:44:43.000000', NULL, '20:44', '20:44', 1),
(267, 0, '2023-03-13 20:47:30.350321', '2023-03-13 20:47:31.000000', NULL, '20:47', '20:47', 1),
(268, 0, '2023-03-14 20:33:26.489249', '2023-03-14 20:35:22.000000', NULL, '20:33', '20:35', 1),
(269, 0, '2023-03-14 20:35:54.066705', '2023-03-14 20:35:55.000000', NULL, '20:35', '20:35', 1),
(270, 0, '2023-03-15 18:49:29.098808', '2023-03-15 18:49:44.000000', NULL, '18:49', '18:49', 1),
(271, 0, '2023-03-18 18:03:39.535968', '2023-03-18 18:03:58.000000', NULL, '18:03', '18:03', 1),
(272, 0, '2023-03-18 18:04:00.862224', '2023-03-18 18:09:00.000000', NULL, '18:04', '18:09', 1),
(273, 0, '2023-03-21 20:49:34.020411', '2023-03-21 20:49:55.000000', NULL, '20:49', '20:49', 1),
(274, 0, '2023-03-21 20:50:14.420978', '2023-03-21 20:50:25.000000', NULL, '20:50', '20:50', 1),
(275, 0, '2023-04-01 11:35:08.795718', '2023-04-01 11:35:13.000000', NULL, '11:35', '11:35', 1),
(276, 0, '2023-04-04 00:18:10.962530', '2023-04-04 00:18:21.000000', NULL, '00:18', '00:18', 1),
(277, 0, '2023-04-04 00:18:41.031079', '2023-04-04 00:18:44.000000', NULL, '00:18', '00:18', 1),
(278, 0, '2023-04-04 00:19:59.762691', '2023-04-04 00:20:03.000000', NULL, '00:19', '00:20', 1),
(279, 0, '2023-04-04 20:41:07.758284', '2023-04-04 20:41:19.000000', NULL, '20:41', '20:41', 1);

-- --------------------------------------------------------

--
-- Table structure for table `check_stock_detail`
--

CREATE TABLE `check_stock_detail` (
  `id` int(11) NOT NULL,
  `name` varchar(255) NOT NULL,
  `remaining` int(11) NOT NULL,
  `unit` varchar(255) NOT NULL,
  `createdAt` datetime(6) NOT NULL DEFAULT current_timestamp(6),
  `updatedAt` datetime(6) NOT NULL DEFAULT current_timestamp(6) ON UPDATE current_timestamp(6),
  `deletedAt` datetime(6) DEFAULT NULL,
  `price` int(11) NOT NULL,
  `check` int(11) NOT NULL,
  `checkStockListId` int(11) DEFAULT NULL
) ENGINE=InnoDB DEFAULT CHARSET=utf8mb4 COLLATE=utf8mb4_general_ci;

--
-- Dumping data for table `check_stock_detail`
--

INSERT INTO `check_stock_detail` (`id`, `name`, `remaining`, `unit`, `createdAt`, `updatedAt`, `deletedAt`, `price`, `check`, `checkStockListId`) VALUES
(21, 'เนื้อไก่', 5, 'กิโลกรัม', '2023-03-02 17:34:24.510000', '2023-03-02 17:34:24.510000', NULL, 90, 4, 9),
(22, 'กุ้ง', 5, 'กิโลกรัม', '2023-03-02 17:38:11.111000', '2023-03-02 17:38:11.111000', NULL, 265, 4, 9),
(23, 'หมึก', 5, 'กิโลกรัม', '2023-03-02 17:38:32.117000', '2023-03-02 17:38:32.117000', NULL, 200, 4, 9),
(24, 'ข้าวสาร', 10, 'กิโลกรัม', '2023-03-02 17:38:59.687000', '2023-03-02 17:38:59.687000', NULL, 32, 4, 9),
(25, 'เกลือ', 4, 'กิโลกรัม', '2023-03-02 17:40:16.748000', '2023-03-02 17:40:16.748000', NULL, 30, 4, 9),
(26, 'เนื้อไก่', 5, 'กิโลกรัม', '2023-03-02 17:34:24.510000', '2023-03-02 17:34:24.510000', NULL, 90, 1, 10),
(27, 'กุ้ง', 5, 'กิโลกรัม', '2023-03-02 17:38:11.111000', '2023-03-02 17:38:11.111000', NULL, 265, 1, 10),
(28, 'หมึก', 5, 'กิโลกรัม', '2023-03-02 17:38:32.117000', '2023-03-02 17:38:32.117000', NULL, 200, 1, 10),
(29, 'ข้าวสาร', 10, 'กิโลกรัม', '2023-03-02 17:38:59.687000', '2023-03-02 17:38:59.687000', NULL, 32, 1, 10),
(30, 'เกลือ', 4, 'กิโลกรัม', '2023-03-02 17:40:16.748000', '2023-03-02 17:40:16.748000', NULL, 30, 1, 10),
(31, 'เนื้อไก่', 5, 'กิโลกรัม', '2023-03-02 17:34:24.510000', '2023-03-25 03:07:43.929000', NULL, 45, 2, 11),
(32, 'กุ้ง', 5, 'กิโลกรัม', '2023-03-02 17:38:11.111000', '2023-03-25 03:07:43.955000', NULL, 58, 1, 11),
(33, 'หมึก', 5, 'กิโลกรัม', '2023-03-02 17:38:32.117000', '2023-03-25 03:07:43.982000', NULL, 25, 3, 11),
(34, 'ข้าวสาร', 6, 'กิโลกรัม', '2023-03-02 17:38:59.687000', '2023-03-25 03:07:44.010000', NULL, 65, 4, 11),
(35, 'เกลือ', 4, 'กิโลกรัม', '2023-03-02 17:40:16.748000', '2023-03-25 03:07:44.035000', NULL, 25, 3, 11),
(36, 'แกะ', 0, '2', '2023-03-25 03:06:38.210000', '2023-03-25 03:06:38.210000', NULL, 0, 1, 11),
(37, 'เนื้อไก่', 2, 'กิโลกรัม', '2023-03-02 17:34:24.510000', '2023-03-25 03:08:13.000000', NULL, 45, 1, 12),
(38, 'กุ้ง', 1, 'กิโลกรัม', '2023-03-02 17:38:11.111000', '2023-03-25 03:08:13.000000', NULL, 58, 2, 12),
(39, 'หมึก', 3, 'กิโลกรัม', '2023-03-02 17:38:32.117000', '2023-03-25 03:08:13.000000', NULL, 25, 3, 12),
(40, 'ข้าวสาร', 4, 'กิโลกรัม', '2023-03-02 17:38:59.687000', '2023-03-25 03:08:14.000000', NULL, 65, 4, 12),
(41, 'เกลือ', 3, 'กิโลกรัม', '2023-03-02 17:40:16.748000', '2023-03-25 03:08:15.000000', NULL, 25, 5, 12),
(42, 'แกะ', 1, 'กิโลกรัม', '2023-03-25 03:06:38.210000', '2023-03-25 03:08:29.000000', NULL, 0, 6, 12),
(43, 'เนื้อไก่', 1, 'กิโลกรัม', '2023-03-02 17:34:24.510000', '2023-03-25 03:09:21.000000', NULL, 45, 0, 13),
(44, 'กุ้ง', 2, 'กิโลกรัม', '2023-03-02 17:38:11.111000', '2023-03-25 03:09:22.000000', NULL, 58, 0, 13),
(45, 'หมึก', 3, 'กิโลกรัม', '2023-03-02 17:38:32.117000', '2023-03-25 03:09:22.000000', NULL, 25, 1, 13),
(46, 'ข้าวสาร', 4, 'กิโลกรัม', '2023-03-02 17:38:59.687000', '2023-03-25 03:09:22.000000', NULL, 65, 2, 13),
(47, 'เกลือ', 5, 'กิโลกรัม', '2023-03-02 17:40:16.748000', '2023-03-25 03:09:22.000000', NULL, 25, 3, 13),
(48, 'แกะ', 6, 'กิโลกรัม', '2023-03-25 03:06:38.210000', '2023-03-25 03:09:49.000000', NULL, 0, 4, 13),
(49, 'เนื้อไก่', 0, 'กิโลกรัม', '2023-03-02 17:34:24.510000', '2023-03-25 03:47:59.000000', NULL, 45, 0, 14),
(50, 'กุ้ง', 0, 'กิโลกรัม', '2023-03-02 17:38:11.111000', '2023-03-25 03:48:00.000000', NULL, 58, 0, 14),
(51, 'หมึก', 1, 'กิโลกรัม', '2023-03-02 17:38:32.117000', '2023-03-25 03:48:00.000000', NULL, 25, 0, 14),
(52, 'ข้าวสาร', 2, 'กิโลกรัม', '2023-03-02 17:38:59.687000', '2023-03-25 03:48:01.000000', NULL, 65, 0, 14),
(53, 'เกลือ', 3, 'กิโลกรัม', '2023-03-02 17:40:16.748000', '2023-03-25 03:48:01.000000', NULL, 25, 1, 14),
(54, 'แกะ', 4, 'กิโลกรัม', '2023-03-25 03:06:38.210000', '2023-03-25 03:48:01.000000', NULL, 0, 2, 14),
(55, 'เนื้อไก่', 0, 'กิโลกรัม', '2023-03-02 17:34:24.510000', '2023-03-25 03:51:33.000000', NULL, 45, 1, 15),
(56, 'กุ้ง', 0, 'กิโลกรัม', '2023-03-02 17:38:11.111000', '2023-03-25 03:51:34.000000', NULL, 58, 2, 15),
(57, 'หมึก', 0, 'กิโลกรัม', '2023-03-02 17:38:32.117000', '2023-03-25 03:51:34.000000', NULL, 25, 3, 15),
(58, 'ข้าวสาร', 0, 'กิโลกรัม', '2023-03-02 17:38:59.687000', '2023-03-25 03:51:35.000000', NULL, 65, 1, 15),
(59, 'เกลือ', 1, 'กิโลกรัม', '2023-03-02 17:40:16.748000', '2023-03-25 03:51:36.000000', NULL, 25, 2, 15),
(60, 'แกะ', 2, 'กิโลกรัม', '2023-03-25 03:06:38.210000', '2023-03-25 03:51:36.000000', NULL, 0, 3, 15),
(61, 'เนื้อไก่', 1, 'กิโลกรัม', '2023-03-02 17:34:24.510000', '2023-03-25 03:52:42.000000', NULL, 45, 0, 16),
(62, 'กุ้ง', 2, 'กิโลกรัม', '2023-03-02 17:38:11.111000', '2023-03-25 03:52:42.000000', NULL, 58, 0, 16),
(63, 'หมึก', 3, 'กิโลกรัม', '2023-03-02 17:38:32.117000', '2023-03-25 03:52:42.000000', NULL, 25, 0, 16),
(64, 'ข้าวสาร', 1, 'กิโลกรัม', '2023-03-02 17:38:59.687000', '2023-03-25 03:52:43.000000', NULL, 65, 1, 16),
(65, 'เกลือ', 2, 'กิโลกรัม', '2023-03-02 17:40:16.748000', '2023-03-25 03:52:43.000000', NULL, 25, 1, 16),
(66, 'แกะ', 3, 'กิโลกรัม', '2023-03-25 03:06:38.210000', '2023-03-25 03:52:43.000000', NULL, 0, 1, 16),
(67, 'เนื้อไก่', 0, 'กิโลกรัม', '2023-03-02 17:34:24.510000', '2023-03-25 03:54:28.000000', NULL, 45, 0, 17),
(68, 'กุ้ง', 0, 'กิโลกรัม', '2023-03-02 17:38:11.111000', '2023-03-25 03:54:28.000000', NULL, 58, 0, 17),
(69, 'หมึก', 0, 'กิโลกรัม', '2023-03-02 17:38:32.117000', '2023-03-25 03:54:28.000000', NULL, 25, 0, 17),
(70, 'ข้าวสาร', 1, 'กิโลกรัม', '2023-03-02 17:38:59.687000', '2023-03-25 03:54:29.000000', NULL, 65, 0, 17),
(71, 'เกลือ', 1, 'กิโลกรัม', '2023-03-02 17:40:16.748000', '2023-03-25 03:54:29.000000', NULL, 25, 0, 17),
(72, 'แกะ', 1, 'กิโลกรัม', '2023-03-25 03:06:38.210000', '2023-03-25 03:54:29.000000', NULL, 0, 0, 17),
(73, 'เนื้อไก่', 0, 'กิโลกรัม', '2023-03-02 17:34:24.510000', '2023-04-03 20:31:30.000000', NULL, 45, 4, 18),
(74, 'กุ้ง', 0, 'กิโลกรัม', '2023-03-02 17:38:11.111000', '2023-04-03 20:31:30.000000', NULL, 58, 4, 18),
(75, 'หมึก', 0, 'กิโลกรัม', '2023-03-02 17:38:32.117000', '2023-04-03 20:31:31.000000', NULL, 25, 4, 18),
(76, 'ข้าวสาร', 0, 'กิโลกรัม', '2023-03-02 17:38:59.687000', '2023-04-03 20:31:31.000000', NULL, 65, 6, 18),
(77, 'เกลือ', 0, 'กิโลกรัม', '2023-03-02 17:40:16.748000', '2023-04-03 20:31:31.000000', NULL, 25, 2, 18),
(78, 'แกะ', 0, 'กิโลกรัม', '2023-03-25 03:06:38.210000', '2023-04-03 20:31:32.000000', NULL, 0, 0, 18),
(79, 'เนื้อวัว', 0, 'กิโลกรัม', '2023-04-05 11:32:02.312000', '2023-04-05 11:32:02.312000', NULL, 0, 10, 18);

-- --------------------------------------------------------

--
-- Table structure for table `check_stock_list`
--

CREATE TABLE `check_stock_list` (
  `id` int(11) NOT NULL,
  `createdAt` datetime(6) NOT NULL DEFAULT current_timestamp(6),
  `updatedAt` datetime(6) NOT NULL DEFAULT current_timestamp(6) ON UPDATE current_timestamp(6),
  `deletedAt` datetime(6) DEFAULT NULL,
  `userId` int(11) DEFAULT NULL
) ENGINE=InnoDB DEFAULT CHARSET=utf8mb4 COLLATE=utf8mb4_general_ci;

--
-- Dumping data for table `check_stock_list`
--

INSERT INTO `check_stock_list` (`id`, `createdAt`, `updatedAt`, `deletedAt`, `userId`) VALUES
(9, '2023-03-25 02:56:07.299045', '2023-03-25 02:56:07.299045', NULL, 1),
(10, '2023-03-25 03:01:58.175448', '2023-03-25 03:01:58.175448', NULL, 1),
(11, '2023-03-25 03:08:13.314254', '2023-03-25 03:08:13.314254', NULL, 1),
(12, '2023-03-25 03:09:21.558997', '2023-03-25 03:09:21.558997', NULL, 1),
(13, '2023-03-25 03:47:59.300538', '2023-03-25 03:47:59.300538', NULL, 1),
(14, '2023-03-25 03:51:33.177047', '2023-03-25 03:51:33.177047', NULL, 8),
(15, '2023-03-25 03:52:41.674403', '2023-03-25 03:52:41.674403', NULL, 8),
(16, '2023-03-25 03:54:28.143431', '2023-03-25 03:54:28.143431', NULL, 1),
(17, '2023-04-03 20:31:30.517033', '2023-04-03 20:31:30.517033', NULL, 1),
(18, '2023-04-05 11:34:39.112185', '2023-04-05 11:34:39.112185', NULL, 1);

-- --------------------------------------------------------

--
-- Table structure for table `menu`
--

CREATE TABLE `menu` (
  `id` int(11) NOT NULL,
  `name` varchar(255) NOT NULL,
  `price` float NOT NULL,
  `type` varchar(255) NOT NULL,
  `status` varchar(255) NOT NULL,
  `image` varchar(255) NOT NULL DEFAULT 'No_Image_Available.png',
  `createdAt` datetime(6) NOT NULL DEFAULT current_timestamp(6),
  `updatedAt` datetime(6) NOT NULL DEFAULT current_timestamp(6) ON UPDATE current_timestamp(6),
  `deletedAt` datetime(6) DEFAULT NULL
) ENGINE=InnoDB DEFAULT CHARSET=utf8mb4 COLLATE=utf8mb4_general_ci;

--
-- Dumping data for table `menu`
--

INSERT INTO `menu` (`id`, `name`, `price`, `type`, `status`, `image`, `createdAt`, `updatedAt`, `deletedAt`) VALUES
(1, 'คนใดที่ถูกเจียว คือไข่เจียวที่อร่อย', 44, 'อาหารจานเดียว', 'on', '7f5b22ff-996e-4693-bf1d-218383f095c7.jpg', '2023-02-27 20:19:24.671247', '2023-03-15 18:45:56.000000', NULL),
(6, 'น้ำส้ม', 20, 'เครื่องดื่ม', 'on', '893f33ef-7a79-4567-9a11-984adeb0b897.jpg', '2023-02-28 01:12:11.230123', '2023-03-10 21:42:46.000000', NULL),
(7, 'ยำถั่วพูกุ้งสด', 20, 'ยำ', 'on', '2a43b394-c6b5-4c52-a968-d9f35ec0535d.jpg', '2023-02-28 01:12:32.381891', '2023-03-07 17:23:30.000000', NULL),
(8, 'หมูกระจก', 55, 'ของทานเล่น', 'on', '49b6e0f1-fac7-4160-904e-6309c8de00fa.jpg', '2023-02-28 01:13:10.164037', '2023-02-28 21:52:42.000000', NULL),
(9, 'ไก่เขย่า', 50, 'ของทานเล่น', 'on', '14488a82-6a08-4f62-b6fc-dd8aa5e36b2a.jpg', '2023-02-28 03:01:00.259301', '2023-02-28 05:36:21.000000', NULL),
(10, 'น้ำดื่มสิงห์ 1.5 ลิตร', 15, 'เครื่องดื่ม', 'on', '8188d1bb-abfd-40a6-b31b-8ae8142169f2.jpg', '2023-02-28 03:01:25.029188', '2023-02-28 05:36:22.000000', NULL),
(11, 'โค้ก ออริจินัล 2 ลิตร', 35, 'เครื่องดื่ม', 'on', '5b271f0e-3810-4843-8d52-33edb4fddb14.jpg', '2023-02-28 03:01:46.194324', '2023-03-02 04:44:43.000000', NULL),
(13, 'เกี๊ยวทอดไส้ผักโขมแฮมชีส', 45, 'ของทานเล่น', 'on', '5b451014-ef20-43fc-bc28-8cc43fecdf9e.jpg', '2023-03-02 04:45:21.399182', '2023-03-02 04:45:21.399182', NULL),
(14, 'ข้าวผัดกะเพราหมูกรอบ', 55, 'อาหารจานเดียว', 'on', '68700ab7-7adb-4a49-9988-4e4f870e7012.jpg', '2023-03-02 04:45:42.054996', '2023-03-15 16:03:07.000000', NULL),
(15, 'ข้าวผัดคะน้าหมูกรอบ', 55, 'อาหารจานเดียว', 'on', 'c0beade5-27a7-48f8-809f-435c1a5d561e.jpg', '2023-03-02 04:45:59.983843', '2023-03-02 04:45:59.983843', NULL),
(16, 'ข้าวผัดต้มยำกุ้ง', 60, 'อาหารจานเดียว', 'on', 'ae2a42d1-0e15-48b5-b0aa-d186ded7e32a.jpg', '2023-03-02 04:46:25.794539', '2023-03-11 20:49:29.000000', NULL),
(17, 'ข้าวผัดน้ำพริกตาแดงกุ้งสด', 60, 'อาหารจานเดียว', 'on', 'f7de3349-e88d-4b56-8f7e-fd977d6a263e.jpg', '2023-03-02 04:46:44.269723', '2023-03-02 04:46:44.269723', NULL),
(18, 'ข้าวผัดเบคอน', 55, 'อาหารจานเดียว', 'on', '1671fb29-9786-45cf-8acf-aa569cfcd836.jpg', '2023-03-02 04:47:00.108143', '2023-03-02 04:47:00.108143', NULL),
(19, 'ข้าวผัดปลาแซลมอน', 65, 'อาหารจานเดียว', 'on', '519f6d2f-43c1-4296-82c5-6d99b21c47f0.jpg', '2023-03-02 04:47:15.175390', '2023-03-02 04:47:15.175390', NULL),
(20, 'ข้าวผัดปลาสลิด', 55, 'อาหารจานเดียว', 'on', '0a892c86-63d5-47a8-89e0-c7034ced44ba.jpg', '2023-03-02 04:47:27.049590', '2023-03-02 04:47:27.049590', NULL),
(21, 'ข้าวหมูแดง', 55, 'อาหารจานเดียว', 'on', 'a8aff610-3927-4fad-bef7-c30d77f49357.jpg', '2023-03-02 04:47:41.231479', '2023-03-02 04:47:41.231479', NULL),
(22, 'ข้าวหมูทอด', 50, 'อาหารจานเดียว', 'on', '9be89d90-e3a2-46a7-a70f-4c98b9af142d.jpg', '2023-03-02 04:48:01.182514', '2023-03-11 21:43:02.000000', NULL),
(23, 'โคโรเกะทูน่าสอดไส้ชีส', 50, 'ของทานเล่น', 'on', '32cc8410-0bbf-4bf6-b723-537b2ae2b61f.jpg', '2023-03-02 04:48:22.675455', '2023-03-02 04:48:22.675455', NULL),
(24, 'น้ำแข็งถัง', 8, 'เครื่องดื่ม', 'on', '7202bd47-1124-4d60-9b7e-2dc64f33a5d1.jpg', '2023-03-02 04:48:45.986025', '2023-03-10 21:37:22.000000', NULL),
(25, 'เบคอนม้วนไส้กรอกปิ้งเครื่องลาบ', 40, 'ของทานเล่น', 'on', 'b5c9da4e-d19a-4b07-9731-af427c9eec99.jpg', '2023-03-02 04:49:16.721493', '2023-03-02 04:49:16.721493', NULL),
(26, 'ยำขนมจีนรวมมิตร', 60, 'ยำ', 'on', '12d1cbe8-a99f-43e4-9670-f9e5fba3020a.jpg', '2023-03-02 04:49:31.660345', '2023-03-02 04:49:31.660345', NULL),
(27, 'ยำคะน้ากรอบกุ้งสด', 65, 'ยำ', 'on', '6220ed87-1301-4274-9ec5-372080496ea6.jpg', '2023-03-02 04:49:47.913514', '2023-03-02 04:49:47.913514', NULL),
(28, 'ยำมะม่วงปลากรอบ', 55, 'ยำ', 'on', '0377b3df-1ecd-4785-af23-e0aff00ddf3c.jpg', '2023-03-02 04:50:12.487563', '2023-03-02 04:50:12.487563', NULL),
(29, 'ยำมะม่วงปูม้า', 65, 'ยำ', 'on', '9eab2937-722d-43c5-ac46-3fae1d75a821.jpg', '2023-03-02 04:50:30.756451', '2023-03-02 04:50:30.756451', NULL),
(30, 'ยำหัวปลีกุ้งสด', 65, 'ยำ', 'on', '85a84c93-6d0d-43fa-b576-284ea051ffd2.jpg', '2023-03-02 04:51:59.885332', '2023-03-02 04:51:59.885332', NULL),
(31, 'ยำแหนมข้าวทอด', 55, 'ยำ', 'on', 'aed3b5de-6043-4866-beb9-3b416eb4d0fa.jpg', '2023-03-02 04:52:14.637556', '2023-03-02 04:52:14.637556', NULL),
(32, 'เฟรนช์ฟรายส์', 40, 'ของทานเล่น', 'on', 'f5d485c1-3d52-47cb-9e9c-75e0db65b36c.jpg', '2023-03-02 04:53:54.110535', '2023-04-03 23:13:03.000000', NULL),
(33, 'อกไก่ชีสบอล', 45, 'ของทานเล่น', 'on', 'efdee444-0839-4f91-a387-6c8df59af28b.jpg', '2023-03-02 04:56:44.069773', '2023-03-02 04:56:44.069773', NULL),
(34, 'ผัดเปรี้ยวหวานหมู', 60, 'กับข้าว', 'on', 'ed9ca281-2fa2-4c2e-8314-b737e2772522.jpg', '2023-03-02 04:59:02.856302', '2023-03-02 04:59:02.856302', NULL),
(35, 'ผัดหอยลาย', 70, 'กับข้าว', 'on', 'f0650c6f-55da-493b-8054-ff462d19fce5.jpg', '2023-03-02 04:59:27.208445', '2023-03-11 20:58:25.000000', NULL),
(36, 'ผัดผักรวม', 55, 'กับข้าว', 'on', '73b4c1a9-2b1a-4bdb-8c18-d37ed10bcdb9.jpg', '2023-03-02 05:00:01.576847', '2023-03-02 05:00:01.576847', NULL),
(37, 'ฉู่ฉี่ปลาทู', 75, 'กับข้าว', 'on', '9909a420-6ee1-4263-9fa2-e0bde130289e.jpg', '2023-03-02 05:00:24.665720', '2023-03-02 05:00:24.665720', NULL),
(38, 'แกงจืดเต้าหู้หมูสับ', 65, 'กับข้าว', 'on', '0464d8b1-deb0-4968-b7e1-9509e4d865a0.jpg', '2023-03-02 05:01:02.453578', '2023-03-02 05:01:02.453578', NULL),
(39, 'แกงส้ม', 70, 'กับข้าว', 'on', 'be77346e-cea2-4151-b9ca-0f1617968f12.jpg', '2023-03-02 05:01:25.194007', '2023-03-06 20:56:05.000000', NULL),
(40, 'พะแนงหมู', 65, 'กับข้าว', 'on', 'bb7201c6-99cc-4e20-9f19-5a8cabb9b506.jpg', '2023-03-02 05:01:54.840911', '2023-03-07 16:35:24.000000', NULL),
(41, 'ข้าวสวย', 11, 'กับข้าว', 'on', 'b76a9337-fb37-48d9-83d4-f91fe443c0ce.jpg', '2023-03-02 05:02:47.126222', '2023-03-07 16:35:23.000000', NULL),
(48, 'ไข่ดาวภูเขาไฟ', 50, 'อาหารจานเดียว', 'on', 'd963d9d5-fa83-4a28-9751-1e021c3c5ff0.jpg', '2023-03-07 18:04:38.531707', '2023-03-07 18:04:38.531707', NULL);

-- --------------------------------------------------------

--
-- Table structure for table `order`
--

CREATE TABLE `order` (
  `id` int(11) NOT NULL,
  `status` varchar(255) NOT NULL,
  `date` timestamp(6) NOT NULL DEFAULT current_timestamp(6),
  `createdAt` datetime(6) NOT NULL DEFAULT current_timestamp(6),
  `updatedAt` datetime(6) NOT NULL DEFAULT current_timestamp(6) ON UPDATE current_timestamp(6),
  `deletedAt` datetime(6) DEFAULT NULL,
  `tableIdId` int(11) DEFAULT NULL,
  `uuid` varchar(255) NOT NULL
) ENGINE=InnoDB DEFAULT CHARSET=utf8mb4 COLLATE=utf8mb4_general_ci;

--
-- Dumping data for table `order`
--

INSERT INTO `order` (`id`, `status`, `date`, `createdAt`, `updatedAt`, `deletedAt`, `tableIdId`, `uuid`) VALUES
(1, 'ชำระเงินแล้ว', '2023-03-01 19:00:00.247032', '2023-03-02 02:00:00.247032', '2023-03-02 02:00:00.247032', NULL, 2, ''),
(2, 'ชำระเงินแล้ว', '2023-03-01 01:36:26.716812', '2023-03-01 08:36:26.716812', '2023-03-03 03:41:51.000000', NULL, 2, ''),
(3, 'ชำระเงินแล้ว', '2023-03-01 02:17:36.200157', '2023-03-01 09:17:36.200157', '2023-03-03 01:20:00.000000', NULL, 3, ''),
(8, 'ชำระเงินแล้ว', '2023-02-28 14:22:18.218405', '2023-02-28 21:37:03.278793', '2023-02-28 21:37:03.446635', NULL, NULL, ''),
(9, 'ชำระเงินแล้ว', '2023-02-28 14:37:21.718104', '2023-02-28 21:37:21.718104', '2023-02-28 21:37:21.718104', NULL, 1, ''),
(10, 'ชำระเงินแล้ว', '2023-02-28 14:38:00.116261', '2023-02-28 21:38:00.116261', '2023-02-28 21:38:00.116261', NULL, 1, ''),
(11, 'ชำระเงินแล้ว', '2023-02-28 14:38:01.467582', '2023-02-28 21:38:01.467582', '2023-02-28 21:38:01.467582', NULL, 1, ''),
(12, 'ชำระเงินแล้ว', '2023-02-28 14:38:03.529729', '2023-02-28 21:38:03.529729', '2023-02-28 21:38:03.529729', NULL, 1, ''),
(13, 'ชำระเงินแล้ว', '2023-03-02 15:29:23.991719', '2023-03-02 22:29:23.991719', '2023-03-03 01:18:13.000000', NULL, 4, ''),
(14, 'ชำระเงินแล้ว', '2023-03-02 19:32:51.951938', '2023-03-03 02:32:51.951938', '2023-03-03 02:33:44.000000', NULL, 1, ''),
(15, 'ชำระเงินแล้ว', '2023-03-02 19:34:39.626725', '2023-03-03 02:34:39.626725', '2023-03-03 02:35:33.000000', NULL, 5, ''),
(16, 'ชำระเงินแล้ว', '2023-03-02 19:38:21.828841', '2023-03-03 02:38:21.828841', '2023-03-03 02:39:45.000000', NULL, 1, ''),
(17, 'ชำระเงินแล้ว', '2023-03-02 19:43:11.123448', '2023-03-03 02:43:11.123448', '2023-03-03 03:39:36.000000', NULL, 1, ''),
(18, 'ชำระเงินแล้ว', '2023-03-02 19:43:30.887479', '2023-03-03 02:43:30.887479', '2023-03-03 03:13:51.000000', NULL, 6, ''),
(19, 'ชำระเงินแล้ว', '2023-03-02 20:32:53.414894', '2023-03-03 03:32:53.414894', '2023-03-03 03:34:40.000000', NULL, 3, ''),
(20, 'ชำระเงินแล้ว', '2023-03-02 20:42:01.197353', '2023-03-03 03:42:01.197353', '2023-03-03 03:46:19.000000', NULL, 1, ''),
(21, 'ชำระเงินแล้ว', '2023-03-02 20:42:23.246894', '2023-03-03 03:42:23.246894', '2023-03-03 13:02:05.000000', NULL, 2, ''),
(22, 'ชำระเงินแล้ว', '2023-03-02 20:42:38.064168', '2023-03-03 03:42:38.064168', '2023-03-03 13:02:07.000000', NULL, 9, ''),
(23, 'ชำระเงินแล้ว', '2023-03-03 06:02:24.427455', '2023-03-03 13:02:24.427455', '2023-03-03 13:08:46.000000', NULL, 1, ''),
(24, 'ชำระเงินแล้ว', '2023-03-03 06:09:03.380268', '2023-03-03 13:09:03.380268', '2023-03-03 14:53:17.000000', NULL, 2, ''),
(25, 'ชำระเงินแล้ว', '2023-03-03 07:39:10.152354', '2023-03-03 14:39:10.152354', '2023-03-03 14:53:15.000000', NULL, 1, ''),
(26, 'ชำระเงินแล้ว', '2023-03-03 07:51:14.415443', '2023-03-03 14:51:14.415443', '2023-03-03 14:53:18.000000', NULL, 5, ''),
(27, 'ชำระเงินแล้ว', '2023-03-03 07:57:36.452011', '2023-03-03 14:57:36.452011', '2023-03-03 18:36:19.070022', NULL, 1, ''),
(28, 'ชำระเงินแล้ว', '2023-03-03 08:35:03.225287', '2023-03-03 15:35:03.225287', '2023-03-03 18:36:21.249575', NULL, 2, ''),
(29, 'ชำระเงินแล้ว', '2023-03-03 10:07:16.151217', '2023-03-03 17:07:16.151217', '2023-03-03 18:36:22.922655', NULL, 3, ''),
(30, 'ชำระเงินแล้ว', '2023-03-03 10:11:53.229787', '2023-03-03 17:11:53.229787', '2023-03-03 18:36:23.969393', NULL, 5, ''),
(31, 'ชำระเงินแล้ว', '2023-03-03 10:12:01.663023', '2023-03-03 17:12:01.663023', '2023-03-03 18:34:11.000000', NULL, 4, ''),
(32, 'ชำระเงินแล้ว', '2023-03-03 10:18:54.687561', '2023-03-03 17:18:54.687561', '2023-03-03 18:34:14.000000', NULL, 6, ''),
(33, 'ชำระเงินแล้ว', '2023-03-03 10:22:53.530707', '2023-03-03 17:22:53.530707', '2023-03-03 18:36:25.718938', NULL, 7, ''),
(34, 'ชำระเงินแล้ว', '2023-03-03 10:23:14.006570', '2023-03-03 17:23:14.006570', '2023-03-03 18:36:27.453107', NULL, 10, ''),
(35, 'ชำระเงินแล้ว', '2023-03-03 10:24:06.959318', '2023-03-03 17:24:06.959318', '2023-03-03 18:34:24.000000', NULL, 11, ''),
(36, 'ชำระเงินแล้ว', '2023-03-03 10:42:24.566472', '2023-03-03 17:42:24.566472', '2023-03-03 18:36:12.508950', NULL, 1, ''),
(37, 'ชำระเงินแล้ว', '2023-03-03 10:56:10.262619', '2023-03-03 17:56:10.262619', '2023-03-03 18:36:28.875708', NULL, 15, ''),
(38, 'ชำระเงินแล้ว', '2023-03-03 10:59:17.338000', '2023-03-03 17:59:17.338000', '2023-03-03 18:36:30.873653', NULL, 1, ''),
(39, 'ชำระเงินแล้ว', '2023-03-03 11:03:38.115891', '2023-03-03 18:03:38.115891', '2023-03-03 18:34:13.000000', NULL, 5, ''),
(40, 'ชำระเงินแล้ว', '2023-03-03 11:09:25.062724', '2023-03-03 18:09:25.062724', '2023-03-03 18:34:22.000000', NULL, 7, ''),
(41, 'ชำระเงินแล้ว', '2023-03-03 11:10:12.513576', '2023-03-03 18:10:12.513576', '2023-03-03 18:36:32.499702', NULL, 10, ''),
(42, 'ชำระเงินแล้ว', '2023-03-03 11:10:37.315052', '2023-03-03 18:10:37.315052', '2023-03-03 18:36:35.254971', NULL, 12, ''),
(43, 'ชำระเงินแล้ว', '2023-03-03 11:32:11.300852', '2023-03-03 18:32:11.300852', '2023-03-03 18:34:28.000000', NULL, 15, ''),
(44, 'ชำระเงินแล้ว', '2023-03-03 11:38:16.010106', '2023-03-03 18:38:16.010106', '2023-03-03 18:44:11.000000', NULL, 6, ''),
(45, 'ชำระเงินแล้ว', '2023-03-03 11:40:51.539757', '2023-03-03 18:40:51.539757', '2023-03-03 18:44:06.000000', NULL, 3, ''),
(46, 'ชำระเงินแล้ว', '2023-03-03 20:59:26.146308', '2023-03-04 03:59:26.146308', '2023-03-06 02:17:05.000000', NULL, 4, ''),
(47, 'ชำระเงินแล้ว', '2023-03-04 13:16:29.405711', '2023-03-04 20:16:29.405711', '2023-03-06 02:17:19.000000', NULL, 5, ''),
(48, 'ชำระเงินแล้ว', '2023-03-05 18:22:25.259845', '2023-03-06 01:22:25.259845', '2023-03-06 01:26:06.000000', NULL, 7, ''),
(49, 'ชำระเงินแล้ว', '2023-03-05 18:27:25.973746', '2023-03-06 01:27:25.973746', '2023-03-06 01:28:24.000000', NULL, 8, ''),
(50, 'ชำระเงินแล้ว', '2023-03-05 18:29:12.611537', '2023-03-06 01:29:12.611537', '2023-03-06 01:30:00.000000', NULL, 9, ''),
(51, 'ชำระเงินแล้ว', '2023-03-06 02:19:38.481318', '2023-03-06 09:19:38.481318', '2023-03-06 09:22:00.000000', NULL, 1, ''),
(52, 'ชำระเงินแล้ว', '2023-03-06 12:49:48.564782', '2023-03-06 19:49:48.564782', '2023-03-06 19:50:30.000000', NULL, 1, ''),
(53, 'ชำระเงินแล้ว', '2023-03-06 13:16:48.244051', '2023-03-06 20:16:48.244051', '2023-03-06 20:18:57.000000', NULL, 6, ''),
(54, 'ชำระเงินแล้ว', '2023-03-06 13:23:56.755064', '2023-03-06 20:23:56.755064', '2023-03-06 20:31:40.000000', NULL, 3, ''),
(55, 'ชำระเงินแล้ว', '2023-03-06 13:42:04.105231', '2023-03-06 20:42:04.105231', '2023-03-06 20:46:41.000000', NULL, 1, ''),
(56, 'ชำระเงินแล้ว', '2023-03-06 13:42:06.580829', '2023-03-06 20:42:06.580829', '2023-03-06 20:47:09.000000', NULL, 9, ''),
(57, 'ชำระเงินแล้ว', '2023-03-07 10:19:29.589405', '2023-03-07 17:19:29.589405', '2023-03-07 17:22:45.000000', NULL, 4, ''),
(58, 'ชำระเงินแล้ว', '2023-03-07 11:04:46.620332', '2023-03-07 18:04:46.620332', '2023-03-07 18:05:30.000000', NULL, 1, ''),
(59, 'ชำระเงินแล้ว', '2023-03-08 04:55:31.778686', '2023-03-08 11:55:31.778686', '2023-03-08 11:55:57.000000', NULL, 2, ''),
(60, 'ชำระเงินแล้ว', '2023-03-08 06:14:39.069825', '2023-03-08 13:14:39.069825', '2023-03-08 13:16:00.000000', NULL, 1, ''),
(61, 'ชำระเงินแล้ว', '2023-03-08 09:02:42.543382', '2023-03-08 16:02:42.543382', '2023-03-08 16:04:07.000000', NULL, 5, ''),
(62, 'ชำระเงินแล้ว', '2023-03-08 09:27:34.122870', '2023-03-08 16:27:34.122870', '2023-03-08 16:40:58.000000', NULL, 34, ''),
(63, 'ชำระเงินแล้ว', '2023-03-08 09:37:11.613193', '2023-03-08 16:37:11.613193', '2023-03-08 16:59:42.000000', NULL, 2, ''),
(64, 'ชำระเงินแล้ว', '2023-03-08 10:27:06.017954', '2023-03-08 17:27:06.017954', '2023-03-08 17:27:59.000000', NULL, 34, ''),
(65, 'ชำระเงินแล้ว', '2023-03-08 10:27:08.957732', '2023-03-08 17:27:08.957732', '2023-03-08 17:28:58.000000', NULL, 18, ''),
(66, 'ชำระเงินแล้ว', '2023-03-10 12:35:58.006515', '2023-03-10 19:35:58.006515', '2023-03-10 20:23:45.000000', NULL, 9, ''),
(67, 'ชำระเงินแล้ว', '2023-03-10 13:15:06.466165', '2023-03-10 20:15:06.466165', '2023-03-10 20:23:46.000000', NULL, 6, ''),
(68, 'ชำระเงินแล้ว', '2023-03-10 13:23:56.919646', '2023-03-10 20:23:56.919646', '2023-03-10 20:32:11.000000', NULL, 2, ''),
(69, 'ชำระเงินแล้ว', '2023-03-10 13:23:58.247273', '2023-03-10 20:23:58.247273', '2023-03-10 20:32:12.000000', NULL, 11, ''),
(70, 'ชำระเงินแล้ว', '2023-03-10 15:49:20.466660', '2023-03-10 22:49:20.466660', '2023-03-11 02:26:27.000000', NULL, 1, ''),
(71, 'ชำระเงินแล้ว', '2023-03-10 19:28:21.531043', '2023-03-11 02:28:21.531043', '2023-03-11 16:23:09.000000', NULL, 1, ''),
(72, 'ชำระเงินแล้ว', '2023-03-11 09:23:54.164255', '2023-03-11 16:23:54.164255', '2023-03-11 16:25:43.000000', NULL, 1, ''),
(73, 'ชำระเงินแล้ว', '2023-03-11 09:27:49.330196', '2023-03-11 16:27:49.330196', '2023-03-15 16:00:47.204312', NULL, 2, ''),
(74, 'ชำระเงินแล้ว', '2023-03-11 09:32:18.131127', '2023-03-11 16:32:18.131127', '2023-03-11 16:33:39.000000', NULL, 1, ''),
(75, 'ชำระเงินแล้ว', '2023-03-11 09:36:09.113287', '2023-03-11 16:36:09.113287', '2023-03-11 16:37:46.000000', NULL, 1, ''),
(76, 'ชำระเงินแล้ว', '2023-03-11 09:38:06.257448', '2023-03-11 16:38:06.257448', '2023-03-11 16:42:01.000000', NULL, 20, ''),
(77, 'ชำระเงินแล้ว', '2023-03-11 09:44:08.282558', '2023-03-11 16:44:08.282558', '2023-03-11 16:45:51.000000', NULL, 2, ''),
(78, 'ชำระเงินแล้ว', '2023-03-11 09:46:58.279411', '2023-03-11 16:46:58.279411', '2023-03-11 16:48:04.000000', NULL, 34, ''),
(79, 'ชำระเงินแล้ว', '2023-03-11 10:26:00.275047', '2023-03-11 17:26:00.275047', '2023-03-11 18:30:05.000000', NULL, 34, ''),
(80, 'ชำระเงินแล้ว', '2023-03-11 11:51:58.246029', '2023-03-11 18:51:58.246029', '2023-03-11 18:54:36.000000', NULL, 5, ''),
(81, 'ชำระเงินแล้ว', '2023-03-11 11:59:43.635161', '2023-03-11 18:59:43.635161', '2023-03-11 19:52:16.000000', NULL, 1, ''),
(82, 'ชำระเงินแล้ว', '2023-03-11 12:56:09.586474', '2023-03-11 19:56:09.586474', '2023-03-11 20:11:31.000000', NULL, 2, ''),
(83, 'ชำระเงินแล้ว', '2023-03-11 13:15:05.847025', '2023-03-11 20:15:05.847025', '2023-03-11 20:16:14.000000', NULL, 3, ''),
(84, 'ชำระเงินแล้ว', '2023-03-11 13:21:52.627179', '2023-03-11 20:21:52.627179', '2023-03-11 20:23:04.000000', NULL, 4, ''),
(85, 'ชำระเงินแล้ว', '2023-03-11 13:27:17.108782', '2023-03-11 20:27:17.108782', '2023-03-11 21:25:48.000000', NULL, 5, ''),
(86, 'ชำระเงินแล้ว', '2023-03-11 15:28:39.594045', '2023-03-11 22:28:39.594045', '2023-03-11 22:30:04.000000', NULL, 1, ''),
(87, 'ชำระเงินแล้ว', '2023-03-11 15:38:35.820896', '2023-03-11 22:38:35.820896', '2023-03-11 22:59:03.000000', NULL, 2, ''),
(88, 'ชำระเงินแล้ว', '2023-03-11 15:50:33.647514', '2023-03-11 22:50:33.647514', '2023-03-11 22:59:28.000000', NULL, 3, ''),
(89, 'ชำระเงินแล้ว', '2023-03-11 16:01:15.948824', '2023-03-11 23:01:15.948824', '2023-03-11 23:06:35.000000', NULL, 4, ''),
(90, 'ชำระเงินแล้ว', '2023-03-11 16:07:59.183113', '2023-03-11 23:07:59.183113', '2023-03-11 23:41:53.000000', NULL, 5, ''),
(91, 'ชำระเงินแล้ว', '2023-03-11 16:46:19.981695', '2023-03-11 23:46:19.981695', '2023-03-12 00:07:24.000000', NULL, 1, ''),
(92, 'ชำระเงินแล้ว', '2023-03-11 19:46:59.294238', '2023-03-12 02:46:59.294238', '2023-03-12 03:23:48.000000', NULL, 1, ''),
(93, 'ชำระเงินแล้ว', '2023-03-12 12:06:47.335305', '2023-03-12 19:06:47.335305', '2023-03-12 19:08:51.000000', NULL, 1, 'c1e41ec7-0dc4-4a7b-86a1-6469b9012626'),
(94, 'ชำระเงินแล้ว', '2023-03-12 12:09:18.744102', '2023-03-12 19:09:18.744102', '2023-03-12 19:13:29.000000', NULL, 2, '9c4f2310-d252-4349-982c-61332a3f41cf'),
(95, 'ชำระเงินแล้ว', '2023-03-12 12:13:37.176643', '2023-03-12 19:13:37.176643', '2023-03-12 19:15:02.000000', NULL, 3, '45c1b057-4e14-45d7-9eff-c87cc5e18a97'),
(96, 'ชำระเงินแล้ว', '2023-03-12 14:03:23.985937', '2023-03-12 21:03:23.985937', '2023-03-12 21:05:06.000000', NULL, 4, '199d40cf-4a32-47e2-9715-739c4ea81b0c'),
(97, 'ชำระเงินแล้ว', '2023-03-12 15:01:47.516323', '2023-03-12 22:01:47.516323', '2023-03-12 22:03:03.000000', NULL, 5, '99dc7b96-ca4b-45ff-bb80-317692ae7cb3'),
(98, 'ชำระเงินแล้ว', '2023-03-12 15:03:59.426648', '2023-03-12 22:03:59.426648', '2023-03-12 22:09:59.000000', NULL, 2, '6a663bbc-1c83-4aab-af76-e9166e4d160d'),
(99, 'ชำระเงินแล้ว', '2023-03-12 15:10:54.795384', '2023-03-12 22:10:54.795384', '2023-03-12 22:12:41.000000', NULL, 1, 'ebfecd6f-dd95-442f-b77c-cc82b27b426a'),
(100, 'ชำระเงินแล้ว', '2023-03-12 15:11:10.407270', '2023-03-12 22:11:10.407270', '2023-03-12 22:12:51.000000', NULL, 2, 'efb9caf5-826c-40d1-a8f8-a6b086e3c224'),
(101, 'ชำระเงินแล้ว', '2023-03-12 15:13:14.283930', '2023-03-12 22:13:14.283930', '2023-03-12 22:13:56.000000', NULL, 1, '98eef031-376a-4e21-82ca-9ece272c27b7'),
(102, 'ชำระเงินแล้ว', '2023-03-12 15:13:22.182511', '2023-03-12 22:13:22.182511', '2023-03-12 22:13:57.000000', NULL, 2, 'b8dfbc5b-9405-4196-bd8d-f249414663ea'),
(103, 'ชำระเงินแล้ว', '2023-03-12 17:11:22.755904', '2023-03-13 00:11:22.755904', '2023-03-13 00:12:14.000000', NULL, 1, '2fca03b0-907c-4f4f-8cc4-11c546f6fbfb'),
(104, 'ชำระเงินแล้ว', '2023-03-12 18:47:13.167804', '2023-03-13 01:47:13.167804', '2023-03-13 01:48:15.000000', NULL, 2, '3e546e51-967b-4b42-a373-bb20c0a48154'),
(105, 'ชำระเงินแล้ว', '2023-03-14 10:17:39.858566', '2023-03-14 17:17:39.858566', '2023-03-14 17:20:15.000000', NULL, 1, '694c5c6a-246c-4369-b516-d937f6267629'),
(106, 'ชำระเงินแล้ว', '2023-03-14 13:37:07.362056', '2023-03-14 20:37:07.362056', '2023-03-15 14:47:19.000000', NULL, 1, '94e70214-88ec-437b-b1ca-c936f874a9f2'),
(107, 'ชำระเงินแล้ว', '2023-03-14 13:37:19.940405', '2023-03-14 20:37:19.940405', '2023-03-14 20:42:43.000000', NULL, 5, 'f23298fe-683f-478f-8e7f-364bcff28801'),
(108, 'ชำระเงินแล้ว', '2023-03-14 13:48:30.737403', '2023-03-14 20:48:30.737403', '2023-03-14 21:05:49.000000', NULL, 3, '1df0b463-f627-470e-810b-28a20b94993c'),
(109, 'ชำระเงินแล้ว', '2023-03-15 07:48:17.644692', '2023-03-15 14:48:17.644692', '2023-03-15 14:50:15.000000', NULL, 1, '9326663a-2251-4566-85e5-654bc4471b97'),
(110, 'ชำระเงินแล้ว', '2023-03-15 07:48:37.514287', '2023-03-15 14:48:37.514287', '2023-03-15 14:50:28.000000', NULL, 2, '7f0dd837-7e20-47cd-b7eb-a5fa9adfebe8'),
(111, 'ชำระเงินแล้ว', '2023-03-15 08:12:44.861292', '2023-03-15 15:12:44.861292', '2023-03-15 15:16:31.000000', NULL, 1, '1d6b995a-da2d-435e-8103-7a1256981584'),
(112, 'ชำระเงินแล้ว', '2023-03-15 08:26:15.578851', '2023-03-15 15:26:15.578851', '2023-03-15 15:34:38.000000', NULL, 8, '922947b6-6a03-4d3d-b16a-fcda4f797c1f'),
(113, 'ชำระเงินแล้ว', '2023-03-15 08:27:43.746078', '2023-03-15 15:27:43.746078', '2023-03-15 16:00:47.235092', NULL, 34, '968e24c3-645f-4661-a7f5-63685f137541'),
(114, 'ชำระเงินแล้ว', '2023-03-15 08:34:59.768317', '2023-03-15 15:34:59.768317', '2023-03-15 16:00:47.255239', NULL, 1, 'ec12d204-780f-47e8-8cd5-3b15114def9d'),
(115, 'ชำระเงินแล้ว', '2023-03-15 08:35:18.435502', '2023-03-15 15:35:18.435502', '2023-03-15 16:00:47.277565', NULL, 20, '44f6d2ea-8a80-4089-a35d-a23416817b89'),
(116, 'ชำระเงินแล้ว', '2023-03-15 08:39:24.918564', '2023-03-15 15:39:24.918564', '2023-03-15 16:00:47.299415', NULL, 3, '461f8ae8-81d8-42a5-a297-c95b9527153b'),
(117, 'ชำระเงินแล้ว', '2023-03-15 08:40:46.114395', '2023-03-15 15:40:46.114395', '2023-03-15 16:00:47.324253', NULL, 4, '89d49906-f466-4df1-a4de-5d48b9e74462'),
(118, 'ชำระเงินแล้ว', '2023-03-15 08:44:43.977396', '2023-03-15 15:44:43.977396', '2023-03-15 16:00:47.347747', NULL, 5, '62c3494a-a4d6-4bbd-b604-266361635109'),
(119, 'ชำระเงินแล้ว', '2023-03-15 09:04:02.734578', '2023-03-15 16:04:02.734578', '2023-03-15 16:05:39.000000', NULL, 1, 'c18a4f37-dbf0-4690-9cf1-1e43c98dd2cc'),
(120, 'ชำระเงินแล้ว', '2023-03-15 09:42:12.318469', '2023-03-15 16:42:12.318469', '2023-03-15 18:38:52.000000', NULL, 1, '1287efc7-2550-4244-9a0c-e1a6109c8563'),
(121, 'ชำระเงินแล้ว', '2023-03-15 11:41:02.860067', '2023-03-15 18:41:02.860067', '2023-03-15 18:41:27.000000', NULL, 2, '23372ea9-27fa-420c-969c-6c15f3dad6e8'),
(122, 'ชำระเงินแล้ว', '2023-03-15 11:42:00.055084', '2023-03-15 18:42:00.055084', '2023-03-22 02:39:12.000000', NULL, 1, '58572a6d-f03f-44fd-a5e0-d8f9e41d240e'),
(123, 'ชำระเงินแล้ว', '2023-03-21 13:48:40.398533', '2023-03-21 20:48:40.398533', '2023-03-22 02:10:50.000000', NULL, 2, 'ceb44832-9df9-40d1-b22f-dbee42d2cc6f'),
(124, 'ชำระเงินแล้ว', '2023-03-21 20:02:40.505598', '2023-03-22 03:02:40.505598', '2023-03-22 03:15:20.000000', NULL, 1, '410d7149-97eb-4653-8f82-c0847c984351'),
(125, 'ชำระเงินแล้ว', '2023-03-21 20:15:30.769075', '2023-03-22 03:15:30.769075', '2023-03-22 03:49:34.000000', NULL, 2, '6541eb4b-1833-41a8-a0a7-85b53f291e17'),
(126, 'ชำระเงินแล้ว', '2023-03-21 21:08:22.463900', '2023-03-22 04:08:22.463900', '2023-03-22 04:08:30.000000', NULL, 1, '75b53f69-8727-4449-9f11-e2e4e9c22f8f'),
(127, 'ชำระเงินแล้ว', '2023-03-21 21:08:41.464074', '2023-03-22 04:08:41.464074', '2023-03-22 04:08:53.000000', NULL, 2, '4aab95d1-0470-498a-bf26-74a98d703692'),
(128, 'ชำระเงินแล้ว', '2023-03-21 21:08:47.903433', '2023-03-22 04:08:47.903433', '2023-03-22 04:08:51.000000', NULL, 15, 'bb767d46-f62c-4c1f-9064-a6bab8e104c2'),
(129, 'ชำระเงินแล้ว', '2023-03-21 21:17:05.562086', '2023-03-22 04:17:05.562086', '2023-03-24 20:57:36.000000', NULL, 3, '8de074a1-1c89-4270-af80-630a1cf2e9cc'),
(130, 'ชำระเงินแล้ว', '2023-03-26 07:26:47.693392', '2023-03-26 14:26:47.693392', '2023-03-26 23:56:38.000000', NULL, 4, 'b222e0fb-24e7-47dd-bd56-5085e2bf6758'),
(131, 'ชำระเงินแล้ว', '2023-03-26 07:28:02.713487', '2023-03-26 14:28:02.713487', '2023-03-26 23:56:52.000000', NULL, 5, 'b5f2a883-16fd-4dc5-8e06-366db5d08612'),
(132, 'กำลังใช้งาน', '2023-04-01 04:16:50.511740', '2023-04-01 11:16:50.511740', '2023-04-01 11:16:50.511740', NULL, 1, '5ce18df4-c6be-40d4-9360-fcc69e303d8a'),
(133, 'ชำระเงินแล้ว', '2023-04-03 13:05:27.143687', '2023-04-03 20:05:27.143687', '2023-04-03 20:07:11.000000', NULL, 2, 'd56e272d-7d30-4a71-a8f2-c3fd36f125c2');

-- --------------------------------------------------------

--
-- Table structure for table `orderitem`
--

CREATE TABLE `orderitem` (
  `id` int(11) NOT NULL,
  `amount` int(11) NOT NULL,
  `note` varchar(255) NOT NULL,
  `createdAt` datetime(6) NOT NULL DEFAULT current_timestamp(6),
  `updatedAt` datetime(6) NOT NULL DEFAULT current_timestamp(6) ON UPDATE current_timestamp(6),
  `deletedAt` datetime(6) DEFAULT NULL,
  `menuId` int(11) DEFAULT NULL,
  `orderId` int(11) DEFAULT NULL,
  `numCancel` int(11) NOT NULL,
  `numConfirm` int(11) NOT NULL
) ENGINE=InnoDB DEFAULT CHARSET=utf8mb4 COLLATE=utf8mb4_general_ci;

--
-- Dumping data for table `orderitem`
--

INSERT INTO `orderitem` (`id`, `amount`, `note`, `createdAt`, `updatedAt`, `deletedAt`, `menuId`, `orderId`, `numCancel`, `numConfirm`) VALUES
(5, 5, 'ไม่ผัก', '2023-03-01 08:29:40.346113', '2023-03-03 00:27:57.000000', NULL, 1, 2, 0, 0),
(6, 2, 'ไม่ผัก', '2023-03-01 08:32:12.310234', '2023-03-02 23:54:13.000000', NULL, 1, 2, 0, 0),
(10, 2, 'ไม่ผัก', '2023-03-01 08:36:47.422818', '2023-03-03 00:02:56.000000', NULL, 1, 2, 0, 0),
(20, 1, 'หิว', '2023-03-01 09:14:21.340899', '2023-03-02 23:58:33.000000', NULL, 1, 2, 0, 0),
(29, 1, 'wdas', '2023-03-01 09:17:42.938440', '2023-03-03 01:07:11.000000', NULL, 8, 3, 0, 0),
(30, 1, 'wdas', '2023-03-01 09:19:36.614759', '2023-03-02 01:21:54.000000', NULL, 8, 3, 0, 0),
(31, 1, '', '2023-03-01 09:43:11.539184', '2023-03-03 01:07:12.000000', NULL, 1, 3, 0, 0),
(32, 3, '', '2023-03-01 09:48:41.793403', '2023-03-03 01:07:13.000000', NULL, 6, 3, 0, 0),
(33, 4, '', '2023-03-01 09:48:41.793434', '2023-03-02 07:57:19.000000', NULL, 8, 3, 0, 0),
(34, 1, '', '2023-03-01 09:48:50.074037', '2023-03-03 01:07:14.000000', NULL, 6, 3, 0, 0),
(35, 1, '', '2023-03-01 09:54:15.947893', '2023-03-03 01:05:02.000000', NULL, 7, 2, 0, 0),
(36, 4, 'ไม่ผัก', '2023-03-01 09:54:15.953214', '2023-03-03 03:37:31.000000', NULL, 6, 2, 0, 0),
(37, 10, 'ไม่เอา', '2023-03-01 09:54:15.954185', '2023-03-03 03:37:32.000000', NULL, 1, 2, 0, 0),
(38, 5, '', '2023-03-01 09:54:16.001418', '2023-03-03 03:37:32.000000', NULL, 6, 2, 0, 0),
(39, 7, 'ไม่ผัก', '2023-03-01 09:54:16.024959', '2023-03-02 23:54:13.000000', NULL, 7, 2, 0, 0),
(40, 4, 'ง่วงว่ะ ชห', '2023-03-01 09:54:16.024959', '2023-03-03 03:37:32.000000', NULL, 9, 2, 0, 0),
(41, 1, '', '2023-03-01 21:23:42.156060', '2023-03-03 01:04:09.000000', NULL, 7, 2, 0, 0),
(42, 1, '', '2023-03-01 21:23:42.157090', '2023-03-02 23:54:13.000000', NULL, 11, 2, 0, 0),
(43, 4, 'ง่วงว่ะ ชห', '2023-03-02 00:25:21.645613', '2023-03-03 01:04:08.000000', NULL, 9, 2, 0, 0),
(44, 3, 'หิวข้าวชห ไว้ๆดิ', '2023-03-02 04:33:15.492606', '2023-03-03 03:37:33.000000', NULL, 8, 2, 0, 0),
(45, 1, '', '2023-03-02 04:41:42.344398', '2023-03-03 00:02:51.000000', NULL, 9, 2, 0, 0),
(46, 1, '', '2023-03-02 07:31:29.635734', '2023-03-03 00:01:11.000000', NULL, 1, 2, 0, 0),
(47, 1, '', '2023-03-02 07:31:29.643863', '2023-03-02 07:57:39.000000', NULL, 8, 2, 0, 0),
(48, 1, '', '2023-03-02 22:31:10.895424', '2023-03-03 03:38:01.000000', NULL, 1, 13, 0, 0),
(50, 1, '', '2023-03-03 00:11:37.420158', '2023-03-03 01:03:24.000000', NULL, 6, 13, 0, 0),
(51, 1, '', '2023-03-03 00:14:48.073811', '2023-03-03 01:03:25.000000', NULL, 11, 13, 0, 0),
(52, 1, '', '2023-03-03 00:17:47.409418', '2023-03-03 01:03:27.000000', NULL, 10, 13, 0, 0),
(53, 1, '', '2023-03-03 00:18:02.684302', '2023-03-03 00:20:18.000000', NULL, 24, 13, 0, 0),
(54, 1, '', '2023-03-03 02:34:58.462861', '2023-03-03 03:38:03.000000', NULL, 1, 15, 0, 0),
(55, 1, '', '2023-03-03 02:34:58.466696', '2023-03-03 03:38:03.000000', NULL, 8, 15, 0, 0),
(56, 20, '', '2023-03-03 02:39:03.248265', '2023-03-03 02:39:34.000000', NULL, 41, 16, 0, 0),
(57, 1, '', '2023-03-03 02:41:20.757451', '2023-03-03 03:38:02.000000', NULL, 1, 13, 0, 0),
(58, 1, '', '2023-03-03 02:41:20.789676', '2023-03-03 03:38:04.000000', NULL, 7, 13, 0, 0),
(59, 1, '', '2023-03-03 02:41:20.792646', '2023-03-03 03:38:05.000000', NULL, 8, 13, 0, 0),
(60, 1, '', '2023-03-03 02:41:20.817745', '2023-03-03 03:38:06.000000', NULL, 1, 13, 0, 0),
(61, 1, '', '2023-03-03 02:41:20.844684', '2023-03-03 03:37:17.000000', NULL, 6, 13, 0, 0),
(62, 1, '', '2023-03-03 02:41:20.854603', '2023-03-03 03:38:07.000000', NULL, 7, 13, 0, 0),
(63, 1, '', '2023-03-03 02:41:20.870559', '2023-03-03 03:37:18.000000', NULL, 11, 13, 0, 0),
(64, 1, '', '2023-03-03 02:41:20.898701', '2023-03-03 03:37:19.000000', NULL, 11, 13, 0, 0),
(65, 1, '', '2023-03-03 02:41:20.912730', '2023-03-03 03:37:20.000000', NULL, 11, 13, 0, 0),
(66, 1, '', '2023-03-03 02:41:20.930845', '2023-03-03 03:37:21.000000', NULL, 11, 13, 0, 0),
(67, 1, '', '2023-03-03 02:41:20.961334', '2023-03-03 03:37:21.000000', NULL, 11, 13, 0, 0),
(68, 1, '', '2023-03-03 02:41:20.974799', '2023-03-03 03:37:22.000000', NULL, 11, 13, 0, 0),
(69, 1, '', '2023-03-03 02:41:20.993196', '2023-03-03 03:37:22.000000', NULL, 11, 13, 0, 0),
(70, 1, '', '2023-03-03 02:41:21.015592', '2023-03-03 03:37:23.000000', NULL, 11, 13, 0, 0),
(71, 1, '', '2023-03-03 02:41:21.031834', '2023-03-03 03:37:24.000000', NULL, 11, 13, 0, 0),
(72, 1, '', '2023-03-03 02:41:21.048900', '2023-03-03 03:37:25.000000', NULL, 11, 13, 0, 0),
(73, 1, '', '2023-03-03 02:41:21.075425', '2023-03-03 03:37:26.000000', NULL, 11, 13, 0, 0),
(74, 1, '', '2023-03-03 03:44:08.954387', '2023-03-03 03:45:44.000000', NULL, 14, 20, 0, 0),
(75, 1, '', '2023-03-03 03:44:08.965063', '2023-03-03 03:45:45.000000', NULL, 24, 20, 0, 0),
(76, 1, '', '2023-03-03 03:44:08.975646', '2023-03-03 03:45:46.000000', NULL, 25, 20, 0, 0),
(77, 1, '', '2023-03-03 03:44:09.025561', '2023-03-03 03:45:47.000000', NULL, 6, 20, 0, 0),
(78, 1, '', '2023-03-03 14:46:26.545716', '2023-03-03 14:52:58.000000', NULL, 18, 24, 0, 0),
(79, 3, '', '2023-03-03 14:46:54.878636', '2023-03-03 14:53:00.000000', NULL, 41, 24, 0, 0),
(80, 1, '', '2023-03-03 14:52:10.882808', '2023-03-03 14:53:02.000000', NULL, 6, 26, 0, 0),
(81, 1, '', '2023-03-03 14:52:10.883219', '2023-03-03 14:53:02.000000', NULL, 8, 26, 0, 0),
(82, 1, '', '2023-03-03 14:52:10.909930', '2023-03-03 14:53:03.000000', NULL, 7, 26, 0, 0),
(83, 5, '', '2023-03-03 14:52:44.351481', '2023-03-03 14:53:05.000000', NULL, 16, 25, 0, 0),
(84, 1, '', '2023-03-03 14:52:44.372506', '2023-03-03 14:53:06.000000', NULL, 10, 25, 0, 0),
(85, 1, '', '2023-03-03 14:52:44.427774', '2023-03-03 14:53:07.000000', NULL, 6, 25, 0, 0),
(86, 22, 'หมูกะโจ๊ก', '2023-03-03 14:59:07.168121', '2023-03-03 18:38:09.339049', NULL, 8, 27, 0, 0),
(87, 1, '', '2023-03-03 15:36:12.541487', '2023-03-03 15:36:32.000000', NULL, 7, 27, 0, 0),
(88, 1, '', '2023-03-03 15:38:51.383503', '2023-03-03 15:39:11.000000', NULL, 8, 28, 0, 0),
(89, 1, '', '2023-03-03 17:35:23.275167', '2023-03-03 18:38:09.375957', NULL, 1, 34, 0, 0),
(90, 1, '', '2023-03-03 17:35:23.300714', '2023-03-03 18:38:09.400381', NULL, 6, 34, 0, 0),
(91, 1, '', '2023-03-03 17:59:56.842256', '2023-03-03 18:38:09.421199', NULL, 1, 38, 0, 0),
(92, 1, '', '2023-03-03 18:00:03.786162', '2023-03-03 18:38:09.442125', NULL, 6, 38, 0, 0),
(93, 1, '', '2023-03-03 18:02:35.032976', '2023-03-03 18:38:09.463848', NULL, 1, 29, 0, 0),
(94, 1, '', '2023-03-03 18:04:06.575945', '2023-03-03 18:38:09.485592', NULL, 1, 31, 0, 0),
(95, 1, '', '2023-03-03 18:10:53.721063', '2023-03-03 18:38:09.508359', NULL, 9, 42, 0, 0),
(98, 1, '', '2023-03-03 18:41:56.529265', '2023-03-03 22:25:01.000000', NULL, 6, 44, 0, 0),
(99, 1, '', '2023-03-03 18:41:56.529501', '2023-03-06 01:25:54.000000', NULL, 9, 44, 0, 0),
(100, 1, '', '2023-03-04 04:13:31.243002', '2023-03-04 04:14:12.000000', NULL, 8, 46, 0, 0),
(101, 1, '', '2023-03-04 04:16:10.570248', '2023-03-04 04:16:24.000000', NULL, 7, 46, 0, 0),
(102, 1, '', '2023-03-04 04:16:10.577066', '2023-03-04 04:16:16.000000', NULL, 6, 46, 0, 0),
(103, 1, '', '2023-03-06 01:24:52.187154', '2023-03-06 01:25:56.000000', NULL, 9, 48, 0, 0),
(104, 1, '', '2023-03-06 01:24:56.740556', '2023-03-06 01:25:48.000000', NULL, 1, 48, 0, 0),
(105, 1, '', '2023-03-06 01:28:09.875028', '2023-03-06 01:28:14.000000', NULL, 6, 49, 0, 0),
(106, 20, 'ขอกินฟรี', '2023-03-06 09:21:07.213188', '2023-03-06 09:21:40.000000', NULL, 28, 51, 0, 0),
(107, 1, '', '2023-03-06 20:18:18.093065', '2023-03-06 20:18:39.000000', NULL, 14, 53, 0, 0),
(108, 1, '', '2023-03-06 20:18:18.101882', '2023-03-06 20:18:40.000000', NULL, 6, 53, 0, 0),
(109, 4, '', '2023-03-06 20:18:18.112637', '2023-03-06 20:18:41.000000', NULL, 16, 53, 0, 0),
(110, 1, '', '2023-03-06 20:18:18.128236', '2023-03-06 20:18:42.000000', NULL, 24, 53, 0, 0),
(111, 1, '', '2023-03-06 20:18:18.135840', '2023-03-06 20:20:44.000000', NULL, 35, 53, 0, 0),
(112, 2, '', '2023-03-06 20:18:18.147090', '2023-03-06 20:20:46.000000', NULL, 41, 53, 0, 0),
(113, 1, '', '2023-03-06 20:18:18.170966', '2023-03-06 20:18:43.000000', NULL, 6, 53, 0, 0),
(114, 1, '', '2023-03-06 20:18:18.177737', '2023-03-06 20:20:47.000000', NULL, 39, 53, 0, 0),
(115, 3, 'พ่อครัวโง่', '2023-03-06 20:25:24.031855', '2023-03-06 20:27:43.000000', NULL, 21, 54, 0, 0),
(116, 1, '', '2023-03-06 20:25:24.032016', '2023-03-06 20:27:44.000000', NULL, 21, 54, 0, 0),
(117, 1, '', '2023-03-06 20:25:24.038457', '2023-03-06 20:27:44.000000', NULL, 24, 54, 0, 0),
(118, 1, '', '2023-03-06 20:25:24.054721', '2023-03-06 20:27:46.000000', NULL, 41, 54, 0, 0),
(119, 1, '', '2023-03-06 20:25:24.070710', '2023-03-06 20:27:47.000000', NULL, 32, 54, 0, 0),
(120, 15, '', '2023-03-06 20:25:24.091849', '2023-03-06 20:27:48.000000', NULL, 32, 54, 0, 0),
(121, 1, '', '2023-03-06 20:25:24.098350', '2023-03-06 20:27:49.000000', NULL, 10, 54, 0, 0),
(122, 1, '', '2023-03-06 20:25:24.110518', '2023-03-06 20:27:49.000000', NULL, 11, 54, 0, 0),
(123, 2, 'ขอใหญ่กว่านี้', '2023-03-06 20:25:24.110671', '2023-03-06 20:27:50.000000', NULL, 11, 54, 0, 0),
(124, 1, '', '2023-03-06 20:43:13.616307', '2023-03-06 20:44:27.000000', NULL, 6, 55, 0, 0),
(125, 1, 'ขอเย็นๆ', '2023-03-06 20:43:13.632193', '2023-03-06 20:44:29.000000', NULL, 24, 55, 0, 0),
(126, 1, 'ไม่ใส่หมู', '2023-03-06 20:43:13.641292', '2023-03-06 20:43:50.000000', NULL, 22, 55, 0, 0),
(127, 1, '', '2023-03-06 20:43:13.663744', '2023-03-06 20:44:30.000000', NULL, 41, 55, 0, 0),
(128, 3, 'พ่อครัวโง่ว่ะ', '2023-03-06 20:43:34.474114', '2023-03-06 20:44:01.000000', NULL, 18, 56, 0, 0),
(129, 3, 'กินฟรีๆ', '2023-03-06 20:43:34.507351', '2023-03-06 20:43:58.000000', NULL, 8, 56, 0, 0),
(130, 1, '', '2023-03-06 20:43:34.626078', '2023-03-06 20:44:26.000000', NULL, 11, 56, 0, 0),
(131, 1, 'ไม่เอาไข่แดง', '2023-03-06 20:43:38.344047', '2023-03-06 20:43:53.000000', NULL, 1, 55, 0, 0),
(132, 1, '', '2023-03-06 20:43:54.859503', '2023-03-06 20:44:31.000000', NULL, 9, 55, 0, 0),
(133, 1, '', '2023-03-06 20:44:04.103203', '2023-03-06 20:44:32.000000', NULL, 14, 55, 0, 0),
(134, 1, '', '2023-03-06 20:44:04.127090', '2023-03-06 20:44:33.000000', NULL, 15, 55, 0, 0),
(135, 1, '', '2023-03-06 20:44:12.266731', '2023-03-06 20:44:34.000000', NULL, 7, 55, 0, 0),
(136, 1, '', '2023-03-06 20:44:12.266981', '2023-03-06 20:44:35.000000', NULL, 8, 55, 0, 0),
(137, 31, 'พ่อครัวสุดหล่อ', '2023-03-06 20:44:31.414080', '2023-03-06 23:30:47.000000', NULL, 1, 56, 0, 0),
(138, 2, '', '2023-03-07 17:21:18.500736', '2023-03-07 17:21:51.000000', NULL, 6, 57, 0, 0),
(139, 1, '', '2023-03-07 17:21:18.557686', '2023-03-07 17:21:52.000000', NULL, 9, 57, 0, 0),
(140, 1, '', '2023-03-07 17:21:18.565847', '2023-03-07 17:21:53.000000', NULL, 11, 57, 0, 0),
(141, 1, '', '2023-03-07 17:21:18.594698', '2023-03-07 17:21:55.000000', NULL, 24, 57, 0, 0),
(142, 1, '', '2023-03-07 17:21:28.010245', '2023-03-07 17:22:08.000000', NULL, 1, 57, 0, 0),
(143, 1, '', '2023-03-07 18:05:10.295691', '2023-03-07 18:05:24.000000', NULL, 48, 58, 0, 0),
(144, 5, '', '2023-03-08 13:15:26.422158', '2023-03-08 13:15:43.000000', NULL, 1, 60, 0, 0),
(145, 10, '', '2023-03-08 13:15:26.422577', '2023-03-08 13:15:43.000000', NULL, 11, 60, 0, 0),
(146, 1, 'ไม่เอาไข่', '2023-03-08 16:03:44.985902', '2023-03-08 16:04:00.000000', NULL, 1, 61, 0, 0),
(147, 7, '', '2023-03-08 16:28:38.162665', '2023-03-08 16:39:35.000000', NULL, 8, 62, 0, 0),
(148, 1, '', '2023-03-08 16:36:47.217886', '2023-03-08 16:39:41.000000', NULL, 14, 62, 0, 0),
(149, 1, '', '2023-03-08 16:37:59.815836', '2023-03-08 16:38:04.000000', NULL, 17, 63, 0, 0),
(150, 2, 'นําแข็งแยก', '2023-03-08 16:37:59.861916', '2023-03-08 16:37:59.861916', NULL, 11, 63, 0, 0),
(151, 2, '', '2023-03-08 16:41:52.231014', '2023-03-08 16:41:52.231014', NULL, 7, 63, 0, 0),
(152, 1, '', '2023-03-08 16:41:52.252365', '2023-03-08 16:41:52.252365', NULL, 28, 63, 0, 0),
(153, 1, '', '2023-03-10 22:50:00.564567', '2023-03-10 22:50:00.564567', NULL, 7, 70, 0, 0),
(154, 1, '', '2023-03-10 22:50:00.568691', '2023-03-10 22:50:00.568691', NULL, 8, 70, 0, 0),
(155, 1, '', '2023-03-11 00:00:31.292582', '2023-03-11 00:00:31.292582', NULL, 7, 70, 0, 0),
(156, 1, '', '2023-03-11 00:00:37.131958', '2023-03-11 00:00:37.131958', NULL, 6, 70, 0, 0),
(157, 3, '', '2023-03-11 00:58:58.902923', '2023-03-11 00:58:58.902923', NULL, 1, 70, 0, 0),
(158, 2, '', '2023-03-11 01:00:38.574494', '2023-03-11 01:00:38.574494', NULL, 1, 70, 0, 0),
(159, 2, '', '2023-03-11 01:00:47.657546', '2023-03-11 01:00:47.657546', NULL, 1, 70, 0, 0),
(160, 1, '', '2023-03-11 01:01:52.038936', '2023-03-11 01:01:52.038936', NULL, 1, 70, 0, 0),
(161, 1, '', '2023-03-11 01:02:43.991333', '2023-03-11 01:02:43.991333', NULL, 1, 70, 0, 0),
(162, 1, '', '2023-03-11 01:02:55.191940', '2023-03-11 01:02:55.191940', NULL, 1, 70, 0, 0),
(163, 1, '', '2023-03-11 01:05:17.590641', '2023-03-11 01:05:17.590641', NULL, 1, 70, 0, 0),
(164, 3, '', '2023-03-11 01:06:47.499663', '2023-03-11 01:06:47.499663', NULL, 1, 70, 0, 0),
(165, 3, '', '2023-03-11 01:07:11.222680', '2023-03-11 01:07:11.222680', NULL, 1, 70, 0, 0),
(166, 3, '', '2023-03-11 01:07:38.111945', '2023-03-11 01:07:38.111945', NULL, 1, 70, 0, 0),
(167, 3, '', '2023-03-11 01:09:22.491331', '2023-03-11 01:09:22.491331', NULL, 1, 70, 0, 0),
(168, 3, '', '2023-03-11 01:10:11.904908', '2023-03-12 02:48:27.000000', NULL, 1, 70, 0, 0),
(169, 3, '', '2023-03-11 01:10:39.428000', '2023-03-11 01:10:39.428000', NULL, 1, 70, 0, 0),
(170, 3, '', '2023-03-11 01:11:14.673419', '2023-03-11 01:11:14.673419', NULL, 1, 70, 0, 0),
(171, 3, '', '2023-03-11 01:12:54.111590', '2023-03-11 01:12:54.111590', NULL, 8, 70, 0, 0),
(172, 2, '', '2023-03-11 01:12:54.118539', '2023-03-11 01:12:54.118539', NULL, 6, 70, 0, 0),
(173, 2, '', '2023-03-11 01:13:25.193499', '2023-03-11 01:13:25.193499', NULL, 6, 70, 0, 0),
(174, 3, '', '2023-03-11 01:17:04.237355', '2023-03-11 01:17:04.237355', NULL, 14, 70, 0, 0),
(175, 4, '', '2023-03-11 01:17:04.244324', '2023-03-11 01:17:04.244324', NULL, 11, 70, 0, 0),
(176, 2, '', '2023-03-11 01:20:57.290724', '2023-03-11 01:20:57.290724', NULL, 9, 70, 0, 0),
(177, 2, '', '2023-03-11 01:20:57.296513', '2023-03-11 01:20:57.296513', NULL, 10, 70, 0, 0),
(178, 1, '', '2023-03-11 01:22:05.695653', '2023-03-11 01:22:05.695653', NULL, 1, 70, 0, 0),
(179, 1, '', '2023-03-11 01:22:05.730373', '2023-03-11 01:22:05.730373', NULL, 6, 70, 0, 0),
(180, 1, '', '2023-03-11 01:22:12.528922', '2023-03-11 01:22:12.528922', NULL, 1, 70, 0, 0),
(181, 1, '', '2023-03-11 01:22:20.368406', '2023-03-11 01:22:20.368406', NULL, 6, 70, 0, 0),
(182, 1, '', '2023-03-11 01:22:20.400546', '2023-03-11 01:22:20.400546', NULL, 1, 70, 0, 0),
(183, 1, '', '2023-03-11 01:23:07.061150', '2023-03-11 01:23:07.061150', NULL, 6, 70, 0, 0),
(184, 1, '', '2023-03-11 01:23:07.397090', '2023-03-11 01:23:07.397090', NULL, 1, 70, 0, 0),
(185, 3, '', '2023-03-11 01:23:19.018572', '2023-03-11 01:23:19.018572', NULL, 1, 70, 0, 0),
(186, 2, '', '2023-03-11 01:23:19.510544', '2023-03-11 01:23:19.510544', NULL, 6, 70, 0, 0),
(187, 2, 'ไม่หิวเท่าไหร่', '2023-03-11 01:36:03.134101', '2023-03-11 01:36:03.134101', NULL, 18, 70, 0, 0),
(188, 3, '', '2023-03-11 02:28:42.982956', '2023-03-11 03:39:28.000000', NULL, 1, 71, 0, 0),
(189, 2, '', '2023-03-11 02:28:43.754557', '2023-03-11 03:39:30.000000', NULL, 6, 71, 0, 0),
(190, 1, '', '2023-03-11 02:30:45.254973', '2023-03-12 02:48:28.000000', NULL, 7, 71, 0, 0),
(192, 1, '', '2023-03-11 02:34:03.612775', '2023-03-11 03:39:31.000000', NULL, 26, 71, 0, 0),
(193, 1, '', '2023-03-11 03:17:36.395102', '2023-03-11 03:17:36.395102', NULL, 1, 71, 0, 0),
(194, 3, '', '2023-03-11 03:35:25.789008', '2023-03-11 03:36:24.000000', NULL, 1, 71, 0, 0),
(195, 2, '', '2023-03-11 03:37:11.020401', '2023-03-11 03:39:32.000000', NULL, 1, 71, 0, 0),
(196, 3, '', '2023-03-11 03:39:41.929706', '2023-03-11 03:39:57.000000', NULL, 9, 71, 0, 0),
(197, 2, '', '2023-03-11 16:28:36.475240', '2023-03-11 17:28:06.000000', NULL, 9, 73, 0, 0),
(198, 1, '', '2023-03-11 16:28:36.779138', '2023-03-11 17:28:07.000000', NULL, 16, 73, 0, 0),
(199, 1, '', '2023-03-11 16:28:37.009260', '2023-03-11 16:29:05.000000', NULL, 24, 73, 0, 0),
(200, 1, '', '2023-03-11 16:28:37.227843', '2023-03-11 16:29:06.000000', NULL, 11, 73, 0, 0),
(201, 3, '', '2023-03-11 16:33:03.002290', '2023-03-11 17:28:10.000000', NULL, 1, 74, 0, 0),
(202, 2, '', '2023-03-11 16:33:03.355243', '2023-03-11 16:33:26.000000', NULL, 6, 74, 0, 0),
(203, 2, '', '2023-03-11 16:33:03.623614', '2023-03-11 17:28:12.000000', NULL, 8, 74, 0, 0),
(204, 3, '', '2023-03-11 16:33:03.900405', '2023-03-11 17:28:15.000000', NULL, 9, 74, 0, 0),
(205, 2, '', '2023-03-11 16:36:43.534657', '2023-03-11 17:28:17.000000', NULL, 8, 75, 0, 0),
(206, 1, '', '2023-03-11 16:36:43.828559', '2023-03-11 17:28:18.000000', NULL, 9, 75, 0, 0),
(207, 1, '', '2023-03-11 16:40:17.075078', '2023-03-11 17:28:19.000000', NULL, 1, 76, 0, 0),
(208, 1, '', '2023-03-11 16:40:17.472960', '2023-03-11 16:44:58.000000', NULL, 6, 76, 0, 0),
(209, 1, '', '2023-03-11 16:40:17.859901', '2023-03-11 17:28:20.000000', NULL, 1, 76, 0, 0),
(210, 6, '', '2023-03-11 16:40:18.599448', '2023-03-11 17:28:26.000000', NULL, 8, 76, 0, 0),
(211, 2, '', '2023-03-11 16:45:25.132077', '2023-03-11 17:28:28.000000', NULL, 1, 77, 0, 0),
(212, 5, '', '2023-03-11 16:47:24.186778', '2023-03-12 19:06:15.884706', NULL, 1, 78, 0, 2),
(213, 4, '', '2023-03-11 16:47:24.926786', '2023-03-12 19:06:15.865243', NULL, 8, 78, 0, 5),
(214, 1, '', '2023-03-11 17:26:23.121541', '2023-03-12 19:06:15.844590', NULL, 1, 79, 4, 0),
(215, 1, '', '2023-03-11 17:26:23.720625', '2023-03-12 19:06:15.824463', NULL, 9, 79, 0, 1),
(216, 2, '', '2023-03-11 18:52:56.119632', '2023-03-12 19:06:15.794475', NULL, 7, 80, 0, 2),
(217, 1, '', '2023-03-11 18:52:56.442793', '2023-03-12 19:06:15.767767', NULL, 15, 80, 0, 1),
(218, 1, '', '2023-03-11 18:52:56.669598', '2023-03-12 19:06:15.745203', NULL, 18, 80, 0, 1),
(219, 2, '', '2023-03-11 18:52:56.900491', '2023-03-12 19:06:15.724828', NULL, 19, 80, 0, 2),
(220, 50, '', '2023-03-11 19:00:14.225397', '2023-03-12 19:06:15.687270', NULL, 1, 73, 0, 50),
(221, 3, '', '2023-03-11 19:57:37.331330', '2023-03-12 19:06:15.636488', NULL, 1, 82, 0, 3),
(222, 2, '', '2023-03-11 20:15:23.897548', '2023-03-12 19:06:15.604462', NULL, 1, 83, 0, 2),
(223, 2, '', '2023-03-11 20:22:22.179107', '2023-03-12 19:06:15.554685', NULL, 1, 84, 0, 2),
(224, 3, '', '2023-03-11 20:27:50.898183', '2023-03-12 19:06:15.491747', NULL, 1, 85, 0, 3),
(225, 2, '', '2023-03-11 20:31:14.407051', '2023-03-12 19:06:15.449379', NULL, 8, 85, 0, 2),
(226, 2, '', '2023-03-11 20:31:46.262945', '2023-03-12 19:06:15.397356', NULL, 9, 85, 0, 2),
(227, 5, '', '2023-03-11 20:36:10.627734', '2023-03-12 19:06:15.362468', NULL, 7, 85, 0, 5),
(228, 2, '', '2023-03-11 20:40:46.068080', '2023-03-12 19:06:15.332615', NULL, 16, 85, 0, 2),
(229, 3, '', '2023-03-11 20:52:05.157298', '2023-03-12 19:06:15.312474', NULL, 22, 85, 0, 3),
(230, 3, '', '2023-03-11 20:56:22.551391', '2023-03-12 19:06:15.290142', NULL, 35, 85, 0, 3),
(231, 1, '', '2023-03-11 22:39:10.381926', '2023-03-12 19:06:15.270368', NULL, 1, 87, 0, 1),
(232, 1, '', '2023-03-11 22:57:40.681457', '2023-03-12 19:06:15.250657', NULL, 1, 88, 0, 1),
(233, 2, '', '2023-03-11 22:57:41.001033', '2023-03-12 19:06:15.230258', NULL, 7, 88, 0, 2),
(234, 3, '', '2023-03-11 23:03:18.655302', '2023-03-12 19:06:15.203935', NULL, 1, 89, 0, 3),
(235, 2, '', '2023-03-11 23:03:18.919161', '2023-03-12 19:06:15.176608', NULL, 6, 89, 0, 2),
(236, 2, '', '2023-03-11 23:04:11.767595', '2023-03-12 19:06:15.148192', NULL, 6, 89, 0, 2),
(237, 2, '', '2023-03-11 23:04:12.016091', '2023-03-12 19:06:15.124978', NULL, 1, 89, 0, 2),
(238, 10, '', '2023-03-11 23:37:46.921224', '2023-03-12 19:06:15.104287', NULL, 1, 90, 0, 10),
(239, 5, '', '2023-03-11 23:37:47.180051', '2023-03-12 19:06:15.082207', NULL, 6, 90, 0, 5),
(240, 10, '', '2023-03-11 23:39:24.662071', '2023-03-12 19:06:15.039904', NULL, 7, 90, 0, 10),
(241, 10, '', '2023-03-11 23:40:36.168822', '2023-03-12 19:06:14.861789', NULL, 8, 90, 1, 9),
(242, 4, '', '2023-03-11 23:40:36.497194', '2023-03-12 19:06:14.813889', NULL, 10, 90, 0, 4),
(243, 1, '', '2023-03-11 23:48:08.077100', '2023-03-12 19:06:14.772176', NULL, 1, 91, 0, 1),
(244, 1, '', '2023-03-11 23:48:08.319133', '2023-03-12 19:06:14.730055', NULL, 7, 91, 0, 1),
(245, 3, '', '2023-03-12 02:47:22.393106', '2023-03-12 19:06:14.687334', NULL, 1, 92, 0, 3),
(246, 3, '', '2023-03-12 02:47:22.584902', '2023-03-12 19:06:14.657681', NULL, 8, 92, 0, 3),
(247, 2, '', '2023-03-12 19:07:16.781235', '2023-03-12 19:08:15.000000', NULL, 1, 93, 0, 2),
(248, 3, '', '2023-03-12 19:07:17.055991', '2023-03-12 19:08:19.000000', NULL, 9, 93, 0, 3),
(249, 3, '', '2023-03-12 19:07:17.293110', '2023-03-12 19:08:21.000000', NULL, 8, 93, 0, 3),
(250, 3, '', '2023-03-12 19:07:17.512740', '2023-03-12 19:08:24.000000', NULL, 10, 93, 0, 3),
(251, 3, '', '2023-03-12 19:07:17.733449', '2023-03-12 19:08:28.000000', NULL, 15, 93, 0, 3),
(252, 7, '', '2023-03-12 19:07:17.954758', '2023-03-12 19:08:37.000000', NULL, 19, 93, 0, 7),
(253, 6, '', '2023-03-12 19:12:03.755359', '2023-03-12 19:12:40.000000', NULL, 28, 94, 0, 6),
(254, 3, '', '2023-03-12 19:12:03.996493', '2023-03-12 19:12:42.000000', NULL, 32, 94, 0, 3),
(255, 4, '', '2023-03-12 19:12:04.220726', '2023-03-12 19:12:47.000000', NULL, 41, 94, 0, 4),
(256, 5, '', '2023-03-12 19:12:04.426807', '2023-03-12 19:13:10.000000', NULL, 41, 94, 0, 5),
(257, 2, '', '2023-03-12 19:14:18.152199', '2023-03-12 19:14:40.000000', NULL, 37, 95, 0, 2),
(258, 2, '', '2023-03-12 19:14:18.363637', '2023-03-12 19:14:41.000000', NULL, 41, 95, 0, 2),
(259, 1, '', '2023-03-12 19:14:18.599633', '2023-03-12 19:14:42.000000', NULL, 35, 95, 0, 1),
(260, 1, '', '2023-03-12 19:14:18.899811', '2023-03-12 19:14:43.000000', NULL, 32, 95, 0, 1),
(261, 2, '', '2023-03-12 19:14:19.205032', '2023-03-12 19:14:44.000000', NULL, 24, 95, 0, 2),
(262, 1, '', '2023-03-12 19:14:19.477740', '2023-03-12 19:14:45.000000', NULL, 11, 95, 0, 1),
(263, 2, '', '2023-03-12 21:04:26.182627', '2023-03-12 21:04:52.000000', NULL, 16, 96, 0, 2),
(264, 2, '', '2023-03-12 21:04:26.596913', '2023-03-12 21:04:53.000000', NULL, 18, 96, 0, 2),
(265, 2, '', '2023-03-12 21:04:26.924753', '2023-03-12 21:04:55.000000', NULL, 24, 96, 0, 2),
(266, 1, '', '2023-03-12 21:04:27.159233', '2023-03-12 21:04:55.000000', NULL, 9, 96, 0, 1),
(267, 3, '', '2023-03-12 22:02:23.827866', '2023-03-12 22:02:45.000000', NULL, 6, 97, 0, 3),
(268, 1, '', '2023-03-12 22:02:24.576075', '2023-03-12 22:02:46.000000', NULL, 26, 97, 0, 1),
(269, 1, '', '2023-03-12 22:02:24.835374', '2023-03-12 22:02:46.000000', NULL, 28, 97, 0, 1),
(270, 1, '', '2023-03-12 22:02:25.065858', '2023-03-12 22:02:47.000000', NULL, 27, 97, 0, 1),
(271, 1, '', '2023-03-12 22:02:25.299034', '2023-03-12 22:02:47.000000', NULL, 31, 97, 0, 1),
(272, 1, '', '2023-03-12 22:02:25.536988', '2023-03-12 22:02:48.000000', NULL, 33, 97, 0, 1),
(273, 1, '', '2023-03-12 22:07:45.884573', '2023-03-12 22:10:35.000000', NULL, 1, 98, 0, 1),
(274, 1, '', '2023-03-12 22:07:46.198130', '2023-03-12 22:10:35.000000', NULL, 8, 98, 0, 1),
(275, 1, '', '2023-03-12 22:07:46.511135', '2023-03-12 22:10:36.000000', NULL, 9, 98, 0, 1),
(276, 2, '', '2023-03-12 22:07:46.720252', '2023-03-12 22:10:37.000000', NULL, 10, 98, 0, 2),
(277, 1, '', '2023-03-12 22:07:46.917177', '2023-03-12 22:10:37.000000', NULL, 21, 98, 0, 1),
(278, 1, '', '2023-03-12 22:07:47.257612', '2023-03-12 22:10:38.000000', NULL, 24, 98, 0, 1),
(279, 2, '', '2023-03-12 22:07:47.496392', '2023-03-12 22:10:39.000000', NULL, 39, 98, 0, 2),
(280, 2, '', '2023-03-12 22:07:47.748615', '2023-03-12 22:10:40.000000', NULL, 41, 98, 0, 2),
(281, 1, '', '2023-03-12 22:07:59.832692', '2023-03-12 22:10:41.000000', NULL, 6, 98, 0, 1),
(282, 1, '', '2023-03-12 22:08:00.048864', '2023-03-12 22:10:41.000000', NULL, 8, 98, 0, 1),
(283, 1, '', '2023-03-12 22:08:00.343865', '2023-03-12 22:10:42.000000', NULL, 9, 98, 0, 1),
(284, 1, '', '2023-03-12 22:08:00.586128', '2023-03-12 22:10:42.000000', NULL, 10, 98, 0, 1),
(285, 1, '', '2023-03-12 22:08:00.802108', '2023-03-12 22:10:43.000000', NULL, 15, 98, 0, 1),
(286, 1, '', '2023-03-12 22:08:01.062931', '2023-03-12 22:10:43.000000', NULL, 19, 98, 0, 1),
(287, 1, '', '2023-03-12 22:08:01.319024', '2023-03-12 22:10:44.000000', NULL, 23, 98, 0, 1),
(288, 5, '', '2023-03-12 22:12:00.556501', '2023-03-12 22:12:22.000000', NULL, 1, 99, 0, 5),
(289, 4, '', '2023-03-12 22:12:01.855737', '2023-03-12 22:12:25.000000', NULL, 7, 100, 0, 4),
(290, 3, '', '2023-03-13 00:11:44.602579', '2023-03-13 00:12:01.000000', NULL, 1, 103, 0, 3),
(291, 3, '', '2023-03-13 00:11:44.866346', '2023-03-13 00:12:03.000000', NULL, 10, 103, 0, 3),
(292, 3, '', '2023-03-13 00:11:45.125492', '2023-03-13 00:12:06.000000', NULL, 15, 103, 0, 3),
(293, 4, '', '2023-03-13 01:47:40.491433', '2023-03-13 01:48:01.000000', NULL, 9, 104, 0, 4),
(294, 4, '', '2023-03-14 17:18:12.443377', '2023-03-14 17:19:08.000000', NULL, 1, 105, 0, 4),
(295, 3, '', '2023-03-14 17:18:12.969366', '2023-03-14 17:18:41.000000', NULL, 6, 105, 0, 3),
(296, 1, '', '2023-03-14 20:38:42.295896', '2023-03-14 20:41:09.000000', NULL, 1, 107, 0, 1),
(297, 1, '', '2023-03-14 20:38:42.533969', '2023-03-14 20:41:10.000000', NULL, 8, 107, 0, 1),
(298, 1, '', '2023-03-14 20:38:42.715344', '2023-03-14 20:41:11.000000', NULL, 7, 107, 0, 1),
(299, 5, '', '2023-03-14 20:38:42.926603', '2023-03-14 20:41:15.000000', NULL, 6, 107, 0, 5),
(300, 40, '', '2023-03-14 20:38:43.115044', '2023-03-14 20:41:42.000000', NULL, 1, 107, 1, 39),
(301, 3, '', '2023-03-14 20:38:43.180455', '2023-03-14 20:41:26.000000', NULL, 9, 106, 0, 3),
(302, 2, '', '2023-03-14 20:38:43.424881', '2023-03-14 20:41:43.000000', NULL, 10, 106, 0, 2),
(303, 2, '', '2023-03-14 20:38:43.615590', '2023-03-14 20:41:45.000000', NULL, 41, 106, 0, 2),
(304, 3, '', '2023-03-14 20:38:43.808601', '2023-03-14 20:41:46.000000', NULL, 48, 106, 0, 3),
(305, 3, '', '2023-03-14 20:38:44.055609', '2023-03-14 20:41:50.000000', NULL, 38, 106, 0, 3),
(306, 2, '', '2023-03-14 20:47:55.964618', '2023-03-14 20:48:06.000000', NULL, 1, 106, 0, 2),
(307, 1, '', '2023-03-14 20:48:48.156612', '2023-03-14 20:52:11.000000', NULL, 6, 108, 0, 1),
(308, 1, '', '2023-03-14 20:48:48.348110', '2023-03-14 20:51:43.000000', NULL, 9, 108, 1, 0),
(309, 1, '', '2023-03-14 21:01:01.614878', '2023-03-14 21:01:16.000000', NULL, 1, 108, 0, 1),
(310, 1, '', '2023-03-14 21:01:01.808585', '2023-03-14 21:01:17.000000', NULL, 6, 108, 0, 1),
(311, 1, '', '2023-03-14 21:01:02.012768', '2023-03-14 21:01:18.000000', NULL, 7, 108, 0, 1),
(312, 1, '', '2023-03-14 21:01:30.345043', '2023-03-14 21:01:36.000000', NULL, 1, 108, 1, 0),
(313, 1, '', '2023-03-15 14:48:46.739528', '2023-03-15 14:49:39.000000', NULL, 13, 109, 0, 1),
(314, 2, '', '2023-03-15 14:49:02.509390', '2023-03-15 14:49:40.000000', NULL, 9, 109, 0, 2),
(315, 12, '10 20 30 40', '2023-03-15 14:49:12.917025', '2023-03-15 14:49:44.000000', NULL, 1, 110, 1, 11),
(316, 5, '', '2023-03-15 15:14:08.423945', '2023-03-15 15:16:08.000000', NULL, 34, 111, 0, 5),
(317, 3, '', '2023-03-15 15:14:08.561617', '2023-03-15 15:16:10.000000', NULL, 16, 111, 0, 3),
(318, 3, '', '2023-03-15 15:14:38.019304', '2023-03-15 15:15:59.000000', NULL, 14, 111, 3, 0),
(319, 3, '', '2023-03-15 15:29:51.907195', '2023-03-15 15:29:51.907195', NULL, 10, 112, 0, 0),
(320, 2, '', '2023-03-15 15:29:53.191420', '2023-03-15 15:29:53.191420', NULL, 6, 112, 0, 0),
(321, 2, '', '2023-03-15 15:29:53.293893', '2023-03-15 15:29:53.293893', NULL, 1, 112, 0, 0),
(322, 2, '', '2023-03-15 15:29:53.395226', '2023-03-15 15:29:53.395226', NULL, 15, 112, 0, 0),
(323, 2, '', '2023-03-15 15:29:53.497000', '2023-03-15 15:29:53.497000', NULL, 17, 112, 0, 0),
(324, 2, '', '2023-03-15 15:31:36.845453', '2023-03-15 15:31:36.845453', NULL, 1, 112, 0, 0),
(325, 1, '', '2023-03-15 15:31:37.135190', '2023-03-15 15:31:37.135190', NULL, 7, 112, 0, 0),
(326, 2, '', '2023-03-15 15:32:35.271188', '2023-03-15 15:32:35.271188', NULL, 8, 112, 0, 0),
(327, 1, '', '2023-03-15 16:05:12.408449', '2023-03-15 16:05:29.000000', NULL, 7, 119, 0, 1),
(328, 1, '', '2023-03-15 16:05:12.565988', '2023-03-15 16:05:29.000000', NULL, 8, 119, 0, 1),
(329, 1, '', '2023-03-15 16:05:12.693158', '2023-03-15 16:05:29.000000', NULL, 9, 119, 0, 1),
(330, 2, '', '2023-03-15 16:05:12.808260', '2023-03-15 16:05:30.000000', NULL, 1, 119, 0, 2),
(331, 1, '', '2023-03-15 16:05:12.922925', '2023-03-15 16:05:31.000000', NULL, 10, 119, 0, 1),
(332, 5, '', '2023-03-15 18:42:58.795823', '2023-03-15 18:46:15.000000', NULL, 1, 122, 3, 2),
(333, 6, 'wiwiwiwiwiwiwi', '2023-03-15 18:43:21.989300', '2023-03-15 18:48:06.000000', NULL, 8, 122, 0, 6),
(334, 1, '', '2023-03-21 20:49:19.425085', '2023-03-22 03:49:20.000000', NULL, 7, 123, 0, 1),
(335, 1, '', '2023-03-21 20:49:19.640812', '2023-03-22 02:38:55.000000', NULL, 6, 123, 0, 1),
(336, 1, '', '2023-03-21 21:33:37.711891', '2023-03-22 03:49:20.000000', NULL, 1, 123, 0, 1),
(337, 1, '', '2023-03-21 21:33:38.122508', '2023-03-22 03:49:21.000000', NULL, 14, 123, 0, 1),
(338, 1, '', '2023-03-21 21:45:49.443660', '2023-03-22 03:49:22.000000', NULL, 1, 122, 0, 1),
(339, 1, '', '2023-03-22 03:21:53.592032', '2023-03-22 03:49:22.000000', NULL, 6, 125, 0, 1),
(340, 2, '', '2023-03-22 03:49:03.420485', '2023-03-22 03:49:24.000000', NULL, 6, 125, 0, 2),
(341, 1, '', '2023-03-22 03:49:03.667179', '2023-03-22 03:49:25.000000', NULL, 1, 125, 0, 1),
(342, 3, '', '2023-03-26 16:17:22.596233', '2023-03-26 16:18:25.000000', NULL, 16, 130, 0, 3),
(343, 2, '', '2023-03-26 16:17:57.450392', '2023-03-26 16:18:26.000000', NULL, 7, 130, 0, 2),
(344, 2, '', '2023-03-26 16:18:05.481539', '2023-03-26 16:18:27.000000', NULL, 8, 130, 0, 2),
(345, 2, '', '2023-04-01 11:18:11.335927', '2023-04-03 20:06:14.000000', NULL, 6, 132, 0, 2),
(346, 3, '', '2023-04-01 11:18:11.398535', '2023-04-03 20:06:16.000000', NULL, 1, 132, 0, 3),
(347, 3, '', '2023-04-01 11:18:11.454016', '2023-04-03 20:06:17.000000', NULL, 20, 132, 0, 3),
(348, 1, '', '2023-04-01 11:19:27.979481', '2023-04-03 20:06:18.000000', NULL, 1, 132, 0, 1),
(349, 1, '', '2023-04-01 11:19:46.649155', '2023-04-03 20:06:18.000000', NULL, 9, 132, 0, 1),
(350, 5, '', '2023-04-03 20:05:54.247739', '2023-04-03 20:06:21.000000', NULL, 1, 133, 0, 5),
(351, 3, '', '2023-04-03 20:05:54.544540', '2023-04-03 20:06:23.000000', NULL, 11, 133, 0, 3),
(352, 2, '', '2023-04-05 00:26:29.087644', '2023-04-05 00:26:50.000000', NULL, 15, 132, 1, 1),
(353, 3, '', '2023-04-05 00:27:26.539371', '2023-04-05 00:27:39.000000', NULL, 16, 132, 0, 3),
(354, 5, '', '2023-04-05 00:28:10.988689', '2023-04-05 00:28:28.000000', NULL, 40, 132, 0, 5);

-- --------------------------------------------------------

--
-- Table structure for table `payment`
--

CREATE TABLE `payment` (
  `id` int(11) NOT NULL,
  `createdAt` datetime(6) NOT NULL DEFAULT current_timestamp(6),
  `updatedAt` datetime(6) NOT NULL DEFAULT current_timestamp(6) ON UPDATE current_timestamp(6),
  `deletedAt` datetime(6) DEFAULT NULL,
  `userId` int(11) DEFAULT NULL,
  `orderId` int(11) DEFAULT NULL,
  `price` int(11) NOT NULL,
  `received` int(11) NOT NULL,
  `moneyChange` int(11) NOT NULL,
  `netPrice` int(11) NOT NULL,
  `discount` int(11) NOT NULL
) ENGINE=InnoDB DEFAULT CHARSET=utf8mb4 COLLATE=utf8mb4_general_ci;

--
-- Dumping data for table `payment`
--

INSERT INTO `payment` (`id`, `createdAt`, `updatedAt`, `deletedAt`, `userId`, `orderId`, `price`, `received`, `moneyChange`, `netPrice`, `discount`) VALUES
(4, '2023-03-01 23:21:59.507059', '2023-03-01 23:21:59.507059', NULL, NULL, NULL, 0, 0, 0, 0, 0),
(5, '2023-03-01 23:48:05.565769', '2023-03-01 23:48:05.565769', NULL, NULL, NULL, 0, 0, 0, 0, 0),
(6, '2023-03-01 23:52:05.955372', '2023-03-01 23:52:05.955372', NULL, NULL, NULL, 0, 0, 0, 0, 0),
(7, '2023-03-01 23:57:31.227779', '2023-03-01 23:57:31.227779', NULL, NULL, NULL, 0, 0, 0, 0, 0),
(8, '2023-03-02 00:13:06.973604', '2023-03-02 00:13:06.973604', NULL, NULL, NULL, 0, 0, 0, 0, 0),
(9, '2023-03-02 00:13:33.820828', '2023-03-02 00:13:33.820828', NULL, NULL, NULL, 0, 0, 0, 0, 0),
(10, '2023-03-02 01:04:46.900595', '2023-03-02 01:04:46.900595', NULL, NULL, NULL, 0, 0, 0, 0, 0),
(11, '2023-03-11 18:30:33.353492', '2023-03-11 18:30:33.353492', NULL, NULL, NULL, 0, 0, 0, 0, 0),
(12, '2023-03-11 20:23:04.359501', '2023-03-11 20:23:04.359501', NULL, 1, 84, 0, 0, 0, 0, 0),
(13, '2023-03-11 21:25:48.372635', '2023-03-11 21:25:48.372635', NULL, 1, 85, 0, 0, 0, 0, 0),
(14, '2023-03-11 22:30:04.625366', '2023-03-11 22:30:04.625366', NULL, 1, 86, 0, 0, 0, 0, 0),
(15, '2023-03-11 22:59:03.031356', '2023-03-11 22:59:03.031356', NULL, 1, 87, 0, 0, 0, 0, 0),
(16, '2023-03-11 22:59:28.351372', '2023-03-11 22:59:28.351372', NULL, 1, 88, 0, 0, 0, 0, 0),
(17, '2023-03-11 23:06:35.535524', '2023-03-11 23:06:35.535524', NULL, 1, 89, 0, 0, 0, 0, 0),
(18, '2023-03-11 23:41:53.002516', '2023-03-11 23:41:53.002516', NULL, 1, 90, 0, 0, 0, 0, 0),
(19, '2023-03-12 00:07:24.104808', '2023-03-12 00:07:24.104808', NULL, 1, 91, 0, 0, 0, 0, 0),
(20, '2023-03-12 03:23:48.941734', '2023-03-12 19:15:55.423431', NULL, 1, 92, 400, 500, 100, 400, 0),
(21, '2023-03-12 19:08:51.973597', '2023-03-12 19:08:51.973597', NULL, 1, 93, 1068, 2000, 937, 1063, 5),
(22, '2023-03-12 19:13:29.275678', '2023-03-12 19:13:29.275678', NULL, 1, 94, 549, 600, 56, 544, 5),
(23, '2023-03-12 19:15:02.712882', '2023-03-12 19:15:02.712882', NULL, 1, 95, 333, 350, 17, 333, 0),
(24, '2023-03-12 21:05:06.612289', '2023-03-12 21:05:06.612289', NULL, 1, 96, 296, 300, 9, 291, 5),
(25, '2023-03-12 22:03:03.870549', '2023-03-12 22:03:03.870549', NULL, 1, 97, 340, 400, 65, 335, 5),
(26, '2023-03-12 22:05:24.618481', '2023-03-12 22:05:24.618481', NULL, 1, 98, 0, 400, 400, -5, 5),
(30, '2023-03-12 22:12:41.633827', '2023-03-12 22:12:41.633827', NULL, 1, 99, 220, 250, 35, 215, 5),
(31, '2023-03-12 22:12:51.180221', '2023-03-12 22:12:51.180221', NULL, 1, 100, 80, 100, 25, 75, 5),
(32, '2023-03-13 00:12:14.742216', '2023-03-13 00:12:14.742216', NULL, 1, 103, 342, 400, 63, 337, 5),
(33, '2023-03-13 01:48:15.070463', '2023-03-13 01:48:15.070463', NULL, 1, 104, 200, 200, 2, 198, 2),
(34, '2023-03-14 17:20:12.501642', '2023-03-14 17:20:12.501642', NULL, 1, 105, 236, 250, 14, 236, 0),
(35, '2023-03-14 20:42:43.634427', '2023-03-14 20:42:43.634427', NULL, 1, 107, 1979, 2000, 21, 1979, 0),
(36, '2023-03-14 20:43:02.714635', '2023-03-14 20:43:02.714635', NULL, 1, 106, 547, 600, 53, 547, 0),
(37, '2023-03-14 21:05:49.324644', '2023-03-14 21:05:49.324644', NULL, 1, 108, 104, 120, 16, 104, 0),
(39, '2023-03-15 14:50:15.129947', '2023-03-15 14:50:15.129947', NULL, 1, 109, 145, 150, 10, 140, 5),
(40, '2023-03-15 14:50:28.935975', '2023-03-15 14:50:28.935975', NULL, 1, 110, 484, 500, 16, 484, 0),
(41, '2023-03-15 15:16:31.013529', '2023-03-15 15:16:31.013529', NULL, 1, 111, 480, 500, 20, 480, 0),
(44, '2023-03-15 15:34:38.905901', '2023-03-15 15:34:38.905901', NULL, 1, 112, 621, 800, 179, 621, 0),
(48, '2023-03-15 16:05:39.121909', '2023-03-15 16:05:39.121909', NULL, 1, 119, 228, 300, 77, 223, 5),
(49, '2023-03-15 18:38:52.558326', '2023-03-15 18:38:52.558326', NULL, 1, 120, 0, 0, 0, 0, 0),
(50, '2023-03-15 18:41:27.164821', '2023-03-15 18:41:27.164821', NULL, 1, 121, 0, 0, 0, 0, 0),
(51, '2023-03-22 02:10:50.891428', '2023-03-22 02:10:50.891428', NULL, 1, 123, 139, 140, 1, 139, 0),
(52, '2023-03-22 02:39:12.942458', '2023-03-22 02:39:12.942458', NULL, 1, 122, 462, 500, 88, 412, 50),
(53, '2023-03-22 03:15:19.976149', '2023-03-22 03:15:19.976149', NULL, 1, 124, 0, 0, 0, 0, 0),
(54, '2023-03-22 03:49:34.041048', '2023-03-22 03:49:34.041048', NULL, 1, 125, 104, 2000, 1896, 104, 0),
(55, '2023-03-22 04:08:51.771280', '2023-03-22 04:08:51.771280', NULL, 1, 128, 0, 0, 0, 0, 0),
(56, '2023-03-22 04:08:53.014234', '2023-03-22 04:08:53.014234', NULL, 1, 127, 0, 0, 0, 0, 0),
(57, '2023-03-24 20:57:36.880243', '2023-03-24 20:57:36.880243', NULL, 1, 129, 0, 0, 0, 0, 0),
(58, '2023-03-26 23:56:38.602182', '2023-03-26 23:56:38.602182', NULL, 1, 130, 330, 300, 60, 240, 90),
(59, '2023-03-26 23:56:51.989290', '2023-03-26 23:56:51.989290', NULL, 1, 131, 0, 0, 0, 0, 0),
(60, '2023-04-03 20:07:11.422445', '2023-04-03 20:07:11.422445', NULL, 1, 133, 325, 320, 0, 320, 5);

-- --------------------------------------------------------

--
-- Table structure for table `queue`
--

CREATE TABLE `queue` (
  `id` int(11) NOT NULL,
  `status` varchar(255) NOT NULL,
  `createdAt` datetime(6) NOT NULL DEFAULT current_timestamp(6),
  `updatedAt` datetime(6) NOT NULL DEFAULT current_timestamp(6) ON UPDATE current_timestamp(6),
  `deletedAt` datetime(6) DEFAULT NULL,
  `orderitemId` int(11) DEFAULT NULL,
  `empCookId` int(11) DEFAULT NULL,
  `empServeId` int(11) DEFAULT NULL
) ENGINE=InnoDB DEFAULT CHARSET=utf8mb4 COLLATE=utf8mb4_general_ci;

--
-- Dumping data for table `queue`
--

INSERT INTO `queue` (`id`, `status`, `createdAt`, `updatedAt`, `deletedAt`, `orderitemId`, `empCookId`, `empServeId`) VALUES
(6, 'เสิร์ฟสำเร็จ', '2023-03-11 01:10:11.990224', '2023-03-12 02:48:27.000000', NULL, 168, 2, 1),
(7, 'เสิร์ฟสำเร็จ', '2023-03-11 01:10:11.990814', '2023-03-11 02:25:17.000000', NULL, 168, 1, 1),
(8, 'เสิร์ฟสำเร็จ', '2023-03-11 01:10:11.991109', '2023-03-11 02:25:17.000000', NULL, 168, 1, 1),
(9, 'เสิร์ฟสำเร็จ', '2023-03-11 01:10:39.511983', '2023-03-11 02:25:18.000000', NULL, 169, 1, 1),
(10, 'เสิร์ฟสำเร็จ', '2023-03-11 01:10:39.513498', '2023-03-11 02:25:18.000000', NULL, 169, 1, 1),
(11, 'เสิร์ฟสำเร็จ', '2023-03-11 01:10:39.515214', '2023-03-11 02:25:19.000000', NULL, 169, 1, 1),
(12, 'เสิร์ฟสำเร็จ', '2023-03-11 01:11:14.748869', '2023-03-11 02:25:19.000000', NULL, 170, 1, 1),
(13, 'เสิร์ฟสำเร็จ', '2023-03-11 01:11:14.749675', '2023-03-11 02:25:20.000000', NULL, 170, 1, 1),
(14, 'เสิร์ฟสำเร็จ', '2023-03-11 01:11:14.753024', '2023-03-11 02:25:20.000000', NULL, 170, 1, 1),
(15, 'เสิร์ฟสำเร็จ', '2023-03-11 01:12:54.195840', '2023-03-11 02:25:20.000000', NULL, 171, 1, 1),
(16, 'เสิร์ฟสำเร็จ', '2023-03-11 01:12:54.200692', '2023-03-11 02:25:21.000000', NULL, 172, 1, 1),
(17, 'เสิร์ฟสำเร็จ', '2023-03-11 01:12:54.200838', '2023-03-11 02:25:22.000000', NULL, 171, 1, 1),
(18, 'เสิร์ฟสำเร็จ', '2023-03-11 01:12:54.200938', '2023-03-11 02:25:23.000000', NULL, 172, 1, 1),
(19, 'เสิร์ฟสำเร็จ', '2023-03-11 01:13:25.315377', '2023-03-12 02:35:52.580759', NULL, 173, 2, 1),
(20, 'เสิร์ฟสำเร็จ', '2023-03-11 01:13:25.315449', '2023-03-12 02:35:52.608899', NULL, 173, 2, 1),
(21, 'เสิร์ฟสำเร็จ', '2023-03-11 01:17:04.313145', '2023-03-12 02:35:52.628927', NULL, 174, 2, 1),
(22, 'เสิร์ฟสำเร็จ', '2023-03-11 01:17:04.313305', '2023-03-12 02:35:52.648028', NULL, 174, 2, 1),
(23, 'เสิร์ฟสำเร็จ', '2023-03-11 01:17:04.313333', '2023-03-12 02:35:52.669771', NULL, 174, 2, 1),
(24, 'เสิร์ฟสำเร็จ', '2023-03-11 01:17:04.314245', '2023-03-12 02:35:52.688942', NULL, 174, 2, 1),
(25, 'เสิร์ฟสำเร็จ', '2023-03-11 01:17:04.316508', '2023-03-12 02:35:52.708149', NULL, 175, 2, 1),
(26, 'เสิร์ฟสำเร็จ', '2023-03-11 01:17:04.328146', '2023-03-12 02:35:52.735058', NULL, 175, 2, 1),
(27, 'เสิร์ฟสำเร็จ', '2023-03-11 01:17:04.372382', '2023-03-12 02:35:52.761257', NULL, 175, 2, 1),
(28, 'เสิร์ฟสำเร็จ', '2023-03-11 01:17:04.381924', '2023-03-12 02:35:52.781252', NULL, 175, 2, 1),
(29, 'เสิร์ฟสำเร็จ', '2023-03-11 01:20:57.373578', '2023-03-12 02:35:52.800573', NULL, 177, 2, 1),
(30, 'เสิร์ฟสำเร็จ', '2023-03-11 01:20:57.373768', '2023-03-12 02:35:52.822311', NULL, 177, 2, 1),
(31, 'เสิร์ฟสำเร็จ', '2023-03-11 01:20:57.373990', '2023-03-12 02:35:52.841466', NULL, 176, 2, 1),
(32, 'เสิร์ฟสำเร็จ', '2023-03-11 01:20:57.375302', '2023-03-12 02:35:52.864502', NULL, 176, 2, 1),
(33, 'เสิร์ฟสำเร็จ', '2023-03-11 01:22:05.763168', '2023-03-12 02:35:52.887650', NULL, 178, 2, 1),
(34, 'เสิร์ฟสำเร็จ', '2023-03-11 01:22:05.806429', '2023-03-12 02:35:52.906557', NULL, 179, 2, 1),
(35, 'เสิร์ฟสำเร็จ', '2023-03-11 01:22:12.615508', '2023-03-11 02:25:23.000000', NULL, 180, 1, 1),
(36, 'เสิร์ฟสำเร็จ', '2023-03-11 01:22:20.449908', '2023-03-11 02:25:24.000000', NULL, 181, 1, 1),
(37, 'เสิร์ฟสำเร็จ', '2023-03-11 01:22:20.469168', '2023-03-11 02:25:24.000000', NULL, 182, 1, 1),
(38, 'เสิร์ฟสำเร็จ', '2023-03-11 01:23:07.136906', '2023-03-12 02:35:52.925729', NULL, 183, 2, 1),
(39, 'เสิร์ฟสำเร็จ', '2023-03-11 01:23:07.478098', '2023-03-11 02:25:25.000000', NULL, 184, 1, 1),
(40, 'เสิร์ฟสำเร็จ', '2023-03-11 01:23:19.106713', '2023-03-11 02:25:26.000000', NULL, 185, 1, 1),
(41, 'เสิร์ฟสำเร็จ', '2023-03-11 01:23:19.193153', '2023-03-11 02:25:26.000000', NULL, 185, 1, 1),
(42, 'เสิร์ฟสำเร็จ', '2023-03-11 01:23:19.285468', '2023-03-11 02:25:27.000000', NULL, 185, 1, 1),
(43, 'เสิร์ฟสำเร็จ', '2023-03-11 01:23:19.578703', '2023-03-12 02:35:52.945437', NULL, 186, 2, 1),
(44, 'เสิร์ฟสำเร็จ', '2023-03-11 01:23:19.653992', '2023-03-12 02:35:52.966013', NULL, 186, 2, 1),
(45, 'ยกเลิก', '2023-03-11 01:36:03.226149', '2023-03-12 02:35:52.986958', NULL, 187, 2, NULL),
(46, 'เสิร์ฟสำเร็จ', '2023-03-11 01:36:03.319888', '2023-03-11 02:23:47.000000', NULL, 187, 1, 1),
(47, 'เสิร์ฟสำเร็จ', '2023-03-11 02:28:43.073633', '2023-03-11 03:39:25.000000', NULL, 188, 1, 1),
(48, 'เสิร์ฟสำเร็จ', '2023-03-11 02:28:43.167818', '2023-03-11 03:39:26.000000', NULL, 188, 1, 1),
(49, 'เสิร์ฟสำเร็จ', '2023-03-11 02:28:43.325752', '2023-03-11 03:39:28.000000', NULL, 188, 1, 1),
(50, 'เสิร์ฟสำเร็จ', '2023-03-11 02:28:43.847706', '2023-03-12 02:35:53.006259', NULL, 189, 2, 1),
(51, 'เสิร์ฟสำเร็จ', '2023-03-11 02:28:43.925711', '2023-03-12 02:35:53.026444', NULL, 189, 2, 1),
(52, 'เสิร์ฟสำเร็จ', '2023-03-11 02:30:45.358711', '2023-03-12 02:48:28.000000', NULL, 190, 2, 1),
(53, 'เสิร์ฟสำเร็จ', '2023-03-11 02:34:03.948685', '2023-03-11 03:39:31.000000', NULL, 192, 1, 1),
(54, 'เสิร์ฟสำเร็จ', '2023-03-11 03:17:36.493843', '2023-03-11 03:17:46.000000', NULL, 193, 1, 6),
(55, 'ยกเลิก', '2023-03-11 03:35:25.852189', '2023-03-11 03:35:39.000000', NULL, 194, 1, NULL),
(56, 'ยกเลิก', '2023-03-11 03:35:25.945143', '2023-03-11 03:36:04.000000', NULL, 194, 1, NULL),
(57, 'เสิร์ฟสำเร็จ', '2023-03-11 03:35:26.027141', '2023-03-11 03:36:24.000000', NULL, 194, 1, 1),
(58, 'ยกเลิก', '2023-03-11 03:37:11.107051', '2023-03-11 03:37:30.000000', NULL, 195, 1, NULL),
(59, 'เสิร์ฟสำเร็จ', '2023-03-11 03:37:11.199499', '2023-03-11 03:39:32.000000', NULL, 195, 1, 1),
(60, 'ยกเลิก', '2023-03-11 03:39:42.022304', '2023-03-11 03:39:49.000000', NULL, 196, 1, NULL),
(61, 'ยกเลิก', '2023-03-11 03:39:42.113509', '2023-03-11 03:39:51.000000', NULL, 196, 1, NULL),
(62, 'เสิร์ฟสำเร็จ', '2023-03-11 03:39:42.200170', '2023-03-11 03:39:57.000000', NULL, 196, 1, 1),
(63, 'เสิร์ฟสำเร็จ', '2023-03-11 16:28:36.534682', '2023-03-11 17:28:05.000000', NULL, 197, 1, 1),
(64, 'เสิร์ฟสำเร็จ', '2023-03-11 16:28:36.593341', '2023-03-11 17:28:06.000000', NULL, 197, 1, 1),
(65, 'เสิร์ฟสำเร็จ', '2023-03-11 16:28:36.836139', '2023-03-11 17:28:07.000000', NULL, 198, 1, 1),
(66, 'เสิร์ฟสำเร็จ', '2023-03-11 16:28:37.056247', '2023-03-12 02:35:53.045337', NULL, 199, 2, 1),
(67, 'เสิร์ฟสำเร็จ', '2023-03-11 16:28:37.274376', '2023-03-12 02:35:53.064428', NULL, 200, 2, 1),
(68, 'เสิร์ฟสำเร็จ', '2023-03-11 16:33:03.061146', '2023-03-12 02:35:53.086936', NULL, 201, 2, 1),
(69, 'เสิร์ฟสำเร็จ', '2023-03-11 16:33:03.121267', '2023-03-11 17:28:09.000000', NULL, 201, 1, 1),
(70, 'เสิร์ฟสำเร็จ', '2023-03-11 16:33:03.179162', '2023-03-11 17:28:10.000000', NULL, 201, 1, 1),
(71, 'เสิร์ฟสำเร็จ', '2023-03-11 16:33:03.404013', '2023-03-12 02:35:53.106919', NULL, 202, 2, 1),
(72, 'เสิร์ฟสำเร็จ', '2023-03-11 16:33:03.458442', '2023-03-12 02:35:53.129310', NULL, 202, 2, 1),
(73, 'เสิร์ฟสำเร็จ', '2023-03-11 16:33:03.669724', '2023-03-11 17:28:11.000000', NULL, 203, 1, 1),
(74, 'เสิร์ฟสำเร็จ', '2023-03-11 16:33:03.722939', '2023-03-11 17:28:12.000000', NULL, 203, 1, 1),
(75, 'เสิร์ฟสำเร็จ', '2023-03-11 16:33:03.947509', '2023-03-11 17:28:13.000000', NULL, 204, 1, 1),
(76, 'เสิร์ฟสำเร็จ', '2023-03-11 16:33:04.002116', '2023-03-11 17:28:14.000000', NULL, 204, 1, 1),
(77, 'เสิร์ฟสำเร็จ', '2023-03-11 16:33:04.058627', '2023-03-11 17:28:15.000000', NULL, 204, 1, 1),
(78, 'เสิร์ฟสำเร็จ', '2023-03-11 16:36:43.592083', '2023-03-11 17:28:16.000000', NULL, 205, 1, 1),
(79, 'เสิร์ฟสำเร็จ', '2023-03-11 16:36:43.647679', '2023-03-11 17:28:17.000000', NULL, 205, 1, 1),
(80, 'เสิร์ฟสำเร็จ', '2023-03-11 16:36:43.877054', '2023-03-11 17:28:18.000000', NULL, 206, 1, 1),
(81, 'เสิร์ฟสำเร็จ', '2023-03-11 16:40:17.185073', '2023-03-11 17:28:19.000000', NULL, 207, 1, 1),
(82, 'เสิร์ฟสำเร็จ', '2023-03-11 16:40:17.574667', '2023-03-12 02:35:53.149517', NULL, 208, 2, 1),
(83, 'เสิร์ฟสำเร็จ', '2023-03-11 16:40:17.937585', '2023-03-11 17:28:20.000000', NULL, 209, 1, 1),
(84, 'เสิร์ฟสำเร็จ', '2023-03-11 16:40:18.976431', '2023-03-11 17:28:21.000000', NULL, 210, 1, 1),
(85, 'เสิร์ฟสำเร็จ', '2023-03-11 16:40:19.096008', '2023-03-11 17:28:22.000000', NULL, 210, 1, 1),
(86, 'เสิร์ฟสำเร็จ', '2023-03-11 16:40:19.188362', '2023-03-11 17:28:23.000000', NULL, 210, 1, 1),
(87, 'เสิร์ฟสำเร็จ', '2023-03-11 16:40:19.418025', '2023-03-11 17:28:24.000000', NULL, 210, 1, 1),
(88, 'เสิร์ฟสำเร็จ', '2023-03-11 16:40:19.600822', '2023-03-11 17:28:25.000000', NULL, 210, 1, 1),
(89, 'เสิร์ฟสำเร็จ', '2023-03-11 16:40:19.732298', '2023-03-11 17:28:26.000000', NULL, 210, 1, 1),
(90, 'เสิร์ฟสำเร็จ', '2023-03-11 16:45:25.186947', '2023-03-11 17:28:27.000000', NULL, 211, 1, 1),
(91, 'เสิร์ฟสำเร็จ', '2023-03-11 16:45:25.242739', '2023-03-11 17:28:28.000000', NULL, 211, 1, 1),
(92, 'ยกเลิก', '2023-03-11 16:47:24.253043', '2023-03-11 16:51:04.000000', NULL, 212, 1, NULL),
(93, 'เสิร์ฟสำเร็จ', '2023-03-11 16:47:24.333423', '2023-03-11 17:28:29.000000', NULL, 212, 1, 1),
(94, 'เสิร์ฟสำเร็จ', '2023-03-11 16:47:24.439091', '2023-03-11 17:28:30.000000', NULL, 212, 1, 1),
(95, 'เสิร์ฟสำเร็จ', '2023-03-11 16:47:24.538967', '2023-03-11 17:28:31.000000', NULL, 212, 1, 1),
(96, 'เสิร์ฟสำเร็จ', '2023-03-11 16:47:24.656345', '2023-03-11 17:28:32.000000', NULL, 212, 1, 1),
(97, 'เสิร์ฟสำเร็จ', '2023-03-11 16:47:25.056824', '2023-03-11 17:28:33.000000', NULL, 213, 1, 1),
(98, 'เสิร์ฟสำเร็จ', '2023-03-11 16:47:25.136523', '2023-03-11 17:28:34.000000', NULL, 213, 1, 1),
(99, 'เสิร์ฟสำเร็จ', '2023-03-11 16:47:25.219939', '2023-03-11 17:28:35.000000', NULL, 213, 1, 1),
(100, 'เสิร์ฟสำเร็จ', '2023-03-11 16:47:25.313293', '2023-03-11 17:28:36.000000', NULL, 213, 1, 1),
(101, 'เสิร์ฟสำเร็จ', '2023-03-11 17:26:23.293961', '2023-03-11 17:28:37.000000', NULL, 214, 1, 1),
(102, 'เสิร์ฟสำเร็จ', '2023-03-11 17:26:23.793886', '2023-03-11 17:28:45.000000', NULL, 215, 1, 1),
(103, 'เสิร์ฟสำเร็จ', '2023-03-11 18:52:56.185620', '2023-03-11 18:53:46.000000', NULL, 216, 1, 1),
(104, 'เสิร์ฟสำเร็จ', '2023-03-11 18:52:56.250779', '2023-03-11 18:53:47.000000', NULL, 216, 1, 1),
(105, 'เสิร์ฟสำเร็จ', '2023-03-11 18:52:56.495010', '2023-03-11 18:53:48.000000', NULL, 217, 1, 1),
(106, 'เสิร์ฟสำเร็จ', '2023-03-11 18:52:56.721418', '2023-03-11 18:53:48.000000', NULL, 218, 1, 1),
(107, 'เสิร์ฟสำเร็จ', '2023-03-11 18:52:56.951854', '2023-03-11 18:53:50.000000', NULL, 219, 1, 1),
(108, 'เสิร์ฟสำเร็จ', '2023-03-11 18:52:57.007417', '2023-03-11 18:53:51.000000', NULL, 219, 1, 1),
(109, 'เสิร์ฟสำเร็จ', '2023-03-11 19:00:14.306509', '2023-03-11 19:02:45.000000', NULL, 220, 1, 1),
(110, 'เสิร์ฟสำเร็จ', '2023-03-11 19:00:14.423439', '2023-03-11 19:02:48.000000', NULL, 220, 1, 1),
(111, 'เสิร์ฟสำเร็จ', '2023-03-11 19:00:14.503516', '2023-03-11 19:02:49.000000', NULL, 220, 1, 1),
(112, 'เสิร์ฟสำเร็จ', '2023-03-11 19:00:14.594783', '2023-03-11 19:02:50.000000', NULL, 220, 1, 1),
(113, 'เสิร์ฟสำเร็จ', '2023-03-11 19:00:14.662359', '2023-03-11 19:02:51.000000', NULL, 220, 1, 1),
(114, 'เสิร์ฟสำเร็จ', '2023-03-11 19:00:14.730805', '2023-03-11 19:02:52.000000', NULL, 220, 1, 1),
(115, 'เสิร์ฟสำเร็จ', '2023-03-11 19:00:14.792761', '2023-03-11 19:02:53.000000', NULL, 220, 1, 1),
(116, 'เสิร์ฟสำเร็จ', '2023-03-11 19:00:14.870540', '2023-03-11 19:02:54.000000', NULL, 220, 1, 1),
(117, 'เสิร์ฟสำเร็จ', '2023-03-11 19:00:14.974657', '2023-03-11 19:02:55.000000', NULL, 220, 1, 1),
(118, 'เสิร์ฟสำเร็จ', '2023-03-11 19:00:15.053360', '2023-03-11 19:02:56.000000', NULL, 220, 1, 1),
(119, 'เสิร์ฟสำเร็จ', '2023-03-11 19:00:15.116581', '2023-03-11 19:02:57.000000', NULL, 220, 1, 1),
(120, 'เสิร์ฟสำเร็จ', '2023-03-11 19:00:15.192521', '2023-03-11 19:02:58.000000', NULL, 220, 1, 1),
(121, 'เสิร์ฟสำเร็จ', '2023-03-11 19:00:15.257950', '2023-03-11 19:02:59.000000', NULL, 220, 1, 1),
(122, 'เสิร์ฟสำเร็จ', '2023-03-11 19:00:15.325050', '2023-03-11 19:03:00.000000', NULL, 220, 1, 1),
(123, 'เสิร์ฟสำเร็จ', '2023-03-11 19:00:15.446637', '2023-03-11 19:03:01.000000', NULL, 220, 1, 1),
(124, 'เสิร์ฟสำเร็จ', '2023-03-11 19:00:15.529401', '2023-03-11 19:03:02.000000', NULL, 220, 1, 1),
(125, 'เสิร์ฟสำเร็จ', '2023-03-11 19:00:15.593177', '2023-03-11 19:03:03.000000', NULL, 220, 1, 1),
(126, 'เสิร์ฟสำเร็จ', '2023-03-11 19:00:15.657342', '2023-03-11 19:03:04.000000', NULL, 220, 1, 1),
(127, 'เสิร์ฟสำเร็จ', '2023-03-11 19:00:15.754100', '2023-03-11 19:03:05.000000', NULL, 220, 1, 1),
(128, 'เสิร์ฟสำเร็จ', '2023-03-11 19:00:15.826374', '2023-03-11 19:03:08.000000', NULL, 220, 1, 1),
(129, 'เสิร์ฟสำเร็จ', '2023-03-11 19:00:15.916034', '2023-03-11 19:03:09.000000', NULL, 220, 1, 1),
(130, 'เสิร์ฟสำเร็จ', '2023-03-11 19:00:15.987461', '2023-03-11 19:03:10.000000', NULL, 220, 1, 1),
(131, 'เสิร์ฟสำเร็จ', '2023-03-11 19:00:16.050972', '2023-03-11 19:03:11.000000', NULL, 220, 1, 1),
(132, 'เสิร์ฟสำเร็จ', '2023-03-11 19:00:16.120157', '2023-03-11 19:03:12.000000', NULL, 220, 1, 1),
(133, 'เสิร์ฟสำเร็จ', '2023-03-11 19:00:16.186579', '2023-03-11 19:03:13.000000', NULL, 220, 1, 1),
(134, 'เสิร์ฟสำเร็จ', '2023-03-11 19:00:16.266818', '2023-03-11 19:03:14.000000', NULL, 220, 1, 1),
(135, 'เสิร์ฟสำเร็จ', '2023-03-11 19:00:16.379955', '2023-03-11 19:03:15.000000', NULL, 220, 1, 1),
(136, 'เสิร์ฟสำเร็จ', '2023-03-11 19:00:16.446185', '2023-03-11 19:03:16.000000', NULL, 220, 1, 1),
(137, 'เสิร์ฟสำเร็จ', '2023-03-11 19:00:16.512762', '2023-03-11 19:03:17.000000', NULL, 220, 1, 1),
(138, 'เสิร์ฟสำเร็จ', '2023-03-11 19:00:16.576435', '2023-03-11 19:03:18.000000', NULL, 220, 1, 1),
(139, 'เสิร์ฟสำเร็จ', '2023-03-11 19:00:16.640340', '2023-03-11 19:03:19.000000', NULL, 220, 1, 1),
(140, 'เสิร์ฟสำเร็จ', '2023-03-11 19:00:16.718643', '2023-03-11 19:03:20.000000', NULL, 220, 1, 1),
(141, 'เสิร์ฟสำเร็จ', '2023-03-11 19:00:16.799864', '2023-03-11 19:03:21.000000', NULL, 220, 1, 1),
(142, 'เสิร์ฟสำเร็จ', '2023-03-11 19:00:16.891866', '2023-03-11 19:03:22.000000', NULL, 220, 1, 1),
(143, 'เสิร์ฟสำเร็จ', '2023-03-11 19:00:16.955589', '2023-03-11 19:03:23.000000', NULL, 220, 1, 1),
(144, 'เสิร์ฟสำเร็จ', '2023-03-11 19:00:17.020155', '2023-03-11 19:03:24.000000', NULL, 220, 1, 1),
(145, 'เสิร์ฟสำเร็จ', '2023-03-11 19:00:17.125261', '2023-03-11 19:03:25.000000', NULL, 220, 1, 1),
(146, 'เสิร์ฟสำเร็จ', '2023-03-11 19:00:17.203524', '2023-03-11 19:03:26.000000', NULL, 220, 1, 1),
(147, 'เสิร์ฟสำเร็จ', '2023-03-11 19:00:17.277852', '2023-03-11 19:03:27.000000', NULL, 220, 1, 1),
(148, 'เสิร์ฟสำเร็จ', '2023-03-11 19:00:17.345927', '2023-03-11 19:03:28.000000', NULL, 220, 1, 1),
(149, 'เสิร์ฟสำเร็จ', '2023-03-11 19:00:17.410369', '2023-03-11 19:03:29.000000', NULL, 220, 1, 1),
(150, 'เสิร์ฟสำเร็จ', '2023-03-11 19:00:17.481045', '2023-03-11 19:03:30.000000', NULL, 220, 1, 1),
(151, 'เสิร์ฟสำเร็จ', '2023-03-11 19:00:17.573719', '2023-03-11 19:03:31.000000', NULL, 220, 1, 1),
(152, 'เสิร์ฟสำเร็จ', '2023-03-11 19:00:17.639095', '2023-03-11 19:03:32.000000', NULL, 220, 1, 1),
(153, 'เสิร์ฟสำเร็จ', '2023-03-11 19:00:17.719888', '2023-03-11 19:03:33.000000', NULL, 220, 1, 1),
(154, 'เสิร์ฟสำเร็จ', '2023-03-11 19:00:17.792324', '2023-03-11 19:03:34.000000', NULL, 220, 1, 1),
(155, 'เสิร์ฟสำเร็จ', '2023-03-11 19:00:17.877966', '2023-03-11 19:03:35.000000', NULL, 220, 1, 1),
(156, 'เสิร์ฟสำเร็จ', '2023-03-11 19:00:17.940687', '2023-03-11 19:03:36.000000', NULL, 220, 1, 1),
(157, 'เสิร์ฟสำเร็จ', '2023-03-11 19:00:18.019242', '2023-03-11 19:03:37.000000', NULL, 220, 1, 1),
(158, 'เสิร์ฟสำเร็จ', '2023-03-11 19:00:18.125700', '2023-03-11 19:03:38.000000', NULL, 220, 1, 1),
(159, 'เสิร์ฟสำเร็จ', '2023-03-11 19:57:37.393612', '2023-03-11 20:36:52.000000', NULL, 221, 1, 1),
(160, 'เสิร์ฟสำเร็จ', '2023-03-11 19:57:37.495940', '2023-03-11 20:36:53.000000', NULL, 221, 1, 1),
(161, 'เสิร์ฟสำเร็จ', '2023-03-11 19:57:37.573237', '2023-03-11 20:36:54.000000', NULL, 221, 1, 1),
(162, 'เสิร์ฟสำเร็จ', '2023-03-11 20:15:23.975574', '2023-03-11 20:36:55.000000', NULL, 222, 1, 1),
(163, 'ยกเลิก', '2023-03-11 20:15:24.081297', '2023-03-11 20:15:46.000000', NULL, 222, 1, NULL),
(164, 'เสิร์ฟสำเร็จ', '2023-03-11 20:22:22.242749', '2023-03-11 20:36:57.000000', NULL, 223, 1, 1),
(165, 'ยกเลิก', '2023-03-11 20:22:22.341517', '2023-03-11 20:29:12.000000', NULL, 223, 1, NULL),
(166, 'เสิร์ฟสำเร็จ', '2023-03-11 20:27:50.954000', '2023-03-11 20:28:39.000000', NULL, 224, 1, 1),
(167, 'เสิร์ฟสำเร็จ', '2023-03-11 20:27:51.010407', '2023-03-11 20:28:40.000000', NULL, 224, 1, 1),
(168, 'เสิร์ฟสำเร็จ', '2023-03-11 20:27:51.062437', '2023-03-11 20:28:41.000000', NULL, 224, 1, 1),
(169, 'เสิร์ฟสำเร็จ', '2023-03-11 20:31:14.470103', '2023-03-11 20:36:57.000000', NULL, 225, 1, 1),
(170, 'เสิร์ฟสำเร็จ', '2023-03-11 20:31:14.532802', '2023-03-11 20:36:58.000000', NULL, 225, 1, 1),
(171, 'เสิร์ฟสำเร็จ', '2023-03-11 20:31:46.315880', '2023-03-11 20:36:59.000000', NULL, 226, 1, 1),
(172, 'ยกเลิก', '2023-03-11 20:31:46.373541', '2023-03-11 20:31:55.000000', NULL, 226, 1, NULL),
(173, 'เสิร์ฟสำเร็จ', '2023-03-11 20:36:10.689439', '2023-03-11 20:36:59.000000', NULL, 227, 1, 1),
(174, 'เสิร์ฟสำเร็จ', '2023-03-11 20:36:10.743170', '2023-03-11 20:37:00.000000', NULL, 227, 1, 1),
(175, 'เสิร์ฟสำเร็จ', '2023-03-11 20:36:10.795899', '2023-03-11 20:37:01.000000', NULL, 227, 1, 1),
(176, 'เสิร์ฟสำเร็จ', '2023-03-11 20:36:10.859143', '2023-03-11 20:37:02.000000', NULL, 227, 1, 1),
(177, 'เสิร์ฟสำเร็จ', '2023-03-11 20:36:10.910465', '2023-03-11 20:37:03.000000', NULL, 227, 1, 1),
(178, 'เสิร์ฟสำเร็จ', '2023-03-11 20:40:46.171538', '2023-03-11 20:49:52.000000', NULL, 228, 1, 1),
(179, 'เสิร์ฟสำเร็จ', '2023-03-11 20:40:46.226506', '2023-03-11 20:49:54.000000', NULL, 228, 1, 1),
(180, 'ยกเลิก', '2023-03-11 20:52:05.220941', '2023-03-11 20:55:18.000000', NULL, 229, 1, NULL),
(181, 'ยกเลิก', '2023-03-11 20:52:05.279609', '2023-03-11 20:55:38.000000', NULL, 229, 1, NULL),
(182, 'ยกเลิก', '2023-03-11 20:52:05.339439', '2023-03-11 20:56:01.000000', NULL, 229, 1, NULL),
(183, 'ยกเลิก', '2023-03-11 20:56:22.608613', '2023-03-11 20:56:36.000000', NULL, 230, 1, NULL),
(184, 'เสิร์ฟสำเร็จ', '2023-03-11 20:56:22.664647', '2023-03-11 21:05:19.000000', NULL, 230, 1, 1),
(185, 'เสิร์ฟสำเร็จ', '2023-03-11 20:56:22.718449', '2023-03-11 21:05:19.000000', NULL, 230, 1, 1),
(186, 'เสิร์ฟสำเร็จ', '2023-03-11 22:39:10.459526', '2023-03-11 22:58:22.000000', NULL, 231, 1, 1),
(187, 'เสิร์ฟสำเร็จ', '2023-03-11 22:57:40.745582', '2023-03-11 22:58:10.000000', NULL, 232, 1, 1),
(188, 'เสิร์ฟสำเร็จ', '2023-03-11 22:57:41.129506', '2023-03-11 22:58:10.000000', NULL, 233, 1, 1),
(189, 'ยกเลิก', '2023-03-11 22:57:41.202274', '2023-03-11 22:57:57.000000', NULL, 233, 1, NULL),
(190, 'เสิร์ฟสำเร็จ', '2023-03-11 23:03:18.771397', '2023-03-11 23:04:34.000000', NULL, 234, 1, 1),
(191, 'เสิร์ฟสำเร็จ', '2023-03-11 23:03:18.771725', '2023-03-11 23:04:36.000000', NULL, 234, 1, 1),
(192, 'เสิร์ฟสำเร็จ', '2023-03-11 23:03:18.771753', '2023-03-11 23:04:37.000000', NULL, 234, 1, 1),
(193, 'เสิร์ฟสำเร็จ', '2023-03-11 23:03:19.013070', '2023-03-12 02:35:53.168701', NULL, 235, 2, 1),
(194, 'เสิร์ฟสำเร็จ', '2023-03-11 23:03:19.013610', '2023-03-12 02:35:53.190805', NULL, 235, 2, 1),
(195, 'เสิร์ฟสำเร็จ', '2023-03-11 23:04:11.850998', '2023-03-12 02:35:53.212716', NULL, 236, 2, 1),
(196, 'เสิร์ฟสำเร็จ', '2023-03-11 23:04:11.852469', '2023-03-12 02:35:53.232014', NULL, 236, 2, 1),
(197, 'เสิร์ฟสำเร็จ', '2023-03-11 23:04:12.090685', '2023-03-11 23:04:42.000000', NULL, 237, 1, 1),
(198, 'เสิร์ฟสำเร็จ', '2023-03-11 23:04:12.095375', '2023-03-11 23:04:43.000000', NULL, 237, 1, 1),
(199, 'เสิร์ฟสำเร็จ', '2023-03-11 23:37:46.996330', '2023-03-11 23:38:26.000000', NULL, 238, 1, 1),
(200, 'เสิร์ฟสำเร็จ', '2023-03-11 23:37:46.996330', '2023-03-11 23:38:27.000000', NULL, 238, 1, 1),
(201, 'เสิร์ฟสำเร็จ', '2023-03-11 23:37:46.996330', '2023-03-11 23:38:27.000000', NULL, 238, 1, 1),
(202, 'เสิร์ฟสำเร็จ', '2023-03-11 23:37:46.997456', '2023-03-11 23:38:28.000000', NULL, 238, 1, 1),
(203, 'เสิร์ฟสำเร็จ', '2023-03-11 23:37:46.997499', '2023-03-11 23:38:28.000000', NULL, 238, 1, 1),
(204, 'เสิร์ฟสำเร็จ', '2023-03-11 23:37:47.002475', '2023-03-11 23:38:29.000000', NULL, 238, 1, 1),
(205, 'เสิร์ฟสำเร็จ', '2023-03-11 23:37:47.044058', '2023-03-11 23:38:29.000000', NULL, 238, 1, 1),
(206, 'เสิร์ฟสำเร็จ', '2023-03-11 23:37:47.050914', '2023-03-11 23:38:30.000000', NULL, 238, 1, 1),
(207, 'เสิร์ฟสำเร็จ', '2023-03-11 23:37:47.050959', '2023-03-11 23:38:31.000000', NULL, 238, 1, 1),
(208, 'เสิร์ฟสำเร็จ', '2023-03-11 23:37:47.050997', '2023-03-11 23:38:31.000000', NULL, 238, 1, 1),
(209, 'เสิร์ฟสำเร็จ', '2023-03-11 23:37:47.250349', '2023-03-12 02:35:53.251765', NULL, 239, 2, 1),
(210, 'เสิร์ฟสำเร็จ', '2023-03-11 23:37:47.250349', '2023-03-12 02:35:53.270499', NULL, 239, 2, 1),
(211, 'เสิร์ฟสำเร็จ', '2023-03-11 23:37:47.250392', '2023-03-12 02:35:53.291582', NULL, 239, 2, 1),
(212, 'เสิร์ฟสำเร็จ', '2023-03-11 23:37:47.250440', '2023-03-12 02:35:53.311599', NULL, 239, 2, 1),
(213, 'เสิร์ฟสำเร็จ', '2023-03-11 23:37:47.250510', '2023-03-12 02:35:53.332152', NULL, 239, 2, 1),
(214, 'เสิร์ฟสำเร็จ', '2023-03-11 23:39:24.751906', '2023-03-11 23:39:58.000000', NULL, 240, 1, 1),
(215, 'เสิร์ฟสำเร็จ', '2023-03-11 23:39:24.751906', '2023-03-11 23:39:59.000000', NULL, 240, 1, 1),
(216, 'เสิร์ฟสำเร็จ', '2023-03-11 23:39:24.752070', '2023-03-11 23:40:00.000000', NULL, 240, 1, 1),
(217, 'เสิร์ฟสำเร็จ', '2023-03-11 23:39:24.752093', '2023-03-11 23:40:00.000000', NULL, 240, 1, 1),
(218, 'เสิร์ฟสำเร็จ', '2023-03-11 23:39:24.752110', '2023-03-11 23:40:00.000000', NULL, 240, 1, 1),
(219, 'เสิร์ฟสำเร็จ', '2023-03-11 23:39:24.777180', '2023-03-11 23:40:01.000000', NULL, 240, 1, 1),
(220, 'เสิร์ฟสำเร็จ', '2023-03-11 23:39:24.840071', '2023-03-11 23:40:01.000000', NULL, 240, 1, 1),
(221, 'เสิร์ฟสำเร็จ', '2023-03-11 23:39:24.844625', '2023-03-11 23:40:02.000000', NULL, 240, 1, 1),
(222, 'เสิร์ฟสำเร็จ', '2023-03-11 23:39:24.844643', '2023-03-11 23:40:02.000000', NULL, 240, 1, 1),
(223, 'เสิร์ฟสำเร็จ', '2023-03-11 23:39:24.844643', '2023-03-11 23:40:02.000000', NULL, 240, 1, 1),
(224, 'เสิร์ฟสำเร็จ', '2023-03-11 23:40:36.253958', '2023-03-11 23:41:12.000000', NULL, 241, 1, 1),
(225, 'เสิร์ฟสำเร็จ', '2023-03-11 23:40:36.258233', '2023-03-11 23:41:13.000000', NULL, 241, 1, 1),
(226, 'เสิร์ฟสำเร็จ', '2023-03-11 23:40:36.259053', '2023-03-11 23:41:13.000000', NULL, 241, 1, 1),
(227, 'เสิร์ฟสำเร็จ', '2023-03-11 23:40:36.259053', '2023-03-11 23:41:14.000000', NULL, 241, 1, 1),
(228, 'เสิร์ฟสำเร็จ', '2023-03-11 23:40:36.262743', '2023-03-11 23:41:14.000000', NULL, 241, 1, 1),
(229, 'เสิร์ฟสำเร็จ', '2023-03-11 23:40:36.262946', '2023-03-11 23:41:15.000000', NULL, 241, 1, 1),
(230, 'เสิร์ฟสำเร็จ', '2023-03-11 23:40:36.302773', '2023-03-11 23:41:15.000000', NULL, 241, 1, 1),
(231, 'เสิร์ฟสำเร็จ', '2023-03-11 23:40:36.315860', '2023-03-11 23:41:15.000000', NULL, 241, 1, 1),
(232, 'เสิร์ฟสำเร็จ', '2023-03-11 23:40:36.316134', '2023-03-11 23:41:16.000000', NULL, 241, 1, 1),
(233, 'เสิร์ฟสำเร็จ', '2023-03-11 23:40:36.316355', '2023-03-11 23:41:16.000000', NULL, 241, 1, 1),
(234, 'เสิร์ฟสำเร็จ', '2023-03-11 23:40:36.571740', '2023-03-12 02:35:53.352773', NULL, 242, 2, 1),
(235, 'เสิร์ฟสำเร็จ', '2023-03-11 23:40:36.571721', '2023-03-12 02:35:53.372763', NULL, 242, 2, 1),
(236, 'เสิร์ฟสำเร็จ', '2023-03-11 23:40:36.571832', '2023-03-12 02:35:53.394000', NULL, 242, 2, 1),
(237, 'เสิร์ฟสำเร็จ', '2023-03-11 23:40:36.576217', '2023-03-12 02:35:53.412750', NULL, 242, 2, 1),
(238, 'ยกเลิก', '2023-03-11 23:48:08.168210', '2023-03-12 00:11:05.000000', NULL, 243, 1, NULL),
(239, 'ยกเลิก', '2023-03-11 23:48:08.409729', '2023-03-12 00:11:08.000000', NULL, 244, 1, NULL),
(240, 'เสิร์ฟสำเร็จ', '2023-03-12 02:47:22.468337', '2023-03-12 02:48:29.000000', NULL, 245, 1, 1),
(241, 'เสิร์ฟสำเร็จ', '2023-03-12 02:47:22.470874', '2023-03-12 02:48:30.000000', NULL, 245, 1, 1),
(242, 'เสิร์ฟสำเร็จ', '2023-03-12 02:47:22.471244', '2023-03-12 02:48:31.000000', NULL, 245, 1, 1),
(243, 'เสิร์ฟสำเร็จ', '2023-03-12 02:47:22.652597', '2023-03-12 02:48:32.000000', NULL, 246, 1, 1),
(244, 'เสิร์ฟสำเร็จ', '2023-03-12 02:47:22.652714', '2023-03-12 02:48:33.000000', NULL, 246, 2, 1),
(245, 'เสิร์ฟสำเร็จ', '2023-03-12 02:47:22.653243', '2023-03-12 02:48:34.000000', NULL, 246, 2, 1),
(246, 'เสิร์ฟสำเร็จ', '2023-03-12 19:07:16.882760', '2023-03-12 19:08:15.000000', NULL, 247, 1, 1),
(247, 'เสิร์ฟสำเร็จ', '2023-03-12 19:07:16.883131', '2023-03-12 19:08:15.000000', NULL, 247, 1, 1),
(248, 'เสิร์ฟสำเร็จ', '2023-03-12 19:07:17.151850', '2023-03-12 19:08:17.000000', NULL, 248, 1, 1),
(249, 'เสิร์ฟสำเร็จ', '2023-03-12 19:07:17.152536', '2023-03-12 19:08:18.000000', NULL, 248, 1, 1),
(250, 'เสิร์ฟสำเร็จ', '2023-03-12 19:07:17.155014', '2023-03-12 19:08:19.000000', NULL, 248, 1, 1),
(251, 'เสิร์ฟสำเร็จ', '2023-03-12 19:07:17.369118', '2023-03-12 19:08:20.000000', NULL, 249, 1, 1),
(252, 'เสิร์ฟสำเร็จ', '2023-03-12 19:07:17.379167', '2023-03-12 19:08:21.000000', NULL, 249, 1, 1),
(253, 'เสิร์ฟสำเร็จ', '2023-03-12 19:07:17.379397', '2023-03-12 19:08:21.000000', NULL, 249, 1, 1),
(254, 'เสิร์ฟสำเร็จ', '2023-03-12 19:07:17.585207', '2023-03-12 19:08:23.000000', NULL, 250, NULL, 1),
(255, 'เสิร์ฟสำเร็จ', '2023-03-12 19:07:17.587914', '2023-03-12 19:08:24.000000', NULL, 250, NULL, 1),
(256, 'เสิร์ฟสำเร็จ', '2023-03-12 19:07:17.588027', '2023-03-12 19:08:24.000000', NULL, 250, NULL, 1),
(257, 'เสิร์ฟสำเร็จ', '2023-03-12 19:07:17.811302', '2023-03-12 19:08:27.000000', NULL, 251, 1, 1),
(258, 'เสิร์ฟสำเร็จ', '2023-03-12 19:07:17.811312', '2023-03-12 19:08:27.000000', NULL, 251, 1, 1),
(259, 'เสิร์ฟสำเร็จ', '2023-03-12 19:07:17.812005', '2023-03-12 19:08:28.000000', NULL, 251, 1, 1),
(260, 'เสิร์ฟสำเร็จ', '2023-03-12 19:07:18.040066', '2023-03-12 19:08:31.000000', NULL, 252, 1, 1),
(261, 'เสิร์ฟสำเร็จ', '2023-03-12 19:07:18.040893', '2023-03-12 19:08:32.000000', NULL, 252, 1, 1),
(262, 'เสิร์ฟสำเร็จ', '2023-03-12 19:07:18.040953', '2023-03-12 19:08:32.000000', NULL, 252, 1, 1),
(263, 'เสิร์ฟสำเร็จ', '2023-03-12 19:07:18.041141', '2023-03-12 19:08:33.000000', NULL, 252, 1, 1),
(264, 'เสิร์ฟสำเร็จ', '2023-03-12 19:07:18.041151', '2023-03-12 19:08:35.000000', NULL, 252, 1, 1),
(265, 'เสิร์ฟสำเร็จ', '2023-03-12 19:07:18.041533', '2023-03-12 19:08:36.000000', NULL, 252, 1, 1),
(266, 'เสิร์ฟสำเร็จ', '2023-03-12 19:07:18.096928', '2023-03-12 19:08:37.000000', NULL, 252, 1, 1),
(267, 'เสิร์ฟสำเร็จ', '2023-03-12 19:12:03.856235', '2023-03-12 19:12:35.000000', NULL, 253, 1, 1),
(268, 'เสิร์ฟสำเร็จ', '2023-03-12 19:12:03.856479', '2023-03-12 19:12:36.000000', NULL, 253, 1, 1),
(269, 'เสิร์ฟสำเร็จ', '2023-03-12 19:12:03.858099', '2023-03-12 19:12:37.000000', NULL, 253, 1, 1),
(270, 'เสิร์ฟสำเร็จ', '2023-03-12 19:12:03.860631', '2023-03-12 19:12:38.000000', NULL, 253, 1, 1),
(271, 'เสิร์ฟสำเร็จ', '2023-03-12 19:12:03.860747', '2023-03-12 19:12:39.000000', NULL, 253, 1, 1),
(272, 'เสิร์ฟสำเร็จ', '2023-03-12 19:12:03.911492', '2023-03-12 19:12:40.000000', NULL, 253, 1, 1),
(273, 'เสิร์ฟสำเร็จ', '2023-03-12 19:12:04.073153', '2023-03-12 19:12:41.000000', NULL, 254, 1, 1),
(274, 'เสิร์ฟสำเร็จ', '2023-03-12 19:12:04.073311', '2023-03-12 19:12:42.000000', NULL, 254, 1, 1),
(275, 'เสิร์ฟสำเร็จ', '2023-03-12 19:12:04.074153', '2023-03-12 19:12:42.000000', NULL, 254, 1, 1),
(276, 'เสิร์ฟสำเร็จ', '2023-03-12 19:12:04.293374', '2023-03-12 19:12:43.000000', NULL, 255, 1, 1),
(277, 'เสิร์ฟสำเร็จ', '2023-03-12 19:12:04.293382', '2023-03-12 19:12:44.000000', NULL, 255, 1, 1),
(278, 'เสิร์ฟสำเร็จ', '2023-03-12 19:12:04.293374', '2023-03-12 19:12:45.000000', NULL, 255, 1, 1),
(279, 'เสิร์ฟสำเร็จ', '2023-03-12 19:12:04.293432', '2023-03-12 19:12:47.000000', NULL, 255, 1, 1),
(280, 'เสิร์ฟสำเร็จ', '2023-03-12 19:12:04.502003', '2023-03-12 19:12:47.000000', NULL, 256, 1, 1),
(281, 'เสิร์ฟสำเร็จ', '2023-03-12 19:12:04.502590', '2023-03-12 19:12:48.000000', NULL, 256, 1, 1),
(282, 'เสิร์ฟสำเร็จ', '2023-03-12 19:12:04.503362', '2023-03-12 19:12:49.000000', NULL, 256, 1, 1),
(283, 'เสิร์ฟสำเร็จ', '2023-03-12 19:12:04.503371', '2023-03-12 19:13:09.000000', NULL, 256, 1, 1),
(284, 'เสิร์ฟสำเร็จ', '2023-03-12 19:12:04.503952', '2023-03-12 19:13:10.000000', NULL, 256, 1, 1),
(285, 'เสิร์ฟสำเร็จ', '2023-03-12 19:14:18.233407', '2023-03-12 19:14:39.000000', NULL, 257, 1, 1),
(286, 'เสิร์ฟสำเร็จ', '2023-03-12 19:14:18.233407', '2023-03-12 19:14:40.000000', NULL, 257, 1, 1),
(287, 'เสิร์ฟสำเร็จ', '2023-03-12 19:14:18.431089', '2023-03-12 19:14:41.000000', NULL, 258, 1, 1),
(288, 'เสิร์ฟสำเร็จ', '2023-03-12 19:14:18.431089', '2023-03-12 19:14:41.000000', NULL, 258, 1, 1),
(289, 'เสิร์ฟสำเร็จ', '2023-03-12 19:14:18.663106', '2023-03-12 19:14:42.000000', NULL, 259, 1, 1),
(290, 'เสิร์ฟสำเร็จ', '2023-03-12 19:14:18.979770', '2023-03-12 19:14:43.000000', NULL, 260, 1, 1),
(291, 'เสิร์ฟสำเร็จ', '2023-03-12 19:14:19.279446', '2023-03-12 19:14:43.000000', NULL, 261, NULL, 1),
(292, 'เสิร์ฟสำเร็จ', '2023-03-12 19:14:19.281680', '2023-03-12 19:14:44.000000', NULL, 261, NULL, 1),
(293, 'เสิร์ฟสำเร็จ', '2023-03-12 19:14:19.551430', '2023-03-12 19:14:45.000000', NULL, 262, NULL, 1),
(294, 'เสิร์ฟสำเร็จ', '2023-03-12 21:04:26.312133', '2023-03-12 21:04:52.000000', NULL, 263, 1, 1),
(295, 'เสิร์ฟสำเร็จ', '2023-03-12 21:04:26.312151', '2023-03-12 21:04:52.000000', NULL, 263, 1, 1),
(296, 'เสิร์ฟสำเร็จ', '2023-03-12 21:04:26.708173', '2023-03-12 21:04:53.000000', NULL, 264, 1, 1),
(297, 'เสิร์ฟสำเร็จ', '2023-03-12 21:04:26.708164', '2023-03-12 21:04:53.000000', NULL, 264, 1, 1),
(298, 'เสิร์ฟสำเร็จ', '2023-03-12 21:04:27.027243', '2023-03-12 21:04:54.000000', NULL, 265, NULL, 1),
(299, 'เสิร์ฟสำเร็จ', '2023-03-12 21:04:27.027275', '2023-03-12 21:04:54.000000', NULL, 265, NULL, 1),
(300, 'เสิร์ฟสำเร็จ', '2023-03-12 21:04:27.241549', '2023-03-12 21:04:55.000000', NULL, 266, 1, 1),
(301, 'เสิร์ฟสำเร็จ', '2023-03-12 22:02:24.330645', '2023-03-12 22:02:44.000000', NULL, 267, NULL, 6),
(302, 'เสิร์ฟสำเร็จ', '2023-03-12 22:02:24.332982', '2023-03-12 22:02:45.000000', NULL, 267, NULL, 6),
(303, 'เสิร์ฟสำเร็จ', '2023-03-12 22:02:24.396958', '2023-03-12 22:02:45.000000', NULL, 267, NULL, 6),
(304, 'เสิร์ฟสำเร็จ', '2023-03-12 22:02:24.683112', '2023-03-12 22:02:45.000000', NULL, 268, 1, 6),
(305, 'เสิร์ฟสำเร็จ', '2023-03-12 22:02:24.923927', '2023-03-12 22:02:46.000000', NULL, 269, 1, 6),
(306, 'เสิร์ฟสำเร็จ', '2023-03-12 22:02:25.146988', '2023-03-12 22:02:47.000000', NULL, 270, 1, 6),
(307, 'เสิร์ฟสำเร็จ', '2023-03-12 22:02:25.385364', '2023-03-12 22:02:47.000000', NULL, 271, 1, 6),
(308, 'เสิร์ฟสำเร็จ', '2023-03-12 22:02:25.627402', '2023-03-12 22:02:48.000000', NULL, 272, 1, 6),
(309, 'เสิร์ฟสำเร็จ', '2023-03-12 22:07:45.962312', '2023-03-12 22:10:34.000000', NULL, 273, 1, 1),
(310, 'เสิร์ฟสำเร็จ', '2023-03-12 22:07:46.274510', '2023-03-12 22:10:35.000000', NULL, 274, 1, 1),
(311, 'เสิร์ฟสำเร็จ', '2023-03-12 22:07:46.586663', '2023-03-12 22:10:35.000000', NULL, 275, 1, 1),
(312, 'เสิร์ฟสำเร็จ', '2023-03-12 22:07:46.788489', '2023-03-12 22:10:36.000000', NULL, 276, NULL, 1),
(313, 'เสิร์ฟสำเร็จ', '2023-03-12 22:07:46.788479', '2023-03-12 22:10:37.000000', NULL, 276, NULL, 1),
(314, 'เสิร์ฟสำเร็จ', '2023-03-12 22:07:46.998559', '2023-03-12 22:10:37.000000', NULL, 277, 1, 1),
(315, 'เสิร์ฟสำเร็จ', '2023-03-12 22:07:47.346530', '2023-03-12 22:10:38.000000', NULL, 278, NULL, 1),
(316, 'เสิร์ฟสำเร็จ', '2023-03-12 22:07:47.590395', '2023-03-12 22:10:38.000000', NULL, 279, 1, 1),
(317, 'เสิร์ฟสำเร็จ', '2023-03-12 22:07:47.590532', '2023-03-12 22:10:39.000000', NULL, 279, 1, 1),
(318, 'เสิร์ฟสำเร็จ', '2023-03-12 22:07:47.846837', '2023-03-12 22:10:39.000000', NULL, 280, 1, 1),
(319, 'เสิร์ฟสำเร็จ', '2023-03-12 22:07:47.867800', '2023-03-12 22:10:40.000000', NULL, 280, 1, 1),
(320, 'เสิร์ฟสำเร็จ', '2023-03-12 22:07:59.916526', '2023-03-12 22:10:41.000000', NULL, 281, NULL, 1),
(321, 'เสิร์ฟสำเร็จ', '2023-03-12 22:08:00.126727', '2023-03-12 22:10:41.000000', NULL, 282, 1, 1),
(322, 'เสิร์ฟสำเร็จ', '2023-03-12 22:08:00.425874', '2023-03-12 22:10:42.000000', NULL, 283, 1, 1),
(323, 'เสิร์ฟสำเร็จ', '2023-03-12 22:08:00.652582', '2023-03-12 22:10:42.000000', NULL, 284, NULL, 1),
(324, 'เสิร์ฟสำเร็จ', '2023-03-12 22:08:00.892579', '2023-03-12 22:10:43.000000', NULL, 285, 1, 1),
(325, 'เสิร์ฟสำเร็จ', '2023-03-12 22:08:01.160355', '2023-03-12 22:10:43.000000', NULL, 286, 1, 1),
(326, 'เสิร์ฟสำเร็จ', '2023-03-12 22:08:01.387243', '2023-03-12 22:10:44.000000', NULL, 287, 1, 1),
(327, 'เสิร์ฟสำเร็จ', '2023-03-12 22:12:00.638884', '2023-03-12 22:12:19.000000', NULL, 288, 1, 1),
(328, 'เสิร์ฟสำเร็จ', '2023-03-12 22:12:00.638883', '2023-03-12 22:12:20.000000', NULL, 288, 1, 1),
(329, 'เสิร์ฟสำเร็จ', '2023-03-12 22:12:00.638913', '2023-03-12 22:12:21.000000', NULL, 288, 1, 1),
(330, 'เสิร์ฟสำเร็จ', '2023-03-12 22:12:00.641046', '2023-03-12 22:12:21.000000', NULL, 288, 1, 1),
(331, 'เสิร์ฟสำเร็จ', '2023-03-12 22:12:00.641222', '2023-03-12 22:12:22.000000', NULL, 288, 1, 1),
(332, 'เสิร์ฟสำเร็จ', '2023-03-12 22:12:01.933540', '2023-03-12 22:12:23.000000', NULL, 289, 1, 1),
(333, 'เสิร์ฟสำเร็จ', '2023-03-12 22:12:01.933540', '2023-03-12 22:12:24.000000', NULL, 289, 1, 1),
(334, 'เสิร์ฟสำเร็จ', '2023-03-12 22:12:01.933755', '2023-03-12 22:12:24.000000', NULL, 289, 1, 1),
(335, 'เสิร์ฟสำเร็จ', '2023-03-12 22:12:01.943517', '2023-03-12 22:12:25.000000', NULL, 289, 1, 1),
(336, 'เสิร์ฟสำเร็จ', '2023-03-13 00:11:44.693068', '2023-03-13 00:12:00.000000', NULL, 290, 1, 1),
(337, 'เสิร์ฟสำเร็จ', '2023-03-13 00:11:44.697968', '2023-03-13 00:12:01.000000', NULL, 290, 1, 1),
(338, 'เสิร์ฟสำเร็จ', '2023-03-13 00:11:44.697980', '2023-03-13 00:12:01.000000', NULL, 290, 1, 1),
(339, 'เสิร์ฟสำเร็จ', '2023-03-13 00:11:44.946990', '2023-03-13 00:12:02.000000', NULL, 291, NULL, 1),
(340, 'เสิร์ฟสำเร็จ', '2023-03-13 00:11:44.976193', '2023-03-13 00:12:03.000000', NULL, 291, NULL, 1),
(341, 'เสิร์ฟสำเร็จ', '2023-03-13 00:11:44.976294', '2023-03-13 00:12:03.000000', NULL, 291, NULL, 1),
(342, 'เสิร์ฟสำเร็จ', '2023-03-13 00:11:45.197087', '2023-03-13 00:12:04.000000', NULL, 292, 1, 1),
(343, 'เสิร์ฟสำเร็จ', '2023-03-13 00:11:45.200768', '2023-03-13 00:12:05.000000', NULL, 292, 1, 1),
(344, 'เสิร์ฟสำเร็จ', '2023-03-13 00:11:45.200746', '2023-03-13 00:12:06.000000', NULL, 292, 1, 1),
(345, 'เสิร์ฟสำเร็จ', '2023-03-13 01:47:40.588464', '2023-03-13 01:47:59.000000', NULL, 293, 1, 1),
(346, 'เสิร์ฟสำเร็จ', '2023-03-13 01:47:40.588478', '2023-03-13 01:47:59.000000', NULL, 293, 1, 1),
(347, 'เสิร์ฟสำเร็จ', '2023-03-13 01:47:40.593350', '2023-03-13 01:48:00.000000', NULL, 293, 1, 1),
(348, 'เสิร์ฟสำเร็จ', '2023-03-13 01:47:40.593550', '2023-03-13 01:48:01.000000', NULL, 293, 1, 1),
(349, 'เสิร์ฟสำเร็จ', '2023-03-14 17:18:12.681388', '2023-03-14 17:18:37.000000', NULL, 294, 1, 1),
(350, 'เสิร์ฟสำเร็จ', '2023-03-14 17:18:12.683475', '2023-03-14 17:18:38.000000', NULL, 294, 1, 1),
(351, 'เสิร์ฟสำเร็จ', '2023-03-14 17:18:12.688740', '2023-03-14 17:19:07.000000', NULL, 294, 1, 1),
(352, 'เสิร์ฟสำเร็จ', '2023-03-14 17:18:12.689083', '2023-03-14 17:19:08.000000', NULL, 294, 1, 1),
(353, 'เสิร์ฟสำเร็จ', '2023-03-14 17:18:13.098978', '2023-03-14 17:18:39.000000', NULL, 295, NULL, 1),
(354, 'เสิร์ฟสำเร็จ', '2023-03-14 17:18:13.100899', '2023-03-14 17:18:40.000000', NULL, 295, NULL, 1),
(355, 'เสิร์ฟสำเร็จ', '2023-03-14 17:18:13.114192', '2023-03-14 17:18:41.000000', NULL, 295, NULL, 1),
(356, 'เสิร์ฟสำเร็จ', '2023-03-14 20:38:42.387093', '2023-03-14 20:41:09.000000', NULL, 296, 1, 1),
(357, 'เสิร์ฟสำเร็จ', '2023-03-14 20:38:42.593796', '2023-03-14 20:41:10.000000', NULL, 297, 1, 1),
(358, 'เสิร์ฟสำเร็จ', '2023-03-14 20:38:42.803806', '2023-03-14 20:41:11.000000', NULL, 298, 1, 1),
(359, 'เสิร์ฟสำเร็จ', '2023-03-14 20:38:42.984118', '2023-03-14 20:41:12.000000', NULL, 299, NULL, 1),
(360, 'เสิร์ฟสำเร็จ', '2023-03-14 20:38:42.984264', '2023-03-14 20:41:12.000000', NULL, 299, NULL, 1),
(361, 'เสิร์ฟสำเร็จ', '2023-03-14 20:38:42.984399', '2023-03-14 20:41:13.000000', NULL, 299, NULL, 1),
(362, 'เสิร์ฟสำเร็จ', '2023-03-14 20:38:42.988210', '2023-03-14 20:41:14.000000', NULL, 299, NULL, 1),
(363, 'เสิร์ฟสำเร็จ', '2023-03-14 20:38:42.989450', '2023-03-14 20:41:14.000000', NULL, 299, NULL, 1),
(364, 'ยกเลิก', '2023-03-14 20:38:43.167232', '2023-03-14 20:39:05.000000', NULL, 300, 1, NULL),
(365, 'เสิร์ฟสำเร็จ', '2023-03-14 20:38:43.168946', '2023-03-14 20:41:15.000000', NULL, 300, 1, 1),
(366, 'เสิร์ฟสำเร็จ', '2023-03-14 20:38:43.176669', '2023-03-14 20:41:16.000000', NULL, 300, 1, 1),
(367, 'เสิร์ฟสำเร็จ', '2023-03-14 20:38:43.176810', '2023-03-14 20:41:16.000000', NULL, 300, 1, 1),
(368, 'เสิร์ฟสำเร็จ', '2023-03-14 20:38:43.179886', '2023-03-14 20:41:17.000000', NULL, 300, 1, 1),
(369, 'เสิร์ฟสำเร็จ', '2023-03-14 20:38:43.181123', '2023-03-14 20:41:18.000000', NULL, 300, 1, 1),
(370, 'เสิร์ฟสำเร็จ', '2023-03-14 20:38:43.189324', '2023-03-14 20:41:18.000000', NULL, 300, 1, 1),
(371, 'เสิร์ฟสำเร็จ', '2023-03-14 20:38:43.194972', '2023-03-14 20:41:19.000000', NULL, 300, 1, 1),
(372, 'เสิร์ฟสำเร็จ', '2023-03-14 20:38:43.200697', '2023-03-14 20:41:20.000000', NULL, 300, 1, 1),
(373, 'เสิร์ฟสำเร็จ', '2023-03-14 20:38:43.206187', '2023-03-14 20:41:21.000000', NULL, 300, 1, 1),
(374, 'เสิร์ฟสำเร็จ', '2023-03-14 20:38:43.206691', '2023-03-14 20:41:21.000000', NULL, 300, 1, 1),
(375, 'เสิร์ฟสำเร็จ', '2023-03-14 20:38:43.210780', '2023-03-14 20:41:22.000000', NULL, 300, 1, 1),
(376, 'เสิร์ฟสำเร็จ', '2023-03-14 20:38:43.213082', '2023-03-14 20:41:23.000000', NULL, 300, 1, 1),
(377, 'เสิร์ฟสำเร็จ', '2023-03-14 20:38:43.218350', '2023-03-14 20:41:23.000000', NULL, 300, 1, 1),
(378, 'เสิร์ฟสำเร็จ', '2023-03-14 20:38:43.223514', '2023-03-14 20:41:24.000000', NULL, 300, 1, 1),
(379, 'เสิร์ฟสำเร็จ', '2023-03-14 20:38:43.225975', '2023-03-14 20:41:24.000000', NULL, 301, 1, 1),
(380, 'เสิร์ฟสำเร็จ', '2023-03-14 20:38:43.228813', '2023-03-14 20:41:25.000000', NULL, 301, 1, 1),
(381, 'เสิร์ฟสำเร็จ', '2023-03-14 20:38:43.228960', '2023-03-14 20:41:26.000000', NULL, 301, 1, 1),
(382, 'เสิร์ฟสำเร็จ', '2023-03-14 20:38:43.231149', '2023-03-14 20:41:26.000000', NULL, 300, 1, 1),
(383, 'เสิร์ฟสำเร็จ', '2023-03-14 20:38:43.233462', '2023-03-14 20:41:27.000000', NULL, 300, 1, 1),
(384, 'เสิร์ฟสำเร็จ', '2023-03-14 20:38:43.236609', '2023-03-14 20:41:28.000000', NULL, 300, 1, 1),
(385, 'เสิร์ฟสำเร็จ', '2023-03-14 20:38:43.238343', '2023-03-14 20:41:28.000000', NULL, 300, 1, 1),
(386, 'เสิร์ฟสำเร็จ', '2023-03-14 20:38:43.242805', '2023-03-14 20:41:29.000000', NULL, 300, 1, 1),
(387, 'เสิร์ฟสำเร็จ', '2023-03-14 20:38:43.248873', '2023-03-14 20:41:30.000000', NULL, 300, 1, 1),
(388, 'เสิร์ฟสำเร็จ', '2023-03-14 20:38:43.255899', '2023-03-14 20:41:30.000000', NULL, 300, 1, 1),
(389, 'เสิร์ฟสำเร็จ', '2023-03-14 20:38:43.263143', '2023-03-14 20:41:31.000000', NULL, 300, 1, 1),
(390, 'เสิร์ฟสำเร็จ', '2023-03-14 20:38:43.263535', '2023-03-14 20:41:32.000000', NULL, 300, 1, 1),
(391, 'เสิร์ฟสำเร็จ', '2023-03-14 20:38:43.263665', '2023-03-14 20:41:32.000000', NULL, 300, 1, 1),
(392, 'เสิร์ฟสำเร็จ', '2023-03-14 20:38:43.264725', '2023-03-14 20:41:33.000000', NULL, 300, 1, 1),
(393, 'เสิร์ฟสำเร็จ', '2023-03-14 20:38:43.274077', '2023-03-14 20:41:34.000000', NULL, 300, 1, 1),
(394, 'เสิร์ฟสำเร็จ', '2023-03-14 20:38:43.279769', '2023-03-14 20:41:34.000000', NULL, 300, 1, 1),
(395, 'เสิร์ฟสำเร็จ', '2023-03-14 20:38:43.351827', '2023-03-14 20:41:35.000000', NULL, 300, 1, 1),
(396, 'เสิร์ฟสำเร็จ', '2023-03-14 20:38:43.351952', '2023-03-14 20:41:35.000000', NULL, 300, 1, 1),
(397, 'เสิร์ฟสำเร็จ', '2023-03-14 20:38:43.352312', '2023-03-14 20:41:36.000000', NULL, 300, 1, 1),
(398, 'เสิร์ฟสำเร็จ', '2023-03-14 20:38:43.352722', '2023-03-14 20:41:37.000000', NULL, 300, 1, 1),
(399, 'เสิร์ฟสำเร็จ', '2023-03-14 20:38:43.387599', '2023-03-14 20:41:37.000000', NULL, 300, 1, 1),
(400, 'เสิร์ฟสำเร็จ', '2023-03-14 20:38:43.388295', '2023-03-14 20:41:38.000000', NULL, 300, 1, 1),
(401, 'เสิร์ฟสำเร็จ', '2023-03-14 20:38:43.397999', '2023-03-14 20:41:38.000000', NULL, 300, 1, 1),
(402, 'เสิร์ฟสำเร็จ', '2023-03-14 20:38:43.399690', '2023-03-14 20:41:39.000000', NULL, 300, 27, 1),
(403, 'เสิร์ฟสำเร็จ', '2023-03-14 20:38:43.404663', '2023-03-14 20:41:40.000000', NULL, 300, 1, 1),
(404, 'เสิร์ฟสำเร็จ', '2023-03-14 20:38:43.408236', '2023-03-14 20:41:40.000000', NULL, 300, 1, 1),
(405, 'เสิร์ฟสำเร็จ', '2023-03-14 20:38:43.410101', '2023-03-14 20:41:41.000000', NULL, 300, 27, 1),
(406, 'เสิร์ฟสำเร็จ', '2023-03-14 20:38:43.462019', '2023-03-14 20:41:42.000000', NULL, 300, 27, 1),
(407, 'เสิร์ฟสำเร็จ', '2023-03-14 20:38:43.487769', '2023-03-14 20:41:43.000000', NULL, 302, NULL, 1),
(408, 'เสิร์ฟสำเร็จ', '2023-03-14 20:38:43.487931', '2023-03-14 20:41:43.000000', NULL, 302, NULL, 1),
(409, 'เสิร์ฟสำเร็จ', '2023-03-14 20:38:43.649037', '2023-03-14 20:41:44.000000', NULL, 303, 1, 1),
(410, 'เสิร์ฟสำเร็จ', '2023-03-14 20:38:43.649206', '2023-03-14 20:41:44.000000', NULL, 303, 27, 1),
(411, 'เสิร์ฟสำเร็จ', '2023-03-14 20:38:43.850317', '2023-03-14 20:41:45.000000', NULL, 304, 1, 1),
(412, 'เสิร์ฟสำเร็จ', '2023-03-14 20:38:43.850687', '2023-03-14 20:41:46.000000', NULL, 304, 1, 1),
(413, 'เสิร์ฟสำเร็จ', '2023-03-14 20:38:43.856864', '2023-03-14 20:41:46.000000', NULL, 304, 27, 1),
(414, 'เสิร์ฟสำเร็จ', '2023-03-14 20:38:44.101308', '2023-03-14 20:41:48.000000', NULL, 305, 27, 1),
(415, 'เสิร์ฟสำเร็จ', '2023-03-14 20:38:44.101442', '2023-03-14 20:41:49.000000', NULL, 305, 27, 1),
(416, 'เสิร์ฟสำเร็จ', '2023-03-14 20:38:44.101531', '2023-03-14 20:41:50.000000', NULL, 305, 27, 1),
(417, 'เสิร์ฟสำเร็จ', '2023-03-14 20:47:56.038663', '2023-03-14 20:48:06.000000', NULL, 306, 1, 1),
(418, 'เสิร์ฟสำเร็จ', '2023-03-14 20:47:56.043005', '2023-03-14 20:48:06.000000', NULL, 306, 1, 1),
(419, 'เสิร์ฟสำเร็จ', '2023-03-14 20:48:48.225187', '2023-03-14 20:52:11.000000', NULL, 307, NULL, 1),
(420, 'ยกเลิก', '2023-03-14 20:48:48.395735', '2023-03-14 20:51:43.000000', NULL, 308, 1, NULL),
(421, 'เสิร์ฟสำเร็จ', '2023-03-14 21:01:01.707602', '2023-03-14 21:01:16.000000', NULL, 309, 1, 1),
(422, 'เสิร์ฟสำเร็จ', '2023-03-14 21:01:01.870436', '2023-03-14 21:01:17.000000', NULL, 310, NULL, 1),
(423, 'เสิร์ฟสำเร็จ', '2023-03-14 21:01:02.069120', '2023-03-14 21:01:17.000000', NULL, 311, 1, 1),
(424, 'ยกเลิก', '2023-03-14 21:01:30.400708', '2023-03-14 21:01:36.000000', NULL, 312, 1, NULL),
(425, 'เสิร์ฟสำเร็จ', '2023-03-15 14:48:46.803284', '2023-03-15 14:49:39.000000', NULL, 313, 1, 1),
(426, 'เสิร์ฟสำเร็จ', '2023-03-15 14:49:03.252652', '2023-03-15 14:49:39.000000', NULL, 314, 1, 1),
(427, 'เสิร์ฟสำเร็จ', '2023-03-15 14:49:03.254507', '2023-03-15 14:49:40.000000', NULL, 314, 1, 1),
(428, 'เสิร์ฟสำเร็จ', '2023-03-15 14:49:13.072203', '2023-03-15 14:49:41.000000', NULL, 315, 1, 1),
(429, 'เสิร์ฟสำเร็จ', '2023-03-15 14:49:13.072343', '2023-03-15 14:49:41.000000', NULL, 315, 1, 1),
(430, 'เสิร์ฟสำเร็จ', '2023-03-15 14:49:13.102086', '2023-03-15 14:49:42.000000', NULL, 315, 1, 1),
(431, 'เสิร์ฟสำเร็จ', '2023-03-15 14:49:13.111460', '2023-03-15 14:49:42.000000', NULL, 315, 1, 1),
(432, 'เสิร์ฟสำเร็จ', '2023-03-15 14:49:13.111594', '2023-03-15 14:49:43.000000', NULL, 315, 1, 1),
(433, 'เสิร์ฟสำเร็จ', '2023-03-15 14:49:13.111720', '2023-03-15 14:49:43.000000', NULL, 315, 1, 1),
(434, 'เสิร์ฟสำเร็จ', '2023-03-15 14:49:13.132248', '2023-03-15 14:49:43.000000', NULL, 315, 1, 1),
(435, 'เสิร์ฟสำเร็จ', '2023-03-15 14:49:13.142550', '2023-03-15 14:49:43.000000', NULL, 315, 1, 1),
(436, 'เสิร์ฟสำเร็จ', '2023-03-15 14:49:13.151140', '2023-03-15 14:49:43.000000', NULL, 315, 1, 1),
(437, 'เสิร์ฟสำเร็จ', '2023-03-15 14:49:13.161376', '2023-03-15 14:49:44.000000', NULL, 315, 1, 1),
(438, 'เสิร์ฟสำเร็จ', '2023-03-15 14:49:13.161511', '2023-03-15 14:49:44.000000', NULL, 315, 1, 1),
(439, 'ยกเลิก', '2023-03-15 14:49:13.182285', '2023-03-15 14:49:28.000000', NULL, 315, 1, NULL),
(440, 'เสิร์ฟสำเร็จ', '2023-03-15 15:14:08.493234', '2023-03-15 15:16:03.000000', NULL, 316, 1, 1),
(441, 'เสิร์ฟสำเร็จ', '2023-03-15 15:14:08.493933', '2023-03-15 15:16:04.000000', NULL, 316, 1, 1),
(442, 'เสิร์ฟสำเร็จ', '2023-03-15 15:14:08.494147', '2023-03-15 15:16:06.000000', NULL, 316, 1, 1),
(443, 'เสิร์ฟสำเร็จ', '2023-03-15 15:14:08.503900', '2023-03-15 15:16:07.000000', NULL, 316, 1, 1),
(444, 'เสิร์ฟสำเร็จ', '2023-03-15 15:14:08.506480', '2023-03-15 15:16:08.000000', NULL, 316, 1, 1),
(445, 'เสิร์ฟสำเร็จ', '2023-03-15 15:14:08.591408', '2023-03-15 15:16:09.000000', NULL, 317, 1, 1),
(446, 'เสิร์ฟสำเร็จ', '2023-03-15 15:14:08.591975', '2023-03-15 15:16:09.000000', NULL, 317, 1, 1),
(447, 'เสิร์ฟสำเร็จ', '2023-03-15 15:14:08.592093', '2023-03-15 15:16:10.000000', NULL, 317, 1, 1),
(448, 'ยกเลิก', '2023-03-15 15:14:38.077238', '2023-03-15 16:01:39.286443', NULL, 318, 1, 1),
(449, 'ยกเลิก', '2023-03-15 15:14:38.077342', '2023-03-15 16:01:39.320191', NULL, 318, 1, 1),
(450, 'ยกเลิก', '2023-03-15 15:14:38.384883', '2023-03-15 16:01:39.343788', NULL, 318, 1, 1),
(451, 'เสิร์ฟสำเร็จ', '2023-03-15 15:29:53.113748', '2023-03-15 16:02:23.682975', NULL, 319, NULL, 1),
(452, 'เสิร์ฟสำเร็จ', '2023-03-15 15:29:53.114345', '2023-03-15 16:02:23.727877', NULL, 319, NULL, 1),
(453, 'เสิร์ฟสำเร็จ', '2023-03-15 15:29:53.114482', '2023-03-15 16:02:23.706002', NULL, 319, NULL, NULL),
(454, 'เสิร์ฟสำเร็จ', '2023-03-15 15:29:53.221414', '2023-03-15 16:02:23.748840', NULL, 320, NULL, 1),
(455, 'เสิร์ฟสำเร็จ', '2023-03-15 15:29:53.221557', '2023-03-15 16:02:23.778349', NULL, 320, NULL, 1),
(456, 'เสิร์ฟสำเร็จ', '2023-03-15 15:29:53.323188', '2023-03-15 16:02:23.824126', NULL, 321, 1, 1),
(457, 'เสิร์ฟสำเร็จ', '2023-03-15 15:29:53.323322', '2023-03-15 16:02:23.844942', NULL, 321, 1, 1),
(458, 'เสิร์ฟสำเร็จ', '2023-03-15 15:29:53.423750', '2023-03-15 16:02:23.864810', NULL, 322, 1, 1),
(459, 'เสิร์ฟสำเร็จ', '2023-03-15 15:29:53.423887', '2023-03-15 16:02:23.892127', NULL, 322, 1, 1),
(460, 'เสิร์ฟสำเร็จ', '2023-03-15 15:29:53.528019', '2023-03-15 16:02:23.945292', NULL, 323, 1, 1),
(461, 'เสิร์ฟสำเร็จ', '2023-03-15 15:29:53.528165', '2023-03-15 16:02:23.914003', NULL, 323, 1, 1),
(462, 'เสิร์ฟสำเร็จ', '2023-03-15 15:31:36.973101', '2023-03-15 16:02:23.980340', NULL, 324, 1, 1),
(463, 'เสิร์ฟสำเร็จ', '2023-03-15 15:31:36.978960', '2023-03-15 16:02:24.010826', NULL, 324, 1, 1),
(464, 'เสิร์ฟสำเร็จ', '2023-03-15 15:31:37.224342', '2023-03-15 16:02:24.030974', NULL, 325, 1, 1),
(465, 'เสิร์ฟสำเร็จ', '2023-03-15 15:32:35.329747', '2023-03-15 16:02:24.052818', NULL, 326, 1, 1),
(466, 'เสิร์ฟสำเร็จ', '2023-03-15 15:32:35.329931', '2023-03-15 16:02:24.074240', NULL, 326, 1, 1),
(467, 'เสิร์ฟสำเร็จ', '2023-03-15 16:05:12.459982', '2023-03-15 16:05:28.000000', NULL, 327, 1, 1),
(468, 'เสิร์ฟสำเร็จ', '2023-03-15 16:05:12.600505', '2023-03-15 16:05:29.000000', NULL, 328, 1, 1),
(469, 'เสิร์ฟสำเร็จ', '2023-03-15 16:05:12.726186', '2023-03-15 16:05:29.000000', NULL, 329, 1, 1),
(470, 'เสิร์ฟสำเร็จ', '2023-03-15 16:05:12.840413', '2023-03-15 16:05:30.000000', NULL, 330, 1, 1),
(471, 'เสิร์ฟสำเร็จ', '2023-03-15 16:05:12.841168', '2023-03-15 16:05:30.000000', NULL, 330, 1, 1),
(472, 'เสิร์ฟสำเร็จ', '2023-03-15 16:05:12.956741', '2023-03-15 16:05:31.000000', NULL, 331, NULL, 1),
(473, 'เสิร์ฟสำเร็จ', '2023-03-15 18:42:58.898828', '2023-03-15 18:45:17.000000', NULL, 332, 1, 1),
(474, 'เสิร์ฟสำเร็จ', '2023-03-15 18:42:58.898962', '2023-03-15 18:45:17.000000', NULL, 332, 1, 1),
(475, 'ยกเลิก', '2023-03-15 18:42:58.913281', '2023-03-15 18:45:30.000000', NULL, 332, 1, NULL),
(476, 'ยกเลิก', '2023-03-15 18:42:58.959012', '2023-03-15 18:46:14.000000', NULL, 332, 1, NULL),
(477, 'ยกเลิก', '2023-03-15 18:42:58.959103', '2023-03-15 18:46:15.000000', NULL, 332, 1, NULL),
(478, 'เสิร์ฟสำเร็จ', '2023-03-15 18:43:22.109976', '2023-03-15 18:48:04.000000', NULL, 333, 1, 1),
(479, 'เสิร์ฟสำเร็จ', '2023-03-15 18:43:22.116869', '2023-03-15 18:48:05.000000', NULL, 333, 1, 1),
(480, 'เสิร์ฟสำเร็จ', '2023-03-15 18:43:22.151220', '2023-03-15 18:48:05.000000', NULL, 333, 1, 1),
(481, 'เสิร์ฟสำเร็จ', '2023-03-15 18:43:22.151401', '2023-03-15 18:48:06.000000', NULL, 333, 1, 1),
(482, 'เสิร์ฟสำเร็จ', '2023-03-15 18:43:22.157046', '2023-03-15 18:48:06.000000', NULL, 333, 1, 1),
(483, 'เสิร์ฟสำเร็จ', '2023-03-15 18:43:22.157183', '2023-03-15 18:48:06.000000', NULL, 333, 1, 1),
(484, 'เสิร์ฟสำเร็จ', '2023-03-21 20:49:19.503455', '2023-03-22 03:49:20.000000', NULL, 334, 1, 1),
(485, 'เสิร์ฟสำเร็จ', '2023-03-21 20:49:19.706780', '2023-03-22 02:38:55.000000', NULL, 335, NULL, 1),
(486, 'เสิร์ฟสำเร็จ', '2023-03-21 21:33:37.844185', '2023-03-22 03:49:20.000000', NULL, 336, 1, 1),
(487, 'เสิร์ฟสำเร็จ', '2023-03-21 21:33:38.200679', '2023-03-22 03:49:21.000000', NULL, 337, 1, 1),
(488, 'เสิร์ฟสำเร็จ', '2023-03-21 21:45:49.467286', '2023-03-22 03:49:22.000000', NULL, 338, 1, 1),
(489, 'เสิร์ฟสำเร็จ', '2023-03-22 03:21:53.698793', '2023-03-22 03:49:22.000000', NULL, 339, NULL, 1),
(490, 'เสิร์ฟสำเร็จ', '2023-03-22 03:49:03.512875', '2023-03-22 03:49:23.000000', NULL, 340, NULL, 1),
(491, 'เสิร์ฟสำเร็จ', '2023-03-22 03:49:03.512862', '2023-03-22 03:49:24.000000', NULL, 340, NULL, 1),
(492, 'เสิร์ฟสำเร็จ', '2023-03-22 03:49:03.739861', '2023-03-22 03:49:24.000000', NULL, 341, 1, 1),
(493, 'เสิร์ฟสำเร็จ', '2023-03-26 16:17:22.657640', '2023-03-26 16:18:24.000000', NULL, 342, 1, 1),
(494, 'เสิร์ฟสำเร็จ', '2023-03-26 16:17:22.657704', '2023-03-26 16:18:24.000000', NULL, 342, 1, 1),
(495, 'เสิร์ฟสำเร็จ', '2023-03-26 16:17:22.657866', '2023-03-26 16:18:25.000000', NULL, 342, 1, 1),
(496, 'เสิร์ฟสำเร็จ', '2023-03-26 16:17:57.737965', '2023-03-26 16:18:25.000000', NULL, 343, 1, 1),
(497, 'เสิร์ฟสำเร็จ', '2023-03-26 16:17:57.739874', '2023-03-26 16:18:26.000000', NULL, 343, 1, 1),
(498, 'เสิร์ฟสำเร็จ', '2023-03-26 16:18:05.545681', '2023-03-26 16:18:27.000000', NULL, 344, 1, 1),
(499, 'เสิร์ฟสำเร็จ', '2023-03-26 16:18:05.545709', '2023-03-26 16:18:27.000000', NULL, 344, 1, 1),
(500, 'เสิร์ฟสำเร็จ', '2023-04-01 11:18:11.367415', '2023-04-03 20:06:13.000000', NULL, 345, NULL, 1),
(501, 'เสิร์ฟสำเร็จ', '2023-04-01 11:18:11.367678', '2023-04-03 20:06:14.000000', NULL, 345, NULL, 1),
(502, 'เสิร์ฟสำเร็จ', '2023-04-01 11:18:11.418496', '2023-04-03 20:06:14.000000', NULL, 346, 1, 1),
(503, 'เสิร์ฟสำเร็จ', '2023-04-01 11:18:11.418794', '2023-04-03 20:06:15.000000', NULL, 346, 1, 1),
(504, 'เสิร์ฟสำเร็จ', '2023-04-01 11:18:11.419067', '2023-04-03 20:06:16.000000', NULL, 346, 1, 1),
(505, 'เสิร์ฟสำเร็จ', '2023-04-01 11:18:11.473220', '2023-04-03 20:06:16.000000', NULL, 347, 1, 1),
(506, 'เสิร์ฟสำเร็จ', '2023-04-01 11:18:11.474837', '2023-04-03 20:06:17.000000', NULL, 347, 1, 1),
(507, 'เสิร์ฟสำเร็จ', '2023-04-01 11:18:11.475078', '2023-04-03 20:06:17.000000', NULL, 347, 1, 1),
(508, 'เสิร์ฟสำเร็จ', '2023-04-01 11:19:28.005680', '2023-04-03 20:06:18.000000', NULL, 348, 1, 1),
(509, 'เสิร์ฟสำเร็จ', '2023-04-01 11:19:46.669270', '2023-04-03 20:06:18.000000', NULL, 349, 1, 1),
(510, 'เสิร์ฟสำเร็จ', '2023-04-03 20:05:54.355543', '2023-04-03 20:06:19.000000', NULL, 350, 1, 1),
(511, 'เสิร์ฟสำเร็จ', '2023-04-03 20:05:54.357901', '2023-04-03 20:06:19.000000', NULL, 350, 1, 1),
(512, 'เสิร์ฟสำเร็จ', '2023-04-03 20:05:54.358447', '2023-04-03 20:06:20.000000', NULL, 350, 1, 1),
(513, 'เสิร์ฟสำเร็จ', '2023-04-03 20:05:54.358996', '2023-04-03 20:06:21.000000', NULL, 350, 1, 1),
(514, 'เสิร์ฟสำเร็จ', '2023-04-03 20:05:54.359578', '2023-04-03 20:06:21.000000', NULL, 350, 1, 1);
INSERT INTO `queue` (`id`, `status`, `createdAt`, `updatedAt`, `deletedAt`, `orderitemId`, `empCookId`, `empServeId`) VALUES
(515, 'เสิร์ฟสำเร็จ', '2023-04-03 20:05:54.634844', '2023-04-03 20:06:22.000000', NULL, 351, NULL, 1),
(516, 'เสิร์ฟสำเร็จ', '2023-04-03 20:05:54.636881', '2023-04-03 20:06:22.000000', NULL, 351, NULL, 1),
(517, 'เสิร์ฟสำเร็จ', '2023-04-03 20:05:54.637441', '2023-04-03 20:06:23.000000', NULL, 351, NULL, 1),
(518, 'เสิร์ฟสำเร็จ', '2023-04-05 00:26:29.157026', '2023-04-05 00:26:50.000000', NULL, 352, 1, 1),
(519, 'ยกเลิก', '2023-04-05 00:26:29.157055', '2023-04-05 00:26:43.000000', NULL, 352, 1, NULL),
(520, 'เสิร์ฟสำเร็จ', '2023-04-05 00:27:26.600677', '2023-04-05 00:27:38.000000', NULL, 353, 1, 1),
(521, 'เสิร์ฟสำเร็จ', '2023-04-05 00:27:26.601186', '2023-04-05 00:27:39.000000', NULL, 353, 1, 1),
(522, 'เสิร์ฟสำเร็จ', '2023-04-05 00:27:26.601498', '2023-04-05 00:27:39.000000', NULL, 353, 1, 1),
(523, 'เสิร์ฟสำเร็จ', '2023-04-05 00:28:11.065971', '2023-04-05 00:28:26.000000', NULL, 354, 1, 1),
(524, 'เสิร์ฟสำเร็จ', '2023-04-05 00:28:11.066399', '2023-04-05 00:28:26.000000', NULL, 354, 1, 1),
(525, 'เสิร์ฟสำเร็จ', '2023-04-05 00:28:11.068048', '2023-04-05 00:28:27.000000', NULL, 354, 1, 1),
(526, 'เสิร์ฟสำเร็จ', '2023-04-05 00:28:11.068057', '2023-04-05 00:28:27.000000', NULL, 354, 1, 1),
(527, 'เสิร์ฟสำเร็จ', '2023-04-05 00:28:11.068658', '2023-04-05 00:28:28.000000', NULL, 354, 1, 1);

-- --------------------------------------------------------

--
-- Table structure for table `salary`
--

CREATE TABLE `salary` (
  `id` int(11) NOT NULL,
  `bonus` int(11) NOT NULL DEFAULT 0,
  `deduct` int(11) NOT NULL DEFAULT 0,
  `createdAt` datetime(6) NOT NULL DEFAULT current_timestamp(6),
  `updatedAt` datetime(6) NOT NULL DEFAULT current_timestamp(6) ON UPDATE current_timestamp(6),
  `deletedAt` datetime(6) DEFAULT NULL,
  `work` int(11) NOT NULL DEFAULT 0,
  `userId` int(11) DEFAULT NULL
) ENGINE=InnoDB DEFAULT CHARSET=utf8mb4 COLLATE=utf8mb4_general_ci;

--
-- Dumping data for table `salary`
--

INSERT INTO `salary` (`id`, `bonus`, `deduct`, `createdAt`, `updatedAt`, `deletedAt`, `work`, `userId`) VALUES
(5, 100, 0, '2023-03-01 22:08:08.340291', '2023-03-22 03:50:06.000000', NULL, 0, 5),
(6, 0, 0, '2023-03-01 22:08:09.479985', '2023-03-06 20:14:42.000000', NULL, 18, 6),
(7, 0, 0, '2023-03-01 22:08:13.469254', '2023-03-06 20:14:38.000000', NULL, 28, 7),
(183, 0, 1686, '2023-03-15 18:49:29.081153', '2023-04-04 20:41:19.000000', NULL, 1, 1);

-- --------------------------------------------------------

--
-- Table structure for table `salarylog`
--

CREATE TABLE `salarylog` (
  `id` int(11) NOT NULL,
  `createdAt` datetime(6) NOT NULL DEFAULT current_timestamp(6),
  `updatedAt` datetime(6) NOT NULL DEFAULT current_timestamp(6) ON UPDATE current_timestamp(6),
  `deletedAt` datetime(6) DEFAULT NULL,
  `userId` int(11) DEFAULT NULL,
  `amount` int(11) NOT NULL DEFAULT 0,
  `paidBy` int(11) NOT NULL DEFAULT 0
) ENGINE=InnoDB DEFAULT CHARSET=utf8mb4 COLLATE=utf8mb4_general_ci;

--
-- Dumping data for table `salarylog`
--

INSERT INTO `salarylog` (`id`, `createdAt`, `updatedAt`, `deletedAt`, `userId`, `amount`, `paidBy`) VALUES
(1, '2023-03-13 20:09:36.925998', '2023-03-13 20:09:36.925998', NULL, NULL, 0, 0),
(2, '2023-03-13 20:10:33.801016', '2023-03-13 20:10:33.801016', NULL, NULL, 5999, 1),
(3, '2023-03-13 20:10:40.294124', '2023-03-13 20:10:40.294124', NULL, 2, 5999, 1),
(4, '2023-03-13 20:43:41.636426', '2023-03-13 20:43:41.636426', NULL, 1, 1, 1),
(5, '2023-03-13 20:44:54.277874', '2023-03-13 20:44:54.277874', NULL, 1, 2, 1),
(6, '2023-03-13 20:48:01.291280', '2023-03-13 20:48:01.291280', NULL, 1, -1686, 1),
(7, '2023-03-13 20:48:35.143889', '2023-03-13 20:48:35.143889', NULL, 8, 22222, 1),
(8, '2023-03-14 20:36:43.542479', '2023-03-14 20:36:43.542479', NULL, 1, -1686, 1);

-- --------------------------------------------------------

--
-- Table structure for table `serve`
--

CREATE TABLE `serve` (
  `id` int(11) NOT NULL,
  `name` varchar(255) NOT NULL,
  `type` varchar(255) NOT NULL,
  `status` varchar(255) NOT NULL DEFAULT 'ยังไม่เสริฟ',
  `createdAt` datetime(6) NOT NULL DEFAULT current_timestamp(6),
  `updatedAt` datetime(6) NOT NULL DEFAULT current_timestamp(6) ON UPDATE current_timestamp(6),
  `deletedAt` datetime(6) DEFAULT NULL,
  `table` varchar(255) NOT NULL,
  `amount` int(11) NOT NULL DEFAULT 1
) ENGINE=InnoDB DEFAULT CHARSET=utf8mb4 COLLATE=utf8mb4_general_ci;

--
-- Dumping data for table `serve`
--

INSERT INTO `serve` (`id`, `name`, `type`, `status`, `createdAt`, `updatedAt`, `deletedAt`, `table`, `amount`) VALUES
(2, 'พริกสด', '', 'ยกเลิก', '2023-03-01 01:00:15.326419', '2023-03-01 12:31:05.044063', NULL, 'B2', 1),
(34, 'หมาร้อนใน', '', 'เสริฟแล้ว', '2023-03-01 00:59:39.659410', '2023-03-01 12:18:48.000000', NULL, 'C5', 1),
(53, 'หมาทอด', '', 'ยกเลิก', '2023-03-01 12:20:52.764032', '2023-03-01 12:24:19.000000', NULL, 'A3', 2),
(54, 'หมาทอด', '', 'เสริฟแล้ว', '2023-03-01 12:25:54.838186', '2023-03-01 12:26:04.000000', NULL, 'A3', 2),
(55, 'หมาทอด', '', 'เสริฟแล้ว', '2023-03-01 12:25:56.209221', '2023-03-01 12:26:05.000000', NULL, 'A3', 2),
(56, 'หมาทอด', '', 'เสริฟแล้ว', '2023-03-01 12:25:59.812493', '2023-03-01 12:26:20.000000', NULL, 'A1', 2),
(57, 'หมาทอด', '', 'เสริฟแล้ว', '2023-03-01 12:26:00.193447', '2023-03-01 12:26:16.000000', NULL, 'A1', 2),
(58, 'หมาทอด', '', 'เสริฟแล้ว', '2023-03-01 12:26:00.788166', '2023-03-01 12:26:16.000000', NULL, 'A1', 2),
(59, 'หมาทอด', '', 'เสริฟแล้ว', '2023-03-01 12:26:08.011224', '2023-03-01 12:26:15.000000', NULL, 'A1', 2),
(60, 'หมาทอด', '', 'เสริฟแล้ว', '2023-03-01 12:26:08.823830', '2023-03-01 12:26:15.000000', NULL, 'A1', 2),
(61, 'หมาทอด', '', 'เสริฟแล้ว', '2023-03-01 12:27:16.518548', '2023-03-01 12:31:22.584664', NULL, 'A2', 2),
(62, 'หมาทอด', '', 'ยกเลิก', '2023-03-01 12:27:19.679248', '2023-03-01 12:31:23.000000', NULL, 'A3', 2),
(63, 'หมาทอด', '', 'เสริฟแล้ว', '2023-03-01 12:27:21.720465', '2023-03-01 12:39:24.000000', NULL, 'A5', 2),
(64, 'หมาทอด', '', 'เสริฟแล้ว', '2023-03-01 12:33:43.632342', '2023-03-01 12:39:23.000000', NULL, 'A5', 2),
(65, 'หมาทอด', '', 'เสริฟแล้ว', '2023-03-01 14:02:13.656084', '2023-03-01 14:02:24.000000', NULL, 'A5', 2),
(66, 'หมาทอด', '', 'เสริฟแล้ว', '2023-03-01 14:02:13.970164', '2023-03-01 14:02:25.000000', NULL, 'A5', 2);

-- --------------------------------------------------------

--
-- Table structure for table `stock`
--

CREATE TABLE `stock` (
  `id` int(11) NOT NULL,
  `name` varchar(255) NOT NULL,
  `minimum` int(11) NOT NULL,
  `remaining` int(11) NOT NULL,
  `unit` varchar(255) NOT NULL,
  `price` float NOT NULL,
  `createdAt` datetime(6) NOT NULL DEFAULT current_timestamp(6),
  `updatedAt` datetime(6) NOT NULL DEFAULT current_timestamp(6) ON UPDATE current_timestamp(6),
  `deletedAt` datetime(6) DEFAULT NULL
) ENGINE=InnoDB DEFAULT CHARSET=utf8mb4 COLLATE=utf8mb4_general_ci;

--
-- Dumping data for table `stock`
--

INSERT INTO `stock` (`id`, `name`, `minimum`, `remaining`, `unit`, `price`, `createdAt`, `updatedAt`, `deletedAt`) VALUES
(2, 'เนื้อไก่', 5, 5, 'กิโลกรัม', 45, '2023-03-02 17:34:24.510383', '2023-04-05 15:39:58.000000', NULL),
(5, 'กุ้ง', 5, 5, 'กิโลกรัม', 58, '2023-03-02 17:38:11.111735', '2023-04-05 15:39:58.000000', NULL),
(6, 'หมึก', 5, 5, 'กิโลกรัม', 25, '2023-03-02 17:38:32.117139', '2023-04-05 15:39:59.000000', NULL),
(7, 'ข้าวสาร', 10, 5, 'กิโลกรัม', 65, '2023-03-02 17:38:59.687590', '2023-04-05 15:39:59.000000', NULL),
(10, 'เกลือ', 4, 5, 'กิโลกรัม', 25, '2023-03-02 17:40:16.748831', '2023-04-05 15:39:59.000000', NULL),
(18, 'แกะ', 1, 5, 'กิโลกรัม', 0, '2023-03-25 03:06:38.210333', '2023-04-05 15:39:59.000000', NULL),
(19, 'เนื้อวัว', 15, 5, 'กิโลกรัม', 0, '2023-04-05 11:32:02.312925', '2023-04-05 15:40:00.000000', NULL);

-- --------------------------------------------------------

--
-- Table structure for table `stock_buy_detail`
--

CREATE TABLE `stock_buy_detail` (
  `id` int(11) NOT NULL,
  `name` varchar(255) NOT NULL,
  `unit` varchar(255) NOT NULL,
  `price` float NOT NULL,
  `createdAt` datetime(6) NOT NULL DEFAULT current_timestamp(6),
  `updatedAt` datetime(6) NOT NULL DEFAULT current_timestamp(6) ON UPDATE current_timestamp(6),
  `deletedAt` datetime(6) DEFAULT NULL,
  `stockBuyListId` int(11) DEFAULT NULL,
  `store` varchar(255) NOT NULL
) ENGINE=InnoDB DEFAULT CHARSET=utf8mb4 COLLATE=utf8mb4_general_ci;

--
-- Dumping data for table `stock_buy_detail`
--

INSERT INTO `stock_buy_detail` (`id`, `name`, `unit`, `price`, `createdAt`, `updatedAt`, `deletedAt`, `stockBuyListId`, `store`) VALUES
(1, 'เนื้อไก่', 'กิโลกรัม', 45, '2023-04-05 15:39:58.712739', '2023-04-05 15:39:58.712739', NULL, 5, 'Big C'),
(2, 'กุ้ง', 'กิโลกรัม', 58, '2023-04-05 15:39:59.006093', '2023-04-05 15:39:59.006093', NULL, 5, 'Makro'),
(3, 'หมึก', 'กิโลกรัม', 25, '2023-04-05 15:39:59.304225', '2023-04-05 15:39:59.304225', NULL, 5, 'Lotus'),
(4, 'ข้าวสาร', 'กิโลกรัม', 65, '2023-04-05 15:39:59.584840', '2023-04-05 15:39:59.584840', NULL, 5, 'Lotus'),
(5, 'เกลือ', 'กิโลกรัม', 25, '2023-04-05 15:39:59.872170', '2023-04-05 15:39:59.872170', NULL, 5, 'Makro'),
(6, 'แกะ', 'กิโลกรัม', 2, '2023-04-05 15:40:00.148677', '2023-04-05 15:40:00.148677', NULL, 5, 'Lotus'),
(7, 'เนื้อวัว', 'กิโลกรัม', 25, '2023-04-05 15:40:00.424788', '2023-04-05 15:40:00.424788', NULL, 5, 'Big C');

-- --------------------------------------------------------

--
-- Table structure for table `stock_buy_list`
--

CREATE TABLE `stock_buy_list` (
  `id` int(11) NOT NULL,
  `totalPrice` float NOT NULL,
  `createdAt` datetime(6) NOT NULL DEFAULT current_timestamp(6),
  `updatedAt` datetime(6) NOT NULL DEFAULT current_timestamp(6) ON UPDATE current_timestamp(6),
  `deletedAt` datetime(6) DEFAULT NULL,
  `userId` int(11) DEFAULT NULL
) ENGINE=InnoDB DEFAULT CHARSET=utf8mb4 COLLATE=utf8mb4_general_ci;

--
-- Dumping data for table `stock_buy_list`
--

INSERT INTO `stock_buy_list` (`id`, `totalPrice`, `createdAt`, `updatedAt`, `deletedAt`, `userId`) VALUES
(1, 0, '2023-04-05 14:45:49.087830', '2023-04-05 14:45:49.087830', NULL, 1),
(2, 1340, '2023-04-05 15:33:56.853574', '2023-04-05 15:33:56.853574', NULL, 1),
(3, 1340, '2023-04-05 15:35:26.795449', '2023-04-05 15:35:26.795449', NULL, 1),
(4, 1340, '2023-04-05 15:37:46.511417', '2023-04-05 15:37:46.511417', NULL, 1),
(5, 1225, '2023-04-05 15:39:58.377455', '2023-04-05 15:39:58.377455', NULL, 1);

-- --------------------------------------------------------

--
-- Table structure for table `table`
--

CREATE TABLE `table` (
  `id` int(11) NOT NULL,
  `type` varchar(255) NOT NULL,
  `Number` int(11) NOT NULL,
  `status` varchar(255) NOT NULL,
  `createdAt` datetime(6) NOT NULL DEFAULT current_timestamp(6),
  `updatedAt` datetime(6) NOT NULL DEFAULT current_timestamp(6) ON UPDATE current_timestamp(6),
  `deletedAt` datetime(6) DEFAULT NULL
) ENGINE=InnoDB DEFAULT CHARSET=utf8mb4 COLLATE=utf8mb4_general_ci;

--
-- Dumping data for table `table`
--

INSERT INTO `table` (`id`, `type`, `Number`, `status`, `createdAt`, `updatedAt`, `deletedAt`) VALUES
(1, 'A', 1, 'red', '2023-02-27 23:20:29.922908', '2023-04-01 11:16:50.000000', NULL),
(2, 'A', 2, 'green', '2023-02-27 23:54:22.771383', '2023-04-03 21:38:12.000000', NULL),
(3, 'A', 3, 'green', '2023-02-27 23:54:51.852994', '2023-03-26 16:25:33.000000', NULL),
(4, 'A', 4, 'green', '2023-02-28 01:57:43.577599', '2023-03-26 23:56:43.000000', NULL),
(5, 'A', 5, 'green', '2023-02-28 01:58:03.692514', '2023-03-26 23:56:56.000000', NULL),
(6, 'B', 1, 'green', '2023-02-28 01:58:49.561603', '2023-03-10 20:32:23.000000', NULL),
(7, 'B', 2, 'green', '2023-02-28 02:03:40.749194', '2023-03-10 20:32:25.000000', NULL),
(8, 'B', 3, 'green', '2023-02-28 02:04:20.827931', '2023-03-15 15:34:45.000000', NULL),
(9, 'B', 4, 'green', '2023-02-28 02:04:54.467052', '2023-03-10 20:23:52.000000', NULL),
(10, 'B', 5, 'green', '2023-02-28 02:05:09.115281', '2023-03-10 20:32:28.000000', NULL),
(11, 'B', 6, 'green', '2023-02-28 02:08:31.659967', '2023-03-10 20:32:29.000000', NULL),
(12, 'B', 7, 'green', '2023-02-28 02:08:52.876135', '2023-03-10 20:32:30.000000', NULL),
(13, 'B', 8, 'green', '2023-02-28 02:09:16.836111', '2023-03-15 15:27:16.000000', NULL),
(14, 'B', 9, 'green', '2023-02-28 02:09:34.515902', '2023-03-03 18:35:06.000000', NULL),
(15, 'B', 10, 'green', '2023-02-28 02:09:46.616018', '2023-03-24 20:57:42.000000', NULL),
(16, 'C', 1, 'green', '2023-02-28 02:10:25.556519', '2023-03-03 17:59:09.000000', NULL),
(17, 'C', 2, 'green', '2023-02-28 02:10:41.304986', '2023-03-10 20:23:07.000000', NULL),
(18, 'C', 3, 'green', '2023-02-28 02:10:49.805384', '2023-03-10 20:23:12.000000', NULL),
(19, 'C', 4, 'green', '2023-02-28 02:11:18.681521', '2023-02-28 02:11:18.681521', NULL),
(20, 'C', 5, 'green', '2023-02-28 02:11:30.329017', '2023-03-15 16:03:01.000000', NULL),
(21, 'D', 1, 'green', '2023-02-28 02:11:43.920919', '2023-03-10 20:24:58.000000', NULL),
(34, 'D', 2, 'green', '2023-03-06 20:58:21.996917', '2023-03-15 15:34:47.000000', NULL);

-- --------------------------------------------------------

--
-- Table structure for table `user`
--

CREATE TABLE `user` (
  `id` int(11) NOT NULL,
  `fname` varchar(255) NOT NULL,
  `lname` varchar(255) NOT NULL,
  `type` varchar(255) NOT NULL,
  `rate` float NOT NULL,
  `gender` varchar(255) NOT NULL,
  `tel` varchar(255) NOT NULL,
  `username` varchar(255) NOT NULL,
  `password` varchar(255) NOT NULL,
  `createdAt` datetime(6) NOT NULL DEFAULT current_timestamp(6),
  `updatedAt` datetime(6) NOT NULL DEFAULT current_timestamp(6) ON UPDATE current_timestamp(6),
  `deletedAt` datetime(6) DEFAULT NULL,
  `image` varchar(255) NOT NULL DEFAULT 'No_Image_Available.png'
) ENGINE=InnoDB DEFAULT CHARSET=utf8mb4 COLLATE=utf8mb4_general_ci;

--
-- Dumping data for table `user`
--

INSERT INTO `user` (`id`, `fname`, `lname`, `type`, `rate`, `gender`, `tel`, `username`, `password`, `createdAt`, `updatedAt`, `deletedAt`, `image`) VALUES
(1, 'นัทธ์', 'จรัสธรรม', 'Owner', 999, 'M', '099-999-9999', 'Admin1234', '$2b$10$/4F88yiZEc3PiRXN1vQ8HOGm8hXVL4Us5IWmpFOfNu06rnTPKAeLq', '2023-02-27 23:27:11.269127', '2023-03-01 22:01:26.000000', NULL, 'c4e3be7e-cd20-493d-ba63-f06d82bbd0b7.png'),
(2, 'พัฒนพงษ์', 'จันทรทรัพย์', 'Chef', 500, 'M', '098-465-1486', 'Pat1234', '$2b$10$rXBkWy5veXEV2df3Jj5JqOueNu43B/vchZ0.gLuM/yvzBQXx45h06', '2023-02-28 01:30:17.584881', '2023-03-01 22:01:56.000000', NULL, '02cec34f-76a4-4f4e-abf1-6b493948161d.png'),
(3, 'ปฐมพร', 'มั่นคง', 'Cashier', 400, 'F', '089-848-8669', 'Pla1234', '$2b$10$PNR9FZRXGHb5FjhXxZsjAOUROGpSY237NV6c4onBUs.5CMMt75j4q', '2023-02-28 16:05:24.384506', '2023-03-01 22:02:09.000000', NULL, '88c8ebf2-97a8-4ad3-b138-774857b97031.png'),
(4, 'บัลยงก์', 'จุลพัฒน์', 'Cleaning', 300, 'M', '099-848-8215', 'Bun1234', '$2b$10$yE3wzMKcU57o33mXy5yeE.jpqCToHnC2vq14NSnEMmFFbYFqh9sOm', '2023-02-28 16:05:54.394485', '2023-03-01 22:02:17.000000', NULL, '05124ff9-b0ca-4776-bba7-5c29bcd069f7.png'),
(5, 'นริศ', 'เจริญวัฒนา', 'Receptionist', 400, 'M', '089-062-8652', 'Nal1234', '$2b$10$r7UzNp1UgLrqdHgys7zlMO3IT4pN0ArktMoevA5hfnnkL/ayFJ0AG', '2023-02-28 16:06:20.238583', '2023-03-06 19:42:06.000000', NULL, '83cc5462-587d-434a-b3dd-f0d78c214b1c.png'),
(6, 'ธนาทิพย์', 'นวลจันทร์', 'Waitress', 300, 'F', '065-875-8890', 'Tha1234', '$2b$10$0BBhCg267qjw5tWSS7X46eKC4gh.KpCmAJBZ68jEr2u1/qth38gva', '2023-02-28 16:06:53.046794', '2023-03-01 22:02:39.000000', NULL, '559e049f-a2e6-48ce-9466-282eada4f048.png'),
(7, 'นิรณา', 'เกษมทรัพย์', 'Manager', 500, 'F', '066-856-1531', 'Nil1234', '$2b$10$EwRjJWZP2OPDCxTBsVdE1u7l3XrHy7bEHZXQZK8lm2XLCbQ4zBzZG', '2023-02-28 16:07:14.281767', '2023-03-01 22:02:51.000000', NULL, '9d3997c3-23b9-43aa-b7f0-fde13c36d3b0.png'),
(8, 'ฉันทกร', 'พงศ์พินิจ', 'Backend', 300, 'M', '069-764-8921', 'Can1234', '$2b$10$M3J1JMZsCFcEolLT/FcSKuRKlP./VgJie/fpim3Xln5yjsmDPzK2i', '2023-02-28 16:07:39.662653', '2023-03-01 22:03:00.000000', NULL, '1d4a9f56-ee12-47fd-8782-d65e109293dd.png'),
(13, 'เทพ', 'สั่งลุย', 'Receptionist', 300000, 'M', '0164853191', 'Wow@1234', '$2b$10$auh7Z7mpqzjOOE9/cO7oy.LQmA1GgWh8MYRxYuN9MUU2Mvu0M3Yvy', '2023-03-01 23:47:10.563571', '2023-03-06 20:56:47.000000', NULL, '3a0f9402-cca2-485c-8f98-681faf39d054.gif'),
(15, 'ณัฐพล', 'อินทะระนก', 'Receptionist', 555, 'M', '4135165121', 'wow1234', '$2b$10$Ui69GetU.mnMXsKquEjw.eXzJs5RJepkKUcwdWz8WLpS0YdtMb03K', '2023-03-03 00:23:48.719416', '2023-03-06 20:49:24.000000', NULL, 'b227a23b-395d-4f7d-a7ec-8b8bf17a8a28.gif'),
(27, 'พสธร', 'จรัสวงศ์', 'Chef', 500, 'M', '0849165165', 'Pos1234', '$2b$10$5tI6sVtQFhWL3zbrctp1JuxZzrx70SpYdhc1.qBcYkC8exV.1MNny', '2023-03-10 20:23:44.301212', '2023-03-10 20:23:44.301212', NULL, 'db20784c-fceb-48fb-939b-ecc0ec9aec95.png');

--
-- Indexes for dumped tables
--

--
-- Indexes for table `basket`
--
ALTER TABLE `basket`
  ADD PRIMARY KEY (`id`),
  ADD KEY `FK_7494b016ba3869e6dce0ee7f0c6` (`menuId`);

--
-- Indexes for table `check`
--
ALTER TABLE `check`
  ADD PRIMARY KEY (`id`),
  ADD KEY `FK_918560179c0e9aeb24381534b7e` (`userId`);

--
-- Indexes for table `check_stock_detail`
--
ALTER TABLE `check_stock_detail`
  ADD PRIMARY KEY (`id`),
  ADD KEY `FK_4331318b253064cd62ceecaf0c3` (`checkStockListId`);

--
-- Indexes for table `check_stock_list`
--
ALTER TABLE `check_stock_list`
  ADD PRIMARY KEY (`id`),
  ADD KEY `FK_2902de9cb5915663440a26af672` (`userId`);

--
-- Indexes for table `menu`
--
ALTER TABLE `menu`
  ADD PRIMARY KEY (`id`);

--
-- Indexes for table `order`
--
ALTER TABLE `order`
  ADD PRIMARY KEY (`id`),
  ADD KEY `FK_3ee0dfa50a0df214399f9601004` (`tableIdId`);

--
-- Indexes for table `orderitem`
--
ALTER TABLE `orderitem`
  ADD PRIMARY KEY (`id`),
  ADD KEY `FK_021e4f5a540f5753d95fc01fe55` (`menuId`),
  ADD KEY `FK_a15ebbc0e6cb61cf91be01a0028` (`orderId`);

--
-- Indexes for table `payment`
--
ALTER TABLE `payment`
  ADD PRIMARY KEY (`id`),
  ADD UNIQUE KEY `REL_d09d285fe1645cd2f0db811e29` (`orderId`),
  ADD KEY `FK_b046318e0b341a7f72110b75857` (`userId`);

--
-- Indexes for table `queue`
--
ALTER TABLE `queue`
  ADD PRIMARY KEY (`id`),
  ADD KEY `FK_ededf74f76f3764953328f50c46` (`orderitemId`),
  ADD KEY `FK_40c92753af64ddb028b3d2cc691` (`empCookId`),
  ADD KEY `FK_cb49776c3a8913a1da1a235e8ac` (`empServeId`);

--
-- Indexes for table `salary`
--
ALTER TABLE `salary`
  ADD PRIMARY KEY (`id`),
  ADD UNIQUE KEY `REL_214bcd0a429256834f9e9cba42` (`userId`);

--
-- Indexes for table `salarylog`
--
ALTER TABLE `salarylog`
  ADD PRIMARY KEY (`id`),
  ADD KEY `FK_d63e8a13bbcdffcbaa4e6b5697f` (`userId`);

--
-- Indexes for table `serve`
--
ALTER TABLE `serve`
  ADD PRIMARY KEY (`id`);

--
-- Indexes for table `stock`
--
ALTER TABLE `stock`
  ADD PRIMARY KEY (`id`);

--
-- Indexes for table `stock_buy_detail`
--
ALTER TABLE `stock_buy_detail`
  ADD PRIMARY KEY (`id`),
  ADD KEY `FK_a94a82d11726d07d66b7c13c1ae` (`stockBuyListId`);

--
-- Indexes for table `stock_buy_list`
--
ALTER TABLE `stock_buy_list`
  ADD PRIMARY KEY (`id`),
  ADD KEY `FK_4cfcbb558674bcc356a0390897e` (`userId`);

--
-- Indexes for table `table`
--
ALTER TABLE `table`
  ADD PRIMARY KEY (`id`);

--
-- Indexes for table `user`
--
ALTER TABLE `user`
  ADD PRIMARY KEY (`id`),
  ADD UNIQUE KEY `IDX_78a916df40e02a9deb1c4b75ed` (`username`);

--
-- AUTO_INCREMENT for dumped tables
--

--
-- AUTO_INCREMENT for table `basket`
--
ALTER TABLE `basket`
  MODIFY `id` int(11) NOT NULL AUTO_INCREMENT, AUTO_INCREMENT=399;

--
-- AUTO_INCREMENT for table `check`
--
ALTER TABLE `check`
  MODIFY `id` int(11) NOT NULL AUTO_INCREMENT, AUTO_INCREMENT=280;

--
-- AUTO_INCREMENT for table `check_stock_detail`
--
ALTER TABLE `check_stock_detail`
  MODIFY `id` int(11) NOT NULL AUTO_INCREMENT, AUTO_INCREMENT=80;

--
-- AUTO_INCREMENT for table `check_stock_list`
--
ALTER TABLE `check_stock_list`
  MODIFY `id` int(11) NOT NULL AUTO_INCREMENT, AUTO_INCREMENT=19;

--
-- AUTO_INCREMENT for table `menu`
--
ALTER TABLE `menu`
  MODIFY `id` int(11) NOT NULL AUTO_INCREMENT, AUTO_INCREMENT=102;

--
-- AUTO_INCREMENT for table `order`
--
ALTER TABLE `order`
  MODIFY `id` int(11) NOT NULL AUTO_INCREMENT, AUTO_INCREMENT=134;

--
-- AUTO_INCREMENT for table `orderitem`
--
ALTER TABLE `orderitem`
  MODIFY `id` int(11) NOT NULL AUTO_INCREMENT, AUTO_INCREMENT=355;

--
-- AUTO_INCREMENT for table `payment`
--
ALTER TABLE `payment`
  MODIFY `id` int(11) NOT NULL AUTO_INCREMENT, AUTO_INCREMENT=61;

--
-- AUTO_INCREMENT for table `queue`
--
ALTER TABLE `queue`
  MODIFY `id` int(11) NOT NULL AUTO_INCREMENT, AUTO_INCREMENT=528;

--
-- AUTO_INCREMENT for table `salary`
--
ALTER TABLE `salary`
  MODIFY `id` int(11) NOT NULL AUTO_INCREMENT, AUTO_INCREMENT=203;

--
-- AUTO_INCREMENT for table `salarylog`
--
ALTER TABLE `salarylog`
  MODIFY `id` int(11) NOT NULL AUTO_INCREMENT, AUTO_INCREMENT=9;

--
-- AUTO_INCREMENT for table `serve`
--
ALTER TABLE `serve`
  MODIFY `id` int(11) NOT NULL AUTO_INCREMENT, AUTO_INCREMENT=67;

--
-- AUTO_INCREMENT for table `stock`
--
ALTER TABLE `stock`
  MODIFY `id` int(11) NOT NULL AUTO_INCREMENT, AUTO_INCREMENT=20;

--
-- AUTO_INCREMENT for table `stock_buy_detail`
--
ALTER TABLE `stock_buy_detail`
  MODIFY `id` int(11) NOT NULL AUTO_INCREMENT, AUTO_INCREMENT=8;

--
-- AUTO_INCREMENT for table `stock_buy_list`
--
ALTER TABLE `stock_buy_list`
  MODIFY `id` int(11) NOT NULL AUTO_INCREMENT, AUTO_INCREMENT=6;

--
-- AUTO_INCREMENT for table `table`
--
ALTER TABLE `table`
  MODIFY `id` int(11) NOT NULL AUTO_INCREMENT, AUTO_INCREMENT=35;

--
-- AUTO_INCREMENT for table `user`
--
ALTER TABLE `user`
  MODIFY `id` int(11) NOT NULL AUTO_INCREMENT, AUTO_INCREMENT=28;

--
-- Constraints for dumped tables
--

--
-- Constraints for table `basket`
--
ALTER TABLE `basket`
  ADD CONSTRAINT `FK_7494b016ba3869e6dce0ee7f0c6` FOREIGN KEY (`menuId`) REFERENCES `menu` (`id`) ON DELETE NO ACTION ON UPDATE NO ACTION;

--
-- Constraints for table `check`
--
ALTER TABLE `check`
  ADD CONSTRAINT `FK_918560179c0e9aeb24381534b7e` FOREIGN KEY (`userId`) REFERENCES `user` (`id`) ON DELETE NO ACTION ON UPDATE NO ACTION;

--
-- Constraints for table `check_stock_detail`
--
ALTER TABLE `check_stock_detail`
  ADD CONSTRAINT `FK_4331318b253064cd62ceecaf0c3` FOREIGN KEY (`checkStockListId`) REFERENCES `check_stock_list` (`id`) ON DELETE NO ACTION ON UPDATE NO ACTION;

--
-- Constraints for table `check_stock_list`
--
ALTER TABLE `check_stock_list`
  ADD CONSTRAINT `FK_2902de9cb5915663440a26af672` FOREIGN KEY (`userId`) REFERENCES `user` (`id`) ON DELETE NO ACTION ON UPDATE NO ACTION;

--
-- Constraints for table `order`
--
ALTER TABLE `order`
  ADD CONSTRAINT `FK_3ee0dfa50a0df214399f9601004` FOREIGN KEY (`tableIdId`) REFERENCES `table` (`id`) ON DELETE NO ACTION ON UPDATE NO ACTION;

--
-- Constraints for table `orderitem`
--
ALTER TABLE `orderitem`
  ADD CONSTRAINT `FK_021e4f5a540f5753d95fc01fe55` FOREIGN KEY (`menuId`) REFERENCES `menu` (`id`) ON DELETE NO ACTION ON UPDATE NO ACTION,
  ADD CONSTRAINT `FK_a15ebbc0e6cb61cf91be01a0028` FOREIGN KEY (`orderId`) REFERENCES `order` (`id`) ON DELETE NO ACTION ON UPDATE NO ACTION;

--
-- Constraints for table `payment`
--
ALTER TABLE `payment`
  ADD CONSTRAINT `FK_b046318e0b341a7f72110b75857` FOREIGN KEY (`userId`) REFERENCES `user` (`id`) ON DELETE NO ACTION ON UPDATE NO ACTION,
  ADD CONSTRAINT `FK_d09d285fe1645cd2f0db811e293` FOREIGN KEY (`orderId`) REFERENCES `order` (`id`) ON DELETE NO ACTION ON UPDATE NO ACTION;

--
-- Constraints for table `queue`
--
ALTER TABLE `queue`
  ADD CONSTRAINT `FK_40c92753af64ddb028b3d2cc691` FOREIGN KEY (`empCookId`) REFERENCES `user` (`id`) ON DELETE NO ACTION ON UPDATE NO ACTION,
  ADD CONSTRAINT `FK_cb49776c3a8913a1da1a235e8ac` FOREIGN KEY (`empServeId`) REFERENCES `user` (`id`) ON DELETE NO ACTION ON UPDATE NO ACTION,
  ADD CONSTRAINT `FK_ededf74f76f3764953328f50c46` FOREIGN KEY (`orderitemId`) REFERENCES `orderitem` (`id`) ON DELETE NO ACTION ON UPDATE NO ACTION;

--
-- Constraints for table `salary`
--
ALTER TABLE `salary`
  ADD CONSTRAINT `FK_214bcd0a429256834f9e9cba42f` FOREIGN KEY (`userId`) REFERENCES `user` (`id`) ON DELETE NO ACTION ON UPDATE NO ACTION;

--
-- Constraints for table `salarylog`
--
ALTER TABLE `salarylog`
  ADD CONSTRAINT `FK_d63e8a13bbcdffcbaa4e6b5697f` FOREIGN KEY (`userId`) REFERENCES `user` (`id`) ON DELETE NO ACTION ON UPDATE NO ACTION;

--
-- Constraints for table `stock_buy_detail`
--
ALTER TABLE `stock_buy_detail`
  ADD CONSTRAINT `FK_a94a82d11726d07d66b7c13c1ae` FOREIGN KEY (`stockBuyListId`) REFERENCES `stock_buy_list` (`id`) ON DELETE NO ACTION ON UPDATE NO ACTION;

--
-- Constraints for table `stock_buy_list`
--
ALTER TABLE `stock_buy_list`
  ADD CONSTRAINT `FK_4cfcbb558674bcc356a0390897e` FOREIGN KEY (`userId`) REFERENCES `user` (`id`) ON DELETE NO ACTION ON UPDATE NO ACTION;
COMMIT;

/*!40101 SET CHARACTER_SET_CLIENT=@OLD_CHARACTER_SET_CLIENT */;
/*!40101 SET CHARACTER_SET_RESULTS=@OLD_CHARACTER_SET_RESULTS */;
/*!40101 SET COLLATION_CONNECTION=@OLD_COLLATION_CONNECTION */;
