-- phpMyAdmin SQL Dump
-- version 5.2.1
-- https://www.phpmyadmin.net/
--
-- Host: localhost:3306
-- Waktu pembuatan: 27 Des 2023 pada 21.02
-- Versi server: 10.6.16-MariaDB-cll-lve
-- Versi PHP: 8.1.26

SET SQL_MODE = "NO_AUTO_VALUE_ON_ZERO";
START TRANSACTION;
SET time_zone = "+00:00";


/*!40101 SET @OLD_CHARACTER_SET_CLIENT=@@CHARACTER_SET_CLIENT */;
/*!40101 SET @OLD_CHARACTER_SET_RESULTS=@@CHARACTER_SET_RESULTS */;
/*!40101 SET @OLD_COLLATION_CONNECTION=@@COLLATION_CONNECTION */;
/*!40101 SET NAMES utf8mb4 */;

--
-- Database: `dcrqdqgh_db_sig`
--

-- --------------------------------------------------------

--
-- Struktur dari tabel `failed_jobs`
--

CREATE TABLE `failed_jobs` (
  `id` bigint(20) UNSIGNED NOT NULL,
  `uuid` varchar(255) NOT NULL,
  `connection` text NOT NULL,
  `queue` text NOT NULL,
  `payload` longtext NOT NULL,
  `exception` longtext NOT NULL,
  `failed_at` timestamp NOT NULL DEFAULT current_timestamp()
) ENGINE=InnoDB DEFAULT CHARSET=utf8mb4 COLLATE=utf8mb4_unicode_ci;

-- --------------------------------------------------------

--
-- Struktur dari tabel `migrations`
--

CREATE TABLE `migrations` (
  `id` int(10) UNSIGNED NOT NULL,
  `migration` varchar(255) NOT NULL,
  `batch` int(11) NOT NULL
) ENGINE=InnoDB DEFAULT CHARSET=utf8mb4 COLLATE=utf8mb4_unicode_ci;

--
-- Dumping data untuk tabel `migrations`
--

INSERT INTO `migrations` (`id`, `migration`, `batch`) VALUES
(1, '2014_10_12_000000_create_users_table', 1),
(2, '2014_10_12_100000_create_password_reset_tokens_table', 1),
(3, '2014_10_12_100000_create_password_resets_table', 1),
(4, '2019_08_19_000000_create_failed_jobs_table', 1),
(5, '2019_12_14_000001_create_personal_access_tokens_table', 1);

-- --------------------------------------------------------

--
-- Struktur dari tabel `password_resets`
--

CREATE TABLE `password_resets` (
  `email` varchar(255) NOT NULL,
  `token` varchar(255) NOT NULL,
  `created_at` timestamp NULL DEFAULT NULL
) ENGINE=InnoDB DEFAULT CHARSET=utf8mb4 COLLATE=utf8mb4_unicode_ci;

-- --------------------------------------------------------

--
-- Struktur dari tabel `password_reset_tokens`
--

CREATE TABLE `password_reset_tokens` (
  `email` varchar(255) NOT NULL,
  `token` varchar(255) NOT NULL,
  `created_at` timestamp NULL DEFAULT NULL
) ENGINE=InnoDB DEFAULT CHARSET=utf8mb4 COLLATE=utf8mb4_unicode_ci;

-- --------------------------------------------------------

--
-- Struktur dari tabel `personal_access_tokens`
--

CREATE TABLE `personal_access_tokens` (
  `id` bigint(20) UNSIGNED NOT NULL,
  `tokenable_type` varchar(255) NOT NULL,
  `tokenable_id` bigint(20) UNSIGNED NOT NULL,
  `name` varchar(255) NOT NULL,
  `token` varchar(64) NOT NULL,
  `abilities` text DEFAULT NULL,
  `last_used_at` timestamp NULL DEFAULT NULL,
  `expires_at` timestamp NULL DEFAULT NULL,
  `created_at` timestamp NULL DEFAULT NULL,
  `updated_at` timestamp NULL DEFAULT NULL
) ENGINE=InnoDB DEFAULT CHARSET=utf8mb4 COLLATE=utf8mb4_unicode_ci;

-- --------------------------------------------------------

--
-- Struktur dari tabel `tbl_datadonatur`
--

CREATE TABLE `tbl_datadonatur` (
  `id_dd` int(11) NOT NULL,
  `nama_dd` varchar(150) DEFAULT NULL,
  `id_kecamatan` int(11) DEFAULT NULL,
  `alamat_dd` text DEFAULT NULL,
  `notelp_dd` varchar(150) DEFAULT NULL
) ENGINE=InnoDB DEFAULT CHARSET=utf8mb4 COLLATE=utf8mb4_general_ci;

--
-- Dumping data untuk tabel `tbl_datadonatur`
--

INSERT INTO `tbl_datadonatur` (`id_dd`, `nama_dd`, `id_kecamatan`, `alamat_dd`, `notelp_dd`) VALUES
(20, 'Siti Aisyah Retnowati', 5, 'JL. Maluku No 5 Keprabon', '087885369061'),
(23, 'Hj Supartinah Murdiyanto', 5, 'Kestalan Rt 1/6, Banjarsari', '085867064896'),
(26, 'arum setyaningtyas', 2, 'gang Duku no IV', '08213340467');

-- --------------------------------------------------------

--
-- Struktur dari tabel `tbl_datapm`
--

CREATE TABLE `tbl_datapm` (
  `id_dpm` int(11) NOT NULL,
  `nama_dpm` varchar(150) DEFAULT NULL,
  `id_kecamatan` int(11) DEFAULT NULL,
  `alamat_dpm` text DEFAULT NULL,
  `notelp_dpm` varchar(150) DEFAULT NULL,
  `keterangan_dpm` text DEFAULT NULL
) ENGINE=InnoDB DEFAULT CHARSET=utf8mb4 COLLATE=utf8mb4_general_ci;

--
-- Dumping data untuk tabel `tbl_datapm`
--

INSERT INTO `tbl_datapm` (`id_dpm`, `nama_dpm`, `id_kecamatan`, `alamat_dpm`, `notelp_dpm`, `keterangan_dpm`) VALUES
(11, 'Aqila Ftahiya Azzahrah Nur\'aini', 2, 'Gang Duku IV, Laweyan', '082133450467', NULL),
(16, 'Agus Hariyanto', 6, 'Jagalan, Jebres, Kota Surakarta', '082111187432', NULL);

-- --------------------------------------------------------

--
-- Struktur dari tabel `tbl_jenisdonatur`
--

CREATE TABLE `tbl_jenisdonatur` (
  `id_jenisdonatur` int(11) NOT NULL,
  `jenis_donatur` varchar(225) DEFAULT NULL,
  `icon` varchar(225) DEFAULT NULL
) ENGINE=InnoDB DEFAULT CHARSET=utf8mb4 COLLATE=utf8mb4_general_ci;

--
-- Dumping data untuk tabel `tbl_jenisdonatur`
--

INSERT INTO `tbl_jenisdonatur` (`id_jenisdonatur`, `jenis_donatur`, `icon`) VALUES
(9, 'Zakat', 'zakat.png'),
(10, 'Infaq', 'infaq.png'),
(11, 'Shadaqah', 'sedekah.png');

-- --------------------------------------------------------

--
-- Struktur dari tabel `tbl_kecamatan`
--

CREATE TABLE `tbl_kecamatan` (
  `id_kecamatan` int(11) NOT NULL,
  `kecamatan` varchar(259) DEFAULT NULL,
  `geojson` longtext DEFAULT NULL,
  `warna` varchar(15) DEFAULT NULL
) ENGINE=InnoDB DEFAULT CHARSET=utf8mb4 COLLATE=utf8mb4_general_ci;

--
-- Dumping data untuk tabel `tbl_kecamatan`
--

INSERT INTO `tbl_kecamatan` (`id_kecamatan`, `kecamatan`, `geojson`, `warna`) VALUES
(2, 'Laweyan', '{\r\n\"type\": \"FeatureCollection\",\r\n\"name\": \"laweyan\",\r\n\"crs\": { \"type\": \"name\", \"properties\": { \"name\": \"urn:ogc:def:crs:OGC:1.3:CRS84\" } },\r\n\"features\": [\r\n{ \"type\": \"Feature\", \"properties\": { \"provinsi\": \"JAWA TENGAH\", \"kabupaten\": \"SURAKARTA\", \"kecamatan\": \"Laweyan\", \"kode_dagri\": 337201 }, \"geometry\": { \"type\": \"MultiPolygon\", \"coordinates\": [ [ [ [ 110.771289962861744, -7.545451401860531 ], [ 110.771415847263768, -7.545556197160614 ], [ 110.771835673277891, -7.545504051770474 ], [ 110.772286911711888, -7.545588070932591 ], [ 110.772496794591675, -7.545619599364811 ], [ 110.772769630914013, -7.545682578887742 ], [ 110.773597714063527, -7.545808289720685 ], [ 110.773651103216096, -7.545824007172025 ], [ 110.774139411704766, -7.545946573975043 ], [ 110.775193722912249, -7.546155115965742 ], [ 110.775886299813152, -7.546333512681364 ], [ 110.77623207565, -7.546401207349724 ], [ 110.776611327850759, -7.54651830267738 ], [ 110.776709646233428, -7.546511290663388 ], [ 110.776841235035249, -7.546543461211658 ], [ 110.777250438257397, -7.54674265744752 ], [ 110.777533909062896, -7.546533341140655 ], [ 110.777691365964017, -7.546470582850978 ], [ 110.778279191631611, -7.546261422126771 ], [ 110.778415643067717, -7.546230071760291 ], [ 110.778583599553684, -7.546156846261293 ], [ 110.778730523595073, -7.546167394409603 ], [ 110.778971960987462, -7.546062786168512 ], [ 110.779171376657928, -7.546041940782827 ], [ 110.779381297309271, -7.546000154683269 ], [ 110.779633235185884, -7.545885079232856 ], [ 110.780158084028571, -7.545686356040377 ], [ 110.780535938682902, -7.545613234862731 ], [ 110.78074584944163, -7.545592393973716 ], [ 110.780903263175318, -7.54561341922379 ], [ 110.7810816832733, -7.545603035651477 ], [ 110.781333604062866, -7.545519378016702 ], [ 110.781522560617987, -7.545425215401219 ], [ 110.78153416007369, -7.545425543653756 ], [ 110.781763819045267, -7.545676688328324 ], [ 110.782005289712544, -7.545718147973996 ], [ 110.782135014219762, -7.545847871581851 ], [ 110.782393269833818, -7.546169231724526 ], [ 110.782687145795336, -7.546137958699645 ], [ 110.78277057500226, -7.546061718673264 ], [ 110.782839429796127, -7.546108340427366 ], [ 110.783004734181418, -7.546220263753972 ], [ 110.783027631820048, -7.546237939029527 ], [ 110.783515917825639, -7.546492067654692 ], [ 110.783683772688178, -7.546578872916515 ], [ 110.784040691125199, -7.546756536684657 ], [ 110.784344993826636, -7.546861417420309 ], [ 110.784464213352976, -7.546924942831729 ], [ 110.784502376983369, -7.546945279201117 ], [ 110.784722736065646, -7.547018698054337 ], [ 110.78505857619254, -7.547018862630245 ], [ 110.785436369692945, -7.547071413614698 ], [ 110.785992441198488, -7.547406822067088 ], [ 110.786286219133984, -7.547574533937435 ], [ 110.786632450927087, -7.547784163208443 ], [ 110.786936714957676, -7.547972825685195 ], [ 110.787240982585487, -7.548151014657484 ], [ 110.787545329353719, -7.548172109155366 ], [ 110.787881159588096, -7.548193218042448 ], [ 110.78814354129166, -7.54818287224161 ], [ 110.78822758743344, -7.548004872126962 ], [ 110.788332573389809, -7.547931611554509 ], [ 110.788521493972013, -7.547910757175575 ], [ 110.788731358865391, -7.547984169733474 ], [ 110.789014703765815, -7.548026198649999 ], [ 110.789161786987151, -7.547712079848451 ], [ 110.7893363346044, -7.547635207598641 ], [ 110.789535329392152, -7.547270676400436 ], [ 110.789578394327691, -7.547109830853866 ], [ 110.789675139796117, -7.547061618198931 ], [ 110.790180161285633, -7.547233450763019 ], [ 110.790620713075711, -7.547378441261915 ], [ 110.791066666193871, -7.54746981058318 ], [ 110.791501860722562, -7.547582625137855 ], [ 110.791942426901741, -7.547700802350049 ], [ 110.79223255988498, -7.547770649096036 ], [ 110.792340081030119, -7.54766345620343 ], [ 110.792678548976056, -7.54778694661013 ], [ 110.792976497967231, -7.547781779105661 ], [ 110.792968716133657, -7.547787085105745 ], [ 110.79297863925305, -7.547782138834441 ], [ 110.793199759161823, -7.547819367169878 ], [ 110.793250523193294, -7.547817984012556 ], [ 110.793393206031908, -7.547814096243427 ], [ 110.79354904055603, -7.547803445572415 ], [ 110.793747838392278, -7.547846436763556 ], [ 110.793914323587416, -7.548039553582359 ], [ 110.794091602445761, -7.548136156058599 ], [ 110.794419339680985, -7.548227467823238 ], [ 110.794537480020892, -7.548388388912936 ], [ 110.79470936834295, -7.548522523695328 ], [ 110.794784616417132, -7.548479662006641 ], [ 110.794819513709825, -7.548396496301119 ], [ 110.795051549589573, -7.548545335898388 ], [ 110.795128221290653, -7.548556834630044 ], [ 110.795166017098296, -7.548562503956297 ], [ 110.795494062800984, -7.548569177825132 ], [ 110.79576110389209, -7.54859969182215 ], [ 110.795982752602242, -7.548791229431568 ], [ 110.796175237197701, -7.548949563171642 ], [ 110.796269999660993, -7.549320000217658 ], [ 110.796369999775948, -7.549619999663121 ], [ 110.796790000258511, -7.550000000099749 ], [ 110.797320000417912, -7.550579999866986 ], [ 110.79763000032446, -7.550809999681557 ], [ 110.797699999955256, -7.550860000188758 ], [ 110.798170000045673, -7.551199999680075 ], [ 110.798560000044176, -7.551350000302132 ], [ 110.798549999583017, -7.551459999978877 ], [ 110.798510000436437, -7.551680000231648 ], [ 110.798439999906265, -7.552030000184224 ], [ 110.798470000390409, -7.552199999929882 ], [ 110.798499999975263, -7.552250000437083 ], [ 110.798549999583017, -7.552280000021855 ], [ 110.798709999766956, -7.552320000067797 ], [ 110.798860000388927, -7.552269999560685 ], [ 110.799150000272505, -7.552150000322139 ], [ 110.799739999601542, -7.552549999882458 ], [ 110.799810000131629, -7.552560000343628 ], [ 110.800039999946279, -7.552520000297597 ], [ 110.800280000222116, -7.552380000136711 ], [ 110.800429999944797, -7.552219999952853 ], [ 110.800659999759461, -7.551990000138281 ], [ 110.80092000005817, -7.551780000346592 ], [ 110.801100000264995, -7.551700000254619 ], [ 110.801160000334008, -7.551689999793537 ], [ 110.801530000309555, -7.551640000185706 ], [ 110.801682196176657, -7.551660572177549 ], [ 110.801853434288802, -7.551718830259641 ], [ 110.8018124144117, -7.551770642001382 ], [ 110.801811391882438, -7.551771931629164 ], [ 110.801709999617003, -7.551899999585138 ], [ 110.801704788045754, -7.551906577226592 ], [ 110.801290000033717, -7.552429999744542 ], [ 110.801189999918776, -7.552569999905429 ], [ 110.801140000311037, -7.552629999974431 ], [ 110.801080000242024, -7.552699999605145 ], [ 110.800149999623031, -7.55429999964507 ], [ 110.799879999762425, -7.554789999758532 ], [ 110.79936999962608, -7.555780000446449 ], [ 110.799130000249534, -7.556260000098741 ], [ 110.798909999996766, -7.556639999636089 ], [ 110.798649999697957, -7.557089999703609 ], [ 110.798580000067247, -7.557209999841436 ], [ 110.798239999676468, -7.557780000046871 ], [ 110.7982100000917, -7.557829999654614 ], [ 110.798020000322978, -7.558230000114214 ], [ 110.79792999976992, -7.558410000321131 ], [ 110.797900000185152, -7.558470000390044 ], [ 110.797829999654979, -7.558589999628679 ], [ 110.797769999586066, -7.558700000204705 ], [ 110.797590000278518, -7.559030000134221 ], [ 110.79735000000278, -7.55946000017877 ], [ 110.797187875620239, -7.559746102400594 ], [ 110.797180000257029, -7.559759999624144 ], [ 110.797013299224588, -7.559950393295906 ], [ 110.797045253935551, -7.560174347867682 ], [ 110.797252065630602, -7.560484219171232 ], [ 110.797301551725468, -7.560558364676612 ], [ 110.797301915051548, -7.560567211307595 ], [ 110.797308341606936, -7.560723851624313 ], [ 110.797327021425161, -7.561179111826383 ], [ 110.797857009893377, -7.561081148675902 ], [ 110.799139525868668, -7.560804482140976 ], [ 110.799170093825012, -7.560802208654866 ], [ 110.79924525556433, -7.560786007368153 ], [ 110.7995911698968, -7.560717137285894 ], [ 110.799840205661255, -7.560717252399146 ], [ 110.800850283713828, -7.560496819572399 ], [ 110.801431430116651, -7.560359026347835 ], [ 110.802593983725586, -7.56018233114954 ], [ 110.80340381783212, -7.560027966117583 ], [ 110.803827384126691, -7.559945016249364 ], [ 110.804055755269133, -7.559900292964023 ], [ 110.806239999876368, -7.559549999832455 ], [ 110.806292117387557, -7.559538088311974 ], [ 110.807639999686486, -7.55923000036402 ], [ 110.80763000012459, -7.559299999994823 ], [ 110.807590000078648, -7.55946000017877 ], [ 110.807489999963792, -7.55989999978503 ], [ 110.807469999940821, -7.559970000315114 ], [ 110.807329999779853, -7.56053999962118 ], [ 110.807130000449419, -7.56118000035661 ], [ 110.806959999804391, -7.561729999639616 ], [ 110.806859999689536, -7.562050000007331 ], [ 110.806810000081711, -7.562310000306133 ], [ 110.806970000265565, -7.562370000375046 ], [ 110.807329999779853, -7.562410000421077 ], [ 110.807750000262601, -7.562520000097822 ], [ 110.808049999707976, -7.562609999751596 ], [ 110.808289999983714, -7.562709999866452 ], [ 110.80863999993629, -7.562800000419595 ], [ 110.8087099995671, -7.562820000442566 ], [ 110.80898999988878, -7.562789999958425 ], [ 110.808980000326983, -7.563010000211196 ], [ 110.808969999865809, -7.563260000048827 ], [ 110.809009999911751, -7.563309999656659 ], [ 110.809629999725018, -7.563589999978432 ], [ 110.809939999631567, -7.563710000116258 ], [ 110.810239999976304, -7.563750000162201 ], [ 110.810489999813854, -7.563799999770032 ], [ 110.81079000015859, -7.563850000277145 ], [ 110.810890000273531, -7.563859999838946 ], [ 110.81087000025056, -7.564109999676577 ], [ 110.8108599997894, -7.564360000413489 ], [ 110.811439999556541, -7.564459999629064 ], [ 110.811679999832378, -7.564519999698066 ], [ 110.812379999737431, -7.564650000297063 ], [ 110.813079999642497, -7.56482000004281 ], [ 110.81321999980338, -7.564860000088841 ], [ 110.813720000377927, -7.564929999719555 ], [ 110.814420000282993, -7.565100000364583 ], [ 110.814400000260022, -7.565169999995386 ], [ 110.814320000168138, -7.56568999969362 ], [ 110.814269999661022, -7.566019999623136 ], [ 110.814480000351992, -7.566079999692049 ], [ 110.81465999965954, -7.566130000199162 ], [ 110.81479000025854, -7.566330000428962 ], [ 110.814850000327539, -7.566529999759481 ], [ 110.815000000050233, -7.566560000243711 ], [ 110.815479999702433, -7.566529999759481 ], [ 110.815710000416374, -7.566529999759481 ], [ 110.816290000183614, -7.566629999874425 ], [ 110.816620000113119, -7.566729999989369 ], [ 110.816769999835898, -7.566770000035311 ], [ 110.816270000160642, -7.568430000144239 ], [ 110.816620000113119, -7.568530000259183 ], [ 110.817190000318476, -7.568749999612673 ], [ 110.817293196623922, -7.568786855628779 ], [ 110.817329999580082, -7.568800000119697 ], [ 110.817290000433417, -7.56888000021167 ], [ 110.817190000318476, -7.56933000027919 ], [ 110.817110000226592, -7.569919999608138 ], [ 110.817090000203621, -7.569979999677051 ], [ 110.817039999696505, -7.57017000034505 ], [ 110.816930000019767, -7.5708100001812 ], [ 110.816769999835898, -7.571519999648152 ], [ 110.816700000205103, -7.57190000008478 ], [ 110.816540000021234, -7.572760000173701 ], [ 110.816459999929265, -7.573150000172219 ], [ 110.816330000229641, -7.573540000170737 ], [ 110.816210000091644, -7.573970000215197 ], [ 110.816139999561642, -7.574180000006886 ], [ 110.815880000162124, -7.575040000095806 ], [ 110.815860000139153, -7.57510000016472 ], [ 110.815570000255576, -7.575989999838412 ], [ 110.815556409700761, -7.575988640962911 ], [ 110.815553595722108, -7.575999475095613 ], [ 110.815474825003363, -7.575984297237354 ], [ 110.814837266826714, -7.575859751925868 ], [ 110.814240320234816, -7.575758103353642 ], [ 110.813852454327602, -7.575690762118831 ], [ 110.813283019795719, -7.575591352858541 ], [ 110.812807652551314, -7.575501465619999 ], [ 110.812601896660496, -7.575468423628723 ], [ 110.812428971420147, -7.57543867675336 ], [ 110.812040513758916, -7.575371856226027 ], [ 110.811902689058101, -7.575346748053863 ], [ 110.81166681487187, -7.575303779345805 ], [ 110.811273378563811, -7.575232105177338 ], [ 110.811176535069251, -7.575217115277527 ], [ 110.80986102296805, -7.57501349077982 ], [ 110.809736554998238, -7.574990622818784 ], [ 110.809605415857547, -7.574972820738973 ], [ 110.809550918740143, -7.575022150351812 ], [ 110.809495890123458, -7.575071960202634 ], [ 110.809457061894122, -7.575107104808882 ], [ 110.809413801805803, -7.57527438860201 ], [ 110.80939343306072, -7.575378309761066 ], [ 110.809028268739894, -7.575254129574311 ], [ 110.808908292883615, -7.575213330031011 ], [ 110.808613648901073, -7.575121945421354 ], [ 110.808252926331747, -7.575888775746281 ], [ 110.807942697098071, -7.576559666395361 ], [ 110.807936307414877, -7.576564076670706 ], [ 110.807294591672303, -7.576472458237244 ], [ 110.806910062249855, -7.576368094611769 ], [ 110.806530061813135, -7.576208095327192 ], [ 110.806180061860573, -7.576118094774048 ], [ 110.80605252540397, -7.576078720656304 ], [ 110.805610061655301, -7.575928095005419 ], [ 110.805520062001534, -7.575898095420647 ], [ 110.805390062301726, -7.575848094913535 ], [ 110.805253148614142, -7.575799196975214 ], [ 110.805305489157234, -7.575582945096676 ], [ 110.805290206977716, -7.575348354243 ], [ 110.805183406189514, -7.575158566714374 ], [ 110.805002679330428, -7.575110192181461 ], [ 110.80487205370251, -7.575005097407156 ], [ 110.804840745604182, -7.574968389779197 ], [ 110.80475028729613, -7.574801570935569 ], [ 110.804741848058114, -7.574776976276282 ], [ 110.804701198701608, -7.574361329411711 ], [ 110.804707927429149, -7.574298654758954 ], [ 110.804771407874398, -7.574008435440777 ], [ 110.804718018721829, -7.573853466963793 ], [ 110.804695121083199, -7.573828198712302 ], [ 110.80458831939562, -7.573727104122358 ], [ 110.804328894662987, -7.573597403896865 ], [ 110.804206860258631, -7.573565439293456 ], [ 110.803916920629618, -7.573404763718744 ], [ 110.803915207421198, -7.573403594600076 ], [ 110.803573592747313, -7.573170632418619 ], [ 110.803543077851018, -7.57315537542011 ], [ 110.80339050426862, -7.573089557636798 ], [ 110.803153978073908, -7.572988002594111 ], [ 110.802886962163811, -7.572874527037693 ], [ 110.80265807660922, -7.572664719700856 ], [ 110.80257066610362, -7.572537834353382 ], [ 110.802558911065177, -7.572537828058151 ], [ 110.802352879981683, -7.572274193598999 ], [ 110.802177407861393, -7.571915607818908 ], [ 110.802101121070109, -7.571714361128751 ], [ 110.802047707635893, -7.571629513690964 ], [ 110.801986703024227, -7.571562754317468 ], [ 110.801801405810465, -7.571462156153447 ], [ 110.801566842835825, -7.571403527550586 ], [ 110.801185659790605, -7.571344833297217 ], [ 110.8001665651351, -7.571549191641775 ], [ 110.799895309820897, -7.571571012791817 ], [ 110.799810084667911, -7.571593647828418 ], [ 110.799787078211352, -7.571596085890525 ], [ 110.799767628573449, -7.57159539611047 ], [ 110.79970470211056, -7.571578239743832 ], [ 110.799674272649838, -7.571592084806706 ], [ 110.799629054737309, -7.571590481315499 ], [ 110.799540342013387, -7.571584907317436 ], [ 110.799357374043808, -7.571565457679625 ], [ 110.799171616377237, -7.571584737345577 ], [ 110.798941401624631, -7.571817008847787 ], [ 110.798569951042609, -7.572233263654055 ], [ 110.798500036847457, -7.572251778896372 ], [ 110.798429697272951, -7.572251778896372 ], [ 110.798430000344467, -7.572250000037267 ], [ 110.798233904071651, -7.572186124789687 ], [ 110.798084593229646, -7.572126450275291 ], [ 110.797389178967649, -7.571843722309807 ], [ 110.797280755802532, -7.571799641140426 ], [ 110.796862193335812, -7.571661125760193 ], [ 110.796418636910801, -7.571608358039156 ], [ 110.795970626143728, -7.571760738267325 ], [ 110.79589080411759, -7.571762066565952 ], [ 110.795792359829761, -7.571772710941644 ], [ 110.795613056597489, -7.571719997180021 ], [ 110.795331113740161, -7.571848272879328 ], [ 110.794677707710264, -7.571984737805265 ], [ 110.794610697426009, -7.571993888407053 ], [ 110.79438529314703, -7.5719448816508 ], [ 110.79403876637619, -7.572095026164422 ], [ 110.793549180850206, -7.572154918314683 ], [ 110.79336087180701, -7.572192404755568 ], [ 110.793170585154613, -7.572141674898186 ], [ 110.793151846880477, -7.572118259250099 ], [ 110.792945859863792, -7.571730126244186 ], [ 110.792872647854722, -7.571564272373105 ], [ 110.792881301131388, -7.571161299654089 ], [ 110.792809530735539, -7.571211458441879 ], [ 110.792712231284639, -7.571279457980412 ], [ 110.792702194850648, -7.571286470893773 ], [ 110.792722935015703, -7.571397136968122 ], [ 110.792747094403168, -7.571604628550616 ], [ 110.79273266208294, -7.571672442828809 ], [ 110.792660263060881, -7.572012632077135 ], [ 110.792549119446562, -7.5724000492227 ], [ 110.792457574757492, -7.572728603042406 ], [ 110.792472831756001, -7.572928883860736 ], [ 110.792489918874921, -7.573132942730981 ], [ 110.792489803761669, -7.573373050026095 ], [ 110.792485163259911, -7.573399732011871 ], [ 110.792481485032766, -7.573420874173848 ], [ 110.792463520175517, -7.573460261781512 ], [ 110.792449363947242, -7.573469798192462 ], [ 110.792423274614677, -7.573487370945315 ], [ 110.792347295391579, -7.573508008587576 ], [ 110.792340729441321, -7.573509791943173 ], [ 110.792317365054629, -7.573509609380852 ], [ 110.791876350113697, -7.573506114615308 ], [ 110.791388999403068, -7.573399592616975 ], [ 110.791333207261943, -7.573372630042669 ], [ 110.791290781744436, -7.573352126399352 ], [ 110.790972031434293, -7.573149508243055 ], [ 110.790826516630716, -7.573073361746125 ], [ 110.790504256266715, -7.573014421078489 ], [ 110.790216592821736, -7.573073067667763 ], [ 110.790001708812042, -7.57312483534271 ], [ 110.789755610233456, -7.573228456128173 ], [ 110.78974843274419, -7.57327259215625 ], [ 110.789746533376061, -7.573273360177274 ], [ 110.789718041954302, -7.573399711327439 ], [ 110.789698489793707, -7.573486423059811 ], [ 110.789688617036333, -7.573500439893194 ], [ 110.789523187645258, -7.573712464058796 ], [ 110.789401813343275, -7.573881847768965 ], [ 110.789270058166906, -7.57402010414438 ], [ 110.789042842653302, -7.574147074927423 ], [ 110.788694573895739, -7.574325730647774 ], [ 110.788505049868419, -7.5744738067206 ], [ 110.788412836083722, -7.574570839072797 ], [ 110.788412777627812, -7.57469044260965 ], [ 110.788412262316285, -7.574690388650413 ], [ 110.788394943172307, -7.574703980104508 ], [ 110.78834494716186, -7.574743214827357 ], [ 110.788170602791268, -7.574871098422359 ], [ 110.788033284408741, -7.574945480449386 ], [ 110.788006826354234, -7.574959811146193 ], [ 110.787969113284248, -7.575021321176862 ], [ 110.787956902289451, -7.575030451094306 ], [ 110.787861982444753, -7.575089175025268 ], [ 110.787819651356074, -7.575111510587646 ], [ 110.787810633853951, -7.5751162689005 ], [ 110.787809862235633, -7.575121420217207 ], [ 110.787808366662986, -7.575122344720259 ], [ 110.787750549248756, -7.57533827194356 ], [ 110.787745800828333, -7.575341111103223 ], [ 110.787736432590506, -7.5753467138796 ], [ 110.787730916149073, -7.575346405412126 ], [ 110.787571267600114, -7.575287874835385 ], [ 110.787427186315881, -7.575235052255741 ], [ 110.78723016104334, -7.57531945722702 ], [ 110.787110801222724, -7.575370590879888 ], [ 110.787013205894993, -7.575446281420567 ], [ 110.787103103925347, -7.575376219736646 ], [ 110.787114894037344, -7.575177885051171 ], [ 110.786978489366049, -7.575166151596519 ], [ 110.786947600351681, -7.575136089958451 ], [ 110.786921573072419, -7.575124531871519 ], [ 110.786843170176425, -7.575037519765554 ], [ 110.786764735804184, -7.575011389064218 ], [ 110.786753347689114, -7.575006411316671 ], [ 110.786697107685612, -7.574997283197876 ], [ 110.786682366897907, -7.574994890101933 ], [ 110.786686181822105, -7.574973066253871 ], [ 110.786655816213141, -7.574946106377495 ], [ 110.786455304269126, -7.575024284443027 ], [ 110.786445465685929, -7.575028788247823 ], [ 110.786329000782956, -7.575082115347182 ], [ 110.786294017155413, -7.575098133172204 ], [ 110.786248467393051, -7.575125002216882 ], [ 110.786080406585739, -7.575224139881981 ], [ 110.785982444334621, -7.575267274964687 ], [ 110.785892967186896, -7.575306673364163 ], [ 110.785843143846236, -7.575338423928918 ], [ 110.785640735232008, -7.575467411891451 ], [ 110.785627037657918, -7.575476140711163 ], [ 110.785595430984642, -7.575493947287643 ], [ 110.785430992646397, -7.575586581955046 ], [ 110.785428692180631, -7.575589466980154 ], [ 110.785426507727379, -7.575589109050024 ], [ 110.785430683279642, -7.575586757322855 ], [ 110.785430874835214, -7.575586649404204 ], [ 110.785430867640713, -7.575584761727256 ], [ 110.785423549857171, -7.575590041646957 ], [ 110.785389870246604, -7.575614343127252 ], [ 110.784782401586781, -7.576052635820324 ], [ 110.784759528229884, -7.576073624198204 ], [ 110.78370667122617, -7.575989212931694 ], [ 110.782608042327567, -7.575879074759334 ], [ 110.782478317820335, -7.575831391805127 ], [ 110.782466329857442, -7.575827340359282 ], [ 110.782440185666275, -7.575818503620918 ], [ 110.78245544356416, -7.575786563299153 ], [ 110.78251647335685, -7.575719319191093 ], [ 110.78266907122088, -7.575500927825391 ], [ 110.782750110929157, -7.57532472005959 ], [ 110.782775872908459, -7.575268705786015 ], [ 110.782989500565265, -7.574820970211444 ], [ 110.78306578825584, -7.574665518798546 ], [ 110.783172589943334, -7.574386558092988 ], [ 110.783241260376144, -7.574208716259107 ], [ 110.783401474598648, -7.573842972774808 ], [ 110.783508300567874, -7.573592157252146 ], [ 110.783622742895488, -7.573337544791698 ], [ 110.783645617151763, -7.573291264779875 ], [ 110.783821090171429, -7.572606059621839 ], [ 110.783836370552294, -7.572544546893151 ], [ 110.783866886347965, -7.572299436669478 ], [ 110.78389740124436, -7.572115405701235 ], [ 110.783905016703372, -7.571969480806756 ], [ 110.78391265824277, -7.571894621239589 ], [ 110.78389740124436, -7.571809750419528 ], [ 110.783889759704863, -7.571688150387707 ], [ 110.783874502706354, -7.571607075605885 ], [ 110.783790575275134, -7.571146935682388 ], [ 110.783737186122465, -7.570861784043909 ], [ 110.783622742895488, -7.57026623769656 ], [ 110.783569331259841, -7.56988330367136 ], [ 110.783554073362055, -7.56982087183557 ], [ 110.783554073362055, -7.569782716299151 ], [ 110.78359222889847, -7.569458465735507 ], [ 110.783653234409513, -7.568835717594186 ], [ 110.783676132048058, -7.568592518429823 ], [ 110.783699029686773, -7.568348858812629 ], [ 110.783729544583068, -7.568051786660507 ], [ 110.783775317377248, -7.56769605532856 ], [ 110.783248901016165, -7.567633139657487 ], [ 110.783250610627462, -7.567621917017692 ], [ 110.78328293585902, -7.567409760651794 ], [ 110.783294672911069, -7.567332731020588 ], [ 110.783454888032949, -7.566782449350401 ], [ 110.783477762289124, -7.566702342239146 ], [ 110.783660899331281, -7.566111050584396 ], [ 110.783714287584559, -7.565927018716784 ], [ 110.78376770101886, -7.565753433374062 ], [ 110.783851604168447, -7.565494999694272 ], [ 110.783943173139164, -7.565202208315131 ], [ 110.784103388260945, -7.564528923670738 ], [ 110.784118645259554, -7.564460737073214 ], [ 110.784103388260945, -7.564387278649781 ], [ 110.784095746721547, -7.56430003901542 ], [ 110.78407287336465, -7.56423233625318 ], [ 110.784057616366141, -7.5641689115659 ], [ 110.783836370552294, -7.563662493429141 ], [ 110.78358458825835, -7.56352563460016 ], [ 110.78321838611987, -7.563331568996573 ], [ 110.782936088030254, -7.563220463153736 ], [ 110.78266907122088, -7.563117941339764 ], [ 110.782348617594849, -7.562905764289435 ], [ 110.782302845699945, -7.562868091688929 ], [ 110.782104475041734, -7.562758437351852 ], [ 110.782043446148336, -7.56269880960227 ], [ 110.782012931252041, -7.562669238094716 ], [ 110.781532285886485, -7.562327360818894 ], [ 110.78126524569484, -7.56212659706465 ], [ 110.780746445692145, -7.561768978955036 ], [ 110.780723572335248, -7.56175657460611 ], [ 110.780151358898337, -7.561450436388401 ], [ 110.779510500209653, -7.561028934937236 ], [ 110.77915955596896, -7.560791950088336 ], [ 110.778884897620188, -7.56070038111753 ], [ 110.778236398291369, -7.560508708609887 ], [ 110.778556827635754, -7.559559799744803 ], [ 110.778587343431425, -7.559499230405037 ], [ 110.778594958890537, -7.559468230774086 ], [ 110.778640755966364, -7.559323274449453 ], [ 110.778709426399161, -7.559075334958648 ], [ 110.77879333044811, -7.558783027414612 ], [ 110.778808401286909, -7.558737811300825 ], [ 110.778808587446633, -7.558737253721154 ], [ 110.779090884636872, -7.557915676267263 ], [ 110.779186893560535, -7.557555281051282 ], [ 110.779269999910866, -7.55751000018618 ], [ 110.779207843267557, -7.557492673847682 ], [ 110.779312507266638, -7.557336181919111 ], [ 110.779260262051721, -7.557242227946332 ], [ 110.779134770653386, -7.557221291729127 ], [ 110.778954543817349, -7.5571672388768 ], [ 110.77895385763469, -7.557166097637164 ], [ 110.778931712728593, -7.55658385136348 ], [ 110.778936430572045, -7.556490649223963 ], [ 110.778926040704505, -7.556354971204743 ], [ 110.778915646340295, -7.556229729818059 ], [ 110.77886165644054, -7.556169057955503 ], [ 110.778792864599239, -7.555936282833037 ], [ 110.778801788571911, -7.555681795378461 ], [ 110.778811396029326, -7.55557218780602 ], [ 110.778811480565622, -7.555405386948894 ], [ 110.778813364645345, -7.555351665946492 ], [ 110.778811509343925, -7.555349681142704 ], [ 110.778811512941232, -7.555342589089093 ], [ 110.778696549006767, -7.555185985644569 ], [ 110.778675764775016, -7.554925067137947 ], [ 110.778613173759169, -7.554611944785278 ], [ 110.778581978975353, -7.554257093889588 ], [ 110.777504905027541, -7.553974766122379 ], [ 110.777033798771043, -7.553847020123711 ], [ 110.776755178009296, -7.553762399315128 ], [ 110.776333743108012, -7.553619331566725 ], [ 110.775884107266023, -7.55347299298414 ], [ 110.775539055383319, -7.553326708360703 ], [ 110.775099849878458, -7.553232554738471 ], [ 110.774738355690815, -7.553139860715791 ], [ 110.77469659926885, -7.553126864613019 ], [ 110.774587726442633, -7.553092381907706 ], [ 110.774263306806404, -7.552981651082219 ], [ 110.7738450474112, -7.552835325989377 ], [ 110.773646364688204, -7.552783042103534 ], [ 110.773550489763494, -7.552763855967032 ], [ 110.77338859470818, -7.552712578422599 ], [ 110.771989528394272, -7.552290799980294 ], [ 110.771989373710895, -7.55229075501413 ], [ 110.771586383904747, -7.552166225890494 ], [ 110.771021720276451, -7.551998949291966 ], [ 110.770598440865541, -7.551876867223512 ], [ 110.77040533124125, -7.551819404142019 ], [ 110.770362159286449, -7.551793099871523 ], [ 110.769122909694786, -7.551397101395025 ], [ 110.769243833436391, -7.551013181712846 ], [ 110.769429020033556, -7.550380837805299 ], [ 110.769772911790668, -7.549251659836037 ], [ 110.769897649557095, -7.548784923385393 ], [ 110.769950524297514, -7.548672015301178 ], [ 110.770003424218928, -7.548510167909778 ], [ 110.770177255975824, -7.547945578925236 ], [ 110.770347314177485, -7.547380989041236 ], [ 110.770415335299731, -7.547158916750457 ], [ 110.770479581967351, -7.546940608122394 ], [ 110.77054760938492, -7.546707242145362 ], [ 110.770664757772622, -7.546319557001818 ], [ 110.770853708931782, -7.54569474311772 ], [ 110.770914184742111, -7.545472667229641 ], [ 110.770981308340964, -7.545269398863502 ], [ 110.771217341707228, -7.545373418048679 ], [ 110.771289962861744, -7.545451401860531 ] ] ] ] } }\r\n]\r\n}', '#befd12');
INSERT INTO `tbl_kecamatan` (`id_kecamatan`, `kecamatan`, `geojson`, `warna`) VALUES
(5, 'Banjarsari', '{\r\n\"type\": \"FeatureCollection\",\r\n\"name\": \"1\",\r\n\"crs\": { \"type\": \"name\", \"properties\": { \"name\": \"urn:ogc:def:crs:OGC:1.3:CRS84\" } },\r\n\"features\": [\r\n{ \"type\": \"Feature\", \"properties\": { \"provinsi\": \"JAWA TENGAH\", \"kabupaten\": \"SURAKARTA\", \"kecamatan\": \"Banjarsari\", \"kode_dagri\": 337205 }, \"geometry\": { \"type\": \"MultiPolygon\", \"coordinates\": [ [ [ [ 110.815748763894575, -7.523219561033762 ], [ 110.815812522230345, -7.523410712834017 ], [ 110.81586348591145, -7.523665568111343 ], [ 110.815939974150737, -7.523945917370084 ], [ 110.816048338859943, -7.524328212876624 ], [ 110.816379821771648, -7.525468733095425 ], [ 110.816520047662365, -7.525991199633991 ], [ 110.816679421018748, -7.52652641765989 ], [ 110.817049183573189, -7.527730661140914 ], [ 110.817151190974911, -7.528055616773183 ], [ 110.817234046414399, -7.528380564311393 ], [ 110.817285019088658, -7.528616307196695 ], [ 110.817326353728461, -7.528716972809874 ], [ 110.817387057966627, -7.528864812361053 ], [ 110.817565825202934, -7.528826662220495 ], [ 110.817725439577629, -7.528788503086775 ], [ 110.817936123753327, -7.528756736334169 ], [ 110.818140426339824, -7.528718596086232 ], [ 110.818414944394419, -7.528699597008631 ], [ 110.818619246081639, -7.528661456760694 ], [ 110.819027826972885, -7.52864251344107 ], [ 110.819136406620117, -7.528515140661102 ], [ 110.819372650427653, -7.528426046624598 ], [ 110.819749235239257, -7.528591843838334 ], [ 110.820017310550725, -7.528712999605086 ], [ 110.820879115578947, -7.528783432709058 ], [ 110.822130318959324, -7.528911358572205 ], [ 110.823126157146703, -7.529058291606744 ], [ 110.823197421224265, -7.528819309363505 ], [ 110.823458573554518, -7.527943527971298 ], [ 110.824824434200522, -7.528702206841248 ], [ 110.826113598863728, -7.529690201141753 ], [ 110.826662458705741, -7.530098151608228 ], [ 110.827094228615977, -7.530320472111923 ], [ 110.827281578082577, -7.530416938790569 ], [ 110.827409797124716, -7.529053628621901 ], [ 110.829002023424948, -7.529556648220587 ], [ 110.831463130619255, -7.530303892210738 ], [ 110.834098895148202, -7.531169856603465 ], [ 110.834278114743455, -7.531228738815105 ], [ 110.834224761563803, -7.531448006120395 ], [ 110.83417581236408, -7.531649176368233 ], [ 110.835133352022851, -7.53180880872934 ], [ 110.834954237648134, -7.532764368080985 ], [ 110.83502444232434, -7.532783502956181 ], [ 110.835007247286853, -7.532816975722695 ], [ 110.834924080682057, -7.532895760830555 ], [ 110.83489356218837, -7.532951710352992 ], [ 110.834811887558828, -7.533101440279139 ], [ 110.834811867773766, -7.533101477151244 ], [ 110.834810981941459, -7.533103101326883 ], [ 110.834789697686659, -7.533142120212516 ], [ 110.834705422217652, -7.533248080134597 ], [ 110.834522835560662, -7.533477642878789 ], [ 110.834355913294957, -7.533667373750158 ], [ 110.834176958999763, -7.53405321888076 ], [ 110.834052360628135, -7.534051484987908 ], [ 110.834008829843924, -7.534118566318621 ], [ 110.833976342734289, -7.534200051191248 ], [ 110.833885274685898, -7.5344903046836 ], [ 110.833859817576766, -7.53457909205128 ], [ 110.833826557050259, -7.534657845682896 ], [ 110.833791721810769, -7.53477356414855 ], [ 110.833727014690211, -7.534919396412859 ], [ 110.833686878846592, -7.535098259876633 ], [ 110.833657506089295, -7.535229160697038 ], [ 110.833613870084264, -7.535509298615056 ], [ 110.833605873312663, -7.535544155438262 ], [ 110.833605870614733, -7.535548897563443 ], [ 110.833565014414091, -7.535742199642676 ], [ 110.833547037865742, -7.535827249427935 ], [ 110.833516276555187, -7.536021629794226 ], [ 110.833484070933366, -7.536225139178682 ], [ 110.833545182564421, -7.536306106941132 ], [ 110.833533718006933, -7.53632716816412 ], [ 110.833498549119042, -7.53639177725855 ], [ 110.833465132110419, -7.536453167679386 ], [ 110.833420891760994, -7.53653444211066 ], [ 110.83341752559862, -7.536543286942993 ], [ 110.833329411823144, -7.536733168900439 ], [ 110.833268233642315, -7.536828641828225 ], [ 110.833140020895485, -7.537028725695033 ], [ 110.833095067383738, -7.537223744579985 ], [ 110.833088457366671, -7.537252422161361 ], [ 110.833074866811941, -7.537248035268468 ], [ 110.832872606585767, -7.537182739092002 ], [ 110.832862330032739, -7.537207213242175 ], [ 110.832829845621134, -7.537329739575699 ], [ 110.832814271161908, -7.537388489587044 ], [ 110.832716664142993, -7.537781698366536 ], [ 110.83269010536435, -7.5378968673464 ], [ 110.83259832325426, -7.538294861418588 ], [ 110.832572358028102, -7.538407451142798 ], [ 110.832415429928432, -7.538796407028431 ], [ 110.832379548777411, -7.53888699393947 ], [ 110.832378387752627, -7.538889925729392 ], [ 110.832292344216597, -7.539040182658158 ], [ 110.832246582214225, -7.539222683879582 ], [ 110.832188518385635, -7.539369273373103 ], [ 110.832093229819009, -7.539590913089994 ], [ 110.832047322126513, -7.539697694992515 ], [ 110.831984946947983, -7.539842779920231 ], [ 110.831909376916414, -7.540008714730212 ], [ 110.83181259907245, -7.540221220033167 ], [ 110.83166052281517, -7.540555146402744 ], [ 110.831628714693608, -7.540608834130253 ], [ 110.831404570364825, -7.540987169022467 ], [ 110.831391281082972, -7.541009599013665 ], [ 110.831228142265147, -7.541315345126892 ], [ 110.831150573040759, -7.541460841044784 ], [ 110.831173239553607, -7.541472275924671 ], [ 110.831349219790837, -7.541561054299101 ], [ 110.831481719605961, -7.541614466834029 ], [ 110.831494402744767, -7.541669410015145 ], [ 110.831494787654549, -7.541670499993386 ], [ 110.831494813734849, -7.541670572838494 ], [ 110.831499215017033, -7.541683032945484 ], [ 110.831964222071406, -7.541590411767912 ], [ 110.832222243861651, -7.541608268706507 ], [ 110.832247438368839, -7.541609264255928 ], [ 110.832247090331151, -7.541609988210246 ], [ 110.832253160754959, -7.541610409092953 ], [ 110.832123530676654, -7.541875503151835 ], [ 110.832105119755681, -7.542031159610224 ], [ 110.832098513336007, -7.542098463972752 ], [ 110.832149046241767, -7.54221204385061 ], [ 110.832195962074238, -7.542312022381842 ], [ 110.832256562890336, -7.542412900235024 ], [ 110.832302187296364, -7.542488847981871 ], [ 110.832366016678591, -7.542512342770208 ], [ 110.83265466218316, -7.54256508081374 ], [ 110.832579652429274, -7.54283396011905 ], [ 110.832531939797477, -7.543029527590511 ], [ 110.832514424601257, -7.543217550649323 ], [ 110.83249727542912, -7.543489702587553 ], [ 110.832840420749108, -7.543501442337525 ], [ 110.833124256679326, -7.543501550256177 ], [ 110.833224019373262, -7.543534067043395 ], [ 110.833373852721394, -7.543573613831017 ], [ 110.833437986074415, -7.543590620010948 ], [ 110.833441232627052, -7.543591480662143 ], [ 110.833841551446653, -7.543747082261837 ], [ 110.83412216690472, -7.543821760165964 ], [ 110.834205193215354, -7.543835049447817 ], [ 110.834389964325666, -7.543858773563378 ], [ 110.834532068000811, -7.543907247021692 ], [ 110.834588814322586, -7.543950131193461 ], [ 110.834581527116015, -7.543964825216348 ], [ 110.83451891181862, -7.544091092729594 ], [ 110.834429244014686, -7.544271915816142 ], [ 110.834373967185087, -7.544411043634564 ], [ 110.83437103269722, -7.544418427967886 ], [ 110.834372265667753, -7.544419044003553 ], [ 110.834435864823561, -7.544450807158859 ], [ 110.834526876214611, -7.544486956307867 ], [ 110.834584800648301, -7.544509963663798 ], [ 110.834607645226882, -7.544519179916093 ], [ 110.834656840840779, -7.544539027953618 ], [ 110.834737441679849, -7.544571545640205 ], [ 110.834846765066459, -7.54461565109123 ], [ 110.834872464093195, -7.544620789817475 ], [ 110.834897237717584, -7.544634708624737 ], [ 110.834927456736963, -7.544645385376131 ], [ 110.835037389863913, -7.544684221699355 ], [ 110.835166248324001, -7.544729745381335 ], [ 110.835305825803431, -7.544781697417252 ], [ 110.835332377387573, -7.544831421832504 ], [ 110.835373837932522, -7.544975610136112 ], [ 110.835426931208161, -7.545101572779184 ], [ 110.835430211035685, -7.54521094562845 ], [ 110.835379849001058, -7.545367792789221 ], [ 110.835377008042741, -7.545376641218854 ], [ 110.835321917372852, -7.545437296893559 ], [ 110.835321891292466, -7.545439225040091 ], [ 110.835300795895307, -7.545460551563038 ], [ 110.835217522271137, -7.545552239244308 ], [ 110.835045395628768, -7.54572091518792 ], [ 110.835022220099631, -7.545745317392355 ], [ 110.834953632404464, -7.545857139994822 ], [ 110.834947463055158, -7.545854619195164 ], [ 110.834895554186673, -7.546018301203556 ], [ 110.834914754712372, -7.546021838237066 ], [ 110.835063446820868, -7.546042128741099 ], [ 110.835157130097741, -7.546054912603956 ], [ 110.835171658645436, -7.546171259695739 ], [ 110.835205062164135, -7.546218267259092 ], [ 110.835245194410462, -7.546258344646723 ], [ 110.835232969026563, -7.546311624082075 ], [ 110.835207636923116, -7.546457908705334 ], [ 110.835322194363982, -7.546582713021638 ], [ 110.835518670150748, -7.546643756304156 ], [ 110.835587917948288, -7.54664987888864 ], [ 110.835668498103004, -7.546657005116514 ], [ 110.835752218690175, -7.546681222959978 ], [ 110.835822007879628, -7.546695178639435 ], [ 110.835909717859437, -7.546739721161017 ], [ 110.835835835855377, -7.546982492248072 ], [ 110.83579303262259, -7.547043309800755 ], [ 110.835747651932806, -7.547107791191471 ], [ 110.835716779106292, -7.547171545030657 ], [ 110.83565285259732, -7.547244080749599 ], [ 110.835624118358595, -7.54724463113467 ], [ 110.835657237691564, -7.547301251551381 ], [ 110.835672643078212, -7.547351830322596 ], [ 110.835689153731678, -7.547390315910202 ], [ 110.835701601248118, -7.547412498587764 ], [ 110.835745303803037, -7.547490382574934 ], [ 110.835913111900851, -7.54753305270805 ], [ 110.835974073345, -7.547728717306351 ], [ 110.83598317358485, -7.547756527941302 ], [ 110.835833317753639, -7.547818038871251 ], [ 110.835843317315536, -7.547842531907206 ], [ 110.835913668581156, -7.548014861796321 ], [ 110.836083337376337, -7.548003932335518 ], [ 110.836045620709044, -7.548689946883353 ], [ 110.836042399337515, -7.548773787979818 ], [ 110.836038191409642, -7.548883260653766 ], [ 110.836035606758031, -7.548950502063895 ], [ 110.836299984057291, -7.549045150313222 ], [ 110.836269109432124, -7.549117698622804 ], [ 110.836244839428076, -7.549203443583891 ], [ 110.836236356123166, -7.549254117683208 ], [ 110.836231587917695, -7.549282595615131 ], [ 110.836151064420307, -7.549543124715291 ], [ 110.836112417854096, -7.549770687367213 ], [ 110.835980210318695, -7.549775034689982 ], [ 110.835950566865392, -7.55016276569897 ], [ 110.83593308764209, -7.55039138685289 ], [ 110.835903120432931, -7.550593548153567 ], [ 110.835873987794486, -7.550757008928705 ], [ 110.835884151033014, -7.550759465876506 ], [ 110.835878127373931, -7.551321963937347 ], [ 110.835971012952172, -7.551571354034631 ], [ 110.836127727912569, -7.55207012433658 ], [ 110.836319323078612, -7.55253411425782 ], [ 110.836324947438612, -7.553032827003231 ], [ 110.836357091007216, -7.553373385872869 ], [ 110.836357448937349, -7.553377175615966 ], [ 110.836302738680672, -7.553373110680378 ], [ 110.836272341595546, -7.553838864172064 ], [ 110.836240000176048, -7.553960000153753 ], [ 110.836929999620025, -7.554020000222667 ], [ 110.837203410609163, -7.554062887991736 ], [ 110.837223055399946, -7.554065969069085 ], [ 110.837439999756469, -7.554100000314551 ], [ 110.838000000399916, -7.554160000383553 ], [ 110.83844999956807, -7.554169999945354 ], [ 110.838917183881179, -7.554128424287149 ], [ 110.838926866881621, -7.554130912711282 ], [ 110.838932027191575, -7.554239092160237 ], [ 110.838932012802374, -7.554276221570183 ], [ 110.838931334713592, -7.554280943010933 ], [ 110.838926337180979, -7.554455720854686 ], [ 110.83891913271205, -7.554545153935538 ], [ 110.838908583664463, -7.554627119945429 ], [ 110.838902639145715, -7.554673313622401 ], [ 110.838502921972577, -7.554727976214987 ], [ 110.838209772663134, -7.554768064394518 ], [ 110.837419999733413, -7.555019999573193 ], [ 110.837283543800808, -7.555029182550594 ], [ 110.837253427304049, -7.555065885681972 ], [ 110.837202288255227, -7.555170849155263 ], [ 110.83719652090295, -7.555182686031986 ], [ 110.837168739945668, -7.555229231343769 ], [ 110.836871870140939, -7.555726615790554 ], [ 110.836754726249907, -7.555926836354327 ], [ 110.836684416352981, -7.556110386185217 ], [ 110.83659209375034, -7.556326181208134 ], [ 110.83658733094083, -7.556337314815059 ], [ 110.836410055679778, -7.556337249164641 ], [ 110.836195567371774, -7.556271947592136 ], [ 110.835981966694618, -7.556206916715719 ], [ 110.835717506657829, -7.55678758288047 ], [ 110.835533452307217, -7.55702449308579 ], [ 110.835369999626053, -7.557200000279635 ], [ 110.835199999880302, -7.557289999933409 ], [ 110.834869999950783, -7.557300000394579 ], [ 110.834470000390468, -7.55730999995638 ], [ 110.834009999861863, -7.557350000002322 ], [ 110.833659999909287, -7.557350000002322 ], [ 110.833590000278576, -7.557350000002322 ], [ 110.83314000021106, -7.55732000041755 ], [ 110.832293631146442, -7.557217918372067 ], [ 110.832292638294859, -7.557222245010492 ], [ 110.832237667234807, -7.557461803719096 ], [ 110.832237299412057, -7.557463409008952 ], [ 110.832432319196471, -7.557601445949763 ], [ 110.832520561574938, -7.557663904765216 ], [ 110.832469823623683, -7.558018282617524 ], [ 110.832415483887672, -7.558397820802582 ], [ 110.832412670808395, -7.558417468291373 ], [ 110.832386189371448, -7.558568760339862 ], [ 110.832297899328779, -7.559073158599289 ], [ 110.832180000007185, -7.55905000015728 ], [ 110.831703108412, -7.558971256418196 ], [ 110.831575945173924, -7.558950259047065 ], [ 110.830909999896789, -7.558869999950363 ], [ 110.830169999945781, -7.558760000273707 ], [ 110.829960000154173, -7.558720000227676 ], [ 110.82986999960103, -7.559299999994823 ], [ 110.829710000316453, -7.559879999762059 ], [ 110.829690000293482, -7.559979999876915 ], [ 110.829610000201598, -7.560260000198688 ], [ 110.829519999648454, -7.56053000005929 ], [ 110.829450000017744, -7.560810000381063 ], [ 110.82928999983389, -7.561359999664069 ], [ 110.82922000020308, -7.561559999893958 ], [ 110.82920999974192, -7.561619999962871 ], [ 110.829180000157137, -7.561700000054755 ], [ 110.828799999720417, -7.563030000234167 ], [ 110.828779999697446, -7.563090000303169 ], [ 110.828670000020708, -7.563480000301687 ], [ 110.828469999790912, -7.564169999745579 ], [ 110.828440000206044, -7.564269999860524 ], [ 110.828329999630029, -7.564670000320123 ], [ 110.828170001244814, -7.565229997366369 ], [ 110.828169271894637, -7.565229687100245 ], [ 110.827755597243296, -7.565051704972098 ], [ 110.827375870200513, -7.565001402292743 ], [ 110.827314817924744, -7.564993313790253 ], [ 110.826809186694874, -7.565006050888385 ], [ 110.826644535217355, -7.565027532094798 ], [ 110.826428006347683, -7.565044066130628 ], [ 110.826395345668899, -7.565069867680147 ], [ 110.826180313271152, -7.565212793335635 ], [ 110.826187461982101, -7.565234104570101 ], [ 110.826188362203425, -7.565236788147106 ], [ 110.826214384086825, -7.565314361868153 ], [ 110.826218311426175, -7.565326069242512 ], [ 110.826391102667486, -7.565800821350627 ], [ 110.826393582098362, -7.565807632815885 ], [ 110.826385544857274, -7.565860461690849 ], [ 110.826345596972004, -7.566123036748635 ], [ 110.82632250867708, -7.566276097763519 ], [ 110.826286069946377, -7.566517671852963 ], [ 110.82625674575246, -7.566717065939627 ], [ 110.826233390358937, -7.566846616877693 ], [ 110.826232863356225, -7.566849543271664 ], [ 110.82623157642638, -7.566856682090001 ], [ 110.826228331672397, -7.56687467212826 ], [ 110.826227629301883, -7.566874905052695 ], [ 110.826178608156425, -7.567101258116366 ], [ 110.826141618141378, -7.567258459610055 ], [ 110.826127347699213, -7.56730793940969 ], [ 110.826102937400904, -7.567410063723318 ], [ 110.826105731594481, -7.567410972937888 ], [ 110.826200992282267, -7.567441965374239 ], [ 110.826625196196048, -7.567579975335476 ], [ 110.82662665219847, -7.567580449278139 ], [ 110.826626609930329, -7.567580612055486 ], [ 110.826602991934777, -7.567672047027258 ], [ 110.82645783775925, -7.56823399919952 ], [ 110.826397393425268, -7.568468009091162 ], [ 110.826289452296606, -7.568842086592848 ], [ 110.826285133752151, -7.568857050412364 ], [ 110.826216789773227, -7.569124518681408 ], [ 110.826158242109443, -7.569275265740777 ], [ 110.82612234387129, -7.569400449570924 ], [ 110.826026478839196, -7.56968375400186 ], [ 110.826023100086275, -7.569694975742375 ], [ 110.826016719396335, -7.569712930707001 ], [ 110.825967922182073, -7.56985395519571 ], [ 110.825875185891334, -7.570174914240741 ], [ 110.825662598750199, -7.570862178846322 ], [ 110.825640711949561, -7.5709226924282 ], [ 110.825514075714295, -7.571244755840673 ], [ 110.825516259268156, -7.57125872590933 ], [ 110.824785528629491, -7.571089414144988 ], [ 110.824349999553135, -7.570979999926947 ], [ 110.824268702638776, -7.570962884929084 ], [ 110.824268896892278, -7.570961857003961 ], [ 110.824159999784413, -7.570939999880916 ], [ 110.823573622025265, -7.570720228055911 ], [ 110.823190000018755, -7.570589999928429 ], [ 110.822848110152378, -7.570487636395224 ], [ 110.822020000023201, -7.570259999998824 ], [ 110.821936947632281, -7.570232316168307 ], [ 110.82193000036942, -7.570230000414052 ], [ 110.821789874303477, -7.570184959667986 ], [ 110.82136999972596, -7.570050000207224 ], [ 110.821365458149614, -7.570048939906488 ], [ 110.821088740353375, -7.569943883803027 ], [ 110.820713884038767, -7.569847189595985 ], [ 110.819909999846843, -7.569600000139793 ], [ 110.819820000193062, -7.569569999655562 ], [ 110.81977551702667, -7.569557194208993 ], [ 110.819753241718942, -7.569550103954032 ], [ 110.81931347503712, -7.569403627775023 ], [ 110.817790000108687, -7.568949999842473 ], [ 110.817293196623922, -7.568786855628779 ], [ 110.817190000318476, -7.568749999612673 ], [ 110.816620000113119, -7.568530000259183 ], [ 110.816270000160642, -7.568430000144239 ], [ 110.816769999835898, -7.566770000035311 ], [ 110.816620000113119, -7.566729999989369 ], [ 110.816290000183614, -7.566629999874425 ], [ 110.815710000416374, -7.566529999759481 ], [ 110.815479999702433, -7.566529999759481 ], [ 110.815000000050233, -7.566560000243711 ], [ 110.814850000327539, -7.566529999759481 ], [ 110.81479000025854, -7.566330000428962 ], [ 110.81465999965954, -7.566130000199162 ], [ 110.814480000351992, -7.566079999692049 ], [ 110.814269999661022, -7.566019999623136 ], [ 110.814320000168138, -7.56568999969362 ], [ 110.814400000260022, -7.565169999995386 ], [ 110.814420000282993, -7.565100000364583 ], [ 110.813720000377927, -7.564929999719555 ], [ 110.81321999980338, -7.564860000088841 ], [ 110.813079999642497, -7.56482000004281 ], [ 110.812379999737431, -7.564650000297063 ], [ 110.811679999832378, -7.564519999698066 ], [ 110.811439999556541, -7.564459999629064 ], [ 110.8108599997894, -7.564360000413489 ], [ 110.81087000025056, -7.564109999676577 ], [ 110.810890000273531, -7.563859999838946 ], [ 110.81079000015859, -7.563850000277145 ], [ 110.810489999813854, -7.563799999770032 ], [ 110.810239999976304, -7.563750000162201 ], [ 110.809939999631567, -7.563710000116258 ], [ 110.809629999725018, -7.563589999978432 ], [ 110.809009999911751, -7.563309999656659 ], [ 110.808969999865809, -7.563260000048827 ], [ 110.808980000326983, -7.563010000211196 ], [ 110.80898999988878, -7.562789999958425 ], [ 110.8087099995671, -7.562820000442566 ], [ 110.80863999993629, -7.562800000419595 ], [ 110.808289999983714, -7.562709999866452 ], [ 110.808049999707976, -7.562609999751596 ], [ 110.807750000262601, -7.562520000097822 ], [ 110.807329999779853, -7.562410000421077 ], [ 110.806970000265565, -7.562370000375046 ], [ 110.806810000081711, -7.562310000306133 ], [ 110.806859999689536, -7.562050000007331 ], [ 110.806959999804391, -7.561729999639616 ], [ 110.807130000449419, -7.56118000035661 ], [ 110.807329999779853, -7.56053999962118 ], [ 110.807469999940821, -7.559970000315114 ], [ 110.807489999963792, -7.55989999978503 ], [ 110.807590000078648, -7.55946000017877 ], [ 110.80763000012459, -7.559299999994823 ], [ 110.807639999686486, -7.55923000036402 ], [ 110.806292117387557, -7.559538088311974 ], [ 110.806239999876368, -7.559549999832455 ], [ 110.804055755269133, -7.559900292964023 ], [ 110.803827384126691, -7.559945016249364 ], [ 110.80340381783212, -7.560027966117583 ], [ 110.802593983725586, -7.56018233114954 ], [ 110.801431430116651, -7.560359026347835 ], [ 110.800850283713828, -7.560496819572399 ], [ 110.799840205661255, -7.560717252399146 ], [ 110.7995911698968, -7.560717137285894 ], [ 110.79924525556433, -7.560786007368153 ], [ 110.799170093825012, -7.560802208654866 ], [ 110.799139525868668, -7.560804482140976 ], [ 110.797857009893377, -7.561081148675902 ], [ 110.797327021425161, -7.561179111826383 ], [ 110.797308341606936, -7.560723851624313 ], [ 110.797301915051548, -7.560567211307595 ], [ 110.797301551725468, -7.560558364676612 ], [ 110.797252065630602, -7.560484219171232 ], [ 110.797045253935551, -7.560174347867682 ], [ 110.797013299224588, -7.559950393295906 ], [ 110.797180000257029, -7.559759999624144 ], [ 110.797187875620239, -7.559746102400594 ], [ 110.79735000000278, -7.55946000017877 ], [ 110.797590000278518, -7.559030000134221 ], [ 110.797769999586066, -7.558700000204705 ], [ 110.797829999654979, -7.558589999628679 ], [ 110.797900000185152, -7.558470000390044 ], [ 110.79792999976992, -7.558410000321131 ], [ 110.798020000322978, -7.558230000114214 ], [ 110.7982100000917, -7.557829999654614 ], [ 110.798239999676468, -7.557780000046871 ], [ 110.798580000067247, -7.557209999841436 ], [ 110.798649999697957, -7.557089999703609 ], [ 110.798909999996766, -7.556639999636089 ], [ 110.799130000249534, -7.556260000098741 ], [ 110.79936999962608, -7.555780000446449 ], [ 110.799879999762425, -7.554789999758532 ], [ 110.800149999623031, -7.55429999964507 ], [ 110.801080000242024, -7.552699999605145 ], [ 110.801140000311037, -7.552629999974431 ], [ 110.801189999918776, -7.552569999905429 ], [ 110.801290000033717, -7.552429999744542 ], [ 110.801704788045754, -7.551906577226592 ], [ 110.801709999617003, -7.551899999585138 ], [ 110.801811391882438, -7.551771931629164 ], [ 110.8018124144117, -7.551770642001382 ], [ 110.801853434288802, -7.551718830259641 ], [ 110.801682196176657, -7.551660572177549 ], [ 110.801530000309555, -7.551640000185706 ], [ 110.801160000334008, -7.551689999793537 ], [ 110.801100000264995, -7.551700000254619 ], [ 110.80092000005817, -7.551780000346592 ], [ 110.800659999759461, -7.551990000138281 ], [ 110.800429999944797, -7.552219999952853 ], [ 110.800280000222116, -7.552380000136711 ], [ 110.800039999946279, -7.552520000297597 ], [ 110.799810000131629, -7.552560000343628 ], [ 110.799739999601542, -7.552549999882458 ], [ 110.799150000272505, -7.552150000322139 ], [ 110.798860000388927, -7.552269999560685 ], [ 110.798709999766956, -7.552320000067797 ], [ 110.798549999583017, -7.552280000021855 ], [ 110.798499999975263, -7.552250000437083 ], [ 110.798470000390409, -7.552199999929882 ], [ 110.798439999906265, -7.552030000184224 ], [ 110.798510000436437, -7.551680000231648 ], [ 110.798549999583017, -7.551459999978877 ], [ 110.798560000044176, -7.551350000302132 ], [ 110.798170000045673, -7.551199999680075 ], [ 110.797699999955256, -7.550860000188758 ], [ 110.79763000032446, -7.550809999681557 ], [ 110.797320000417912, -7.550579999866986 ], [ 110.796790000258511, -7.550000000099749 ], [ 110.796369999775948, -7.549619999663121 ], [ 110.796269999660993, -7.549320000217658 ], [ 110.796175237197701, -7.548949563171642 ], [ 110.796348007754574, -7.549091681235981 ], [ 110.796417991197615, -7.54881824326718 ], [ 110.796471811125429, -7.54863595428576 ], [ 110.796547133843347, -7.548432226365981 ], [ 110.796713976968718, -7.547863913288761 ], [ 110.796950762168251, -7.547107955767379 ], [ 110.797101430986473, -7.54665224140762 ], [ 110.797171409932844, -7.546384164297598 ], [ 110.797268265118589, -7.546100013604579 ], [ 110.797386651872756, -7.545730078380259 ], [ 110.797451248376632, -7.545483448302298 ], [ 110.79751044085441, -7.545301161119528 ], [ 110.797580401814358, -7.545070619913047 ], [ 110.797704174608242, -7.544673875898517 ], [ 110.797817178919928, -7.544325385907697 ], [ 110.797935553083562, -7.543982262171517 ], [ 110.798064730802921, -7.543515811705176 ], [ 110.798150814808537, -7.543279915035867 ], [ 110.798210021675402, -7.543065456405546 ], [ 110.798242328920651, -7.542920691636396 ], [ 110.798301498915322, -7.542786663873286 ], [ 110.798360703084185, -7.542577567000936 ], [ 110.798441446915533, -7.542266597625175 ], [ 110.798531657010571, -7.542012791856684 ], [ 110.798532914262836, -7.542009254823085 ], [ 110.798592103143292, -7.541832330297654 ], [ 110.798656669969574, -7.541644684054755 ], [ 110.798775055824478, -7.541274747931065 ], [ 110.798850403723421, -7.541012036176403 ], [ 110.798893469558237, -7.540840466214433 ], [ 110.798920398857547, -7.540706423162752 ], [ 110.798995732367388, -7.540475883754922 ], [ 110.799038799101567, -7.540304313792862 ], [ 110.799076466306119, -7.540186364109331 ], [ 110.799119527644351, -7.54002551766339 ], [ 110.799216414306329, -7.53966629606257 ], [ 110.799550064584054, -7.538572563972518 ], [ 110.799803027687844, -7.537666470930765 ], [ 110.799986037925564, -7.536974833821403 ], [ 110.800147468930845, -7.536470861840633 ], [ 110.800206140701036, -7.536243352248756 ], [ 110.800287394447963, -7.535993692354842 ], [ 110.800491851717837, -7.535398583078051 ], [ 110.80059411362771, -7.535028638860392 ], [ 110.800664077285603, -7.53478737233923 ], [ 110.800754687579001, -7.53453810814701 ], [ 110.800884709761803, -7.534068939929489 ], [ 110.800884811385217, -7.533849090762796 ], [ 110.800667945269751, -7.533854841027948 ], [ 110.800819379411067, -7.53347728944524 ], [ 110.801078778962776, -7.533395246992852 ], [ 110.801506057658671, -7.533248863444192 ], [ 110.801773051085675, -7.533048123072311 ], [ 110.801925648949805, -7.532819238416994 ], [ 110.802131660248222, -7.532380085972007 ], [ 110.802299490829029, -7.532005300703942 ], [ 110.802543634281506, -7.531822646597703 ], [ 110.803009045131546, -7.53175873987379 ], [ 110.80309214608593, -7.531781407286004 ], [ 110.803512562954722, -7.531896080739403 ], [ 110.804176321080604, -7.53231714691866 ], [ 110.804771407874398, -7.532655686810336 ], [ 110.805412290844828, -7.53231714691866 ], [ 110.805483650250494, -7.532301049953388 ], [ 110.805938707205812, -7.532198400435703 ], [ 110.806213364655306, -7.53229042806069 ], [ 110.806417006240054, -7.532414690085715 ], [ 110.806633003610443, -7.532546491127529 ], [ 110.80702207910592, -7.532912693266097 ], [ 110.807159419971441, -7.533516388370493 ], [ 110.807174676970035, -7.534010378775785 ], [ 110.807456975958928, -7.534484350272414 ], [ 110.807930003167357, -7.534484834107697 ], [ 110.808135187988768, -7.534459177349023 ], [ 110.808151223800195, -7.534457171860804 ], [ 110.808144329597383, -7.534375171676738 ], [ 110.808135990184041, -7.534275969260412 ], [ 110.808197019976731, -7.534203502789278 ], [ 110.808219894233005, -7.533474435896376 ], [ 110.808227534873126, -7.533098682957745 ], [ 110.808227534873126, -7.533060503139594 ], [ 110.8082504091293, -7.532827362892308 ], [ 110.808441161630554, -7.532494045363797 ], [ 110.808471677426226, -7.532458766758515 ], [ 110.808624251008624, -7.532232251816867 ], [ 110.808693868427468, -7.532046878160709 ], [ 110.808700537799808, -7.532029118349043 ], [ 110.809122427758069, -7.53215457377438 ], [ 110.809236432115938, -7.531761400967713 ], [ 110.809210358071851, -7.531315738330519 ], [ 110.809234619981936, -7.530972923961094 ], [ 110.809646594015319, -7.53050944665345 ], [ 110.809867862312245, -7.530257179625027 ], [ 110.810287476985735, -7.530025465702578 ], [ 110.810455331848374, -7.529911965864339 ], [ 110.810493464002434, -7.529822816069948 ], [ 110.810470566363804, -7.529637309314213 ], [ 110.810211190194451, -7.529394593085853 ], [ 110.810112004865346, -7.529288733887824 ], [ 110.810112004865346, -7.529119935636358 ], [ 110.810113007609459, -7.529117734995356 ], [ 110.810188291656544, -7.528952563709729 ], [ 110.81035614741846, -7.528842909372652 ], [ 110.810699451019119, -7.528816189615312 ], [ 110.81090546231745, -7.528820493770655 ], [ 110.811035161643659, -7.528761350755636 ], [ 110.811019880363418, -7.528692680322741 ], [ 110.810844408243128, -7.528448078216083 ], [ 110.810554518076856, -7.528205845823005 ], [ 110.81037904505709, -7.528077571922259 ], [ 110.810214109393911, -7.527807455149843 ], [ 110.810195908015032, -7.527777647120554 ], [ 110.810157776760249, -7.52751063121046 ], [ 110.810180675298156, -7.527244532608907 ], [ 110.810249321449234, -7.527020410763202 ], [ 110.810264350919255, -7.526998806349744 ], [ 110.810440050568133, -7.52674623804836 ], [ 110.811119065692523, -7.526028123998624 ], [ 110.811149579689641, -7.526000486932833 ], [ 110.811164861869059, -7.525515514029574 ], [ 110.811361087644343, -7.525497907102635 ], [ 110.811737051024323, -7.525926544674117 ], [ 110.812362676096868, -7.526481131398927 ], [ 110.812443440612569, -7.5266596288386 ], [ 110.81255722283781, -7.526773275266335 ], [ 110.812688611990083, -7.526668471872283 ], [ 110.812819981357279, -7.526607360241328 ], [ 110.812995132419644, -7.526546266596784 ], [ 110.81318664934463, -7.52650306226636 ], [ 110.813514695047417, -7.52655504757726 ], [ 110.813659675653781, -7.526577438897525 ], [ 110.813873279928146, -7.526585563372929 ], [ 110.814010620793752, -7.52654503812284 ], [ 110.814247121807455, -7.526369057885613 ], [ 110.81434630713656, -7.526224583597524 ], [ 110.814361565034446, -7.526117782809222 ], [ 110.814361565034446, -7.52595183720734 ], [ 110.814361565034446, -7.525840731364503 ], [ 110.814338690778172, -7.525536986242737 ], [ 110.814331050138151, -7.525427331006379 ], [ 110.814323408598653, -7.525344805618167 ], [ 110.814308175881877, -7.525147885566347 ], [ 110.814323408598653, -7.524982423799659 ], [ 110.814414977569456, -7.524824579290729 ], [ 110.814468366722025, -7.524768796142939 ], [ 110.814582833331372, -7.524691083026908 ], [ 110.814544677794856, -7.524462681307504 ], [ 110.814544677794856, -7.524052593152514 ], [ 110.814643863123962, -7.523739297230686 ], [ 110.814704892916751, -7.523636775416715 ], [ 110.814735406913769, -7.523609136552273 ], [ 110.814773539067815, -7.523545255009373 ], [ 110.814910879933436, -7.523352591448801 ], [ 110.815040580158922, -7.523239598828297 ], [ 110.815284721812759, -7.523221463999191 ], [ 110.81551360736735, -7.523230506682327 ], [ 110.81557463716004, -7.523219070003878 ], [ 110.81567934882311, -7.523217845127323 ], [ 110.815682418209278, -7.52323026296608 ], [ 110.815745154015872, -7.523207932799742 ], [ 110.815748763894575, -7.523219561033762 ] ] ] ] } }\r\n]\r\n}', '#dbcb1a');
INSERT INTO `tbl_kecamatan` (`id_kecamatan`, `kecamatan`, `geojson`, `warna`) VALUES
(6, 'Jebres', '{\r\n\"type\": \"FeatureCollection\",\r\n\"name\": \"jebres\",\r\n\"crs\": { \"type\": \"name\", \"properties\": { \"name\": \"urn:ogc:def:crs:OGC:1.3:CRS84\" } },\r\n\"features\": [\r\n{ \"type\": \"Feature\", \"properties\": { \"provinsi\": \"JAWA TENGAH\", \"kabupaten\": \"SURAKARTA\", \"kecamatan\": \"Jebres\", \"kode_dagri\": 337204 }, \"geometry\": { \"type\": \"MultiPolygon\", \"coordinates\": [ [ [ [ 110.839004669030516, -7.532741345436572 ], [ 110.839065292329622, -7.533057426558826 ], [ 110.839070111796488, -7.533082561710652 ], [ 110.839154461009784, -7.533093709706779 ], [ 110.839154800054217, -7.533097215264134 ], [ 110.839161130382138, -7.53324374720103 ], [ 110.839281286102704, -7.533306708737459 ], [ 110.840063281695336, -7.533434411568702 ], [ 110.840988932293641, -7.533530311674425 ], [ 110.841826795570455, -7.533642106397948 ], [ 110.841840420299349, -7.533578768944888 ], [ 110.842146393041872, -7.533636473943978 ], [ 110.842806900118632, -7.533759432851389 ], [ 110.843063394859996, -7.533745498755645 ], [ 110.843260158429786, -7.533738556888742 ], [ 110.843478005705649, -7.533717597289175 ], [ 110.843681795678549, -7.533710658120291 ], [ 110.843839909984098, -7.53370019540755 ], [ 110.843945320420488, -7.533693220265753 ], [ 110.844189521429499, -7.533670515981433 ], [ 110.844512778242375, -7.533646086797336 ], [ 110.845264710398283, -7.533565708090801 ], [ 110.845299885581497, -7.533450012108228 ], [ 110.84529991256116, -7.533375602202169 ], [ 110.845401955935799, -7.533356693956089 ], [ 110.845729137390094, -7.533356809069342 ], [ 110.846176048286196, -7.533277330584126 ], [ 110.846750633235416, -7.533213824058577 ], [ 110.846877114787318, -7.53319159461629 ], [ 110.846878648131351, -7.533231741251728 ], [ 110.846879304636417, -7.533248954275712 ], [ 110.846927105401903, -7.533262541233138 ], [ 110.846921446867555, -7.533308575730064 ], [ 110.846956569890082, -7.533343651987784 ], [ 110.846988272790838, -7.533341151872469 ], [ 110.847026826726875, -7.533385751950767 ], [ 110.847026788056027, -7.533497954067164 ], [ 110.84705488557475, -7.533526013814313 ], [ 110.847118123203117, -7.53354707413802 ], [ 110.847177866965239, -7.533508524698557 ], [ 110.847204888894737, -7.533559128650697 ], [ 110.847165421247439, -7.533707710142607 ], [ 110.847604320982839, -7.53371582562476 ], [ 110.848274835715301, -7.533166572778977 ], [ 110.848689817081635, -7.533110972193508 ], [ 110.848694335275624, -7.533110821107342 ], [ 110.848701132351593, -7.533125113133305 ], [ 110.848771380195316, -7.533191757393548 ], [ 110.848887327988109, -7.533191893191144 ], [ 110.849024367580753, -7.533160288316515 ], [ 110.849105176163164, -7.533170834666175 ], [ 110.849143795749796, -7.533255000417788 ], [ 110.849199988988573, -7.533325144839437 ], [ 110.849205564785194, -7.533326969563897 ], [ 110.849403752881173, -7.533391834965125 ], [ 110.849445929286475, -7.533353280129623 ], [ 110.849484582148008, -7.533342775148827 ], [ 110.849519900323415, -7.533399607805541 ], [ 110.849512649989038, -7.533458492715112 ], [ 110.849431811728948, -7.533535604184677 ], [ 110.849452825287841, -7.533731963958807 ], [ 110.849540650381002, -7.53377407021702 ], [ 110.84973739236699, -7.533826731818055 ], [ 110.849899284724472, -7.533823952912949 ], [ 110.849993904195571, -7.53376370732905 ], [ 110.850192500583702, -7.533530604853328 ], [ 110.850315518846401, -7.533404420077811 ], [ 110.850417421027402, -7.533379909954724 ], [ 110.850529848873634, -7.533397480009557 ], [ 110.850631700692702, -7.53351673011286 ], [ 110.850881058414373, -7.533828876701171 ], [ 110.850972395360017, -7.533874490315301 ], [ 110.851021593671845, -7.533849962205802 ], [ 110.851067277433145, -7.533828939653659 ], [ 110.851091893676241, -7.533765835125034 ], [ 110.851155119613352, -7.533818450860713 ], [ 110.85119586699588, -7.533843037426119 ], [ 110.851186698407588, -7.533948195152912 ], [ 110.851246399901655, -7.534032367199845 ], [ 110.851306126576731, -7.534042906354904 ], [ 110.851397461723735, -7.534095531983026 ], [ 110.851464219298578, -7.534099060922745 ], [ 110.851587170112111, -7.534169228726756 ], [ 110.851731182148626, -7.534299010790607 ], [ 110.851869004151496, -7.534451283100036 ], [ 110.851896258106052, -7.534481395100129 ], [ 110.852096544320347, -7.534441455308744 ], [ 110.85216857282164, -7.534444671284407 ], [ 110.85231258755617, -7.534567440434897 ], [ 110.852544346444702, -7.534974250561105 ], [ 110.852607581375054, -7.535002321999435 ], [ 110.852839527322573, -7.534855135356028 ], [ 110.853043335281967, -7.534795595740035 ], [ 110.853120638307018, -7.534781596893064 ], [ 110.85317341861861, -7.534803077200109 ], [ 110.853405199090929, -7.534897400794288 ], [ 110.853534546782157, -7.534971046276623 ], [ 110.853562895211724, -7.535045378840993 ], [ 110.85381821723719, -7.535166511225383 ], [ 110.853901622162383, -7.535227882760437 ], [ 110.853882909069256, -7.535307799215402 ], [ 110.853961937893374, -7.535386717422926 ], [ 110.854067342034426, -7.535397270967098 ], [ 110.85412117365351, -7.535371159151544 ], [ 110.854239468676795, -7.535453340099457 ], [ 110.854316038754448, -7.535568039633151 ], [ 110.854418154074821, -7.535657265870038 ], [ 110.854635198256034, -7.535701934296685 ], [ 110.854782081827921, -7.535549082823784 ], [ 110.854756668785484, -7.53517956488487 ], [ 110.854807781753919, -7.535058535922551 ], [ 110.854967397927268, -7.535013993400969 ], [ 110.85501204207236, -7.535147795434244 ], [ 110.85504390505244, -7.535319818654535 ], [ 110.855082178400039, -7.535415394105022 ], [ 110.855107684072635, -7.535504595160808 ], [ 110.855107663388196, -7.535568303134549 ], [ 110.855120386996504, -7.535702095275382 ], [ 110.855145862092144, -7.535886858291735 ], [ 110.855145821622642, -7.536007904341186 ], [ 110.855426702380669, -7.536065335046977 ], [ 110.855547960670123, -7.53618004986924 ], [ 110.855547905811434, -7.536345692399599 ], [ 110.855490395065928, -7.536511315144984 ], [ 110.855541444182506, -7.536581411902538 ], [ 110.855656334372583, -7.536651529344435 ], [ 110.855764868154367, -7.536638822823266 ], [ 110.855873392942982, -7.536651600390893 ], [ 110.855962740588183, -7.536740822131111 ], [ 110.85600101573452, -7.536830025884828 ], [ 110.856026519608378, -7.536925596838645 ], [ 110.856128610647119, -7.537091272643987 ], [ 110.856141299181871, -7.537333370138749 ], [ 110.856160405278757, -7.537473534875544 ], [ 110.856166756291003, -7.537575470331531 ], [ 110.856147554866027, -7.537721994174546 ], [ 110.856102818090847, -7.537868508125029 ], [ 110.856102791111184, -7.537951329390164 ], [ 110.856070828306343, -7.538078736344484 ], [ 110.856185687020073, -7.538244415747037 ], [ 110.856250299711803, -7.538642858580874 ], [ 110.8561480683789, -7.538646558391821 ], [ 110.856133990391584, -7.538716680330388 ], [ 110.856295547301926, -7.538927110897315 ], [ 110.856298962927042, -7.539302311652224 ], [ 110.855945102184904, -7.539743420122597 ], [ 110.856132973258369, -7.539864818706227 ], [ 110.856320859620212, -7.539942094751701 ], [ 110.856342756313381, -7.540581878750547 ], [ 110.856375808197271, -7.540912808579065 ], [ 110.856553846982678, -7.541056731582713 ], [ 110.856561383301454, -7.541181500825473 ], [ 110.856493737196473, -7.541743224569969 ], [ 110.856942201221841, -7.541690598941847 ], [ 110.857131361023718, -7.541313374712305 ], [ 110.857761667067521, -7.540747651682639 ], [ 110.858279109993177, -7.540819046161945 ], [ 110.858514246735353, -7.540856871647178 ], [ 110.858578855829776, -7.540886447651313 ], [ 110.858748480558177, -7.540883816234984 ], [ 110.859181933100032, -7.540983369386839 ], [ 110.859562134984856, -7.540996067814127 ], [ 110.860347261117496, -7.541104392053927 ], [ 110.86044733497674, -7.541134236955322 ], [ 110.860942362300406, -7.541217125669703 ], [ 110.861012704572943, -7.541271445620551 ], [ 110.861028156724331, -7.541410629197038 ], [ 110.861028813229396, -7.541416541340168 ], [ 110.862674018591292, -7.541398575583641 ], [ 110.862730528391424, -7.541404735939689 ], [ 110.862713480842714, -7.541647477349062 ], [ 110.862411062221014, -7.543270473953018 ], [ 110.862215340066172, -7.543294825795427 ], [ 110.861765516265834, -7.543238155016691 ], [ 110.861745229359101, -7.54322043027848 ], [ 110.861688672794259, -7.543228473814895 ], [ 110.861585061901323, -7.543215421054689 ], [ 110.86157576920661, -7.543244533008692 ], [ 110.861512171849455, -7.543253579289128 ], [ 110.861279092756192, -7.543353173809758 ], [ 110.861412749099344, -7.543443447756743 ], [ 110.861366300015021, -7.543846244208669 ], [ 110.861333168990797, -7.543984906178308 ], [ 110.861419166661463, -7.544070777943918 ], [ 110.861416982208226, -7.544156734245727 ], [ 110.861140966782415, -7.544929138568718 ], [ 110.86104829074624, -7.545034764842312 ], [ 110.861066326649947, -7.545154890885381 ], [ 110.86108130575785, -7.5452592931817 ], [ 110.861145636961766, -7.545332290252843 ], [ 110.861086373437644, -7.545483284625759 ], [ 110.86099691967236, -7.545712607250915 ], [ 110.860991228762487, -7.545780500669447 ], [ 110.860839501442086, -7.546114363187168 ], [ 110.860859157024748, -7.54672849042734 ], [ 110.861117099674658, -7.547144589650951 ], [ 110.86136858789024, -7.547052222082246 ], [ 110.861837640095231, -7.547384240090444 ], [ 110.861863689857671, -7.547438662564082 ], [ 110.861884243863017, -7.547481601594458 ], [ 110.862274147634054, -7.547624088380828 ], [ 110.862929513286645, -7.547959744146765 ], [ 110.863464161142417, -7.548063437777247 ], [ 110.863671706684144, -7.547880341204677 ], [ 110.863686586866748, -7.547838961598624 ], [ 110.863697678205526, -7.547830917162929 ], [ 110.863754436218485, -7.54765028023609 ], [ 110.863823464581515, -7.547458319046036 ], [ 110.86384477221867, -7.547362776870531 ], [ 110.863860764862679, -7.54731187884003 ], [ 110.864038943042985, -7.546654439350781 ], [ 110.864334114028409, -7.546538782039053 ], [ 110.864616387836207, -7.546607936307054 ], [ 110.864869814990229, -7.547002697316535 ], [ 110.865071846788538, -7.547029641004971 ], [ 110.86518023038353, -7.547092416381779 ], [ 110.86541172037488, -7.546893398211568 ], [ 110.865539495151864, -7.546598785705267 ], [ 110.865459888962931, -7.545961676290175 ], [ 110.865528578281527, -7.545612669189178 ], [ 110.865541576183034, -7.545596465204535 ], [ 110.865949901666852, -7.545482977956936 ], [ 110.866570174873971, -7.545534098119972 ], [ 110.867462146760886, -7.545938955818005 ], [ 110.868270861211499, -7.546308978276545 ], [ 110.868926975100052, -7.547142578766869 ], [ 110.868944209707749, -7.547326964067941 ], [ 110.868929182036368, -7.547354209029428 ], [ 110.868913114748693, -7.5473902061929 ], [ 110.868905016353679, -7.547415096729199 ], [ 110.868788161144963, -7.547503504582948 ], [ 110.868526057331906, -7.547929963996508 ], [ 110.868254581683914, -7.548184492819948 ], [ 110.867322715870955, -7.55242834139464 ], [ 110.86710520494151, -7.553656113838442 ], [ 110.867056737778512, -7.554357721731292 ], [ 110.867225644847906, -7.555527179435656 ], [ 110.867218192166149, -7.556115266805924 ], [ 110.867179872953017, -7.55679794396979 ], [ 110.866807595894045, -7.557576854887777 ], [ 110.866514737965034, -7.558302090668806 ], [ 110.86635253534152, -7.558659006407903 ], [ 110.866004956363923, -7.558950881377963 ], [ 110.865272504422776, -7.558950881377963 ], [ 110.86469098839865, -7.558773089906018 ], [ 110.864670082758323, -7.558771126686032 ], [ 110.864591157356273, -7.55874757703891 ], [ 110.864384739564258, -7.558744343976115 ], [ 110.864029251049374, -7.558710976430233 ], [ 110.863705217222218, -7.558869084440562 ], [ 110.863088090743062, -7.559429500570864 ], [ 110.863030746372118, -7.559499088312122 ], [ 110.863012045869468, -7.559514001769613 ], [ 110.862921501226566, -7.559631658274241 ], [ 110.862515727119359, -7.560124064973478 ], [ 110.862473632552337, -7.560213622160744 ], [ 110.862460467376891, -7.560230729964096 ], [ 110.862324425132314, -7.560531071151838 ], [ 110.862077705122203, -7.561055982947113 ], [ 110.862083380743684, -7.561670730719444 ], [ 110.862050404402822, -7.562514680607907 ], [ 110.862065191955253, -7.562750344352781 ], [ 110.862018431705536, -7.563198663587317 ], [ 110.862024926609351, -7.564450580130017 ], [ 110.861841284148198, -7.565125593271399 ], [ 110.861704008933103, -7.565630165999266 ], [ 110.861497031762852, -7.566170000245193 ], [ 110.861162535223059, -7.566699623588597 ], [ 110.861038317264814, -7.567126061418445 ], [ 110.861029488620247, -7.567144813182408 ], [ 110.860721003172046, -7.567800067319047 ], [ 110.860678786297157, -7.567945389667869 ], [ 110.860464224244765, -7.568404039414673 ], [ 110.860260001697981, -7.569386941753836 ], [ 110.859725968978509, -7.569984398261215 ], [ 110.858840942555702, -7.570392576256263 ], [ 110.858268730018082, -7.570580935661492 ], [ 110.85745239920908, -7.570706815566925 ], [ 110.856788616801467, -7.570706356013374 ], [ 110.855781555974289, -7.570234271294413 ], [ 110.855499257884674, -7.570077393556679 ], [ 110.85527801386948, -7.569982971936468 ], [ 110.854931993417011, -7.569866116727758 ], [ 110.854604919881382, -7.569945263363137 ], [ 110.854359619900777, -7.570200823708912 ], [ 110.854274815630419, -7.57026051531044 ], [ 110.854224987793188, -7.570409508691717 ], [ 110.85396918103315, -7.570938066338612 ], [ 110.853980606919691, -7.571269639182371 ], [ 110.853926244700702, -7.571598293726129 ], [ 110.854142589209317, -7.571958364286874 ], [ 110.854179054020307, -7.572043041752802 ], [ 110.854538567900846, -7.572756455945501 ], [ 110.85471116488857, -7.573567710081636 ], [ 110.85460812236721, -7.574332250732691 ], [ 110.854518813392772, -7.574619158747015 ], [ 110.854254722977373, -7.5748372029744 ], [ 110.854159351673005, -7.574855305427802 ], [ 110.853637686430361, -7.574855305427802 ], [ 110.853318524230758, -7.574588231061891 ], [ 110.853130214288186, -7.574457476830982 ], [ 110.852592470066668, -7.574006041445553 ], [ 110.851898173662036, -7.573848703254899 ], [ 110.851272571971862, -7.573911159372332 ], [ 110.850479138801489, -7.573659399561556 ], [ 110.849406994037764, -7.57323043283808 ], [ 110.848335269257547, -7.572715714858197 ], [ 110.848329992035787, -7.572714629376537 ], [ 110.848282615750406, -7.572689053556853 ], [ 110.847857493628709, -7.572572353930801 ], [ 110.847811567949719, -7.572585374315394 ], [ 110.847315474030182, -7.57272601209566 ], [ 110.847091556330511, -7.572875700652943 ], [ 110.846949557876002, -7.572937234965255 ], [ 110.846906474054776, -7.572999427581379 ], [ 110.846904230246267, -7.573000929449164 ], [ 110.846885997391126, -7.573028988297032 ], [ 110.846487455631802, -7.573604299898412 ], [ 110.846479644120535, -7.57365434806962 ], [ 110.846474160054711, -7.57366278820692 ], [ 110.846347720770964, -7.574483263092019 ], [ 110.846346265667904, -7.574508760670645 ], [ 110.846328545426275, -7.574622282991789 ], [ 110.846280027001882, -7.57536515897474 ], [ 110.846239374048082, -7.575790459162163 ], [ 110.846198718396352, -7.576138888898515 ], [ 110.845959067057578, -7.57651721839478 ], [ 110.845749060071284, -7.576739987660125 ], [ 110.845557276047685, -7.576879274658682 ], [ 110.84535744129316, -7.576955693650173 ], [ 110.844706664880931, -7.577177676908081 ], [ 110.844108766806329, -7.577257006105781 ], [ 110.844040000146151, -7.577090000203252 ], [ 110.844000000100209, -7.577019999673079 ], [ 110.843799999870313, -7.576439999905932 ], [ 110.843650000147619, -7.576120000437498 ], [ 110.843500000424939, -7.575929999769499 ], [ 110.843140000011189, -7.57574999956267 ], [ 110.842910000196625, -7.575670000370066 ], [ 110.842680000381961, -7.575639999885925 ], [ 110.842279999922368, -7.575690000393037 ], [ 110.841609999602071, -7.575710000416097 ], [ 110.84100999981186, -7.575670000370066 ], [ 110.84024999983788, -7.575479999702067 ], [ 110.840129999699968, -7.575439999656125 ], [ 110.839509999886886, -7.575249999887407 ], [ 110.839125765441992, -7.575169086084371 ], [ 110.838621483195197, -7.575039277040857 ], [ 110.838170673737778, -7.574955237194309 ], [ 110.837559421630274, -7.574802513425122 ], [ 110.836980000127141, -7.574549999982344 ], [ 110.836673156840988, -7.574451438782698 ], [ 110.836667234805233, -7.57444819043151 ], [ 110.836213517839809, -7.574199282370858 ], [ 110.83613764113943, -7.574157656350628 ], [ 110.835980421659414, -7.573745815416916 ], [ 110.835980347915026, -7.573745622062606 ], [ 110.835975191202365, -7.573732113346238 ], [ 110.83597513724304, -7.573731972152692 ], [ 110.835959357738403, -7.573690638412084 ], [ 110.8359283895837, -7.573396748960643 ], [ 110.835918525819494, -7.573291995029336 ], [ 110.836021478408696, -7.573039392553777 ], [ 110.836022329167463, -7.573035887895791 ], [ 110.836022378630105, -7.573035683749668 ], [ 110.836023310327761, -7.573031850839057 ], [ 110.836023394864057, -7.573031503700739 ], [ 110.836024928208076, -7.573025192258704 ], [ 110.836025097280668, -7.573024497982067 ], [ 110.836201394079325, -7.572298568823771 ], [ 110.836249434963662, -7.571932123868236 ], [ 110.836249031168094, -7.571925935633245 ], [ 110.83624984595393, -7.571919911974162 ], [ 110.836232007901032, -7.571665402935873 ], [ 110.836217682600179, -7.571446150019695 ], [ 110.836164717927616, -7.571160742973787 ], [ 110.836146863687048, -7.57106207475477 ], [ 110.836146030015513, -7.571060037790395 ], [ 110.83614597515691, -7.571059743712033 ], [ 110.836059999969308, -7.570850000227142 ], [ 110.835992031007649, -7.570730678178101 ], [ 110.835962207689974, -7.570706853338488 ], [ 110.8359551471126, -7.570701211891268 ], [ 110.835855578672266, -7.570576001980739 ], [ 110.835708037696037, -7.570472863231909 ], [ 110.835357533223828, -7.570487457430025 ], [ 110.835003319947518, -7.570546228125802 ], [ 110.83377458612847, -7.570906552295415 ], [ 110.83342403489155, -7.571038953185044 ], [ 110.83314000021106, -7.571089999603692 ], [ 110.832440000305994, -7.570939999880916 ], [ 110.832340000191138, -7.570910000296144 ], [ 110.832006072922184, -7.570814992317859 ], [ 110.831448095753274, -7.570685987268372 ], [ 110.831167214095871, -7.570610119561233 ], [ 110.830889999873818, -7.570489999813485 ], [ 110.830787084156881, -7.570299062051883 ], [ 110.830710119276816, -7.57016454325889 ], [ 110.830625156725858, -7.569967579140363 ], [ 110.830630831447976, -7.569907424387984 ], [ 110.830685185573088, -7.569421005374916 ], [ 110.830691282976559, -7.569420279622036 ], [ 110.830692157117596, -7.569418666238298 ], [ 110.830691344130486, -7.569418758868468 ], [ 110.830687145195867, -7.569419239106451 ], [ 110.830739944393144, -7.56875070378184 ], [ 110.830740000151124, -7.568749999612673 ], [ 110.830740000151124, -7.568747965346229 ], [ 110.830739958782345, -7.568747959950278 ], [ 110.830737134011798, -7.568608470604249 ], [ 110.830736127670392, -7.568558810940224 ], [ 110.830720000128153, -7.568419999683157 ], [ 110.830649999598066, -7.568229999914439 ], [ 110.830490020098551, -7.567983017302299 ], [ 110.830399311779033, -7.567866547902752 ], [ 110.830295661315972, -7.567691858192499 ], [ 110.830295042582378, -7.567689033421948 ], [ 110.830270436231913, -7.567287124600969 ], [ 110.830270000060722, -7.567280000171745 ], [ 110.830270046825447, -7.567279706992752 ], [ 110.830270018047131, -7.567279704294822 ], [ 110.830289462289088, -7.566967381439333 ], [ 110.830284591560911, -7.566749814752 ], [ 110.830283090592403, -7.566682763998162 ], [ 110.830237791740984, -7.566482222376542 ], [ 110.830193365231935, -7.56641523097798 ], [ 110.830192268958285, -7.566413578923398 ], [ 110.830169999945781, -7.566380000036793 ], [ 110.830169794900371, -7.566379874131729 ], [ 110.829909999646972, -7.566219999852936 ], [ 110.829049999558052, -7.565749999762533 ], [ 110.828509999836854, -7.565510000386072 ], [ 110.828320000068217, -7.565379999786987 ], [ 110.828170001244814, -7.565229997366369 ], [ 110.828329999630029, -7.564670000320123 ], [ 110.828440000206044, -7.564269999860524 ], [ 110.828469999790912, -7.564169999745579 ], [ 110.828670000020708, -7.563480000301687 ], [ 110.828779999697446, -7.563090000303169 ], [ 110.828799999720417, -7.563030000234167 ], [ 110.829180000157137, -7.561700000054755 ], [ 110.82920999974192, -7.561619999962871 ], [ 110.82922000020308, -7.561559999893958 ], [ 110.82928999983389, -7.561359999664069 ], [ 110.829450000017744, -7.560810000381063 ], [ 110.829519999648454, -7.56053000005929 ], [ 110.829610000201598, -7.560260000198688 ], [ 110.829690000293482, -7.559979999876915 ], [ 110.829710000316453, -7.559879999762059 ], [ 110.82986999960103, -7.559299999994823 ], [ 110.829960000154173, -7.558720000227676 ], [ 110.830169999945781, -7.558760000273707 ], [ 110.830909999896789, -7.558869999950363 ], [ 110.831575945173924, -7.558950259047065 ], [ 110.831703108412, -7.558971256418196 ], [ 110.832180000007185, -7.55905000015728 ], [ 110.832297899328779, -7.559073158599289 ], [ 110.832386189371448, -7.558568760339862 ], [ 110.832412670808395, -7.558417468291373 ], [ 110.832415483887672, -7.558397820802582 ], [ 110.832469823623683, -7.558018282617524 ], [ 110.832520561574938, -7.557663904765216 ], [ 110.832432319196471, -7.557601445949763 ], [ 110.832237299412057, -7.557463409008952 ], [ 110.832237667234807, -7.557461803719096 ], [ 110.832292638294859, -7.557222245010492 ], [ 110.832293631146442, -7.557217918372067 ], [ 110.83314000021106, -7.55732000041755 ], [ 110.833590000278576, -7.557350000002322 ], [ 110.833659999909287, -7.557350000002322 ], [ 110.834009999861863, -7.557350000002322 ], [ 110.834470000390468, -7.55730999995638 ], [ 110.834869999950783, -7.557300000394579 ], [ 110.835199999880302, -7.557289999933409 ], [ 110.835369999626053, -7.557200000279635 ], [ 110.835533452307217, -7.55702449308579 ], [ 110.835717506657829, -7.55678758288047 ], [ 110.835981966694618, -7.556206916715719 ], [ 110.836195567371774, -7.556271947592136 ], [ 110.836410055679778, -7.556337249164641 ], [ 110.83658733094083, -7.556337314815059 ], [ 110.83659209375034, -7.556326181208134 ], [ 110.836684416352981, -7.556110386185217 ], [ 110.836754726249907, -7.555926836354327 ], [ 110.836871870140939, -7.555726615790554 ], [ 110.837168739945668, -7.555229231343769 ], [ 110.83719652090295, -7.555182686031986 ], [ 110.837202288255227, -7.555170849155263 ], [ 110.837253427304049, -7.555065885681972 ], [ 110.837283543800808, -7.555029182550594 ], [ 110.837419999733413, -7.555019999573193 ], [ 110.838209772663134, -7.554768064394518 ], [ 110.838502921972577, -7.554727976214987 ], [ 110.838902639145715, -7.554673313622401 ], [ 110.838908583664463, -7.554627119945429 ], [ 110.83891913271205, -7.554545153935538 ], [ 110.838926337180979, -7.554455720854686 ], [ 110.838931334713592, -7.554280943010933 ], [ 110.838932012802374, -7.554276221570183 ], [ 110.838932027191575, -7.554239092160237 ], [ 110.838926866881621, -7.554130912711282 ], [ 110.838917183881179, -7.554128424287149 ], [ 110.83844999956807, -7.554169999945354 ], [ 110.838000000399916, -7.554160000383553 ], [ 110.837439999756469, -7.554100000314551 ], [ 110.837223055399946, -7.554065969069085 ], [ 110.837203410609163, -7.554062887991736 ], [ 110.836929999620025, -7.554020000222667 ], [ 110.836240000176048, -7.553960000153753 ], [ 110.836272341595546, -7.553838864172064 ], [ 110.836302738680672, -7.553373110680378 ], [ 110.836357448937349, -7.553377175615966 ], [ 110.836357091007216, -7.553373385872869 ], [ 110.836324947438612, -7.553032827003231 ], [ 110.836319323078612, -7.55253411425782 ], [ 110.836127727912569, -7.55207012433658 ], [ 110.835971012952172, -7.551571354034631 ], [ 110.835878127373931, -7.551321963937347 ], [ 110.835884151033014, -7.550759465876506 ], [ 110.835873987794486, -7.550757008928705 ], [ 110.835903120432931, -7.550593548153567 ], [ 110.83593308764209, -7.55039138685289 ], [ 110.835950566865392, -7.55016276569897 ], [ 110.835980210318695, -7.549775034689982 ], [ 110.836112417854096, -7.549770687367213 ], [ 110.836151064420307, -7.549543124715291 ], [ 110.836231587917695, -7.549282595615131 ], [ 110.836236356123166, -7.549254117683208 ], [ 110.836244839428076, -7.549203443583891 ], [ 110.836269109432124, -7.549117698622804 ], [ 110.836299984057291, -7.549045150313222 ], [ 110.836035606758031, -7.548950502063895 ], [ 110.836038191409642, -7.548883260653766 ], [ 110.836042399337515, -7.548773787979818 ], [ 110.836045620709044, -7.548689946883353 ], [ 110.836083337376337, -7.548003932335518 ], [ 110.835913668581156, -7.548014861796321 ], [ 110.835843317315536, -7.547842531907206 ], [ 110.835833317753639, -7.547818038871251 ], [ 110.83598317358485, -7.547756527941302 ], [ 110.835974073345, -7.547728717306351 ], [ 110.835913111900851, -7.54753305270805 ], [ 110.835745303803037, -7.547490382574934 ], [ 110.835701601248118, -7.547412498587764 ], [ 110.835689153731678, -7.547390315910202 ], [ 110.835672643078212, -7.547351830322596 ], [ 110.835657237691564, -7.547301251551381 ], [ 110.835624118358595, -7.54724463113467 ], [ 110.83565285259732, -7.547244080749599 ], [ 110.835716779106292, -7.547171545030657 ], [ 110.835747651932806, -7.547107791191471 ], [ 110.83579303262259, -7.547043309800755 ], [ 110.835835835855377, -7.546982492248072 ], [ 110.835909717859437, -7.546739721161017 ], [ 110.835822007879628, -7.546695178639435 ], [ 110.835752218690175, -7.546681222959978 ], [ 110.835668498103004, -7.546657005116514 ], [ 110.835587917948288, -7.54664987888864 ], [ 110.835518670150748, -7.546643756304156 ], [ 110.835322194363982, -7.546582713021638 ], [ 110.835207636923116, -7.546457908705334 ], [ 110.835232969026563, -7.546311624082075 ], [ 110.835245194410462, -7.546258344646723 ], [ 110.835205062164135, -7.546218267259092 ], [ 110.835171658645436, -7.546171259695739 ], [ 110.835157130097741, -7.546054912603956 ], [ 110.835063446820868, -7.546042128741099 ], [ 110.834914754712372, -7.546021838237066 ], [ 110.834895554186673, -7.546018301203556 ], [ 110.834947463055158, -7.545854619195164 ], [ 110.834953632404464, -7.545857139994822 ], [ 110.835022220099631, -7.545745317392355 ], [ 110.835045395628768, -7.54572091518792 ], [ 110.835217522271137, -7.545552239244308 ], [ 110.835300795895307, -7.545460551563038 ], [ 110.835321891292466, -7.545439225040091 ], [ 110.835321917372852, -7.545437296893559 ], [ 110.835377008042741, -7.545376641218854 ], [ 110.835379849001058, -7.545367792789221 ], [ 110.835430211035685, -7.54521094562845 ], [ 110.835426931208161, -7.545101572779184 ], [ 110.835373837932522, -7.544975610136112 ], [ 110.835332377387573, -7.544831421832504 ], [ 110.835305825803431, -7.544781697417252 ], [ 110.835166248324001, -7.544729745381335 ], [ 110.835037389863913, -7.544684221699355 ], [ 110.834927456736963, -7.544645385376131 ], [ 110.834897237717584, -7.544634708624737 ], [ 110.834872464093195, -7.544620789817475 ], [ 110.834846765066459, -7.54461565109123 ], [ 110.834737441679849, -7.544571545640205 ], [ 110.834656840840779, -7.544539027953618 ], [ 110.834607645226882, -7.544519179916093 ], [ 110.834584800648301, -7.544509963663798 ], [ 110.834526876214611, -7.544486956307867 ], [ 110.834435864823561, -7.544450807158859 ], [ 110.834372265667753, -7.544419044003553 ], [ 110.83437103269722, -7.544418427967886 ], [ 110.834373967185087, -7.544411043634564 ], [ 110.834429244014686, -7.544271915816142 ], [ 110.83451891181862, -7.544091092729594 ], [ 110.834581527116015, -7.543964825216348 ], [ 110.834588814322586, -7.543950131193461 ], [ 110.834532068000811, -7.543907247021692 ], [ 110.834389964325666, -7.543858773563378 ], [ 110.834205193215354, -7.543835049447817 ], [ 110.83412216690472, -7.543821760165964 ], [ 110.833841551446653, -7.543747082261837 ], [ 110.833441232627052, -7.543591480662143 ], [ 110.833437986074415, -7.543590620010948 ], [ 110.833373852721394, -7.543573613831017 ], [ 110.833224019373262, -7.543534067043395 ], [ 110.833124256679326, -7.543501550256177 ], [ 110.832840420749108, -7.543501442337525 ], [ 110.83249727542912, -7.543489702587553 ], [ 110.832514424601257, -7.543217550649323 ], [ 110.832531939797477, -7.543029527590511 ], [ 110.832579652429274, -7.54283396011905 ], [ 110.83265466218316, -7.54256508081374 ], [ 110.832366016678591, -7.542512342770208 ], [ 110.832302187296364, -7.542488847981871 ], [ 110.832256562890336, -7.542412900235024 ], [ 110.832195962074238, -7.542312022381842 ], [ 110.832149046241767, -7.54221204385061 ], [ 110.832098513336007, -7.542098463972752 ], [ 110.832105119755681, -7.542031159610224 ], [ 110.832123530676654, -7.541875503151835 ], [ 110.832253160754959, -7.541610409092953 ], [ 110.832247090331151, -7.541609988210246 ], [ 110.832247438368839, -7.541609264255928 ], [ 110.832222243861651, -7.541608268706507 ], [ 110.831964222071406, -7.541590411767912 ], [ 110.831499215017033, -7.541683032945484 ], [ 110.831494813734849, -7.541670572838494 ], [ 110.831494787654549, -7.541670499993386 ], [ 110.831494402744767, -7.541669410015145 ], [ 110.831481719605961, -7.541614466834029 ], [ 110.831349219790837, -7.541561054299101 ], [ 110.831173239553607, -7.541472275924671 ], [ 110.831150573040759, -7.541460841044784 ], [ 110.831228142265147, -7.541315345126892 ], [ 110.831391281082972, -7.541009599013665 ], [ 110.831404570364825, -7.540987169022467 ], [ 110.831628714693608, -7.540608834130253 ], [ 110.83166052281517, -7.540555146402744 ], [ 110.83181259907245, -7.540221220033167 ], [ 110.831909376916414, -7.540008714730212 ], [ 110.831984946947983, -7.539842779920231 ], [ 110.832047322126513, -7.539697694992515 ], [ 110.832093229819009, -7.539590913089994 ], [ 110.832188518385635, -7.539369273373103 ], [ 110.832246582214225, -7.539222683879582 ], [ 110.832292344216597, -7.539040182658158 ], [ 110.832378387752627, -7.538889925729392 ], [ 110.832379548777411, -7.53888699393947 ], [ 110.832415429928432, -7.538796407028431 ], [ 110.832572358028102, -7.538407451142798 ], [ 110.83259832325426, -7.538294861418588 ], [ 110.83269010536435, -7.5378968673464 ], [ 110.832716664142993, -7.537781698366536 ], [ 110.832814271161908, -7.537388489587044 ], [ 110.832829845621134, -7.537329739575699 ], [ 110.832862330032739, -7.537207213242175 ], [ 110.832872606585767, -7.537182739092002 ], [ 110.833074866811941, -7.537248035268468 ], [ 110.833088457366671, -7.537252422161361 ], [ 110.833095067383738, -7.537223744579985 ], [ 110.833140020895485, -7.537028725695033 ], [ 110.833268233642315, -7.536828641828225 ], [ 110.833329411823144, -7.536733168900439 ], [ 110.83341752559862, -7.536543286942993 ], [ 110.833420891760994, -7.53653444211066 ], [ 110.833465132110419, -7.536453167679386 ], [ 110.833498549119042, -7.53639177725855 ], [ 110.833533718006933, -7.53632716816412 ], [ 110.833545182564421, -7.536306106941132 ], [ 110.833484070933366, -7.536225139178682 ], [ 110.833516276555187, -7.536021629794226 ], [ 110.833547037865742, -7.535827249427935 ], [ 110.833565014414091, -7.535742199642676 ], [ 110.833605870614733, -7.535548897563443 ], [ 110.833605873312663, -7.535544155438262 ], [ 110.833613870084264, -7.535509298615056 ], [ 110.833657506089295, -7.535229160697038 ], [ 110.833686878846592, -7.535098259876633 ], [ 110.833727014690211, -7.534919396412859 ], [ 110.833791721810769, -7.53477356414855 ], [ 110.833826557050259, -7.534657845682896 ], [ 110.833859817576766, -7.53457909205128 ], [ 110.833885274685898, -7.5344903046836 ], [ 110.833976342734289, -7.534200051191248 ], [ 110.834008829843924, -7.534118566318621 ], [ 110.834052360628135, -7.534051484987908 ], [ 110.834176958999763, -7.53405321888076 ], [ 110.834355913294957, -7.533667373750158 ], [ 110.834522835560662, -7.533477642878789 ], [ 110.834705422217652, -7.533248080134597 ], [ 110.834789697686659, -7.533142120212516 ], [ 110.834810981941459, -7.533103101326883 ], [ 110.834811867773766, -7.533101477151244 ], [ 110.834811887558828, -7.533101440279139 ], [ 110.83489356218837, -7.532951710352992 ], [ 110.834924080682057, -7.532895760830555 ], [ 110.835007247286853, -7.532816975722695 ], [ 110.83502444232434, -7.532783502956181 ], [ 110.835235105815713, -7.532840923769441 ], [ 110.83614820727415, -7.532344340618663 ], [ 110.836614324092011, -7.532121535380404 ], [ 110.837323229084049, -7.531370039395674 ], [ 110.837592716331045, -7.531173944022135 ], [ 110.837743020024547, -7.53122888270667 ], [ 110.838187850788941, -7.531504806401585 ], [ 110.838407488615005, -7.531840849775246 ], [ 110.838407851941085, -7.531841405556267 ], [ 110.838571724605686, -7.531977008032359 ], [ 110.838674757234514, -7.531991068033256 ], [ 110.83874023327536, -7.532243480751894 ], [ 110.838829206802757, -7.532280905139483 ], [ 110.838904061873166, -7.532500604119469 ], [ 110.838971959788367, -7.53253568307512 ], [ 110.839004669030516, -7.532741345436572 ] ] ] ] } }\r\n]\r\n}', '#ff1a1a'),
(7, 'Pasar Kliwon', '{\r\n\"type\": \"FeatureCollection\",\r\n\"name\": \"pasar kliwon\",\r\n\"crs\": { \"type\": \"name\", \"properties\": { \"name\": \"urn:ogc:def:crs:OGC:1.3:CRS84\" } },\r\n\"features\": [\r\n{ \"type\": \"Feature\", \"properties\": { \"provinsi\": \"JAWA TENGAH\", \"kabupaten\": \"SURAKARTA\", \"kecamatan\": \"Pasar Kliwon\", \"kode_dagri\": 337203 }, \"geometry\": { \"type\": \"MultiPolygon\", \"coordinates\": [ [ [ [ 110.830739944393144, -7.56875070378184 ], [ 110.830687145195867, -7.569419239106451 ], [ 110.830691344130486, -7.569418758868468 ], [ 110.830692157117596, -7.569418666238298 ], [ 110.830691282976559, -7.569420279622036 ], [ 110.830685185573088, -7.569421005374916 ], [ 110.830630831447976, -7.569907424387984 ], [ 110.830625156725858, -7.569967579140363 ], [ 110.830710119276816, -7.57016454325889 ], [ 110.830787084156881, -7.570299062051883 ], [ 110.830889999873818, -7.570489999813485 ], [ 110.831167214095871, -7.570610119561233 ], [ 110.831448095753274, -7.570685987268372 ], [ 110.832006072922184, -7.570814992317859 ], [ 110.832340000191138, -7.570910000296144 ], [ 110.832440000305994, -7.570939999880916 ], [ 110.83314000021106, -7.571089999603692 ], [ 110.83342403489155, -7.571038953185044 ], [ 110.83377458612847, -7.570906552295415 ], [ 110.835003319947518, -7.570546228125802 ], [ 110.835357533223828, -7.570487457430025 ], [ 110.835708037696037, -7.570472863231909 ], [ 110.835855578672266, -7.570576001980739 ], [ 110.8359551471126, -7.570701211891268 ], [ 110.835962207689974, -7.570706853338488 ], [ 110.835992031007649, -7.570730678178101 ], [ 110.836059999969308, -7.570850000227142 ], [ 110.83614597515691, -7.571059743712033 ], [ 110.836146030015513, -7.571060037790395 ], [ 110.836146863687048, -7.57106207475477 ], [ 110.836164717927616, -7.571160742973787 ], [ 110.836217682600179, -7.571446150019695 ], [ 110.836232007901032, -7.571665402935873 ], [ 110.83624984595393, -7.571919911974162 ], [ 110.836249031168094, -7.571925935633245 ], [ 110.836249434963662, -7.571932123868236 ], [ 110.836201394079325, -7.572298568823771 ], [ 110.836025097280668, -7.573024497982067 ], [ 110.836024928208076, -7.573025192258704 ], [ 110.836023394864057, -7.573031503700739 ], [ 110.836023310327761, -7.573031850839057 ], [ 110.836022378630105, -7.573035683749668 ], [ 110.836022329167463, -7.573035887895791 ], [ 110.836021478408696, -7.573039392553777 ], [ 110.835918525819494, -7.573291995029336 ], [ 110.8359283895837, -7.573396748960643 ], [ 110.835959357738403, -7.573690638412084 ], [ 110.83597513724304, -7.573731972152692 ], [ 110.835975191202365, -7.573732113346238 ], [ 110.835980347915026, -7.573745622062606 ], [ 110.835980421659414, -7.573745815416916 ], [ 110.83613764113943, -7.574157656350628 ], [ 110.836213517839809, -7.574199282370858 ], [ 110.836667234805233, -7.57444819043151 ], [ 110.836673156840988, -7.574451438782698 ], [ 110.836980000127141, -7.574549999982344 ], [ 110.837559421630274, -7.574802513425122 ], [ 110.838170673737778, -7.574955237194309 ], [ 110.838621483195197, -7.575039277040857 ], [ 110.839125765441992, -7.575169086084371 ], [ 110.839509999886886, -7.575249999887407 ], [ 110.840129999699968, -7.575439999656125 ], [ 110.84024999983788, -7.575479999702067 ], [ 110.84100999981186, -7.575670000370066 ], [ 110.841609999602071, -7.575710000416097 ], [ 110.842279999922368, -7.575690000393037 ], [ 110.842680000381961, -7.575639999885925 ], [ 110.842910000196625, -7.575670000370066 ], [ 110.843140000011189, -7.57574999956267 ], [ 110.843500000424939, -7.575929999769499 ], [ 110.843650000147619, -7.576120000437498 ], [ 110.843799999870313, -7.576439999905932 ], [ 110.844000000100209, -7.577019999673079 ], [ 110.844040000146151, -7.577090000203252 ], [ 110.844108766806329, -7.577257006105781 ], [ 110.843763010754543, -7.57730288142266 ], [ 110.843342378947824, -7.577680355663769 ], [ 110.843113148952924, -7.578491468606269 ], [ 110.843009914875907, -7.579722212410029 ], [ 110.842902124833415, -7.580631271415878 ], [ 110.842717074933304, -7.580958743351224 ], [ 110.842341992888947, -7.580898959119525 ], [ 110.842610113166387, -7.581022347902894 ], [ 110.842275836960567, -7.581213800076653 ], [ 110.84152815769859, -7.581553858023965 ], [ 110.841464181726877, -7.581654007426336 ], [ 110.841452775625299, -7.581660151594622 ], [ 110.841065969119455, -7.582129052713444 ], [ 110.841004808925035, -7.582435635196222 ], [ 110.841022943754041, -7.58292295892728 ], [ 110.841077784412462, -7.583203185878168 ], [ 110.841146857741563, -7.583513875564768 ], [ 110.841194276294999, -7.583665477879292 ], [ 110.841302750721596, -7.584668021411928 ], [ 110.841289470432997, -7.584802295589305 ], [ 110.841220526606264, -7.585389393705383 ], [ 110.84114624620257, -7.585856666152075 ], [ 110.841004344874904, -7.586469199793572 ], [ 110.840883085686073, -7.58695951916632 ], [ 110.840808926690869, -7.587729682378813 ], [ 110.840757705803696, -7.58798326961207 ], [ 110.840698457568038, -7.588608943247993 ], [ 110.840567446130962, -7.589549072031882 ], [ 110.840145975256846, -7.590140491390435 ], [ 110.84001303207603, -7.59029082925819 ], [ 110.839859111309238, -7.590283093289968 ], [ 110.839677330444644, -7.590202251432582 ], [ 110.839441370822854, -7.590251726735636 ], [ 110.839043989189037, -7.590276360965137 ], [ 110.83852243186503, -7.590288557570729 ], [ 110.838000879936899, -7.590288364216508 ], [ 110.837476765840336, -7.590459610422523 ], [ 110.837003118998936, -7.590574380103393 ], [ 110.836958259916003, -7.590612350379472 ], [ 110.836920395759932, -7.59062250732267 ], [ 110.836498046248124, -7.590994065823348 ], [ 110.836492201554137, -7.590999673096305 ], [ 110.836463684951383, -7.591022915175233 ], [ 110.835861119395346, -7.59159528599353 ], [ 110.835787205015748, -7.591680524636341 ], [ 110.835317894705312, -7.592170728895836 ], [ 110.834696646633219, -7.593087397964932 ], [ 110.834162407069698, -7.593781069340738 ], [ 110.834095189042017, -7.593857795001141 ], [ 110.833635838723168, -7.594353870934273 ], [ 110.833381665132023, -7.594585394200432 ], [ 110.833221425728411, -7.594697926368016 ], [ 110.832994640990137, -7.594820637062599 ], [ 110.832905084702148, -7.594863243343858 ], [ 110.832867155794844, -7.594873153872789 ], [ 110.832527153605497, -7.594891509035778 ], [ 110.832311450313384, -7.594905489896337 ], [ 110.832141487439927, -7.594817800600867 ], [ 110.832055632761438, -7.594759622558395 ], [ 110.831550584292273, -7.594397517731116 ], [ 110.831386293442904, -7.594263403633067 ], [ 110.831082658937802, -7.593990523243938 ], [ 110.830586070391078, -7.593655782987802 ], [ 110.830352422926239, -7.593503057419965 ], [ 110.829964154122635, -7.593246849562369 ], [ 110.829709852827676, -7.593068067936865 ], [ 110.829643150111536, -7.593040600842843 ], [ 110.829565840791162, -7.59299041327674 ], [ 110.829293249084444, -7.592888801576797 ], [ 110.82896366194376, -7.592860250799766 ], [ 110.8287279649239, -7.592847780800333 ], [ 110.828505247819223, -7.592817844168049 ], [ 110.828229140662529, -7.592814537360865 ], [ 110.828177312733033, -7.592812275565936 ], [ 110.827926058341163, -7.592802999958365 ], [ 110.827919792764476, -7.592809940026529 ], [ 110.827905391920496, -7.592807549628605 ], [ 110.827764199258667, -7.59279468572604 ], [ 110.827561127843964, -7.592786858026929 ], [ 110.827311531801996, -7.592729280731553 ], [ 110.827240962001056, -7.592704605133277 ], [ 110.827119543632278, -7.592662148139534 ], [ 110.826908354936847, -7.592595006554176 ], [ 110.826390000098684, -7.592360000213655 ], [ 110.826117265399688, -7.592282075757079 ], [ 110.825560130895553, -7.592122894855552 ], [ 110.825550000032734, -7.592119999937913 ], [ 110.825547263395691, -7.592119526894442 ], [ 110.824159999784413, -7.591879999662082 ], [ 110.823210000041726, -7.591580000216708 ], [ 110.823000000250033, -7.591520000147795 ], [ 110.82299993819683, -7.591519977664713 ], [ 110.822987694826509, -7.591515657321607 ], [ 110.822829999605005, -7.591460000078793 ], [ 110.822830336850785, -7.591458988341432 ], [ 110.822830406997966, -7.591458777900168 ], [ 110.822833331593202, -7.591450002315553 ], [ 110.822889999674004, -7.591279999871964 ], [ 110.822920000158149, -7.591219999803051 ], [ 110.823210000041726, -7.590310000106299 ], [ 110.823430000294579, -7.589750000362122 ], [ 110.823459999879361, -7.58969000029312 ], [ 110.823559999994302, -7.589389999948376 ], [ 110.823629999625012, -7.589189999718577 ], [ 110.8237000001551, -7.588999999949858 ], [ 110.823760000224098, -7.588879999812032 ], [ 110.823809999831838, -7.588730000089345 ], [ 110.823999999600559, -7.588320000067767 ], [ 110.824139999761442, -7.588019999723023 ], [ 110.824549999782931, -7.586969999865473 ], [ 110.824640000335989, -7.586769999635673 ], [ 110.824680000381932, -7.586659999958928 ], [ 110.824970000265509, -7.585910000446034 ], [ 110.825079999942247, -7.58561999966309 ], [ 110.825229999665027, -7.585229999664572 ], [ 110.825469999940765, -7.584609999851483 ], [ 110.825699999755429, -7.583979999577134 ], [ 110.82579999987037, -7.583669999670589 ], [ 110.825678619273162, -7.583636895626106 ], [ 110.825684159996229, -7.583617090756007 ], [ 110.825684175284721, -7.583617036796681 ], [ 110.825684472061013, -7.583615973798014 ], [ 110.823274635216535, -7.582969293797709 ], [ 110.82325616494029, -7.582964337633963 ], [ 110.82323999962658, -7.582960000203726 ], [ 110.823126614002319, -7.582929927773757 ], [ 110.823024983416502, -7.582902973293421 ], [ 110.822995197870384, -7.58289460600114 ], [ 110.822160000184084, -7.582659999858982 ], [ 110.820899999635571, -7.582309999906406 ], [ 110.82056000014407, -7.582189999768491 ], [ 110.820398951350739, -7.582152856868713 ], [ 110.820370691054777, -7.582146338582535 ], [ 110.82035197796165, -7.582142022736011 ], [ 110.820351842164058, -7.582141992159047 ], [ 110.82034828624468, -7.582141171977347 ], [ 110.820348445424642, -7.582140704329915 ], [ 110.820348539853455, -7.582140426439405 ], [ 110.820349056963636, -7.582138908383768 ], [ 110.820349068654821, -7.582138872410943 ], [ 110.820374105780616, -7.582065327652571 ], [ 110.820377952180962, -7.582054032167668 ], [ 110.820646657917209, -7.581264749368549 ], [ 110.820648489836174, -7.581258982016265 ], [ 110.820728381110129, -7.581007438042703 ], [ 110.82087220069171, -7.580580760093819 ], [ 110.820996407858217, -7.580215968092324 ], [ 110.821078125655276, -7.579968428799794 ], [ 110.821146764611754, -7.57976974697609 ], [ 110.821238169006563, -7.579517502430661 ], [ 110.82125774365015, -7.579463481953947 ], [ 110.821274230021885, -7.579417986150999 ], [ 110.821313469241403, -7.579264898156363 ], [ 110.821334070011559, -7.579197007435762 ], [ 110.821355966704729, -7.5791248422375 ], [ 110.821447489810097, -7.578847988643584 ], [ 110.821485190289536, -7.578749363592169 ], [ 110.821552071071437, -7.578574398689425 ], [ 110.821554263618651, -7.578566481058075 ], [ 110.821604382836313, -7.578385484402456 ], [ 110.821678757668735, -7.578144241263568 ], [ 110.821726354288089, -7.578062495587562 ], [ 110.821801373934505, -7.57783483670817 ], [ 110.821859550178317, -7.577658291696671 ], [ 110.821880567334603, -7.577592612408973 ], [ 110.82212595185149, -7.576825749708433 ], [ 110.822287362172233, -7.576356613866525 ], [ 110.822416544388275, -7.575981149610217 ], [ 110.822567903885925, -7.575516615599137 ], [ 110.82266475367571, -7.575269273258217 ], [ 110.822749315129016, -7.575026583110151 ], [ 110.822816100582799, -7.574834907904488 ], [ 110.822912969258368, -7.574542312577498 ], [ 110.822935013440414, -7.574476412956005 ], [ 110.822949293775196, -7.574433721239088 ], [ 110.823021916728266, -7.574282907629931 ], [ 110.823026148937871, -7.57426899331925 ], [ 110.823082466283054, -7.574083820212002 ], [ 110.823189435244473, -7.573790661010022 ], [ 110.823300392699167, -7.573486572347327 ], [ 110.823504252819248, -7.572981094002102 ], [ 110.823548559718461, -7.572871233720341 ], [ 110.823669624653689, -7.572551496853936 ], [ 110.823718296862182, -7.572423758949149 ], [ 110.823760422905451, -7.572313201692732 ], [ 110.823911750926854, -7.571921072099669 ], [ 110.823934164730119, -7.571879575581803 ], [ 110.823954109894487, -7.57184265121717 ], [ 110.824044906347595, -7.571607373281547 ], [ 110.824074054274419, -7.571505731903922 ], [ 110.824116141646854, -7.57138340162255 ], [ 110.824250717996478, -7.571058389333024 ], [ 110.82426832042691, -7.570964919195528 ], [ 110.824268702638776, -7.570962884929084 ], [ 110.824349999553135, -7.570979999926947 ], [ 110.824785528629491, -7.571089414144988 ], [ 110.825516259268156, -7.57125872590933 ], [ 110.825514075714295, -7.571244755840673 ], [ 110.825640711949561, -7.5709226924282 ], [ 110.825662598750199, -7.570862178846322 ], [ 110.825875185891334, -7.570174914240741 ], [ 110.825967922182073, -7.56985395519571 ], [ 110.826016719396335, -7.569712930707001 ], [ 110.826023100086275, -7.569694975742375 ], [ 110.826026478839196, -7.56968375400186 ], [ 110.82612234387129, -7.569400449570924 ], [ 110.826158242109443, -7.569275265740777 ], [ 110.826216789773227, -7.569124518681408 ], [ 110.826285133752151, -7.568857050412364 ], [ 110.826289452296606, -7.568842086592848 ], [ 110.826397393425268, -7.568468009091162 ], [ 110.82645783775925, -7.56823399919952 ], [ 110.826602991934777, -7.567672047027258 ], [ 110.826626609930329, -7.567580612055486 ], [ 110.82662665219847, -7.567580449278139 ], [ 110.826625196196048, -7.567579975335476 ], [ 110.826200992282267, -7.567441965374239 ], [ 110.826105731594481, -7.567410972937888 ], [ 110.826102937400904, -7.567410063723318 ], [ 110.826127347699213, -7.56730793940969 ], [ 110.826141618141378, -7.567258459610055 ], [ 110.826178608156425, -7.567101258116366 ], [ 110.826227629301883, -7.566874905052695 ], [ 110.826228331672397, -7.56687467212826 ], [ 110.82623157642638, -7.566856682090001 ], [ 110.826232863356225, -7.566849543271664 ], [ 110.826233390358937, -7.566846616877693 ], [ 110.82625674575246, -7.566717065939627 ], [ 110.826286069946377, -7.566517671852963 ], [ 110.82632250867708, -7.566276097763519 ], [ 110.826345596972004, -7.566123036748635 ], [ 110.826385544857274, -7.565860461690849 ], [ 110.826393582098362, -7.565807632815885 ], [ 110.826391102667486, -7.565800821350627 ], [ 110.826218311426175, -7.565326069242512 ], [ 110.826214384086825, -7.565314361868153 ], [ 110.826188362203425, -7.565236788147106 ], [ 110.826187461982101, -7.565234104570101 ], [ 110.826180313271152, -7.565212793335635 ], [ 110.826395345668899, -7.565069867680147 ], [ 110.826428006347683, -7.565044066130628 ], [ 110.826644535217355, -7.565027532094798 ], [ 110.826809186694874, -7.565006050888385 ], [ 110.827314817924744, -7.564993313790253 ], [ 110.827375870200513, -7.565001402292743 ], [ 110.827755597243296, -7.565051704972098 ], [ 110.828169271894637, -7.565229687100245 ], [ 110.828170001244814, -7.565229997366369 ], [ 110.828320000068217, -7.565379999786987 ], [ 110.828509999836854, -7.565510000386072 ], [ 110.829049999558052, -7.565749999762533 ], [ 110.829909999646972, -7.566219999852936 ], [ 110.830169794900371, -7.566379874131729 ], [ 110.830169999945781, -7.566380000036793 ], [ 110.830192268958285, -7.566413578923398 ], [ 110.830193365231935, -7.56641523097798 ], [ 110.830237791740984, -7.566482222376542 ], [ 110.830283090592403, -7.566682763998162 ], [ 110.830284591560911, -7.566749814752 ], [ 110.830289462289088, -7.566967381439333 ], [ 110.830270018047131, -7.567279704294822 ], [ 110.830270046825447, -7.567279706992752 ], [ 110.830270000060722, -7.567280000171745 ], [ 110.830270436231913, -7.567287124600969 ], [ 110.830295042582378, -7.567689033421948 ], [ 110.830295661315972, -7.567691858192499 ], [ 110.830399311779033, -7.567866547902752 ], [ 110.830490020098551, -7.567983017302299 ], [ 110.830649999598066, -7.568229999914439 ], [ 110.830720000128153, -7.568419999683157 ], [ 110.830736127670392, -7.568558810940224 ], [ 110.830737134011798, -7.568608470604249 ], [ 110.830739958782345, -7.568747959950278 ], [ 110.830740000151124, -7.568747965346229 ], [ 110.830740000151124, -7.568749999612673 ], [ 110.830739944393144, -7.56875070378184 ] ] ] ] } }\r\n]\r\n}', '#512eff');
INSERT INTO `tbl_kecamatan` (`id_kecamatan`, `kecamatan`, `geojson`, `warna`) VALUES
(8, 'Serengan', '{\r\n\"type\": \"FeatureCollection\",\r\n\"name\": \"serengan\",\r\n\"crs\": { \"type\": \"name\", \"properties\": { \"name\": \"urn:ogc:def:crs:OGC:1.3:CRS84\" } },\r\n\"features\": [\r\n{ \"type\": \"Feature\", \"properties\": { \"provinsi\": \"JAWA TENGAH\", \"kabupaten\": \"SURAKARTA\", \"kecamatan\": \"Serengan\", \"kode_dagri\": 337202 }, \"geometry\": { \"type\": \"MultiPolygon\", \"coordinates\": [ [ [ [ 110.822416544388275, -7.575981149610217 ], [ 110.822287362172233, -7.576356613866525 ], [ 110.82212595185149, -7.576825749708433 ], [ 110.821880567334603, -7.577592612408973 ], [ 110.821859550178317, -7.577658291696671 ], [ 110.821801373934505, -7.57783483670817 ], [ 110.821726354288089, -7.578062495587562 ], [ 110.821678757668735, -7.578144241263568 ], [ 110.821604382836313, -7.578385484402456 ], [ 110.821554263618651, -7.578566481058075 ], [ 110.821552071071437, -7.578574398689425 ], [ 110.821485190289536, -7.578749363592169 ], [ 110.821447489810097, -7.578847988643584 ], [ 110.821355966704729, -7.5791248422375 ], [ 110.821334070011559, -7.579197007435762 ], [ 110.821313469241403, -7.579264898156363 ], [ 110.821274230021885, -7.579417986150999 ], [ 110.82125774365015, -7.579463481953947 ], [ 110.821238169006563, -7.579517502430661 ], [ 110.821146764611754, -7.57976974697609 ], [ 110.821078125655276, -7.579968428799794 ], [ 110.820996407858217, -7.580215968092324 ], [ 110.82087220069171, -7.580580760093819 ], [ 110.820728381110129, -7.581007438042703 ], [ 110.820648489836174, -7.581258982016265 ], [ 110.820646657917209, -7.581264749368549 ], [ 110.820377952180962, -7.582054032167668 ], [ 110.820374105780616, -7.582065327652571 ], [ 110.820349068654821, -7.582138872410943 ], [ 110.820349056963636, -7.582138908383768 ], [ 110.820348539853455, -7.582140426439405 ], [ 110.820348445424642, -7.582140704329915 ], [ 110.82034828624468, -7.582141171977347 ], [ 110.820351842164058, -7.582141992159047 ], [ 110.82035197796165, -7.582142022736011 ], [ 110.820370691054777, -7.582146338582535 ], [ 110.820398951350739, -7.582152856868713 ], [ 110.82056000014407, -7.582189999768491 ], [ 110.820899999635571, -7.582309999906406 ], [ 110.822160000184084, -7.582659999858982 ], [ 110.822995197870384, -7.58289460600114 ], [ 110.823024983416502, -7.582902973293421 ], [ 110.823126614002319, -7.582929927773757 ], [ 110.82323999962658, -7.582960000203726 ], [ 110.82325616494029, -7.582964337633963 ], [ 110.823274635216535, -7.582969293797709 ], [ 110.825684472061013, -7.583615973798014 ], [ 110.825684175284721, -7.583617036796681 ], [ 110.825684159996229, -7.583617090756007 ], [ 110.825678619273162, -7.583636895626106 ], [ 110.82579999987037, -7.583669999670589 ], [ 110.825699999755429, -7.583979999577134 ], [ 110.825469999940765, -7.584609999851483 ], [ 110.825229999665027, -7.585229999664572 ], [ 110.825079999942247, -7.58561999966309 ], [ 110.824970000265509, -7.585910000446034 ], [ 110.824680000381932, -7.586659999958928 ], [ 110.824640000335989, -7.586769999635673 ], [ 110.824549999782931, -7.586969999865473 ], [ 110.824139999761442, -7.588019999723023 ], [ 110.823999999600559, -7.588320000067767 ], [ 110.823809999831838, -7.588730000089345 ], [ 110.823760000224098, -7.588879999812032 ], [ 110.8237000001551, -7.588999999949858 ], [ 110.823629999625012, -7.589189999718577 ], [ 110.823559999994302, -7.589389999948376 ], [ 110.823459999879361, -7.58969000029312 ], [ 110.823430000294579, -7.589750000362122 ], [ 110.823210000041726, -7.590310000106299 ], [ 110.822920000158149, -7.591219999803051 ], [ 110.822889999674004, -7.591279999871964 ], [ 110.822833331593202, -7.591450002315553 ], [ 110.822830406997966, -7.591458777900168 ], [ 110.822830336850785, -7.591458988341432 ], [ 110.822829999605005, -7.591460000078793 ], [ 110.822987694826509, -7.591515657321607 ], [ 110.82299993819683, -7.591519977664713 ], [ 110.823000000250033, -7.591520000147795 ], [ 110.823210000041726, -7.591580000216708 ], [ 110.824159999784413, -7.591879999662082 ], [ 110.825547263395691, -7.592119526894442 ], [ 110.825550000032734, -7.592119999937913 ], [ 110.825560130895553, -7.592122894855552 ], [ 110.826117265399688, -7.592282075757079 ], [ 110.826390000098684, -7.592360000213655 ], [ 110.826908354936847, -7.592595006554176 ], [ 110.827119543632278, -7.592662148139534 ], [ 110.827240962001056, -7.592704605133277 ], [ 110.827311531801996, -7.592729280731553 ], [ 110.827561127843964, -7.592786858026929 ], [ 110.827764199258667, -7.59279468572604 ], [ 110.827905391920496, -7.592807549628605 ], [ 110.827919792764476, -7.592809940026529 ], [ 110.827889419961011, -7.592843587261572 ], [ 110.827829436979229, -7.593245809945976 ], [ 110.827799093853343, -7.593452589265421 ], [ 110.827661702625704, -7.59376526915167 ], [ 110.82749558705197, -7.593819655652484 ], [ 110.827293924874965, -7.593758019716662 ], [ 110.827120737931949, -7.59369402665781 ], [ 110.827020746810263, -7.593675974566433 ], [ 110.826908392708418, -7.593733789282825 ], [ 110.826673058115361, -7.593797508048378 ], [ 110.826653633658566, -7.593808897962101 ], [ 110.826644883254957, -7.593807677582126 ], [ 110.826408381341977, -7.593942117234781 ], [ 110.826346954948221, -7.593999104574872 ], [ 110.826274612583504, -7.594047185029424 ], [ 110.826160771002989, -7.594120953718892 ], [ 110.826052661701212, -7.594086842433717 ], [ 110.825916146413249, -7.593939157565916 ], [ 110.825878353303622, -7.59387876719117 ], [ 110.825842196960025, -7.59378244710211 ], [ 110.825803186168358, -7.593781150279727 ], [ 110.825751198159523, -7.593740358830398 ], [ 110.825624050210024, -7.593775192271152 ], [ 110.825553894097197, -7.593772859429765 ], [ 110.82524462983605, -7.593829898031252 ], [ 110.825233312767438, -7.593830999700763 ], [ 110.824999968374129, -7.593904720726136 ], [ 110.824929466921617, -7.593935950583503 ], [ 110.824891656724787, -7.5939449177236 ], [ 110.824873761115441, -7.593960627980429 ], [ 110.824795067738464, -7.593995488400934 ], [ 110.824721052634729, -7.594086307337128 ], [ 110.824760829648852, -7.594228275214582 ], [ 110.824774464270376, -7.594252786236949 ], [ 110.824776315974418, -7.594270576625667 ], [ 110.824846845305942, -7.594390070445217 ], [ 110.824855567830426, -7.594492818888393 ], [ 110.824848036008319, -7.594554614903454 ], [ 110.824783335183, -7.594633076255358 ], [ 110.824661252215265, -7.594648817089062 ], [ 110.824562066886159, -7.594618761746314 ], [ 110.82440219710395, -7.594529068761363 ], [ 110.8243453437629, -7.594398450328049 ], [ 110.824277131984275, -7.594211046002836 ], [ 110.82414625184829, -7.594199636303961 ], [ 110.824136052636959, -7.594213617164519 ], [ 110.824135254938341, -7.594213237650677 ], [ 110.824133575904085, -7.594217012105292 ], [ 110.824100702085929, -7.594262077133002 ], [ 110.824079139940622, -7.594339405339151 ], [ 110.824055173907368, -7.594393290018181 ], [ 110.823844896225268, -7.594929664572198 ], [ 110.823776225792457, -7.595040310861573 ], [ 110.82365421387118, -7.595080827118323 ], [ 110.823513640842052, -7.5950436383531 ], [ 110.823440962130917, -7.595000577914152 ], [ 110.823360638283077, -7.594948823729037 ], [ 110.823344205870654, -7.594943254227643 ], [ 110.82326973930725, -7.594899136186068 ], [ 110.823071285012034, -7.594845418780877 ], [ 110.82290177269887, -7.59479584095521 ], [ 110.822765331155296, -7.594771029559161 ], [ 110.822554486900259, -7.594699484893147 ], [ 110.822552667571756, -7.594698660214866 ], [ 110.822552280863306, -7.594698736657274 ], [ 110.822546210439498, -7.594696677209728 ], [ 110.822535810679341, -7.594702015585425 ], [ 110.822438845776389, -7.59472132492906 ], [ 110.822414463357021, -7.594764327811382 ], [ 110.822409728426436, -7.594766758678801 ], [ 110.822408220263412, -7.594775338211174 ], [ 110.822364813585523, -7.594851891201698 ], [ 110.822285716412978, -7.59508271389599 ], [ 110.822283803554924, -7.595085751805914 ], [ 110.822201332126042, -7.595158092371896 ], [ 110.82212062786499, -7.59518549291604 ], [ 110.822012628280419, -7.595201911838617 ], [ 110.821864131324901, -7.595210316902462 ], [ 110.821706612370576, -7.595199679721282 ], [ 110.821648158236144, -7.595195767670332 ], [ 110.821588413574659, -7.595183132195621 ], [ 110.82151978810802, -7.595165827440836 ], [ 110.821470943229656, -7.595145947926979 ], [ 110.821425469010421, -7.595121174302672 ], [ 110.821363461654641, -7.595079890924089 ], [ 110.821180306626161, -7.594987046714702 ], [ 110.821178258869793, -7.594985275050287 ], [ 110.821150511187426, -7.59497194260092 ], [ 110.820916569644226, -7.59485335619729 ], [ 110.820887109652617, -7.594854743851193 ], [ 110.820742638062541, -7.594797955261273 ], [ 110.82052200108977, -7.594751160837204 ], [ 110.820215730671677, -7.594757270831226 ], [ 110.820192467008951, -7.594757260938695 ], [ 110.81993360615121, -7.594697543256873 ], [ 110.819706290812931, -7.594630730823421 ], [ 110.819519072647338, -7.594617310240465 ], [ 110.819325151834505, -7.594643915783922 ], [ 110.819141024638796, -7.594728561773517 ], [ 110.818995106039552, -7.594700618938272 ], [ 110.818821241007754, -7.594675761676956 ], [ 110.81871942336295, -7.594542191668658 ], [ 110.818717951172758, -7.594541048630371 ], [ 110.818486319987954, -7.594396979037227 ], [ 110.818259342794647, -7.593999936447754 ], [ 110.818143196251768, -7.593681207721409 ], [ 110.818102864355893, -7.59357835495697 ], [ 110.818082804977649, -7.593408348016712 ], [ 110.818045593729437, -7.593293705140275 ], [ 110.817999044820269, -7.593234822029266 ], [ 110.817973319713246, -7.593226254188074 ], [ 110.817893030039585, -7.593185255894691 ], [ 110.81770212555287, -7.593178825742014 ], [ 110.81759854074032, -7.593169595100608 ], [ 110.817585604892017, -7.593165862914048 ], [ 110.817390228076846, -7.59306828737138 ], [ 110.817370943914227, -7.593036187869568 ], [ 110.817343539772779, -7.592856061757675 ], [ 110.817308100188882, -7.592689244712697 ], [ 110.817300725748098, -7.592562251446572 ], [ 110.81729893429862, -7.592556366283104 ], [ 110.81729502314704, -7.592497437306739 ], [ 110.817250248600303, -7.592138812855803 ], [ 110.817235306364495, -7.592064097180201 ], [ 110.817115525661279, -7.592019221010132 ], [ 110.816896869894805, -7.59193496172898 ], [ 110.816849686963735, -7.591912209780477 ], [ 110.816808614026598, -7.591847259843049 ], [ 110.816879843929897, -7.591611954927585 ], [ 110.816902359356675, -7.59148869384802 ], [ 110.816922784759015, -7.59138701020225 ], [ 110.81706545140969, -7.590913985691755 ], [ 110.817127749246538, -7.590440009698546 ], [ 110.817130933745858, -7.590335021044242 ], [ 110.817135794581503, -7.590291910243358 ], [ 110.817231943799428, -7.589956666366876 ], [ 110.817275994391935, -7.589936215783605 ], [ 110.817376115015904, -7.589573544383405 ], [ 110.817397034146069, -7.589527211311625 ], [ 110.817485800829317, -7.589350254410582 ], [ 110.817544316117477, -7.589215669966992 ], [ 110.817602828707805, -7.589085574039895 ], [ 110.817688043968346, -7.588948039820059 ], [ 110.817697325871151, -7.588933058014041 ], [ 110.817694959754874, -7.588931353798784 ], [ 110.817504022892635, -7.588793881632156 ], [ 110.816787709285535, -7.588366952772513 ], [ 110.81510924969237, -7.586998429234021 ], [ 110.813972465257336, -7.585895035727147 ], [ 110.813446023715244, -7.585338081087406 ], [ 110.813339222927027, -7.585216022401403 ], [ 110.81318664934463, -7.585092995145465 ], [ 110.812728878235347, -7.584679086670326 ], [ 110.812446580145831, -7.584393476377666 ], [ 110.812225336130624, -7.584180308274408 ], [ 110.811668379692236, -7.583629106597839 ], [ 110.811592092900952, -7.583555190419506 ], [ 110.811504950393427, -7.583505814941222 ], [ 110.811315203334203, -7.583370454382815 ], [ 110.811159471332786, -7.583324401899477 ], [ 110.81106678270605, -7.583296993261452 ], [ 110.81078278579713, -7.583213664778671 ], [ 110.810495052205155, -7.583170747332008 ], [ 110.810425235136762, -7.583168228330911 ], [ 110.810130996748356, -7.583178051625622 ], [ 110.809791612393241, -7.583231427288356 ], [ 110.80969242706405, -7.583150351607343 ], [ 110.809690718352215, -7.583145726393975 ], [ 110.809605765693789, -7.582808950072834 ], [ 110.80959549993257, -7.582591824952639 ], [ 110.809525962553437, -7.582090633675626 ], [ 110.80952453712797, -7.581398690796809 ], [ 110.809524594684589, -7.581395124085527 ], [ 110.80945592515107, -7.581141429832988 ], [ 110.809393826064479, -7.58103693760443 ], [ 110.809349099181844, -7.580961677838988 ], [ 110.809234681135862, -7.580860099413939 ], [ 110.80902307785297, -7.580770793137432 ], [ 110.808820374261103, -7.580685243329127 ], [ 110.80864720980108, -7.580612159923134 ], [ 110.808601213075718, -7.580595732007306 ], [ 110.808305560053839, -7.580512377444143 ], [ 110.808125224399873, -7.580480066601608 ], [ 110.807907165783377, -7.580527264821252 ], [ 110.807897600594032, -7.58052560737072 ], [ 110.80772399186894, -7.580460500951175 ], [ 110.807576984190732, -7.580398232792102 ], [ 110.807471596237434, -7.580270424740138 ], [ 110.807369074423463, -7.580148342671683 ], [ 110.807250612126239, -7.579985468254619 ], [ 110.807112619252223, -7.579844280089282 ], [ 110.806989815927565, -7.579699039578819 ], [ 110.806650266996456, -7.57963535678618 ], [ 110.806621850218463, -7.579616587035715 ], [ 110.806515457722412, -7.579375665854132 ], [ 110.806447779241893, -7.579135143072263 ], [ 110.806417820126526, -7.579045325980899 ], [ 110.806408528331104, -7.578988612034649 ], [ 110.806371051782847, -7.57890511987524 ], [ 110.80635751878475, -7.578864547860515 ], [ 110.806343860780771, -7.578844540642854 ], [ 110.806314319850273, -7.578778724658281 ], [ 110.806182936093862, -7.578402013941616 ], [ 110.806132247605433, -7.578279789780335 ], [ 110.806114265661051, -7.578037215644801 ], [ 110.806098984380895, -7.577758278321695 ], [ 110.806049967732122, -7.577567554598835 ], [ 110.80603795458822, -7.577520808738231 ], [ 110.805999799051705, -7.577441186361539 ], [ 110.805923512260506, -7.577336752588887 ], [ 110.805313038965835, -7.576925543878605 ], [ 110.805305551210452, -7.57692049958118 ], [ 110.80515292906469, -7.57676884510598 ], [ 110.805069025015726, -7.576426483994964 ], [ 110.805069025015726, -7.576319502442902 ], [ 110.805252052340578, -7.575803729558323 ], [ 110.805252719637551, -7.57580097133756 ], [ 110.805253148614142, -7.575799196975214 ], [ 110.805390062301726, -7.575848094913535 ], [ 110.805520062001534, -7.575898095420647 ], [ 110.805610061655301, -7.575928095005419 ], [ 110.80605252540397, -7.576078720656304 ], [ 110.806180061860573, -7.576118094774048 ], [ 110.806530061813135, -7.576208095327192 ], [ 110.806910062249855, -7.576368094611769 ], [ 110.807294591672303, -7.576472458237244 ], [ 110.807936307414877, -7.576564076670706 ], [ 110.807942697098071, -7.576559666395361 ], [ 110.808252926331747, -7.575888775746281 ], [ 110.808613648901073, -7.575121945421354 ], [ 110.808908292883615, -7.575213330031011 ], [ 110.809028268739894, -7.575254129574311 ], [ 110.80939343306072, -7.575378309761066 ], [ 110.809413801805803, -7.57527438860201 ], [ 110.809457061894122, -7.575107104808882 ], [ 110.809495890123458, -7.575071960202634 ], [ 110.809550918740143, -7.575022150351812 ], [ 110.809605415857547, -7.574972820738973 ], [ 110.809736554998238, -7.574990622818784 ], [ 110.80986102296805, -7.57501349077982 ], [ 110.811176535069251, -7.575217115277527 ], [ 110.811273378563811, -7.575232105177338 ], [ 110.81166681487187, -7.575303779345805 ], [ 110.811902689058101, -7.575346748053863 ], [ 110.812040513758916, -7.575371856226027 ], [ 110.812428971420147, -7.57543867675336 ], [ 110.812601896660496, -7.575468423628723 ], [ 110.812807652551314, -7.575501465619999 ], [ 110.813283019795719, -7.575591352858541 ], [ 110.813852454327602, -7.575690762118831 ], [ 110.814240320234816, -7.575758103353642 ], [ 110.814837266826714, -7.575859751925868 ], [ 110.815474825003363, -7.575984297237354 ], [ 110.815553595722108, -7.575999475095613 ], [ 110.815556409700761, -7.575988640962911 ], [ 110.815570000255576, -7.575989999838412 ], [ 110.815860000139153, -7.57510000016472 ], [ 110.815880000162124, -7.575040000095806 ], [ 110.816139999561642, -7.574180000006886 ], [ 110.816210000091644, -7.573970000215197 ], [ 110.816330000229641, -7.573540000170737 ], [ 110.816459999929265, -7.573150000172219 ], [ 110.816540000021234, -7.572760000173701 ], [ 110.816700000205103, -7.57190000008478 ], [ 110.816769999835898, -7.571519999648152 ], [ 110.816930000019767, -7.5708100001812 ], [ 110.817039999696505, -7.57017000034505 ], [ 110.817090000203621, -7.569979999677051 ], [ 110.817110000226592, -7.569919999608138 ], [ 110.817190000318476, -7.56933000027919 ], [ 110.817290000433417, -7.56888000021167 ], [ 110.817329999580082, -7.568800000119697 ], [ 110.817293196623922, -7.568786855628779 ], [ 110.817790000108687, -7.568949999842473 ], [ 110.81931347503712, -7.569403627775023 ], [ 110.819753241718942, -7.569550103954032 ], [ 110.81977551702667, -7.569557194208993 ], [ 110.819820000193062, -7.569569999655562 ], [ 110.819909999846843, -7.569600000139793 ], [ 110.820713884038767, -7.569847189595985 ], [ 110.821088740353375, -7.569943883803027 ], [ 110.821365458149614, -7.570048939906488 ], [ 110.82136999972596, -7.570050000207224 ], [ 110.821789874303477, -7.570184959667986 ], [ 110.82193000036942, -7.570230000414052 ], [ 110.821936947632281, -7.570232316168307 ], [ 110.822020000023201, -7.570259999998824 ], [ 110.822848110152378, -7.570487636395224 ], [ 110.823190000018755, -7.570589999928429 ], [ 110.823573622025265, -7.570720228055911 ], [ 110.824159999784413, -7.570939999880916 ], [ 110.824268896892278, -7.570961857003961 ], [ 110.824268702638776, -7.570962884929084 ], [ 110.82426832042691, -7.570964919195528 ], [ 110.824250717996478, -7.571058389333024 ], [ 110.824116141646854, -7.57138340162255 ], [ 110.824074054274419, -7.571505731903922 ], [ 110.824044906347595, -7.571607373281547 ], [ 110.823954109894487, -7.57184265121717 ], [ 110.823934164730119, -7.571879575581803 ], [ 110.823911750926854, -7.571921072099669 ], [ 110.823760422905451, -7.572313201692732 ], [ 110.823718296862182, -7.572423758949149 ], [ 110.823669624653689, -7.572551496853936 ], [ 110.823548559718461, -7.572871233720341 ], [ 110.823504252819248, -7.572981094002102 ], [ 110.823300392699167, -7.573486572347327 ], [ 110.823189435244473, -7.573790661010022 ], [ 110.823082466283054, -7.574083820212002 ], [ 110.823026148937871, -7.57426899331925 ], [ 110.823021916728266, -7.574282907629931 ], [ 110.822949293775196, -7.574433721239088 ], [ 110.822935013440414, -7.574476412956005 ], [ 110.822912969258368, -7.574542312577498 ], [ 110.822816100582799, -7.574834907904488 ], [ 110.822749315129016, -7.575026583110151 ], [ 110.82266475367571, -7.575269273258217 ], [ 110.822567903885925, -7.575516615599137 ], [ 110.822416544388275, -7.575981149610217 ] ] ] ] } }\r\n]\r\n}', '#8cff2e');

-- --------------------------------------------------------

--
-- Struktur dari tabel `tbl_pemetaand`
--

CREATE TABLE `tbl_pemetaand` (
  `id_donatur` int(11) NOT NULL,
  `id_dd` int(11) NOT NULL,
  `id_jenisdonatur` int(11) DEFAULT NULL,
  `id_kecamatan` int(11) DEFAULT NULL,
  `posisi` varchar(100) DEFAULT NULL,
  `keterangan` text DEFAULT NULL
) ENGINE=InnoDB DEFAULT CHARSET=utf8mb4 COLLATE=utf8mb4_general_ci;

--
-- Dumping data untuk tabel `tbl_pemetaand`
--

INSERT INTO `tbl_pemetaand` (`id_donatur`, `id_dd`, `id_jenisdonatur`, `id_kecamatan`, `posisi`, `keterangan`) VALUES
(16, 1, 1, 2, '-7.560928976800993,110.78853607177734', NULL),
(18, 3, 1, 8, '-7.578259, 110.813806', NULL),
(19, 4, 4, 5, '-7.564599511048821, 110.82192831739361', NULL),
(20, 5, 7, 5, '-7.569094999602414, 110.82413033760301', NULL),
(21, 6, 1, 7, '-7.590416264071064, 110.82823793040355', NULL),
(22, 7, 4, 2, '-7.571242238059696, 110.8033317281885', NULL),
(23, 8, 7, 5, '-7.559345309741224, 110.82318694855921', NULL),
(24, 9, 4, 6, '-7.539630243100279, 110.83932319428047', NULL),
(25, 10, 7, 2, '-7.561974024022444, 110.80454460777538', NULL),
(26, 2, 7, 6, 'rumah', NULL),
(27, 18, 9, 8, '-7.578259, 110.813806', NULL),
(28, 19, 10, 5, '-7.564599511048821, 110.82192831739361', NULL),
(29, 20, 11, 5, '-7.569094999602414, 110.82413033760301', NULL),
(30, 21, 9, 7, '-7.590416264071064, 110.82823793040355', NULL),
(31, 22, 10, 2, '-7.571242238059696, 110.8033317281885', NULL),
(32, 23, 10, 5, '-7.559345309741224, 110.82318694855921', NULL),
(33, 24, 11, 6, '-7.539630243100279, 110.83932319428047', NULL),
(34, 25, 11, 2, '-7.561974024022444, 110.80454460777538', NULL),
(35, 26, 9, 2, '-7.561974024022444, 110.80454460777538', NULL);

-- --------------------------------------------------------

--
-- Struktur dari tabel `tbl_pemetaanpm`
--

CREATE TABLE `tbl_pemetaanpm` (
  `id_pm` int(11) NOT NULL,
  `id_dpm` int(11) DEFAULT NULL,
  `id_program` int(11) DEFAULT NULL,
  `id_subprogram` int(11) DEFAULT NULL,
  `id_kecamatan` int(11) DEFAULT NULL,
  `posisi_pm` varchar(225) DEFAULT NULL,
  `deskripsi_pm` text DEFAULT NULL,
  `foto_pm` varchar(225) DEFAULT NULL
) ENGINE=InnoDB DEFAULT CHARSET=utf8mb4 COLLATE=utf8mb4_general_ci;

--
-- Dumping data untuk tabel `tbl_pemetaanpm`
--

INSERT INTO `tbl_pemetaanpm` (`id_pm`, `id_dpm`, `id_program`, `id_subprogram`, `id_kecamatan`, `posisi_pm`, `deskripsi_pm`, `foto_pm`) VALUES
(14, 11, 7, 24, 2, '-7.558716775865387,110.78767776489259', 'Tes Icon Marker', 'KTM.jpg'),
(15, 12, 7, 24, 5, '-7.577718, 110.842781', 'Bantuan Kulias SKS Semester 1', 'L200190174.jpg'),
(16, 13, 7, 25, 5, '-7.550903, 110.826702', 'Bantuan Pendidikan SKS Semester 1 UMS', 'Labib Majid.jpg'),
(17, 14, 7, 25, 2, '-7.568660, 110.816080', 'Bantuan SKS Semester 3 ITS', 'LM.jpg'),
(18, 15, 7, 25, 5, '-7.5300042,110.809767', 'Bantuan SKS Semster 5 ITS', 'sipa 2.png'),
(19, 17, 7, 25, 6, '-7.534081, 110.847974', 'SKS Semester 3 UMS', 'sipa.png'),
(20, 16, 11, 45, 6, '-7.566016, 110.844282', 'Bantuan Pembayaran Kontrakan', '4.jpg');

-- --------------------------------------------------------

--
-- Struktur dari tabel `tbl_program`
--

CREATE TABLE `tbl_program` (
  `id_program` int(11) NOT NULL,
  `nama_program` varchar(225) DEFAULT NULL,
  `icon_program` varchar(225) DEFAULT NULL
) ENGINE=InnoDB DEFAULT CHARSET=utf8mb4 COLLATE=utf8mb4_general_ci;

--
-- Dumping data untuk tabel `tbl_program`
--

INSERT INTO `tbl_program` (`id_program`, `nama_program`, `icon_program`) VALUES
(7, 'Pendidikan', 'pendidikan.png'),
(8, 'Kesehatan', 'kesehatan.png'),
(9, 'Ekonomi', 'ekonomi.png'),
(10, 'Sosial Dakwah', 'sosial dakwah.png'),
(11, 'Kemanusiaan', 'kemanusiaan.png'),
(12, 'Lingkungan', 'lingkungan.png');

-- --------------------------------------------------------

--
-- Struktur dari tabel `tbl_subprogram`
--

CREATE TABLE `tbl_subprogram` (
  `id_subprogram` int(11) NOT NULL,
  `id_program` int(11) NOT NULL,
  `nama_subprogram` varchar(225) DEFAULT NULL
) ENGINE=InnoDB DEFAULT CHARSET=utf8mb4 COLLATE=utf8mb4_general_ci;

--
-- Dumping data untuk tabel `tbl_subprogram`
--

INSERT INTO `tbl_subprogram` (`id_subprogram`, `id_program`, `nama_subprogram`) VALUES
(24, 7, 'Beasiswa Mentari'),
(25, 7, 'Beasiswa Sang Surya'),
(26, 7, 'Peduli Guru'),
(27, 7, 'Save Our School'),
(28, 8, 'Peduli Kesehatan'),
(29, 8, 'Indonesia Mobile Clinic'),
(30, 8, 'Rumah SInggah Pasien'),
(31, 8, 'ENDTB'),
(32, 8, 'Sanitasi Untuk Masyarakat (SAUM)'),
(33, 9, 'Pemberdayaan UMKM'),
(34, 9, 'Peternakan Masyarakat Mandiri'),
(35, 9, 'Tani Bangkit'),
(36, 9, 'Ketahanan Pangan'),
(37, 10, 'Pemberdayaan Disabilitas'),
(38, 10, 'Sayangi Lansia'),
(39, 10, 'Pendampingan Muallaf'),
(40, 10, 'Da\'i Mandiri'),
(41, 10, 'Back to Masjid'),
(42, 11, 'Indonesia Siaga'),
(43, 11, 'MuhammadiyahAid'),
(44, 11, 'Gudang Kemanusiaan Lazismu'),
(45, 11, 'Bedah Rumah'),
(46, 12, 'Penanaman Pohon');

-- --------------------------------------------------------

--
-- Struktur dari tabel `tbl_transaksi`
--

CREATE TABLE `tbl_transaksi` (
  `id_transaksi` int(11) NOT NULL,
  `id_dd` int(11) DEFAULT NULL,
  `id_jenisdonatur` int(11) DEFAULT NULL,
  `tgl_transaksi` date DEFAULT NULL,
  `keterangan_transaksi` text DEFAULT NULL
) ENGINE=InnoDB DEFAULT CHARSET=utf8mb4 COLLATE=utf8mb4_general_ci;

--
-- Dumping data untuk tabel `tbl_transaksi`
--

INSERT INTO `tbl_transaksi` (`id_transaksi`, `id_dd`, `id_jenisdonatur`, `tgl_transaksi`, `keterangan_transaksi`) VALUES
(20, 20, 9, '2023-10-19', 'zakat profesi'),
(21, 20, 10, '2023-10-20', 'cek');

-- --------------------------------------------------------

--
-- Struktur dari tabel `tbl_transaksipm`
--

CREATE TABLE `tbl_transaksipm` (
  `id_transaksipm` int(11) NOT NULL,
  `id_dpm` int(11) DEFAULT NULL,
  `id_program` int(11) DEFAULT NULL,
  `id_subprogram` int(11) DEFAULT NULL,
  `tgl_transaksipm` date DEFAULT NULL,
  `ket_transaksipm` text DEFAULT NULL
) ENGINE=InnoDB DEFAULT CHARSET=utf8mb4 COLLATE=utf8mb4_general_ci;

--
-- Dumping data untuk tabel `tbl_transaksipm`
--

INSERT INTO `tbl_transaksipm` (`id_transaksipm`, `id_dpm`, `id_program`, `id_subprogram`, `tgl_transaksipm`, `ket_transaksipm`) VALUES
(9, 11, 7, 24, '2023-10-20', 'cek');

-- --------------------------------------------------------

--
-- Struktur dari tabel `users`
--

CREATE TABLE `users` (
  `id` bigint(20) UNSIGNED NOT NULL,
  `name` varchar(255) NOT NULL,
  `email` varchar(255) NOT NULL,
  `email_verified_at` timestamp NULL DEFAULT NULL,
  `password` varchar(255) NOT NULL,
  `remember_token` varchar(100) DEFAULT NULL,
  `created_at` timestamp NULL DEFAULT NULL,
  `updated_at` timestamp NULL DEFAULT NULL,
  `foto` varchar(225) DEFAULT NULL
) ENGINE=InnoDB DEFAULT CHARSET=utf8mb4 COLLATE=utf8mb4_unicode_ci;

--
-- Dumping data untuk tabel `users`
--

INSERT INTO `users` (`id`, `name`, `email`, `email_verified_at`, `password`, `remember_token`, `created_at`, `updated_at`, `foto`) VALUES
(1, 'Labib Lujan', 'labibmajid.lujan@gmail.com', NULL, '$2y$10$mDDxL1ceiXhOPn.dh8xlz.ZDUx3fySm7mNUcdHBpSbrentNYyJq4e', NULL, '2023-06-08 07:17:28', '2023-09-05 20:21:10', 'lm.png'),
(3, 'Fatari', 'fatari@gmail.com', NULL, '$2y$10$ThWHRzs.h2hppvtSQ3UufOb2vf7kHoUQHuC8NtMdgncWdYL4K6ei2', NULL, '2023-07-29 06:35:33', '2023-07-29 08:58:07', NULL),
(4, 'Andi', 'andi@gmail.com', NULL, '$2y$10$OR4l1FXos/MTbu4NkbRSs.WRK5/B3xgvaRaoeSeBnPQLT0W7vZAn.', NULL, '2023-09-13 09:13:14', '2023-09-13 09:13:14', NULL),
(5, 'Fajar Indah', 'fajarindah285@gmail.com', NULL, '$2y$10$xiKJqc3E/sPioZ.zttmZKe1/zIA1NOxSLAVHEkaS6s15WBifvCine', NULL, '2023-09-14 10:17:54', '2023-09-14 10:17:54', NULL);

--
-- Indexes for dumped tables
--

--
-- Indeks untuk tabel `failed_jobs`
--
ALTER TABLE `failed_jobs`
  ADD PRIMARY KEY (`id`),
  ADD UNIQUE KEY `failed_jobs_uuid_unique` (`uuid`);

--
-- Indeks untuk tabel `migrations`
--
ALTER TABLE `migrations`
  ADD PRIMARY KEY (`id`);

--
-- Indeks untuk tabel `password_resets`
--
ALTER TABLE `password_resets`
  ADD KEY `password_resets_email_index` (`email`);

--
-- Indeks untuk tabel `password_reset_tokens`
--
ALTER TABLE `password_reset_tokens`
  ADD PRIMARY KEY (`email`);

--
-- Indeks untuk tabel `personal_access_tokens`
--
ALTER TABLE `personal_access_tokens`
  ADD PRIMARY KEY (`id`),
  ADD UNIQUE KEY `personal_access_tokens_token_unique` (`token`),
  ADD KEY `personal_access_tokens_tokenable_type_tokenable_id_index` (`tokenable_type`,`tokenable_id`);

--
-- Indeks untuk tabel `tbl_datadonatur`
--
ALTER TABLE `tbl_datadonatur`
  ADD PRIMARY KEY (`id_dd`);

--
-- Indeks untuk tabel `tbl_datapm`
--
ALTER TABLE `tbl_datapm`
  ADD PRIMARY KEY (`id_dpm`);

--
-- Indeks untuk tabel `tbl_jenisdonatur`
--
ALTER TABLE `tbl_jenisdonatur`
  ADD PRIMARY KEY (`id_jenisdonatur`);

--
-- Indeks untuk tabel `tbl_kecamatan`
--
ALTER TABLE `tbl_kecamatan`
  ADD PRIMARY KEY (`id_kecamatan`);

--
-- Indeks untuk tabel `tbl_pemetaand`
--
ALTER TABLE `tbl_pemetaand`
  ADD PRIMARY KEY (`id_donatur`);

--
-- Indeks untuk tabel `tbl_pemetaanpm`
--
ALTER TABLE `tbl_pemetaanpm`
  ADD PRIMARY KEY (`id_pm`);

--
-- Indeks untuk tabel `tbl_program`
--
ALTER TABLE `tbl_program`
  ADD PRIMARY KEY (`id_program`);

--
-- Indeks untuk tabel `tbl_subprogram`
--
ALTER TABLE `tbl_subprogram`
  ADD PRIMARY KEY (`id_subprogram`);

--
-- Indeks untuk tabel `tbl_transaksi`
--
ALTER TABLE `tbl_transaksi`
  ADD PRIMARY KEY (`id_transaksi`);

--
-- Indeks untuk tabel `tbl_transaksipm`
--
ALTER TABLE `tbl_transaksipm`
  ADD PRIMARY KEY (`id_transaksipm`);

--
-- Indeks untuk tabel `users`
--
ALTER TABLE `users`
  ADD PRIMARY KEY (`id`),
  ADD UNIQUE KEY `users_email_unique` (`email`);

--
-- AUTO_INCREMENT untuk tabel yang dibuang
--

--
-- AUTO_INCREMENT untuk tabel `failed_jobs`
--
ALTER TABLE `failed_jobs`
  MODIFY `id` bigint(20) UNSIGNED NOT NULL AUTO_INCREMENT;

--
-- AUTO_INCREMENT untuk tabel `migrations`
--
ALTER TABLE `migrations`
  MODIFY `id` int(10) UNSIGNED NOT NULL AUTO_INCREMENT, AUTO_INCREMENT=6;

--
-- AUTO_INCREMENT untuk tabel `personal_access_tokens`
--
ALTER TABLE `personal_access_tokens`
  MODIFY `id` bigint(20) UNSIGNED NOT NULL AUTO_INCREMENT;

--
-- AUTO_INCREMENT untuk tabel `tbl_datadonatur`
--
ALTER TABLE `tbl_datadonatur`
  MODIFY `id_dd` int(11) NOT NULL AUTO_INCREMENT, AUTO_INCREMENT=27;

--
-- AUTO_INCREMENT untuk tabel `tbl_datapm`
--
ALTER TABLE `tbl_datapm`
  MODIFY `id_dpm` int(11) NOT NULL AUTO_INCREMENT, AUTO_INCREMENT=18;

--
-- AUTO_INCREMENT untuk tabel `tbl_jenisdonatur`
--
ALTER TABLE `tbl_jenisdonatur`
  MODIFY `id_jenisdonatur` int(11) NOT NULL AUTO_INCREMENT, AUTO_INCREMENT=12;

--
-- AUTO_INCREMENT untuk tabel `tbl_kecamatan`
--
ALTER TABLE `tbl_kecamatan`
  MODIFY `id_kecamatan` int(11) NOT NULL AUTO_INCREMENT, AUTO_INCREMENT=9;

--
-- AUTO_INCREMENT untuk tabel `tbl_pemetaand`
--
ALTER TABLE `tbl_pemetaand`
  MODIFY `id_donatur` int(11) NOT NULL AUTO_INCREMENT, AUTO_INCREMENT=36;

--
-- AUTO_INCREMENT untuk tabel `tbl_pemetaanpm`
--
ALTER TABLE `tbl_pemetaanpm`
  MODIFY `id_pm` int(11) NOT NULL AUTO_INCREMENT, AUTO_INCREMENT=21;

--
-- AUTO_INCREMENT untuk tabel `tbl_program`
--
ALTER TABLE `tbl_program`
  MODIFY `id_program` int(11) NOT NULL AUTO_INCREMENT, AUTO_INCREMENT=13;

--
-- AUTO_INCREMENT untuk tabel `tbl_subprogram`
--
ALTER TABLE `tbl_subprogram`
  MODIFY `id_subprogram` int(11) NOT NULL AUTO_INCREMENT, AUTO_INCREMENT=47;

--
-- AUTO_INCREMENT untuk tabel `tbl_transaksi`
--
ALTER TABLE `tbl_transaksi`
  MODIFY `id_transaksi` int(11) NOT NULL AUTO_INCREMENT, AUTO_INCREMENT=22;

--
-- AUTO_INCREMENT untuk tabel `tbl_transaksipm`
--
ALTER TABLE `tbl_transaksipm`
  MODIFY `id_transaksipm` int(11) NOT NULL AUTO_INCREMENT, AUTO_INCREMENT=10;

--
-- AUTO_INCREMENT untuk tabel `users`
--
ALTER TABLE `users`
  MODIFY `id` bigint(20) UNSIGNED NOT NULL AUTO_INCREMENT, AUTO_INCREMENT=6;
COMMIT;

/*!40101 SET CHARACTER_SET_CLIENT=@OLD_CHARACTER_SET_CLIENT */;
/*!40101 SET CHARACTER_SET_RESULTS=@OLD_CHARACTER_SET_RESULTS */;
/*!40101 SET COLLATION_CONNECTION=@OLD_COLLATION_CONNECTION */;
