-- phpMyAdmin SQL Dump
-- version 5.1.1
-- https://www.phpmyadmin.net/
--
-- Host: localhost:3306
-- Generation Time: May 11, 2022 at 10:51 AM
-- Server version: 5.7.36-0ubuntu0.18.04.1
-- PHP Version: 7.4.25

SET SQL_MODE = "NO_AUTO_VALUE_ON_ZERO";
START TRANSACTION;
SET time_zone = "+00:00";

--
-- Database: `tasks`
--

-- --------------------------------------------------------

--
-- Table structure for table `blogs`
--

DROP TABLE IF EXISTS `blogs`;
CREATE TABLE `blogs` (
                         `id` int(11) NOT NULL,
                         `name` varchar(350) DEFAULT NULL,
                         `text` text
) ENGINE=InnoDB DEFAULT CHARSET=utf8mb4;

--
-- Dumping data for table `blogs`
--

INSERT INTO `blogs` (`id`, `name`, `text`) VALUES
(1, 'Статья 1 Создание простой капчи на PHP', 'Captcha (капча) – это некий тест, который человек решает очень легко, а робот – нет (научить компьютер решать его крайне сложно и затруднительно).\r\n\r\nДругими словами, основная цель капчи – это определить кем является пользователь: человеком или роботом.\r\n\r\nИспользуется Captcha на сайте для защиты от спама и повышенной нагрузки, которые создают роботы. Капчу можно очень часто встретить в формах регистрации, входа, отправки сообщений, при скачивании файлов и многих других местах.\r\n\r\nВ большинстве случаев капча отображается как некоторый искаженный или наложенный на фон текст, который посетителю сайта необходимо разобрать и ввести его в некоторое поле. Кроме текста на фоне используется и другие алгоритмы: найти среди множества картинок правильные, собрать пазл, переместить слайдер, нарисовать связь между несколькими картинками и т.д.'),
(2, 'Статья 2', 'Разнообразный и богатый опыт сложившаяся структура организации играет важную роль в формировании позиций, занимаемых участниками в отношении поставленных задач. Не следует, однако забывать, что рамки и место обучения кадров позволяет оценить значение соответствующий условий активизации. Таким образом сложившаяся структура организации представляет собой интересный эксперимент проверки направлений прогрессивного развития.\r\n\r\nС другой стороны сложившаяся структура организации представляет собой интересный эксперимент проверки позиций, занимаемых участниками в отношении поставленных задач. Таким образом реализация намеченных плановых заданий требуют от нас анализа дальнейших направлений развития. Идейные соображения высшего порядка, а также постоянное информационно-пропагандистское обеспечение нашей деятельности позволяет оценить значение направлений прогрессивного развития. Товарищи! дальнейшее развитие различных форм деятельности в значительной степени обуславливает создание направлений прогрессивного развития.'),
(3, 'Статья 3', 'Разнообразный и богатый опыт сложившаяся структура организации играет важную роль в формировании позиций, занимаемых участниками в отношении поставленных задач. Не следует, однако забывать, что рамки и место обучения кадров позволяет оценить значение соответствующий условий активизации. Таким образом сложившаяся структура организации представляет собой интересный эксперимент проверки направлений прогрессивного развития.\r\n\r\nС другой стороны сложившаяся структура организации представляет собой интересный эксперимент проверки позиций, занимаемых участниками в отношении поставленных задач. Таким образом реализация намеченных плановых заданий требуют от нас анализа дальнейших направлений развития. Идейные соображения высшего порядка, а также постоянное информационно-пропагандистское обеспечение нашей деятельности позволяет оценить значение направлений прогрессивного развития. Товарищи! дальнейшее развитие различных форм деятельности в значительной степени обуславливает создание направлений прогрессивного развития.'),
(4, 'Как в PHP получить корневую директорию сайта?', 'PHP в отличие от HTML видит файловую систему глубже. В HTML корнем сайта является некоторая директория, которая определяется настройками веб-сервера. Т.е. это определённый каталог в файловой системе, начиная с которого размещаются документы (файлы) этого сайта.\r\n\r\nНапример, в HTML путь к изображению image1.jpg, которое расположено в каталоге images относительно корня сайта будет иметь следующий вид:'),
(5, 'Как в PHP получить данные из Google Analytics?', 'Если на сайте для сбора статистики пользователей используется Google Analytics (GA), то воспользоваться данными, предоставляемыми этим сервисом, вы можете не только в веб-интерфейсе посредством отчетов, но и по API.\r\n\r\nЧто это значит? А это значит, что необходимые данные из GA мы можем получать программно, а затем, например, использовать их на сайте или в веб-приложении.'),
(6, 'Руководство по использованию Composer для начинающих', 'Composer – это пакетный менеджер зависимостей, предназначенный для упрощения загрузки и установки сторонних php библиотек в проект. Например, с помощью него можно очень просто добавить в разрабатываемый проект php пакеты, а также развернуть другие проекты, которые распространяются вместе с файлом «composer.json».'),
(7, 'Установка локального веб-сервера на подсистему Windows для Linux', 'Основные этапы настройки веб-сервера на WSL\r\nПроцесс установки веб-сервера на WSL можно разбить на следующие шаги:\r\n\r\nвключение через панель управления дополнительной функции Windows 10 «Подсистема Windows для Linux»;\r\nустановку «Ubuntu» или любого другого дистрибутива Linux из магазина приложений Microsoft Store;\r\nустановка программного обеспечения в ОС Linux и его настройка;\r\nредактирование файла hosts в Windows 10;\r\nсоздания bash скриптов для запуска и остановки веб-сервера;\r\nпроверки работоспособности веб-сервера, посредством установки на сайт, какой-нибудь CMS, например MODX Revolution.'),
(8, 'Пример использования Google Indexing API на PHP', 'В этой статье приведена подробная инструкция по использованию Google Indexing API и выполнению запросов на индексирование страниц через PHP. Indexing API - это очень простой способ для информирования Google об изменениях у вас на сайте.'),
(9, 'Всплывающая форма обратной связи', 'Представленная форма выполнена с использованием комопнентов Bootstrap 4 и jQuery. Серверный код фомы написан на PHP.\r\n\r\nДругие характеристики формы:\r\n\r\nоткрытый исходный код, проект доступен на GitHub;\r\nотправка данных формы на сервер и получение ответа осуществляется без перезагрузки страницы, т.е. посредством технологии AJAX;\r\nналичие графической капчи (для защиты от спама);\r\nвозможность прикрепления к ней файлов (по умолчанию до 5);\r\nпроверка данных формы (валидация) организована как на клиенте, так и на сервере;\r\nотправка данных формы после успешной валидации на почту менеджера (администратора), и письма о доставке клиенту;\r\nпри отправке письма, файлы можно как прикрепить, так и отправить с помощью ссылок;\r\nлогирование отправки (данные сохраняются в файл message.txt).');

-- --------------------------------------------------------

--
-- Table structure for table `blogs_comments`
--

DROP TABLE IF EXISTS `blogs_comments`;
CREATE TABLE `blogs_comments` (
                                  `id` int(11) NOT NULL,
                                  `user_id` int(11) NOT NULL,
                                  `blog_id` int(11) NOT NULL,
                                  `text` text,
                                  `date` datetime NOT NULL DEFAULT CURRENT_TIMESTAMP
) ENGINE=InnoDB DEFAULT CHARSET=utf8mb4;

--
-- Dumping data for table `blogs_comments`
--

INSERT INTO `blogs_comments` (`id`, `user_id`, `blog_id`, `text`, `date`) VALUES
(1, 3, 1, 'Не знаю, насколько часто это случается, но один раз метод показанный Антоном не сработал. Может из-за специфической сортировки при выборке, может ещё из-за чего.', '2022-04-03 11:53:45'),
(2, 4, 1, 'Свойство типа \"справочник\" нужно фильтровать по значению UF_XML_ID элемента справочника', '2022-05-03 18:54:34'),
(3, 4, 2, 'Свойство типа \"справочник\" нужно фильтровать по значению UF_XML_ID элемента справочника', '2022-05-03 18:54:34'),
(4, 4, 3, 'Свойство типа \"справочник\" нужно фильтровать по значению UF_XML_ID элемента справочника', '2022-05-03 18:54:34'),
(5, 3, 2, '123 Не знаю, насколько часто это случается, но один раз метод показанный Антоном не сработал. Может из-за специфической сортировки при выборке, может ещё из-за чего.', '2022-05-03 18:53:45'),
(6, 4, 1, 'Спасибо за отличный скрипт!\r\nЕсть один вопрос, уменьшил количество загружаемых файлов до одного, не могу сделать поле для загрузки файла обязательным required=«required» — не помогает. Подскажите в какую сторону копать…', '2022-05-04 18:54:34'),
(7, 4, 1, 'Здравствуйте! Подскажите пожалуйста как убрать загрузку файлов и е-мейл изменить на поле телефона с вводом маски? А еще капча какая-то странная, все время не могу правильно ее набрать, правда видела в комментариях как ее убрать а заменить на другую.', '2022-05-01 18:54:34'),
(8, 3, 1, 'Здравствуйте!\r\nТак просто закомментируйте или удалите эту разметку из html файла:', '2021-05-03 18:54:34'),
(9, 4, 1, 'Добрый день Александр!\r\nПодскажите пожалуйста такую вещь:\r\nНа сайте много разных форм — пользователи отправляют формализированные сообщения.', '2022-05-03 10:54:34'),
(10, 4, 1, 'Разобрался — тупанул)))', '2022-05-03 12:54:34'),
(11, 3, 1, 'Что-то я сделал не так, а что не пойму? Не будет большой наглостью спросить у Вас совета?', '2022-05-03 18:11:43');

-- --------------------------------------------------------

--
-- Table structure for table `roles`
--

DROP TABLE IF EXISTS `roles`;
CREATE TABLE `roles` (
                         `id` int(11) NOT NULL,
                         `name` varchar(150) NOT NULL
) ENGINE=InnoDB DEFAULT CHARSET=utf8mb4;

--
-- Dumping data for table `roles`
--

INSERT INTO `roles` (`id`, `name`) VALUES
(1, 'Administrators'),
(2, 'Users');

-- --------------------------------------------------------

--
-- Table structure for table `users`
--

DROP TABLE IF EXISTS `users`;
CREATE TABLE `users` (
                         `id` int(11) NOT NULL,
                         `email` varchar(35) NOT NULL,
                         `name` varchar(150) NOT NULL,
                         `lastname` varchar(150) NOT NULL,
                         `phone` varchar(30) DEFAULT NULL,
                         `address` varchar(300) DEFAULT NULL,
                         `password` varchar(150) NOT NULL,
                         `role_id` int(11) NOT NULL,
                         `salt` varchar(15) NOT NULL
) ENGINE=InnoDB DEFAULT CHARSET=utf8mb4;

--
-- Dumping data for table `users`
--

INSERT INTO `users` (`id`, `email`, `name`, `lastname`, `phone`, `address`, `password`, `role_id`, `salt`) VALUES
(3, 'ivanov.ii@mail.com', 'Иван', 'Иванов', NULL, NULL, '308dc073f15bc12939ba12d9b41adcf1', 2, '0jj^9vxQ'),
(4, 'Administrator@mail.com', 'Administrator', 'site', '+79225552211', 'улица Лесозащтная, 7, кв.41', '6f61f8b848046f242b844b13259df79b', 2, 'J?#Y[[[x'),
(5, 'Administrator1@mail.com', 'Имя', ' Фамилия', NULL, NULL, '0422a3d7142aca381dbabd3a8128391a', 2, 'EBFC7|BC');

--
-- Indexes for dumped tables
--

--
-- Indexes for table `blogs`
--
ALTER TABLE `blogs`
    ADD PRIMARY KEY (`id`);

--
-- Indexes for table `blogs_comments`
--
ALTER TABLE `blogs_comments`
    ADD PRIMARY KEY (`id`);

--
-- Indexes for table `roles`
--
ALTER TABLE `roles`
    ADD PRIMARY KEY (`id`);

--
-- Indexes for table `users`
--
ALTER TABLE `users`
    ADD PRIMARY KEY (`id`);

--
-- AUTO_INCREMENT for dumped tables
--

--
-- AUTO_INCREMENT for table `blogs`
--
ALTER TABLE `blogs`
    MODIFY `id` int(11) NOT NULL AUTO_INCREMENT, AUTO_INCREMENT=10;

--
-- AUTO_INCREMENT for table `blogs_comments`
--
ALTER TABLE `blogs_comments`
    MODIFY `id` int(11) NOT NULL AUTO_INCREMENT, AUTO_INCREMENT=12;

--
-- AUTO_INCREMENT for table `roles`
--
ALTER TABLE `roles`
    MODIFY `id` int(11) NOT NULL AUTO_INCREMENT, AUTO_INCREMENT=3;

--
-- AUTO_INCREMENT for table `users`
--
ALTER TABLE `users`
    MODIFY `id` int(11) NOT NULL AUTO_INCREMENT, AUTO_INCREMENT=6;
COMMIT;
