-- MySQL dump 10.13  Distrib 8.0.26, for Linux (x86_64)
--
-- Host: 192.168.100.21    Database: myhome
-- ------------------------------------------------------
-- Server version	8.0.26-0ubuntu0.21.04.3

/*!40101 SET @OLD_CHARACTER_SET_CLIENT=@@CHARACTER_SET_CLIENT */;
/*!40101 SET @OLD_CHARACTER_SET_RESULTS=@@CHARACTER_SET_RESULTS */;
/*!40101 SET @OLD_COLLATION_CONNECTION=@@COLLATION_CONNECTION */;
/*!50503 SET NAMES utf8 */;
/*!40103 SET @OLD_TIME_ZONE=@@TIME_ZONE */;
/*!40103 SET TIME_ZONE='+00:00' */;
/*!40014 SET @OLD_UNIQUE_CHECKS=@@UNIQUE_CHECKS, UNIQUE_CHECKS=0 */;
/*!40014 SET @OLD_FOREIGN_KEY_CHECKS=@@FOREIGN_KEY_CHECKS, FOREIGN_KEY_CHECKS=0 */;
/*!40101 SET @OLD_SQL_MODE=@@SQL_MODE, SQL_MODE='NO_AUTO_VALUE_ON_ZERO' */;
/*!40111 SET @OLD_SQL_NOTES=@@SQL_NOTES, SQL_NOTES=0 */;

--
-- Table structure for table `tbldetail`
--

DROP TABLE IF EXISTS `tbldetail`;
/*!40101 SET @saved_cs_client     = @@character_set_client */;
/*!50503 SET character_set_client = utf8mb4 */;
CREATE TABLE `tbldetail` (
  `detailId` int unsigned NOT NULL AUTO_INCREMENT,
  `guestId` int unsigned DEFAULT NULL,
  `familyId` int DEFAULT NULL,
  `reil` decimal(10,2) DEFAULT '0.00',
  `dollar` decimal(10,2) DEFAULT '0.00',
  `dong` decimal(10,2) DEFAULT '0.00',
  `date` date DEFAULT NULL,
  PRIMARY KEY (`detailId`) USING BTREE,
  KEY `guestId` (`guestId`) USING BTREE,
  KEY `familyId` (`familyId`) USING BTREE,
  CONSTRAINT `tbldetail_ibfk_1` FOREIGN KEY (`guestId`) REFERENCES `tblguest` (`id`) ON DELETE CASCADE ON UPDATE CASCADE,
  CONSTRAINT `tbldetail_ibfk_2` FOREIGN KEY (`familyId`) REFERENCES `tblfamily` (`id`) ON DELETE CASCADE ON UPDATE CASCADE
) ENGINE=InnoDB AUTO_INCREMENT=339 DEFAULT CHARSET=utf8mb4 COLLATE=utf8mb4_0900_ai_ci ROW_FORMAT=DYNAMIC;
/*!40101 SET character_set_client = @saved_cs_client */;

--
-- Dumping data for table `tbldetail`
--

LOCK TABLES `tbldetail` WRITE;
/*!40000 ALTER TABLE `tbldetail` DISABLE KEYS */;
INSERT INTO `tbldetail` VALUES (1,1,1,0.00,0.00,500000.00,'2019-05-13'),(2,2,1,0.00,20.00,0.00,'2019-05-13'),(3,3,1,0.00,0.00,200000.00,'2019-05-13'),(4,4,1,0.00,10.00,0.00,'2019-05-13'),(5,5,1,0.00,0.00,200000.00,'2019-05-13'),(8,8,1,40000.00,0.00,0.00,'2019-05-13'),(9,9,1,50000.00,0.00,0.00,'2019-05-13'),(10,11,1,0.00,0.00,250000.00,'2019-05-13'),(11,12,1,0.00,0.00,300000.00,'2019-05-13'),(12,13,1,0.00,0.00,300000.00,'2019-05-13'),(13,10,1,0.00,0.00,10000.00,'2019-05-13'),(14,14,1,0.00,0.00,300000.00,'2019-05-13'),(15,15,1,5000.00,0.00,0.00,'2019-05-13'),(16,16,1,0.00,0.00,250000.00,'2019-05-13'),(17,17,1,0.00,10.00,0.00,'2019-05-13'),(18,18,1,0.00,10.00,0.00,'2019-05-13'),(19,19,1,0.00,0.00,300000.00,'2019-05-13'),(20,20,1,0.00,0.00,300000.00,'2019-05-13'),(21,21,1,0.00,0.00,300000.00,'2019-05-13'),(22,22,1,0.00,0.00,300000.00,'2019-05-13'),(23,23,1,0.00,0.00,300000.00,'2019-05-13'),(24,24,1,0.00,15.00,0.00,'2019-05-13'),(25,25,1,0.00,10.00,0.00,'2019-05-13'),(26,26,1,0.00,0.00,300000.00,'2019-05-13'),(27,27,1,0.00,0.00,250000.00,'2019-05-13'),(28,28,1,0.00,0.00,300000.00,'2019-05-13'),(29,29,1,0.00,0.00,400000.00,'2019-05-13'),(30,30,1,0.00,10.00,0.00,'2019-05-13'),(31,31,1,0.00,0.00,300000.00,'2019-05-13'),(32,32,1,0.00,10.00,0.00,'2019-05-13'),(33,33,1,0.00,0.00,400000.00,'2019-05-13'),(34,34,1,0.00,0.00,200000.00,'2019-05-13'),(35,35,1,0.00,0.00,300000.00,'2019-05-13'),(36,36,1,0.00,0.00,500000.00,'2019-05-13'),(37,37,1,0.00,0.00,300000.00,'2019-05-13'),(38,38,1,0.00,0.00,200000.00,'2019-05-13'),(39,39,1,0.00,20.00,0.00,'2019-05-13'),(40,40,1,0.00,10.00,0.00,'2019-05-13'),(41,41,1,0.00,20.00,0.00,'2019-05-13'),(42,42,1,50000.00,0.00,0.00,'2019-05-13'),(43,43,1,0.00,10.00,0.00,'2019-05-13'),(44,44,1,0.00,10.00,0.00,'2019-05-13'),(45,45,1,0.00,0.00,400000.00,'2019-05-13'),(46,46,1,0.00,30.00,0.00,'2019-05-13'),(47,47,1,0.00,0.00,300000.00,'2019-05-13'),(48,48,1,0.00,10.00,0.00,'2019-05-13'),(49,49,1,0.00,15.00,0.00,'2019-05-13'),(50,50,1,0.00,15.00,0.00,'2019-05-13'),(51,51,1,0.00,0.00,200000.00,'2019-05-13'),(52,52,1,80000.00,0.00,0.00,'2019-05-13'),(53,53,1,50000.00,0.00,0.00,'2019-05-13'),(54,54,1,0.00,0.00,300000.00,'2019-05-13'),(55,55,1,0.00,10.00,0.00,'2019-05-13'),(56,56,1,0.00,15.00,0.00,'2019-05-13'),(57,57,1,0.00,0.00,350000.00,'2019-05-13'),(58,58,1,0.00,0.00,300000.00,'2019-05-13'),(59,59,1,0.00,0.00,300000.00,'2019-05-13'),(60,60,1,0.00,0.00,300000.00,'2019-05-13'),(61,61,1,50000.00,0.00,0.00,'2019-05-13'),(62,62,1,0.00,10.00,0.00,'2019-05-13'),(63,63,1,50000.00,0.00,0.00,'2019-05-13'),(64,64,1,0.00,0.00,300000.00,'2019-05-13'),(65,65,1,0.00,0.00,350000.00,'2019-05-13'),(66,66,1,0.00,0.00,300000.00,'2019-05-13'),(67,67,1,0.00,0.00,300000.00,'2019-05-13'),(68,68,1,0.00,0.00,300000.00,'2019-05-13'),(69,69,1,0.00,0.00,300000.00,'2019-05-13'),(70,70,1,0.00,0.00,300000.00,'2019-05-13'),(71,71,1,0.00,0.00,400000.00,'2019-05-13'),(72,72,1,0.00,0.00,250000.00,'2019-05-13'),(73,73,1,0.00,0.00,300000.00,'2019-05-13'),(74,74,1,0.00,0.00,300000.00,'2019-05-13'),(75,75,1,0.00,0.00,400000.00,'2019-05-13'),(76,76,1,0.00,0.00,300000.00,'2019-05-13'),(77,77,1,0.00,0.00,300000.00,'2019-05-13'),(78,78,1,0.00,10.00,0.00,'2019-05-13'),(79,79,1,0.00,0.00,300000.00,'2019-05-13'),(80,80,1,0.00,20.00,0.00,'2019-05-13'),(81,81,1,0.00,10.00,0.00,'2019-05-13'),(82,82,1,0.00,0.00,300000.00,'2019-05-13'),(83,83,1,0.00,0.00,350000.00,'2019-05-13'),(89,84,1,0.00,20.00,0.00,'2019-05-13'),(90,85,1,80000.00,0.00,0.00,'2019-05-13'),(91,86,1,0.00,0.00,300000.00,'2019-05-13'),(92,87,1,0.00,0.00,300000.00,'2019-05-13'),(93,88,1,0.00,0.00,300000.00,'2019-05-13'),(94,89,1,150000.00,0.00,0.00,'2019-05-13'),(95,124,1,0.00,0.00,300000.00,'2019-05-13'),(96,90,1,0.00,0.00,1000000.00,'2019-05-13'),(97,91,1,0.00,20.00,0.00,'2019-05-13'),(98,92,1,0.00,0.00,200000.00,'2019-05-13'),(99,93,1,0.00,0.00,300000.00,'2019-05-13'),(100,94,1,40000.00,0.00,0.00,'2019-05-13'),(101,95,1,0.00,0.00,300000.00,'2019-05-13'),(102,96,1,50000.00,0.00,0.00,'2019-05-13'),(103,97,1,80000.00,0.00,0.00,'2019-05-13'),(104,98,1,0.00,0.00,300000.00,'2019-05-13'),(105,99,1,0.00,0.00,300000.00,'2019-05-13'),(106,100,1,60000.00,0.00,0.00,'2019-05-13'),(107,101,1,0.00,0.00,300000.00,'2019-05-13'),(108,102,1,0.00,0.00,250000.00,'2019-05-13'),(109,103,1,0.00,0.00,400000.00,'2019-05-13'),(110,104,1,40000.00,0.00,0.00,'2019-05-13'),(111,105,1,0.00,0.00,250000.00,'2019-05-13'),(112,106,1,0.00,0.00,300000.00,'2019-05-13'),(113,107,1,0.00,0.00,300000.00,'2019-05-13'),(114,108,1,0.00,0.00,300000.00,'2019-05-13'),(115,109,1,0.00,0.00,300000.00,'2019-05-13'),(116,110,1,50000.00,0.00,0.00,'2019-05-13'),(117,111,1,0.00,0.00,400000.00,'2019-05-13'),(118,112,1,0.00,0.00,300000.00,'2019-05-13'),(119,113,1,60000.00,0.00,0.00,'2019-05-13'),(120,125,1,0.00,40.00,0.00,'2019-05-13'),(121,114,1,40000.00,0.00,0.00,'2019-05-13'),(122,115,1,0.00,0.00,300000.00,'2019-05-13'),(123,116,1,0.00,0.00,300000.00,'2019-05-13'),(124,117,1,0.00,0.00,300000.00,'2019-05-13'),(125,118,1,60000.00,0.00,0.00,'2019-05-13'),(126,119,1,0.00,0.00,200000.00,'2019-05-13'),(127,120,1,0.00,0.00,350000.00,'2019-05-13'),(128,121,1,0.00,0.00,250000.00,'2019-05-13'),(129,122,1,40000.00,0.00,0.00,'2019-05-13'),(130,123,1,0.00,0.00,250000.00,'2019-05-13'),(132,126,1,0.00,0.00,400000.00,'2019-05-13'),(133,127,1,0.00,0.00,200000.00,'2019-05-13'),(134,128,1,0.00,0.00,300000.00,'2019-05-13'),(135,231,1,40000.00,0.00,0.00,'2019-05-13'),(136,129,1,60000.00,0.00,0.00,'2019-05-13'),(137,130,1,80000.00,0.00,0.00,'2019-05-13'),(138,137,1,0.00,0.00,400000.00,'2019-05-13'),(139,132,1,0.00,0.00,300000.00,'2019-05-13'),(140,133,1,0.00,0.00,350000.00,'2019-05-13'),(141,134,1,0.00,0.00,250000.00,'2019-05-13'),(142,135,1,0.00,0.00,400000.00,'2019-05-13'),(143,136,1,0.00,0.00,300000.00,'2019-05-13'),(145,138,1,0.00,0.00,400000.00,'2019-05-13'),(146,139,1,0.00,0.00,250000.00,'2019-05-13'),(147,140,1,0.00,15.00,0.00,'2019-05-13'),(148,141,1,0.00,10.00,0.00,'2019-05-13'),(149,142,1,0.00,0.00,200000.00,'2019-05-13'),(150,143,1,0.00,0.00,350000.00,'2019-05-13'),(151,144,1,0.00,0.00,300000.00,'2019-05-13'),(152,145,1,0.00,0.00,300000.00,'2019-05-13'),(153,146,1,0.00,0.00,300000.00,'2019-05-13'),(154,235,1,0.00,20.00,250000.00,'2019-05-13'),(155,148,1,40000.00,0.00,0.00,'2019-05-13'),(156,149,1,0.00,0.00,300000.00,'2019-05-13'),(157,150,1,0.00,0.00,300000.00,'2019-05-13'),(158,151,1,0.00,15.00,300000.00,'2019-05-13'),(159,152,1,0.00,0.00,200000.00,'2019-05-13'),(160,233,1,0.00,20.00,0.00,'2019-05-13'),(161,153,1,0.00,0.00,300000.00,'2019-05-13'),(162,154,1,0.00,15.00,0.00,'2019-05-13'),(163,155,1,0.00,0.00,300000.00,'2019-05-13'),(164,156,1,0.00,0.00,300000.00,'2019-05-13'),(165,157,1,0.00,10.00,0.00,'2019-05-13'),(166,158,1,0.00,20.00,0.00,'2019-05-13'),(167,159,1,0.00,10.00,0.00,'2019-05-13'),(168,160,1,50000.00,0.00,0.00,'2019-05-13'),(169,161,1,0.00,0.00,300000.00,'2019-05-13'),(170,162,1,0.00,0.00,300000.00,'2019-05-13'),(171,163,1,0.00,15.00,0.00,'2019-05-13'),(172,164,1,0.00,0.00,300000.00,'2019-05-13'),(173,165,1,0.00,0.00,300000.00,'2019-05-13'),(174,166,1,0.00,25.00,0.00,'2019-05-13'),(175,167,1,0.00,0.00,300000.00,'2019-05-13'),(176,168,1,0.00,0.00,400000.00,'2019-05-13'),(177,169,1,0.00,0.00,300000.00,'2019-05-13'),(178,170,1,0.00,0.00,300000.00,'2019-05-13'),(179,171,1,0.00,10.00,0.00,'2019-05-13'),(180,172,1,0.00,15.00,0.00,'2019-05-13'),(181,173,1,0.00,0.00,400000.00,'2019-05-13'),(182,174,1,0.00,0.00,300000.00,'2019-05-13'),(183,175,1,0.00,0.00,200000.00,'2019-05-13'),(184,176,1,0.00,30.00,0.00,'2019-05-13'),(185,177,1,0.00,0.00,300000.00,'2019-05-13'),(186,178,1,0.00,0.00,200000.00,'2019-05-13'),(187,179,1,0.00,0.00,300000.00,'2019-05-13'),(188,180,1,0.00,0.00,300000.00,'2019-05-13'),(189,181,1,0.00,0.00,300000.00,'2019-05-13'),(190,182,1,0.00,0.00,400000.00,'2019-05-13'),(191,183,1,0.00,10.00,0.00,'2019-05-13'),(192,184,1,0.00,0.00,300000.00,'2019-05-13'),(193,185,1,0.00,0.00,300000.00,'2019-05-13'),(194,186,1,0.00,0.00,200000.00,'2019-05-13'),(195,187,1,0.00,40.00,0.00,'2019-05-13'),(196,188,1,0.00,10.00,0.00,'2019-05-13'),(197,195,1,0.00,20.00,0.00,'2019-05-13'),(198,190,1,10000.00,10.00,0.00,'2019-05-13'),(199,191,1,0.00,0.00,250000.00,'2019-05-13'),(200,192,1,20000.00,10.00,0.00,'2019-05-13'),(201,199,1,0.00,15.00,0.00,'2019-05-13'),(202,200,1,0.00,0.00,300000.00,'2019-05-13'),(204,196,1,0.00,0.00,300000.00,'2019-05-13'),(205,197,1,0.00,15.00,0.00,'2019-05-13'),(206,198,1,0.00,0.00,300000.00,'2019-05-13'),(209,207,1,0.00,0.00,200000.00,'2019-05-13'),(210,202,1,0.00,20.00,0.00,'2019-05-13'),(211,203,1,0.00,10.00,0.00,'2019-05-13'),(212,204,1,60000.00,0.00,0.00,'2019-05-13'),(213,205,1,0.00,0.00,250000.00,'2019-05-13'),(214,206,1,0.00,0.00,300000.00,'2019-05-13'),(216,208,1,0.00,10.00,0.00,'2019-05-13'),(217,209,1,0.00,0.00,300000.00,'2019-05-13'),(218,210,1,0.00,0.00,200000.00,'2019-05-13'),(219,211,1,50000.00,0.00,0.00,'2019-05-13'),(220,212,1,0.00,0.00,300000.00,'2019-05-13'),(221,213,1,0.00,0.00,400000.00,'2019-05-13'),(222,214,1,0.00,0.00,200000.00,'2019-05-13'),(223,215,1,0.00,15.00,0.00,'2019-05-13'),(224,216,1,0.00,0.00,400000.00,'2019-05-13'),(225,217,1,0.00,0.00,300000.00,'2019-05-13'),(226,218,1,0.00,0.00,300000.00,'2019-05-13'),(227,219,1,10000.00,10.00,0.00,'2019-05-13'),(228,220,1,0.00,0.00,450000.00,'2019-05-13'),(229,221,1,60000.00,0.00,0.00,'2019-05-13'),(230,222,1,0.00,0.00,300000.00,'2019-05-13'),(231,223,1,10000.00,0.00,200000.00,'2019-05-13'),(232,224,1,0.00,0.00,350000.00,'2019-05-13'),(233,225,1,0.00,0.00,300000.00,'2019-05-13'),(234,226,1,0.00,0.00,300000.00,'2019-05-13'),(235,227,1,0.00,0.00,300000.00,'2019-05-13'),(236,228,1,0.00,10.00,0.00,'2019-05-13'),(237,229,1,0.00,300000.00,0.00,'2019-05-13'),(238,230,1,0.00,10.00,0.00,'2019-05-13'),(239,232,1,0.00,15.00,0.00,'2019-05-13'),(240,234,1,0.00,10.00,0.00,'2019-05-13'),(241,131,1,0.00,0.00,300000.00,'2019-05-13'),(242,147,1,0.00,0.00,300000.00,'2019-05-13'),(243,189,1,0.00,0.00,200000.00,'2019-05-13'),(244,193,1,0.00,0.00,300000.00,'2019-05-13'),(245,194,1,0.00,0.00,400000.00,'2019-05-13'),(246,201,1,0.00,10.00,0.00,'2019-05-13'),(247,236,1,0.00,0.00,300000.00,'2019-05-13'),(248,237,1,0.00,0.00,300000.00,'2019-05-13'),(249,238,1,0.00,0.00,200000.00,'2019-05-13'),(250,239,1,0.00,0.00,300000.00,'2019-05-13'),(251,240,1,0.00,0.00,300000.00,'2019-05-13'),(252,241,1,0.00,0.00,200000.00,'2019-05-13'),(253,242,1,0.00,0.00,300000.00,'2019-05-13'),(254,243,1,0.00,0.00,300000.00,'2019-05-13'),(255,244,1,0.00,0.00,400000.00,'2019-05-13'),(256,245,1,0.00,0.00,300000.00,'2019-05-13'),(257,246,1,0.00,0.00,200000.00,'2019-05-13'),(258,247,1,0.00,0.00,300000.00,'2019-05-13'),(259,248,1,0.00,0.00,300000.00,'2019-05-13'),(260,249,1,0.00,0.00,300000.00,'2019-05-13'),(261,250,1,0.00,0.00,250000.00,'2019-05-13'),(262,251,1,0.00,0.00,400000.00,'2019-05-13'),(263,252,1,0.00,0.00,400000.00,'2019-05-13'),(264,253,1,0.00,0.00,300000.00,'2019-05-13'),(265,254,1,0.00,15.00,0.00,'2019-05-13'),(266,255,1,0.00,10.00,0.00,'2019-05-13'),(267,256,1,0.00,0.00,250000.00,'2019-05-13'),(268,257,1,0.00,0.00,200000.00,'2019-05-13'),(269,258,1,0.00,0.00,300000.00,'2019-05-13'),(270,259,1,0.00,0.00,400000.00,'2019-05-13'),(271,260,1,0.00,0.00,250000.00,'2019-05-13'),(272,261,1,0.00,20.00,300000.00,'2019-05-13'),(273,262,1,0.00,0.00,300000.00,'2019-05-13'),(274,263,1,0.00,0.00,200000.00,'2019-05-13'),(275,264,1,0.00,0.00,400000.00,'2019-05-13'),(276,265,1,0.00,0.00,300000.00,'2019-05-13'),(277,266,1,0.00,10.00,0.00,'2019-05-13'),(278,267,1,0.00,0.00,300000.00,'2019-05-13'),(279,268,1,0.00,10.00,0.00,'2019-05-13'),(280,269,1,0.00,15.00,0.00,'2019-05-13'),(281,270,1,0.00,0.00,400000.00,'2019-05-13'),(282,271,1,0.00,0.00,200000.00,'2019-05-13'),(283,272,1,0.00,0.00,250000.00,'2019-05-13'),(284,273,1,0.00,0.00,300000.00,'2019-05-13'),(285,274,1,0.00,0.00,400000.00,'2019-05-13'),(286,275,1,0.00,10.00,0.00,'2019-05-13'),(287,276,1,0.00,10.00,0.00,'2019-05-13'),(288,277,1,0.00,10.00,0.00,'2019-05-13'),(289,278,1,0.00,5.00,100000.00,'2019-05-13'),(290,279,1,0.00,0.00,400000.00,'2019-05-13'),(291,280,1,0.00,0.00,300000.00,'2019-05-13'),(292,281,1,0.00,0.00,200000.00,'2019-05-13'),(293,282,1,0.00,0.00,300000.00,'2019-05-13'),(294,283,1,0.00,20.00,0.00,'2019-05-13'),(295,284,1,0.00,0.00,300000.00,'2019-05-13'),(296,285,1,0.00,20.00,0.00,'2019-05-13'),(297,286,1,0.00,0.00,200000.00,'2019-05-13'),(298,287,1,0.00,0.00,400000.00,'2019-05-13'),(299,288,1,0.00,0.00,400000.00,'2019-05-13'),(300,289,1,0.00,0.00,300000.00,'2019-05-13'),(301,290,1,0.00,0.00,300000.00,'2019-05-13'),(302,291,1,0.00,0.00,300000.00,'2019-05-13'),(303,292,1,0.00,0.00,350000.00,'2019-05-13'),(304,293,1,0.00,0.00,300000.00,'2019-05-13'),(305,294,1,0.00,0.00,300000.00,'2019-05-13'),(306,295,1,0.00,0.00,300000.00,'2019-05-13'),(307,296,1,0.00,10.00,0.00,'2019-05-13'),(308,297,1,0.00,10.00,0.00,'2019-05-13'),(309,298,1,0.00,20.00,0.00,'2019-05-13'),(310,299,1,0.00,0.00,300000.00,'2019-05-13'),(311,300,1,0.00,0.00,300000.00,'2019-05-13'),(312,301,1,0.00,0.00,500000.00,'2019-05-13'),(313,302,1,0.00,0.00,350000.00,'2019-05-13'),(314,303,1,0.00,0.00,200000.00,'2019-05-13'),(315,306,1,0.00,0.00,300000.00,'2019-05-13'),(316,307,1,0.00,10.00,0.00,'2019-05-13'),(317,308,1,50000.00,0.00,0.00,'2019-05-13'),(318,309,1,0.00,15.00,0.00,'2019-05-13'),(319,310,1,50000.00,0.00,0.00,'2019-05-13'),(320,311,1,0.00,0.00,200000.00,'2019-05-13'),(321,312,1,0.00,15.00,0.00,'2019-05-13'),(322,313,1,0.00,0.00,250000.00,'2019-05-13'),(323,314,1,0.00,0.00,300000.00,'2019-05-13'),(324,315,1,50000.00,0.00,0.00,'2019-05-13'),(325,316,1,0.00,0.00,500000.00,'2019-05-13'),(326,317,1,0.00,0.00,300000.00,'2019-05-13'),(327,318,1,0.00,10.00,200000.00,'2019-05-13'),(328,319,1,0.00,0.00,250000.00,'2019-05-13'),(329,320,1,0.00,10.00,0.00,'2019-05-13'),(330,321,1,0.00,0.00,250000.00,'2019-05-13'),(331,322,1,0.00,15.00,0.00,'2019-05-13'),(332,323,1,70000.00,0.00,0.00,'2019-05-13'),(333,324,1,0.00,0.00,300000.00,'2019-05-13'),(334,325,1,0.00,0.00,300000.00,'2019-05-13'),(335,326,1,0.00,0.00,300000.00,'2019-05-13'),(336,6,1,0.00,0.00,200000.00,'2019-05-13'),(337,7,1,0.00,0.00,250000.00,'2019-05-13'),(338,148,3,0.00,0.00,150000.00,'2015-02-14');
/*!40000 ALTER TABLE `tbldetail` ENABLE KEYS */;
UNLOCK TABLES;

--
-- Table structure for table `tblfamily`
--

DROP TABLE IF EXISTS `tblfamily`;
/*!40101 SET @saved_cs_client     = @@character_set_client */;
/*!50503 SET character_set_client = utf8mb4 */;
CREATE TABLE `tblfamily` (
  `id` int NOT NULL,
  `name` varchar(30) CHARACTER SET utf8mb4 COLLATE utf8mb4_0900_ai_ci DEFAULT NULL,
  `gender` varchar(6) CHARACTER SET utf8mb4 COLLATE utf8mb4_0900_ai_ci DEFAULT NULL,
  `partnerId` int DEFAULT NULL,
  PRIMARY KEY (`id`) USING BTREE,
  KEY `partnerId` (`partnerId`) USING BTREE,
  CONSTRAINT `tblfamily_ibfk_1` FOREIGN KEY (`partnerId`) REFERENCES `tblfamily` (`id`) ON DELETE RESTRICT ON UPDATE RESTRICT
) ENGINE=InnoDB DEFAULT CHARSET=utf8mb4 COLLATE=utf8mb4_0900_ai_ci ROW_FORMAT=DYNAMIC;
/*!40101 SET character_set_client = @saved_cs_client */;

--
-- Dumping data for table `tblfamily`
--

LOCK TABLES `tblfamily` WRITE;
/*!40000 ALTER TABLE `tblfamily` DISABLE KEYS */;
INSERT INTO `tblfamily` VALUES (1,'គឹម ចាន់រ៉ា','ស្រី',NULL),(2,'ឃឹម វិជ្ជា','ប្រុស',1),(3,'គឹម ចន្ថា','ប្រុស',NULL),(4,'ឆន ស៊ីណា','ស្រី',3);
/*!40000 ALTER TABLE `tblfamily` ENABLE KEYS */;
UNLOCK TABLES;

--
-- Table structure for table `tblguest`
--

DROP TABLE IF EXISTS `tblguest`;
/*!40101 SET @saved_cs_client     = @@character_set_client */;
/*!50503 SET character_set_client = utf8mb4 */;
CREATE TABLE `tblguest` (
  `id` int unsigned NOT NULL AUTO_INCREMENT,
  `name` varchar(40) CHARACTER SET utf8mb4 COLLATE utf8mb4_0900_ai_ci DEFAULT NULL,
  `gender` varchar(6) CHARACTER SET utf8mb4 COLLATE utf8mb4_0900_ai_ci DEFAULT NULL,
  `village` varchar(20) CHARACTER SET utf8mb4 COLLATE utf8mb4_0900_ai_ci DEFAULT NULL,
  `comminue` varchar(20) CHARACTER SET utf8mb4 COLLATE utf8mb4_0900_ai_ci DEFAULT NULL,
  `city` varchar(20) CHARACTER SET utf8mb4 COLLATE utf8mb4_0900_ai_ci DEFAULT NULL,
  `province` varchar(20) CHARACTER SET utf8mb4 COLLATE utf8mb4_0900_ai_ci DEFAULT NULL,
  `other` varchar(100) CHARACTER SET utf8mb4 COLLATE utf8mb4_0900_ai_ci DEFAULT NULL,
  PRIMARY KEY (`id`) USING BTREE,
  KEY `name` (`name`) USING BTREE
) ENGINE=InnoDB AUTO_INCREMENT=367 DEFAULT CHARSET=utf8mb4 COLLATE=utf8mb4_0900_ai_ci ROW_FORMAT=DYNAMIC;
/*!40101 SET character_set_client = @saved_cs_client */;

--
-- Dumping data for table `tblguest`
--

LOCK TABLES `tblguest` WRITE;
/*!40000 ALTER TABLE `tblguest` DISABLE KEYS */;
INSERT INTO `tblguest` VALUES (1,'ប្អូន ឌឿន','ប្រុស','តាពៅ','បាវិត','បាវិត','ស្វាយរៀង',''),(2,'ប្អូន ពៅ','ប្រុស','តាពៅ','បាវិត','បាវិត','ស្វាយរៀង',''),(3,'យាយ សន','ស្រី','ប្រាសាទ','ប្រាសាទ','បាវិត','ស្វាយរៀង',''),(4,'យាយ តាគង់','ស្រី','ប្រាសាទ','ប្រាសាទ','បាវិត','ស្វាយរៀង',''),(5,'យាយ រិត','ស្រី','ប្រាសាទ','ប្រាសាទ','បាវិត','ស្វាយរៀង','តាអុក'),(6,'បង ស៊ាន','ប្រុស','ប្រាសាទ','ប្រាសាទ','បាវិត','ស្វាយរៀង',''),(7,'អ៊ំ នីន','ស្រី','តាពៅ','បាវិត','បាវិត','ស្វាយរៀង',''),(8,'ប្អូន រ៉ាំង','ប្រុស','ពោធិ៍','សថ្ងក','ចន្ទ្រា','ស្វាយរៀង',''),(9,'ប្អូន គឹម សារឿង','ប្រុស','ពោធិ៍','សថ្ងក','ចន្ទ្រា','ស្វាយរៀង',''),(10,'បង វណ្ណា','ប្រុស','បាវិត​កណ្ដាល','បាវិត','បាវិត','ស្វាយរៀង',''),(11,'តាបិតស្រា','ប្រុស','តាពៅ','បាវិត','បាវិត','ស្វាយរៀង',''),(12,'បង មុំ','ស្រី','បាវិតលើ','បាវិត','បាវិត','ស្វាយរៀង','ប្រឡាយម៉ាស៊ីនភ្លើង'),(13,'ក្មួយ ដា','ស្រី','បាវិតលើ','បាវិត','បាវិត','ស្វាយរៀង','ប្រឡាយម៉ាស៊ីនភ្លើង'),(14,'បង សឹង','ស្រី','តាពៅ','បាវិត','បាវិត','ស្វាយរៀង',''),(15,'សម្លាញ់ ស្នា','ប្រុស','តាពៅ','បាវិត','បាវិត','ស្វាយរៀង',''),(16,'ក្មួយ រើន','ប្រុស','តាពៅ','បាវិត','បាវិត','ស្វាយរៀង','ធន់'),(17,'ក្មួយ ស្នា','ប្រុស','បាវិតលើ','បាវិត','បាវិត','ស្វាយរៀង','ប្រឡាយម៉ាស៊ីនភ្លើង'),(18,'បង នាថ','គ្មាន','គ្មាន','ច្រកម្ទេស','បាវិត','ស្វាយរៀង',''),(19,'ក្មួយ វិន','ប្រុស','តាពៅ','បាវិត','បាវិត','ស្វាយរៀង','រិន'),(20,'ប្អូន រី','ប្រុស','តាពៅ','បាវិត','បាវិត','ស្វាយរៀង','ប្រឡាយ'),(21,'ក្មួយ ហ៊ូ','ប្រុស','តាពៅ','បាវិត','បាវិត','ស្វាយរៀង','ប្រឡាយ'),(22,'ប្អូន តុល','ស្រី','តាពៅ','បាវិត','បាវិត','ស្វាយរៀង',''),(23,'សម្លាញ់ ជ័យ','ប្រុស','ច្រកលាវ','បាវិត','បាវិត','ស្វាយរៀង',''),(24,'អ៊ំ នួន','ស្រី','តាពៅ','បាវិត','បាវិត','ស្វាយរៀង',''),(25,'យាយ  ស្រី','ស្រី','តាពៅ','បាវិត','បាវិត','ស្វាយរៀង','ទួល អាង'),(26,'ក្មួយ ធា','ប្រុស','គ្មាន','បាវិត','បាវិត','ស្វាយរៀង',''),(27,'ក្មួយ ណែត','ប្រុស','តាពៅ','បាវិត','បាវិត','ស្វាយរៀង','ផ្លូវប្រឡាយ'),(28,'ក្មួយ ដើក','ប្រុស','ចុងសំរិត','បាទី','បាវិត','ស្វាយរៀង',''),(29,'មីង ធុច','ស្រី','តាពៅ','បាវិត','បាវិត','ស្វាយរៀង',''),(30,'បង ភាន់','ស្រី','គ្មាន','បាវិត','បាវិត','ស្វាយរៀង',''),(31,'ក្មួយ រើន','ប្រុស','តាពៅ','បាវិត','បាវិត','ស្វាយរៀង','ប្រឡាយ'),(32,'ប្អូន ឡូ','ប្រុស','ប្រាសាទ','ប្រាសាទ','បាវិត','ស្វាយរៀង',''),(33,'ប្អូន ឡាង','ស្រី','ប្រាសាទ','ប្រាសាទ','បាវិត','ស្វាយរៀង',''),(34,'ពូ រឿន','ប្រុស','តាពៅ','បាវិត','បាវិត','ស្វាយរៀង',''),(35,'បង បុល','ប្រុស','ប្រាសាទ','បាវិត','ប្រាសាទ','ស្វាយរៀង',''),(36,'ក្មួយ ធឿន','ប្រុស','តាពៅ','បាវិត','បាវិត','ស្វាយរៀង',''),(37,'ក្មួយ វណ្ណី','ប្រុស','តាពៅ','បាវិត','បាវិត','ស្វាយរៀង',''),(38,'ក្មួយ រិច','ប្រុស','តាពៅ','បាវិត','បាវិត','ស្វាយរៀង',''),(39,'ពូ ញឹក','ប្រុស','តាពៅ','បាវិត','បាវិត','ស្វាយរៀង',''),(40,'ប្អូន វែង','ប្រុស','ត្នោត','គ្មាន','គ្មាន','ស្វាយរៀង',''),(41,'ក្មួយ ឧស្សាហ៏','ប្រុស','តាពៅ','បាវិត','បាវិត','ស្វាយរៀង',''),(42,'បង មឿន','ប្រុស','គ្មាន','ស្វាយរំពា','ស្វាយទាប','ស្វាយរៀង',''),(43,'បង ឆប','ប្រុស','គ្មាន','ស្វាយរំពា','ស្វាយទាប','ស្វាយរៀង',''),(44,'ប៊ូទិន','ប្រុស','គ្មាន','គ្មាន','គ្មាន','នំបញ្ចុក VN',''),(45,'បង មុំ','ស្រី','តាពៅ','បាវិត','បាវិត','ស្វាយរៀង','រោងម៉ាស៊ីនភ្លើង'),(46,'ប្អូន ផែន','ប្រុស','ប្រាសាទ','បាវិត','បាវិត','ស្វាយរៀង',''),(47,'ក្មួយ ម៉ី','ប្រុស','ច្រកលាវ','បាវិត','បាវិត','ស្វាយរៀង',''),(48,'ក្មួយ ម៉ាច់','ប្រុស','គ្មាន','គ្មាន','គ្មាន','ស្វាយរៀង','កូនតាចក់'),(49,'ពូ ធា','ប្រុស','គ្មាន','គ្មាន','គ្មាន','ស្វាយរៀង','លក់ត្រី'),(50,'ណាង','ប្រុស','គ្មាន','គ្មាន','គ្មាន','ស្វាយរៀង','Casino'),(51,'ហុន','គ្មាន','គ្មាន','គ្មាន','គ្មាន','ស្វាយរៀង','កូនប្រសាទយាយណាន'),(52,'បង ម៉ុន','ប្រុស','គ្មាន','ស្វាយរំពា','ស្វាយទាប','ស្វាយរៀង',''),(53,'អ៊ំ រិន','គ្មាន','គ្មាន','ស្វាយរំពា','ស្វាយទាប','ស្វាយរៀង',''),(54,'ប្អូន ណែ','ប្រុស','គ្មាន','បាវិត','បាវិត','ស្វាយរៀង',''),(55,'ប្អូន គម','ប្រុស','ចុងសំរិត','បាទី','បាវិត','ស្វាយរៀង',''),(56,'បង ស្រីនាង','ស្រី','គ្មាន','គ្មាន','គ្មាន','សៀមរាប',''),(57,'ប្អូន វ៉ូង','ស្រី','ចុងសំរិត','បាទី','បាវិត','ស្វាយរៀង',''),(58,'ចាន់ វណ្ណា','ប្រុស','តាពៅ','បាវិត','បាវិត','ស្វាយរៀង',''),(59,'ផល','ប្រុស','តាពៅ','បាវិត','បាវិត','ស្វាយរៀង',''),(60,'តឺក','ប្រុស','គ្មាន','គ្មាន','គ្មាន','ស្វាយរៀង','ពូម៉ាកថន'),(61,'ពូ តាដក','ប្រុស','គ្មាន','ក្រោលគោ','ស្វាយជ្រំ','ស្វាយរៀង',''),(62,'ពូ យ៉ានជាន','ប្រុស','ប្រាសាទ','បា្រសាទ','បាវិត','ស្វាយរៀង',''),(63,'បង សូន','ប្រុស','គ្មាន','គ្មាន','គ្មាន','ស្វាយរៀង','ទប់ខ្សាច់'),(64,'ក្មួយ តុប','ស្រី','ចុងសំរិត','បាទី','បាវិត','ស្វាយរៀង',''),(65,'មីង ធឿន','ស្រី','ចុងសំរិត','បាទី','បាវិត','ស្វាយរៀង',''),(66,'ប្អូន ថេង','ប្រុស','ចុងសំរិត','បាទី','បាវិត','ស្វាយរៀង',''),(67,'មីង ឡង','ស្រី','គ្មាន','គ្មាន','គ្មាន','','លក់បន្លែ VN'),(68,'ក្មួយ ស្នា','ប្រុស','តាពៅ','បាវិត','បាវិត','ស្វាយរៀង',''),(69,'ពូ ឧត្ដម','ប្រុស','ចុងសំរិត','បាទី','បាវិត','ស្វាយរៀង',''),(70,'ក្មួយ រិន','ប្រុស','តាពៅ','បាវិត','បាវិត','ស្វាយរៀង',''),(71,'វណ្ណា','ប្រុស','ចុងសំរិត','បាទី','បាវិត','ស្វាយរៀង',''),(72,'ក្មួយ ថា','ប្រុស','តាពៅ','បាវិត','បាវិត','ស្វាយរៀង',''),(73,'ក្មួយ ឌឿន','ស្រី','តាពៅ','បាវិត','បាវិត','ស្វាយរៀង',''),(74,'ក្មួយ រី','ប្រុស','តាពៅ','បាវិត','បាវិត','ស្វាយរៀង','រឺ'),(75,'ប្អូន ជា','ប្រុស','ច្រកលាវ','បាវិត','បាវិត','ស្វាយរៀង',''),(76,'សម្លាញ់ មូស','ប្រុស','តាពៅ','បាវិត','បាវិត','ស្វាយរៀង',''),(77,'យិន សុខ','ប្រុស','តាពៅ','បាវិត','បាវិត','ស្វាយរៀង','ឪអាដំដី'),(78,'សម្លាញ់ វណ្ណីដា','ប្រុស','គ្មាន','គ្មាន','គ្មាន','ស្វាយរៀង',''),(79,'បង កោត','ប្រុស','តាពៅ','បាវិត','បាវិត','ស្វាយរៀង','ប្រឡាយ'),(80,'ប្អូន ឡុង','ប្រុស','ប្រាសាទ','ប្រាសាទ','បាវិត','ស្វាយរៀង',''),(81,'ក្មួយ ណុយ','ប្រុស','ប្រាសាទ','ប្រាសាទ','បាវិត','ស្វាយរៀង',''),(82,'ប្អូន ភាព','ប្រុស','តាពៅ','បាវិត','បាវិត','ស្វាយរៀង',''),(83,'ក្មួយ វេង','ប្រុស','ចុងសំរិត','បាទី','បាវិត','ស្វាយរៀង',''),(84,'កូនពូ ម៉ាច់','ប្រុស','តាពៅ','បាវិត','បាវិត','ស្វាយរៀង',''),(85,'បង សរ','ស្រី','គ្មាន','គ្មាន','គ្មាន','ស្វាយរៀង','រោងចក្រ'),(86,'ក្មួយ សម្បិត្ត','ស្រី','តាពៅ','បាវិត','បាវិត','ស្វាយរៀង','ប្រឡាយ'),(87,'ក្មួយ នៅ','ប្រុស','តាពៅ','បាវិត','បាវិត','ស្វាយរៀង',''),(88,'បង រ៉ុង','គ្មាន','តាពៅ','បាវិត','បាវិត','ស្វាយរៀង','ប្រឡាយ'),(89,'ក្មួយ រដ្ឋា','គ្មាន','គ្មាន','គ្មាន','ប៉ោយប៉ែត','បន្ទាយមានជ័យ',''),(90,'ក្មួយ ភារ','ប្រុស','តាពៅ','បាវិត','បាវិត','ស្វាយរៀង','ប្រឡាយ'),(91,'ក្មួយ ស្ដី','ប្រុស','តាពៅ','បាវិត','បាវិត','ស្វាយរៀង','ប្រឡាយ'),(92,'បង ហ៊ា','ស្រី','ចុងសំរិត','បាទី','បាវិត','ស្វាយរៀង',''),(93,'ក្មួយ ខ្លុក','ប្រុស','តាពៅ','បាវិត','បាវិត','ស្វាយរៀង','ប្រឡាយ'),(94,'ពូ រិត','ប្រុស','គ្មាន','គ្មាន','គ្មាន','ស្វាយរៀង','រោងចក្រ'),(95,'បង រ៉េត','ប្រុស','តាពៅ','បាវិត','បាវិត','ស្វាយរៀង','ប្រឡាយ'),(96,'ពូ អន','ប្រុស','គ្មាន','គ្មាន','គ្មាន','ស្វាយរៀង','រោងចក្រ'),(97,'បង សុខ','គ្មាន','បាវិតកណ្ដាល','បាវិត','បាវិត','ស្វាយរៀង',''),(98,'ប្អូន ស្វាត់','ប្រុស','តាពៅ','បាវិត','បាវិត','ស្វាយរៀង',''),(99,'ប្អូន ហឿង','ប្រុស','តាពៅ','បាវិត','បាវិត','ស្វាយរៀង','ប្រឡាយ'),(100,'ក្មួយ ម៉ាប់','ប្រុស','តាពៅ','បាវិត','បាវិត','ស្វាយរៀង','ប្រឡាយ'),(101,'ប្អូន យ៉ាង','ប្រុស','តាពៅ','បាវិត','បាវិត','ស្វាយរៀង','ប្រឡាយ'),(102,'ពូ ក្អាត់','ប្រុស','តាពៅ','បាវិត','បាវិត','ស្វាយរៀង',''),(103,'ប្អូន សុខ','ប្រុស','តាពៅ','បាវិត','បាវិត','ស្វាយរៀង',''),(104,'ប្អូន មាស','ប្រុស','តាពៅ','បាវិត','បាវិត','ស្វាយរៀង',''),(105,'ប្អូន បៃ','ប្រុស','តាពៅ','បាវិត','បាវិត','ស្វាយរៀង',''),(106,'ក្មួយ ក្រាញ','ប្រុស','តាពៅ','បាវិត','បាវិត','ស្វាយរៀង',''),(107,'បង ពឿន','ប្រុស','តាពៅ','បាវិត','បាវិត','ស្វាយរៀង',''),(108,'ប្អូន រត័្ន','ប្រុស','តាពៅ','បាវិត','បាវិត','ស្វាយរៀង',''),(109,'ប្អូន ភស្ឌ','ប្រុស','ប្រាសាទ','ប្រាសាទ','បាវិត','ស្វាយរៀង',''),(110,'មីង មឿន','ប្រុស','ប្រាសាទ','ប្រាសាទ','បាវិត','ស្វាយរៀង',''),(111,'បង ថុន','ប្រុស','តាពៅ','បាវិត','បាវិត','ស្វាយរៀង','ប្រឡាយ'),(112,'ប្អូន លូត','ប្រុស','តាពៅ','បាវិត','បាវិត','ស្វាយរៀង','ប្រឡាយ'),(113,'ប្អូន ខា','ប្រុស','ច្រកលាវ','បាវិត','បាវិត','ស្វាយរៀង',''),(114,'សម្លាញ់ មុំ','ស្រី','គ្មាន','គ្មាន','គ្មាន','ស្វាយរៀង','រោងចក្រ'),(115,'ប្អូន ថា','ប្រុស','គ្មាន','គ្មាន','គ្មាន','ស្វាយរៀង',''),(116,'សម្លាញ់ វេត','ប្រុស','តាពៅ','បាវិត','បាវិត','ស្វាយរៀង',''),(117,'ប្អូន ទិន','ប្រុស','គ្មាន','បាវិត','បាវិត','ស្វាយរៀង',''),(118,'ក្មួយ ទឹង','ប្រុស','គ្មាន','បាវិត','បាវិត','ស្វាយរៀង',''),(119,'ក្មួយ ភារី','ប្រុស','គ្មាន','បាវិត','បាវិត','ស្វាយរៀង',''),(120,'ប្អូន ថា','ប្រុស','គ្មាន','បាវិត','បាវិត','ស្វាយរៀង',''),(121,'សម្លាញ់ សេង','ប្រុស','តាពៅ','បាវិត','បាវិត','ស្វាយរៀង',''),(122,'ប្អូន ថន','ប្រុស','គ្មាន','បាវិត','បាវិត','ស្វាយរៀង',''),(123,'បង មា','ប្រុស','គ្មាន','គ្មាន','គ្មាន','ស្វាយរៀង',''),(124,'ក្មួយ ង៉ា','ប្រុស','គ្មាន','បាវិត','បាវិត','ស្វាយរៀង',''),(125,'ពូ ភៀន','ប្រុស','តាពៅ','បាវិត','បាវិត','ស្វាយរៀង','ប្រឡាយ'),(126,'ក្មួយ ធី','ប្រុស','ចុងសំរិត','បាទី','បាវិត','ស្វាយរៀង',''),(127,'ប្អូន ម៉ៅ','ប្រុស','គ្មាន','គ្មាន','គ្មាន','ស្វាយរៀង',''),(128,'ក្មួយ ថាន','ប្រុស','គ្មាន','គ្មាន','គ្មាន','ស្វាយរៀង',''),(129,'ប្អូន ប៉ុង','គ្មាន','គ្មាន','គ្មាន','គ្មាន','ស្វាយរៀង',''),(130,'ក្មួយ អឿន','ប្រុស','គ្មាន','គ្មាន','គ្មាន','ស្វាយរៀង',''),(131,'ប្អូន យ៉ាន','ប្រុស','គ្មាន','គ្មាន','គ្មាន','ស្វាយរៀង',''),(132,'បង ផន','គ្មាន','គ្មាន','គ្មាន','គ្មាន','ស្វាយរៀង',''),(133,'សម្លាញ់ យាន','ប្រុស','តាពៅ','បាវិត','បាវិត','ស្វាយរៀង',''),(134,'បង លី','ស្រី','តាពៅ','បាវិត','បាវិត','ស្វាយរៀង',''),(135,'សម្លាញ់ ជូរ','ប្រុស','ច្រកលាវ','បាវិត','បាវិត','ស្វាយរៀង',''),(136,'ក្មួយ យឿ','ប្រុស','តាពៅ','បាវិត','បាវិត','ស្វាយរៀង',''),(137,'យាយ រិន','ស្រី','បាវិតកណ្ដាល','បាវិត','បាវិត','ស្វាយរៀង','ម៉ែក្មេកពូវា'),(138,'វណ្ណា','ប្រុស','គ្មាន','គ្មាន','គ្មាន','ស្វាយរៀង',''),(139,'បង យ៉ុល','ប្រុស','គ្មាន','គ្មាន','គ្មាន','ស្វាយរៀង',''),(140,'ប្អូន រ៉ុម','ប្រុស','គ្មាន','គ្មាន','គ្មាន','ស្វាយរៀង',''),(141,'សំ ចរិយា','ស្រី','តាបិប','បាវិត','បាវិត','ស្វាយរៀង','មិត្ដភិក្តដា'),(142,'មុំ ស្រីនាង','ស្រី','តាបិប','បាវិត','បាវិត','ស្វាយរៀង','មិត្តភិក្តដា'),(143,'ក្មួយ ម៉ាប់','ប្រុស','គ្មាន','គ្មាន','គ្មាន','ស្វាយរៀង',''),(144,'ក្មួយ យ៉ៃ','ប្រុស','តាពៅ','បាវិត','បាវិត','ស្វាយរៀង',''),(145,'ប្អូន រ៉ា','ប្រុស','តាពៅ','បាវិត','បាវិត','ស្វាយរៀង','រ៉ាធំ'),(146,'បង តែង','ប្រុស','តាពៅ','បាវិត','បាវិត','ស្វាយរៀង',''),(147,'បង យាន','ប្រុស','តាពៅ','បាវិត','បាវិត','ស្វាយរៀង',''),(148,'ក្មួយ យឿង','ប្រុស','តាពៅ','បាវិត','បាវិត','ស្វាយរៀង',''),(149,'បង សាង','ប្រុស','តាពៅ','បាវិត','បាវិត','ស្វាយរៀង','ប្រឡាយ'),(150,'សម្លាញ់ សាទ','ប្រុស','តាពៅ','បាវិត','បាវិត','ស្វាយរៀង',''),(151,'ប្អូន សិដ្ឋ','ប្រុស','ច្រកលាវ','បាវិត','បាវិត','ស្វាយរៀង',''),(152,'គិន សំណាង','ប្រុស','បាវិតលើ','បាវិត','បាវិត','ស្វាយរៀង','មិត្តភិក្តដា'),(153,'សម្លាញ់ ត្នោត','ប្រុស','គ្មាន','បាវិត','បាវិត','ស្វាយរៀង',''),(154,'សម្លាញ់ ថៃ','ប្រុស','តាពៅ','បាវិត','បាវិត','ស្វាយរៀង','ប្រឡាយ'),(155,'បង វណ្ណា','ប្រុស','តាពៅ','បាវិត','បាវិត','ស្វាយរៀង','មេភូមិ'),(156,'ក្មួយ ម៉ី','ស្រី','តាពៅ','បាវិត','បាវិត','ស្វាយរៀង',''),(157,'បង ណាល់','ប្រុស','គ្មាន','បាវិត','បាវិត','ស្វាយរៀង',''),(158,'ប្អូន ម៉ី','ប្រុស','ប្រាសាទ','ប្រាសាទ','បាវិត','ស្វាយរៀង',''),(159,'ប៉ុន សុធារៈ','ប្រុស','បាវិតកណ្ដាល','បាវិត','បាវិត','ស្វាយរៀង','មិត្តភិក្តដា'),(160,'ប្អូន ចង្រិត','ស្រី','តាពៅ','បាវិត','បាវិត','ស្វាយរៀង','ប្រឡាយ'),(161,'បង ខុន','ប្រុស','គ្មាន','បាវិត','បាវិត','ស្វាយរៀង',''),(162,'ប្អូន កុយ','ប្រុស','តាពៅ','បាវិត','បាវិត','ស្វាយរៀង','ទូលអាង'),(163,'បង ភាន','ប្រុស','គ្មាន','គ្មាន','គ្មាន','ស្វាយរៀង','ចាក់កាំ'),(164,'សម្លាញ់ សោន','ប្រុស','តាពៅ','បាវិត','បាវិត','ស្វាយរៀង',''),(165,'Bong Nan','ប្រុស','គ្មាន','បាវិត','បាវិត','ស្វាយរៀង','Casino'),(166,'Mr.Lay','ប្រុស','គ្មាន','បាវិត','បាវិត','ស្វាយរៀង','Casino'),(167,'ប្អូន យ៉ុង','ប្រុស','ប្រាសាទ','ប្រាសាទ','បាវិត','ស្វាយរៀង',''),(168,'សម្លាញ់ ធុន','ប្រុស','តាពៅ','បាវិត','បាវិត','ស្វាយរៀង','ប្រឡាយ'),(169,'បង រ៉ានី','ស្រី','គ្មាន','បាវិត','បាវិត','ស្វាយរៀង',''),(170,'ប្អូន ទឹង','ប្រុស','ច្រកលាវ','បាវិត','បាវិត','ស្វាយរៀង',''),(171,'ចៃ ដារ៉ា','ប្រុស','បាវិតលើ','បាវិត','បាវិត','ស្វាយរៀង','មិត្តភិក្តដា'),(172,'ប្អូន រឹទ្ធ','ប្រុស','តាពៅ','បាវិត','បាវិត','ស្វាយរៀង',''),(173,'លោកគ្រូ ភា','ប្រុស','តាពៅ','បាវិត','បាវិត','ស្វាយរៀង','ប្រឡាយ'),(174,'បង រុំ','គ្មាន','គ្មាន','បាវិត','បាវិត','ស្វាយរៀង',''),(175,'ក្មួយ គួ','ប្រុស','តាពៅ','បាវិត','បាវិត','ស្វាយរៀង','ប្រឡាយ'),(176,'សុខ យុឺង','ប្រុស','តាពៅ','បាវិត','បាវិត','ស្វាយរៀង','ប្រឡាយ'),(177,'ក្មួយ នន់','ប្រុស','តាពៅ','បាវិត','បាវិត','ស្វាយរៀង',''),(178,'ក្មួយ ទី','ប្រុស','តាពៅ','បាវិត','បាវិត','ស្វាយរៀង',''),(179,'បង នៅ','ប្រុស','គ្មាន','បាវិត','បាវិត','ស្វាយរៀង',''),(180,'បង ប៊ុន','ប្រុស','តាពៅ','បាវិត','បាវិត','ស្វាយរៀង',''),(181,'ម៉ែ អាភក្រ័','ស្រី','គ្មាន','បាវិត','បាវិត','ស្វាយរៀង',''),(182,'ប្អូន យ៉ុង','គ្មាន','គ្មាន','គ្មាន','បាវិត','ស្វាយរៀង',''),(183,'ប្អូន គាត','ប្រុស','គ្មាន','គ្មាន','បាវិត','ស្វាយរៀង',''),(184,'ប្អូន រាំ','ប្រុស','តាពៅ','បាវិត','បាវិត','ស្វាយរៀង','បារាំង'),(185,'ប្អូន សាន','ប្រុស','តាពៅ','បាវិត','បាវិត','ស្វាយរៀង',''),(186,'ក្មួយ វី','គ្មាន','គ្មាន','គ្មាន','បាវិត','ស្វាយរៀង',''),(187,'MAD Bopha','ស្រី','គ្មាន','គ្មាន','បាវិត','ស្វាយរៀង','Casino'),(188,'ប្អូន ពុធ','ប្រុស','គ្មាន','គ្មាន','បាវិត','ស្វាយរៀង',''),(189,'ក្មួយ បាត់','ប្រុស','តាពៅ','បាវិត','បាវិត','ស្វាយរៀង',''),(190,'Tit Vichet','ប្រុស','គ្មាន','បាវិត','បាវិត','ស្វាយរៀង','Casino'),(191,'ក្មួយ ផាត','គ្មាន','គ្មាន','គ្មាន','បាវិត','ស្វាយរៀង',''),(192,'MDM Maly','ស្រី','គ្មាន','គ្មាន','បាវិត','ស្វាយរៀង','Casion'),(193,'So Phora','គ្មាន','គ្មាន','គ្មាន','បាវិត','ស្វាយរៀង','Casino'),(194,'Oeu Sam','គ្មាន','គ្មាន','គ្មាន','បាវិត','ស្វាយរៀង','Casino'),(195,'ក្មួយ ពេជសាម៉ាន','ប្រុស','គ្មាន','គ្មាន','បាវិត','ស្វាយរៀង',''),(196,'បង សឺង,សោន','គ្មាន','គ្មាន','គ្មាន','បាវិត','ស្វាយរៀង',''),(197,'ប្អូន ភី','ប្រុស','គ្មាន','គ្មាន','បាវិត','ស្វាយរៀង',''),(198,'ប្អូន ភួន','ប្រុស','គ្មាន','គ្មាន','បាវិត','ស្វាយរៀង',''),(199,'ក្មួយ ថេរ','ប្រុស','តាពៅ','បាវិត','បាវិត','ស្វាយរៀង','ប្រឡាយ'),(200,'ប្អូន យ៉េត','ប្រុស','គ្មាន','គ្មាន','បាវិត','ស្វាយរៀង',''),(201,'បង សាន់','ស្រី','តាពៅ','បាវិត','បាវិត','ស្វាយរៀង',''),(202,'ប្អូន តុល','ស្រី','តាពៅ','បាវិត','បាវិត','ស្វាយរៀង',''),(203,'ក្មួយ វណ្ណា','ប្រុស','គ្មាន','បាវិត','បាវិត','ស្វាយរៀង',''),(204,'ក្មួយ លក្ខិណា','ស្រី','តាពៅ','បាវិត','បាវិត','ស្វាយរៀង',''),(205,'ក្មួយ ជា','ប្រុស','តាពៅ','បាវិត','បាវិត','ស្វាយរៀង',''),(206,'ក្មួយ ឈាង','ប្រុស','តាពៅ','បាវិត','បាវិត','ស្វាយរៀង',''),(207,'ប្អូន ទាវ','ស្រី','តាពៅ','បាវិត','បាវិត','ស្វាយរៀង','ប្រឡាយ'),(208,'បង នី','គ្មាន','គ្មាន','គ្មាន','បាវិត','ស្វាយរៀង',''),(209,'B.DET','គ្មាន','គ្មាន','គ្មាន','បាវិត','ស្វាយរៀង','Casino'),(210,'Kong Luong','គ្មាន','គ្មាន','គ្មាន','បាវិត','ស្វាយរៀង','Casino'),(211,'បង ស្រី','ស្រី','គ្មាន','គ្មាន','គ្មាន','ស្វាយរៀង','ជីភូ រោងចក្រ'),(212,'ក្មួយ ផល','ប្រុស','តាពៅ','បាវិត','បាវិត','ស្វាយរៀង',''),(213,'ក្មួយ ថិន','ប្រុស','គ្មាន','បាវិត','បាវិត','ស្វាយរៀង',''),(214,'ពូ សោន','ប្រុស','គ្មាន','បាវិត','បាវិត','ស្វាយរៀង',''),(215,'ប្អូន ភី','ប្រុស','ប្រាសាទ','ប្រាសាទ','បាវិត','ស្វាយរៀង',''),(216,'ក្មួយ លាវ','ប្រុស','តាពៅ','បាវិត','បាវិត','ស្វាយរៀង','ប្រឡាយ'),(217,'ប្អូន បាត់','ប្រុស','តាពៅ','បាវិត','បាវិត','ស្វាយរៀង','ប្រឡាយ'),(218,'ប្អូន នី','គ្មាន','គ្មាន','គ្មាន','បាវិត','ស្វាយរៀង',''),(219,'ពូ រុន','ប្រុស','គ្មាន','គ្មាន','គ្មាន','ស្វាយរៀង','រោងចក្រ'),(220,'ប្អូន សារី','គ្មាន','គ្មាន','គ្មាន','គ្មាន','ស្វាយរៀង',''),(221,'បង សំអ៊ែល','ប្រុស','តាពៅ','បាវិត','បាវិត','ស្វាយរៀង',''),(222,'ក្មួយ អាង','ប្រុស','តាពៅ','បាវិត','បាវិត','ស្វាយរៀង',''),(223,'ប្អូន រ៉ា','ប្រុស','គ្មាន','បាវិត','បាវិត','ស្វាយរៀង',''),(224,'សម្លាញ់ ប៉ា','ប្រុស','គ្មាន','បាវិត','បាវិត','ស្វាយរៀង',''),(225,'ប្អូន យ៉ុង','គ្មាន','គ្មាន','គ្មាន','បាវិត','ស្វាយរៀង',''),(226,'ប្អូន ប៉េង','ប្រុស','តាពៅ','បាវិត','បាវិត','ស្វាយរៀង',''),(227,'ប្អូន លី','គ្មាន','គ្មាន','គ្មាន','បាវិត','ស្វាយរៀង',''),(228,'ព្រំ ស៊ីថៃ','ប្រុស','បាវិតលើ','បាវិត','បាវិត','ស្វាយរៀង',''),(229,'ប្អូន រតនៈ','ប្រុស','គ្មាន','គ្មាន','បាវិត','ស្វាយរៀង',''),(230,'ប្អូន គួ','ប្រុស','តាពៅ','បាវិត','បាវិត','ស្វាយរៀង',''),(231,'ក្មួយ ម៉ៅ','ប្រុស','គ្មាន','គ្មាន','បាវិត','ស្វាយរៀង',''),(232,'ក្មួយ វិន','ប្រុស','តាពៅ','បាវិត','បាវិត','ស្វាយរៀង',''),(233,'បង ណាង','ប្រុស','គ្មាន','បាវិត','បាវិត','ស្វាយរៀង',''),(234,'បង ភាព','ប្រុស','គ្មាន','គ្មាន','បាវិត','ស្វាយរៀង',''),(235,'ប្អូន ង៉ុក','ប្រុស','តាពៅ','បាវិត','បាវិត','ស្វាយរៀង',''),(236,'បង យឿង','ប្រុស','តាពៅ','បាវិត','បាវិត','ស្វាយរៀង',''),(237,'ប្អូន ហ៊ីង','ប្រុស','តាពៅ','បាវិត','បាវិត','ស្វាយរៀង',''),(238,'ក្មួយ ចន្ទ','ស្រី','តាពៅ','បាវិត','បាវិត','ស្វាយរៀង','ប្រឡាយ'),(239,'បង អូន','ប្រុស','តាពៅ','បាវិត','បាវិត','ស្វាយរៀង',''),(240,'លោកគ្រូ សុខ','ប្រុស','តាពៅ','បាវិត','បាវិត','ស្វាយរៀង',''),(241,'ប្អូន ទិត្យ','ប្រុស','គ្មាន','បាវិត','បាវិត','ស្វាយរៀង',''),(242,'ក្មួយ ចំរើន','ប្រុស','តាពៅ','បាវិត','បាវិត','ស្វាយរៀង',''),(243,'បង ដុន','ប្រុស','គ្មាន','បាវិត','បាវិត','ស្វាយរៀង',''),(244,'ប្អូន ពុធ','ប្រុស','ច្រកលាវ','បាវិត','បាវិត','ស្វាយរៀង',''),(245,'ប្អូន បឿន','ប្រុស','គ្មាន','បាវិត','បាវិត','ស្វាយរៀង',''),(246,'ក្មួយ ភាព','ប្រុស','ចុងសំរិត','បាទី','បាវិត','ស្វាយរៀង',''),(247,'ប្អូន ម៉ុក','ប្រុស','តាពៅ','បាវិត','បាវិត','ស្វាយរៀង',''),(248,'ប្អូន សួរ','ប្រុស','តាពៅ','បាវិត','បាវិត','ស្វាយរៀង',''),(249,'ក្មួយ ចាំ','ប្រុស','គ្មាន','បាវិត','បាវិត','ស្វាយរៀង',''),(250,'ក្មួយ ច្រឹប','ស្រី','តាពៅ','បាវិត','បាវិត','ស្វាយរៀង',''),(251,'សម្លាញ់ លាម','ប្រុស','តាពៅ','បាវិត','បាវិត','ស្វាយរៀង',''),(252,'បង ថា','ប្រុស','ចុងសំរិត','បាវិត','បាវិត','ស្វាយរៀង',''),(253,'ក្មួយ ពុធ','ប្រុស','តាពៅ','បាវិត','បាវិត','ស្វាយរៀង',''),(254,'ក្មួយ រម្យ','ប្រុស','តាពៅ','បាវិត','បាវិត','ស្វាយរៀង',''),(255,'ប្អូន អូន','ប្រុស','គ្មាន','បាវិត','បាវិត','ស្វាយរៀង',''),(256,'តាគុយទាវ','ប្រុស','ច្រកលាវ','បាវិត','បាវិត','ស្វាយរៀង',''),(257,'ក្មួយ ថា','ប្រុស','គ្មាន','បាវិត','បាវិត','ស្វាយរៀង',''),(258,'ប្អូន អ៊ូង','ប្រុស','ចុងសំរិត','បាទី','បាវិត','ស្វាយរៀង',''),(259,'ប្អូន ស៊ីង','ប្រុស','តាពៅ','បាវិត','បាវិត','ស្វាយរៀង',''),(260,'ប្អូន ប៉ាត់','គ្មាន','គ្មាន','បាវិត','បាវិត','ស្វាយរៀង',''),(261,'លោកពូ សាខុន','ប្រុស','តាពៅ','បាវិត','បាវិត','ស្វាយរៀង',''),(262,'ក្មួយ ផ្លយ','ប្រុស','តាពៅ','បាវិត','បាវិត','ស្វាយរៀង',''),(263,'ក្មួយ នី','គ្មាន','គ្មាន','បាវិត','បាវិត','ស្វាយរៀង',''),(264,'ក្មួយ សុខា','ស្រី','បាវិតលើ','បាវិត','បាវិត','ស្វាយរៀង','ជុង(ចំណាន)'),(265,'បង ខន','ប្រុស','គ្មាន','បាវិត','បាវិត','ស្វាយរៀង',''),(266,'ក្មួយ រត្ន័','ស្រី','តាពៅ','បាវិត','បាវិត','ស្វាយរៀង','ប្អូន បងបូ'),(267,'ក្មួយ ធី','ប្រុស','តាពៅ','បាវិត','បាវិត','ស្វាយរៀង',''),(268,'Bong Mom','ស្រី','គ្មាន','បាវិត','បាវិត','ស្វាយរៀង','Casino'),(269,'MDM DANY','ស្រី','គ្មាន','បាវិត','បាវិត','ស្វាយរៀង','Casino'),(270,'ក្មួយ រើន','ប្រុស','តាពៅ','បាវិត','បាវិត','ស្វាយរៀង','ឪអាប្រុស'),(271,'បង ដៀវ','គ្មាន','គ្មាន','បាវិត','បាវិត','ស្វាយរៀង',''),(272,'ប្អូន ង៉ូង','ស្រី','តាពៅ','បាវិត','បាវិត','ស្វាយរៀង',''),(273,'បង រ៉េន','គ្មាន','គ្មាន','បាវិត','បាវិត','ស្វាយរៀង',''),(274,'បង យឿង','ប្រុស','តាពៅ','បាវិត','បាវិត','ស្វាយរៀង','ប្រឡាយ'),(275,'ក្មួយ ញ៉ាញ់','ប្រុស','តាពៅ','បាវិត','បាវិត','ស្វាយរៀង',''),(276,'ក្មួយ ញ៉ុញ','ប្រុស','តាពៅ','បាវិត','បាវិត','ស្វាយរៀង',''),(277,'ប្អូន ចំរើន','ប្រុស','គ្មាន','បាវិត','បាវិត','ស្វាយរៀង',''),(278,'ប្អូន រតនៈ','ប្រុស','គ្មាន','បាវិត','បាវិត','ស្វាយរៀង',''),(279,'ក្មួយ ចិត្ត','ប្រុស','តាពៅ','បាវិត','បាវិត','ស្វាយរៀង','ប្រឡាយ'),(280,'ក្មួយ ម៉ី','ស្រី','គ្មាន','បាវិត','បាវិត','ស្វាយរៀង',''),(281,'ក្មួយ រឿង','ប្រុស','តាពៅ','បាវិត','បាវិត','ស្វាយរៀង',''),(282,'ក្មួយ ធី','ប្រុស','គ្មាន','បាវិត','បាវិត','ស្វាយរៀង','KH'),(283,'ប្អូន បូណា','ប្រុស','បាវិតលើ','បាវិត','បាវិត','ស្វាយរៀង',''),(284,'សម្លាញ់ វី','ស្រី','គ្មាន','គ្មាន','គ្មាន','ស្វាយរៀង',''),(285,'ប្អូន ទិត្យ','ប្រុស','តាពៅ','បាវិត','បាវិត','ស្វាយរៀង','ប្អូន មីងវី'),(286,'ផារិន','ប្រុស','គ្មាន','គ្មាន','គ្មាន','ស្វាយរៀង','Qc រោងចក្រ'),(287,'ប្អូន ផល្លី','ប្រុស','តាពៅ','បាវិត','បាវិត','ស្វាយរៀង','ប្រឡាយ'),(288,'ក្មួយ រី','ប្រុស','តាពៅ','បាវិត','បាវិត','ស្វាយរៀង',''),(289,'ប្អូន ទី','ប្រុស','តាពៅ','បាវិត','បាវិត','ស្វាយរៀង','ប៉ាអាអេ'),(290,'A Thai','ប្រុស','គ្មាន','បាវិត','បាវិត','ស្វាយរៀង','Casino'),(291,'ក្មួយ អុក','ប្រុស','តាពៅ','បាវិត','បាវិត','ស្វាយរៀង','ប្រឡាយ'),(292,'ប្អូន រ៉ា','ប្រុស','តាពៅ','បាវិត','បាវិត','ស្វាយរៀង','តូច'),(293,'ក្មួយ ខន','គ្មាន','គ្មាន','បាវិត','បាវិត','ស្វាយរៀង',''),(294,'សម្លាញ់ ឆេងអាន','ប្រុស','គ្មាន','បាវិត','បាវិត','ស្វាយរៀង','Casino'),(295,'ក្មួយ ទូច','ស្រី','តាពៅ','បាវិត','បាវិត','ស្វាយរៀង',''),(296,'ក្មួយ នី','ប្រុស','តាពៅ','បាវិត','បាវិត','ស្វាយរៀង','កូនតាគិ'),(297,'ប្អូន បារាំង','ប្រុស','គ្មាន','បាវិត','បាវិត','ស្វាយរៀង',''),(298,'សម្លាញ់ ស្រី','ស្រី','គ្មាន','បាវិត','បាវិត','ស្វាយរៀង',''),(299,'ប្អូន ប្រិច','ប្រុស','តាពៅ','បាវិត','បាវិត','ស្វាយរៀង',''),(300,'ប្អូន រុន','ប្រុស','តាពៅ','បាវិត','បាវិត','ស្វាយរៀង',''),(301,'ChinV','គ្មាន','គ្មាន','បាវិត','បាវិត','ស្វាយរៀង',''),(302,'ប្អូន ខាន','ប្រុស','គ្មាន','បាវិត','បាវិត','ស្វាយរៀង',''),(303,'ភឿង ឃាង','ប្រុស','បាវិតលើ','បាវិត','បាវិត','ស្វាយរៀង',''),(304,'ជា សុវណ្ណារ៉ូ','ប្រុស','តាបិប','បាវិត','បាវិត','ស្វាយរៀង','មិត្តភិក្ភិដា'),(305,'សុខ ធារីស','ស្រី','បាវិតលើ','បាវិត','បាវិត','ស្វាយរៀង','មិត្តភិក្តដា'),(306,'Mr. Thy','ប្រុស','គ្មាន','បាវិត','បាវិត','ស្វាយរៀង',''),(307,'បង សាអ៊ាន','ប្រុស','គ្មាន','បាវិត','បាវិត','ស្វាយរៀង',''),(308,'ពូ ជ័យ','ប្រុស','គ្មាន','គ្មាន','គ្មាន','ស្វាយរៀង','រោងចក្រ'),(309,'ក្មួយ សួរ','ប្រុស','តាពៅ','បាវិត','បាវិត','ស្វាយរៀង','ប្រឡាយ'),(310,'ពូ ស្រស់','ប្រុស','គ្មាន','គ្មាន','គ្មាន','ស្វាយរៀង','រោងចក្រ'),(311,'ពូ គ្រី','ប្រុស','តាពៅ','បាវិត','បាវិត','ស្វាយរៀង',''),(312,'បង នៅ','ប្រុស','គ្មាន','បាវិត','បាវិត','ស្វាយរៀង',''),(313,'ក្មួយ ពៅ','ប្រុស','តាពៅ','បាវិត','បាវិត','ស្វាយរៀង','ជិតវត្តតាពៅ'),(314,'បង ថៅ','ប្រុស','តាពៅ','បាវិត','បាវិត','ស្វាយរៀង','តានំប័ុង'),(315,'ក្មួយ វី','ស្រី','ចុងសំរិត','បាទី','បាវិត','ស្វាយរៀង',''),(316,'ក្មួយ ដាក','ប្រុស','តាពៅ','បាវិត','បាវិត','ស្វាយរៀង','ប្រឡាយ'),(317,'មីង ធី','ស្រី','តាពៅ','បាវិត','បាវិត','ស្វាយរៀង','លក់អីវ៉ាន់'),(318,'ប្អូន លី,ណែម','គ្មាន','គ្មាន','បាវិត','បាវិត','ស្វាយរៀង',''),(319,'យឹង,វ៉ាន់','គ្មាន','ចុងសំរិត','បាទី','បាវិត','ស្វាយរៀង',''),(320,'តាចាន់,យីន','គ្មាន','ចុងសំរិត','បាទី','បាវិត','ស្វាយរៀង',''),(321,'ប្អូន ឡុង','ប្រុស','តាពៅ','បាវិត','បាវិត','ស្វាយរៀង',''),(322,'នួន ស្រីល្ខ័ក','ស្រី','គ្មាន','បាវិត','បាវិត','ស្វាយរៀង',''),(323,'ប្អូន ទី','ប្រុស','ចុងសំរិត','បាទី','បាវិត','ស្វាយរៀង',''),(324,'ប្អូន សរ','ស្រី','គ្មាន','បាវិត','បាវិត','ស្វាយរៀង',''),(325,'បង កុញ','ប្រុស','ច្រកលាវ','បាវិត','បាវិត','ស្វាយរៀង',''),(326,'អ៊ំុខា','ស្រី','តាពៅ','បាវិត','បាវិត','ស្វាយរៀង','ម៉ែបងវ៉េត'),(327,'ប្អូន តុក ង៉ែត','ស្រី','តាពៅ','បាវិត','បាវិត','ស្វាយរៀង','ប្រឡាយ'),(328,'ក្មួយ អាត','ប្រុស','គ្មាន','គ្មាន','បាវិត','ស្វាយរៀង','ព្រៃផ្ដៅ'),(329,'ក្មួយ ឌិន','ប្រុស','គ្មាន','បាវិត','បាវិត','ស្វាយរៀង',''),(330,'អ៊ំ ផុន','ប្រុស','គ្មាន','បាវិត','បាវិត','ស្វាយរៀង',''),(331,'ក្មួយ នួន','ស្រី','តាពៅ','បាវិត','បាវិត','ស្វាយរៀង',''),(332,'បង យ៉ា,ភ័ក','គ្មាន','គ្មាន','បាវិត','បាវិត','ស្វាយរៀង',''),(333,'ម៉ែអាគន្នី','ស្រី','តាពៅ','បាវិត','បាវិត','ស្វាយរៀង','ទូលអាង'),(334,'បង ណាង','ស្រី','តាពៅ','បាវិត','បាវិត','ស្វាយរៀង','ម៉ែអាដង'),(335,'ប្អូន យើយ','ប្រុស','តាពៅ','បាវិត','បាវិត','ស្វាយរៀង',''),(336,'ពូ យ៉ែត','ប្រុស','គ្មាន','បាវិត','បាវិត','ស្វាយរៀង',''),(337,'ក្មួយ នៅ','ប្រុស','តាពៅ','បាវិត','បាវិត','ស្វាយរៀង','តាគនីន'),(338,'ក្មួយ សីហា','ប្រុស','តាពៅ','បាវិត','បាវិត','ស្វាយរៀង','ប្រឡាយ'),(339,'បង សេរី','ប្រុស','បាវិតកណ្ដាល','បាវិត','បាវិត','ស្វាយរៀង','Casino'),(340,'ឡែ','គ្មាន','គ្មាន','គ្មាន','គ្មាន','ស្វាយរៀង','រោងចក្រ'),(341,'បង មី','ប្រុស','គ្មាន','គ្មាន','គ្មាន','ស្វាយរៀង',''),(342,'បង យាង','ប្រុស','គ្មាន','គ្មាន','គ្មាន','ស្វាយរៀង',''),(343,'ក្មួយ រដ្ឋា','គ្មាន','គ្មាន','គ្មាន','គ្មាន','ស្វាយរៀង',''),(344,'បង មេសា','គ្មាន','គ្មាន','គ្មាន','គ្មាន','ស្វាយរៀង',''),(345,'ក្មួយ រី','គ្មាន','គ្មាន','គ្មាន','គ្មាន','ស្វាយរៀង',''),(346,'ក្មួយ ចក់','ប្រុស','តាពៅ','បាវិត','បាវិត','ស្វាយរៀង','ធ្វើម៉ូតូ'),(347,'សម្លាញ់ គារ','ប្រុស','តាពៅ','បាវិត','បាវិត','ស្វាយរៀង',''),(348,'Mr.Eng Chad','ប្រុស','បាវិតកណ្ដាល','បាវិត','បាវិត','ស្វាយរៀង','Casino'),(349,'ក្មួយ មំុ','ស្រី','គ្មាន','បាវិត','បាវិត','ស្វាយរៀង',''),(350,'ប្អូន ពេទ្យតុល','ប្រុស','តាពៅ','បាវិត','បាវិត','ស្វាយរៀង','ប្រឡាយ'),(351,'ពូ ច័ន្ទ','ប្រុស','គ្មាន','គ្មាន','គ្មាន','ស្វាយរៀង','ចម្ការលាវ'),(352,'យាយ ឃ្លោក','ស្រី','ច្រកលាវ','បាវិត','បាវិត','ស្វាយរៀង',''),(353,'ម៉ែអាដែ','ស្រី','ចុងសំរិត','បាទី','បាវិត','ស្វាយរៀង',''),(354,'ប្អូន ភាព','ប្រុស','តាពៅ','បាវិត','បាវិត','ស្វាយរៀង','ទូលអាង'),(355,'កូនវី','ប្រុស','តាពៅ','បាវិត','បាវិត','ស្វាយរៀង','Casino'),(356,'ប្អូន និត','ប្រុស','តាពៅ','បាវិត','បាវិត','ស្វាយរៀង',''),(357,'ប្អូន ខា','ស្រី','តាពៅ','បាវិត','បាវិត','ស្វាយរៀង','លក់នំ'),(358,'ក្មួយ នី','ប្រុស','តាពៅ','បាវិត','បាវិត','ស្វាយរៀង',''),(359,'មីង ប៉ីន','ស្រី','គ្មាន','គ្មាន','គ្មាន','ស្វាយរៀង',''),(360,'បង គង់','ប្រុស','បាវិតលើ','បាវិត','បាវិត','ស្វាយរៀង',''),(361,'អ៊ំរ៉ា','ស្រី','ច្រកលាវ','បាវិត','បាវិត','ស្វាយរៀង',''),(362,'ប្អូន តុកង៉ែត','ស្រី','តាពៅ','បាវិត','បាវិត','ស្វាយរៀង','កូនយាយជី'),(363,'ក្មួយ សុខ','ប្រុស','គ្មាន','បាវិត','បាវិត','ស្វាយរៀង','កូនយាយហយ'),(364,'ប្អូន លោន','ប្រុស','គ្មាន','បាវិត','បាវិត','ស្វាយរៀង',''),(365,'ប្អូន ធី','ស្រី','ចុងសំរិត','បាទី','បាវិត','ស្វាយរៀង',''),(366,'ក្មួយ ធួ','គ្មាន','ចុងសំរិត','បាទី','បាវិត','ស្វាយរៀង','');
/*!40000 ALTER TABLE `tblguest` ENABLE KEYS */;
UNLOCK TABLES;

--
-- Table structure for table `tblguestdetail`
--

DROP TABLE IF EXISTS `tblguestdetail`;
/*!40101 SET @saved_cs_client     = @@character_set_client */;
/*!50503 SET character_set_client = utf8mb4 */;
CREATE TABLE `tblguestdetail` (
  `guestDetailId` int unsigned NOT NULL AUTO_INCREMENT,
  `id` int unsigned DEFAULT NULL,
  `reil` decimal(10,2) unsigned DEFAULT '0.00',
  `dollar` decimal(10,2) unsigned DEFAULT '0.00',
  `dong` decimal(10,2) unsigned DEFAULT '0.00',
  `date` date DEFAULT NULL,
  PRIMARY KEY (`guestDetailId`) USING BTREE,
  KEY `id` (`id`) USING BTREE,
  CONSTRAINT `tblguestdetail_ibfk_1` FOREIGN KEY (`id`) REFERENCES `tblguest` (`id`) ON DELETE CASCADE ON UPDATE CASCADE
) ENGINE=InnoDB AUTO_INCREMENT=12 DEFAULT CHARSET=utf8mb4 COLLATE=utf8mb4_0900_ai_ci ROW_FORMAT=DYNAMIC;
/*!40101 SET character_set_client = @saved_cs_client */;

--
-- Dumping data for table `tblguestdetail`
--

LOCK TABLES `tblguestdetail` WRITE;
/*!40000 ALTER TABLE `tblguestdetail` DISABLE KEYS */;
INSERT INTO `tblguestdetail` VALUES (1,142,0.00,0.00,250000.00,'2019-05-16'),(2,303,0.00,0.00,300000.00,'2019-11-27'),(3,171,0.00,0.00,250000.00,'2019-05-18'),(4,304,0.00,0.00,300000.00,'2020-01-10'),(5,305,0.00,0.00,300000.00,'2019-03-10'),(8,283,0.00,0.00,400000.00,'2021-09-11'),(9,222,0.00,0.00,300000.00,'2020-10-10'),(10,264,0.00,0.00,500000.00,'2019-04-01'),(11,247,0.00,0.00,400000.00,'2020-10-26');
/*!40000 ALTER TABLE `tblguestdetail` ENABLE KEYS */;
UNLOCK TABLES;

--
-- Temporary view structure for view `viewDetail`
--

DROP TABLE IF EXISTS `viewDetail`;
/*!50001 DROP VIEW IF EXISTS `viewDetail`*/;
SET @saved_cs_client     = @@character_set_client;
/*!50503 SET character_set_client = utf8mb4 */;
/*!50001 CREATE VIEW `viewDetail` AS SELECT 
 1 AS `id`,
 1 AS `name`,
 1 AS `gender`,
 1 AS `village`,
 1 AS `reil`,
 1 AS `dollar`,
 1 AS `dong`,
 1 AS `date`,
 1 AS `fid`,
 1 AS `other`*/;
SET character_set_client = @saved_cs_client;

--
-- Temporary view structure for view `viewReturnMoney`
--

DROP TABLE IF EXISTS `viewReturnMoney`;
/*!50001 DROP VIEW IF EXISTS `viewReturnMoney`*/;
SET @saved_cs_client     = @@character_set_client;
/*!50503 SET character_set_client = utf8mb4 */;
/*!50001 CREATE VIEW `viewReturnMoney` AS SELECT 
 1 AS `id`,
 1 AS `name`,
 1 AS `gender`,
 1 AS `village`,
 1 AS `reil`,
 1 AS `dollar`,
 1 AS `dong`,
 1 AS `date`,
 1 AS `other`*/;
SET character_set_client = @saved_cs_client;

--
-- Temporary view structure for view `viewfamilydetail`
--

DROP TABLE IF EXISTS `viewfamilydetail`;
/*!50001 DROP VIEW IF EXISTS `viewfamilydetail`*/;
SET @saved_cs_client     = @@character_set_client;
/*!50503 SET character_set_client = utf8mb4 */;
/*!50001 CREATE VIEW `viewfamilydetail` AS SELECT 
 1 AS `id`,
 1 AS `name`,
 1 AS `village`,
 1 AS `comminue`,
 1 AS `reil`,
 1 AS `dollar`,
 1 AS `dong`,
 1 AS `date`*/;
SET character_set_client = @saved_cs_client;

--
-- Dumping routines for database 'myhome'
--
/*!50003 DROP PROCEDURE IF EXISTS `deleteTbleguest` */;
/*!50003 SET @saved_cs_client      = @@character_set_client */ ;
/*!50003 SET @saved_cs_results     = @@character_set_results */ ;
/*!50003 SET @saved_col_connection = @@collation_connection */ ;
/*!50003 SET character_set_client  = utf8mb4 */ ;
/*!50003 SET character_set_results = utf8mb4 */ ;
/*!50003 SET collation_connection  = utf8mb4_0900_ai_ci */ ;
/*!50003 SET @saved_sql_mode       = @@sql_mode */ ;
/*!50003 SET sql_mode              = 'ONLY_FULL_GROUP_BY,STRICT_TRANS_TABLES,NO_ZERO_IN_DATE,NO_ZERO_DATE,ERROR_FOR_DIVISION_BY_ZERO,NO_ENGINE_SUBSTITUTION' */ ;
DELIMITER ;;
CREATE DEFINER=`root`@`localhost` PROCEDURE `deleteTbleguest`(in id int)
BEGIN
	delete from myhome.tblguest g where g.id =  id;
END ;;
DELIMITER ;
/*!50003 SET sql_mode              = @saved_sql_mode */ ;
/*!50003 SET character_set_client  = @saved_cs_client */ ;
/*!50003 SET character_set_results = @saved_cs_results */ ;
/*!50003 SET collation_connection  = @saved_col_connection */ ;
/*!50003 DROP PROCEDURE IF EXISTS `getTblguest` */;
/*!50003 SET @saved_cs_client      = @@character_set_client */ ;
/*!50003 SET @saved_cs_results     = @@character_set_results */ ;
/*!50003 SET @saved_col_connection = @@collation_connection */ ;
/*!50003 SET character_set_client  = utf8mb4 */ ;
/*!50003 SET character_set_results = utf8mb4 */ ;
/*!50003 SET collation_connection  = utf8mb4_0900_ai_ci */ ;
/*!50003 SET @saved_sql_mode       = @@sql_mode */ ;
/*!50003 SET sql_mode              = 'ONLY_FULL_GROUP_BY,STRICT_TRANS_TABLES,NO_ZERO_IN_DATE,NO_ZERO_DATE,ERROR_FOR_DIVISION_BY_ZERO,NO_ENGINE_SUBSTITUTION' */ ;
DELIMITER ;;
CREATE DEFINER=`root`@`localhost` PROCEDURE `getTblguest`()
BEGIN
	select * from myhome.tblguest;
END ;;
DELIMITER ;
/*!50003 SET sql_mode              = @saved_sql_mode */ ;
/*!50003 SET character_set_client  = @saved_cs_client */ ;
/*!50003 SET character_set_results = @saved_cs_results */ ;
/*!50003 SET collation_connection  = @saved_col_connection */ ;
/*!50003 DROP PROCEDURE IF EXISTS `insertTblguest` */;
/*!50003 SET @saved_cs_client      = @@character_set_client */ ;
/*!50003 SET @saved_cs_results     = @@character_set_results */ ;
/*!50003 SET @saved_col_connection = @@collation_connection */ ;
/*!50003 SET character_set_client  = utf8mb4 */ ;
/*!50003 SET character_set_results = utf8mb4 */ ;
/*!50003 SET collation_connection  = utf8mb4_0900_ai_ci */ ;
/*!50003 SET @saved_sql_mode       = @@sql_mode */ ;
/*!50003 SET sql_mode              = 'ONLY_FULL_GROUP_BY,STRICT_TRANS_TABLES,NO_ZERO_IN_DATE,NO_ZERO_DATE,ERROR_FOR_DIVISION_BY_ZERO,NO_ENGINE_SUBSTITUTION' */ ;
DELIMITER ;;
CREATE DEFINER=`root`@`localhost` PROCEDURE `insertTblguest`(in id int,in `name` varchar (40),in gender varchar(6),in village varchar(20),
in comminue varchar(20), in city varchar(20),in province varchar(20),in other varchar(100)
)
BEGIN
	insert into myhome.tblguest values(id,`name`,gender,village,comminue,city,province,other);
END ;;
DELIMITER ;
/*!50003 SET sql_mode              = @saved_sql_mode */ ;
/*!50003 SET character_set_client  = @saved_cs_client */ ;
/*!50003 SET character_set_results = @saved_cs_results */ ;
/*!50003 SET collation_connection  = @saved_col_connection */ ;
/*!50003 DROP PROCEDURE IF EXISTS `updateTblguest` */;
/*!50003 SET @saved_cs_client      = @@character_set_client */ ;
/*!50003 SET @saved_cs_results     = @@character_set_results */ ;
/*!50003 SET @saved_col_connection = @@collation_connection */ ;
/*!50003 SET character_set_client  = utf8mb4 */ ;
/*!50003 SET character_set_results = utf8mb4 */ ;
/*!50003 SET collation_connection  = utf8mb4_0900_ai_ci */ ;
/*!50003 SET @saved_sql_mode       = @@sql_mode */ ;
/*!50003 SET sql_mode              = 'ONLY_FULL_GROUP_BY,STRICT_TRANS_TABLES,NO_ZERO_IN_DATE,NO_ZERO_DATE,ERROR_FOR_DIVISION_BY_ZERO,NO_ENGINE_SUBSTITUTION' */ ;
DELIMITER ;;
CREATE DEFINER=`root`@`localhost` PROCEDURE `updateTblguest`(in id int,in `name` varchar (40),in gender varchar(6),in village varchar(20),
in comminue varchar(20), in city varchar(20),in province varchar(20),in other varchar(100))
BEGIN
	update  myhome.tblguest  g set g.`name` = `name` , g.gender = gender, g.village = vallage, g.comminue = comminue,g.city = city,
    g.province = province,g.other = other where g.id = id;
END ;;
DELIMITER ;
/*!50003 SET sql_mode              = @saved_sql_mode */ ;
/*!50003 SET character_set_client  = @saved_cs_client */ ;
/*!50003 SET character_set_results = @saved_cs_results */ ;
/*!50003 SET collation_connection  = @saved_col_connection */ ;
/*!50003 DROP PROCEDURE IF EXISTS `viewGuestDetail` */;
/*!50003 SET @saved_cs_client      = @@character_set_client */ ;
/*!50003 SET @saved_cs_results     = @@character_set_results */ ;
/*!50003 SET @saved_col_connection = @@collation_connection */ ;
/*!50003 SET character_set_client  = utf8mb4 */ ;
/*!50003 SET character_set_results = utf8mb4 */ ;
/*!50003 SET collation_connection  = utf8mb4_0900_ai_ci */ ;
/*!50003 SET @saved_sql_mode       = @@sql_mode */ ;
/*!50003 SET sql_mode              = 'ONLY_FULL_GROUP_BY,STRICT_TRANS_TABLES,NO_ZERO_IN_DATE,NO_ZERO_DATE,ERROR_FOR_DIVISION_BY_ZERO,NO_ENGINE_SUBSTITUTION' */ ;
DELIMITER ;;
CREATE DEFINER=`root`@`localhost` PROCEDURE `viewGuestDetail`()
BEGIN
	select g.id,g.name,g.gender,g.village,reil,dollar,dong,d.date,f.id,other
	from myhome.tblguest g inner join(myhome.tbldetail d inner join myhome.tblfamily f on f.id = d.familyId) on g.id = d.guestId;
END ;;
DELIMITER ;
/*!50003 SET sql_mode              = @saved_sql_mode */ ;
/*!50003 SET character_set_client  = @saved_cs_client */ ;
/*!50003 SET character_set_results = @saved_cs_results */ ;
/*!50003 SET collation_connection  = @saved_col_connection */ ;
/*!50003 DROP PROCEDURE IF EXISTS `viewGuestDetailById` */;
/*!50003 SET @saved_cs_client      = @@character_set_client */ ;
/*!50003 SET @saved_cs_results     = @@character_set_results */ ;
/*!50003 SET @saved_col_connection = @@collation_connection */ ;
/*!50003 SET character_set_client  = utf8mb4 */ ;
/*!50003 SET character_set_results = utf8mb4 */ ;
/*!50003 SET collation_connection  = utf8mb4_0900_ai_ci */ ;
/*!50003 SET @saved_sql_mode       = @@sql_mode */ ;
/*!50003 SET sql_mode              = 'ONLY_FULL_GROUP_BY,STRICT_TRANS_TABLES,NO_ZERO_IN_DATE,NO_ZERO_DATE,ERROR_FOR_DIVISION_BY_ZERO,NO_ENGINE_SUBSTITUTION' */ ;
DELIMITER ;;
CREATE DEFINER=`root`@`localhost` PROCEDURE `viewGuestDetailById`(in id int)
BEGIN
	select g.id,g.name,g.gender,g.village,reil,dollar,dong,d.date,f.id,other
	from myhome.tblguest g inner join(myhome.tbldetail d inner join myhome.tblfamily f on f.id = d.familyId) on g.id = d.guestId
	where f.id = id;
END ;;
DELIMITER ;
/*!50003 SET sql_mode              = @saved_sql_mode */ ;
/*!50003 SET character_set_client  = @saved_cs_client */ ;
/*!50003 SET character_set_results = @saved_cs_results */ ;
/*!50003 SET collation_connection  = @saved_col_connection */ ;
/*!50003 DROP PROCEDURE IF EXISTS `viewGuestDetailByVillage` */;
/*!50003 SET @saved_cs_client      = @@character_set_client */ ;
/*!50003 SET @saved_cs_results     = @@character_set_results */ ;
/*!50003 SET @saved_col_connection = @@collation_connection */ ;
/*!50003 SET character_set_client  = utf8mb4 */ ;
/*!50003 SET character_set_results = utf8mb4 */ ;
/*!50003 SET collation_connection  = utf8mb4_0900_ai_ci */ ;
/*!50003 SET @saved_sql_mode       = @@sql_mode */ ;
/*!50003 SET sql_mode              = 'ONLY_FULL_GROUP_BY,STRICT_TRANS_TABLES,NO_ZERO_IN_DATE,NO_ZERO_DATE,ERROR_FOR_DIVISION_BY_ZERO,NO_ENGINE_SUBSTITUTION' */ ;
DELIMITER ;;
CREATE DEFINER=`root`@`localhost` PROCEDURE `viewGuestDetailByVillage`(in village varchar(30))
BEGIN
	select g.id,g.name,g.gender,g.village,reil,dollar,dong,d.date,f.id,other
	from myhome.tblguest g inner join(myhome.tbldetail d inner join myhome.tblfamily f on f.id = d.familyId) on g.id = d.guestId 
    where g.village = village;
END ;;
DELIMITER ;
/*!50003 SET sql_mode              = @saved_sql_mode */ ;
/*!50003 SET character_set_client  = @saved_cs_client */ ;
/*!50003 SET character_set_results = @saved_cs_results */ ;
/*!50003 SET collation_connection  = @saved_col_connection */ ;

--
-- Final view structure for view `viewDetail`
--

/*!50001 DROP VIEW IF EXISTS `viewDetail`*/;
/*!50001 SET @saved_cs_client          = @@character_set_client */;
/*!50001 SET @saved_cs_results         = @@character_set_results */;
/*!50001 SET @saved_col_connection     = @@collation_connection */;
/*!50001 SET character_set_client      = utf8mb4 */;
/*!50001 SET character_set_results     = utf8mb4 */;
/*!50001 SET collation_connection      = utf8mb4_0900_ai_ci */;
/*!50001 CREATE ALGORITHM=UNDEFINED */
/*!50013 DEFINER=`root`@`localhost` SQL SECURITY DEFINER */
/*!50001 VIEW `viewDetail` AS select `g`.`id` AS `id`,`g`.`name` AS `name`,`g`.`gender` AS `gender`,`g`.`village` AS `village`,`d`.`reil` AS `reil`,`d`.`dollar` AS `dollar`,`d`.`dong` AS `dong`,`d`.`date` AS `date`,`f`.`id` AS `fid`,`g`.`other` AS `other` from (`tblguest` `g` join (`tbldetail` `d` join `tblfamily` `f` on((`f`.`id` = `d`.`familyId`))) on((`g`.`id` = `d`.`guestId`))) */;
/*!50001 SET character_set_client      = @saved_cs_client */;
/*!50001 SET character_set_results     = @saved_cs_results */;
/*!50001 SET collation_connection      = @saved_col_connection */;

--
-- Final view structure for view `viewReturnMoney`
--

/*!50001 DROP VIEW IF EXISTS `viewReturnMoney`*/;
/*!50001 SET @saved_cs_client          = @@character_set_client */;
/*!50001 SET @saved_cs_results         = @@character_set_results */;
/*!50001 SET @saved_col_connection     = @@collation_connection */;
/*!50001 SET character_set_client      = utf8mb4 */;
/*!50001 SET character_set_results     = utf8mb4 */;
/*!50001 SET collation_connection      = utf8mb4_0900_ai_ci */;
/*!50001 CREATE ALGORITHM=UNDEFINED */
/*!50013 DEFINER=`root`@`localhost` SQL SECURITY DEFINER */
/*!50001 VIEW `viewReturnMoney` AS select `g`.`id` AS `id`,`g`.`name` AS `name`,`g`.`gender` AS `gender`,`g`.`village` AS `village`,`d`.`reil` AS `reil`,`d`.`dollar` AS `dollar`,`d`.`dong` AS `dong`,`d`.`date` AS `date`,`g`.`other` AS `other` from (`tblguest` `g` join `tblguestdetail` `d` on((`g`.`id` = `d`.`id`))) */;
/*!50001 SET character_set_client      = @saved_cs_client */;
/*!50001 SET character_set_results     = @saved_cs_results */;
/*!50001 SET collation_connection      = @saved_col_connection */;

--
-- Final view structure for view `viewfamilydetail`
--

/*!50001 DROP VIEW IF EXISTS `viewfamilydetail`*/;
/*!50001 SET @saved_cs_client          = @@character_set_client */;
/*!50001 SET @saved_cs_results         = @@character_set_results */;
/*!50001 SET @saved_col_connection     = @@collation_connection */;
/*!50001 SET character_set_client      = utf8mb4 */;
/*!50001 SET character_set_results     = utf8mb4 */;
/*!50001 SET collation_connection      = utf8mb4_0900_ai_ci */;
/*!50001 CREATE ALGORITHM=UNDEFINED */
/*!50013 DEFINER=`root`@`localhost` SQL SECURITY DEFINER */
/*!50001 VIEW `viewfamilydetail` AS select `gd`.`id` AS `id`,`g`.`name` AS `name`,`g`.`village` AS `village`,`g`.`comminue` AS `comminue`,`gd`.`reil` AS `reil`,`gd`.`dollar` AS `dollar`,`gd`.`dong` AS `dong`,`gd`.`date` AS `date` from (`tblguestdetail` `gd` join `tblguest` `g` on((`g`.`id` = `gd`.`id`))) */;
/*!50001 SET character_set_client      = @saved_cs_client */;
/*!50001 SET character_set_results     = @saved_cs_results */;
/*!50001 SET collation_connection      = @saved_col_connection */;
/*!40103 SET TIME_ZONE=@OLD_TIME_ZONE */;

/*!40101 SET SQL_MODE=@OLD_SQL_MODE */;
/*!40014 SET FOREIGN_KEY_CHECKS=@OLD_FOREIGN_KEY_CHECKS */;
/*!40014 SET UNIQUE_CHECKS=@OLD_UNIQUE_CHECKS */;
/*!40101 SET CHARACTER_SET_CLIENT=@OLD_CHARACTER_SET_CLIENT */;
/*!40101 SET CHARACTER_SET_RESULTS=@OLD_CHARACTER_SET_RESULTS */;
/*!40101 SET COLLATION_CONNECTION=@OLD_COLLATION_CONNECTION */;
/*!40111 SET SQL_NOTES=@OLD_SQL_NOTES */;

-- Dump completed on 2021-09-21  9:40:54
