﻿--
-- Script was generated by Devart dbForge Studio for MySQL, Version 8.0.40.0
-- Product home page: http://www.devart.com/dbforge/mysql/studio
-- Script date 17/09/2019 13:15:17
-- Server version: 5.5.5-10.1.40-MariaDB
-- Client version: 4.1
--

-- 
-- Disable foreign keys
-- 
/*!40014 SET @OLD_FOREIGN_KEY_CHECKS=@@FOREIGN_KEY_CHECKS, FOREIGN_KEY_CHECKS=0 */;

-- 
-- Set SQL mode
-- 
/*!40101 SET @OLD_SQL_MODE=@@SQL_MODE, SQL_MODE='NO_AUTO_VALUE_ON_ZERO' */;

-- 
-- Set character set the client will use to send SQL statements to the server
--
SET NAMES 'utf8';

DROP DATABASE IF EXISTS ejemplo3u3;

CREATE DATABASE IF NOT EXISTS ejemplo3u3
CHARACTER SET latin1
COLLATE latin1_swedish_ci;

--
-- Set default database
--
USE ejemplo3u3;

--
-- Create table `triangulos`
--
CREATE TABLE IF NOT EXISTS triangulos (
  id int(11) NOT NULL,
  base int(11) NOT NULL,
  altura int(11) NOT NULL,
  lado2 int(11) NOT NULL,
  lado3 int(11) NOT NULL,
  area varchar(255) DEFAULT NULL,
  perimetro varchar(255) DEFAULT NULL,
  PRIMARY KEY (id)
)
ENGINE = INNODB,
AVG_ROW_LENGTH = 862,
CHARACTER SET latin1,
COLLATE latin1_swedish_ci;

--
-- Create index `altura_index` on table `triangulos`
--
ALTER TABLE triangulos
ADD INDEX altura_index (altura);

--
-- Create index `base_index` on table `triangulos`
--
ALTER TABLE triangulos
ADD INDEX base_index (base);

--
-- Create index `lado2_index` on table `triangulos`
--
ALTER TABLE triangulos
ADD INDEX lado2_index (lado2);

--
-- Create index `lado3_index` on table `triangulos`
--
ALTER TABLE triangulos
ADD INDEX lado3_index (lado3);

--
-- Create table `rectangulo`
--
CREATE TABLE IF NOT EXISTS rectangulo (
  id int(11) NOT NULL,
  lado1 int(11) NOT NULL,
  lado2 int(11) NOT NULL,
  area varchar(255) DEFAULT NULL,
  perimetro varchar(255) DEFAULT NULL,
  PRIMARY KEY (id)
)
ENGINE = INNODB,
AVG_ROW_LENGTH = 862,
CHARACTER SET latin1,
COLLATE latin1_swedish_ci;

--
-- Create index `lado1_index` on table `rectangulo`
--
ALTER TABLE rectangulo
ADD INDEX lado1_index (lado1);

--
-- Create index `lado2_index` on table `rectangulo`
--
ALTER TABLE rectangulo
ADD INDEX lado2_index (lado2);

--
-- Create table `grupos`
--
CREATE TABLE IF NOT EXISTS grupos (
  id int(11) NOT NULL,
  media varchar(255) DEFAULT NULL,
  max varchar(255) DEFAULT NULL,
  min varchar(255) DEFAULT NULL,
  PRIMARY KEY (id)
)
ENGINE = INNODB,
AVG_ROW_LENGTH = 8192,
CHARACTER SET latin1,
COLLATE latin1_swedish_ci;

--
-- Create table `cuadrados`
--
CREATE TABLE IF NOT EXISTS cuadrados (
  id int(11) NOT NULL,
  lado int(11) NOT NULL,
  area varchar(255) DEFAULT NULL,
  perimetro varchar(255) DEFAULT NULL,
  PRIMARY KEY (id)
)
ENGINE = INNODB,
AVG_ROW_LENGTH = 862,
CHARACTER SET latin1,
COLLATE latin1_swedish_ci;

--
-- Create index `lado_index` on table `cuadrados`
--
ALTER TABLE cuadrados
ADD INDEX lado_index (lado);

--
-- Create table `conversion`
--
CREATE TABLE IF NOT EXISTS conversion (
  id int(11) NOT NULL,
  cm double DEFAULT NULL,
  m double DEFAULT NULL,
  km double DEFAULT NULL,
  pulgadas double DEFAULT NULL,
  PRIMARY KEY (id)
)
ENGINE = INNODB,
AVG_ROW_LENGTH = 819,
CHARACTER SET latin1,
COLLATE latin1_swedish_ci;

--
-- Create table `circulo`
--
CREATE TABLE IF NOT EXISTS circulo (
  id int(11) NOT NULL,
  radio int(11) NOT NULL,
  tipo varchar(5) DEFAULT NULL,
  area varchar(255) DEFAULT NULL,
  perimetro varchar(255) DEFAULT NULL,
  PRIMARY KEY (id)
)
ENGINE = INNODB,
AVG_ROW_LENGTH = 819,
CHARACTER SET latin1,
COLLATE latin1_swedish_ci;

--
-- Create index `radio_index` on table `circulo`
--
ALTER TABLE circulo
ADD INDEX radio_index (radio);

--
-- Create table `alumnos`
--
CREATE TABLE IF NOT EXISTS alumnos (
  id int(11) NOT NULL,
  nota1 int(11) NOT NULL,
  nota2 int(11) NOT NULL,
  nota3 int(11) NOT NULL,
  nota4 int(11) NOT NULL,
  grupo int(11) NOT NULL,
  media varchar(255) DEFAULT NULL,
  max varchar(255) DEFAULT NULL,
  min varchar(255) DEFAULT NULL,
  moda varchar(255) DEFAULT NULL,
  PRIMARY KEY (id)
)
ENGINE = INNODB,
AVG_ROW_LENGTH = 819,
CHARACTER SET latin1,
COLLATE latin1_swedish_ci;

--
-- Create index `grupo_index` on table `alumnos`
--
ALTER TABLE alumnos
ADD INDEX grupo_index (grupo);

--
-- Create index `nota1_index` on table `alumnos`
--
ALTER TABLE alumnos
ADD INDEX nota1_index (nota1);

--
-- Create index `nota2_index` on table `alumnos`
--
ALTER TABLE alumnos
ADD INDEX nota2_index (nota2);

--
-- Create index `nota3_index` on table `alumnos`
--
ALTER TABLE alumnos
ADD INDEX nota3_index (nota3);

--
-- Create index `nota4_index` on table `alumnos`
--
ALTER TABLE alumnos
ADD INDEX nota4_index (nota4);

-- 
-- Dumping data for table triangulos
--
INSERT INTO triangulos VALUES
(1, 331, 136, 67, 91, NULL, NULL),
(2, 328, 427, 81, 12, NULL, NULL),
(3, 558, 709, 74, 58, NULL, NULL),
(4, 545, 914, 70, 54, NULL, NULL),
(5, 624, 562, 54, 25, NULL, NULL),
(6, 248, 411, 55, 64, NULL, NULL),
(7, 558, 397, 23, 70, NULL, NULL),
(8, 105, 106, 42, 31, NULL, NULL),
(9, 954, 226, 35, 59, NULL, NULL),
(10, 328, 477, 70, 97, NULL, NULL),
(11, 680, 613, 74, 73, NULL, NULL),
(12, 757, 49, 93, 61, NULL, NULL),
(13, 234, 316, 38, 60, NULL, NULL),
(14, 170, 910, 24, 98, NULL, NULL),
(15, 161, 799, 3, 85, NULL, NULL),
(16, 210, 340, 7, 58, NULL, NULL),
(17, 685, 616, 55, 74, NULL, NULL),
(18, 262, 437, 24, 64, NULL, NULL),
(19, 794, 456, 34, 86, NULL, NULL);

-- 
-- Dumping data for table rectangulo
--
INSERT INTO rectangulo VALUES
(1, 102, 241, NULL, NULL),
(2, 215, 201, NULL, NULL),
(3, 127, 385, NULL, NULL),
(4, 160, 136, NULL, NULL),
(5, 34, 298, NULL, NULL),
(6, 243, 121, NULL, NULL),
(7, 432, 323, NULL, NULL),
(8, 46, 209, NULL, NULL),
(9, 470, 209, NULL, NULL),
(10, 336, 198, NULL, NULL),
(11, 371, 331, NULL, NULL),
(12, 424, 369, NULL, NULL),
(13, 13, 407, NULL, NULL),
(14, 202, 400, NULL, NULL),
(15, 142, 174, NULL, NULL),
(16, 196, 479, NULL, NULL),
(17, 355, 25, NULL, NULL),
(18, 164, 415, NULL, NULL),
(19, 292, 235, NULL, NULL);

-- 
-- Dumping data for table grupos
--
INSERT INTO grupos VALUES
(1, NULL, NULL, NULL),
(2, NULL, NULL, NULL);

-- 
-- Dumping data for table cuadrados
--
INSERT INTO cuadrados VALUES
(1, 802, NULL, NULL),
(2, 46, NULL, NULL),
(3, 882, NULL, NULL),
(4, 166, NULL, NULL),
(5, 409, NULL, NULL),
(6, 182, NULL, NULL),
(7, 908, NULL, NULL),
(8, 646, NULL, NULL),
(9, 872, NULL, NULL),
(10, 367, NULL, NULL),
(11, 537, NULL, NULL),
(12, 286, NULL, NULL),
(13, 656, NULL, NULL),
(14, 564, NULL, NULL),
(15, 765, NULL, NULL),
(16, 324, NULL, NULL),
(17, 899, NULL, NULL),
(18, 756, NULL, NULL),
(19, 709, NULL, NULL);

-- 
-- Dumping data for table conversion
--
INSERT INTO conversion VALUES
(1, 43.2689661453316, NULL, NULL, NULL),
(2, NULL, 8.11373932010995, NULL, NULL),
(3, NULL, NULL, 47.104654917058, NULL),
(4, 76.4491157504197, NULL, NULL, NULL),
(5, NULL, 97.4618529291128, NULL, NULL),
(6, NULL, NULL, NULL, 48.9971710932984),
(7, NULL, NULL, NULL, 52.5265661514338),
(8, 1.8711766529782, NULL, NULL, NULL),
(9, 5.01458027600355, NULL, NULL, NULL),
(10, NULL, 52.499966728158, NULL, NULL),
(11, NULL, NULL, 52.2286327085089, NULL),
(12, 71.8357167311119, NULL, NULL, NULL),
(13, 47.3428508958793, NULL, NULL, NULL),
(14, NULL, NULL, NULL, 91.3616780488417),
(15, 4.15357659302622, NULL, NULL, NULL),
(16, NULL, 63.3741679442244, NULL, NULL),
(17, 89.3098947405886, NULL, NULL, NULL),
(18, NULL, NULL, 5.66069518439102, NULL),
(19, NULL, 24.7112906150793, NULL, NULL),
(20, 62.5368762030529, NULL, NULL, NULL);

-- 
-- Dumping data for table circulo
--
INSERT INTO circulo VALUES
(1, 3, 'a', NULL, NULL),
(2, 15, 'a', NULL, NULL),
(3, 16, 'b', NULL, NULL),
(4, 1, 'a', NULL, NULL),
(5, 16, 'a', NULL, NULL),
(6, 14, 'a', NULL, NULL),
(7, 24, 'a', NULL, NULL),
(8, 3, 'a', NULL, NULL),
(9, 11, 'b', NULL, NULL),
(10, 8, 'a', NULL, NULL),
(11, 21, 'a', NULL, NULL),
(12, 9, 'a', NULL, NULL),
(13, 12, 'a', NULL, NULL),
(14, 7, 'a', NULL, NULL),
(15, 16, 'a', NULL, NULL),
(16, 5, 'a', NULL, NULL),
(17, 11, 'b', NULL, NULL),
(18, 15, 'b', NULL, NULL),
(19, 17, 'b', NULL, NULL),
(20, 15, 'b', NULL, NULL);

-- 
-- Dumping data for table alumnos
--
INSERT INTO alumnos VALUES
(1, 1, 7, 8, 8, 1, NULL, NULL, NULL, NULL),
(2, 6, 9, 3, 3, 2, NULL, NULL, NULL, NULL),
(3, 2, 7, 8, 4, 1, NULL, NULL, NULL, NULL),
(4, 4, 5, 8, 8, 1, NULL, NULL, NULL, NULL),
(5, 9, 3, 9, 5, 1, NULL, NULL, NULL, NULL),
(6, 9, 1, 9, 6, 2, NULL, NULL, NULL, NULL),
(7, 7, 4, 4, 2, 2, NULL, NULL, NULL, NULL),
(8, 1, 2, 3, 4, 2, NULL, NULL, NULL, NULL),
(9, 3, 2, 5, 2, 2, NULL, NULL, NULL, NULL),
(10, 4, 4, 7, 3, 1, NULL, NULL, NULL, NULL),
(11, 5, 2, 8, 5, 1, NULL, NULL, NULL, NULL),
(12, 5, 4, 6, 9, 1, NULL, NULL, NULL, NULL),
(13, 7, 6, 6, 3, 1, NULL, NULL, NULL, NULL),
(14, 6, 9, 1, 2, 1, NULL, NULL, NULL, NULL),
(15, 7, 1, 8, 9, 2, NULL, NULL, NULL, NULL),
(16, 2, 5, 4, 6, 2, NULL, NULL, NULL, NULL),
(17, 5, 6, 1, 8, 2, NULL, NULL, NULL, NULL),
(18, 9, 5, 3, 7, 2, NULL, NULL, NULL, NULL),
(19, 8, 2, 4, 5, 1, NULL, NULL, NULL, NULL),
(20, 3, 4, 5, 3, 1, NULL, NULL, NULL, NULL);

-- 
-- Restore previous SQL mode
-- 
/*!40101 SET SQL_MODE=@OLD_SQL_MODE */;

-- 
-- Enable foreign keys
-- 
/*!40014 SET FOREIGN_KEY_CHECKS = @OLD_FOREIGN_KEY_CHECKS */;