﻿--
-- Script was generated by Devart dbForge Studio for MySQL, Version 8.0.40.0
-- Product Home Page: http://www.devart.com/dbforge/mysql/studio
-- Script date 28/01/2019 11:53:32
-- Target server version: 5.5.5-10.1.36-MariaDB
-- Target connection string: User Id=root;Host=localhost;Character Set=utf8
--



SET NAMES 'utf8';
USE consultaaccion1;
--
-- Delete data from the table 'venden'
--
TRUNCATE TABLE venden;
--
-- Delete data from the table 'productos'
--
DELETE FROM productos;
--
-- Delete data from the table 'cliente'
--
DELETE FROM cliente;

--
-- Inserting data into table cliente
--
INSERT INTO cliente(id, nombre, apellidos, descuento, cantidad, nombreCompleto) VALUES
(1, 'Bertrada', 'Wahl', 69, 3, 'Abraham Acevedo'),
(2, 'Wolfdietrich', 'Boucher', 19, 913, 'Retta Lord'),
(3, 'Helvin', 'Ludwig', 48, 7, 'Treena Lind'),
(4, 'Fridurich', 'Craven', 10, 607, 'Hong Beaudoin'),
(5, 'Uodalrich', 'Sizemore', 1, 722, 'Jason Blackmon'),
(6, 'Wastl', 'Flowers', 3, 548, NULL),
(7, 'Demian', 'Conway', 62, 216, 'Tiny Card'),
(8, 'Kunigunde', 'Waite', 63, 96, 'Carroll Binder'),
(9, NULL, 'Skaggs', NULL, 124, 'Maynard Brockman'),
(10, 'Wedekind', 'Peacock', 39, 981, 'Peggy Charlton'),
(11, 'Bernhardin', 'Hwang', 40, 638, 'Selene Cartwright'),
(12, 'Howe', 'Boudreau', 4, 710, 'Fabian Dalton'),
(13, 'Detlef', 'Crawford', 5, 4, 'Isreal Dougherty'),
(14, 'Abbeygail ', 'Wakefield', 0, 583, 'Forrest Babb'),
(15, 'Bonifaz', 'Mcgrath', 75, 675, 'Augustine Corbin'),
(16, 'Aleida ', 'Conyers', 46, 273, 'Roland Rowan'),
(17, 'Innozenz', 'Floyd', 71, 488, 'Adelaida Laporte'),
(18, 'Demian', 'Skelton', 5, 628, 'Deandre Ortiz'),
(19, 'Abby ', 'Walden', 24, 182, 'Cierra Neville'),
(20, 'Ruvina', 'Boudreaux', 8, 318, 'Grant Ackerman'),
(21, 'Sonea', 'Lugo', 14, 511, 'Alene Ambrose'),
(22, 'Miria', 'Hyatt', 42, 375, 'Corinna Bratton'),
(23, 'Milvina', 'Skidmore', 0, 965, 'Darcel Broussard'),
(24, 'Amrei', 'Lujan', 46, 217, 'Abel Woodward'),
(25, 'Lexian', 'Waldron', 58, 58, 'Eldon Christenson'),
(26, 'Tanaja', 'Cook', 39, 481, 'Claude Spellman'),
(27, NULL, 'Crawley', NULL, 184, 'Arthur Beane'),
(28, 'Conny', 'Hyde', 4, 595, 'Alease Montoya'),
(29, 'Sonja', 'Lumpkin', 75, 867, 'Xiao Hauser'),
(30, 'Davi', 'Skinner', 38, 870, 'Juan Whitten'),
(31, 'Sonnwin', 'Peak', 70, 694, 'Lianne Aquino'),
(32, NULL, 'Waldrop', NULL, 5, 'Zula Apodaca'),
(33, 'Wiglev', 'Skipper', 27, 951, 'Dong Alarcon'),
(34, 'Demokrit', 'Walker', 80, 556, 'Scott Rich'),
(35, 'Alruna', 'Flynn', 21, 453, 'Rubi Hobbs'),
(36, 'Odila', 'Crayton', 15, 704, 'Adah Acker'),
(37, 'Carolin', 'Mcgraw', 27, 601, 'Pedro Harley'),
(38, 'Kristiane', 'Fogle', 18, 753, 'Ahmed Burkett'),
(39, 'Felizian', 'Hyland', 9, 677, 'Molly Bobo'),
(40, 'Chicko', 'Luna', 0, 108, 'Darrin Downey'),
(41, 'Baldo ', 'Slack', 70, 166, 'Sherwood Moody'),
(42, NULL, 'Pearce', NULL, 818, 'Laurence Deloach'),
(43, 'Gundolf', 'Bounds', 60, 469, 'Audrea Cameron'),
(44, 'Delian', 'Wallace', 61, 306, 'Abraham Berryman'),
(45, 'Balintt ', 'Slade', 47, 638, NULL),
(46, 'Waltraud', 'Creamer', 39, 439, 'Abe Addison'),
(47, 'Zeruja', 'Wallen', 60, 774, NULL),
(48, 'Dodo', 'Mcgregor', 1, 3, 'Sanford Dyson'),
(49, 'Europa', 'Foley', 2, 68, 'Luke Giron'),
(50, 'Ionita', 'Cooke', 11, 717, 'Marylin Bankston'),
(51, 'Balduin ', 'Creech', 6, 17, 'Raphael Ahern'),
(52, NULL, 'Hyman', NULL, 946, 'Bianca Emery'),
(53, 'Quintana', 'Folse', 70, 929, 'Dimple Alba'),
(54, 'Erdmute', 'Lund', 49, 6, 'Maryellen Aleman'),
(55, 'Tjorden', 'Pearson', 57, 5, 'Heriberto Purdy'),
(56, 'Adine ', 'Bourgeois', 67, 7, 'Marianne Terry'),
(57, 'Kyano', 'Hynes', 49, 735, 'Glory Hammond'),
(58, 'Annalies', 'Mcgrew', 48, 395, NULL),
(59, 'Neona', 'Lundberg', 22, 508, 'Detra Fraley'),
(60, 'Hunfried', 'Slagle', 30, 214, 'Carolann Cosgrove'),
(61, 'Benedikta', 'Pease', 72, 886, 'Brinda Lackey'),
(62, 'Elimar', 'Cooks', 32, 579, 'Erin Sheridan'),
(63, 'Warinheri', 'Ibarra', 12, 190, 'Ariane Omalley'),
(64, NULL, 'Waller', NULL, 225, 'Harriet Shelton'),
(65, 'Barthel ', 'Creel', 42, 8, 'Darell Mireles'),
(66, NULL, 'Mcguire', NULL, 388, 'Leonardo Lockhart'),
(67, 'Nico', 'Folsom', 39, 550, NULL),
(68, 'Fridurich', 'Creighton', 20, 1, 'Elvin Newton'),
(69, 'Otwin', 'Bourne', 30, 11, 'Marjorie Ouellette'),
(70, 'Marbot', 'Slater', 5, 570, NULL),
(71, 'Ulli', 'Abbott', 60, 82, 'Jeramy Andrus'),
(72, NULL, 'Lundy', NULL, 38, 'Abdul Tibbetts'),
(73, 'Wolfdietrich', 'Fong', 67, 308, 'Justine Allred'),
(74, NULL, 'Peck', NULL, 613, 'Reina Ramirez'),
(75, 'Eluana', 'Crenshaw', 9, 669, 'Candelaria Padgett'),
(76, 'Achime ', 'Mchenry', 22, 6, 'Bradford Finch'),
(77, 'Yakima', 'Ingle', 4, 3, NULL),
(78, 'Conczlin', 'Bourque', 9, 278, 'Carlton Baptiste'),
(79, 'Anndea', 'Abel', 63, 889, NULL),
(80, 'IleneMarie', 'Fonseca', 27, 158, 'Adah Bundy'),
(81, 'Dietmut', 'Lunsford', 51, 5, NULL),
(82, 'Django', 'Ingram', 61, 910, 'Julia Kopp'),
(83, 'Sigmar', 'Pedersen', 20, 774, 'Elmer Serrano'),
(84, NULL, 'Walling', NULL, 948, 'Martina Darden'),
(85, 'Wolfsindis', 'Slaton', 10, 374, NULL),
(86, 'Kraft', 'Crespo', 58, 824, 'Demarcus Aponte'),
(87, 'Finnjo', 'Wallis', 48, 443, 'Merlin Talbott'),
(88, 'Mareline', 'Fontaine', 15, 245, 'Alex Willard'),
(89, 'Romarich', 'Lusk', 79, 173, NULL),
(90, 'Johann', 'Mchugh', 17, 327, NULL),
(91, 'Ulfried', 'Inman', 5, 302, 'Arlinda Acker'),
(92, 'Zölestin', 'Pederson', 71, 226, 'Yaeko Bledsoe'),
(93, 'Hemma', 'Slattery', 19, 890, NULL),
(94, 'Endris', 'Mcinnis', 45, 686, 'Luke Emanuel'),
(95, 'Luna', 'Walls', 47, 21, 'Patsy Blaine'),
(96, 'Bodobert', 'Slaughter', 9, 607, 'Adam Dove'),
(97, 'Mahatma', 'Peebles', 20, 7, 'Everett Howard'),
(98, 'Borchard', 'Walsh', 71, 625, NULL),
(99, 'Bosse', 'Sledge', 5, 6, 'Jose Stafford'),
(100, 'Ekkea', 'Luster', 79, 650, 'Jonas Runyon'),
(101, 'Salvina', 'Mcintire', 13, 521, 'Brendan Boatwright'),
(102, NULL, 'Crews', NULL, 261, 'Joel Wilkes'),
(103, 'Jamira', 'Irby', 9, 22, 'Santo Luttrell'),
(104, 'Hoyer', 'Bowden', 50, 690, NULL),
(105, 'Mayken', 'Walston', 25, 48, 'Niki Adamson'),
(106, 'Aristine', 'Luther', 2, 419, 'Allyson Cole'),
(107, 'Eitel-Fritz', 'Sloan', 27, 523, 'Dalia Loy'),
(108, NULL, 'Ireland', NULL, 165, NULL),
(109, 'Chicko', 'Abernathy', 0, 220, 'Clark Alvarez'),
(110, 'Richmute', 'Walter', 80, 233, 'Suzanna Sandlin'),
(111, 'Linnart', 'Slocum', 77, 2, 'Torrie Aguilar'),
(112, 'Gerarda', 'Fontenot', 53, 720, 'Abel Abreu'),
(113, 'Lais', 'Walters', 54, 871, 'Jim Hutto'),
(114, 'Dark', 'Peek', 51, 72, 'Nathalie Hollins'),
(115, 'Ortolf', 'Slone', 72, 452, 'Angle Lavigne'),
(116, 'Coppelius', 'Crider', 73, 261, 'Johnny Brubaker'),
(117, 'Irenäus', 'Foote', 79, 155, 'Cesar Langdon'),
(118, 'Dorle', 'Walton', 76, 8, 'Arie Barraza'),
(119, 'Colbianna', 'Mcintosh', 38, 999, 'Marcellus Bruno'),
(120, 'Hadrian', 'Peel', 6, 917, 'Numbers Darby'),
(121, 'Landolf', 'Mcintyre', 46, 166, 'Nohemi Abraham'),
(122, 'Ebbo', 'Luttrell', 75, 943, 'Benito Monahan'),
(123, 'Cilia', 'Crisp', 13, 153, 'Alane Dewitt'),
(124, 'Wolfsindis', 'Peeler', 36, 129, 'Charise Cooks'),
(125, 'Christoffel', 'Bowen', 53, 102, 'Sandy Abernathy'),
(126, 'Lais', 'Abney', 65, 690, 'Adaline Gilley'),
(127, 'Justus', 'Small', 46, 261, 'Jeffry Earls'),
(128, 'Odowaker', 'Forbes', 30, 516, 'Danilo Brandenburg'),
(129, NULL, 'Irish', NULL, 549, 'Sebastian Abbott'),
(130, 'Babsi', 'Crist', 51, 985, 'Doloris Matthews'),
(131, 'Chicko', 'Wampler', 15, 5, 'Lourdes Klein'),
(132, 'Annelena', 'Bowens', 30, 912, 'Abram Coleman'),
(133, 'Bartel ', 'Mckay', 74, 663, 'Genevieve Sylvester'),
(134, 'Vishna', 'Smalley', 66, 477, 'Horacio Cousins'),
(135, 'Krimhilde', 'Lutz', 20, 342, 'Shalonda Hamm'),
(136, 'Balintt ', 'Wang', 13, 830, 'Zella Merriman'),
(137, 'Ehrentrud', 'Irizarry', 45, 947, 'Voncile Anders'),
(138, 'Hruodswinda', 'Smalls', 1, 273, 'Colton Dowd'),
(139, 'Carena', 'Abraham', 14, 281, 'Nickie Oneil'),
(140, 'Castigo', 'Foreman', 58, 877, 'Jamika Hubbard'),
(141, 'Alrun', 'Lyle', 45, 10, 'Woodrow Means'),
(142, 'Urias', 'Irvin', 62, 245, 'Johanna Fuqua'),
(143, 'Helwart', 'Peeples', 67, 37, 'Adam Kane'),
(144, 'Enriko', 'Mckee', 19, 777, NULL),
(145, 'Cathrin', 'Ward', 1, 63, 'Albertine Carmona'),
(146, 'Richmut', 'Criswell', 55, 598, 'Millard Crowley'),
(147, 'Helmuth', 'Bower', 77, 980, 'Edmund Schwab'),
(148, 'Marlisa', 'Lyles', 20, 57, 'Rita Bair'),
(149, 'Faustinus', 'Irvine', 60, 45, NULL),
(150, 'Baldo ', 'Foret', 52, 255, NULL),
(151, 'Florestan', 'Abrams', 37, 109, 'Cecil Ragan'),
(152, NULL, 'Smallwood', NULL, 366, 'Felipe Pond'),
(153, 'Berna', 'Pelletier', 4, 326, 'Adelina Lyon'),
(154, 'Conczlin', 'Lyman', 72, 362, 'Boyce Covert'),
(155, 'Jupp', 'Warden', 29, 33, 'Erna Matheson'),
(156, NULL, 'Bowers', NULL, 200, NULL),
(157, 'Barthel ', 'Crittenden', 25, 667, 'Tod Thornton'),
(158, 'Vinzenta', 'Mckeever', 41, 965, 'Rodger Loveless'),
(159, 'Vulpecula', 'Irving', 39, 788, 'Collin England'),
(160, 'Janaida', 'Smart', 44, 211, 'Terrell Curry'),
(161, 'Abbeygail ', 'Forman', 66, 690, 'Angel Molina'),
(162, NULL, 'Warfield', NULL, 481, 'Alejandra Prentice'),
(163, 'Orthey', 'Peltier', 65, 127, 'Fernande Newsom'),
(164, 'Dietbald', 'Smiley', 11, 866, 'Sherrill Acker'),
(165, 'Lovelyn', 'Lynch', 24, 843, 'Theodora Abernathy'),
(166, 'Wigmar', 'Abreu', 5, 962, 'Mikki Beals'),
(167, 'Altburg', 'Crocker', 50, 2, 'Abel Colburn'),
(168, 'Merina', 'Bowie', 3, 597, 'Clarinda Albers'),
(169, 'Thuja', 'Irwin', 61, 472, 'John Beyer'),
(170, 'Bringfried', 'Forney', 25, 391, NULL),
(171, 'Endrick', 'Mckenna', 6, 112, 'Loris Casteel'),
(172, 'Balte ', 'Acevedo', 36, 72, 'Janine Adam'),
(173, 'Helmar', 'Lynn', 27, 561, 'Dessie Zielinski'),
(174, 'Kaira', 'Isaac', 5, 531, 'Margart Angel'),
(175, 'Thekla', 'Pemberton', 32, 847, 'Adolfo Abbott'),
(176, 'Abby ', 'Mckenney', 33, 157, 'Vicki Abney'),
(177, NULL, 'Crockett', NULL, 874, 'Nannie Farr'),
(178, 'Braida', 'Pena', 77, 494, 'Christena Ruth'),
(179, 'Dietwald', 'Forrest', 53, 926, 'Ada Ridenour'),
(180, 'Iustina', 'Bowles', 72, 370, 'Karyn Almanza'),
(181, 'Bastian ', 'Mckenzie', 72, 604, 'Heriberto Cote'),
(182, 'Baldo ', 'Pence', 47, 857, 'Nicky Hubert'),
(183, 'Eckehard', 'Mckeown', 14, 89, 'Lottie Shackelford'),
(184, 'Hadassa', 'Warner', 16, 19, 'Alejandra Boyle'),
(185, 'Sylviana', 'Smith', 62, 877, 'Nickolas Dow'),
(186, 'Arnesa', 'Pendergrass', 64, 181, 'Trisha Raney'),
(187, NULL, 'Warren', NULL, 865, 'Hazel Withers'),
(188, 'Annamaria', 'Smithson', 27, 258, 'Arthur Large'),
(189, 'Thees', 'Croft', 64, 985, 'Hunter Tabor'),
(190, 'Wolfhart', 'Lyon', 9, 909, 'Alexandria Barden'),
(191, 'Katsa', 'Mckinley', 6, 707, 'Avery Baggett'),
(192, 'Lynna', 'Acker', 68, 573, NULL),
(193, 'Annalisa', 'Washburn', 46, 194, 'Albert Pape'),
(194, 'Erija', 'Pendleton', 23, 796, 'Willow Abernathy'),
(195, 'Adelisa ', 'Isaacs', 11, 25, 'Ivory Phelps'),
(196, 'Edelwalde', 'Mckinney', 53, 1, 'Arlen Tilley'),
(197, 'Jönna', 'Penn', 10, 965, 'Barb Enos'),
(198, 'Hadassa', 'Smoot', 73, 18, 'Raymundo Abernathy'),
(199, NULL, 'Bowlin', NULL, 757, 'Calista Busch'),
(200, 'Edelbert', 'Washington', 0, 228, 'Ali Abraham'),
(201, 'Almut', 'Forrester', 52, 292, 'Blake Mora'),
(202, 'Zowie', 'Smothers', 27, 529, 'Adelaida Ames'),
(203, 'Birklinde', 'Lyons', 35, 955, 'Gayla Ackerman'),
(204, 'Kordelia', 'Cromer', 70, 975, 'Bert Woodson'),
(205, 'Eylev', 'Forsyth', 41, 349, 'Lindsay Cormier'),
(206, 'Abby ', 'Ackerman', 52, 954, 'Adaline Hanson'),
(207, NULL, 'Bowling', NULL, 491, 'Humberto Styles'),
(208, 'Gonda', 'Cromwell', 13, 700, 'Darius Marr'),
(209, 'Herwig', 'Wasson', 44, 311, NULL),
(210, NULL, 'Forsythe', NULL, 925, 'Adam Sanford'),
(211, 'Josias', 'Cronin', 4, 236, 'Zachary Selby'),
(212, NULL, 'Fort', NULL, 225, 'Jessi Alba'),
(213, 'Ruthart', 'Crook', 69, 794, 'Brittanie Herman'),
(214, 'Virgenie', 'Acosta', 57, 272, 'Almeta Lovell'),
(215, 'Silia', 'Isaacson', 28, 759, 'Cathi Bourne'),
(216, NULL, 'Lytle', NULL, 23, 'Arron Kirkpatrick'),
(217, 'Justus', 'Bowman', 20, 557, 'Treasa Hinds'),
(218, 'Madlena', 'Forte', 27, 272, 'Adelaida Adam'),
(219, 'Cordelius', 'Acuna', 5, 289, 'Lenora Anders'),
(220, 'Calantha', 'Smyth', 73, 834, 'Willy Greathouse'),
(221, 'Adina ', 'Crooks', 3, 616, 'Adolph Vanmeter'),
(222, 'Burkhardt', 'Mckinnon', 61, 111, 'Antone Sibley'),
(223, NULL, 'Pennell', NULL, 722, 'Ali Bess'),
(224, 'Norgard', 'Mcknight', 26, 38, NULL),
(225, 'Lorina', 'Isbell', 8, 236, 'Kenny Shockley'),
(226, 'Magnusson', 'Bowser', 78, 368, 'Thomas Perkins'),
(227, 'Siegmund', 'Adair', 24, 179, 'Cher Goldsmith'),
(228, 'Maret', 'Ma', 26, 9, 'Aide Conn'),
(229, 'Borchard', 'Pennington', 45, 45, 'Newton Riggins'),
(230, 'Hanfried', 'Fortenberry', 64, 637, 'Adelaida Lilly'),
(231, 'Ernö', 'Box', 5, 78, 'Grayce Minton'),
(232, 'Mirinda', 'Adam', 31, 575, 'Elvia Colbert'),
(233, 'Balte ', 'Mclain', 1, 219, 'Williams Layton'),
(234, 'Cedrella', 'Boyce', 17, 884, 'Danille Forte'),
(235, 'Ravenna', 'Adame', 41, 95, 'Arcelia Irving'),
(236, 'Balduin ', 'Crosby', 29, 652, 'Rosetta Moore'),
(237, 'Hoyer', 'Penny', 70, 336, 'Ronald Martens'),
(238, 'Moriz', 'Waterman', 71, 611, 'Annetta Abreu'),
(239, 'Xanthos', 'Mclaughlin', 60, 59, 'Alexandria Amaya'),
(240, 'Connie', 'Peoples', 46, 70, 'Ladawn Kaufman'),
(241, 'Cäsarius', 'Isom', 51, 238, 'Aida Chow'),
(242, 'Adina ', 'Fortier', 26, 245, 'Nigel Fultz'),
(243, 'Pinkus', 'Snead', 35, 130, 'Edwardo Stanley'),
(244, 'Fenrir', 'Mclaurin', 43, 4, NULL),
(245, NULL, 'Boyd', NULL, 508, 'Jack Smith'),
(246, 'Amona', 'Maas', 7, 85, 'Deanne Sosa'),
(247, 'Annalisa', 'Cross', 8, 95, NULL),
(248, 'Dietger', 'Waters', 58, 367, 'Blaine Ammons'),
(249, 'Achime ', 'Adams', 11, 57, 'Adah Ali'),
(250, 'Nessaja', 'Ison', 14, 743, 'Brandee Shipman'),
(251, 'Destina', 'Mabe', 18, 265, 'Buster Moreno'),
(252, 'Priska', 'Iverson', 21, 489, 'Margarito Whitfield'),
(253, 'Markward', 'Pepper', 35, 4, 'Nannette Acker'),
(254, 'Jupp', 'Fortin', 47, 907, NULL),
(255, 'Augustina', 'Mclean', 61, 552, 'Despina Haag'),
(256, 'Almut', 'Sneed', 5, 70, 'Ferdinand Bartholomew'),
(257, 'Crescentia', 'Boyer', 5, 202, 'Abbie Stuckey'),
(258, 'Odilia', 'Adamson', 18, 587, 'Makeda Mcewen'),
(259, 'Waltraud', 'Croteau', 73, 97, NULL),
(260, 'Ekkea', 'Fortner', 21, 590, NULL),
(261, 'Adina ', 'Perales', 3, 745, NULL),
(262, 'Seraja', 'Watkins', 6, 584, NULL),
(263, 'Dodo', 'Mclemore', 62, 890, 'Rhett Muniz'),
(264, 'Gerwald', 'Peralta', 17, 442, 'Kip Chism'),
(265, 'Clodomer', 'Mabry', 4, 854, 'Adah Bivins'),
(266, 'Friedebrecht', 'Mclendon', 38, 304, 'Ada Mccauley'),
(267, 'Fabiane', 'Perdue', 18, 565, 'Deloise Dobbins'),
(268, 'Hunbert', 'Crouch', 3, 348, 'Farrah Billingsley'),
(269, 'Adlin ', 'Ives', 66, 856, 'Vernie Lovelace'),
(270, 'Liebwin', 'Mcleod', 63, 442, 'Kirby Bennett'),
(271, 'Tabea', 'Fortune', 5, 476, NULL),
(272, 'Lynna', 'Macdonald', 40, 854, 'Claire Abbott'),
(273, 'Feline', 'Pereira', 14, 543, 'Maynard Croteau'),
(274, NULL, 'Snell', NULL, 575, 'Adela Rafferty'),
(275, 'Adina ', 'Boykin', 20, 283, 'Jean Gatlin'),
(276, 'Wittekind', 'Watson', 24, 208, 'Elene Ahern'),
(277, 'Zyprian', 'Adcock', 0, 415, 'Myrtie Velez'),
(278, NULL, 'Boyle', NULL, 471, 'Jeannine Arce'),
(279, 'Eustachius', 'Addison', 32, 323, 'Alvera Clemons'),
(280, 'Balian ', 'Snider', 43, 36, 'Elwood Shields'),
(281, 'Gangolf', 'Watt', 49, 128, 'Adam Hathaway'),
(282, 'Walahfried', 'Ivey', 32, 41, 'Benjamin Palacios'),
(283, 'Vinzent', 'Snipes', 65, 327, 'Moshe Dobbins'),
(284, 'Ulrich', 'Mcmahan', 59, 127, 'Leandro Ragsdale'),
(285, 'Hoyer', 'Boyles', 51, 424, 'Michel Hernandez'),
(286, 'Lainy', 'Adkins', 42, 125, 'Abigail Ammons'),
(287, 'Barthel ', 'Perez', 68, 873, 'Keisha Acker'),
(288, 'Baldur ', 'Watters', 55, 522, 'Nakesha Cardona'),
(289, 'Magda', 'Mace', 46, 231, 'Hedy Samuels'),
(290, 'Abby ', 'Ivory', 21, 378, NULL),
(291, 'Gert', 'Mcmahon', 58, 15, 'Albert Miner'),
(292, 'Bodobert', 'Crouse', 66, 89, 'Jimmie Sorenson'),
(293, 'Bodo', 'Machado', 60, 791, NULL),
(294, 'Sigmar', 'Perkins', 65, 100, 'Wilson Hahn'),
(295, NULL, 'Snodgrass', NULL, 461, NULL),
(296, NULL, 'Foss', NULL, 950, 'Marcus Schuler'),
(297, 'Elean', 'Boynton', 33, 9, 'Jon Walters'),
(298, 'Pares', 'Adler', 7, 922, 'Demarcus Ledford'),
(299, 'Maret', 'Jack', 24, 260, 'Danille Mcmanus'),
(300, 'Friedrich', 'Bozeman', 37, 662, 'Maryann Knox'),
(301, 'Balintt ', 'Agee', 69, 115, 'Malcom Valerio'),
(302, 'Balte ', 'Watts', 71, 534, 'Calandra Abreu'),
(303, 'Witege', 'Brackett', 6, 22, 'Maryland Sizemore'),
(304, 'Elfrida', 'Snow', 51, 853, 'Thurman Boland'),
(305, 'Hede', 'Mcmanus', 48, 193, 'Rolf Brunner'),
(306, 'Eyff', 'Crow', 49, 916, 'Michele Ammons'),
(307, 'Lotti', 'Macias', 30, 493, 'Rodrick Grady'),
(308, 'Jenoira', 'Jacks', 61, 994, 'Emilio Brantley'),
(309, 'Rieke', 'Agnew', 5, 974, NULL),
(310, 'Izanuela', 'Foster', 77, 406, 'Lucila Bratton'),
(311, 'Bernharde', 'Waugh', 42, 754, 'Minh Wilbur'),
(312, NULL, 'Snowden', NULL, 65, 'Abram Russell'),
(313, 'Frede', 'Mack', 71, 701, 'Cheryle Walls'),
(314, 'Kara', 'Bradbury', 80, 5, 'Erasmo Draper'),
(315, 'Zinnia', 'Jackson', 62, 98, 'Clement Mcclendon'),
(316, 'Silena', 'Way', 6, 861, 'August Connors'),
(317, NULL, 'Crowder', NULL, 583, 'Sheldon Darby'),
(318, 'Lupine', 'Fountain', 35, 899, 'Marcellus Plante'),
(319, 'Wigmar', 'Mackay', 77, 337, 'Chanda Abraham'),
(320, 'Dankert', 'Crowe', 33, 829, 'Duane Cross'),
(321, 'Cilia', 'Snyder', 1, 252, 'Thad Shelley'),
(322, 'Dietrich', 'Jacob', 51, 171, 'Hassan Shipman'),
(323, 'Menowin', 'Wayne', 57, 104, 'Alton Abbott'),
(324, 'Richart', 'Fournier', 28, 2, 'Eduardo Allan'),
(325, 'Diemuth', 'Perreault', 21, 256, 'Elmer Diggs'),
(326, 'Raginhard', 'Mackenzie', 8, 80, 'Malik Hass'),
(327, NULL, 'Jacobs', NULL, 761, 'Adolfo Delatorre'),
(328, 'Cathrina', 'Crowell', 14, 704, 'Adam Scully'),
(329, 'Franko', 'Mcmaster', 21, 623, 'Katrina Pedersen'),
(330, 'Umani', 'Soares', 29, 48, 'Jenine Olivarez'),
(331, 'Elvine', 'Foust', 30, 21, 'Darryl Mosby'),
(332, 'Gela', 'Crowley', 74, 182, 'Frederic Seaton'),
(333, 'Zefania', 'Fowler', 13, 752, 'Augustine Fong'),
(334, 'Adina ', 'Perrin', 0, 847, 'Daine Conners'),
(335, 'Radolf', 'Mcmillan', 26, 125, 'Annelle Birch'),
(336, 'Gumpert', 'Aguiar', 46, 187, 'Adelaida Aquino'),
(337, 'Jendris', 'Braden', 51, 266, NULL),
(338, 'Wigbert', 'Perron', 75, 28, 'Adela Aguiar'),
(339, 'Damasus', 'Mackey', 1, 193, 'Brittany Kimmel'),
(340, 'Annaliese', 'Aguilar', 45, 116, 'Nigel Bayne'),
(341, 'Balduin ', 'Crum', 15, 550, 'Talisha Moulton'),
(342, 'Fleurelle', 'Jacobsen', 75, 33, 'Stella Tate'),
(343, 'Kiany', 'Weatherford', 70, 794, 'Jorge Joiner'),
(344, 'Esthera', 'Mcmillen', 38, 473, NULL),
(345, 'Ravenna', 'Mackie', 22, 242, 'Hilario Gallant'),
(346, 'Josy', 'Perry', 4, 249, 'Federico Abernathy'),
(347, 'Faustinus', 'Mcmillian', 28, 947, 'Annie Hoyle'),
(348, 'Linux', 'Fox', 22, 909, 'Adolfo Anglin'),
(349, 'Bartel ', 'Perryman', 67, 49, 'Titus Upshaw'),
(350, 'Adelinde ', 'Jacobson', 45, 880, 'Alejandrina Keefer'),
(351, 'Lionella', 'Mcmullen', 57, 785, 'Carroll Rossi'),
(352, 'Bartholomäus ', 'Crump', 79, 543, 'Gemma Varney'),
(353, 'Helvin', 'Foy', 71, 550, 'Abbie Engel'),
(354, 'Aurion ', 'Person', 48, 8, 'Tisa Tinsley'),
(355, 'Uodalrich', 'Solano', 22, 580, 'Franklyn Alicea'),
(356, 'Conni', 'Cruse', 17, 772, 'Reynaldo Ross'),
(357, 'Berti', 'Macklin', 61, 154, NULL),
(358, 'Everly', 'Bradford', 30, 883, 'Alfreda Cyr'),
(359, 'Skyline', 'Mcmurray', 7, 697, 'Adam Ashmore'),
(360, 'Colias', 'Fraley', 22, 950, NULL),
(361, 'Madline', 'Weatherly', 67, 392, 'Jeramy Street'),
(362, 'Bero', 'Peter', 5, 196, 'Adan Hanna'),
(363, 'Cyprienne', 'Jacoby', 67, 91, 'Adan Small'),
(364, 'Castigo', 'Solis', 58, 640, 'Dannie Bounds'),
(365, 'Ablona ', 'Maclean', 18, 456, 'Anderson Pointer'),
(366, 'Lanzo', 'Jacques', 25, 84, 'Lakeesha Guess'),
(367, 'Gunda', 'Mcnabb', 12, 14, 'Randell Abreu'),
(368, NULL, 'Macon', NULL, 59, 'Steve Pimentel'),
(369, 'Fridrun', 'Jaeger', 70, 650, 'Geraldo Booth'),
(370, 'Riko', 'Madden', 0, 751, 'Emilio Bowser'),
(371, 'Elisabetha', 'James', 50, 441, 'Wanetta Cody'),
(372, 'Pitt', 'Peterman', 80, 492, NULL),
(373, 'Ignatia', 'Maddox', 34, 6, 'Carola Powers'),
(374, 'Balte ', 'Mcnair', 4, 75, 'Claude Cornish'),
(375, 'Helmute', 'Peters', 68, 335, 'Antonetta Altman'),
(376, 'Yan', 'Aguilera', 10, 505, 'Venice Bailey'),
(377, 'Lais', 'Weathers', 5, 691, 'Adan Riggs'),
(378, NULL, 'Crutcher', NULL, 838, 'Edison Krauss'),
(379, 'Annelena', 'Frame', 43, 253, 'Adaline Ralph'),
(380, 'Finjus', 'Crutchfield', 13, 337, 'Abe Becnel'),
(381, 'Raimar', 'Bradley', 7, 514, 'Scarlett Dow'),
(382, NULL, 'Jameson', NULL, 386, 'Haywood Roush'),
(383, 'Filou', 'Aguirre', 38, 903, 'Donnie Morse'),
(384, 'Friedrich', 'Soliz', 5, 172, 'Ada Ali'),
(385, 'Catiana', 'France', 2, 482, 'Vickie Bruce'),
(386, 'Zyriakus', 'Mcnally', 17, 63, 'Antwan Acosta'),
(387, NULL, 'Madison', NULL, 730, 'Alexis Lindberg'),
(388, 'Syria', 'Jamison', 71, 163, 'Juana Gibson'),
(389, 'Hruodolf', 'Cruz', 49, 293, 'Orval Myles'),
(390, 'Ravissa', 'Bradshaw', 39, 983, 'Amos Hurtado'),
(391, 'Mirinda', 'Weaver', 11, 640, 'Daren Jaramillo'),
(392, NULL, 'Petersen', NULL, 903, 'Bennie Frank'),
(393, 'Bulk', 'Mcnamara', 56, 8, 'Lorie Aguilera'),
(394, 'Felician', 'Madrid', 5, 771, 'Xavier Valentin'),
(395, 'Friederun', 'Peterson', 18, 812, 'Alisa Flanders'),
(396, 'Gundula', 'Francis', 63, 1000, 'Kala Malloy'),
(397, 'Jule', 'Ahern', 48, 56, 'Alphonso Cochran'),
(398, 'Barthel ', 'Solomon', 0, 10, 'Arthur Cochrane'),
(399, 'Adelisa ', 'Mcneal', 49, 9, 'Adella Abbott'),
(400, 'Landolf', 'Bragg', 14, 760, 'Dwain Corral'),
(401, 'Wigbert', 'Janes', 53, 730, 'Nita Coons'),
(402, 'Baldo ', 'Madrigal', 73, 91, 'Omer Tisdale'),
(403, 'Otila', 'Jansen', 80, 718, 'Torri Macdonald'),
(404, 'Frieder', 'Ahmed', 32, 935, 'Tamika Barham'),
(405, 'Friedegunde', 'Madsen', 4, 25, 'Hosea Mcvey'),
(406, NULL, 'Petit', NULL, 506, 'Adelina Costello'),
(407, 'Juvia', 'Mcneely', 51, 833, 'Hugo Darling'),
(408, 'Marell', 'Cuellar', 6, 936, NULL),
(409, 'Ingolf', 'Janssen', 63, 394, 'Mose Lozano'),
(410, 'Ulfried', 'Branch', 30, 868, 'Arlen Mohr'),
(411, 'Chanina', 'Petrie', 20, 1, 'Jamal Tucker'),
(412, 'Pinkus', 'Francisco', 49, 963, 'Lavonne Akins'),
(413, 'Edeltrud', 'Cuevas', 35, 65, 'Jeffry Motley'),
(414, 'Deborian', 'Mcneil', 78, 617, 'Keith Hopson'),
(415, 'Plektrudis', 'Ahrens', 49, 998, 'Jarod Desimone'),
(416, 'Ingobert', 'Franco', 24, 127, 'Elfriede Tremblay'),
(417, 'Linux', 'Maes', 55, 723, 'Gaylord Alba'),
(418, 'Elsi', 'Culbertson', 36, 202, 'Britt Alonso'),
(419, 'Marell', 'Jaramillo', 7, 50, NULL),
(420, 'Baldo ', 'Maestas', 65, 504, 'Paul Seal'),
(421, 'Gerwig', 'Webber', 69, 680, 'Arie Laporte'),
(422, 'Itria', 'Pettigrew', 44, 229, NULL),
(423, 'Felin', 'Brand', 78, 288, 'Joni Ahmed'),
(424, 'Wido', 'Francois', 15, 579, 'Neil Krueger'),
(425, 'Friedelotte', 'Mcneill', 3, 189, 'Wilmer Crane'),
(426, 'Uodalrich', 'Aiello', 0, 775, 'Stephan Alderman'),
(427, 'Freimut', 'Brandenburg', 16, 760, 'Garret Agee'),
(428, 'Achime ', 'Jarrell', 39, 416, 'Domonique Berger'),
(429, 'Adelinde ', 'Cullen', 51, 6, 'Berna Hagan'),
(430, 'Kamilla', 'Frank', 4, 363, 'Joya Melendez'),
(431, 'Innocentia', 'Magana', 61, 763, 'Eugene Segura'),
(432, 'Nanni', 'Pettis', 6, 257, 'Ferdinand Coon'),
(433, 'Balian ', 'Somers', 35, 28, 'Mervin Pogue'),
(434, NULL, 'Mcnulty', NULL, 69, 'Elliott Beers'),
(435, 'Anastina', 'Pettit', 12, 98, 'Hattie Andrade'),
(436, 'Adelinde ', 'Culp', 63, 631, 'Tracie Abrams'),
(437, 'Lioba', 'Jarrett', 37, 964, 'Jamaal Hurst'),
(438, 'Abeline ', 'Mcnutt', 72, 495, 'Griselda Amador'),
(439, 'Kara', 'Petty', 79, 406, 'Vito Mcgowan'),
(440, 'Yascha', 'Mcpherson', 34, 829, NULL),
(441, 'Modena', 'Aiken', 13, 190, 'Twyla Church'),
(442, 'Kowi', 'Brandon', 2, 1, 'Tereasa Selby'),
(443, 'Menowin', 'Peyton', 56, 648, 'Melvin Bernstein'),
(444, 'Dankmar', 'Ainsworth', 0, 937, 'Coleman Mosier'),
(445, 'Gardi', 'Franklin', 49, 783, 'Elayne Dang'),
(446, 'Yehla', 'Weber', 77, 306, 'Stanton Riddick'),
(447, 'Frederika', 'Magee', 78, 370, 'Numbers Dye'),
(448, NULL, 'Sommer', NULL, 173, 'Christin Pickens'),
(449, 'Ernö', 'Mcqueen', 77, 508, 'William Gorman'),
(450, 'Gerburgis', 'Brandt', 56, 445, 'Edmond Stubbs'),
(451, 'Sigmar', 'Jarvis', 40, 544, 'Russel Major'),
(452, 'Erhard', 'Webster', 37, 6, 'Lavern Steinberg'),
(453, 'Botlef', 'Maguire', 40, 322, 'Jim Cook'),
(454, 'Herwald', 'Akers', 54, 6, 'Angelo Wray'),
(455, 'Augis', 'Pfeifer', 79, 24, 'Bradford Dial'),
(456, 'Cesar', 'Jasper', 65, 311, 'Sybil Bradford'),
(457, NULL, 'Sommers', NULL, 553, 'Beata Booth'),
(458, 'Christof', 'Culpepper', 19, 210, 'Jude Blanchard'),
(459, 'Ruwen', 'Weddle', 47, 692, NULL),
(460, 'Ablona ', 'Mahaffey', 0, 315, 'Fredric Oneal'),
(461, NULL, 'Song', NULL, 480, 'Luba Abraham'),
(462, 'Felizia', 'Weeks', 40, 915, 'Zachary Patrick'),
(463, 'Kolumban', 'Mcrae', 52, 896, 'Chere Warfield'),
(464, 'Harwig', 'Jay', 61, 932, 'Heidy Acevedo'),
(465, 'Kalena', 'Mahan', 34, 867, 'Jamaal Yount'),
(466, 'Jördis', 'Pfeiffer', 62, 813, 'Carlene Bunker'),
(467, 'Thalie', 'Jaynes', 56, 778, 'Alisa Colbert'),
(468, 'Balduin ', 'Maher', 5, 126, 'Bette Abreu'),
(469, 'Pontianus', 'Mcreynolds', 73, 349, 'Glenna Antonio'),
(470, 'Aegina ', 'Sorensen', 50, 577, 'Louvenia Fogle'),
(471, 'Armella', 'Pham', 71, 806, NULL),
(472, NULL, 'Franks', NULL, 233, 'Adalberto Grimm'),
(473, 'Fynnia', 'Jean', 2, 45, 'Lesley Napier'),
(474, 'Adine ', 'Branham', 16, 979, 'Kesha Ralston'),
(475, 'Blandine', 'Akin', 42, 760, NULL),
(476, 'Linelle', 'Weems', 5, 70, NULL),
(477, 'Hannika', 'Brannon', 60, 316, 'Brenton Berg'),
(478, 'Erlefried', 'Culver', 0, 732, 'Romeo Ashley'),
(479, 'Frieder', 'Frantz', 50, 539, NULL),
(480, 'Akazia ', 'Mahon', 63, 333, 'Helene Haines'),
(481, 'Erentrudis', 'Sorenson', 49, 934, 'Reyna Alaniz'),
(482, 'Kundry', 'Weiner', 25, 107, NULL),
(483, 'Lejana', 'Mcswain', 27, 431, NULL),
(484, 'Baldur ', 'Phan', 0, 97, 'Seymour Alonzo'),
(485, 'Maurus', 'Mcvey', 9, 149, 'Garth Richard'),
(486, 'Ezechiel', 'Akins', 50, 930, 'Abdul May'),
(487, 'Marcellinus', 'Soria', 2, 801, 'Jodi Steadman'),
(488, 'Käte', 'Weinstein', 22, 2, 'Beverley Heller'),
(489, 'Baldrun', 'Branson', 57, 67, NULL),
(490, NULL, 'Phelan', NULL, 796, NULL),
(491, 'Levinia', 'Alaniz', 23, 918, 'Rutha Ahrens'),
(492, NULL, 'Soriano', NULL, 602, 'Demetrius Ackerman'),
(493, NULL, 'Brant', NULL, 550, 'Celena Amato'),
(494, 'Haymo', 'Cummings', 35, 413, 'Carol Vickery'),
(495, 'Sagana', 'Franz', 23, 37, 'Chuck Clanton'),
(496, 'Bernolf', 'Jefferies', 4, 274, 'Tanna Frederick'),
(497, 'Bartel ', 'Cunningham', 48, 305, 'Junior Hinds'),
(498, NULL, 'Mcwhorter', NULL, 80, 'Abram Prewitt'),
(499, 'Abby ', 'Mahoney', 52, 18, 'Jesenia Leighton'),
(500, 'Caruso', 'Fraser', 51, 765, 'Sheryl Pryor'),
(501, 'Kresandra', 'Cupp', 79, 277, 'Adam Graf'),
(502, 'Tita', 'Weir', 40, 661, 'Roy Copeland'),
(503, 'Peronnik', 'Frasier', 6, 606, NULL),
(504, 'Silko', 'Curley', 8, 519, 'Angelic Jorgensen'),
(505, 'Christl', 'Phelps', 0, 625, 'Shanell Norman'),
(506, 'California', 'Frazer', 19, 499, 'Arline Melendez'),
(507, 'Caspar', 'Mcwilliams', 31, 706, 'Willy Koonce'),
(508, 'Alphonsine', 'Phillips', 63, 998, 'Aleen Lawless'),
(509, 'Tana', 'Meacham', 54, 336, 'Myrtie Albers'),
(510, 'Friedebrecht', 'Jeffers', 17, 582, 'Suzie Betts'),
(511, 'Yascha', 'Curran', 64, 347, 'Deana Thomsen'),
(512, 'Viktoria', 'Frazier', 72, 268, 'Dannie Cain'),
(513, NULL, 'Sorrell', NULL, 853, 'Domingo Alaniz'),
(514, 'Warinheri', 'Maier', 73, 362, 'Janean Mcwilliams'),
(515, 'Beda ', 'Alarcon', 20, 250, 'Kenna Nagy'),
(516, 'Lenneth', 'Phipps', 79, 636, 'Albert Rupp'),
(517, NULL, 'Jefferson', NULL, 1, 'Sammy Stidham'),
(518, 'Xanthe', 'Currie', 47, 1, 'Margart Cooks'),
(519, 'Colias', 'Mead', 25, 731, 'Ashley Lowry'),
(520, 'Ehrhard', 'Brantley', 1, 651, NULL),
(521, 'Christof', 'Frederick', 73, 282, NULL),
(522, 'Thaddea', 'Weis', 33, 394, 'Minerva Applegate'),
(523, 'Bosse', 'Main', 22, 438, 'Salvatore Pennington'),
(524, NULL, 'Currier', NULL, 83, 'Warner Alley'),
(525, 'Hermann', 'Jeffery', 50, 1, 'Dorsey Ackerman'),
(526, 'Irenäus', 'Sosa', 37, 784, 'Adrian Gross'),
(527, 'Eovyn', 'Fredericks', 39, 2, NULL),
(528, 'Mangold', 'Alba', 38, 942, NULL),
(529, NULL, 'Curry', NULL, 220, 'Janay Andrews'),
(530, 'Natanja', 'Major', 6, 103, 'Cleveland Coyne'),
(531, 'Philippine', 'Braswell', 49, 80, 'Jamison Shay'),
(532, 'Adriane ', 'Jeffrey', 24, 620, 'Rupert Kellum'),
(533, 'Lionna', 'Albers', 8, 755, 'Seymour Etheridge'),
(534, 'Kuno', 'Bratcher', 65, 8, 'Omar Hopper'),
(535, 'Ablona ', 'Fredrickson', 33, 219, 'Magdalene Seward'),
(536, 'Sonnele', 'Majors', 24, 90, 'Robin Hopper'),
(537, 'Hypolit', 'Picard', 43, 8, 'Sung Thornton'),
(538, 'Haimo', 'Jeffries', 63, 880, 'Kathrine Hayes'),
(539, 'Almuth', 'Meade', 46, 384, 'Mallory Ruiz'),
(540, 'Mirijam', 'Curtin', 41, 681, 'Arnulfo Kearns'),
(541, 'Heidemaria', 'Pickard', 64, 358, 'Carisa Corcoran'),
(542, 'Krispin', 'Free', 26, 503, 'Abby Dunaway'),
(543, 'Florens', 'Curtis', 31, 591, 'Katlyn Quigley'),
(544, 'Bibi', 'Albert', 54, 55, 'Lincoln Hinds'),
(545, 'Maex', 'Meador', 3, 905, 'Fransisca Hudgins'),
(546, 'Sigmar', 'Pickens', 37, 35, 'Antony Tripp'),
(547, 'Polykarp', 'Freed', 59, 324, 'Bruno Qualls'),
(548, NULL, 'Cushman', NULL, 420, 'Nickolas Trent'),
(549, 'Silia', 'Weiss', 24, 325, 'Eddie Cabral'),
(550, 'Sakias', 'Bratton', 69, 1, 'Augustine Berman'),
(551, 'Friedalotta', 'Albertson', 33, 621, 'Doretha Crain'),
(552, 'Chlodomer', 'Meadows', 1, 732, 'Shirley Battle'),
(553, 'Ebbe', 'Sotelo', 12, 133, 'Alishia Hughey'),
(554, 'Veritas', 'Freedman', 20, 190, 'Jami Abraham'),
(555, 'Ladschana', 'Maki', 33, 585, 'Brittaney Cortez'),
(556, 'Josias', 'Jenkins', 11, 300, 'Alberta Madison'),
(557, 'Evodia', 'Braun', 30, 331, 'Sergio Schell'),
(558, 'Altburg', 'Albrecht', 29, 59, 'Jacinto Aguilera'),
(559, 'Eusebia', 'Pickering', 52, 280, 'Kristan Peters'),
(560, 'Junius', 'Bravo', 5, 675, NULL),
(561, 'Adlin ', 'Custer', 3, 721, 'Enid Abreu'),
(562, 'Lisabella', 'Welch', 11, 878, 'Raphael Emerson'),
(563, 'Nestor', 'Alcala', 55, 702, 'Christena Limon'),
(564, 'Narziß', 'Freeman', 66, 9, 'Leigha Ferris'),
(565, 'Aloysia', 'Malcolm', 30, 932, 'Alethea Acevedo'),
(566, 'Friedwart', 'Braxton', 28, 775, 'Dannielle Darden'),
(567, 'Poldi', 'Cutler', 74, 50, 'Blanche Cheng'),
(568, 'Minona', 'Soto', 77, 38, 'Samuel Schuster'),
(569, NULL, 'Jennings', NULL, 685, 'Alfonzo Rohr'),
(570, 'Brunhild', 'Freitas', 52, 66, 'Alaine Herring'),
(571, 'Vienne', 'Cyr', 18, 660, 'Abram Spangler'),
(572, 'Auguste', 'French', 60, 751, 'Shala Jett'),
(573, NULL, 'Weldon', NULL, 54, 'Altagracia Aponte'),
(574, 'Role', 'Means', 63, 61, 'Ada Shields'),
(575, 'Natanael', 'Sousa', 27, 122, NULL),
(576, 'Annalisa', 'Maldonado', 1, 324, 'Anton Mayhew'),
(577, 'Altburg', 'Pickett', 5, 682, 'Brook Acker'),
(578, 'Bulk', 'Alcorn', 34, 666, 'Abigail Sipes'),
(579, 'Morlind', 'Mears', 22, 897, 'Ada Curran'),
(580, 'Ottokar', 'Bray', 33, 792, 'Kent Nelms'),
(581, 'Brüne', 'Pierce', 41, 11, 'Luise Cloud'),
(582, 'Fijara', 'Dabney', 61, 338, 'Graig Alonso'),
(583, 'Wolfrad', 'Alderman', 67, 329, NULL),
(584, 'Cecilie', 'Medeiros', 67, 650, 'Scot Farrington'),
(585, NULL, 'Welker', NULL, 84, 'Pat Abrams'),
(586, 'Erike', 'Freund', 68, 420, 'Roosevelt Mayo'),
(587, 'Achime ', 'South', 73, 332, 'Mikaela Gifford'),
(588, 'Gundekar', 'Breaux', 55, 277, 'Dorsey Haines'),
(589, 'Felini', 'Aldrich', 37, 606, 'Kasey Friend'),
(590, 'Herward', 'Jensen', 28, 947, 'Kaleigh Call'),
(591, 'Frido', 'Malley', 57, 669, 'Elia Gifford'),
(592, 'Samoa', 'Dahl', 41, 679, 'Abby Ahrens'),
(593, 'Gustl', 'Pierre', 76, 510, 'Bianca Hughey'),
(594, 'Heddy', 'Jenson', 8, 652, 'Michell Fraley'),
(595, 'Lulu', 'Weller', 11, 159, 'Irvin Castellano'),
(596, 'Rebekka', 'Medina', 5, 543, 'Milda Galloway'),
(597, 'Yandric', 'Frey', 33, 568, 'Arnold Moya'),
(598, 'Bertina', 'Breeden', 41, 13, 'Rene Dyer'),
(599, 'Amika', 'Aldridge', 54, 744, 'Wesley Preston'),
(600, 'Cäsarius', 'Daigle', 1, 434, 'Ada Nielsen'),
(601, 'Sonique', 'Pierson', 38, 627, 'Deadra Brackett'),
(602, 'Achime ', 'Mallory', 30, 7, 'Agustina Girard'),
(603, 'Dore', 'Medley', 21, 986, 'Leo Whitson'),
(604, 'Kyrillus', 'Pike', 16, 10, 'Joanne Dial'),
(605, 'Hypolit', 'Jernigan', 7, 307, 'Donovan Creech'),
(606, 'Helmuth', 'Breedlove', 1, 910, 'Louis Abrams'),
(607, 'Chlodomer', 'Southard', 13, 22, 'Wyatt Adam'),
(608, 'Devid', 'Wellman', 75, 210, 'Roosevelt Battaglia'),
(609, 'Zereena', 'Aleman', 75, 213, 'Stephania Hanes'),
(610, NULL, 'Malloy', NULL, 434, 'Dino Lafleur'),
(611, 'Ulrik', 'Jessup', 7, 2, 'Timmy Unger'),
(612, 'Walburgis', 'Breen', 14, 136, 'Marica Cochrane'),
(613, 'Madlena', 'Frias', 0, 231, NULL),
(614, NULL, 'Southerland', NULL, 1, 'Shawnta Bonner'),
(615, NULL, 'Dailey', NULL, 91, 'Randa Wilkerson'),
(616, 'Rigobert', 'Frick', 32, 552, 'Adalberto Weeks'),
(617, 'Deborian', 'Malone', 1, 993, 'Adam Teague'),
(618, NULL, 'Medlin', NULL, 689, NULL),
(619, NULL, 'Daily', NULL, 541, 'Kip Cramer'),
(620, 'Bonifaz', 'Wells', 63, 397, 'Bart Clayton'),
(621, 'Eligius', 'Friedman', 23, 638, 'Ricky Finn'),
(622, 'Gumbert', 'Dale', 65, 122, 'Darell Dickey'),
(623, 'Brünhilde', 'Jeter', 17, 778, 'Andrew Bautista'),
(624, 'Lambrecht', 'Alexander', 77, 859, 'Lakeshia Calvin'),
(625, NULL, 'Friend', NULL, 677, 'Jimmie Winston'),
(626, 'Bodobert', 'Daley', 43, 205, 'Ada Jackson'),
(627, 'Hannes', 'Brennan', 0, 847, 'Wallace Adam'),
(628, 'Ehrentrud', 'Frierson', 45, 911, 'Zetta Abbott'),
(629, 'Aurelie', 'Southern', 61, 49, 'Lamonica Clemmons'),
(630, 'Joleena', 'Alfaro', 45, 309, 'Alison Akins'),
(631, 'Jochen', 'Maloney', 48, 578, 'Conrad Andersen'),
(632, 'Baldur ', 'Jett', 42, 381, 'Miguel Curtin'),
(633, 'Seraphinus', 'Mancini', 18, 544, NULL),
(634, 'Ziu', 'Pimentel', 33, 387, 'Isaias Brothers'),
(635, 'Ingold', 'Medlock', 18, 1, 'Cythia Jeffery'),
(636, 'Thorald', 'Jewell', 18, 27, 'Alexander Winn'),
(637, 'Kalixtus', 'Mancuso', 7, 393, 'Dick Wolford'),
(638, 'Dorothea', 'Welsh', 61, 621, 'Adeline Leone'),
(639, 'Catharina', 'Souza', 36, 694, 'Warren Fielder'),
(640, 'Zebedäus', 'Jewett', 55, 865, 'Candace Place'),
(641, 'Elinora', 'Pina', 48, 906, 'Adolph Shipley'),
(642, 'Annalina', 'Maness', 1, 164, 'Eve Weller'),
(643, 'Lovelle', 'Brenner', 78, 3, NULL),
(644, 'Laija', 'Alford', 71, 68, 'Alba Deal'),
(645, 'Annelore', 'Jimenez', 37, 109, 'Agueda Mowery'),
(646, 'Balintt ', 'Medrano', 69, 691, 'Frankie Lovejoy'),
(647, 'Adine ', 'Pinckney', 74, 708, 'Abram Crow'),
(648, 'Georgy', 'Mangum', 66, 567, NULL),
(649, 'Levinia', 'Brent', 48, 693, NULL),
(650, 'Paulina', 'Alger', 8, 454, NULL),
(651, 'Helmuth', 'Brewer', 41, 922, 'Shanon Blodgett'),
(652, 'Sanjae', 'Meehan', 80, 262, 'Winston Weeks'),
(653, 'Daimon', 'Dallas', 51, 266, 'Bobby Christie'),
(654, 'Adina ', 'Wendt', 32, 126, 'Myron Ruffin'),
(655, 'Nico', 'Ali', 2, 156, 'Terrell Couch'),
(656, 'Rayla', 'Brewster', 65, 877, 'Arvilla Turley'),
(657, 'Florien', 'Sowell', 15, 393, 'Jerrold Herrington'),
(658, 'Ayanta', 'Pineda', 8, 602, 'Alisia Addison'),
(659, 'Geva', 'Fries', 40, 958, 'Jana Smiley'),
(660, NULL, 'Wenger', NULL, 299, 'Gale Etheridge'),
(661, 'Hilaria', 'Jobe', 5, 390, NULL),
(662, 'Corbinian', 'Manley', 21, 692, 'Kortney Bourgeois'),
(663, 'Avera ', 'Sowers', 43, 834, 'Janita Ahmed'),
(664, 'Seraja', 'Joe', 41, 8, 'Alvaro Burgess'),
(665, NULL, 'Dalton', NULL, 213, 'Brandon Hankins'),
(666, 'Xenie', 'Meek', 22, 400, 'Josh Arce'),
(667, 'Christof', 'Alicea', 48, 426, 'Agnus Vandyke'),
(668, 'Dewin', 'Wentworth', 21, 466, 'Norman Canada'),
(669, 'Jürg', 'Fritz', 27, 749, NULL),
(670, 'Tjorven', 'Mann', 23, 816, 'Jarrod Aguiar'),
(671, 'Odovacar', 'Daly', 36, 972, 'Alejandra Rasmussen'),
(672, 'Abeline ', 'Frizzell', 32, 728, 'Charissa Kirkland'),
(673, 'Elfine', 'Johansen', 17, 411, NULL),
(674, 'Jutta', 'Pinkerton', 55, 527, 'Chaya Laney'),
(675, 'Bonifaz', 'Damico', 70, 564, 'Larisa Wilmoth'),
(676, 'Gottschalk', 'Manning', 78, 558, 'Ambrose Caudill'),
(677, 'Marbot', 'Meeker', 67, 601, 'Emmett Lawson'),
(678, 'Luiselotte', 'Brice', 7, 138, 'Marisol Ashmore'),
(679, 'Faustinus', 'Pinkston', 0, 7, 'Sherry Patton'),
(680, 'Gerd', 'Allan', 38, 650, NULL),
(681, 'Pankraz', 'Bridges', 12, 149, 'Adan Oreilly'),
(682, 'Mingard', 'John', 43, 514, 'Roscoe Cambell'),
(683, 'Joannis', 'Spain', 20, 896, 'Rodrick Oconner'),
(684, 'Herwig', 'Meeks', 54, 686, 'Mary Cheng'),
(685, 'Horstine', 'Frost', 60, 135, NULL),
(686, NULL, 'Allard', NULL, 3, 'Odelia Valadez'),
(687, 'Swala', 'Briggs', 33, 711, 'Jamaal Kowalski'),
(688, 'Gunde', 'Pino', 80, 9, 'Idalia Starr'),
(689, 'Armella', 'Meier', 78, 670, 'Jesus Steward'),
(690, 'Lenette', 'Wentz', 57, 383, 'Numbers Deloach'),
(691, 'Otwin', 'Spalding', 78, 3, 'Shelby Abbott'),
(692, 'Erkenbald', 'Wenzel', 13, 576, 'Corine Thurston'),
(693, 'Tjorden', 'Spangler', 45, 1, 'Andreas Fishman'),
(694, NULL, 'Werner', NULL, 18, 'Gale Bratton'),
(695, NULL, 'Spann', NULL, 908, 'Adam Tillman'),
(696, 'Waldomir', 'Manns', 71, 79, 'Paris Beard'),
(697, NULL, 'Wertz', NULL, 40, 'Ginny Tharp'),
(698, 'Menne', 'Sparkman', 11, 654, 'Quentin Posey'),
(699, 'Mareline', 'Damon', 70, 432, 'Issac Abernathy'),
(700, 'Gunter', 'Fry', 27, 975, 'Lucina Aguilera'),
(701, 'Elwine', 'Pinson', 8, 323, 'Claudie Casillas'),
(702, 'Sieglinde', 'Mejia', 1, 192, 'Aleshia Buford'),
(703, 'Lyana', 'Damron', 2, 283, 'Myrtice Casper'),
(704, NULL, 'Wesley', NULL, 7, 'Belia Cornett'),
(705, 'Birklinde', 'Pinto', 4, 993, 'Dominque Baumgartner'),
(706, NULL, 'Sparks', NULL, 646, 'Carl Alcorn'),
(707, 'Gottschalk', 'Melancon', 62, 888, 'Rueben Moriarty'),
(708, 'Endrik', 'Allen', 13, 59, 'Nguyet Kirchner'),
(709, 'Juditha', 'West', 32, 415, 'Cherrie Arrington'),
(710, 'Naissa', 'Sparrow', 26, 2, 'Bennie Wolford'),
(711, 'Florin', 'Frye', 47, 763, NULL),
(712, 'Haiko', 'Westbrook', 7, 478, 'Bennie Whitt'),
(713, 'Line', 'Dancy', 5, 789, 'Timothy Allison'),
(714, 'Nastja', 'Bright', 50, 68, 'Jarrett Chavis'),
(715, 'Solemnia', 'Fryer', 4, 797, 'Miyoko Wyatt'),
(716, 'Berngar', 'Johns', 65, 885, NULL),
(717, 'Elfine', 'Piper', 31, 261, 'Hassie Abernathy'),
(718, 'Bernhard', 'Mansfield', 34, 89, 'Dorian Fajardo'),
(719, 'Maex', 'Spaulding', 54, 92, 'Adela Mosier'),
(720, NULL, 'Wester', NULL, 647, 'Damion Lemus'),
(721, 'Aurion ', 'Alley', 37, 598, 'Season Paulson'),
(722, 'Arlett', 'Melendez', 52, 155, 'Rosalinda Adcock'),
(723, 'Armella', 'Brill', 4, 234, 'Buford Rapp'),
(724, 'Abbeygail ', 'Allison', 2, 802, 'Hugh Oliphant'),
(725, 'Koloman', 'Dang', 20, 598, 'Abram Burney'),
(726, 'Edelbert', 'Fuchs', 10, 10, 'Garth Nelms'),
(727, NULL, 'Pipkin', NULL, 597, 'Glenn Abney'),
(728, 'Tizian', 'Brink', 10, 741, 'Eboni Lawrence'),
(729, 'Cyriacus', 'Spear', 22, 866, 'Vannesa Crosby'),
(730, 'Liafwin', 'Allman', 16, 197, 'Max Abbott'),
(731, 'Danya', 'Brinkley', 19, 658, 'Nery Yarbrough'),
(732, 'Bertina', 'Mello', 4, 826, 'Cliff Goforth'),
(733, 'Eberharda', 'Pippin', 47, 958, 'Shelba Abney'),
(734, 'Ablona ', 'Johnson', 53, 557, 'Alayna Sandoval'),
(735, 'Curd', 'Dangelo', 33, 52, 'Quinn Brothers'),
(736, 'Juta', 'Westfall', 78, 7, 'Roberto Russ'),
(737, 'Lennika', 'Manson', 32, 883, 'Jaimee Lachance'),
(738, 'Ottmar', 'Johnston', 0, 278, 'Cayla Edmonds'),
(739, 'Juéline', 'Manuel', 32, 439, 'Vince Landers'),
(740, NULL, 'Joiner', NULL, 633, 'Tynisha Devore'),
(741, 'Dodo', 'Fuentes', 74, 966, 'Carlota Wang'),
(742, 'Waltraud', 'Melton', 38, 5, 'Darryl Mejia'),
(743, 'Baldo ', 'Allred', 33, 787, 'Kandace Gant'),
(744, 'Balduin ', 'Brinkman', 30, 708, 'Jess Franks'),
(745, 'Thöger', 'Daniel', 28, 46, 'Cayla Singh'),
(746, 'Clarence', 'Manzo', 22, 709, NULL),
(747, NULL, 'Fugate', NULL, 23, 'Keturah Wynne'),
(748, 'Philipp', 'Daniels', 38, 261, 'Chadwick Gibson'),
(749, 'Madlene', 'Spearman', 40, 210, 'Elwood Simmons'),
(750, 'Hesekiel', 'Jolley', 9, 777, 'Spencer Karr'),
(751, 'Aristine', 'Fulcher', 41, 352, 'Carmela Abel'),
(752, 'Markus', 'Almanza', 54, 401, 'Talitha Coons'),
(753, 'Burkart', 'Danielson', 63, 193, 'Maurice Hutchison'),
(754, 'Lukian', 'Pitre', 2, 80, 'Rich Gaskin'),
(755, 'Dark', 'Fuller', 25, 475, NULL),
(756, 'Esra', 'Maples', 78, 2, 'Liberty Abraham'),
(757, 'Wigald', 'Danner', 48, 72, 'Donny Laflamme'),
(758, 'Ebbe', 'Brinson', 77, 69, 'Kit Milne'),
(759, 'Eduard', 'Westmoreland', 3, 498, 'Kayleen Chestnut'),
(760, NULL, 'Melvin', NULL, 4, 'Kenny Alcala'),
(761, 'Caspara', 'Almeida', 55, 556, NULL),
(762, 'Cinja', 'Briones', 21, 518, 'Essie Staton'),
(763, 'Nepomuk', 'Fullerton', 73, 202, 'Mayme Passmore'),
(764, 'Maylon', 'Almond', 2, 219, 'Lionel Bethea'),
(765, NULL, 'Jolly', NULL, 439, 'Alvin Abreu'),
(766, 'Feline', 'Spears', 41, 293, 'Krystle Minton'),
(767, 'Hadufuns', 'Weston', 39, 277, NULL),
(768, 'Avila', 'Darby', 9, 990, 'Emilia Mcnutt'),
(769, 'Alenia ', 'Fulmer', 39, 338, 'Franklin Brito'),
(770, 'Corvinus', 'Pittman', 63, 56, 'Scot Hedrick'),
(771, 'Clementia', 'Briscoe', 2, 910, NULL),
(772, 'Eckard', 'Marble', 7, 2, 'Gregorio Begley'),
(773, 'Gustav', 'Mena', 57, 590, 'Abram Mayers'),
(774, 'Elika', 'Pitts', 28, 473, 'Russ Harmon'),
(775, 'Baldur ', 'Speed', 19, 141, 'Roselee Tyner'),
(776, 'Miria', 'Jones', 14, 885, 'Velva Proffitt'),
(777, 'Dorle', 'Alonso', 33, 3, 'Ron Abernathy'),
(778, 'Clarinde', 'March', 11, 342, 'Arnulfo Edmonds'),
(779, 'Iustina', 'Wetzel', 38, 955, 'Melvin Goldman'),
(780, NULL, 'Darden', NULL, 975, 'Monique Blanchette'),
(781, 'Maex', 'Fulton', 24, 685, 'Alonso Ewing'),
(782, 'Luna', 'Briseno', 57, 361, 'Winford Held'),
(783, NULL, 'Alonzo', NULL, 606, 'Oda Broderick'),
(784, 'Joelle', 'Menard', 25, 735, 'Contessa Fulcher'),
(785, 'Tjorge', 'Place', 70, 13, 'Laronda Mccracken'),
(786, 'Ejs', 'Speer', 5, 513, 'Marc Hook'),
(787, 'Filla', 'Mendenhall', 9, 578, 'Emelia Pedersen'),
(788, 'Othmar', 'Plante', 54, 753, 'Evelyn Mercier'),
(789, 'Ailine ', 'Brito', 45, 744, 'Adolph Abbott'),
(790, 'Daymon', 'Whalen', 50, 672, 'Dalila Bartholomew'),
(791, 'Christoffel', 'Darling', 67, 588, 'Grady Rowe'),
(792, 'Marinjo', 'Mendez', 16, 61, NULL),
(793, 'Liara', 'Alston', 46, 38, 'Abigail Coleman'),
(794, 'Vienna', 'Jordan', 39, 812, 'Benton Fahey'),
(795, 'Viktoria', 'Marchand', 54, 322, 'Thanh Camp'),
(796, 'Hadubrand', 'Spellman', 65, 4, 'Lorenza Manley'),
(797, 'Beda ', 'Fultz', 9, 173, 'Chadwick Niles'),
(798, 'Alwine', 'Whaley', 77, 303, 'Kate Amos'),
(799, 'Manoa', 'Platt', 28, 941, 'Wesley Holcombe'),
(800, 'Endris', 'Mendoza', 43, 898, 'Lady Forrest'),
(801, 'Ablona ', 'Spence', 69, 57, 'Xochitl Sigler'),
(802, 'Romegius', 'Pleasant', 0, 920, 'Gayle Almanza'),
(803, NULL, 'Darnell', NULL, 14, 'Felton Galbraith'),
(804, 'Menowin', 'Funderburk', 1, 9, 'Mickey Oswald'),
(805, 'Friedburg', 'Jordon', 68, 77, 'Isaias Cooley'),
(806, 'Jakobus', 'Menendez', 31, 634, 'Liane Spurlock'),
(807, 'Burkard', 'Dasilva', 44, 150, NULL),
(808, 'Annelene', 'Marcotte', 31, 75, 'Jeffery Purvis'),
(809, 'Eberhart', 'Jorgensen', 11, 616, 'Terra Cowart'),
(810, 'Smudo', 'Wharton', 13, 367, 'Sudie Lindberg'),
(811, 'Sigwin', 'Plummer', 38, 427, 'Lourdes Berryman'),
(812, 'Narziss', 'Britt', 6, 771, 'Donna Prince'),
(813, 'Achime ', 'Funk', 7, 935, 'Abigail Osullivan'),
(814, 'Vulpecula', 'Marcum', 78, 47, 'Aileen Spann'),
(815, 'Aglaja ', 'Mercado', 49, 367, 'Frances Gonzalez'),
(816, 'Lukas', 'Plunkett', 60, 217, 'Aliza Dell'),
(817, 'Janete', 'Daugherty', 10, 89, 'Lawerence Oaks'),
(818, 'Alruna', 'Mercer', 37, 457, 'Delana Cheatham'),
(819, 'Wastl', 'Pogue', 52, 185, 'Jody Vazquez'),
(820, 'Kordelia', 'Merchant', 72, 1, 'Burton Alonso'),
(821, 'Levia', 'Altman', 35, 422, 'Alisha Buford'),
(822, 'Cecilie', 'Fuqua', 16, 349, 'Daphne Love'),
(823, NULL, 'Jorgenson', NULL, 240, 'Stephen Clark'),
(824, 'Poldi', 'Brittain', 48, 747, 'Hildegard Ahern'),
(825, 'Adlin ', 'Spencer', 5, 639, 'Stuart Labbe'),
(826, 'Friedbert', 'Whatley', 79, 915, 'Dewey Amato'),
(827, 'Rüdiger', 'Poindexter', 29, 369, 'Karon Corcoran'),
(828, 'Annafee', 'Mercier', 68, 281, 'Fernando Bouchard'),
(829, NULL, 'Davenport', NULL, 679, 'April Mullin'),
(830, 'Raginmund', 'Marcus', 41, 729, 'Brain Clough'),
(831, NULL, 'Sperry', NULL, 746, 'Chadwick Headley'),
(832, 'Bartel ', 'Furman', 7, 70, 'Antone Huntington'),
(833, 'Ruthilde', 'Alvarado', 52, 313, 'Abe Charles'),
(834, 'Friedebrecht', 'Britton', 50, 427, 'Reina Thayer'),
(835, 'Aurion ', 'Pointer', 56, 489, 'Abbie Curran'),
(836, NULL, 'Wheat', NULL, 168, 'Kylee Bunn'),
(837, 'Erwald', 'Spicer', 6, 853, 'Rhonda Peters'),
(838, NULL, 'Wheatley', NULL, 6, 'Alison Galindo'),
(839, 'Oktavus', 'David', 49, 757, 'Aimee Flemming'),
(840, 'Wirk', 'Alvarez', 67, 99, 'Dalton Heinz'),
(841, 'Ionita', 'Spinks', 61, 18, 'Mercy Fields'),
(842, 'Ottokar', 'Broadway', 49, 56, 'Gordon Greene'),
(843, NULL, 'Jose', NULL, 96, 'Nestor Abrams'),
(844, 'Balintt ', 'Furr', 42, 215, 'Kieth Hamm'),
(845, 'Frowine', 'Alves', 45, 894, 'Freddie Mccune'),
(846, 'Mirabell', 'Mares', 14, 20, 'Dong Frick'),
(847, 'Anais', 'Wheaton', 9, 820, 'Mellie Abraham'),
(848, 'Cäsar', 'Joyce', 41, 770, 'Williams Anders'),
(849, 'Jan-Luca', 'Brock', 25, 316, 'Ying Aleman'),
(850, 'Dany', 'Amador', 16, 694, 'Freddie Abraham'),
(851, 'Erwin', 'Meredith', 35, 453, 'Burt Byrnes'),
(852, 'Bitja', 'Davidson', 31, 756, 'Annalisa Lowell'),
(853, 'Otger', 'Marin', 18, 27, 'Dylan Savoy'),
(854, 'Dora', 'Joyner', 20, 481, 'Morgan Angel'),
(855, 'Elieser', 'Brockman', 9, 978, 'Steven Hoy'),
(856, 'Pit', 'Amaral', 64, 266, 'Lamar Nowlin'),
(857, 'Chaymae', 'Fusco', 3, 651, 'Craig Amos'),
(858, 'Thorson', 'Broderick', 6, 60, 'Alexis Burris'),
(859, 'Adlin ', 'Spivey', 45, 839, NULL),
(860, 'Erentrud', 'Davies', 17, 152, 'Adelaida Chen'),
(861, 'Jael', 'Poirier', 40, 718, 'Britteny Gilchrist'),
(862, 'Florentine', 'Merrick', 34, 819, 'Gearldine Raynor'),
(863, 'Canela', 'Gable', 12, 284, 'Adalberto Cooley'),
(864, 'Akelei ', 'Amato', 44, 321, 'Lashon Lindquist'),
(865, 'Eberhard', 'Wheeler', 28, 89, 'Lessie Elizondo'),
(866, 'Freimut', 'Marino', 35, 794, 'Cole Nation'),
(867, 'Rijana', 'Spooner', 9, 197, NULL),
(868, 'Vinzentia', 'Brogan', 1, 56, 'Denis Linares'),
(869, 'Bartel ', 'Amaya', 68, 557, 'Dale Justus'),
(870, 'Cäsar', 'Juarez', 47, 95, 'Abraham Tolbert'),
(871, 'Julica', 'Whelan', 0, 700, 'Anton Craig'),
(872, 'Bernolf', 'Marion', 12, 426, 'Catina Parris'),
(873, 'Lisandra', 'Polanco', 64, 133, 'Abel Polk'),
(874, 'Ravena', 'Judd', 0, 556, 'Fidel Abel'),
(875, 'Claus', 'Bronson', 16, 693, 'Abby Martens'),
(876, 'Rimja', 'Merrill', 43, 238, NULL),
(877, 'Friederun', 'Davila', 40, 298, 'Martin Pannell'),
(878, 'Romedius', 'Mark', 0, 754, 'Reanna Blank'),
(879, 'Philipp', 'Ambrose', 17, 769, 'Earle Acker'),
(880, 'Merlinde', 'Gabriel', 24, 212, 'Gonzalo Jewell'),
(881, 'Alejna ', 'Brooks', 29, 982, 'Sarita Duvall'),
(882, 'Yannah', 'Spradlin', 62, 127, 'Torie Collazo'),
(883, 'Nicol', 'Davis', 40, 362, 'Louie Garnett'),
(884, 'Raiko', 'Jude', 34, 6, 'Angelia Desimone'),
(885, 'Xaver', 'Gaddis', 65, 639, 'Edward Wilson'),
(886, 'Bartholomäus ', 'Ames', 20, 606, 'Astrid Morey'),
(887, 'Alraune', 'Markham', 49, 574, 'Bill Amaya'),
(888, NULL, 'Davison', NULL, 19, NULL),
(889, NULL, 'Whipple', NULL, 957, 'Cornelius Abrams'),
(890, NULL, 'Judge', NULL, 958, 'Ericka Delong'),
(891, 'Mischael', 'Markley', 0, 880, 'Carletta Agee'),
(892, 'Uli', 'Julian', 23, 106, 'Gino Campos'),
(893, 'Rüder', 'Sprague', 80, 285, 'Jamey Fahey'),
(894, 'Ducati', 'Whitaker', 34, 594, 'Rene Cantwell'),
(895, 'Berengar', 'Spriggs', 43, 378, 'Jonathan Mays'),
(896, 'Farona', 'Broome', 9, 37, 'Nolan Morse'),
(897, 'Ive', 'Ammons', 34, 51, 'Breanna Espinosa'),
(898, 'Wolfsindis', 'Marks', 55, 738, 'Dan Christenson'),
(899, NULL, 'Whited', NULL, 351, 'Bula Allan'),
(900, NULL, 'Jung', NULL, 729, 'Katie Acker'),
(901, 'Lumina', 'Gaddy', 44, 106, NULL),
(902, 'Dankmar', 'Dawkins', 60, 483, 'Alfredia Granados'),
(903, 'Finian', 'Brothers', 46, 418, 'Lenita Hermann'),
(904, NULL, 'Amos', NULL, 660, 'Joan Bond'),
(905, 'Eitel-Fritz', 'Gaffney', 3, 497, 'Danny Robson'),
(906, 'Joas', 'Spring', 23, 215, 'Abigail Lavoie'),
(907, 'Amika', 'Broughton', 7, 921, 'Ramiro Knudsen'),
(908, 'Corvinus', 'Whitehead', 35, 799, 'Pricilla Acker'),
(909, NULL, 'Marlow', NULL, 279, 'Anderson Whitson'),
(910, 'Reesa', 'Justice', 60, 350, 'Marlin Greathouse'),
(911, 'Nuna', 'Dawson', 80, 6, 'Carol Mcgrath'),
(912, 'Minette', 'Anaya', 26, 8, 'Buddy Knox'),
(913, 'Coppelius', 'Broussard', 76, 559, 'Reed Culp'),
(914, 'Balian ', 'Gage', 6, 993, 'Cherie Stockton'),
(915, 'Neolie', 'Anders', 75, 7, 'Francis Berman'),
(916, 'Godwin', 'Springer', 22, 542, 'Buddy Hickman'),
(917, 'Hadufuns', 'Whitehurst', 20, 487, 'Cary Higdon'),
(918, 'Casady', 'Sprouse', 31, 935, 'Rashad Arevalo'),
(919, NULL, 'Whiteside', NULL, 839, 'Sadie Adam'),
(920, 'Radolf', 'Polk', 48, 206, 'Abe Beach'),
(921, 'Ottomar', 'Browder', 11, 219, NULL),
(922, 'Friederika', 'Andersen', 46, 425, 'Kristina Ahern'),
(923, 'Selmar', 'Merriman', 52, 94, 'Tomiko Lambert'),
(924, 'Kain', 'Pollack', 64, 529, 'Sebastian Arce'),
(925, 'Izanuela', 'Merritt', 60, 119, 'Frederick Beyer'),
(926, 'Hanneliese', 'Day', 50, 226, NULL),
(927, NULL, 'Brower', NULL, 844, 'Gayle Alcala'),
(928, 'Jakobine', 'Pollard', 74, 851, 'Evelyn Meredith'),
(929, 'Haike', 'Spruill', 43, 386, NULL),
(930, NULL, 'Anderson', NULL, 780, 'Jacquelynn Coppola'),
(931, 'Yoda', 'Brown', 65, 662, NULL),
(932, 'Manusch', 'Gagne', 3, 529, 'Warner Isbell'),
(933, 'Django', 'Marlowe', 0, 591, 'Jarrett Begay'),
(934, 'Askanja', 'Justus', 69, 987, 'Ida Moe'),
(935, 'Inra', 'Dayton', 78, 328, 'Adelia Aguilera'),
(936, 'Richmute', 'Gagnon', 40, 816, 'Abe Abrams'),
(937, NULL, 'Andrade', NULL, 72, 'Gilberto Acevedo'),
(938, 'Arlett', 'Browne', 27, 574, 'Brendan Akin'),
(939, 'Clivia', 'Mesa', 18, 877, 'Sadye Stahl'),
(940, 'Bithja', 'Pollock', 9, 1, NULL),
(941, NULL, 'Marquez', NULL, 788, 'Franklin Engel'),
(942, 'Adina ', 'Whitfield', 6, 955, 'Leeanna Griffiths'),
(943, 'Hilar', 'Andre', 79, 9, 'Garth Calvin'),
(944, 'Pauleen', 'Deal', 62, 864, 'Abram Diehl'),
(945, 'Jehova', 'Kahn', 37, 322, 'Shane Antonio'),
(946, 'Eusebius', 'Messenger', 3, 913, NULL),
(947, 'Adlin ', 'Spurlock', 16, 276, NULL),
(948, 'Linnart', 'Browning', 34, 443, 'Carina Wetzel'),
(949, 'Ijob', 'Whiting', 50, 77, NULL),
(950, 'Emilienne', 'Pomeroy', 0, 442, NULL),
(951, 'Balian ', 'Messer', 4, 999, 'Jerrie Battaglia'),
(952, NULL, 'Marquis', NULL, 3, 'Virgil Obrien'),
(953, 'Reglindis', 'Andres', 39, 591, 'Jewel Ivey'),
(954, 'Gundela', 'Gaines', 28, 413, NULL),
(955, 'Chlodomer', 'Brownlee', 48, 785, NULL),
(956, 'Wedekind', 'Kaiser', 0, 140, 'Susanne Causey'),
(957, 'Nena', 'Ponce', 63, 23, 'Almeta Rainey'),
(958, 'Talisja', 'Andrew', 14, 80, 'Vonnie Benner'),
(959, 'Adina ', 'Broyles', 79, 282, NULL),
(960, 'Viveca', 'Dean', 25, 5, 'Horacio Fontaine'),
(961, 'Fabiane', 'Marr', 31, 699, 'Nancy Ashley'),
(962, 'Aylia', 'Messina', 21, 671, 'Frances Laws'),
(963, 'Pondus', 'Kaminski', 6, 89, 'Errol Clough'),
(964, 'Junipa', 'Pond', 66, 1, 'Douglass Abernathy'),
(965, NULL, 'Gainey', NULL, 228, 'Armandina Roark'),
(966, NULL, 'Deaton', NULL, 941, 'Lorretta Fletcher'),
(967, 'Kensie', 'Metcalf', 44, 635, 'Corine Mejia'),
(968, 'Eckbert', 'Marrero', 66, 452, 'Octavio March'),
(969, 'Raimar', 'Kane', 20, 330, 'Kevin Gregg'),
(970, 'Ottheinrich', 'Squires', 27, 626, 'Andre Gallagher'),
(971, 'Sonnwin', 'Gaither', 64, 470, 'Jarrett Byars'),
(972, 'Ehrentraud', 'Andrews', 35, 502, 'Elida Alexander'),
(973, 'Eleanora', 'Decker', 77, 403, 'Emil Navarro'),
(974, NULL, 'Brubaker', NULL, 77, 'Abigail Meredith'),
(975, 'Gundelindis', 'Marroquin', 38, 576, 'Antony Slone'),
(976, 'Egidius', 'Andrus', 72, 712, 'Alida Beals'),
(977, 'Jutte', 'Whitley', 50, 606, 'Palmer Denson'),
(978, 'Berno', 'Kang', 52, 776, 'Shaun Alston'),
(979, 'Demokrit', 'Marsh', 0, 7, 'Darius Clegg'),
(980, 'Tobi', 'Kaplan', 74, 967, 'Myong Aguilera'),
(981, 'Getraud', 'Stacey', 34, 618, 'Leif Louis'),
(982, 'Ellenor', 'Galarza', 68, 33, 'Keren Bernier'),
(983, 'Amika', 'Ponder', 51, 751, 'Cecelia Bland'),
(984, 'Genefra', 'Marshall', 36, 823, 'Grover Sturm'),
(985, 'Alicandra ', 'Dees', 52, 196, 'Hana Crook'),
(986, 'Erko', 'Bruce', 25, 866, 'Herb Belton'),
(987, 'Xaver', 'Whitlock', 6, 855, 'Babette Ashe'),
(988, 'Yanthe', 'Galbraith', 7, 713, 'Abe Fanning'),
(989, 'Thassilo', 'Dehart', 1, 77, 'Basil Krause'),
(990, 'Dorena', 'Metz', 60, 372, 'Stephen Delgado'),
(991, 'Yanthe', 'Karr', 47, 146, 'Rudolf Greer'),
(992, 'Fidelis', 'Gale', 17, 78, 'Adam Nicholas'),
(993, 'Menne', 'Angel', 48, 183, 'Heath Tenney'),
(994, 'Mareline', 'Stack', 7, 772, 'Adrianne Soares'),
(995, 'Friedemann', 'Brumfield', 67, 95, 'Carolann Aguiar'),
(996, 'Jupp', 'Anglin', 8, 364, 'Magan Allan'),
(997, 'Gerwald', 'Whitlow', 80, 43, 'Valentina George'),
(998, 'Zinnia', 'Stackhouse', 76, 349, 'Shayne Kauffman'),
(999, 'Loreenja', 'Bruner', 31, 724, 'Dean Aldridge'),
(1000, 'Vitani', 'Dejesus', 24, 424, 'Alice Greenberg');

--
-- Inserting data into table productos
--
INSERT INTO productos(id, nombre, precio, peso, grupo, cantidad) VALUES
(1, 'Complottlet', 432, 72, 'Games', 1),
(2, NULL, 756, NULL, 'Movies', 2),
(3, 'Ampcyclra', 490, 12, 'Accessories', 3),
(4, 'Tecordoller', 873, 17, 'Baby', 4),
(5, 'Bimutlet', 931, 74, 'Tools', 5),
(6, NULL, 361, NULL, 'Automotive', 6),
(7, 'Subtinefor', 790, 39, 'Health', 7),
(8, 'Tewoofator', 762, 29, 'Shoes', 8),
(9, 'Bicesserra', NULL, 17, 'Pets', 9),
(10, 'Playwooffiscope', 63, 72, 'Sports', 10),
(11, 'Comtagaridge', 221, 2, 'Shoes', 11),
(12, 'Tabniscope', 139, 78, 'Patio', 12),
(13, NULL, 430, NULL, 'Toys', 13),
(14, 'Suplictommon', 424, 69, NULL, 14),
(15, 'Tabcessoper', 523, 31, 'Games', 15),
(16, 'Bitopon', 983, 55, 'Gifts', 16),
(17, 'Rewoofar', 250, 8, 'Home', 17),
(18, 'Tetaewar', 573, 64, 'Shoes', 18),
(19, 'Printfindator', 187, 10, 'Crafts', 19),
(20, 'Speaklictor', 868, 41, 'Clothing', 20),
(21, 'Tabputerphone', 194, 84, 'Clothing', 21),
(22, 'Speaklictator', 58, 34, 'Pets', 22),
(23, 'Stereoplottimra', 234, 79, 'Pharmacy', 23),
(24, 'Supcessommor', 312, 97, 'Garden', 24),
(25, NULL, 937, NULL, 'Crafts', 25),
(26, NULL, 148, NULL, 'Audible', 26),
(27, 'Tabtaridge', NULL, 80, 'Outdoors', 27),
(28, 'Playplottuper', 87, 18, 'Pets', 28),
(29, 'Playtinexscope', 559, 83, 'Audible', 29),
(30, 'Propickplor', 97, 30, 'Beauty', 30),
(31, 'Ampputlet', 81, 13, 'Books', 31),
(32, 'Stereotecter', NULL, 30, 'Accessories', 32),
(33, 'Recordletor', 98, 17, 'Beauty', 33),
(34, 'Tabtaaquscope', 797, 51, NULL, 34),
(35, 'Printleaqulet', 99, 45, 'Home', 35),
(36, 'Readmutridge', 736, 9, 'Books', 36),
(37, 'Comcesser', 864, 43, 'Crafts', 37),
(38, 'Anleerphone', 915, 71, 'Health', 38),
(39, 'Tweettectscope', 222, 99, 'Tools', 39),
(40, 'Bicordefphone', 458, 91, 'Books', 40),
(41, 'Rejecter', 361, 55, 'Audible', 41),
(42, 'Biholder', NULL, 5, 'Outdoors', 42),
(43, 'Comcordry', 169, 61, 'Electronics', 43),
(44, 'Comlictentor', 930, 39, 'Shoes', 44),
(45, NULL, 925, NULL, 'Sports', 45),
(46, 'Concordentor', 141, 27, 'Patio', 46),
(47, 'Armputer', 429, 80, 'Office', 47),
(48, 'Tabteller', 400, 47, 'Gifts', 48),
(49, 'Cabtinoner', 259, 26, 'Toys', 49),
(50, 'Charcordry', 852, 76, 'Toys', 50),
(51, 'Tabtinexra', 564, 84, 'Computers', 51),
(52, 'Armmutewar', NULL, 63, 'Pharmacy', 52),
(53, 'Tabpicker', 605, 70, 'Gifts', 53),
(54, 'Cabpickor', 334, 46, 'Home', 54),
(55, 'Combandader', 604, 52, NULL, 55),
(56, 'Stereomutollato', 250, 76, 'Games', 56),
(57, 'Tabputer', 506, 23, 'Audible', 57),
(58, 'Tetector', 939, 71, 'Games', 58),
(59, 'Monlictanra', 984, 50, 'Clothing', 59),
(60, 'Renior', 886, 86, 'Clothing', 60),
(61, 'Stereocordridge', 250, 51, 'Audible', 61),
(62, 'Compickimra', 463, 79, 'Home', 62),
(63, 'Tweetnier', 846, 52, 'Clothing', 63),
(64, 'Bicordentor', NULL, 11, 'Tools', 64),
(65, 'Conjecton', 250, 90, 'Clothing', 65),
(66, 'Stereoculator', NULL, 88, 'Toys', 66),
(67, 'Printlictra', 566, 97, 'Crafts', 67),
(68, 'Suptinlet', 31, 72, 'Beauty', 68),
(69, 'Reholdommra', 592, 63, 'Books', 69),
(70, 'Tweetnientor', 353, 1, 'Outdoors', 70),
(71, 'Stereofindry', 178, 30, 'Baby', 71),
(72, 'Reculator', NULL, 94, 'Audible', 72),
(73, 'Monoceiver', 545, 63, 'Computers', 73),
(74, 'Submutepor', NULL, 72, 'Music', 74),
(75, 'Playtectaquator', 952, 14, 'Garden', 75),
(76, 'Stereowoofer', 885, 90, 'Crafts', 76),
(77, 'Cabtaadator', 914, 79, NULL, 77),
(78, 'Computewon', 890, 1, 'Home', 78),
(79, 'Comculommor', 578, 11, 'Furniture', 79),
(80, NULL, 459, NULL, 'Garden', 80),
(81, 'Transholdinento', 987, 80, 'Home', 81),
(82, 'Tweetnieder', 960, 52, 'Shoes', 82),
(83, 'Subbandator', 74, 42, 'Games', 83),
(84, 'Cabfindiner', NULL, 55, NULL, 84),
(85, 'Comtoper', 640, 96, 'Furniture', 85),
(86, 'Tweettopefator', 472, 22, 'Beauty', 86),
(87, 'Cleantellletato', 399, 66, 'Electronics', 87),
(88, 'Reculaqulet', 600, 57, NULL, 88),
(89, 'Tweettiner', 979, 80, 'Health', 89),
(90, 'Anmutedgentor', 256, 3, 'Books', 90),
(91, 'Amptopscope', 412, 92, 'Electronics', 91),
(92, 'Tabjectewphone', 300, 12, 'Beauty', 92),
(93, NULL, 686, NULL, 'Computers', 93),
(94, 'Bitopor', 527, 80, 'Movies', 94),
(95, 'Cleancordor', 449, 51, 'Beauty', 95),
(96, NULL, 541, NULL, 'Books', 96),
(97, 'Readlescope', 119, 59, 'Toys', 97),
(98, 'Tetellphone', 883, 30, 'Audible', 98),
(99, 'Antopfier', 901, 62, 'Patio', 99),
(100, 'Printtopeder', 140, 91, 'Computers', 100),
(101, 'Playlifiimscope', 870, 1, 'Pets', 1),
(102, 'Comcordry', NULL, 13, NULL, 2),
(103, 'Playcordar', 747, 17, 'Toys', 3),
(104, 'Cleanlifiry', 591, 7, 'Shoes', 4),
(105, 'Comcesslet', 389, 100, 'Sports', 5),
(106, 'Playtellor', 880, 31, 'Food', 6),
(107, 'Comcordar', 95, 22, 'Baby', 7),
(108, 'Playlelet', NULL, 85, 'Automotive', 8),
(109, 'Biwooflet', 886, 4, NULL, 9),
(110, 'Supcessopar', 543, 54, 'Crafts', 10),
(111, 'Speaktary', 156, 97, 'Garden', 11),
(112, 'Transniscope', 830, 37, NULL, 12),
(113, 'Subcordor', 89, 79, 'Patio', 13),
(114, NULL, 90, NULL, 'Food', 14),
(115, 'Repicklet', 283, 7, 'Pets', 15),
(116, 'Speakcessommor', 17, 37, 'Gifts', 16),
(117, 'Monolictra', 14, 44, 'Garden', 17),
(118, 'Ampwoofletridge', 124, 44, NULL, 18),
(119, 'Antopry', 902, 87, 'Gifts', 19),
(120, 'Subjectphone', 325, 31, 'Garden', 20),
(121, 'Cartcyclry', 386, 100, 'Music', 21),
(122, 'Cartniefor', 246, 65, 'Pets', 22),
(123, 'Printholdommato', 25, 19, 'Gifts', 23),
(124, 'Conpickor', 561, 46, 'Health', 24),
(125, 'Conplottphone', 854, 95, 'Home', 25),
(126, 'Readputer', 253, 52, 'Baby', 26),
(127, 'Ampcycllet', 323, 50, 'Garden', 27),
(128, 'Tabcordoper', 644, 65, NULL, 28),
(129, 'Comlifiar', NULL, 7, 'Pets', 29),
(130, 'Subtinepscope', 236, 20, 'Pharmacy', 30),
(131, 'Cabtopar', 70, 94, 'Beauty', 31),
(132, 'Receivra', 871, 19, 'Toys', 32),
(133, 'Tabcyclra', 755, 56, 'Clothing', 33),
(134, 'Cabtopar', 775, 16, 'Pharmacy', 34),
(135, 'Chartopoller', 800, 29, 'Accessories', 35),
(136, NULL, 592, NULL, 'Accessories', 36),
(137, NULL, 439, NULL, 'Tools', 37),
(138, 'Reniletor', 462, 56, 'Tools', 38),
(139, 'Proholdra', 807, 64, 'Beauty', 39),
(140, 'Tabfinderra', 147, 38, NULL, 40),
(141, 'Charcessor', 61, 24, 'Audible', 41),
(142, NULL, 186, NULL, 'Computers', 42),
(143, NULL, 589, NULL, 'Toys', 43),
(144, 'Subplottletator', 454, 83, 'Jewelry', 44),
(145, 'Readtelllet', 655, 65, 'Food', 45),
(146, 'Monjectuper', 75, 11, 'Sports', 46),
(147, NULL, 303, NULL, 'Audible', 47),
(148, 'Rejectadator', 682, 9, 'Audible', 48),
(149, 'Retellommlet', 990, 10, NULL, 49),
(150, 'Miclicter', 186, 50, 'Pets', 50),
(151, 'Retellor', 707, 1, 'Electronics', 51),
(152, 'Readniry', NULL, 59, 'Garden', 52),
(153, 'Proputon', 71, 93, 'Automotive', 53),
(154, 'Playtectator', 568, 1, 'Sports', 54),
(155, 'Monotinra', 67, 92, 'Shoes', 55),
(156, 'Tabcordepry', NULL, 60, 'Crafts', 56),
(157, 'Retiner', 270, 73, 'Audible', 57),
(158, 'Printjectridge', 25, 4, 'Food', 58),
(159, 'Cabtaridge', 794, 7, 'Music', 59),
(160, 'Tabtellra', 149, 86, 'Tools', 60),
(161, 'Comfindonon', 180, 80, 'Computers', 61),
(162, 'Printputridge', NULL, 81, 'Patio', 62),
(163, NULL, 667, NULL, 'Patio', 63),
(164, 'Micleon', 735, 20, 'Crafts', 64),
(165, 'Mictauper', 140, 74, NULL, 65),
(166, 'Biceivar', 698, 47, NULL, 66),
(167, 'Stereocyclinsco', 185, 27, 'Audible', 67),
(168, 'Mictellletscope', 353, 29, 'Computers', 68),
(169, 'Cleanmutscope', 292, 7, 'Accessories', 69),
(170, 'Mictoplet', 260, 1, 'Clothing', 70),
(171, NULL, 719, NULL, 'Crafts', 71),
(172, 'Charputerar', 137, 98, 'Home', 72),
(173, 'Tablifier', 802, 24, 'Movies', 73),
(174, NULL, 637, NULL, 'Office', 74),
(175, 'Armbandoller', 54, 8, 'Music', 75),
(176, 'Comtectra', 291, 86, 'Outdoors', 76),
(177, 'Printtellaquon', NULL, 56, 'Garden', 77),
(178, 'Printholdator', 802, 79, 'Home', 78),
(179, 'Cabcorder', 782, 14, 'Garden', 79),
(180, 'Cleantopphone', 870, 3, 'Office', 80),
(181, 'Computon', 163, 9, 'Books', 81),
(182, 'Cablictedgor', 752, 8, 'Gifts', 82),
(183, 'Subtiner', 854, 89, 'Automotive', 83),
(184, 'Transfindor', 629, 67, 'Pharmacy', 84),
(185, NULL, 36, NULL, 'Computers', 85),
(186, 'Concycler', 88, 17, 'Patio', 86),
(187, 'Bitinator', NULL, 37, 'Audible', 87),
(188, 'Relictexry', 91, 61, 'Furniture', 88),
(189, 'Printniader', 446, 35, 'Pets', 89),
(190, 'Stereoplotter', 591, 75, 'Pharmacy', 90),
(191, 'Micleimra', 272, 90, 'Office', 91),
(192, 'Monomutommator', 533, 73, NULL, 92),
(193, NULL, 500, NULL, 'Books', 93),
(194, 'Armputlet', 569, 54, 'Accessories', 94),
(195, 'Speakputeder', 30, 37, 'Books', 95),
(196, 'Ampcordanry', 10, 31, NULL, 96),
(197, 'Cabfindphone', 616, 8, 'Beauty', 97),
(198, 'Reholdator', 959, 94, 'Furniture', 98),
(199, 'Tabculor', NULL, 17, 'Pharmacy', 99),
(200, 'Chartinicar', 614, 100, 'Tools', 100),
(201, 'Tabpickor', 514, 17, NULL, 1),
(202, 'Printjectar', 83, 53, 'Patio', 2),
(203, 'Reniopscope', 954, 29, 'Patio', 3),
(204, 'Conlicter', 845, 75, 'Automotive', 4),
(205, 'Micwooficphone', 502, 45, NULL, 5),
(206, 'Tabtoplet', 34, 70, NULL, 6),
(207, 'Speaktinletento', NULL, 10, 'Beauty', 7),
(208, NULL, 915, NULL, 'Baby', 8),
(209, 'Comceiverlet', 972, 2, 'Crafts', 9),
(210, 'Readcordimer', NULL, 64, 'Health', 10),
(211, 'Cabputanor', 408, 27, 'Jewelry', 11),
(212, 'Amplictor', NULL, 7, 'Home', 12),
(213, 'Readcessoller', 687, 5, 'Toys', 13),
(214, 'Monomutaquer', 426, 1, 'Outdoors', 14),
(215, 'Montectscope', 961, 57, 'Audible', 15),
(216, 'Readcessscope', NULL, 12, NULL, 16),
(217, 'Readceiviner', 442, 57, 'Sports', 17),
(218, 'Retinefor', 230, 46, 'Electronics', 18),
(219, 'Mictinexry', 484, 5, 'Pharmacy', 19),
(220, 'Ampteller', 745, 94, 'Gifts', 20),
(221, 'Readlictewlet', 812, 70, 'Furniture', 21),
(222, 'Cabtinefar', 856, 46, 'Computers', 22),
(223, NULL, NULL, NULL, 'Electronics', 23),
(224, 'Relictentor', 82, 88, NULL, 24),
(225, 'Anmuton', 348, 41, NULL, 25),
(226, 'Proceivepra', 179, 88, 'Automotive', 26),
(227, 'Cabplotter', 749, 91, 'Games', 27),
(228, 'Cartpicker', 236, 28, 'Audible', 28),
(229, 'Tejectimon', 67, 27, 'Jewelry', 29),
(230, 'Speakcordar', 624, 1, NULL, 30),
(231, 'Bitectar', 232, 5, 'Home', 31),
(232, NULL, 78, NULL, 'Games', 32),
(233, 'Printtopry', 573, 28, 'Books', 33),
(234, 'Tweetputiner', 49, 83, 'Baby', 34),
(235, 'Tweetcordonator', 202, 3, 'Outdoors', 35),
(236, 'Teholder', 870, 34, 'Health', 36),
(237, 'Speakputer', 67, 92, 'Jewelry', 37),
(238, 'Transceivfiridg', 250, 65, 'Tools', 38),
(239, 'Armputopra', 840, 81, 'Jewelry', 39),
(240, 'Tweetcycler', 660, 56, 'Outdoors', 40),
(241, 'Comholdar', 927, 66, 'Sports', 41),
(242, 'Tweetcordor', 654, 74, 'Audible', 42),
(243, 'Amptellewer', 265, 25, 'Games', 43),
(244, 'Recycllet', 499, 66, 'Outdoors', 44),
(245, 'Cleancessor', NULL, 21, 'Food', 45),
(246, 'Prowooffiphone', 446, 27, 'Electronics', 46),
(247, 'Transwoofon', 567, 99, 'Tools', 47),
(248, 'Readjectscope', 44, 52, 'Sports', 48),
(249, 'Supputgaer', 329, 50, 'Health', 49),
(250, 'Relifipler', 252, 57, 'Accessories', 50),
(251, 'Amptopopor', 67, 36, 'Toys', 51),
(252, 'Readtelladphone', 201, 16, 'Books', 52),
(253, NULL, 492, NULL, 'Tools', 53),
(254, 'Conlifior', 29, 66, 'Toys', 54),
(255, 'Miccordedridge', 704, 31, 'Electronics', 55),
(256, NULL, 998, NULL, 'Music', 56),
(257, 'Tabplottleter', 597, 34, NULL, 57),
(258, 'Tableor', 683, 29, 'Books', 58),
(259, 'Readculphone', 182, 49, 'Music', 59),
(260, 'Playcesseror', 644, 68, 'Food', 60),
(261, 'Ampputinlet', 129, 52, 'Crafts', 61),
(262, 'Carttinor', 295, 9, 'Baby', 62),
(263, NULL, 183, NULL, 'Patio', 63),
(264, 'Tweetcessor', 571, 73, 'Movies', 64),
(265, 'Tweetcesson', 673, 3, 'Gifts', 65),
(266, 'Tabplottonar', 470, 62, 'Crafts', 66),
(267, 'Printceivolllet', 64, 86, 'Pharmacy', 67),
(268, 'Ampcyclewator', 94, 53, 'Crafts', 68),
(269, 'Tabputor', 735, 7, 'Office', 69),
(270, 'Processscope', 54, 71, 'Garden', 70),
(271, 'Armwoofepon', 234, 3, 'Books', 71),
(272, 'Transtellor', 50, 53, 'Baby', 72),
(273, 'Charpickupator', 969, 59, 'Furniture', 73),
(274, NULL, NULL, NULL, NULL, 74),
(275, 'Stereowoofinpho', 146, 58, 'Garden', 75),
(276, 'Relictupor', 707, 76, NULL, 76),
(277, 'Readtectimon', 726, 33, NULL, 77),
(278, NULL, NULL, NULL, 'Shoes', 78),
(279, 'Bitaator', 550, 20, 'Clothing', 79),
(280, 'Playcesson', 245, 13, 'Pets', 80),
(281, 'Transcesson', 353, 67, 'Pharmacy', 81),
(282, 'Armplotton', 13, 50, 'Toys', 82),
(283, 'Tweettectar', 832, 27, NULL, 83),
(284, 'Receivexor', 275, 37, 'Jewelry', 84),
(285, 'Monowoofentor', 43, 62, 'Music', 85),
(286, 'Tabtellonlet', 179, 48, 'Gifts', 86),
(287, 'Cartculer', 349, 55, 'Beauty', 87),
(288, 'Refindra', 845, 10, 'Movies', 88),
(289, NULL, 240, NULL, 'Office', 89),
(290, 'Teplotter', 86, 70, 'Home', 90),
(291, 'Bicesslet', 140, 42, 'Clothing', 91),
(292, 'Telifiupor', 608, 92, 'Audible', 92),
(293, 'Monolifiphone', 436, 6, 'Automotive', 93),
(294, 'Amplery', 335, 53, 'Computers', 94),
(295, 'Carttingaor', NULL, 54, 'Health', 95),
(296, 'Playwooflet', NULL, 20, 'Tools', 96),
(297, 'Transtaicer', 986, 5, 'Books', 97),
(298, 'Sublephone', 897, 93, 'Pharmacy', 98),
(299, 'Tabmutadlet', 739, 8, 'Automotive', 99),
(300, 'Readfindepor', 892, 32, 'Accessories', 100),
(301, 'Stereoceivedger', 360, 89, 'Books', 1),
(302, 'Cabniedentor', 231, 33, 'Books', 2),
(303, 'Recessor', 586, 78, 'Tools', 3),
(304, 'Suptinicor', 97, 11, 'Clothing', 4),
(305, 'Playtellfier', 441, 1, NULL, 5),
(306, 'Tweetjectedgor', 523, 12, 'Books', 6),
(307, 'Monleon', 987, 33, 'Beauty', 7),
(308, 'Tweetplotticor', 17, 93, 'Books', 8),
(309, 'Comlicter', 530, 1, 'Crafts', 9),
(310, 'Printcyclon', 492, 25, 'Health', 10),
(311, 'Commutpler', 605, 1, 'Office', 11),
(312, 'Cabpickleter', NULL, 22, NULL, 12),
(313, 'Micjectridge', 999, 51, 'Crafts', 13),
(314, 'Printtector', 269, 17, 'Games', 14),
(315, 'Suptinopar', 779, 64, 'Music', 15),
(316, 'Prolephone', 96, 96, 'Food', 16),
(317, 'Supplotter', NULL, 15, 'Baby', 17),
(318, 'Speakculphone', 27, 25, NULL, 18),
(319, 'Comnianry', 353, 40, 'Audible', 19),
(320, 'Supcordollon', 750, 35, 'Shoes', 20),
(321, 'Ancyclgara', 671, 95, 'Books', 21),
(322, 'Speaklictimer', 74, 79, 'Shoes', 22),
(323, 'Monplottoller', 944, 42, 'Shoes', 23),
(324, 'Charpickor', 162, 59, 'Automotive', 24),
(325, 'Comceivommon', 281, 79, 'Books', 25),
(326, 'Tabtaridge', 669, 90, 'Baby', 26),
(327, 'Charcular', NULL, 28, 'Automotive', 27),
(328, 'Tabplottepar', 791, 94, 'Games', 28),
(329, NULL, 916, NULL, 'Gifts', 29),
(330, 'Playtectgaor', 221, 98, 'Outdoors', 30),
(331, 'Cartwoofedor', 80, 44, 'Tools', 31),
(332, 'Printculerphone', 671, 53, 'Outdoors', 32),
(333, 'Charceiver', 227, 13, 'Outdoors', 33),
(334, 'Procordor', 995, 28, 'Pharmacy', 34),
(335, 'Cabtaewor', 427, 28, 'Games', 35),
(336, 'Tableinator', 117, 52, NULL, 36),
(337, 'Speakplottor', 45, 74, 'Garden', 37),
(338, 'Bileor', 90, 90, 'Accessories', 38),
(339, 'Monoceiveper', 288, 99, 'Automotive', 39),
(340, 'Cleanholdra', 881, 12, 'Sports', 40),
(341, 'Monoholder', 764, 52, 'Jewelry', 41),
(342, 'Sublictommator', 944, 7, 'Automotive', 42),
(343, 'Tejectpler', 657, 67, 'Books', 43),
(344, NULL, 590, NULL, NULL, 44),
(345, 'Playwoofaqura', 999, 4, 'Tools', 45),
(346, 'Transculexry', 660, 76, 'Audible', 46),
(347, 'Armholdentor', 663, 83, 'Gifts', 47),
(348, 'Armceivon', 490, 17, 'Office', 48),
(349, 'Transtopon', 988, 37, NULL, 49),
(350, 'Tabtinerentor', 561, 62, 'Crafts', 50),
(351, 'Protalet', 415, 5, 'Movies', 51),
(352, NULL, 982, NULL, 'Audible', 52),
(353, 'Procyclexphone', 314, 63, 'Furniture', 53),
(354, 'Concordon', 596, 22, 'Games', 54),
(355, 'Contopommon', 29, 74, 'Computers', 55),
(356, 'Readholdewridge', 540, 8, 'Automotive', 56),
(357, 'Tabculphone', 966, 97, 'Gifts', 57),
(358, 'Tecordra', 950, 33, 'Clothing', 58),
(359, 'Comjecton', 102, 75, 'Furniture', 59),
(360, 'Micwoofphone', 869, 52, 'Shoes', 60),
(361, 'Montopentor', 594, 25, 'Garden', 61),
(362, 'Tweetleentor', 566, 26, 'Games', 62),
(363, 'Cabwoofupridge', 265, 77, 'Gifts', 63),
(364, NULL, 107, NULL, 'Accessories', 64),
(365, 'Contellexer', 800, 6, 'Home', 65),
(366, 'Tabtopfier', 816, 12, 'Computers', 66),
(367, 'Tweetlictphone', 755, 27, 'Home', 67),
(368, 'Readtopator', NULL, 83, 'Shoes', 68),
(369, 'Printniry', 539, 31, 'Crafts', 69),
(370, 'Transleon', 67, 24, 'Food', 70),
(371, 'Miclictphone', 978, 70, 'Accessories', 71),
(372, NULL, 182, NULL, 'Accessories', 72),
(373, 'Ampcorder', 25, 91, NULL, 73),
(374, 'Stereoholdon', 599, 95, 'Baby', 74),
(375, 'Printfindator', 70, 25, NULL, 75),
(376, 'Recordinar', 72, 6, 'Tools', 76),
(377, 'Recullet', 671, 44, 'Electronics', 77),
(378, 'Releer', NULL, 28, 'Crafts', 78),
(379, 'Subtectridge', 730, 8, 'Automotive', 79),
(380, 'Subteller', 636, 24, 'Furniture', 80),
(381, 'Charlictefscope', 494, 8, 'Shoes', 81),
(382, 'Prolicton', NULL, 14, 'Toys', 82),
(383, 'Ampwoofry', 230, 68, 'Outdoors', 83),
(384, 'Tabtinollon', 505, 10, 'Beauty', 84),
(385, 'Playputator', 288, 88, 'Computers', 85),
(386, 'Playplottanlet', 18, 36, 'Movies', 86),
(387, 'Cleanputollphon', NULL, 3, 'Furniture', 87),
(388, 'Cabnieper', 613, 90, 'Office', 88),
(389, 'Transwoofra', 325, 26, NULL, 89),
(390, 'Tabtectoner', 96, 57, 'Computers', 90),
(391, 'Monbandimry', 77, 89, 'Shoes', 91),
(392, 'Rewooflet', NULL, 34, 'Accessories', 92),
(393, NULL, 328, NULL, 'Health', 93),
(394, 'Monnion', 45, 56, 'Health', 94),
(395, NULL, 528, NULL, 'Crafts', 95),
(396, NULL, 936, NULL, NULL, 96),
(397, 'Teputleter', 23, 67, 'Home', 97),
(398, 'Protinimer', 58, 60, 'Automotive', 98),
(399, 'Transpickgaon', 760, 7, 'Outdoors', 99),
(400, 'Cabputar', 700, 48, NULL, 100),
(401, 'Concordonor', 453, 68, 'Music', 1),
(402, 'Printcycledgar', 84, 89, 'Health', 2),
(403, 'Ancordedor', 475, 8, 'Shoes', 3),
(404, 'Confindentor', 152, 33, 'Music', 4),
(405, 'Sublicter', 748, 37, 'Beauty', 5),
(406, 'Speaktinator', NULL, 65, 'Outdoors', 6),
(407, 'Printniadphone', 68, 7, 'Gifts', 7),
(408, 'Bitinphone', 87, 36, 'Jewelry', 8),
(409, 'Playpickinor', 830, 47, 'Music', 9),
(410, 'Transmuter', 360, 100, 'Food', 10),
(411, 'Playlictor', 241, 78, 'Books', 11),
(412, NULL, 417, NULL, 'Movies', 12),
(413, 'Tabbandepor', 83, 12, 'Clothing', 13),
(414, 'Stereotopedgato', 667, 88, 'Computers', 14),
(415, 'Tweettaewor', 169, 36, 'Pharmacy', 15),
(416, 'Cleanlictra', 978, 61, 'Crafts', 16),
(417, NULL, 100, NULL, 'Garden', 17),
(418, 'Playholdentor', 327, 8, 'Computers', 18),
(419, 'Supceivscope', 498, 49, 'Tools', 19),
(420, 'Tweetpickor', 862, 32, 'Health', 20),
(421, 'Cablifiinscope', 809, 50, 'Accessories', 21),
(422, 'Playtecter', 934, 2, 'Jewelry', 22),
(423, NULL, 701, NULL, 'Sports', 23),
(424, 'Complotter', 666, 61, 'Baby', 24),
(425, 'Retellator', 789, 6, 'Music', 25),
(426, 'Bipickimor', 914, 19, NULL, 26),
(427, 'Supholdor', 268, 62, NULL, 27),
(428, 'Submutleter', 355, 3, 'Patio', 28),
(429, 'Readtellor', 200, 48, 'Garden', 29),
(430, 'Printtinphone', 183, 91, 'Garden', 30),
(431, 'Tejectplscope', 866, 73, 'Movies', 31),
(432, NULL, 73, NULL, 'Patio', 32),
(433, 'Carttaon', 664, 12, 'Jewelry', 33),
(434, 'Tweetcessollar', NULL, 12, 'Toys', 34),
(435, 'Armwoofeper', 879, 31, 'Computers', 35),
(436, 'Charpickfiar', 633, 34, 'Crafts', 36),
(437, 'Printcessgaer', 739, 75, 'Toys', 37),
(438, 'Compickleter', 323, 33, 'Garden', 38),
(439, 'Ampleinscope', 485, 88, NULL, 39),
(440, 'Cabnion', 749, 31, 'Baby', 40),
(441, 'Monputentor', 592, 19, 'Games', 41),
(442, 'Tabfindscope', 964, 41, 'Outdoors', 42),
(443, 'Charbandexon', 711, 78, 'Music', 43),
(444, 'Tabceivon', 724, 50, 'Furniture', 44),
(445, 'Comjectefar', 897, 16, 'Automotive', 45),
(446, 'Speakcesslet', 689, 65, NULL, 46),
(447, 'Recordupphone', 34, 73, 'Beauty', 47),
(448, 'Printlictor', NULL, 30, 'Toys', 48),
(449, 'Retinphone', 126, 26, 'Computers', 49),
(450, 'Montopimor', 361, 62, 'Games', 50),
(451, 'Speakfindor', 128, 49, 'Garden', 51),
(452, 'Recyclon', 108, 75, 'Books', 52),
(453, NULL, 875, NULL, 'Audible', 53),
(454, 'Monlifiepscope', 519, 92, 'Office', 54),
(455, 'Telifier', 65, 36, 'Jewelry', 55),
(456, 'Speakholdfior', 287, 25, 'Jewelry', 56),
(457, NULL, NULL, NULL, 'Baby', 57),
(458, 'Anjector', 361, 9, 'Electronics', 58),
(459, 'Cablifiscope', 201, 55, 'Music', 59),
(460, 'Playwoofer', 771, 24, 'Tools', 60),
(461, 'Promutor', NULL, 7, 'Gifts', 61),
(462, 'Cleantinry', 659, 83, 'Health', 62),
(463, 'Concordletscope', 481, 78, 'Furniture', 63),
(464, 'Tabtaefator', 291, 35, 'Pharmacy', 64),
(465, 'Playpickry', 696, 28, 'Audible', 65),
(466, 'Tabcordlet', 521, 46, 'Jewelry', 66),
(467, 'Tabpickgaar', 477, 13, 'Pharmacy', 67),
(468, 'Comtecteder', 57, 75, NULL, 68),
(469, 'Supfindplor', 905, 16, NULL, 69),
(470, 'Suplictedgphone', 603, 93, 'Music', 70),
(471, 'Cabplotticor', 537, 47, 'Sports', 71),
(472, 'Cartcessra', NULL, 44, 'Office', 72),
(473, 'Printjectry', 613, 36, 'Food', 73),
(474, 'Cartlifiridge', 226, 4, 'Computers', 74),
(475, 'Conputlet', 465, 95, 'Tools', 75),
(476, 'Readtary', 522, 8, 'Jewelry', 76),
(477, 'Comleridge', 264, 84, NULL, 77),
(478, 'Contoper', 19, 48, 'Crafts', 78),
(479, 'Tweetteller', 758, 8, 'Beauty', 79),
(480, 'Biceivonator', 933, 96, 'Patio', 80),
(481, 'Speakleonscope', 405, 71, 'Movies', 81),
(482, 'Cabculonentor', 47, 1, 'Sports', 82),
(483, 'Cabculridge', 598, 38, 'Computers', 83),
(484, 'Subbandlet', 398, 25, 'Outdoors', 84),
(485, 'Speakplottedgry', 51, 7, NULL, 85),
(486, NULL, 934, NULL, 'Health', 86),
(487, 'Comcordollra', 317, 12, NULL, 87),
(488, 'Amppickphone', 326, 15, 'Computers', 88),
(489, 'Cleanculry', 830, 48, NULL, 89),
(490, NULL, NULL, NULL, 'Books', 90),
(491, 'Cartlictra', 997, 85, 'Health', 91),
(492, 'Tabtelleder', NULL, 4, 'Movies', 92),
(493, 'Stereopickinpho', NULL, 60, 'Clothing', 93),
(494, 'Cleanfindra', 589, 95, 'Food', 94),
(495, 'Micplottor', 239, 82, 'Sports', 95),
(496, 'Mictinplentor', 675, 51, 'Jewelry', 96),
(497, 'Charcesser', 795, 41, 'Gifts', 97),
(498, 'Speaklifiphone', NULL, 70, 'Movies', 98),
(499, 'Carttaimer', 841, 96, 'Crafts', 99),
(500, 'Ampnilet', 489, 44, 'Outdoors', 100),
(501, NULL, 795, NULL, 'Shoes', 1),
(502, 'Recyclfientor', 95, 67, 'Beauty', 2),
(503, 'Comtelledgphone', 190, 39, 'Games', 3),
(504, 'Compickra', 785, 42, 'Automotive', 4),
(505, 'Cabplottry', 61, 95, 'Electronics', 5),
(506, 'Cabcessator', 648, 46, 'Music', 6),
(507, 'Replottridge', 338, 83, 'Pharmacy', 7),
(508, 'Cleancycler', 46, 73, 'Books', 8),
(509, 'Monwoofra', 316, 21, 'Health', 9),
(510, NULL, 524, NULL, NULL, 10),
(511, 'Retinuper', 247, 20, 'Patio', 11),
(512, 'Cabplotterer', 937, 25, 'Computers', 12),
(513, 'Cabcordommer', NULL, 58, 'Audible', 13),
(514, 'Tweetplottanent', 114, 50, 'Shoes', 14),
(515, 'Continedry', 15, 38, 'Audible', 15),
(516, 'Cartjecton', 221, 28, 'Baby', 16),
(517, 'Tableon', NULL, 2, 'Garden', 17),
(518, 'Cleanlicter', 648, 55, 'Electronics', 18),
(519, 'Transculefor', 250, 95, 'Outdoors', 19),
(520, 'Cabbandor', 273, 34, 'Books', 20),
(521, 'Tweetlictentor', 991, 29, 'Baby', 21),
(522, 'Retecter', 876, 70, 'Automotive', 22),
(523, 'Stereoceivon', 443, 55, NULL, 23),
(524, 'Charplottedger', NULL, 48, 'Crafts', 24),
(525, 'Monculaquor', 557, 100, 'Music', 25),
(526, 'Comcordator', 401, 70, 'Electronics', 26),
(527, NULL, 608, NULL, 'Outdoors', 27),
(528, 'Speaktellollon', 358, 24, 'Clothing', 28),
(529, 'Tecessanridge', NULL, 50, 'Sports', 29),
(530, 'Armlictedphone', 98, 93, 'Clothing', 30),
(531, 'Replottscope', 228, 1, 'Shoes', 31),
(532, 'Speakplottphone', 981, 58, 'Sports', 32),
(533, 'Comtectar', 270, 74, 'Shoes', 33),
(534, 'Releepra', 521, 36, 'Accessories', 34),
(535, 'Tabcular', 278, 38, 'Electronics', 35),
(536, 'Tabholdlet', 640, 7, 'Jewelry', 36),
(537, NULL, 741, NULL, 'Pets', 37),
(538, 'Stereocordridge', 786, 78, 'Crafts', 38),
(539, 'Playtopridge', 598, 73, 'Patio', 39),
(540, 'Conculicer', 489, 33, 'Electronics', 40),
(541, 'Retinon', 305, 73, 'Beauty', 41),
(542, 'Armbandor', 913, 14, 'Books', 42),
(543, 'Tabholdfiator', 372, 48, NULL, 43),
(544, 'Teholdra', 175, 31, 'Office', 44),
(545, 'Supleor', 432, 94, NULL, 45),
(546, 'Relifiridge', 23, 11, 'Pets', 46),
(547, 'Subcordscope', 903, 84, 'Furniture', 47),
(548, 'Comlifioper', NULL, 26, 'Crafts', 48),
(549, 'Cabculexridge', 736, 98, 'Computers', 49),
(550, NULL, 560, NULL, NULL, 50),
(551, 'Readtara', 980, 5, 'Automotive', 51),
(552, 'Comtopfier', 400, 33, 'Crafts', 52),
(553, 'Tabfindor', 555, 4, 'Accessories', 53),
(554, NULL, 366, NULL, 'Sports', 54),
(555, 'Cabnientor', 677, 11, 'Home', 55),
(556, 'Cleantaimry', 140, 5, 'Baby', 56),
(557, 'Sublephone', 733, 3, 'Garden', 57),
(558, 'Tabjecton', 195, 36, 'Pets', 58),
(559, 'Speakmuteder', 151, 12, 'Crafts', 59),
(560, 'Comniplon', 500, 83, 'Toys', 60),
(561, 'Retinry', 542, 15, 'Clothing', 61),
(562, 'Concordedphone', 769, 97, 'Baby', 62),
(563, 'Pronira', 666, 78, 'Furniture', 63),
(564, 'Biculonra', 976, 69, NULL, 64),
(565, 'Ampcordletphone', 156, 7, 'Patio', 65),
(566, 'Charbandanphone', 25, 18, 'Computers', 66),
(567, 'Comtinor', 755, 19, 'Clothing', 67),
(568, 'Ampculupscope', 792, 21, 'Outdoors', 68),
(569, 'Cleancordor', NULL, 9, 'Crafts', 69),
(570, 'Retary', 474, 42, 'Baby', 70),
(571, 'Tecessor', 37, 48, 'Outdoors', 71),
(572, 'Tweetlifiar', 100, 30, 'Jewelry', 72),
(573, NULL, NULL, NULL, 'Baby', 73),
(574, 'Replotter', 950, 42, 'Computers', 74),
(575, 'Readplotticry', 620, 60, 'Jewelry', 75),
(576, 'Miclictuper', 542, 1, 'Clothing', 76),
(577, 'Relictar', 110, 85, 'Computers', 77),
(578, 'Conlictanlet', 168, 96, 'Gifts', 78),
(579, 'Contellgaator', 685, 26, 'Home', 79),
(580, 'Miclifiepor', 486, 48, 'Music', 80),
(581, 'Cartleommor', 112, 45, 'Movies', 81),
(582, NULL, 746, NULL, 'Books', 82),
(583, 'Tabbandfira', 14, 88, 'Office', 83),
(584, NULL, 64, NULL, 'Office', 84),
(585, 'Speakwoofphone', NULL, 48, NULL, 85),
(586, 'Playtinor', 892, 48, 'Food', 86),
(587, 'Tabceivry', 744, 11, 'Outdoors', 87),
(588, 'Cleanputor', 32, 80, 'Beauty', 88),
(589, 'Suptininphone', 67, 53, 'Beauty', 89),
(590, 'Repickanphone', 406, 43, 'Pharmacy', 90),
(591, 'Refindimridge', 528, 1, 'Jewelry', 91),
(592, NULL, 861, NULL, 'Movies', 92),
(593, 'Chartaor', 695, 30, 'Accessories', 93),
(594, 'Tablifiefscope', 338, 28, 'Home', 94),
(595, 'Temutentor', 11, 3, 'Pets', 95),
(596, 'Moncordfilet', 58, 59, 'Music', 96),
(597, 'Cartculiner', 41, 84, 'Shoes', 97),
(598, 'Computgalet', 242, 84, 'Toys', 98),
(599, 'Tabculer', 65, 56, 'Music', 99),
(600, 'Tweetcycler', 11, 63, NULL, 100),
(601, 'Charholdanator', 923, 25, 'Audible', 1),
(602, 'Reniinphone', 743, 80, 'Beauty', 2),
(603, 'Readcessridge', 266, 86, NULL, 3),
(604, 'Stereopickphone', 70, 8, 'Beauty', 4),
(605, 'Tabnifier', 19, 6, 'Jewelry', 5),
(606, NULL, 580, NULL, 'Outdoors', 6),
(607, NULL, 337, NULL, 'Beauty', 7),
(608, NULL, 282, NULL, 'Movies', 8),
(609, 'Tabpickader', 655, 8, 'Office', 9),
(610, 'Supputefer', NULL, 89, 'Books', 10),
(611, 'Printleedridge', 874, 13, NULL, 11),
(612, 'Printceivor', 687, 32, 'Garden', 12),
(613, 'Reculer', 94, 57, 'Outdoors', 13),
(614, 'Stereojectollsc', NULL, 73, 'Office', 14),
(615, 'Monoculexphone', NULL, 7, 'Audible', 15),
(616, 'Cabholdra', 893, 92, 'Home', 16),
(617, NULL, 74, NULL, 'Furniture', 17),
(618, NULL, NULL, NULL, 'Automotive', 18),
(619, 'Promutar', NULL, 76, 'Home', 19),
(620, 'Conmuter', 642, 60, 'Toys', 20),
(621, 'Stereoputfiridg', 759, 3, 'Accessories', 21),
(622, 'Cabbander', 109, 3, 'Clothing', 22),
(623, 'Tabpickra', 970, 52, 'Pets', 23),
(624, NULL, 189, NULL, 'Computers', 24),
(625, 'Comtecter', NULL, 46, 'Gifts', 25),
(626, 'Speakholdator', 618, 9, 'Automotive', 26),
(627, 'Antectator', 432, 92, NULL, 27),
(628, NULL, 879, NULL, 'Baby', 28),
(629, 'Comleon', 496, 63, 'Books', 29),
(630, 'Teceivommer', 294, 95, 'Food', 30),
(631, 'Comcessupra', 254, 52, 'Tools', 31),
(632, 'Contectewator', 154, 59, 'Food', 32),
(633, 'Bitellpler', 710, 37, 'Automotive', 33),
(634, 'Transplotter', 107, 93, 'Office', 34),
(635, NULL, 757, NULL, 'Health', 35),
(636, 'Monoteller', 268, 24, 'Tools', 36),
(637, 'Armtopollra', 479, 3, 'Accessories', 37),
(638, 'Playplotter', 185, 82, 'Sports', 38),
(639, 'Tablifientor', 898, 38, NULL, 39),
(640, 'Tabtaimon', 25, 67, 'Audible', 40),
(641, 'Tabfindefridge', 947, 96, NULL, 41),
(642, 'Comholdor', 52, 100, NULL, 42),
(643, 'Tweetmutphone', 463, 29, 'Sports', 43),
(644, 'Charcesslet', 339, 77, 'Outdoors', 44),
(645, 'Ampputor', 957, 38, 'Patio', 45),
(646, 'Printculonra', 28, 44, 'Sports', 46),
(647, 'Tweettopewor', 635, 65, 'Home', 47),
(648, 'Printfinder', 785, 95, 'Food', 48),
(649, 'Stereoplottar', 429, 99, 'Audible', 49),
(650, 'Carttinentor', 895, 100, NULL, 50),
(651, 'Comjectonar', 404, 8, 'Music', 51),
(652, 'Miccyclry', 18, 65, 'Baby', 52),
(653, 'Armtinor', 263, 6, 'Toys', 53),
(654, 'Playcorder', 676, 8, 'Computers', 54),
(655, 'Ampcesser', 297, 20, 'Furniture', 55),
(656, 'Cabcordon', 818, 2, 'Garden', 56),
(657, 'Contopaquer', 14, 89, 'Pharmacy', 57),
(658, 'Stereocyclgary', 659, 35, 'Patio', 58),
(659, 'Tweetnionlet', 651, 19, 'Accessories', 59),
(660, NULL, NULL, NULL, 'Electronics', 60),
(661, 'Anholdscope', 739, 28, 'Music', 61),
(662, 'Mictellexry', 624, 1, 'Furniture', 62),
(663, 'Comcyclpler', 140, 62, 'Crafts', 63),
(664, 'Retopridge', 49, 27, 'Sports', 64),
(665, NULL, NULL, NULL, 'Automotive', 65),
(666, 'Supcorderor', 165, 36, 'Shoes', 66),
(667, 'Tabtectry', 276, 68, 'Home', 67),
(668, 'Printwoofor', 431, 1, 'Books', 68),
(669, 'Mictascope', 303, 23, 'Home', 69),
(670, 'Cartwoofaquer', 976, 9, 'Jewelry', 70),
(671, NULL, 832, NULL, NULL, 71),
(672, 'Ampleinator', 60, 28, 'Electronics', 72),
(673, 'Speaklictry', 497, 32, NULL, 73),
(674, 'Cleantinentor', 816, 5, 'Movies', 74),
(675, 'Carttoper', 90, 61, NULL, 75),
(676, 'Charputor', 493, 39, 'Clothing', 76),
(677, NULL, 551, NULL, 'Tools', 77),
(678, 'Tweetpickedgent', 729, 62, 'Toys', 78),
(679, 'Amptinor', 944, 69, 'Tools', 79),
(680, 'Bitininer', 918, 33, 'Office', 80),
(681, 'Comculor', 725, 4, 'Clothing', 81),
(682, 'Bipickewon', 898, 38, 'Jewelry', 82),
(683, 'Cabtinader', 467, 79, 'Beauty', 83),
(684, 'Tabcorder', 599, 49, 'Baby', 84),
(685, NULL, 931, NULL, 'Music', 85),
(686, 'Readtinar', NULL, 16, 'Beauty', 86),
(687, 'Comniadlet', 317, 99, 'Music', 87),
(688, 'Charlifiedlet', 56, 5, 'Crafts', 88),
(689, 'Comholdfiphone', 779, 45, 'Gifts', 89),
(690, NULL, 317, NULL, 'Sports', 90),
(691, 'Tweettinscope', 947, 23, NULL, 91),
(692, 'Ampplottscope', 122, 30, 'Computers', 92),
(693, 'Procycledgator', 888, 74, 'Computers', 93),
(694, 'Retectentor', NULL, 88, 'Gifts', 94),
(695, 'Ampceivonentor', NULL, 67, 'Electronics', 95),
(696, 'Relictleter', 512, 13, 'Crafts', 96),
(697, 'Ampcordridge', NULL, 95, 'Home', 97),
(698, 'Playcordar', 35, 65, 'Tools', 98),
(699, 'Comcordicridge', 628, 41, 'Beauty', 99),
(700, 'Conholdentor', 131, 52, 'Electronics', 100),
(701, 'Tabbandicar', 352, 81, 'Tools', 1),
(702, 'Cleanlescope', 718, 25, 'Beauty', 2),
(703, 'Printmuteplet', 364, 45, 'Health', 3),
(704, 'Probandor', NULL, 26, 'Books', 4),
(705, 'Cleanleoper', 513, 81, 'Books', 5),
(706, 'Playtoppler', NULL, 61, NULL, 6),
(707, 'Subtellinscope', 431, 76, 'Baby', 7),
(708, 'Biholdanphone', 399, 74, 'Patio', 8),
(709, 'Subputscope', 540, 22, 'Automotive', 9),
(710, 'Montinator', 400, 16, 'Toys', 10),
(711, 'Tweettaommphone', 664, 14, 'Garden', 11),
(712, 'Ampcordommor', 521, 1, 'Music', 12),
(713, 'Subholdicry', 898, 71, NULL, 13),
(714, 'Armceivleter', 502, 40, 'Pets', 14),
(715, 'Tabplottadphone', 88, 6, 'Home', 15),
(716, 'Tabputfiridge', 48, 95, 'Music', 16),
(717, 'Conleeper', 332, 23, 'Patio', 17),
(718, 'Speakjectexento', 889, 11, NULL, 18),
(719, 'Stereonier', 53, 7, 'Outdoors', 19),
(720, 'Protectedlet', NULL, 46, 'Music', 20),
(721, 'Monoholdimridge', 266, 58, 'Electronics', 21),
(722, 'Cabcyclewra', 105, 23, 'Computers', 22),
(723, 'Printtinor', 80, 100, 'Pharmacy', 23),
(724, 'Cleanfindletlet', 906, 52, 'Outdoors', 24),
(725, 'Cartholder', 638, 68, 'Clothing', 25),
(726, 'Ampholdexer', 748, 39, 'Music', 26),
(727, 'Monbandollphone', NULL, 18, 'Garden', 27),
(728, 'Comwoofry', 649, 16, 'Accessories', 28),
(729, 'Tweetbandor', 811, 42, 'Food', 29),
(730, 'Monotinry', 288, 72, 'Furniture', 30),
(731, 'Playculor', 59, 17, 'Clothing', 31),
(732, 'Charcordor', 194, 7, 'Toys', 32),
(733, 'Cabtellridge', 31, 25, 'Jewelry', 33),
(734, 'Subpicker', 420, 77, 'Tools', 34),
(735, 'Combandgaer', 844, 16, 'Home', 35),
(736, 'Tablicter', 160, 65, 'Shoes', 36),
(737, 'Chartinphone', 958, 72, 'Beauty', 37),
(738, 'Ampcyclimra', 780, 49, NULL, 38),
(739, 'Proleor', 543, 10, 'Toys', 39),
(740, 'Compickexridge', NULL, 89, 'Beauty', 40),
(741, 'Armholder', 678, 74, 'Home', 41),
(742, 'Processfiator', 374, 59, 'Furniture', 42),
(743, 'Printplotton', 867, 85, 'Accessories', 43),
(744, 'Retary', 926, 14, 'Toys', 44),
(745, 'Speakbanderlet', 971, 82, 'Clothing', 45),
(746, 'Charlifiexon', 737, 83, NULL, 46),
(747, 'Transcordon', NULL, 41, 'Accessories', 47),
(748, 'Comculoller', 942, 82, 'Audible', 48),
(749, 'Tabnientor', 778, 70, 'Beauty', 49),
(750, 'Playmutletar', 90, 24, NULL, 50),
(751, 'Suplifianer', 892, 52, 'Baby', 51),
(752, 'Cartleonphone', 985, 63, 'Computers', 52),
(753, 'Armputentor', 841, 85, 'Toys', 53),
(754, 'Anlicticor', 381, 44, 'Patio', 54),
(755, 'Cabcordommphone', 900, 34, 'Furniture', 55),
(756, 'Monotinar', 519, 58, 'Home', 56),
(757, 'Comfindry', 719, 6, 'Garden', 57),
(758, 'Charlifiaquor', 722, 50, 'Movies', 58),
(759, 'Complottscope', 20, 3, 'Beauty', 59),
(760, 'Tweetceivgaor', NULL, 34, 'Shoes', 60),
(761, NULL, 512, NULL, NULL, 61),
(762, 'Printcordfior', 634, 100, 'Tools', 62),
(763, 'Speakleor', 36, 63, 'Games', 63),
(764, 'Speakcordra', 41, 38, 'Pharmacy', 64),
(765, 'Printputphone', NULL, 4, 'Audible', 65),
(766, 'Tweettaator', 730, 37, 'Movies', 66),
(767, 'Tweetcessentor', 190, 50, 'Baby', 67),
(768, 'Procordimra', 98, 1, 'Computers', 68),
(769, NULL, 380, NULL, 'Food', 69),
(770, 'Tweetculgaar', 237, 52, NULL, 70),
(771, 'Retinerry', 928, 4, 'Beauty', 71),
(772, 'Cleanbandimer', 782, 96, 'Automotive', 72),
(773, NULL, 748, NULL, 'Patio', 73),
(774, 'Comcordscope', 563, 18, 'Garden', 74),
(775, 'Charholdeper', 862, 21, 'Pets', 75),
(776, 'Playceiveron', 16, 54, 'Clothing', 76),
(777, 'Antectinentor', 647, 25, 'Games', 77),
(778, 'Prolictphone', 207, 56, 'Beauty', 78),
(779, 'Monlifierridge', 82, 59, 'Outdoors', 79),
(780, 'Stereotectry', NULL, 42, 'Clothing', 80),
(781, 'Computexer', 349, 3, 'Audible', 81),
(782, 'Playcyclimphone', 768, 22, 'Food', 82),
(783, 'Conlicteron', NULL, 70, 'Outdoors', 83),
(784, 'Monholdator', 902, 85, 'Garden', 84),
(785, 'Armtaollphone', 948, 22, 'Movies', 85),
(786, 'Charcordphone', 287, 91, 'Tools', 86),
(787, 'Cabtectefra', 183, 29, 'Clothing', 87),
(788, 'Tabceivon', 688, 57, 'Computers', 88),
(789, 'Conpickefentor', 694, 94, NULL, 89),
(790, 'Readtectscope', 321, 27, 'Pharmacy', 90),
(791, 'Suplifier', 630, 77, 'Toys', 91),
(792, 'Miccordentor', 818, 58, NULL, 92),
(793, NULL, 501, NULL, 'Movies', 93),
(794, 'Comleinor', 164, 43, 'Books', 94),
(795, 'Complottadlet', 309, 70, 'Clothing', 95),
(796, 'Chartinon', 940, 99, 'Clothing', 96),
(797, 'Biceivonator', 469, 49, 'Patio', 97),
(798, 'Amplictridge', 997, 85, 'Outdoors', 98),
(799, 'Cabtinon', 680, 52, 'Outdoors', 99),
(800, 'Speakcordaqury', 991, 68, 'Accessories', 100),
(801, 'Cleanlifior', 253, 82, 'Food', 1),
(802, 'Subleexentor', 701, 69, 'Pharmacy', 2),
(803, 'Proceivopphone', NULL, 9, 'Sports', 3),
(804, 'Comtellgaon', 76, 10, 'Books', 4),
(805, 'Subtaimer', 385, 32, 'Accessories', 5),
(806, 'Cartmutor', 13, 23, 'Baby', 6),
(807, 'Subfindor', 728, 15, 'Clothing', 7),
(808, 'Tabcordridge', 814, 38, 'Movies', 8),
(809, 'Anmuter', 431, 2, 'Baby', 9),
(810, 'Releexon', 175, 53, 'Outdoors', 10),
(811, 'Playcordor', 668, 61, 'Movies', 11),
(812, 'Antascope', 184, 40, 'Office', 12),
(813, 'Sublictar', 940, 64, 'Music', 13),
(814, 'Monbandinphone', 750, 45, 'Games', 14),
(815, 'Tetineper', 478, 40, 'Games', 15),
(816, 'Playpickfion', 570, 87, 'Electronics', 16),
(817, 'Amptaon', 817, 9, 'Electronics', 17),
(818, 'Supmutgaer', 251, 4, 'Home', 18),
(819, 'Miclifiopor', 770, 5, 'Furniture', 19),
(820, NULL, 963, NULL, 'Audible', 20),
(821, NULL, 329, NULL, 'Health', 21),
(822, 'Miccyclentor', 744, 97, 'Baby', 22),
(823, 'Cleanlephone', NULL, 22, 'Office', 23),
(824, 'Tabtopefar', 47, 26, 'Movies', 24),
(825, 'Cartnier', 12, 64, 'Crafts', 25),
(826, 'Tweetpickommor', 97, 22, 'Accessories', 26),
(827, 'Tabholdry', 933, 61, 'Games', 27),
(828, 'Tabcordonry', 456, 84, 'Sports', 28),
(829, 'Rewooflet', NULL, 24, 'Office', 29),
(830, NULL, 829, NULL, 'Computers', 30),
(831, 'Speakcyclexar', NULL, 84, 'Pets', 31),
(832, 'Concyclor', 699, 49, 'Baby', 32),
(833, 'Tweetpickimer', 689, 3, 'Games', 33),
(834, 'Chartinaqulet', 664, 83, 'Crafts', 34),
(835, 'Translephone', 937, 21, 'Music', 35),
(836, NULL, NULL, NULL, 'Health', 36),
(837, 'Stereoholdplato', 515, 40, 'Games', 37),
(838, NULL, NULL, NULL, 'Books', 38),
(839, 'Comcordor', 775, 78, 'Clothing', 39),
(840, 'Tweetcullet', 484, 85, 'Computers', 40),
(841, 'Teholdentor', 767, 62, 'Gifts', 41),
(842, 'Printpicker', 946, 44, 'Pets', 42),
(843, 'Printfindomment', NULL, 27, 'Clothing', 43),
(844, 'Translifier', 102, 79, NULL, 44),
(845, 'Monoputopridge', 536, 4, 'Health', 45),
(846, 'Printceivar', 47, 68, NULL, 46),
(847, 'Comholdridge', 821, 25, 'Baby', 47),
(848, 'Bijectra', 439, 92, 'Outdoors', 48),
(849, 'Cartcessscope', 457, 73, 'Movies', 49),
(850, 'Confindentor', 548, 4, 'Food', 50),
(851, 'Cabtagaphone', 226, 23, NULL, 51),
(852, 'Micpickefscope', 944, 34, 'Accessories', 52),
(853, NULL, 355, NULL, 'Furniture', 53),
(854, 'Transtiner', 342, 19, 'Accessories', 54),
(855, 'Cabculry', 134, 20, 'Jewelry', 55),
(856, 'Reputerar', 118, 43, NULL, 56),
(857, 'Conleaquon', 232, 81, 'Electronics', 57),
(858, 'Conmutefer', 646, 16, 'Beauty', 58),
(859, 'Stereocordon', 329, 22, 'Beauty', 59),
(860, 'Readlicter', 158, 12, 'Jewelry', 60),
(861, 'Subwooferor', 298, 57, NULL, 61),
(862, 'Cleanniador', 380, 89, 'Computers', 62),
(863, 'Receiver', 45, 71, 'Jewelry', 63),
(864, NULL, 378, NULL, 'Books', 64),
(865, 'Remutader', 505, 32, 'Patio', 65),
(866, 'Cartmuticra', 667, 48, 'Music', 66),
(867, 'Cleancyclicry', 244, 16, 'Clothing', 67),
(868, 'Transfindar', 56, 5, 'Automotive', 68),
(869, 'Tabtaator', 473, 65, 'Home', 69),
(870, 'Readpickfiry', 612, 22, 'Electronics', 70),
(871, 'Cartplottiner', 608, 2, 'Outdoors', 71),
(872, 'Tabholder', 53, 55, 'Computers', 72),
(873, NULL, 646, NULL, 'Baby', 73),
(874, 'Carttinepon', 166, 40, 'Jewelry', 74),
(875, 'Tabtoper', 303, 43, 'Crafts', 75),
(876, 'Tabtopinentor', 935, 49, NULL, 76),
(877, 'Suptelllet', 622, 89, NULL, 77),
(878, 'Comleedphone', 470, 94, 'Electronics', 78),
(879, 'Transceivicator', 81, 8, NULL, 79),
(880, 'Armtellaquer', 122, 80, 'Sports', 80),
(881, 'Proputar', 475, 23, 'Patio', 81),
(882, 'Bilifiupridge', 832, 23, 'Baby', 82),
(883, 'Cabfindra', 595, 47, 'Jewelry', 83),
(884, 'Comculexor', 771, 66, 'Gifts', 84),
(885, 'Protinry', 654, 65, 'Shoes', 85),
(886, 'Transbandor', 271, 41, 'Health', 86),
(887, 'Playplotterlet', 553, 83, 'Clothing', 87),
(888, 'Supcordscope', NULL, 52, NULL, 88),
(889, 'Bicessscope', NULL, 100, 'Electronics', 89),
(890, 'Micjectar', NULL, 87, 'Health', 90),
(891, NULL, 221, NULL, 'Audible', 91),
(892, 'Anholdlet', 377, 31, 'Music', 92),
(893, 'Ancordscope', 476, 88, 'Garden', 93),
(894, NULL, 45, NULL, 'Accessories', 94),
(895, 'Armtara', 55, 37, 'Beauty', 95),
(896, 'Miccyclimer', 908, 30, NULL, 96),
(897, 'Readwoofer', 993, 41, 'Books', 97),
(898, 'Tabholder', 993, 23, 'Games', 98),
(899, 'Cabtainra', NULL, 72, 'Baby', 99),
(900, 'Retoperry', NULL, 23, 'Shoes', 100),
(901, 'Monceivlet', 53, 53, 'Jewelry', 1),
(902, 'Cleanholdridge', 974, 90, 'Accessories', 2),
(903, NULL, 644, NULL, 'Outdoors', 3),
(904, 'Armbandeder', NULL, 2, 'Games', 4),
(905, 'Comcyclentor', 385, 72, 'Accessories', 5),
(906, 'Carttectridge', 21, 2, 'Computers', 6),
(907, NULL, 391, NULL, 'Health', 7),
(908, 'Printtellerra', 680, 17, 'Books', 8),
(909, NULL, NULL, NULL, 'Pharmacy', 9),
(910, 'Armcyclry', 594, 60, 'Home', 10),
(911, 'Comceivphone', 820, 8, 'Accessories', 11),
(912, NULL, 912, NULL, 'Toys', 12),
(913, 'Playtoper', 368, 40, 'Baby', 13),
(914, 'Charholdridge', 610, 2, 'Books', 14),
(915, NULL, 720, NULL, 'Audible', 15),
(916, 'Tabfindplator', 884, 61, 'Audible', 16),
(917, 'Chartainer', 124, 2, 'Pets', 17),
(918, 'Tweetfindommer', 404, 91, 'Pets', 18),
(919, 'Monocordpler', NULL, 42, 'Electronics', 19),
(920, 'Tabtinentor', 741, 52, NULL, 20),
(921, 'Conceivgaor', 75, 68, 'Books', 21),
(922, 'Ampwoofanlet', 701, 77, 'Shoes', 22),
(923, 'Mictinewridge', 872, 8, NULL, 23),
(924, NULL, 995, NULL, 'Outdoors', 24),
(925, 'Proputopor', 640, 59, NULL, 25),
(926, NULL, 923, NULL, 'Pets', 26),
(927, 'Cabputor', NULL, 12, 'Pharmacy', 27),
(928, 'Cabwoofanry', 57, 39, 'Pets', 28),
(929, 'Ampleimon', 711, 31, 'Games', 29),
(930, 'Subcycler', NULL, 73, 'Pets', 30),
(931, 'Readwoofonentor', 44, 49, 'Accessories', 31),
(932, 'Monpickator', 896, 66, 'Jewelry', 32),
(933, 'Computinra', 216, 70, 'Pharmacy', 33),
(934, 'Cartwoofry', 473, 81, 'Movies', 34),
(935, 'Comtopommlet', 413, 1, 'Patio', 35),
(936, 'Stereoplottedor', 548, 31, 'Accessories', 36),
(937, 'Armtaar', NULL, 42, 'Jewelry', 37),
(938, 'Ampculimlet', 290, 1, 'Furniture', 38),
(939, 'Armtinopon', 371, 4, 'Tools', 39),
(940, 'Comwoofor', 650, 88, 'Automotive', 40),
(941, 'Micwoofon', NULL, 76, 'Music', 41),
(942, 'Carttectplon', 25, 77, 'Computers', 42),
(943, 'Tweetwoofer', 820, 35, 'Clothing', 43),
(944, 'Antopleter', 97, 100, 'Toys', 44),
(945, 'Monocordader', 715, 77, 'Automotive', 45),
(946, 'Subtinon', 232, 42, 'Pets', 46),
(947, 'Monnior', 92, 53, 'Electronics', 47),
(948, 'Mictectefer', 773, 26, 'Beauty', 48),
(949, 'Speakjectlet', 62, 48, 'Clothing', 49),
(950, 'Transputentor', 37, 82, 'Shoes', 50),
(951, 'Biplotter', 986, 74, 'Sports', 51),
(952, NULL, NULL, NULL, 'Automotive', 52),
(953, 'Chartoplet', 128, 59, 'Baby', 53),
(954, 'Stereoculentor', 671, 2, 'Accessories', 54),
(955, 'Printjectonor', 28, 91, NULL, 55),
(956, 'Processletator', 155, 49, 'Shoes', 56),
(957, NULL, 100, NULL, 'Gifts', 57),
(958, 'Monceivommer', 119, 55, 'Gifts', 58),
(959, 'Comfindiclet', 71, 49, 'Music', 59),
(960, 'Procordar', 381, 40, 'Computers', 60),
(961, NULL, 838, NULL, 'Sports', 61),
(962, 'Amppickanentor', 666, 60, 'Automotive', 62),
(963, 'Micwoofor', 677, 79, 'Audible', 63),
(964, 'Comlepllet', 387, 37, 'Sports', 64),
(965, 'Cartwoofar', NULL, 90, 'Sports', 65),
(966, 'Comtectepridge', NULL, 73, 'Audible', 66),
(967, 'Playtiner', 399, 23, 'Jewelry', 67),
(968, 'Anbandscope', 642, 27, 'Jewelry', 68),
(969, 'Moncordridge', 927, 73, NULL, 69),
(970, 'Tableon', 352, 77, 'Baby', 70),
(971, 'Probanderentor', 750, 3, 'Music', 71),
(972, 'Cabputollor', 782, 6, 'Accessories', 72),
(973, 'Rejectra', 512, 5, 'Food', 73),
(974, 'Armlifiimridge', NULL, 23, 'Jewelry', 74),
(975, 'Tabcessupator', 912, 24, 'Beauty', 75),
(976, 'Cartcorder', 553, 54, 'Games', 76),
(977, 'Cleanleentor', 190, 51, 'Gifts', 77),
(978, 'Cleanputonphone', 454, 15, NULL, 78),
(979, 'Antecticer', 24, 33, 'Automotive', 79),
(980, 'Printlictpler', 393, 97, 'Electronics', 80),
(981, 'Subtinry', 480, 90, 'Tools', 81),
(982, 'Transpickfiscop', 238, 2, 'Health', 82),
(983, 'Procordlet', 238, 11, 'Furniture', 83),
(984, 'Tweetteller', 426, 15, 'Food', 84),
(985, 'Speaktelloner', 10, 33, 'Accessories', 85),
(986, 'Supcesser', 735, 12, 'Clothing', 86),
(987, 'Playlictepry', 341, 95, NULL, 87),
(988, 'Tabtectphone', 776, 95, 'Patio', 88),
(989, 'Readbandry', 675, 89, 'Games', 89),
(990, NULL, 153, NULL, 'Sports', 90),
(991, 'Transculepor', 241, 51, 'Shoes', 91),
(992, 'Tabplottentor', 675, 5, 'Audible', 92),
(993, 'Readbandommor', 357, 26, 'Games', 93),
(994, 'Cleanfindor', 95, 26, 'Food', 94),
(995, NULL, 652, NULL, 'Baby', 95),
(996, NULL, 514, NULL, 'Music', 96),
(997, NULL, 152, NULL, NULL, 97),
(998, NULL, 996, NULL, NULL, 98),
(999, NULL, 263, NULL, NULL, 99),
(1000, NULL, 446, NULL, NULL, 100);

--
-- Inserting data into table venden
--
INSERT INTO venden(producto, cliente, cantidad, fecha, total) VALUES
(907, 907, 49, '2018-03-08', 0),
(179, 179, 64, '2018-01-07', 0),
(224, 224, 87, '2018-01-09', 0),
(79, 79, 64, '2018-03-28', 0),
(550, 550, 81, '2018-01-12', 0),
(1000, 1000, 58, '2018-01-08', 0),
(810, 810, 38, '2018-07-17', 0),
(908, 908, 4, '2018-08-21', 0),
(811, 811, 2, '2018-07-09', 0),
(450, 450, 79, '2018-01-24', 0),
(325, 325, 99, '2018-01-10', 0),
(225, 225, 71, '2018-04-05', 0),
(787, 787, 64, '2018-02-03', 0),
(326, 326, 64, '2018-05-30', 0),
(226, 226, 93, '2018-04-29', 0),
(909, 909, 1, '2018-06-14', 0),
(327, 327, 65, '2018-08-01', 0),
(687, 687, 70, '2018-09-19', 0),
(788, 788, 62, '2018-02-18', 0),
(812, 812, 6, '2018-07-06', 0),
(551, 551, 30, '2018-02-20', 0),
(451, 451, 100, '2018-01-02', 0),
(910, 910, 45, '2018-07-10', 0),
(180, 180, 80, '2018-10-06', 0),
(552, 552, 79, NULL, NULL),
(227, 227, 20, '2018-11-14', 0),
(328, 328, 72, '2018-06-28', 0),
(452, 452, 57, '2018-09-25', 0),
(688, 688, 82, '2018-03-22', 0),
(789, 789, 16, '2018-01-04', 0),
(228, 228, 42, '2018-01-05', 0),
(813, 813, 6, '2018-06-16', 0),
(80, 80, 34, '2018-07-16', 0),
(689, 689, 1, '2018-07-31', 0),
(790, 790, 42, '2018-10-17', 0),
(553, 553, 19, '2018-12-17', 0),
(690, 690, 16, '2018-01-07', 0),
(329, 329, 22, '2019-01-18', 0),
(229, 229, 11, '2018-04-08', 0),
(181, 181, 44, '2018-01-25', 0),
(911, 911, 64, '2018-11-06', 0),
(814, 814, 59, NULL, NULL),
(791, 791, 46, '2018-11-02', 0),
(691, 691, 93, '2018-12-03', 0),
(81, 81, 99, '2019-01-02', 0),
(453, 453, 85, '2018-10-22', 0),
(912, 912, 68, '2018-10-12', 0),
(815, 815, 97, '2018-08-28', 0),
(913, 913, 49, NULL, NULL),
(792, 792, 91, '2018-10-26', 0),
(816, 816, 89, '2018-08-22', 0),
(554, 554, 75, '2018-04-03', 0),
(454, 454, 2, '2018-02-08', 0),
(182, 182, 6, '2018-10-09', 0),
(330, 330, 90, '2019-01-22', 0),
(692, 692, 22, '2018-10-03', 0),
(230, 230, 8, '2019-01-07', 0),
(82, 82, 93, '2019-01-25', 0),
(914, 914, 45, '2018-12-09', 0),
(793, 793, 61, '2018-03-04', 0),
(555, 555, 73, '2018-05-20', 0),
(183, 183, 53, '2018-05-01', 0),
(817, 817, 5, '2018-03-17', 0),
(455, 455, 34, '2018-04-13', 0),
(915, 915, 31, '2018-08-29', 0),
(83, 83, 35, '2018-10-09', 0),
(184, 184, 29, '2018-10-16', 0),
(84, 84, 78, '2018-10-21', 0),
(693, 693, 43, '2018-04-14', 0),
(818, 818, 59, '2018-03-28', 0),
(331, 331, 3, '2018-05-17', 0),
(185, 185, 15, '2018-08-04', 0),
(231, 231, 45, '2018-05-31', 0),
(556, 556, 91, '2018-01-01', 0),
(916, 916, 57, '2018-11-30', 0),
(456, 456, 13, '2018-02-21', 0),
(819, 819, 84, '2018-01-22', 0),
(332, 332, 5, '2019-01-11', 0),
(917, 917, 36, NULL, NULL),
(820, 820, 77, '2018-05-16', 0),
(232, 232, 94, '2018-08-28', 0),
(333, 333, 27, '2018-03-14', 0),
(794, 794, 82, '2018-12-01', 0),
(85, 85, 65, '2018-06-17', 0),
(694, 694, 51, '2018-07-29', 0),
(795, 795, 47, '2018-09-24', 0),
(233, 233, 62, '2018-12-30', 0),
(918, 918, 29, '2018-11-30', 0),
(557, 557, 97, '2018-10-09', 0),
(186, 186, 45, '2018-05-13', 0),
(334, 334, 26, '2018-10-05', 0),
(695, 695, 73, '2018-05-08', 0),
(234, 234, 71, '2018-07-24', 0),
(796, 796, 38, '2018-09-15', 0),
(457, 457, 24, '2018-01-10', 0),
(821, 821, 1, '2019-01-03', 0),
(919, 919, 72, '2018-12-27', 0),
(86, 86, 87, '2018-04-08', 0),
(696, 696, 53, '2018-09-20', 0),
(187, 187, 58, '2018-04-04', 0),
(335, 335, 23, '2018-09-06', 0),
(822, 822, 9, '2018-05-23', 0),
(235, 235, 28, '2018-01-06', 0),
(87, 87, 34, '2018-11-09', 0),
(558, 558, 94, '2018-10-30', 0),
(920, 920, 2, NULL, NULL),
(336, 336, 81, '2018-01-24', 0),
(823, 823, 15, '2018-02-03', 0),
(236, 236, 2, '2018-09-01', 0),
(797, 797, 87, '2018-11-14', 0),
(697, 697, 62, '2018-06-04', 0),
(921, 921, 90, '2018-05-30', 0),
(188, 188, 97, '2018-01-05', 0),
(824, 824, 80, '2018-01-01', 0),
(458, 458, 21, '2018-08-05', 0),
(337, 337, 4, '2018-07-03', 0),
(559, 559, 38, '2018-04-07', 0),
(922, 922, 77, '2018-03-05', 0),
(825, 825, 24, '2018-03-14', 0),
(237, 237, 61, '2018-11-19', 0),
(798, 798, 45, NULL, NULL),
(338, 338, 30, '2018-03-28', 0),
(698, 698, 59, '2018-12-01', 0),
(459, 459, 11, '2018-04-19', 0),
(560, 560, 60, '2018-05-27', 0),
(460, 460, 27, '2018-05-09', 0),
(799, 799, 5, '2019-01-13', 0),
(561, 561, 42, '2018-07-10', 0),
(88, 88, 40, '2018-04-15', 0),
(189, 189, 47, '2018-12-19', 0),
(699, 699, 59, '2018-02-01', 0),
(923, 923, 7, '2018-12-22', 0),
(461, 461, 75, NULL, NULL),
(826, 826, 64, '2018-08-03', 0),
(800, 800, 5, '2018-10-21', 0),
(238, 238, 75, '2019-01-04', 0),
(924, 924, 78, '2018-02-11', 0),
(562, 562, 85, '2018-08-31', 0),
(700, 700, 62, '2018-12-20', 0),
(827, 827, 36, '2018-05-03', 0),
(462, 462, 84, '2018-02-05', 0),
(563, 563, 3, '2019-01-02', 0),
(463, 463, 95, '2018-10-08', 0),
(801, 801, 15, '2018-10-21', 0),
(339, 339, 15, '2018-07-08', 0),
(239, 239, 21, '2018-01-15', 0),
(564, 564, 6, '2018-07-01', 0),
(464, 464, 57, '2018-01-14', 0),
(340, 340, 59, '2018-03-20', 0),
(240, 240, 63, '2018-08-26', 0),
(341, 341, 4, '2018-01-07', 0),
(89, 89, 84, '2018-03-08', 0),
(241, 241, 58, '2018-04-27', 0),
(565, 565, 100, NULL, NULL),
(342, 342, 31, '2018-06-27', 0),
(925, 925, 8, '2018-08-22', 0),
(242, 242, 74, '2018-11-27', 0),
(828, 828, 76, '2018-07-25', 0),
(465, 465, 68, NULL, NULL),
(926, 926, 52, '2018-04-03', 0),
(343, 343, 58, '2018-04-14', 0),
(701, 701, 68, '2018-12-30', 0),
(829, 829, 4, '2018-12-07', 0),
(243, 243, 52, '2018-09-12', 0),
(190, 190, 2, '2018-08-11', 0),
(927, 927, 3, NULL, NULL),
(566, 566, 74, '2018-03-09', 0),
(344, 344, 85, '2018-08-14', 0),
(90, 90, 7, '2018-03-05', 0),
(191, 191, 36, '2018-09-05', 0),
(466, 466, 49, '2018-01-19', 0),
(830, 830, 70, '2018-12-08', 0),
(244, 244, 41, '2018-08-07', 0),
(928, 928, 12, '2018-03-24', 0),
(802, 802, 61, '2018-03-31', 0),
(345, 345, 9, '2018-01-04', 0),
(702, 702, 81, '2018-12-29', 0),
(831, 831, 32, '2018-01-08', 0),
(91, 91, 60, '2018-08-20', 0),
(245, 245, 38, '2018-10-04', 0),
(192, 192, 7, '2019-01-13', 0),
(346, 346, 44, '2018-04-20', 0),
(246, 246, 77, '2018-09-29', 0),
(929, 929, 4, '2018-02-01', 0),
(803, 803, 80, NULL, NULL),
(703, 703, 16, '2018-10-27', 0),
(804, 804, 50, '2018-11-25', 0),
(92, 92, 100, '2018-02-11', 0),
(567, 567, 7, '2018-09-27', 0),
(832, 832, 36, '2018-09-29', 0),
(930, 930, 38, NULL, NULL),
(833, 833, 32, '2018-05-11', 0),
(193, 193, 13, '2019-01-03', 0),
(931, 931, 54, NULL, NULL),
(704, 704, 95, '2018-07-19', 0),
(834, 834, 2, '2018-11-05', 0),
(604, 604, 22, '2018-11-08', 0),
(347, 347, 77, '2018-11-29', 0),
(705, 705, 9, '2018-06-30', 0),
(247, 247, 84, '2019-01-22', 0),
(605, 605, 39, NULL, NULL),
(348, 348, 34, '2018-06-14', 0),
(248, 248, 20, '2018-04-01', 0),
(93, 93, 46, '2018-07-26', 0),
(932, 932, 93, '2018-04-04', 0),
(349, 349, 23, '2018-11-29', 0),
(706, 706, 3, '2019-01-15', 0),
(249, 249, 92, '2018-06-12', 0),
(606, 606, 3, '2018-10-21', 0),
(194, 194, 47, '2018-08-20', 0),
(94, 94, 71, '2018-12-26', 0),
(350, 350, 6, '2018-01-24', 0),
(707, 707, 59, '2018-02-07', 0),
(195, 195, 42, '2018-12-11', 0),
(607, 607, 59, '2018-12-04', 0),
(835, 835, 88, '2018-03-29', 0),
(250, 250, 81, '2018-04-26', 0),
(933, 933, 50, NULL, NULL),
(708, 708, 50, '2018-04-16', 0),
(351, 351, 59, '2018-10-10', 0),
(251, 251, 32, '2018-01-05', 0),
(352, 352, 68, '2018-01-08', 0),
(608, 608, 5, '2019-01-17', 0),
(252, 252, 67, '2018-08-23', 0),
(95, 95, 97, NULL, NULL),
(467, 467, 49, '2018-05-07', 0),
(836, 836, 76, '2018-08-17', 0),
(568, 568, 73, '2018-09-17', 0),
(353, 353, 28, '2018-10-29', 0),
(934, 934, 67, '2018-06-14', 0),
(709, 709, 81, '2018-09-29', 0),
(468, 468, 11, '2018-05-24', 0),
(253, 253, 12, '2018-09-17', 0),
(609, 609, 38, '2018-03-13', 0),
(569, 569, 48, '2018-06-01', 0),
(710, 710, 77, '2018-01-12', 0),
(196, 196, 62, '2018-04-28', 0),
(96, 96, 40, '2018-07-14', 0),
(197, 197, 87, '2019-01-08', 0),
(354, 354, 57, '2018-07-13', 0),
(837, 837, 64, '2019-01-15', 0),
(254, 254, 30, '2018-01-24', 0),
(355, 355, 25, '2018-01-14', 0),
(469, 469, 4, '2018-01-22', 0),
(610, 610, 100, '2018-08-02', 0),
(570, 570, 5, '2019-01-24', 0),
(255, 255, 33, '2018-04-02', 0),
(935, 935, 70, NULL, NULL),
(97, 97, 100, '2018-04-07', 0),
(711, 711, 65, '2018-10-18', 0),
(470, 470, 36, '2018-08-14', 0),
(611, 611, 8, '2018-04-19', 0),
(712, 712, 20, '2018-01-10', 0),
(356, 356, 1, NULL, NULL),
(198, 198, 40, '2018-11-06', 0),
(571, 571, 88, '2018-01-07', 0),
(471, 471, 55, '2019-01-02', 0),
(838, 838, 31, '2018-02-18', 0),
(98, 98, 77, '2018-02-23', 0),
(256, 256, 7, '2018-06-14', 0),
(572, 572, 81, '2018-09-01', 0),
(357, 357, 39, '2018-05-09', 0),
(199, 199, 100, '2018-12-01', 0),
(612, 612, 25, '2018-01-09', 0),
(472, 472, 29, '2018-05-30', 0),
(713, 713, 48, '2018-09-22', 0),
(99, 99, 13, '2018-11-28', 0),
(936, 936, 39, '2018-05-11', 0),
(573, 573, 7, '2018-09-02', 0),
(839, 839, 27, '2018-01-01', 0),
(937, 937, 41, '2018-08-20', 0),
(257, 257, 63, NULL, NULL),
(840, 840, 9, '2018-03-03', 0),
(358, 358, 61, '2018-02-24', 0),
(473, 473, 55, '2018-07-12', 0),
(938, 938, 5, '2018-11-06', 0),
(200, 200, 93, '2018-12-07', 0),
(258, 258, 8, '2018-01-07', 0),
(613, 613, 33, '2018-05-12', 0),
(714, 714, 11, '2018-03-16', 0),
(100, 100, 80, '2018-02-22', 0),
(201, 201, 82, '2018-09-23', 0),
(359, 359, 95, '2018-03-06', 0),
(574, 574, 41, '2018-07-16', 0),
(474, 474, 88, '2018-05-18', 0),
(841, 841, 4, '2018-03-06', 0),
(939, 939, 86, '2018-04-25', 0),
(101, 101, 79, '2018-01-05', 0),
(614, 614, 34, '2018-06-29', 0),
(1, 1, 41, NULL, NULL),
(259, 259, 19, '2018-04-24', 0),
(360, 360, 30, '2018-10-31', 0),
(102, 102, 95, '2018-01-09', 0),
(715, 715, 22, '2018-03-26', 0),
(842, 842, 36, '2018-02-25', 0),
(575, 575, 11, '2018-11-29', 0),
(260, 260, 10, '2018-11-16', 0),
(615, 615, 60, '2018-11-03', 0),
(2, 2, 1, '2018-01-03', 0),
(940, 940, 95, '2018-03-08', 0),
(475, 475, 27, NULL, NULL),
(361, 361, 68, '2018-10-04', 0),
(261, 261, 9, '2018-03-20', 0),
(103, 103, 35, '2018-10-02', 0),
(843, 843, 16, '2018-04-27', 0),
(3, 3, 81, '2018-04-05', 0),
(941, 941, 30, '2018-02-11', 0),
(362, 362, 12, '2018-03-13', 0),
(716, 716, 3, '2018-05-02', 0),
(104, 104, 37, '2019-01-10', 0),
(576, 576, 14, NULL, NULL),
(262, 262, 41, '2018-01-04', 0),
(4, 4, 56, '2018-11-07', 0),
(363, 363, 86, '2018-06-23', 0),
(263, 263, 64, '2018-06-10', 0),
(476, 476, 14, '2018-07-30', 0),
(844, 844, 83, '2019-01-02', 0),
(577, 577, 98, NULL, NULL),
(105, 105, 90, NULL, NULL),
(477, 477, 15, '2018-09-18', 0),
(942, 942, 3, '2018-10-12', 0),
(845, 845, 93, '2018-07-02', 0),
(364, 364, 88, '2018-01-10', 0),
(578, 578, 35, '2018-07-04', 0),
(616, 616, 1, '2019-01-02', 0),
(717, 717, 53, '2018-09-27', 0),
(5, 5, 30, '2018-01-04', 0),
(264, 264, 51, '2018-07-20', 0),
(478, 478, 40, '2018-05-13', 0),
(943, 943, 31, '2018-12-17', 0),
(617, 617, 50, '2018-02-14', 0),
(365, 365, 81, '2018-06-05', 0),
(265, 265, 37, '2018-01-03', 0),
(846, 846, 83, '2018-10-07', 0),
(106, 106, 100, '2018-07-23', 0),
(944, 944, 98, '2018-03-13', 0),
(718, 718, 32, '2018-10-11', 0),
(366, 366, 78, '2018-06-28', 0),
(579, 579, 17, '2018-03-21', 0),
(266, 266, 62, '2018-06-13', 0),
(6, 6, 18, '2018-05-18', 0),
(479, 479, 13, '2018-01-06', 0),
(367, 367, 50, '2018-09-07', 0),
(618, 618, 30, '2018-09-19', 0),
(719, 719, 42, '2018-07-24', 0),
(847, 847, 77, '2018-01-10', 0),
(107, 107, 70, '2019-01-01', 0),
(619, 619, 37, '2018-12-29', 0),
(580, 580, 29, '2018-04-01', 0),
(480, 480, 75, '2018-04-22', 0),
(720, 720, 30, '2018-06-04', 0),
(620, 620, 95, '2018-06-11', 0),
(581, 581, 11, '2018-12-31', 0),
(481, 481, 78, '2018-03-27', 0),
(7, 7, 2, NULL, NULL),
(582, 582, 88, '2018-02-10', 0),
(108, 108, 93, '2018-07-29', 0),
(945, 945, 98, '2018-03-11', 0),
(267, 267, 9, '2018-08-06', 0),
(368, 368, 7, '2018-04-09', 0),
(848, 848, 49, '2018-04-15', 0),
(721, 721, 42, '2018-01-16', 0),
(946, 946, 56, '2018-10-12', 0),
(849, 849, 57, NULL, NULL),
(268, 268, 22, NULL, NULL),
(8, 8, 77, '2018-07-07', 0),
(109, 109, 82, '2018-01-06', 0),
(369, 369, 23, '2018-08-27', 0),
(269, 269, 5, '2018-05-14', 0),
(482, 482, 6, '2018-01-02', 0),
(621, 621, 51, '2018-02-12', 0),
(722, 722, 87, '2018-08-28', 0),
(9, 9, 54, '2018-01-10', 0),
(947, 947, 74, '2018-05-23', 0),
(583, 583, 92, '2018-08-10', 0),
(370, 370, 95, '2018-07-19', 0),
(622, 622, 79, '2018-01-03', 0),
(723, 723, 16, '2018-02-05', 0),
(623, 623, 24, '2019-01-24', 0),
(724, 724, 91, '2018-03-31', 0),
(483, 483, 64, '2018-08-30', 0),
(584, 584, 93, '2018-02-20', 0),
(624, 624, 1, '2018-05-10', 0),
(850, 850, 43, NULL, NULL),
(270, 270, 22, '2018-06-12', 0),
(948, 948, 71, '2018-02-17', 0),
(851, 851, 6, '2018-09-17', 0),
(725, 725, 91, NULL, NULL),
(625, 625, 64, '2018-12-13', 0),
(726, 726, 8, '2018-05-25', 0),
(626, 626, 76, '2018-10-26', 0),
(949, 949, 31, '2018-06-19', 0),
(852, 852, 2, '2018-08-13', 0),
(371, 371, 55, '2018-11-15', 0),
(484, 484, 20, '2018-06-30', 0),
(585, 585, 88, '2018-02-25', 0),
(485, 485, 89, NULL, NULL),
(586, 586, 55, '2018-05-02', 0),
(271, 271, 78, '2018-11-11', 0),
(727, 727, 28, '2018-12-10', 0),
(950, 950, 29, '2018-11-02', 0),
(853, 853, 10, '2018-01-07', 0),
(486, 486, 67, '2018-01-26', 0),
(110, 110, 42, '2018-10-05', 0),
(627, 627, 53, NULL, NULL),
(10, 10, 83, '2018-10-27', 0),
(728, 728, 51, '2018-05-29', 0),
(628, 628, 44, '2018-04-09', 0),
(111, 111, 55, '2018-07-22', 0),
(729, 729, 51, '2018-01-01', 0),
(951, 951, 82, '2018-01-03', 0),
(587, 587, 22, '2018-11-23', 0),
(11, 11, 72, '2018-02-10', 0),
(487, 487, 89, '2018-08-04', 0),
(854, 854, 51, '2018-01-02', 0),
(588, 588, 39, '2018-07-13', 0),
(952, 952, 79, NULL, NULL),
(855, 855, 24, '2018-03-19', 0),
(629, 629, 94, '2018-07-20', 0),
(488, 488, 49, '2018-08-02', 0),
(112, 112, 55, '2018-02-06', 0),
(372, 372, 66, NULL, NULL),
(589, 589, 16, '2018-01-08', 0),
(730, 730, 92, '2018-11-23', 0),
(630, 630, 10, '2018-01-26', 0),
(953, 953, 42, '2018-04-21', 0),
(731, 731, 10, '2018-02-25', 0),
(631, 631, 40, '2018-06-05', 0),
(272, 272, 37, '2018-12-01', 0),
(856, 856, 36, '2018-08-28', 0),
(954, 954, 88, '2018-10-22', 0),
(12, 12, 35, '2018-03-02', 0),
(373, 373, 69, '2018-02-25', 0),
(113, 113, 1, '2018-05-27', 0),
(857, 857, 65, '2018-04-09', 0),
(732, 732, 53, '2018-01-07', 0),
(13, 13, 15, '2018-11-24', 0),
(632, 632, 68, NULL, NULL),
(273, 273, 29, '2018-08-05', 0),
(114, 114, 28, '2018-01-02', 0),
(374, 374, 93, '2018-04-18', 0),
(274, 274, 80, '2018-09-29', 0),
(733, 733, 56, '2018-01-11', 0),
(14, 14, 89, '2018-09-16', 0),
(633, 633, 28, '2018-08-09', 0),
(375, 375, 29, '2018-07-24', 0),
(734, 734, 96, NULL, NULL),
(275, 275, 49, '2018-04-07', 0),
(489, 489, 98, NULL, NULL),
(955, 955, 87, '2018-04-20', 0),
(634, 634, 58, NULL, NULL),
(735, 735, 88, '2018-11-03', 0),
(858, 858, 65, '2018-12-19', 0),
(956, 956, 32, '2018-09-08', 0),
(590, 590, 24, '2018-03-10', 0),
(490, 490, 65, '2018-11-18', 0),
(376, 376, 44, '2018-02-02', 0),
(859, 859, 46, '2018-06-01', 0),
(591, 591, 2, '2018-08-25', 0),
(957, 957, 77, '2018-11-01', 0),
(491, 491, 44, '2018-07-21', 0),
(860, 860, 18, '2018-03-29', 0),
(276, 276, 18, '2019-01-13', 0),
(115, 115, 16, '2018-05-08', 0),
(958, 958, 27, '2018-07-02', 0),
(635, 635, 66, '2018-06-19', 0),
(15, 15, 63, '2018-01-01', 0),
(116, 116, 95, '2018-05-17', 0),
(736, 736, 81, '2018-01-26', 0),
(16, 16, 81, '2018-11-06', 0),
(592, 592, 3, '2018-04-07', 0),
(117, 117, 14, '2018-05-01', 0),
(636, 636, 21, '2018-12-26', 0),
(492, 492, 68, '2018-07-13', 0),
(377, 377, 22, '2018-12-14', 0),
(737, 737, 4, '2018-01-13', 0),
(637, 637, 84, '2018-06-11', 0),
(593, 593, 71, '2018-12-23', 0),
(861, 861, 97, '2018-09-04', 0),
(277, 277, 1, '2018-11-06', 0),
(17, 17, 47, '2018-03-16', 0),
(378, 378, 93, NULL, NULL),
(278, 278, 99, '2018-11-23', 0),
(493, 493, 50, '2018-02-08', 0),
(379, 379, 21, '2018-06-08', 0),
(279, 279, 88, '2018-04-03', 0),
(380, 380, 16, NULL, NULL),
(594, 594, 6, '2018-03-25', 0),
(494, 494, 93, '2018-09-24', 0),
(280, 280, 24, '2018-02-20', 0),
(381, 381, 18, '2018-03-04', 0),
(118, 118, 65, '2018-02-09', 0),
(281, 281, 34, '2018-11-26', 0),
(382, 382, 8, '2018-05-22', 0),
(738, 738, 3, '2018-08-13', 0),
(282, 282, 5, '2018-06-25', 0),
(18, 18, 66, '2018-01-06', 0),
(595, 595, 80, '2018-01-08', 0),
(383, 383, 8, '2018-07-04', 0),
(959, 959, 90, '2018-08-01', 0),
(283, 283, 86, '2018-05-19', 0),
(638, 638, 8, NULL, NULL),
(739, 739, 81, '2018-04-23', 0),
(384, 384, 87, '2018-05-15', 0),
(495, 495, 89, '2018-01-22', 0),
(596, 596, 86, '2018-11-17', 0),
(862, 862, 14, NULL, NULL),
(284, 284, 78, '2018-10-15', 0),
(496, 496, 61, '2018-03-10', 0),
(960, 960, 92, '2018-06-27', 0),
(863, 863, 35, '2018-01-31', 0),
(961, 961, 69, '2018-03-25', 0),
(864, 864, 79, '2018-10-26', 0),
(119, 119, 31, '2018-06-19', 0),
(962, 962, 37, '2018-01-20', 0),
(19, 19, 83, '2018-07-31', 0),
(639, 639, 65, '2018-07-08', 0),
(865, 865, 55, '2018-01-07', 0),
(740, 740, 26, '2019-01-12', 0),
(597, 597, 26, '2018-11-03', 0),
(497, 497, 86, '2018-05-29', 0),
(598, 598, 70, NULL, NULL),
(640, 640, 56, '2018-03-04', 0),
(385, 385, 90, '2019-01-20', 0),
(741, 741, 9, NULL, NULL),
(285, 285, 25, '2018-01-15', 0),
(963, 963, 95, '2019-01-22', 0),
(498, 498, 45, '2018-06-20', 0),
(866, 866, 85, '2018-01-03', 0),
(120, 120, 9, '2018-04-15', 0),
(641, 641, 61, '2018-06-22', 0),
(20, 20, 90, '2018-08-10', 0),
(121, 121, 46, '2018-09-30', 0),
(964, 964, 45, '2018-11-21', 0),
(867, 867, 27, '2018-01-07', 0),
(599, 599, 27, '2018-02-12', 0),
(499, 499, 30, '2018-07-25', 0),
(21, 21, 75, '2018-01-08', 0),
(965, 965, 4, '2018-11-09', 0),
(868, 868, 13, NULL, NULL),
(386, 386, 47, '2018-10-10', 0),
(122, 122, 20, '2018-05-28', 0),
(966, 966, 7, '2018-08-16', 0),
(742, 742, 33, '2018-05-17', 0),
(286, 286, 34, '2018-01-09', 0),
(600, 600, 1, '2018-05-20', 0),
(387, 387, 65, '2018-02-10', 0),
(22, 22, 43, '2018-10-06', 0),
(500, 500, 94, '2018-07-29', 0),
(601, 601, 50, '2018-11-10', 0),
(642, 642, 7, '2018-10-16', 0),
(287, 287, 83, '2018-03-25', 0),
(869, 869, 69, '2018-11-02', 0),
(743, 743, 31, '2018-02-06', 0),
(501, 501, 98, '2018-08-13', 0),
(967, 967, 31, '2018-05-28', 0),
(123, 123, 8, '2018-01-07', 0),
(388, 388, 73, '2018-07-31', 0),
(602, 602, 20, NULL, NULL),
(23, 23, 100, NULL, NULL),
(643, 643, 95, '2018-09-08', 0),
(502, 502, 78, '2018-05-23', 0),
(603, 603, 53, '2018-10-18', 0),
(503, 503, 28, '2018-04-02', 0),
(288, 288, 31, '2018-11-07', 0),
(870, 870, 61, '2018-11-30', 0),
(744, 744, 19, '2018-05-24', 0),
(968, 968, 53, '2018-07-31', 0),
(389, 389, 6, '2018-04-28', 0),
(289, 289, 57, NULL, NULL),
(644, 644, 67, '2018-07-22', 0),
(403, 403, 36, NULL, NULL),
(871, 871, 45, NULL, NULL),
(969, 969, 91, '2018-02-14', 0),
(390, 390, 64, '2018-07-18', 0),
(290, 290, 81, '2018-01-08', 0),
(504, 504, 95, '2018-07-12', 0),
(872, 872, 40, '2018-04-10', 0),
(124, 124, 90, '2018-01-07', 0),
(391, 391, 22, '2018-04-21', 0),
(24, 24, 41, NULL, NULL),
(745, 745, 56, '2018-09-23', 0),
(970, 970, 74, '2018-01-04', 0),
(291, 291, 95, '2018-06-12', 0),
(392, 392, 90, '2018-01-14', 0),
(292, 292, 71, '2018-03-09', 0),
(393, 393, 41, '2018-08-10', 0),
(404, 404, 99, NULL, NULL),
(505, 505, 80, '2018-01-08', 0),
(873, 873, 74, '2018-05-24', 0),
(405, 405, 89, '2018-11-28', 0),
(125, 125, 86, '2018-01-06', 0),
(645, 645, 2, '2018-11-24', 0),
(971, 971, 10, '2018-10-05', 0),
(25, 25, 100, '2019-01-19', 0),
(874, 874, 20, NULL, NULL),
(506, 506, 61, '2018-03-15', 0),
(406, 406, 95, '2018-04-07', 0),
(293, 293, 57, NULL, NULL),
(394, 394, 48, '2019-01-01', 0),
(972, 972, 90, '2018-02-19', 0),
(294, 294, 2, '2018-01-03', 0),
(875, 875, 51, '2018-01-08', 0),
(126, 126, 22, '2018-10-05', 0),
(973, 973, 64, '2018-03-28', 0),
(26, 26, 72, '2018-08-15', 0),
(507, 507, 41, '2018-03-18', 0),
(876, 876, 88, '2018-01-06', 0),
(395, 395, 82, '2018-11-20', 0),
(127, 127, 98, '2018-02-05', 0),
(407, 407, 54, '2018-10-26', 0),
(27, 27, 43, '2018-03-13', 0),
(295, 295, 56, NULL, NULL),
(396, 396, 87, '2018-09-24', 0),
(128, 128, 35, '2018-10-21', 0),
(28, 28, 100, '2018-08-23', 0),
(508, 508, 12, '2018-08-15', 0),
(296, 296, 2, '2018-04-18', 0),
(129, 129, 3, '2018-02-27', 0),
(974, 974, 25, '2018-01-16', 0),
(746, 746, 80, '2018-01-09', 0),
(397, 397, 27, NULL, NULL),
(408, 408, 6, '2018-02-08', 0),
(297, 297, 50, '2018-01-07', 0),
(646, 646, 52, '2018-09-05', 0),
(509, 509, 69, '2018-01-01', 0),
(877, 877, 41, '2018-03-26', 0),
(975, 975, 32, '2018-12-30', 0),
(747, 747, 31, '2018-02-01', 0),
(409, 409, 75, '2018-03-28', 0),
(878, 878, 99, '2018-11-16', 0),
(29, 29, 5, '2018-02-16', 0),
(510, 510, 28, '2018-08-09', 0),
(647, 647, 59, '2018-01-13', 0),
(410, 410, 75, '2018-03-05', 0),
(748, 748, 15, '2018-07-17', 0),
(976, 976, 31, '2018-01-26', 0),
(879, 879, 6, '2018-01-09', 0),
(398, 398, 41, '2019-01-02', 0),
(298, 298, 6, '2018-11-05', 0),
(977, 977, 95, '2018-01-05', 0),
(399, 399, 49, '2018-09-23', 0),
(130, 130, 7, '2018-05-15', 0),
(299, 299, 52, '2018-12-14', 0),
(511, 511, 98, '2018-05-10', 0),
(411, 411, 6, '2018-09-09', 0),
(880, 880, 99, '2018-07-06', 0),
(400, 400, 2, '2018-02-16', 0),
(648, 648, 64, '2018-01-28', 0),
(30, 30, 22, '2018-10-15', 0),
(300, 300, 5, '2018-12-13', 0),
(401, 401, 94, '2018-06-25', 0),
(301, 301, 56, NULL, NULL),
(512, 512, 42, '2018-06-08', 0),
(749, 749, 82, '2018-08-15', 0),
(412, 412, 35, NULL, NULL),
(649, 649, 22, '2018-01-04', 0),
(513, 513, 56, '2018-12-12', 0),
(402, 402, 32, NULL, NULL),
(413, 413, 4, '2018-08-09', 0),
(131, 131, 86, '2019-01-08', 0),
(514, 514, 34, '2018-12-17', 0),
(31, 31, 4, '2018-03-27', 0),
(978, 978, 40, '2018-09-12', 0),
(302, 302, 10, '2018-01-06', 0),
(414, 414, 11, '2018-08-02', 0),
(515, 515, 84, '2018-09-16', 0),
(750, 750, 67, NULL, NULL),
(650, 650, 44, '2018-02-17', 0),
(202, 202, 70, '2018-04-17', 0),
(303, 303, 36, '2018-06-12', 0),
(751, 751, 48, '2018-09-04', 0),
(881, 881, 88, '2018-10-29', 0),
(979, 979, 36, '2018-05-12', 0),
(132, 132, 2, '2018-02-19', 0),
(415, 415, 31, '2018-03-19', 0),
(32, 32, 22, '2018-08-27', 0),
(203, 203, 13, '2018-08-04', 0),
(882, 882, 18, '2018-09-07', 0),
(304, 304, 2, NULL, NULL),
(651, 651, 88, NULL, NULL),
(516, 516, 48, '2018-07-27', 0),
(133, 133, 43, '2018-05-11', 0),
(752, 752, 73, '2018-01-01', 0),
(33, 33, 69, '2018-01-11', 0),
(416, 416, 52, '2018-12-20', 0),
(980, 980, 30, '2018-06-05', 0),
(134, 134, 18, '2018-09-10', 0),
(34, 34, 25, '2018-06-16', 0),
(883, 883, 39, '2018-07-18', 0),
(135, 135, 77, '2018-03-09', 0),
(204, 204, 39, '2018-11-01', 0),
(517, 517, 97, '2018-04-21', 0),
(652, 652, 3, '2018-03-17', 0),
(35, 35, 67, '2018-12-14', 0),
(305, 305, 18, '2018-02-15', 0),
(205, 205, 84, '2018-01-01', 0),
(136, 136, 61, '2018-10-11', 0),
(981, 981, 46, '2018-05-01', 0),
(36, 36, 12, '2018-09-16', 0),
(137, 137, 95, '2018-08-24', 0),
(37, 37, 76, '2018-04-09', 0),
(417, 417, 32, '2018-11-06', 0),
(518, 518, 31, '2018-03-17', 0),
(884, 884, 37, NULL, NULL),
(753, 753, 82, '2018-02-25', 0),
(306, 306, 12, '2018-07-01', 0),
(206, 206, 86, '2018-04-14', 0),
(307, 307, 3, '2018-01-07', 0),
(138, 138, 64, '2018-03-17', 0),
(207, 207, 41, '2018-08-25', 0),
(418, 418, 5, '2018-09-07', 0),
(519, 519, 29, '2018-08-17', 0),
(38, 38, 95, NULL, NULL),
(982, 982, 9, '2018-02-02', 0),
(653, 653, 43, '2018-01-23', 0),
(308, 308, 18, '2018-06-09', 0),
(208, 208, 28, '2018-10-08', 0),
(754, 754, 35, '2018-04-30', 0),
(885, 885, 59, '2018-11-15', 0),
(654, 654, 5, '2018-02-09', 0),
(309, 309, 53, '2018-09-27', 0),
(755, 755, 76, '2018-04-26', 0),
(983, 983, 62, '2018-03-18', 0),
(209, 209, 16, '2018-04-19', 0),
(886, 886, 2, '2018-01-02', 0),
(139, 139, 45, '2018-03-16', 0),
(310, 310, 59, '2018-12-12', 0),
(655, 655, 51, '2018-02-15', 0),
(984, 984, 86, '2018-06-17', 0),
(39, 39, 9, '2018-04-09', 0),
(140, 140, 31, '2018-12-25', 0),
(210, 210, 92, '2018-06-03', 0),
(887, 887, 2, '2018-10-31', 0),
(311, 311, 6, '2018-08-14', 0),
(419, 419, 26, NULL, NULL),
(985, 985, 92, '2018-01-06', 0),
(756, 756, 27, '2018-12-13', 0),
(888, 888, 4, '2018-06-07', 0),
(520, 520, 71, '2018-01-05', 0),
(40, 40, 7, NULL, NULL),
(420, 420, 76, '2018-05-19', 0),
(986, 986, 42, '2018-01-17', 0),
(889, 889, 32, '2018-01-09', 0),
(521, 521, 47, '2018-11-20', 0),
(421, 421, 22, '2019-01-23', 0),
(987, 987, 20, '2018-02-12', 0),
(522, 522, 81, '2019-01-01', 0),
(890, 890, 2, '2018-02-02', 0),
(422, 422, 29, '2018-02-18', 0),
(988, 988, 46, '2018-10-04', 0),
(891, 891, 24, '2018-02-28', 0),
(523, 523, 73, '2018-08-28', 0),
(141, 141, 2, '2018-10-17', 0),
(423, 423, 56, '2018-11-17', 0),
(656, 656, 44, '2019-01-22', 0),
(524, 524, 77, '2018-08-08', 0),
(757, 757, 66, '2018-12-13', 0),
(211, 211, 51, '2018-08-03', 0),
(989, 989, 72, '2018-04-27', 0),
(424, 424, 76, '2018-01-08', 0),
(41, 41, 6, '2018-06-03', 0),
(525, 525, 17, '2018-03-30', 0),
(425, 425, 58, '2018-01-12', 0),
(142, 142, 77, NULL, NULL),
(312, 312, 58, '2018-11-17', 0),
(212, 212, 5, '2019-01-19', 0),
(657, 657, 30, '2018-10-30', 0),
(892, 892, 38, '2018-10-21', 0),
(526, 526, 95, '2018-01-09', 0),
(758, 758, 45, '2018-01-10', 0),
(658, 658, 45, '2018-01-22', 0),
(426, 426, 52, '2019-01-25', 0),
(313, 313, 70, '2018-09-18', 0),
(759, 759, 26, NULL, NULL),
(42, 42, 3, '2018-09-24', 0),
(527, 527, 69, '2018-06-19', 0),
(659, 659, 29, '2018-12-21', 0),
(427, 427, 6, '2018-08-18', 0),
(760, 760, 6, '2018-11-27', 0),
(143, 143, 53, '2018-01-18', 0),
(660, 660, 77, '2018-08-07', 0),
(213, 213, 96, '2018-09-06', 0),
(314, 314, 29, '2018-01-07', 0),
(990, 990, 19, '2018-08-20', 0),
(214, 214, 23, '2018-07-29', 0),
(528, 528, 86, '2018-01-17', 0),
(43, 43, 64, NULL, NULL),
(428, 428, 5, '2018-11-01', 0),
(529, 529, 66, '2018-10-09', 0),
(893, 893, 3, '2018-01-02', 0),
(315, 315, 96, '2018-04-26', 0),
(215, 215, 1, '2018-01-02', 0),
(991, 991, 100, '2019-01-06', 0),
(894, 894, 9, NULL, NULL),
(992, 992, 2, NULL, NULL),
(895, 895, 81, '2018-02-16', 0),
(316, 316, 5, '2018-04-28', 0),
(761, 761, 75, '2018-04-07', 0),
(144, 144, 7, '2018-12-02', 0),
(216, 216, 46, '2018-07-10', 0),
(317, 317, 98, '2018-04-25', 0),
(661, 661, 50, '2018-12-16', 0),
(217, 217, 25, '2018-01-07', 0),
(762, 762, 70, '2018-11-22', 0),
(318, 318, 19, '2018-11-14', 0),
(218, 218, 44, '2018-07-26', 0),
(319, 319, 10, '2018-07-15', 0),
(219, 219, 55, '2018-09-09', 0),
(320, 320, 71, '2018-12-10', 0),
(220, 220, 21, '2018-05-30', 0),
(662, 662, 5, '2018-01-15', 0),
(321, 321, 46, '2018-12-17', 0),
(429, 429, 46, '2018-02-02', 0),
(993, 993, 28, '2018-04-09', 0),
(896, 896, 93, '2018-10-04', 0),
(994, 994, 95, '2018-07-30', 0),
(221, 221, 8, '2018-01-10', 0),
(530, 530, 88, '2018-03-07', 0),
(897, 897, 9, '2018-06-16', 0),
(995, 995, 2, '2018-10-15', 0),
(44, 44, 21, '2019-01-08', 0),
(145, 145, 51, NULL, NULL),
(322, 322, 10, '2018-09-18', 0),
(430, 430, 50, NULL, NULL),
(531, 531, 79, '2018-12-13', 0),
(222, 222, 99, '2018-08-21', 0),
(763, 763, 94, '2018-10-12', 0),
(323, 323, 29, NULL, NULL),
(898, 898, 60, '2018-07-03', 0),
(45, 45, 8, NULL, NULL),
(146, 146, 19, '2018-04-23', 0),
(996, 996, 32, '2019-01-16', 0),
(223, 223, 25, '2018-10-13', 0),
(431, 431, 49, '2018-02-28', 0),
(899, 899, 50, '2018-01-03', 0),
(997, 997, 51, '2018-01-03', 0),
(46, 46, 24, '2018-02-01', 0),
(663, 663, 24, NULL, NULL),
(764, 764, 95, NULL, NULL),
(900, 900, 8, NULL, NULL),
(324, 324, 97, '2018-12-16', 0),
(998, 998, 33, '2018-08-03', 0),
(532, 532, 21, '2018-08-20', 0),
(147, 147, 12, '2019-01-09', 0),
(47, 47, 46, '2018-08-30', 0),
(901, 901, 73, '2018-03-23', 0),
(999, 999, 33, '2018-04-29', 0),
(148, 148, 12, '2018-02-21', 0),
(48, 48, 5, '2018-09-27', 0),
(664, 664, 56, '2018-10-05', 0),
(902, 902, 73, '2018-09-08', 0),
(805, 805, 40, '2018-01-13', 0),
(432, 432, 8, '2018-04-12', 0),
(149, 149, 46, '2018-08-11', 0),
(49, 49, 29, '2018-04-17', 0),
(533, 533, 97, '2018-01-11', 0),
(903, 903, 5, '2018-07-14', 0),
(150, 150, 41, NULL, NULL),
(806, 806, 53, '2018-01-24', 0),
(765, 765, 98, '2018-06-03', 0),
(904, 904, 2, '2018-02-24', 0),
(433, 433, 41, '2019-01-21', 0),
(50, 50, 41, '2018-01-09', 0),
(151, 151, 5, '2018-11-11', 0),
(665, 665, 59, '2018-04-03', 0),
(807, 807, 38, '2018-01-08', 0),
(51, 51, 27, '2018-07-28', 0),
(152, 152, 99, '2018-05-07', 0),
(905, 905, 17, NULL, NULL),
(808, 808, 76, '2018-08-03', 0),
(766, 766, 32, '2018-12-08', 0),
(906, 906, 17, '2018-02-21', 0),
(809, 809, 38, '2018-11-03', 0),
(534, 534, 2, '2018-03-31', 0),
(434, 434, 75, '2018-09-16', 0),
(52, 52, 30, '2018-04-20', 0),
(153, 153, 44, '2018-01-22', 0),
(535, 535, 7, '2018-12-29', 0),
(435, 435, 48, '2018-01-09', 0),
(666, 666, 87, '2018-08-12', 0),
(53, 53, 57, '2018-01-05', 0),
(767, 767, 64, NULL, NULL),
(536, 536, 68, '2018-03-28', 0),
(436, 436, 94, '2018-12-09', 0),
(154, 154, 79, '2018-09-09', 0),
(54, 54, 89, '2018-02-07', 0),
(537, 537, 68, '2018-11-26', 0),
(667, 667, 76, '2018-07-01', 0),
(437, 437, 73, '2018-05-17', 0),
(155, 155, 94, '2018-01-19', 0),
(538, 538, 12, '2018-09-06', 0),
(768, 768, 9, '2018-01-08', 0),
(55, 55, 12, '2018-08-10', 0),
(438, 438, 47, '2018-12-27', 0),
(539, 539, 92, '2018-10-26', 0),
(156, 156, 73, '2018-06-11', 0),
(56, 56, 76, '2018-02-06', 0),
(439, 439, 27, '2018-04-08', 0),
(157, 157, 4, '2018-07-21', 0),
(668, 668, 2, '2018-02-08', 0),
(769, 769, 35, '2018-10-18', 0),
(57, 57, 80, '2018-01-27', 0),
(158, 158, 69, '2018-10-30', 0),
(58, 58, 38, '2018-04-05', 0),
(669, 669, 88, '2018-02-13', 0),
(159, 159, 8, '2018-04-13', 0),
(770, 770, 99, '2018-08-08', 0),
(670, 670, 85, '2018-02-10', 0),
(59, 59, 63, '2018-03-02', 0),
(160, 160, 5, '2018-01-04', 0),
(540, 540, 81, '2019-01-03', 0),
(771, 771, 3, '2018-08-03', 0),
(440, 440, 5, '2018-10-12', 0),
(671, 671, 75, '2018-10-27', 0),
(541, 541, 79, '2018-10-05', 0),
(441, 441, 5, '2018-12-03', 0),
(542, 542, 26, '2018-08-12', 0),
(772, 772, 90, '2018-10-03', 0),
(672, 672, 2, '2018-12-31', 0),
(773, 773, 48, '2018-05-06', 0),
(442, 442, 97, '2018-01-09', 0),
(60, 60, 64, '2019-01-13', 0),
(161, 161, 15, '2018-06-08', 0),
(543, 543, 89, '2018-05-14', 0),
(61, 61, 65, '2018-08-14', 0),
(162, 162, 44, '2018-04-23', 0),
(673, 673, 57, '2018-04-23', 0),
(62, 62, 47, '2018-02-16', 0),
(774, 774, 22, '2018-04-12', 0),
(674, 674, 20, '2018-10-28', 0),
(775, 775, 14, '2018-02-17', 0),
(675, 675, 68, '2018-03-14', 0),
(163, 163, 4, '2018-10-23', 0),
(776, 776, 45, '2018-08-05', 0),
(676, 676, 28, '2018-02-04', 0),
(63, 63, 37, '2018-05-14', 0),
(443, 443, 1, '2018-05-13', 0),
(544, 544, 11, '2018-03-09', 0),
(444, 444, 56, NULL, NULL),
(777, 777, 38, NULL, NULL),
(164, 164, 99, '2018-04-22', 0),
(677, 677, 71, '2018-12-05', 0),
(545, 545, 4, NULL, NULL),
(445, 445, 48, '2018-03-28', 0),
(778, 778, 27, '2018-05-09', 0),
(546, 546, 17, '2018-11-03', 0),
(64, 64, 36, '2018-01-03', 0),
(165, 165, 20, NULL, NULL),
(678, 678, 72, '2018-01-20', 0),
(779, 779, 21, '2018-02-16', 0),
(446, 446, 3, '2018-04-20', 0),
(547, 547, 23, '2018-01-06', 0),
(679, 679, 52, '2018-01-08', 0),
(65, 65, 50, '2018-05-11', 0),
(166, 166, 85, '2018-12-06', 0),
(447, 447, 68, '2018-11-20', 0),
(780, 780, 29, '2018-03-17', 0),
(680, 680, 19, '2018-05-09', 0),
(781, 781, 63, '2018-10-03', 0),
(681, 681, 29, '2018-01-13', 0),
(66, 66, 20, '2018-07-02', 0),
(782, 782, 25, '2018-05-04', 0),
(682, 682, 35, '2018-05-03', 0),
(548, 548, 42, '2019-01-23', 0),
(448, 448, 62, '2018-03-25', 0),
(549, 549, 50, '2018-05-09', 0),
(449, 449, 80, '2018-03-02', 0),
(167, 167, 5, '2018-12-07', 0),
(67, 67, 58, '2018-01-01', 0),
(783, 783, 98, '2018-03-05', 0),
(168, 168, 11, '2018-08-16', 0),
(68, 68, 27, NULL, NULL),
(683, 683, 76, '2018-09-07', 0),
(784, 784, 7, '2018-01-10', 0),
(684, 684, 79, '2018-11-10', 0),
(785, 785, 98, '2018-03-29', 0),
(685, 685, 23, '2018-01-08', 0),
(786, 786, 9, '2018-02-18', 0),
(686, 686, 9, '2018-01-12', 0),
(169, 169, 55, '2018-08-20', 0),
(69, 69, 5, '2018-09-09', 0),
(170, 170, 9, '2018-12-05', 0),
(70, 70, 77, '2018-10-07', 0),
(171, 171, 100, '2018-04-27', 0),
(71, 71, 66, NULL, NULL),
(172, 172, 92, NULL, NULL),
(72, 72, 58, NULL, NULL),
(173, 173, 52, NULL, NULL),
(73, 73, 77, NULL, NULL),
(174, 174, 92, NULL, NULL),
(74, 74, 86, NULL, NULL),
(175, 175, 36, NULL, NULL),
(75, 75, 72, NULL, NULL),
(176, 176, 95, NULL, NULL),
(76, 76, 39, NULL, NULL),
(177, 177, 83, NULL, NULL),
(77, 77, 94, NULL, NULL),
(178, 178, 72, NULL, NULL),
(78, 78, 78, NULL, NULL);