-- Table: public.Countries

CREATE TABLE IF NOT EXISTS public."Countries"
(
    country_code char(2) NOT NULL,
    country_name varchar(30) NOT NULL,
    country_full_name varchar(100) NULL,
	
    CONSTRAINT "Countries_pkey" PRIMARY KEY (country_code)
);

INSERT INTO public."Countries" VALUES 
('by', 'Беларусь', 'Республика Беларусь'),
('cd', 'Конго','Демократическая Республика Конго (бывший Заир)'),
('cg','Конго','Республика Конго'),
('cn','Китай','Китайская Народная Республика'),
('it','Италия', NULL), 
('kp','КНДР','Корейская Народная Демократическая Республика'), 
('kz','Казахстан', NULL), 
('ly','Ливия','Ливийская Арабская Народная Демократическая Социалистическая Джамахирия (так называлась при Каддафи)'), 
('np','Непал', NULL), 
('ru','Россия','Российская Федерация'), 
('uz','Узбекистан','Республика Узбекистан'),
('kg','Кыргызстан','Кыргызская Республика'),
('fr','Франция','Республика Франция'); 

-- Table: public.Addresses

CREATE TABLE IF NOT EXISTS public."Addresses"	
(
	address_id int GENERATED BY DEFAULT AS IDENTITY NOT NULL,		
	country_code char(2) NOT NULL,
	home_address varchar(100),
	
    CONSTRAINT "Addresses_pkey" PRIMARY KEY (address_id),	
 	CONSTRAINT fk_Addresses_to_Countries
    	FOREIGN KEY(country_code) REFERENCES public."Countries"(country_code)	
);

INSERT INTO public."Addresses" VALUES 
(1, 'by', 'Минск, ул.Калиновского д.32 кв.111'),
(2, 'it', 'Roma, Lorenzo Magnifico 13 - 23'),
(3, 'uz', 'Ташкент, ул. Буйук Ипак Йули д.59 кв.8');

-- Table: public.Mountains

CREATE TABLE IF NOT EXISTS public."Mountains" 
(
	mountain_id int GENERATED BY DEFAULT AS IDENTITY NOT NULL,	
    mountain_name varchar(50) NOT NULL,
	mountain_additional_name varchar(50) NOT NULL,
    height int NOT NULL,
    region varchar(50) NOT NULL, 	
	-- country: may be more than one country. Stored in the table MountainsToCountries 
	
	CONSTRAINT "Mountains_pkey" PRIMARY KEY (mountain_id)	
);

INSERT INTO public."Mountains" VALUES 
(1, 'Эверест', '', '8849', 'Гималаи'),
(2, 'Эльбрус', '', '5642', 'Кавказ'),
(3, 'Монблан', '', '4806', 'Альпы'),
(4, 'пик Победы', '', '7439', 'Тянь-Шань');

-- Table: public.MountainsToCounties for many-to-many relation between Mopuntains and Countries

CREATE TABLE IF NOT EXISTS public."MountainsToCountries" 
(
    mountain_id int,
    country_code char(2),
	
	CONSTRAINT "MountainsToCountries_pkey" PRIMARY KEY (mountain_id, country_code),	
	CONSTRAINT fk_Countries_To_Mountains 
		FOREIGN KEY(mountain_id) REFERENCES public."Mountains"(mountain_id),
	CONSTRAINT fk_Mountains_To_Countries
    	FOREIGN KEY(country_code) REFERENCES public."Countries"(country_code)
);

INSERT INTO public."MountainsToCountries" VALUES 
(1, 'cn'),   -- Эверест, Китай 
(1, 'np'),   -- Эверест, Непал 	
(2, 'ru'),   -- Эльбрус, Россия 
(3, 'fr'),   -- Монблан, Франция
(3, 'it'),   -- Монблан, Италия
(4, 'cn'),   -- Пик Победы, Китай
(4, 'kg');   -- Пик Победы, Кыргызстан

-- Table: public.PersonalData

CREATE TABLE IF NOT EXISTS public."PersonalData"	
(
	personal_data_id int GENERATED BY DEFAULT AS IDENTITY NOT NULL,
	passport_no varchar(10), 
	passport_series varchar(10), 
	personal_no varchar(20), 
	phone_no varchar(20), 
	email varchar(50),
	
	CONSTRAINT "PersonalData_pkey" PRIMARY KEY (personal_data_id)	
); 

INSERT INTO public."PersonalData" VALUES 
(1,'2649201','MP','3070972A024PB5','(375)291234654','apetkevich@yahoo.com'), 
(2, NULL, NULL, NULL, NULL,'eliuterio_bosio@infn.it'),
(3, NULL, NULL, NULL, NULL,'giorgio_bosio@infn.it'), 
(4, NULL, NULL, NULL, NULL,'abosio@infn.it'); 

-- Table: public.Climbers

CREATE TABLE IF NOT EXISTS public."Climbers"	
(
	climber_id int GENERATED BY DEFAULT AS IDENTITY NOT NULL,		
	first_name varchar(50) COLLATE pg_catalog."default" NOT NULL,	
	last_name varchar(50) COLLATE pg_catalog."default" NOT NULL,	
	address_id int NOT NULL,  
	personal_info_id int, 
	
	CONSTRAINT "pk_Climbers" PRIMARY KEY (climber_id),	
 	CONSTRAINT "fk_Climbers_to_Addresses"
    	FOREIGN KEY(address_id) REFERENCES public."Addresses"(address_id), 		
 	CONSTRAINT "fk_Climbers_to_PersonalInfo"
    	FOREIGN KEY(personal_info_id) REFERENCES public."PersonalData"(personal_data_id)			
); 

INSERT INTO public."Climbers" VALUES 	
(1, 'Алесь', 'Петкевич', 1, 1),
(2, 'Giorgio', 'Bosio', 2, 3),
(3, 'Agnello', 'Bosio', 2, 4),
(4, 'Eliuterio', 'Bosio', 2, 2),
(5, 'Анвар', 'Джаббаров', 3, NULL); 

-- Table: public.Climbs

CREATE TABLE IF NOT EXISTS public."Climbs"
(
    climb_id integer NOT NULL GENERATED BY DeFAULT AS IDENTITY NOT NULL,
    start_date date NOT NULL,
    end_date date NOT NULL,
    mountain_id integer NOT NULL,
    description text NULL,

  CONSTRAINT "pk_Climbs" PRIMARY KEY (climb_id),
  CONSTRAINT "fk_Climbs_to_Mountains" FOREIGN KEY(mountain_id) REFERENCES public."Mountains"(mountain_id)
);  

INSERT INTO public."Climbs" VALUES
(1, '2024-05-01', '2024-05-15', 1, 'Итальянская экспедиция на Эверест'),
(2, '2024-05-01', '2024-05-03', 2, 'Восхождение на Эльбрус');

-- Table: public.ClimbsParticipants

CREATE TABLE IF NOT EXISTS public."ClimbsParticipants" 
(
	climb_id int,
	climber_id int,
	description text,
	
	CONSTRAINT "pk_ClimbsParticipants" 
		PRIMARY KEY (climb_id, climber_id),	
	CONSTRAINT "fk_ClimbsParticipants_to_Climbs"
		FOREIGN KEY(climb_id) REFERENCES public."Climbs"(climb_id),
	CONSTRAINT "fk_ClimbsParticipants_to_Climbers"
		FOREIGN KEY(climber_id) REFERENCES public."Climbers"(climber_id)
);

INSERT INTO public."ClimbsParticipants" VALUES
(1, 2, 'Продемонстрировал выдающуюся выдержку и физическую силу, достовая из трещины Agnello Bosio'),
(1, 3, 'На спуске провалился в трещину'),
(1, 4, 'Руководитель экспедиции'),
(2, 1, ''),
(2, 5, '');

-- Table: public.MountainsOtherNames

CREATE TABLE IF NOT EXISTS public."MountainsOtherNames" 
(
	name_id int GENERATED BY DEFAULT AS IDENTITY NOT NULL,	
	mountain_name varchar(50) NOT NULL,
	country_code char(2) NULL,
	mountain_id int NOT NULL,

	CONSTRAINT "pk_MountainsOtherNames" 
		PRIMARY KEY (name_id),	
	CONSTRAINT "fk_MountainsOtherNames_to_Countries"
		FOREIGN KEY(country_code) REFERENCES public."Countries"(country_code),
	CONSTRAINT "fk_MountainsOtherNames_to_Mountains"
		FOREIGN KEY(mountain_id) REFERENCES public."Mountains"(mountain_id)
);

INSERT INTO public."MountainsOtherNames" VALUES
(1, 'Джомолунгма', null, 1),
(2, 'Жеңиш чокусу', 'kg', 4),
(3, '托木尔峰', 'cn', 4);