INSERT INTO users (username, password, enabled) VALUES ('george.jenkins@example.com', '{noop}pass1', 1);
INSERT INTO users (username, password, enabled) VALUES ('micheal.fields@example.com', '{noop}pass2', 1);
INSERT INTO users (username, password, enabled) VALUES ('vanessa.simpson@example.com', '{noop}pass3', 1);

INSERT INTO authorities (username, authority) VALUES ('george.jenkins@example.com', 'ROLE_USER');
INSERT INTO authorities (username, authority) VALUES ('micheal.fields@example.com', 'ROLE_ADMIN');
INSERT INTO authorities (username, authority) VALUES ('vanessa.simpson@example.com', 'ROLE_USER');
INSERT INTO authorities (username, authority) VALUES ('micheal.fields@example.com', 'ROLE_USER');

INSERT INTO base_tax_calculation (cc_min, cc_max, car_age_min, car_age_max, base_amount) VALUES (0, 1047, 0, 19, 403.25);
INSERT INTO base_tax_calculation (cc_min, cc_max, car_age_min, car_age_max, base_amount) VALUES (0, 1047, 20, 999, 413.25);
INSERT INTO base_tax_calculation (cc_min, cc_max, car_age_min, car_age_max, base_amount) VALUES (1048, 1309, 0, 19, 529.63);
INSERT INTO base_tax_calculation (cc_min, cc_max, car_age_min, car_age_max, base_amount) VALUES (1048, 1309, 20, 999, 539.63);
INSERT INTO base_tax_calculation (cc_min, cc_max, car_age_min, car_age_max, base_amount) VALUES (1310, 2356, 0, 19, 690.96);
INSERT INTO base_tax_calculation (cc_min, cc_max, car_age_min, car_age_max, base_amount) VALUES (1310, 2356, 20, 999, 700.96);
INSERT INTO base_tax_calculation (cc_min, cc_max, car_age_min, car_age_max, base_amount) VALUES (2357, 2880, 0, 19, 862.86);
INSERT INTO base_tax_calculation (cc_min, cc_max, car_age_min, car_age_max, base_amount) VALUES (2357, 2880, 20, 999, 892.86);
INSERT INTO base_tax_calculation (cc_min, cc_max, car_age_min, car_age_max, base_amount) VALUES (2881, 4188, 0, 19, 957.89);
INSERT INTO base_tax_calculation (cc_min, cc_max, car_age_min, car_age_max, base_amount) VALUES (2881, 4188, 20, 999, 987.89);
INSERT INTO base_tax_calculation (cc_min, cc_max, car_age_min, car_age_max, base_amount) VALUES (4189, 5497, 0, 19, 1076.62);
INSERT INTO base_tax_calculation (cc_min, cc_max, car_age_min, car_age_max, base_amount) VALUES (4189, 5497, 20, 999, 1106.62);
INSERT INTO base_tax_calculation (cc_min, cc_max, car_age_min, car_age_max, base_amount) VALUES (5498, 999999, 0, 19, 1193.25);
INSERT INTO base_tax_calculation (cc_min, cc_max, car_age_min, car_age_max, base_amount) VALUES (5498, 999999, 20, 999, 1263.25);

INSERT INTO cities (city_id, name) VALUES (1, 'Sofia');
INSERT INTO cities (city_id, name) VALUES (2, 'Plovdiv');
INSERT INTO cities (city_id, name) VALUES (3, 'Varna');
INSERT INTO cities (city_id, name) VALUES (4, 'Burgas');
INSERT INTO cities (city_id, name) VALUES (5, 'Ruse');
INSERT INTO cities (city_id, name) VALUES (6, 'Veliko Tarnovo');
INSERT INTO cities (city_id, name) VALUES (7, 'Blagoevgrad');
INSERT INTO cities (city_id, name) VALUES (8, 'Pleven');
INSERT INTO cities (city_id, name) VALUES (9, 'Stara Zagora');
INSERT INTO cities (city_id, name) VALUES (10, 'Smolyan');

INSERT INTO users_details (user_id, first_name, last_name, username, address, phone, city_id) VALUES (1, 'George', 'Jenkins', 'george.jenkins@example.com', 'Mladost 4, bl. 401', '+359885734956', 1);
INSERT INTO users_details (user_id, first_name, last_name, username, address, phone, city_id) VALUES (3, 'Micheal', 'Fields', 'micheal.fields@example.com', 'Smirnenski, bl. 101', '+359885734945', 2);
INSERT INTO users_details (user_id, first_name, last_name, username, address, phone, city_id) VALUES (4, 'Vanessa', 'Simpson', 'vanessa.simpson@example.com', 'Levski, bl. 201', '+359885734989', 3);

INSERT INTO make (make_id, title) VALUES (1, 'Acura');
INSERT INTO make (make_id, title) VALUES (2, 'Alfa Romeo');
INSERT INTO make (make_id, title) VALUES (3, 'AMC');
INSERT INTO make (make_id, title) VALUES (4, 'Aston Martin');
INSERT INTO make (make_id, title) VALUES (5, 'Audi');
INSERT INTO make (make_id, title) VALUES (6, 'Avanti');
INSERT INTO make (make_id, title) VALUES (7, 'Bentley');
INSERT INTO make (make_id, title) VALUES (8, 'BMW');
INSERT INTO make (make_id, title) VALUES (9, 'Buick');
INSERT INTO make (make_id, title) VALUES (10, 'Cadillac');
INSERT INTO make (make_id, title) VALUES (11, 'Chevrolet');
INSERT INTO make (make_id, title) VALUES (12, 'Chrysler');
INSERT INTO make (make_id, title) VALUES (13, 'Daewoo');
INSERT INTO make (make_id, title) VALUES (14, 'Daihatsu');
INSERT INTO make (make_id, title) VALUES (15, 'Datsun');
INSERT INTO make (make_id, title) VALUES (16, 'DeLorean');
INSERT INTO make (make_id, title) VALUES (17, 'Dodge');
INSERT INTO make (make_id, title) VALUES (18, 'Eagle');
INSERT INTO make (make_id, title) VALUES (19, 'Ferrari');
INSERT INTO make (make_id, title) VALUES (20, 'FIAT');
INSERT INTO make (make_id, title) VALUES (21, 'Fisker');
INSERT INTO make (make_id, title) VALUES (22, 'Ford');
INSERT INTO make (make_id, title) VALUES (23, 'Freightliner');
INSERT INTO make (make_id, title) VALUES (24, 'Geo');
INSERT INTO make (make_id, title) VALUES (25, 'GMC');
INSERT INTO make (make_id, title) VALUES (26, 'Honda');
INSERT INTO make (make_id, title) VALUES (27, 'HUMMER');
INSERT INTO make (make_id, title) VALUES (28, 'Hyundai');
INSERT INTO make (make_id, title) VALUES (29, 'Infiniti');
INSERT INTO make (make_id, title) VALUES (30, 'Isuzu');
INSERT INTO make (make_id, title) VALUES (31, 'Jaguar');
INSERT INTO make (make_id, title) VALUES (32, 'Jeep');
INSERT INTO make (make_id, title) VALUES (33, 'Kia');
INSERT INTO make (make_id, title) VALUES (34, 'Lamborghini');
INSERT INTO make (make_id, title) VALUES (35, 'Lancia');
INSERT INTO make (make_id, title) VALUES (36, 'Land Rover');
INSERT INTO make (make_id, title) VALUES (37, 'Lexus');
INSERT INTO make (make_id, title) VALUES (38, 'Lincoln');
INSERT INTO make (make_id, title) VALUES (39, 'Lotus');
INSERT INTO make (make_id, title) VALUES (40, 'Maserati');
INSERT INTO make (make_id, title) VALUES (41, 'Maybach');
INSERT INTO make (make_id, title) VALUES (42, 'Mazda');
INSERT INTO make (make_id, title) VALUES (43, 'McLaren');
INSERT INTO make (make_id, title) VALUES (44, 'Mercedes-Benz');
INSERT INTO make (make_id, title) VALUES (45, 'Mercury');
INSERT INTO make (make_id, title) VALUES (46, 'Merkur');
INSERT INTO make (make_id, title) VALUES (47, 'MINI');
INSERT INTO make (make_id, title) VALUES (48, 'Mitsubishi');
INSERT INTO make (make_id, title) VALUES (49, 'Nissan');
INSERT INTO make (make_id, title) VALUES (50, 'Oldsmobile');
INSERT INTO make (make_id, title) VALUES (51, 'Peugeot');
INSERT INTO make (make_id, title) VALUES (52, 'Plymouth');
INSERT INTO make (make_id, title) VALUES (53, 'Pontiac');
INSERT INTO make (make_id, title) VALUES (54, 'Porsche');
INSERT INTO make (make_id, title) VALUES (55, 'RAM');
INSERT INTO make (make_id, title) VALUES (56, 'Renault');
INSERT INTO make (make_id, title) VALUES (57, 'Rolls-Royce');
INSERT INTO make (make_id, title) VALUES (58, 'Saab');
INSERT INTO make (make_id, title) VALUES (59, 'Saturn');
INSERT INTO make (make_id, title) VALUES (60, 'Scion');
INSERT INTO make (make_id, title) VALUES (61, 'smart');
INSERT INTO make (make_id, title) VALUES (62, 'SRT');
INSERT INTO make (make_id, title) VALUES (63, 'Sterling');
INSERT INTO make (make_id, title) VALUES (64, 'Subaru');
INSERT INTO make (make_id, title) VALUES (65, 'Suzuki');
INSERT INTO make (make_id, title) VALUES (66, 'Tesla');
INSERT INTO make (make_id, title) VALUES (67, 'Toyota');
INSERT INTO make (make_id, title) VALUES (68, 'Triumph');
INSERT INTO make (make_id, title) VALUES (69, 'Volkswagen');
INSERT INTO make (make_id, title) VALUES (70, 'Volvo');
INSERT INTO make (make_id, title) VALUES (71, 'Yugo');

INSERT INTO model (model_id, make_id, title) VALUES (1, 1, 'CL Models (4)');
INSERT INTO model (model_id, make_id, title) VALUES (2, 1, ' - 2.2CL');
INSERT INTO model (model_id, make_id, title) VALUES (3, 1, ' - 2.3CL');
INSERT INTO model (model_id, make_id, title) VALUES (4, 1, ' - 3.0CL');
INSERT INTO model (model_id, make_id, title) VALUES (5, 1, ' - 3.2CL');
INSERT INTO model (model_id, make_id, title) VALUES (6, 1, 'ILX');
INSERT INTO model (model_id, make_id, title) VALUES (7, 1, 'Integra');
INSERT INTO model (model_id, make_id, title) VALUES (8, 1, 'Legend');
INSERT INTO model (model_id, make_id, title) VALUES (9, 1, 'MDX');
INSERT INTO model (model_id, make_id, title) VALUES (10, 1, 'NSX');
INSERT INTO model (model_id, make_id, title) VALUES (11, 1, 'RDX');
INSERT INTO model (model_id, make_id, title) VALUES (12, 1, 'RL Models (2)');
INSERT INTO model (model_id, make_id, title) VALUES (13, 1, ' - 3.5 RL');
INSERT INTO model (model_id, make_id, title) VALUES (14, 1, ' - RL');
INSERT INTO model (model_id, make_id, title) VALUES (15, 1, 'RSX');
INSERT INTO model (model_id, make_id, title) VALUES (16, 1, 'SLX');
INSERT INTO model (model_id, make_id, title) VALUES (17, 1, 'TL Models (3)');
INSERT INTO model (model_id, make_id, title) VALUES (18, 1, ' - 2.5TL');
INSERT INTO model (model_id, make_id, title) VALUES (19, 1, ' - 3.2TL');
INSERT INTO model (model_id, make_id, title) VALUES (20, 1, ' - TL');
INSERT INTO model (model_id, make_id, title) VALUES (21, 1, 'TSX');
INSERT INTO model (model_id, make_id, title) VALUES (22, 1, 'Vigor');
INSERT INTO model (model_id, make_id, title) VALUES (23, 1, 'ZDX');
INSERT INTO model (model_id, make_id, title) VALUES (24, 1, 'Other Acura Models');
INSERT INTO model (model_id, make_id, title) VALUES (25, 2, '164');
INSERT INTO model (model_id, make_id, title) VALUES (26, 2, '8C Competizione');
INSERT INTO model (model_id, make_id, title) VALUES (27, 2, 'GTV-6');
INSERT INTO model (model_id, make_id, title) VALUES (28, 2, 'Milano');
INSERT INTO model (model_id, make_id, title) VALUES (29, 2, 'Spider');
INSERT INTO model (model_id, make_id, title) VALUES (30, 2, 'Other Alfa Romeo Models');
INSERT INTO model (model_id, make_id, title) VALUES (31, 3, 'Alliance');
INSERT INTO model (model_id, make_id, title) VALUES (32, 3, 'Concord');
INSERT INTO model (model_id, make_id, title) VALUES (33, 3, 'Eagle');
INSERT INTO model (model_id, make_id, title) VALUES (34, 3, 'Encore');
INSERT INTO model (model_id, make_id, title) VALUES (35, 3, 'Spirit');
INSERT INTO model (model_id, make_id, title) VALUES (36, 3, 'Other AMC Models');
INSERT INTO model (model_id, make_id, title) VALUES (37, 4, 'DB7');
INSERT INTO model (model_id, make_id, title) VALUES (38, 4, 'DB9');
INSERT INTO model (model_id, make_id, title) VALUES (39, 4, 'DBS');
INSERT INTO model (model_id, make_id, title) VALUES (40, 4, 'Lagonda');
INSERT INTO model (model_id, make_id, title) VALUES (41, 4, 'Rapide');
INSERT INTO model (model_id, make_id, title) VALUES (42, 4, 'V12 Vantage');
INSERT INTO model (model_id, make_id, title) VALUES (43, 4, 'V8 Vantage');
INSERT INTO model (model_id, make_id, title) VALUES (44, 4, 'Vanquish');
INSERT INTO model (model_id, make_id, title) VALUES (45, 4, 'Virage');
INSERT INTO model (model_id, make_id, title) VALUES (46, 4, 'Other Aston Martin Models');
INSERT INTO model (model_id, make_id, title) VALUES (47, 5, '100');
INSERT INTO model (model_id, make_id, title) VALUES (48, 5, '200');
INSERT INTO model (model_id, make_id, title) VALUES (49, 5, '4000');
INSERT INTO model (model_id, make_id, title) VALUES (50, 5, '5000');
INSERT INTO model (model_id, make_id, title) VALUES (51, 5, '80');
INSERT INTO model (model_id, make_id, title) VALUES (52, 5, '90');
INSERT INTO model (model_id, make_id, title) VALUES (53, 5, 'A3');
INSERT INTO model (model_id, make_id, title) VALUES (54, 5, 'A4');
INSERT INTO model (model_id, make_id, title) VALUES (55, 5, 'A5');
INSERT INTO model (model_id, make_id, title) VALUES (56, 5, 'A6');
INSERT INTO model (model_id, make_id, title) VALUES (57, 5, 'A7');
INSERT INTO model (model_id, make_id, title) VALUES (58, 5, 'A8');
INSERT INTO model (model_id, make_id, title) VALUES (59, 5, 'allroad');
INSERT INTO model (model_id, make_id, title) VALUES (60, 5, 'Cabriolet');
INSERT INTO model (model_id, make_id, title) VALUES (61, 5, 'Coupe');
INSERT INTO model (model_id, make_id, title) VALUES (62, 5, 'Q3');
INSERT INTO model (model_id, make_id, title) VALUES (63, 5, 'Q5');
INSERT INTO model (model_id, make_id, title) VALUES (64, 5, 'Q7');
INSERT INTO model (model_id, make_id, title) VALUES (65, 5, 'Quattro');
INSERT INTO model (model_id, make_id, title) VALUES (66, 5, 'R8');
INSERT INTO model (model_id, make_id, title) VALUES (67, 5, 'RS 4');
INSERT INTO model (model_id, make_id, title) VALUES (68, 5, 'RS 5');
INSERT INTO model (model_id, make_id, title) VALUES (69, 5, 'RS 6');
INSERT INTO model (model_id, make_id, title) VALUES (70, 5, 'S4');
INSERT INTO model (model_id, make_id, title) VALUES (71, 5, 'S5');
INSERT INTO model (model_id, make_id, title) VALUES (72, 5, 'S6');
INSERT INTO model (model_id, make_id, title) VALUES (73, 5, 'S7');
INSERT INTO model (model_id, make_id, title) VALUES (74, 5, 'S8');
INSERT INTO model (model_id, make_id, title) VALUES (75, 5, 'TT');
INSERT INTO model (model_id, make_id, title) VALUES (76, 5, 'TT RS');
INSERT INTO model (model_id, make_id, title) VALUES (77, 5, 'TTS');
INSERT INTO model (model_id, make_id, title) VALUES (78, 5, 'V8 Quattro');
INSERT INTO model (model_id, make_id, title) VALUES (79, 5, 'Other Audi Models');
INSERT INTO model (model_id, make_id, title) VALUES (80, 6, 'Convertible');
INSERT INTO model (model_id, make_id, title) VALUES (81, 6, 'Coupe');
INSERT INTO model (model_id, make_id, title) VALUES (82, 6, 'Sedan');
INSERT INTO model (model_id, make_id, title) VALUES (83, 6, 'Other Avanti Models');
INSERT INTO model (model_id, make_id, title) VALUES (84, 7, 'Arnage');
INSERT INTO model (model_id, make_id, title) VALUES (85, 7, 'Azure');
INSERT INTO model (model_id, make_id, title) VALUES (86, 7, 'Brooklands');
INSERT INTO model (model_id, make_id, title) VALUES (87, 7, 'Continental');
INSERT INTO model (model_id, make_id, title) VALUES (88, 7, 'Corniche');
INSERT INTO model (model_id, make_id, title) VALUES (89, 7, 'Eight');
INSERT INTO model (model_id, make_id, title) VALUES (90, 7, 'Mulsanne');
INSERT INTO model (model_id, make_id, title) VALUES (91, 7, 'Turbo R');
INSERT INTO model (model_id, make_id, title) VALUES (92, 7, 'Other Bentley Models');
INSERT INTO model (model_id, make_id, title) VALUES (93, 8, '1 Series (3)');
INSERT INTO model (model_id, make_id, title) VALUES (94, 8, ' - 128i');
INSERT INTO model (model_id, make_id, title) VALUES (95, 8, ' - 135i');
INSERT INTO model (model_id, make_id, title) VALUES (96, 8, ' - 135is');
INSERT INTO model (model_id, make_id, title) VALUES (97, 8, '3 Series (29)');
INSERT INTO model (model_id, make_id, title) VALUES (98, 8, ' - 318i');
INSERT INTO model (model_id, make_id, title) VALUES (99, 8, ' - 318iC');
INSERT INTO model (model_id, make_id, title) VALUES (100, 8, ' - 318iS');
INSERT INTO model (model_id, make_id, title) VALUES (101, 8, ' - 318ti');
INSERT INTO model (model_id, make_id, title) VALUES (102, 8, ' - 320i');
INSERT INTO model (model_id, make_id, title) VALUES (103, 8, ' - 323ci');
INSERT INTO model (model_id, make_id, title) VALUES (104, 8, ' - 323i');
INSERT INTO model (model_id, make_id, title) VALUES (105, 8, ' - 323is');
INSERT INTO model (model_id, make_id, title) VALUES (106, 8, ' - 323iT');
INSERT INTO model (model_id, make_id, title) VALUES (107, 8, ' - 325Ci');
INSERT INTO model (model_id, make_id, title) VALUES (108, 8, ' - 325e');
INSERT INTO model (model_id, make_id, title) VALUES (109, 8, ' - 325es');
INSERT INTO model (model_id, make_id, title) VALUES (110, 8, ' - 325i');
INSERT INTO model (model_id, make_id, title) VALUES (111, 8, ' - 325is');
INSERT INTO model (model_id, make_id, title) VALUES (112, 8, ' - 325iX');
INSERT INTO model (model_id, make_id, title) VALUES (113, 8, ' - 325xi');
INSERT INTO model (model_id, make_id, title) VALUES (114, 8, ' - 328Ci');
INSERT INTO model (model_id, make_id, title) VALUES (115, 8, ' - 328i');
INSERT INTO model (model_id, make_id, title) VALUES (116, 8, ' - 328iS');
INSERT INTO model (model_id, make_id, title) VALUES (117, 8, ' - 328xi');
INSERT INTO model (model_id, make_id, title) VALUES (118, 8, ' - 330Ci');
INSERT INTO model (model_id, make_id, title) VALUES (119, 8, ' - 330i');
INSERT INTO model (model_id, make_id, title) VALUES (120, 8, ' - 330xi');
INSERT INTO model (model_id, make_id, title) VALUES (121, 8, ' - 335d');
INSERT INTO model (model_id, make_id, title) VALUES (122, 8, ' - 335i');
INSERT INTO model (model_id, make_id, title) VALUES (123, 8, ' - 335is');
INSERT INTO model (model_id, make_id, title) VALUES (124, 8, ' - 335xi');
INSERT INTO model (model_id, make_id, title) VALUES (125, 8, ' - ActiveHybrid 3');
INSERT INTO model (model_id, make_id, title) VALUES (126, 8, ' - 325');
INSERT INTO model (model_id, make_id, title) VALUES (127, 8, '5 Series (19)');
INSERT INTO model (model_id, make_id, title) VALUES (128, 8, ' - 524td');
INSERT INTO model (model_id, make_id, title) VALUES (129, 8, ' - 525i');
INSERT INTO model (model_id, make_id, title) VALUES (130, 8, ' - 525xi');
INSERT INTO model (model_id, make_id, title) VALUES (131, 8, ' - 528e');
INSERT INTO model (model_id, make_id, title) VALUES (132, 8, ' - 528i');
INSERT INTO model (model_id, make_id, title) VALUES (133, 8, ' - 528iT');
INSERT INTO model (model_id, make_id, title) VALUES (134, 8, ' - 528xi');
INSERT INTO model (model_id, make_id, title) VALUES (135, 8, ' - 530i');
INSERT INTO model (model_id, make_id, title) VALUES (136, 8, ' - 530iT');
INSERT INTO model (model_id, make_id, title) VALUES (137, 8, ' - 530xi');
INSERT INTO model (model_id, make_id, title) VALUES (138, 8, ' - 533i');
INSERT INTO model (model_id, make_id, title) VALUES (139, 8, ' - 535i');
INSERT INTO model (model_id, make_id, title) VALUES (140, 8, ' - 535i Gran Turismo');
INSERT INTO model (model_id, make_id, title) VALUES (141, 8, ' - 535xi');
INSERT INTO model (model_id, make_id, title) VALUES (142, 8, ' - 540i');
INSERT INTO model (model_id, make_id, title) VALUES (143, 8, ' - 545i');
INSERT INTO model (model_id, make_id, title) VALUES (144, 8, ' - 550i');
INSERT INTO model (model_id, make_id, title) VALUES (145, 8, ' - 550i Gran Turismo');
INSERT INTO model (model_id, make_id, title) VALUES (146, 8, ' - ActiveHybrid 5');
INSERT INTO model (model_id, make_id, title) VALUES (147, 8, '6 Series (8)');
INSERT INTO model (model_id, make_id, title) VALUES (148, 8, ' - 633CSi');
INSERT INTO model (model_id, make_id, title) VALUES (149, 8, ' - 635CSi');
INSERT INTO model (model_id, make_id, title) VALUES (150, 8, ' - 640i');
INSERT INTO model (model_id, make_id, title) VALUES (151, 8, ' - 640i Gran Coupe');
INSERT INTO model (model_id, make_id, title) VALUES (152, 8, ' - 645Ci');
INSERT INTO model (model_id, make_id, title) VALUES (153, 8, ' - 650i');
INSERT INTO model (model_id, make_id, title) VALUES (154, 8, ' - 650i Gran Coupe');
INSERT INTO model (model_id, make_id, title) VALUES (155, 8, ' - L6');
INSERT INTO model (model_id, make_id, title) VALUES (156, 8, '7 Series (15)');
INSERT INTO model (model_id, make_id, title) VALUES (157, 8, ' - 733i');
INSERT INTO model (model_id, make_id, title) VALUES (158, 8, ' - 735i');
INSERT INTO model (model_id, make_id, title) VALUES (159, 8, ' - 735iL');
INSERT INTO model (model_id, make_id, title) VALUES (160, 8, ' - 740i');
INSERT INTO model (model_id, make_id, title) VALUES (161, 8, ' - 740iL');
INSERT INTO model (model_id, make_id, title) VALUES (162, 8, ' - 740Li');
INSERT INTO model (model_id, make_id, title) VALUES (163, 8, ' - 745i');
INSERT INTO model (model_id, make_id, title) VALUES (164, 8, ' - 745Li');
INSERT INTO model (model_id, make_id, title) VALUES (165, 8, ' - 750i');
INSERT INTO model (model_id, make_id, title) VALUES (166, 8, ' - 750iL');
INSERT INTO model (model_id, make_id, title) VALUES (167, 8, ' - 750Li');
INSERT INTO model (model_id, make_id, title) VALUES (168, 8, ' - 760i');
INSERT INTO model (model_id, make_id, title) VALUES (169, 8, ' - 760Li');
INSERT INTO model (model_id, make_id, title) VALUES (170, 8, ' - ActiveHybrid 7');
INSERT INTO model (model_id, make_id, title) VALUES (171, 8, ' - Alpina B7');
INSERT INTO model (model_id, make_id, title) VALUES (172, 8, '8 Series (4)');
INSERT INTO model (model_id, make_id, title) VALUES (173, 8, ' - 840Ci');
INSERT INTO model (model_id, make_id, title) VALUES (174, 8, ' - 850Ci');
INSERT INTO model (model_id, make_id, title) VALUES (175, 8, ' - 850CSi');
INSERT INTO model (model_id, make_id, title) VALUES (176, 8, ' - 850i');
INSERT INTO model (model_id, make_id, title) VALUES (177, 8, 'L Series (1)');
INSERT INTO model (model_id, make_id, title) VALUES (178, 8, ' - L7');
INSERT INTO model (model_id, make_id, title) VALUES (179, 8, 'M Series (8)');
INSERT INTO model (model_id, make_id, title) VALUES (180, 8, ' - 1 Series M');
INSERT INTO model (model_id, make_id, title) VALUES (181, 8, ' - M Coupe');
INSERT INTO model (model_id, make_id, title) VALUES (182, 8, ' - M Roadster');
INSERT INTO model (model_id, make_id, title) VALUES (183, 8, ' - M3');
INSERT INTO model (model_id, make_id, title) VALUES (184, 8, ' - M5');
INSERT INTO model (model_id, make_id, title) VALUES (185, 8, ' - M6');
INSERT INTO model (model_id, make_id, title) VALUES (186, 8, ' - X5 M');
INSERT INTO model (model_id, make_id, title) VALUES (187, 8, ' - X6 M');
INSERT INTO model (model_id, make_id, title) VALUES (188, 8, 'X Series (5)');
INSERT INTO model (model_id, make_id, title) VALUES (189, 8, ' - ActiveHybrid X6');
INSERT INTO model (model_id, make_id, title) VALUES (190, 8, ' - X1');
INSERT INTO model (model_id, make_id, title) VALUES (191, 8, ' - X3');
INSERT INTO model (model_id, make_id, title) VALUES (192, 8, ' - X5');
INSERT INTO model (model_id, make_id, title) VALUES (193, 8, ' - X6');
INSERT INTO model (model_id, make_id, title) VALUES (194, 8, 'Z Series (3)');
INSERT INTO model (model_id, make_id, title) VALUES (195, 8, ' - Z3');
INSERT INTO model (model_id, make_id, title) VALUES (196, 8, ' - Z4');
INSERT INTO model (model_id, make_id, title) VALUES (197, 8, ' - Z8');
INSERT INTO model (model_id, make_id, title) VALUES (198, 8, 'Other BMW Models');
INSERT INTO model (model_id, make_id, title) VALUES (199, 9, 'Century');
INSERT INTO model (model_id, make_id, title) VALUES (200, 9, 'Electra');
INSERT INTO model (model_id, make_id, title) VALUES (201, 9, 'Enclave');
INSERT INTO model (model_id, make_id, title) VALUES (202, 9, 'Encore');
INSERT INTO model (model_id, make_id, title) VALUES (203, 9, 'LaCrosse');
INSERT INTO model (model_id, make_id, title) VALUES (204, 9, 'Le Sabre');
INSERT INTO model (model_id, make_id, title) VALUES (205, 9, 'Lucerne');
INSERT INTO model (model_id, make_id, title) VALUES (206, 9, 'Park Avenue');
INSERT INTO model (model_id, make_id, title) VALUES (207, 9, 'Rainier');
INSERT INTO model (model_id, make_id, title) VALUES (208, 9, 'Reatta');
INSERT INTO model (model_id, make_id, title) VALUES (209, 9, 'Regal');
INSERT INTO model (model_id, make_id, title) VALUES (210, 9, 'Rendezvous');
INSERT INTO model (model_id, make_id, title) VALUES (211, 9, 'Riviera');
INSERT INTO model (model_id, make_id, title) VALUES (212, 9, 'Roadmaster');
INSERT INTO model (model_id, make_id, title) VALUES (213, 9, 'Skyhawk');
INSERT INTO model (model_id, make_id, title) VALUES (214, 9, 'Skylark');
INSERT INTO model (model_id, make_id, title) VALUES (215, 9, 'Somerset');
INSERT INTO model (model_id, make_id, title) VALUES (216, 9, 'Terraza');
INSERT INTO model (model_id, make_id, title) VALUES (217, 9, 'Verano');
INSERT INTO model (model_id, make_id, title) VALUES (218, 9, 'Other Buick Models');
INSERT INTO model (model_id, make_id, title) VALUES (219, 10, 'Allante');
INSERT INTO model (model_id, make_id, title) VALUES (220, 10, 'ATS');
INSERT INTO model (model_id, make_id, title) VALUES (221, 10, 'Brougham');
INSERT INTO model (model_id, make_id, title) VALUES (222, 10, 'Catera');
INSERT INTO model (model_id, make_id, title) VALUES (223, 10, 'Cimarron');
INSERT INTO model (model_id, make_id, title) VALUES (224, 10, 'CTS');
INSERT INTO model (model_id, make_id, title) VALUES (225, 10, 'De Ville');
INSERT INTO model (model_id, make_id, title) VALUES (226, 10, 'DTS');
INSERT INTO model (model_id, make_id, title) VALUES (227, 10, 'Eldorado');
INSERT INTO model (model_id, make_id, title) VALUES (228, 10, 'Escalade');
INSERT INTO model (model_id, make_id, title) VALUES (229, 10, 'Escalade ESV');
INSERT INTO model (model_id, make_id, title) VALUES (230, 10, 'Escalade EXT');
INSERT INTO model (model_id, make_id, title) VALUES (231, 10, 'Fleetwood');
INSERT INTO model (model_id, make_id, title) VALUES (232, 10, 'Seville');
INSERT INTO model (model_id, make_id, title) VALUES (233, 10, 'SRX');
INSERT INTO model (model_id, make_id, title) VALUES (234, 10, 'STS');
INSERT INTO model (model_id, make_id, title) VALUES (235, 10, 'XLR');
INSERT INTO model (model_id, make_id, title) VALUES (236, 10, 'XTS');
INSERT INTO model (model_id, make_id, title) VALUES (237, 10, 'Other Cadillac Models');
INSERT INTO model (model_id, make_id, title) VALUES (238, 11, 'Astro');
INSERT INTO model (model_id, make_id, title) VALUES (239, 11, 'Avalanche');
INSERT INTO model (model_id, make_id, title) VALUES (240, 11, 'Aveo');
INSERT INTO model (model_id, make_id, title) VALUES (241, 11, 'Aveo5');
INSERT INTO model (model_id, make_id, title) VALUES (242, 11, 'Beretta');
INSERT INTO model (model_id, make_id, title) VALUES (243, 11, 'Blazer');
INSERT INTO model (model_id, make_id, title) VALUES (244, 11, 'Camaro');
INSERT INTO model (model_id, make_id, title) VALUES (245, 11, 'Caprice');
INSERT INTO model (model_id, make_id, title) VALUES (246, 11, 'Captiva Sport');
INSERT INTO model (model_id, make_id, title) VALUES (247, 11, 'Cavalier');
INSERT INTO model (model_id, make_id, title) VALUES (248, 11, 'Celebrity');
INSERT INTO model (model_id, make_id, title) VALUES (249, 11, 'Chevette');
INSERT INTO model (model_id, make_id, title) VALUES (250, 11, 'Citation');
INSERT INTO model (model_id, make_id, title) VALUES (251, 11, 'Cobalt');
INSERT INTO model (model_id, make_id, title) VALUES (252, 11, 'Colorado');
INSERT INTO model (model_id, make_id, title) VALUES (253, 11, 'Corsica');
INSERT INTO model (model_id, make_id, title) VALUES (254, 11, 'Corvette');
INSERT INTO model (model_id, make_id, title) VALUES (255, 11, 'Cruze');
INSERT INTO model (model_id, make_id, title) VALUES (256, 11, 'El Camino');
INSERT INTO model (model_id, make_id, title) VALUES (257, 11, 'Equinox');
INSERT INTO model (model_id, make_id, title) VALUES (258, 11, 'Express Van');
INSERT INTO model (model_id, make_id, title) VALUES (259, 11, 'G Van');
INSERT INTO model (model_id, make_id, title) VALUES (260, 11, 'HHR');
INSERT INTO model (model_id, make_id, title) VALUES (261, 11, 'Impala');
INSERT INTO model (model_id, make_id, title) VALUES (262, 11, 'Kodiak C4500');
INSERT INTO model (model_id, make_id, title) VALUES (263, 11, 'Lumina');
INSERT INTO model (model_id, make_id, title) VALUES (264, 11, 'Lumina APV');
INSERT INTO model (model_id, make_id, title) VALUES (265, 11, 'LUV');
INSERT INTO model (model_id, make_id, title) VALUES (266, 11, 'Malibu');
INSERT INTO model (model_id, make_id, title) VALUES (267, 11, 'Metro');
INSERT INTO model (model_id, make_id, title) VALUES (268, 11, 'Monte Carlo');
INSERT INTO model (model_id, make_id, title) VALUES (269, 11, 'Nova');
INSERT INTO model (model_id, make_id, title) VALUES (270, 11, 'Prizm');
INSERT INTO model (model_id, make_id, title) VALUES (271, 11, 'S10 Blazer');
INSERT INTO model (model_id, make_id, title) VALUES (272, 11, 'S10 Pickup');
INSERT INTO model (model_id, make_id, title) VALUES (273, 11, 'Silverado and other C/K1500');
INSERT INTO model (model_id, make_id, title) VALUES (274, 11, 'Silverado and other C/K2500');
INSERT INTO model (model_id, make_id, title) VALUES (275, 11, 'Silverado and other C/K3500');
INSERT INTO model (model_id, make_id, title) VALUES (276, 11, 'Sonic');
INSERT INTO model (model_id, make_id, title) VALUES (277, 11, 'Spark');
INSERT INTO model (model_id, make_id, title) VALUES (278, 11, 'Spectrum');
INSERT INTO model (model_id, make_id, title) VALUES (279, 11, 'Sprint');
INSERT INTO model (model_id, make_id, title) VALUES (280, 11, 'SSR');
INSERT INTO model (model_id, make_id, title) VALUES (281, 11, 'Suburban');
INSERT INTO model (model_id, make_id, title) VALUES (282, 11, 'Tahoe');
INSERT INTO model (model_id, make_id, title) VALUES (283, 11, 'Tracker');
INSERT INTO model (model_id, make_id, title) VALUES (284, 11, 'TrailBlazer');
INSERT INTO model (model_id, make_id, title) VALUES (285, 11, 'TrailBlazer EXT');
INSERT INTO model (model_id, make_id, title) VALUES (286, 11, 'Traverse');
INSERT INTO model (model_id, make_id, title) VALUES (287, 11, 'Uplander');
INSERT INTO model (model_id, make_id, title) VALUES (288, 11, 'Venture');
INSERT INTO model (model_id, make_id, title) VALUES (289, 11, 'Volt');
INSERT INTO model (model_id, make_id, title) VALUES (290, 11, 'Other Chevrolet Models');
INSERT INTO model (model_id, make_id, title) VALUES (291, 12, '200');
INSERT INTO model (model_id, make_id, title) VALUES (292, 12, '300');
INSERT INTO model (model_id, make_id, title) VALUES (293, 12, '300M');
INSERT INTO model (model_id, make_id, title) VALUES (294, 12, 'Aspen');
INSERT INTO model (model_id, make_id, title) VALUES (295, 12, 'Caravan');
INSERT INTO model (model_id, make_id, title) VALUES (296, 12, 'Cirrus');
INSERT INTO model (model_id, make_id, title) VALUES (297, 12, 'Concorde');
INSERT INTO model (model_id, make_id, title) VALUES (298, 12, 'Conquest');
INSERT INTO model (model_id, make_id, title) VALUES (299, 12, 'Cordoba');
INSERT INTO model (model_id, make_id, title) VALUES (300, 12, 'Crossfire');
INSERT INTO model (model_id, make_id, title) VALUES (301, 12, 'E Class');
INSERT INTO model (model_id, make_id, title) VALUES (302, 12, 'Fifth Avenue');
INSERT INTO model (model_id, make_id, title) VALUES (303, 12, 'Grand Voyager');
INSERT INTO model (model_id, make_id, title) VALUES (304, 12, 'Imperial');
INSERT INTO model (model_id, make_id, title) VALUES (305, 12, 'Intrepid');
INSERT INTO model (model_id, make_id, title) VALUES (306, 12, 'Laser');
INSERT INTO model (model_id, make_id, title) VALUES (307, 12, 'LeBaron');
INSERT INTO model (model_id, make_id, title) VALUES (308, 12, 'LHS');
INSERT INTO model (model_id, make_id, title) VALUES (309, 12, 'Neon');
INSERT INTO model (model_id, make_id, title) VALUES (310, 12, 'New Yorker');
INSERT INTO model (model_id, make_id, title) VALUES (311, 12, 'Newport');
INSERT INTO model (model_id, make_id, title) VALUES (312, 12, 'Pacifica');
INSERT INTO model (model_id, make_id, title) VALUES (313, 12, 'Prowler');
INSERT INTO model (model_id, make_id, title) VALUES (314, 12, 'PT Cruiser');
INSERT INTO model (model_id, make_id, title) VALUES (315, 12, 'Sebring');
INSERT INTO model (model_id, make_id, title) VALUES (316, 12, 'TC by Maserati');
INSERT INTO model (model_id, make_id, title) VALUES (317, 12, 'Town & Country');
INSERT INTO model (model_id, make_id, title) VALUES (318, 12, 'Voyager');
INSERT INTO model (model_id, make_id, title) VALUES (319, 12, 'Other Chrysler Models');
INSERT INTO model (model_id, make_id, title) VALUES (320, 13, 'Lanos');
INSERT INTO model (model_id, make_id, title) VALUES (321, 13, 'Leganza');
INSERT INTO model (model_id, make_id, title) VALUES (322, 13, 'Nubira');
INSERT INTO model (model_id, make_id, title) VALUES (323, 13, 'Other Daewoo Models');
INSERT INTO model (model_id, make_id, title) VALUES (324, 14, 'Charade');
INSERT INTO model (model_id, make_id, title) VALUES (325, 14, 'Rocky');
INSERT INTO model (model_id, make_id, title) VALUES (326, 14, 'Other Daihatsu Models');
INSERT INTO model (model_id, make_id, title) VALUES (327, 15, '200SX');
INSERT INTO model (model_id, make_id, title) VALUES (328, 15, '210');
INSERT INTO model (model_id, make_id, title) VALUES (329, 15, '280ZX');
INSERT INTO model (model_id, make_id, title) VALUES (330, 15, '300ZX');
INSERT INTO model (model_id, make_id, title) VALUES (331, 15, '310');
INSERT INTO model (model_id, make_id, title) VALUES (332, 15, '510');
INSERT INTO model (model_id, make_id, title) VALUES (333, 15, '720');
INSERT INTO model (model_id, make_id, title) VALUES (334, 15, '810');
INSERT INTO model (model_id, make_id, title) VALUES (335, 15, 'Maxima');
INSERT INTO model (model_id, make_id, title) VALUES (336, 15, 'Pickup');
INSERT INTO model (model_id, make_id, title) VALUES (337, 15, 'Pulsar');
INSERT INTO model (model_id, make_id, title) VALUES (338, 15, 'Sentra');
INSERT INTO model (model_id, make_id, title) VALUES (339, 15, 'Stanza');
INSERT INTO model (model_id, make_id, title) VALUES (340, 15, 'Other Datsun Models');
INSERT INTO model (model_id, make_id, title) VALUES (341, 16, 'DMC-12');
INSERT INTO model (model_id, make_id, title) VALUES (342, 17, '400');
INSERT INTO model (model_id, make_id, title) VALUES (343, 17, '600');
INSERT INTO model (model_id, make_id, title) VALUES (344, 17, 'Aries');
INSERT INTO model (model_id, make_id, title) VALUES (345, 17, 'Avenger');
INSERT INTO model (model_id, make_id, title) VALUES (346, 17, 'Caliber');
INSERT INTO model (model_id, make_id, title) VALUES (347, 17, 'Caravan');
INSERT INTO model (model_id, make_id, title) VALUES (348, 17, 'Challenger');
INSERT INTO model (model_id, make_id, title) VALUES (349, 17, 'Charger');
INSERT INTO model (model_id, make_id, title) VALUES (350, 17, 'Colt');
INSERT INTO model (model_id, make_id, title) VALUES (351, 17, 'Conquest');
INSERT INTO model (model_id, make_id, title) VALUES (352, 17, 'D/W Truck');
INSERT INTO model (model_id, make_id, title) VALUES (353, 17, 'Dakota');
INSERT INTO model (model_id, make_id, title) VALUES (354, 17, 'Dart');
INSERT INTO model (model_id, make_id, title) VALUES (355, 17, 'Daytona');
INSERT INTO model (model_id, make_id, title) VALUES (356, 17, 'Diplomat');
INSERT INTO model (model_id, make_id, title) VALUES (357, 17, 'Durango');
INSERT INTO model (model_id, make_id, title) VALUES (358, 17, 'Dynasty');
INSERT INTO model (model_id, make_id, title) VALUES (359, 17, 'Grand Caravan');
INSERT INTO model (model_id, make_id, title) VALUES (360, 17, 'Intrepid');
INSERT INTO model (model_id, make_id, title) VALUES (361, 17, 'Journey');
INSERT INTO model (model_id, make_id, title) VALUES (362, 17, 'Lancer');
INSERT INTO model (model_id, make_id, title) VALUES (363, 17, 'Magnum');
INSERT INTO model (model_id, make_id, title) VALUES (364, 17, 'Mirada');
INSERT INTO model (model_id, make_id, title) VALUES (365, 17, 'Monaco');
INSERT INTO model (model_id, make_id, title) VALUES (366, 17, 'Neon');
INSERT INTO model (model_id, make_id, title) VALUES (367, 17, 'Nitro');
INSERT INTO model (model_id, make_id, title) VALUES (368, 17, 'Omni');
INSERT INTO model (model_id, make_id, title) VALUES (369, 17, 'Raider');
INSERT INTO model (model_id, make_id, title) VALUES (370, 17, 'Ram 1500 Truck');
INSERT INTO model (model_id, make_id, title) VALUES (371, 17, 'Ram 2500 Truck');
INSERT INTO model (model_id, make_id, title) VALUES (372, 17, 'Ram 3500 Truck');
INSERT INTO model (model_id, make_id, title) VALUES (373, 17, 'Ram 4500 Truck');
INSERT INTO model (model_id, make_id, title) VALUES (374, 17, 'Ram 50 Truck');
INSERT INTO model (model_id, make_id, title) VALUES (375, 17, 'RAM C/V');
INSERT INTO model (model_id, make_id, title) VALUES (376, 17, 'Ram SRT-10');
INSERT INTO model (model_id, make_id, title) VALUES (377, 17, 'Ram Van');
INSERT INTO model (model_id, make_id, title) VALUES (378, 17, 'Ram Wagon');
INSERT INTO model (model_id, make_id, title) VALUES (379, 17, 'Ramcharger');
INSERT INTO model (model_id, make_id, title) VALUES (380, 17, 'Rampage');
INSERT INTO model (model_id, make_id, title) VALUES (381, 17, 'Shadow');
INSERT INTO model (model_id, make_id, title) VALUES (382, 17, 'Spirit');
INSERT INTO model (model_id, make_id, title) VALUES (383, 17, 'Sprinter');
INSERT INTO model (model_id, make_id, title) VALUES (384, 17, 'SRT-4');
INSERT INTO model (model_id, make_id, title) VALUES (385, 17, 'St. Regis');
INSERT INTO model (model_id, make_id, title) VALUES (386, 17, 'Stealth');
INSERT INTO model (model_id, make_id, title) VALUES (387, 17, 'Stratus');
INSERT INTO model (model_id, make_id, title) VALUES (388, 17, 'Viper');
INSERT INTO model (model_id, make_id, title) VALUES (389, 17, 'Other Dodge Models');
INSERT INTO model (model_id, make_id, title) VALUES (390, 18, 'Medallion');
INSERT INTO model (model_id, make_id, title) VALUES (391, 18, 'Premier');
INSERT INTO model (model_id, make_id, title) VALUES (392, 18, 'Summit');
INSERT INTO model (model_id, make_id, title) VALUES (393, 18, 'Talon');
INSERT INTO model (model_id, make_id, title) VALUES (394, 18, 'Vision');
INSERT INTO model (model_id, make_id, title) VALUES (395, 18, 'Other Eagle Models');
INSERT INTO model (model_id, make_id, title) VALUES (396, 19, '308 GTB Quattrovalvole');
INSERT INTO model (model_id, make_id, title) VALUES (397, 19, '308 GTBI');
INSERT INTO model (model_id, make_id, title) VALUES (398, 19, '308 GTS Quattrovalvole');
INSERT INTO model (model_id, make_id, title) VALUES (399, 19, '308 GTSI');
INSERT INTO model (model_id, make_id, title) VALUES (400, 19, '328 GTB');
INSERT INTO model (model_id, make_id, title) VALUES (401, 19, '328 GTS');
INSERT INTO model (model_id, make_id, title) VALUES (402, 19, '348 GTB');
INSERT INTO model (model_id, make_id, title) VALUES (403, 19, '348 GTS');
INSERT INTO model (model_id, make_id, title) VALUES (404, 19, '348 Spider');
INSERT INTO model (model_id, make_id, title) VALUES (405, 19, '348 TB');
INSERT INTO model (model_id, make_id, title) VALUES (406, 19, '348 TS');
INSERT INTO model (model_id, make_id, title) VALUES (407, 19, '360');
INSERT INTO model (model_id, make_id, title) VALUES (408, 19, '456 GT');
INSERT INTO model (model_id, make_id, title) VALUES (409, 19, '456M GT');
INSERT INTO model (model_id, make_id, title) VALUES (410, 19, '458 Italia');
INSERT INTO model (model_id, make_id, title) VALUES (411, 19, '512 BBi');
INSERT INTO model (model_id, make_id, title) VALUES (412, 19, '512M');
INSERT INTO model (model_id, make_id, title) VALUES (413, 19, '512TR');
INSERT INTO model (model_id, make_id, title) VALUES (414, 19, '550 Maranello');
INSERT INTO model (model_id, make_id, title) VALUES (415, 19, '575M Maranello');
INSERT INTO model (model_id, make_id, title) VALUES (416, 19, '599 GTB Fiorano');
INSERT INTO model (model_id, make_id, title) VALUES (417, 19, '599 GTO');
INSERT INTO model (model_id, make_id, title) VALUES (418, 19, '612 Scaglietti');
INSERT INTO model (model_id, make_id, title) VALUES (419, 19, 'California');
INSERT INTO model (model_id, make_id, title) VALUES (420, 19, 'Enzo');
INSERT INTO model (model_id, make_id, title) VALUES (421, 19, 'F355');
INSERT INTO model (model_id, make_id, title) VALUES (422, 19, 'F40');
INSERT INTO model (model_id, make_id, title) VALUES (423, 19, 'F430');
INSERT INTO model (model_id, make_id, title) VALUES (424, 19, 'F50');
INSERT INTO model (model_id, make_id, title) VALUES (425, 19, 'FF');
INSERT INTO model (model_id, make_id, title) VALUES (426, 19, 'Mondial');
INSERT INTO model (model_id, make_id, title) VALUES (427, 19, 'Testarossa');
INSERT INTO model (model_id, make_id, title) VALUES (428, 19, 'Other Ferrari Models');
INSERT INTO model (model_id, make_id, title) VALUES (429, 20, '2000 Spider');
INSERT INTO model (model_id, make_id, title) VALUES (430, 20, '500');
INSERT INTO model (model_id, make_id, title) VALUES (431, 20, 'Bertone X1/9');
INSERT INTO model (model_id, make_id, title) VALUES (432, 20, 'Brava');
INSERT INTO model (model_id, make_id, title) VALUES (433, 20, 'Pininfarina Spider');
INSERT INTO model (model_id, make_id, title) VALUES (434, 20, 'Strada');
INSERT INTO model (model_id, make_id, title) VALUES (435, 20, 'X1/9');
INSERT INTO model (model_id, make_id, title) VALUES (436, 20, 'Other Fiat Models');
INSERT INTO model (model_id, make_id, title) VALUES (437, 21, 'Karma');
INSERT INTO model (model_id, make_id, title) VALUES (438, 22, 'Aerostar');
INSERT INTO model (model_id, make_id, title) VALUES (439, 22, 'Aspire');
INSERT INTO model (model_id, make_id, title) VALUES (440, 22, 'Bronco');
INSERT INTO model (model_id, make_id, title) VALUES (441, 22, 'Bronco II');
INSERT INTO model (model_id, make_id, title) VALUES (442, 22, 'C-MAX');
INSERT INTO model (model_id, make_id, title) VALUES (443, 22, 'Club Wagon');
INSERT INTO model (model_id, make_id, title) VALUES (444, 22, 'Contour');
INSERT INTO model (model_id, make_id, title) VALUES (445, 22, 'Courier');
INSERT INTO model (model_id, make_id, title) VALUES (446, 22, 'Crown Victoria');
INSERT INTO model (model_id, make_id, title) VALUES (447, 22, 'E-150 and Econoline 150');
INSERT INTO model (model_id, make_id, title) VALUES (448, 22, 'E-250 and Econoline 250');
INSERT INTO model (model_id, make_id, title) VALUES (449, 22, 'E-350 and Econoline 350');
INSERT INTO model (model_id, make_id, title) VALUES (450, 22, 'Edge');
INSERT INTO model (model_id, make_id, title) VALUES (451, 22, 'Escape');
INSERT INTO model (model_id, make_id, title) VALUES (452, 22, 'Escort');
INSERT INTO model (model_id, make_id, title) VALUES (453, 22, 'Excursion');
INSERT INTO model (model_id, make_id, title) VALUES (454, 22, 'EXP');
INSERT INTO model (model_id, make_id, title) VALUES (455, 22, 'Expedition');
INSERT INTO model (model_id, make_id, title) VALUES (456, 22, 'Expedition EL');
INSERT INTO model (model_id, make_id, title) VALUES (457, 22, 'Explorer');
INSERT INTO model (model_id, make_id, title) VALUES (458, 22, 'Explorer Sport Trac');
INSERT INTO model (model_id, make_id, title) VALUES (459, 22, 'F100');
INSERT INTO model (model_id, make_id, title) VALUES (460, 22, 'F150');
INSERT INTO model (model_id, make_id, title) VALUES (461, 22, 'F250');
INSERT INTO model (model_id, make_id, title) VALUES (462, 22, 'F350');
INSERT INTO model (model_id, make_id, title) VALUES (463, 22, 'F450');
INSERT INTO model (model_id, make_id, title) VALUES (464, 22, 'Fairmont');
INSERT INTO model (model_id, make_id, title) VALUES (465, 22, 'Festiva');
INSERT INTO model (model_id, make_id, title) VALUES (466, 22, 'Fiesta');
INSERT INTO model (model_id, make_id, title) VALUES (467, 22, 'Five Hundred');
INSERT INTO model (model_id, make_id, title) VALUES (468, 22, 'Flex');
INSERT INTO model (model_id, make_id, title) VALUES (469, 22, 'Focus');
INSERT INTO model (model_id, make_id, title) VALUES (470, 22, 'Freestar');
INSERT INTO model (model_id, make_id, title) VALUES (471, 22, 'Freestyle');
INSERT INTO model (model_id, make_id, title) VALUES (472, 22, 'Fusion');
INSERT INTO model (model_id, make_id, title) VALUES (473, 22, 'Granada');
INSERT INTO model (model_id, make_id, title) VALUES (474, 22, 'GT');
INSERT INTO model (model_id, make_id, title) VALUES (475, 22, 'LTD');
INSERT INTO model (model_id, make_id, title) VALUES (476, 22, 'Mustang');
INSERT INTO model (model_id, make_id, title) VALUES (477, 22, 'Probe');
INSERT INTO model (model_id, make_id, title) VALUES (478, 22, 'Ranger');
INSERT INTO model (model_id, make_id, title) VALUES (479, 22, 'Taurus');
INSERT INTO model (model_id, make_id, title) VALUES (480, 22, 'Taurus X');
INSERT INTO model (model_id, make_id, title) VALUES (481, 22, 'Tempo');
INSERT INTO model (model_id, make_id, title) VALUES (482, 22, 'Thunderbird');
INSERT INTO model (model_id, make_id, title) VALUES (483, 22, 'Transit Connect');
INSERT INTO model (model_id, make_id, title) VALUES (484, 22, 'Windstar');
INSERT INTO model (model_id, make_id, title) VALUES (485, 22, 'ZX2 Escort');
INSERT INTO model (model_id, make_id, title) VALUES (486, 22, 'Other Ford Models');
INSERT INTO model (model_id, make_id, title) VALUES (487, 23, 'Sprinter');
INSERT INTO model (model_id, make_id, title) VALUES (488, 24, 'Metro');
INSERT INTO model (model_id, make_id, title) VALUES (489, 24, 'Prizm');
INSERT INTO model (model_id, make_id, title) VALUES (490, 24, 'Spectrum');
INSERT INTO model (model_id, make_id, title) VALUES (491, 24, 'Storm');
INSERT INTO model (model_id, make_id, title) VALUES (492, 24, 'Tracker');
INSERT INTO model (model_id, make_id, title) VALUES (493, 24, 'Other Geo Models');
INSERT INTO model (model_id, make_id, title) VALUES (494, 25, 'Acadia');
INSERT INTO model (model_id, make_id, title) VALUES (495, 25, 'Caballero');
INSERT INTO model (model_id, make_id, title) VALUES (496, 25, 'Canyon');
INSERT INTO model (model_id, make_id, title) VALUES (497, 25, 'Envoy');
INSERT INTO model (model_id, make_id, title) VALUES (498, 25, 'Envoy XL');
INSERT INTO model (model_id, make_id, title) VALUES (499, 25, 'Envoy XUV');
INSERT INTO model (model_id, make_id, title) VALUES (500, 25, 'Jimmy');
INSERT INTO model (model_id, make_id, title) VALUES (501, 25, 'Rally Wagon');
INSERT INTO model (model_id, make_id, title) VALUES (502, 25, 'S15 Jimmy');
INSERT INTO model (model_id, make_id, title) VALUES (503, 25, 'S15 Pickup');
INSERT INTO model (model_id, make_id, title) VALUES (504, 25, 'Safari');
INSERT INTO model (model_id, make_id, title) VALUES (505, 25, 'Savana');
INSERT INTO model (model_id, make_id, title) VALUES (506, 25, 'Sierra C/K1500');
INSERT INTO model (model_id, make_id, title) VALUES (507, 25, 'Sierra C/K2500');
INSERT INTO model (model_id, make_id, title) VALUES (508, 25, 'Sierra C/K3500');
INSERT INTO model (model_id, make_id, title) VALUES (509, 25, 'Sonoma');
INSERT INTO model (model_id, make_id, title) VALUES (510, 25, 'Suburban');
INSERT INTO model (model_id, make_id, title) VALUES (511, 25, 'Syclone');
INSERT INTO model (model_id, make_id, title) VALUES (512, 25, 'Terrain');
INSERT INTO model (model_id, make_id, title) VALUES (513, 25, 'TopKick C4500');
INSERT INTO model (model_id, make_id, title) VALUES (514, 25, 'Typhoon');
INSERT INTO model (model_id, make_id, title) VALUES (515, 25, 'Vandura');
INSERT INTO model (model_id, make_id, title) VALUES (516, 25, 'Yukon');
INSERT INTO model (model_id, make_id, title) VALUES (517, 25, 'Yukon XL');
INSERT INTO model (model_id, make_id, title) VALUES (518, 25, 'Other GMC Models');
INSERT INTO model (model_id, make_id, title) VALUES (519, 26, 'Accord');
INSERT INTO model (model_id, make_id, title) VALUES (520, 26, 'Civic');
INSERT INTO model (model_id, make_id, title) VALUES (521, 26, 'CR-V');
INSERT INTO model (model_id, make_id, title) VALUES (522, 26, 'CR-Z');
INSERT INTO model (model_id, make_id, title) VALUES (523, 26, 'CRX');
INSERT INTO model (model_id, make_id, title) VALUES (524, 26, 'Crosstour and Accord Crosstour Models (2)');
INSERT INTO model (model_id, make_id, title) VALUES (525, 26, ' - Accord Crosstour');
INSERT INTO model (model_id, make_id, title) VALUES (526, 26, ' - Crosstour');
INSERT INTO model (model_id, make_id, title) VALUES (527, 26, 'Del Sol');
INSERT INTO model (model_id, make_id, title) VALUES (528, 26, 'Element');
INSERT INTO model (model_id, make_id, title) VALUES (529, 26, 'Fit');
INSERT INTO model (model_id, make_id, title) VALUES (530, 26, 'Insight');
INSERT INTO model (model_id, make_id, title) VALUES (531, 26, 'Odyssey');
INSERT INTO model (model_id, make_id, title) VALUES (532, 26, 'Passport');
INSERT INTO model (model_id, make_id, title) VALUES (533, 26, 'Pilot');
INSERT INTO model (model_id, make_id, title) VALUES (534, 26, 'Prelude');
INSERT INTO model (model_id, make_id, title) VALUES (535, 26, 'Ridgeline');
INSERT INTO model (model_id, make_id, title) VALUES (536, 26, 'S2000');
INSERT INTO model (model_id, make_id, title) VALUES (537, 26, 'Other Honda Models');
INSERT INTO model (model_id, make_id, title) VALUES (538, 27, 'H1');
INSERT INTO model (model_id, make_id, title) VALUES (539, 27, 'H2');
INSERT INTO model (model_id, make_id, title) VALUES (540, 27, 'H3');
INSERT INTO model (model_id, make_id, title) VALUES (541, 27, 'H3T');
INSERT INTO model (model_id, make_id, title) VALUES (542, 27, 'Other Hummer Models');
INSERT INTO model (model_id, make_id, title) VALUES (543, 28, 'Accent');
INSERT INTO model (model_id, make_id, title) VALUES (544, 28, 'Azera');
INSERT INTO model (model_id, make_id, title) VALUES (545, 28, 'Elantra');
INSERT INTO model (model_id, make_id, title) VALUES (546, 28, 'Elantra Coupe');
INSERT INTO model (model_id, make_id, title) VALUES (547, 28, 'Elantra Touring');
INSERT INTO model (model_id, make_id, title) VALUES (548, 28, 'Entourage');
INSERT INTO model (model_id, make_id, title) VALUES (549, 28, 'Equus');
INSERT INTO model (model_id, make_id, title) VALUES (550, 28, 'Excel');
INSERT INTO model (model_id, make_id, title) VALUES (551, 28, 'Genesis');
INSERT INTO model (model_id, make_id, title) VALUES (552, 28, 'Genesis Coupe');
INSERT INTO model (model_id, make_id, title) VALUES (553, 28, 'Santa Fe');
INSERT INTO model (model_id, make_id, title) VALUES (554, 28, 'Scoupe');
INSERT INTO model (model_id, make_id, title) VALUES (555, 28, 'Sonata');
INSERT INTO model (model_id, make_id, title) VALUES (556, 28, 'Tiburon');
INSERT INTO model (model_id, make_id, title) VALUES (557, 28, 'Tucson');
INSERT INTO model (model_id, make_id, title) VALUES (558, 28, 'Veloster');
INSERT INTO model (model_id, make_id, title) VALUES (559, 28, 'Veracruz');
INSERT INTO model (model_id, make_id, title) VALUES (560, 28, 'XG300');
INSERT INTO model (model_id, make_id, title) VALUES (561, 28, 'XG350');
INSERT INTO model (model_id, make_id, title) VALUES (562, 28, 'Other Hyundai Models');
INSERT INTO model (model_id, make_id, title) VALUES (563, 29, 'EX Models (2)');
INSERT INTO model (model_id, make_id, title) VALUES (564, 29, ' - EX35');
INSERT INTO model (model_id, make_id, title) VALUES (565, 29, ' - EX37');
INSERT INTO model (model_id, make_id, title) VALUES (566, 29, 'FX Models (4)');
INSERT INTO model (model_id, make_id, title) VALUES (567, 29, ' - FX35');
INSERT INTO model (model_id, make_id, title) VALUES (568, 29, ' - FX37');
INSERT INTO model (model_id, make_id, title) VALUES (569, 29, ' - FX45');
INSERT INTO model (model_id, make_id, title) VALUES (570, 29, ' - FX50');
INSERT INTO model (model_id, make_id, title) VALUES (571, 29, 'G Models (4)');
INSERT INTO model (model_id, make_id, title) VALUES (572, 29, ' - G20');
INSERT INTO model (model_id, make_id, title) VALUES (573, 29, ' - G25');
INSERT INTO model (model_id, make_id, title) VALUES (574, 29, ' - G35');
INSERT INTO model (model_id, make_id, title) VALUES (575, 29, ' - G37');
INSERT INTO model (model_id, make_id, title) VALUES (576, 29, 'I Models (2)');
INSERT INTO model (model_id, make_id, title) VALUES (577, 29, ' - I30');
INSERT INTO model (model_id, make_id, title) VALUES (578, 29, ' - I35');
INSERT INTO model (model_id, make_id, title) VALUES (579, 29, 'J Models (1)');
INSERT INTO model (model_id, make_id, title) VALUES (580, 29, ' - J30');
INSERT INTO model (model_id, make_id, title) VALUES (581, 29, 'JX Models (1)');
INSERT INTO model (model_id, make_id, title) VALUES (582, 29, ' - JX35');
INSERT INTO model (model_id, make_id, title) VALUES (583, 29, 'M Models (6)');
INSERT INTO model (model_id, make_id, title) VALUES (584, 29, ' - M30');
INSERT INTO model (model_id, make_id, title) VALUES (585, 29, ' - M35');
INSERT INTO model (model_id, make_id, title) VALUES (586, 29, ' - M35h');
INSERT INTO model (model_id, make_id, title) VALUES (587, 29, ' - M37');
INSERT INTO model (model_id, make_id, title) VALUES (588, 29, ' - M45');
INSERT INTO model (model_id, make_id, title) VALUES (589, 29, ' - M56');
INSERT INTO model (model_id, make_id, title) VALUES (590, 29, 'Q Models (1)');
INSERT INTO model (model_id, make_id, title) VALUES (591, 29, ' - Q45');
INSERT INTO model (model_id, make_id, title) VALUES (592, 29, 'QX Models (2)');
INSERT INTO model (model_id, make_id, title) VALUES (593, 29, ' - QX4');
INSERT INTO model (model_id, make_id, title) VALUES (594, 29, ' - QX56');
INSERT INTO model (model_id, make_id, title) VALUES (595, 29, 'Other Infiniti Models');
INSERT INTO model (model_id, make_id, title) VALUES (596, 30, 'Amigo');
INSERT INTO model (model_id, make_id, title) VALUES (597, 30, 'Ascender');
INSERT INTO model (model_id, make_id, title) VALUES (598, 30, 'Axiom');
INSERT INTO model (model_id, make_id, title) VALUES (599, 30, 'Hombre');
INSERT INTO model (model_id, make_id, title) VALUES (600, 30, 'i-280');
INSERT INTO model (model_id, make_id, title) VALUES (601, 30, 'i-290');
INSERT INTO model (model_id, make_id, title) VALUES (602, 30, 'i-350');
INSERT INTO model (model_id, make_id, title) VALUES (603, 30, 'i-370');
INSERT INTO model (model_id, make_id, title) VALUES (604, 30, 'I-Mark');
INSERT INTO model (model_id, make_id, title) VALUES (605, 30, 'Impulse');
INSERT INTO model (model_id, make_id, title) VALUES (606, 30, 'Oasis');
INSERT INTO model (model_id, make_id, title) VALUES (607, 30, 'Pickup');
INSERT INTO model (model_id, make_id, title) VALUES (608, 30, 'Rodeo');
INSERT INTO model (model_id, make_id, title) VALUES (609, 30, 'Stylus');
INSERT INTO model (model_id, make_id, title) VALUES (610, 30, 'Trooper');
INSERT INTO model (model_id, make_id, title) VALUES (611, 30, 'Trooper II');
INSERT INTO model (model_id, make_id, title) VALUES (612, 30, 'VehiCROSS');
INSERT INTO model (model_id, make_id, title) VALUES (613, 30, 'Other Isuzu Models');
INSERT INTO model (model_id, make_id, title) VALUES (614, 31, 'S-Type');
INSERT INTO model (model_id, make_id, title) VALUES (615, 31, 'X-Type');
INSERT INTO model (model_id, make_id, title) VALUES (616, 31, 'XF');
INSERT INTO model (model_id, make_id, title) VALUES (617, 31, 'XJ Series (10)');
INSERT INTO model (model_id, make_id, title) VALUES (618, 31, ' - XJ12');
INSERT INTO model (model_id, make_id, title) VALUES (619, 31, ' - XJ6');
INSERT INTO model (model_id, make_id, title) VALUES (620, 31, ' - XJR');
INSERT INTO model (model_id, make_id, title) VALUES (621, 31, ' - XJR-S');
INSERT INTO model (model_id, make_id, title) VALUES (622, 31, ' - XJS');
INSERT INTO model (model_id, make_id, title) VALUES (623, 31, ' - XJ Vanden Plas');
INSERT INTO model (model_id, make_id, title) VALUES (624, 31, ' - XJ');
INSERT INTO model (model_id, make_id, title) VALUES (625, 31, ' - XJ8');
INSERT INTO model (model_id, make_id, title) VALUES (626, 31, ' - XJ8 L');
INSERT INTO model (model_id, make_id, title) VALUES (627, 31, ' - XJ Sport');
INSERT INTO model (model_id, make_id, title) VALUES (628, 31, 'XK Series (3)');
INSERT INTO model (model_id, make_id, title) VALUES (629, 31, ' - XK8');
INSERT INTO model (model_id, make_id, title) VALUES (630, 31, ' - XK');
INSERT INTO model (model_id, make_id, title) VALUES (631, 31, ' - XKR');
INSERT INTO model (model_id, make_id, title) VALUES (632, 31, 'Other Jaguar Models');
INSERT INTO model (model_id, make_id, title) VALUES (633, 32, 'Cherokee');
INSERT INTO model (model_id, make_id, title) VALUES (634, 32, 'CJ');
INSERT INTO model (model_id, make_id, title) VALUES (635, 32, 'Comanche');
INSERT INTO model (model_id, make_id, title) VALUES (636, 32, 'Commander');
INSERT INTO model (model_id, make_id, title) VALUES (637, 32, 'Compass');
INSERT INTO model (model_id, make_id, title) VALUES (638, 32, 'Grand Cherokee');
INSERT INTO model (model_id, make_id, title) VALUES (639, 32, 'Grand Wagoneer');
INSERT INTO model (model_id, make_id, title) VALUES (640, 32, 'Liberty');
INSERT INTO model (model_id, make_id, title) VALUES (641, 32, 'Patriot');
INSERT INTO model (model_id, make_id, title) VALUES (642, 32, 'Pickup');
INSERT INTO model (model_id, make_id, title) VALUES (643, 32, 'Scrambler');
INSERT INTO model (model_id, make_id, title) VALUES (644, 32, 'Wagoneer');
INSERT INTO model (model_id, make_id, title) VALUES (645, 32, 'Wrangler');
INSERT INTO model (model_id, make_id, title) VALUES (646, 32, 'Other Jeep Models');
INSERT INTO model (model_id, make_id, title) VALUES (647, 33, 'Amanti');
INSERT INTO model (model_id, make_id, title) VALUES (648, 33, 'Borrego');
INSERT INTO model (model_id, make_id, title) VALUES (649, 33, 'Forte');
INSERT INTO model (model_id, make_id, title) VALUES (650, 33, 'Forte Koup');
INSERT INTO model (model_id, make_id, title) VALUES (651, 33, 'Optima');
INSERT INTO model (model_id, make_id, title) VALUES (652, 33, 'Rio');
INSERT INTO model (model_id, make_id, title) VALUES (653, 33, 'Rio5');
INSERT INTO model (model_id, make_id, title) VALUES (654, 33, 'Rondo');
INSERT INTO model (model_id, make_id, title) VALUES (655, 33, 'Sedona');
INSERT INTO model (model_id, make_id, title) VALUES (656, 33, 'Sephia');
INSERT INTO model (model_id, make_id, title) VALUES (657, 33, 'Sorento');
INSERT INTO model (model_id, make_id, title) VALUES (658, 33, 'Soul');
INSERT INTO model (model_id, make_id, title) VALUES (659, 33, 'Spectra');
INSERT INTO model (model_id, make_id, title) VALUES (660, 33, 'Spectra5');
INSERT INTO model (model_id, make_id, title) VALUES (661, 33, 'Sportage');
INSERT INTO model (model_id, make_id, title) VALUES (662, 33, 'Other Kia Models');
INSERT INTO model (model_id, make_id, title) VALUES (663, 34, 'Aventador');
INSERT INTO model (model_id, make_id, title) VALUES (664, 34, 'Countach');
INSERT INTO model (model_id, make_id, title) VALUES (665, 34, 'Diablo');
INSERT INTO model (model_id, make_id, title) VALUES (666, 34, 'Gallardo');
INSERT INTO model (model_id, make_id, title) VALUES (667, 34, 'Jalpa');
INSERT INTO model (model_id, make_id, title) VALUES (668, 34, 'LM002');
INSERT INTO model (model_id, make_id, title) VALUES (669, 34, 'Murcielago');
INSERT INTO model (model_id, make_id, title) VALUES (670, 34, 'Other Lamborghini Models');
INSERT INTO model (model_id, make_id, title) VALUES (671, 35, 'Beta');
INSERT INTO model (model_id, make_id, title) VALUES (672, 35, 'Zagato');
INSERT INTO model (model_id, make_id, title) VALUES (673, 35, 'Other Lancia Models');
INSERT INTO model (model_id, make_id, title) VALUES (674, 36, 'Defender');
INSERT INTO model (model_id, make_id, title) VALUES (675, 36, 'Discovery');
INSERT INTO model (model_id, make_id, title) VALUES (676, 36, 'Freelander');
INSERT INTO model (model_id, make_id, title) VALUES (677, 36, 'LR2');
INSERT INTO model (model_id, make_id, title) VALUES (678, 36, 'LR3');
INSERT INTO model (model_id, make_id, title) VALUES (679, 36, 'LR4');
INSERT INTO model (model_id, make_id, title) VALUES (680, 36, 'Range Rover');
INSERT INTO model (model_id, make_id, title) VALUES (681, 36, 'Range Rover Evoque');
INSERT INTO model (model_id, make_id, title) VALUES (682, 36, 'Range Rover Sport');
INSERT INTO model (model_id, make_id, title) VALUES (683, 36, 'Other Land Rover Models');
INSERT INTO model (model_id, make_id, title) VALUES (684, 37, 'CT Models (1)');
INSERT INTO model (model_id, make_id, title) VALUES (685, 37, ' - CT 200h');
INSERT INTO model (model_id, make_id, title) VALUES (686, 37, 'ES Models (5)');
INSERT INTO model (model_id, make_id, title) VALUES (687, 37, ' - ES 250');
INSERT INTO model (model_id, make_id, title) VALUES (688, 37, ' - ES 300');
INSERT INTO model (model_id, make_id, title) VALUES (689, 37, ' - ES 300h');
INSERT INTO model (model_id, make_id, title) VALUES (690, 37, ' - ES 330');
INSERT INTO model (model_id, make_id, title) VALUES (691, 37, ' - ES 350');
INSERT INTO model (model_id, make_id, title) VALUES (692, 37, 'GS Models (6)');
INSERT INTO model (model_id, make_id, title) VALUES (693, 37, ' - GS 300');
INSERT INTO model (model_id, make_id, title) VALUES (694, 37, ' - GS 350');
INSERT INTO model (model_id, make_id, title) VALUES (695, 37, ' - GS 400');
INSERT INTO model (model_id, make_id, title) VALUES (696, 37, ' - GS 430');
INSERT INTO model (model_id, make_id, title) VALUES (697, 37, ' - GS 450h');
INSERT INTO model (model_id, make_id, title) VALUES (698, 37, ' - GS 460');
INSERT INTO model (model_id, make_id, title) VALUES (699, 37, 'GX Models (2)');
INSERT INTO model (model_id, make_id, title) VALUES (700, 37, ' - GX 460');
INSERT INTO model (model_id, make_id, title) VALUES (701, 37, ' - GX 470');
INSERT INTO model (model_id, make_id, title) VALUES (702, 37, 'HS Models (1)');
INSERT INTO model (model_id, make_id, title) VALUES (703, 37, ' - HS 250h');
INSERT INTO model (model_id, make_id, title) VALUES (704, 37, 'IS Models (6)');
INSERT INTO model (model_id, make_id, title) VALUES (705, 37, ' - IS 250');
INSERT INTO model (model_id, make_id, title) VALUES (706, 37, ' - IS 250C');
INSERT INTO model (model_id, make_id, title) VALUES (707, 37, ' - IS 300');
INSERT INTO model (model_id, make_id, title) VALUES (708, 37, ' - IS 350');
INSERT INTO model (model_id, make_id, title) VALUES (709, 37, ' - IS 350C');
INSERT INTO model (model_id, make_id, title) VALUES (710, 37, ' - IS F');
INSERT INTO model (model_id, make_id, title) VALUES (711, 37, 'LFA');
INSERT INTO model (model_id, make_id, title) VALUES (712, 37, 'LS Models (4)');
INSERT INTO model (model_id, make_id, title) VALUES (713, 37, ' - LS 400');
INSERT INTO model (model_id, make_id, title) VALUES (714, 37, ' - LS 430');
INSERT INTO model (model_id, make_id, title) VALUES (715, 37, ' - LS 460');
INSERT INTO model (model_id, make_id, title) VALUES (716, 37, ' - LS 600h');
INSERT INTO model (model_id, make_id, title) VALUES (717, 37, 'LX Models (3)');
INSERT INTO model (model_id, make_id, title) VALUES (718, 37, ' - LX 450');
INSERT INTO model (model_id, make_id, title) VALUES (719, 37, ' - LX 470');
INSERT INTO model (model_id, make_id, title) VALUES (720, 37, ' - LX 570');
INSERT INTO model (model_id, make_id, title) VALUES (721, 37, 'RX Models (5)');
INSERT INTO model (model_id, make_id, title) VALUES (722, 37, ' - RX 300');
INSERT INTO model (model_id, make_id, title) VALUES (723, 37, ' - RX 330');
INSERT INTO model (model_id, make_id, title) VALUES (724, 37, ' - RX 350');
INSERT INTO model (model_id, make_id, title) VALUES (725, 37, ' - RX 400h');
INSERT INTO model (model_id, make_id, title) VALUES (726, 37, ' - RX 450h');
INSERT INTO model (model_id, make_id, title) VALUES (727, 37, 'SC Models (3)');
INSERT INTO model (model_id, make_id, title) VALUES (728, 37, ' - SC 300');
INSERT INTO model (model_id, make_id, title) VALUES (729, 37, ' - SC 400');
INSERT INTO model (model_id, make_id, title) VALUES (730, 37, ' - SC 430');
INSERT INTO model (model_id, make_id, title) VALUES (731, 37, 'Other Lexus Models');
INSERT INTO model (model_id, make_id, title) VALUES (732, 38, 'Aviator');
INSERT INTO model (model_id, make_id, title) VALUES (733, 38, 'Blackwood');
INSERT INTO model (model_id, make_id, title) VALUES (734, 38, 'Continental');
INSERT INTO model (model_id, make_id, title) VALUES (735, 38, 'LS');
INSERT INTO model (model_id, make_id, title) VALUES (736, 38, 'Mark LT');
INSERT INTO model (model_id, make_id, title) VALUES (737, 38, 'Mark VI');
INSERT INTO model (model_id, make_id, title) VALUES (738, 38, 'Mark VII');
INSERT INTO model (model_id, make_id, title) VALUES (739, 38, 'Mark VIII');
INSERT INTO model (model_id, make_id, title) VALUES (740, 38, 'MKS');
INSERT INTO model (model_id, make_id, title) VALUES (741, 38, 'MKT');
INSERT INTO model (model_id, make_id, title) VALUES (742, 38, 'MKX');
INSERT INTO model (model_id, make_id, title) VALUES (743, 38, 'MKZ');
INSERT INTO model (model_id, make_id, title) VALUES (744, 38, 'Navigator');
INSERT INTO model (model_id, make_id, title) VALUES (745, 38, 'Navigator L');
INSERT INTO model (model_id, make_id, title) VALUES (746, 38, 'Town Car');
INSERT INTO model (model_id, make_id, title) VALUES (747, 38, 'Zephyr');
INSERT INTO model (model_id, make_id, title) VALUES (748, 38, 'Other Lincoln Models');
INSERT INTO model (model_id, make_id, title) VALUES (749, 39, 'Elan');
INSERT INTO model (model_id, make_id, title) VALUES (750, 39, 'Elise');
INSERT INTO model (model_id, make_id, title) VALUES (751, 39, 'Esprit');
INSERT INTO model (model_id, make_id, title) VALUES (752, 39, 'Evora');
INSERT INTO model (model_id, make_id, title) VALUES (753, 39, 'Exige');
INSERT INTO model (model_id, make_id, title) VALUES (754, 39, 'Other Lotus Models');
INSERT INTO model (model_id, make_id, title) VALUES (755, 40, '430');
INSERT INTO model (model_id, make_id, title) VALUES (756, 40, 'Biturbo');
INSERT INTO model (model_id, make_id, title) VALUES (757, 40, 'Coupe');
INSERT INTO model (model_id, make_id, title) VALUES (758, 40, 'GranSport');
INSERT INTO model (model_id, make_id, title) VALUES (759, 40, 'GranTurismo');
INSERT INTO model (model_id, make_id, title) VALUES (760, 40, 'Quattroporte');
INSERT INTO model (model_id, make_id, title) VALUES (761, 40, 'Spyder');
INSERT INTO model (model_id, make_id, title) VALUES (762, 40, 'Other Maserati Models');
INSERT INTO model (model_id, make_id, title) VALUES (763, 41, '57');
INSERT INTO model (model_id, make_id, title) VALUES (764, 41, '62');
INSERT INTO model (model_id, make_id, title) VALUES (765, 41, 'Other Maybach Models');
INSERT INTO model (model_id, make_id, title) VALUES (766, 42, '323');
INSERT INTO model (model_id, make_id, title) VALUES (767, 42, '626');
INSERT INTO model (model_id, make_id, title) VALUES (768, 42, '929');
INSERT INTO model (model_id, make_id, title) VALUES (769, 42, 'B-Series Pickup');
INSERT INTO model (model_id, make_id, title) VALUES (770, 42, 'CX-5');
INSERT INTO model (model_id, make_id, title) VALUES (771, 42, 'CX-7');
INSERT INTO model (model_id, make_id, title) VALUES (772, 42, 'CX-9');
INSERT INTO model (model_id, make_id, title) VALUES (773, 42, 'GLC');
INSERT INTO model (model_id, make_id, title) VALUES (774, 42, 'MAZDA2');
INSERT INTO model (model_id, make_id, title) VALUES (775, 42, 'MAZDA3');
INSERT INTO model (model_id, make_id, title) VALUES (776, 42, 'MAZDA5');
INSERT INTO model (model_id, make_id, title) VALUES (777, 42, 'MAZDA6');
INSERT INTO model (model_id, make_id, title) VALUES (778, 42, 'MAZDASPEED3');
INSERT INTO model (model_id, make_id, title) VALUES (779, 42, 'MAZDASPEED6');
INSERT INTO model (model_id, make_id, title) VALUES (780, 42, 'Miata MX5');
INSERT INTO model (model_id, make_id, title) VALUES (781, 42, 'Millenia');
INSERT INTO model (model_id, make_id, title) VALUES (782, 42, 'MPV');
INSERT INTO model (model_id, make_id, title) VALUES (783, 42, 'MX3');
INSERT INTO model (model_id, make_id, title) VALUES (784, 42, 'MX6');
INSERT INTO model (model_id, make_id, title) VALUES (785, 42, 'Navajo');
INSERT INTO model (model_id, make_id, title) VALUES (786, 42, 'Protege');
INSERT INTO model (model_id, make_id, title) VALUES (787, 42, 'Protege5');
INSERT INTO model (model_id, make_id, title) VALUES (788, 42, 'RX-7');
INSERT INTO model (model_id, make_id, title) VALUES (789, 42, 'RX-8');
INSERT INTO model (model_id, make_id, title) VALUES (790, 42, 'Tribute');
INSERT INTO model (model_id, make_id, title) VALUES (791, 42, 'Other Mazda Models');
INSERT INTO model (model_id, make_id, title) VALUES (792, 43, 'MP4-12C');
INSERT INTO model (model_id, make_id, title) VALUES (793, 44, '190 Class (2)');
INSERT INTO model (model_id, make_id, title) VALUES (794, 44, ' - 190D');
INSERT INTO model (model_id, make_id, title) VALUES (795, 44, ' - 190E');
INSERT INTO model (model_id, make_id, title) VALUES (796, 44, '240 Class (1)');
INSERT INTO model (model_id, make_id, title) VALUES (797, 44, ' - 240D');
INSERT INTO model (model_id, make_id, title) VALUES (798, 44, '300 Class / E Class (6)');
INSERT INTO model (model_id, make_id, title) VALUES (799, 44, ' - 300CD');
INSERT INTO model (model_id, make_id, title) VALUES (800, 44, ' - 300CE');
INSERT INTO model (model_id, make_id, title) VALUES (801, 44, ' - 300D');
INSERT INTO model (model_id, make_id, title) VALUES (802, 44, ' - 300E');
INSERT INTO model (model_id, make_id, title) VALUES (803, 44, ' - 300TD');
INSERT INTO model (model_id, make_id, title) VALUES (804, 44, ' - 300TE');
INSERT INTO model (model_id, make_id, title) VALUES (805, 44, 'C Class (13)');
INSERT INTO model (model_id, make_id, title) VALUES (806, 44, ' - C220');
INSERT INTO model (model_id, make_id, title) VALUES (807, 44, ' - C230');
INSERT INTO model (model_id, make_id, title) VALUES (808, 44, ' - C240');
INSERT INTO model (model_id, make_id, title) VALUES (809, 44, ' - C250');
INSERT INTO model (model_id, make_id, title) VALUES (810, 44, ' - C280');
INSERT INTO model (model_id, make_id, title) VALUES (811, 44, ' - C300');
INSERT INTO model (model_id, make_id, title) VALUES (812, 44, ' - C320');
INSERT INTO model (model_id, make_id, title) VALUES (813, 44, ' - C32 AMG');
INSERT INTO model (model_id, make_id, title) VALUES (814, 44, ' - C350');
INSERT INTO model (model_id, make_id, title) VALUES (815, 44, ' - C36 AMG');
INSERT INTO model (model_id, make_id, title) VALUES (816, 44, ' - C43 AMG');
INSERT INTO model (model_id, make_id, title) VALUES (817, 44, ' - C55 AMG');
INSERT INTO model (model_id, make_id, title) VALUES (818, 44, ' - C63 AMG');
INSERT INTO model (model_id, make_id, title) VALUES (819, 44, 'CL Class (6)');
INSERT INTO model (model_id, make_id, title) VALUES (820, 44, ' - CL500');
INSERT INTO model (model_id, make_id, title) VALUES (821, 44, ' - CL550');
INSERT INTO model (model_id, make_id, title) VALUES (822, 44, ' - CL55 AMG');
INSERT INTO model (model_id, make_id, title) VALUES (823, 44, ' - CL600');
INSERT INTO model (model_id, make_id, title) VALUES (824, 44, ' - CL63 AMG');
INSERT INTO model (model_id, make_id, title) VALUES (825, 44, ' - CL65 AMG');
INSERT INTO model (model_id, make_id, title) VALUES (826, 44, 'CLK Class (7)');
INSERT INTO model (model_id, make_id, title) VALUES (827, 44, ' - CLK320');
INSERT INTO model (model_id, make_id, title) VALUES (828, 44, ' - CLK350');
INSERT INTO model (model_id, make_id, title) VALUES (829, 44, ' - CLK430');
INSERT INTO model (model_id, make_id, title) VALUES (830, 44, ' - CLK500');
INSERT INTO model (model_id, make_id, title) VALUES (831, 44, ' - CLK550');
INSERT INTO model (model_id, make_id, title) VALUES (832, 44, ' - CLK55 AMG');
INSERT INTO model (model_id, make_id, title) VALUES (833, 44, ' - CLK63 AMG');
INSERT INTO model (model_id, make_id, title) VALUES (834, 44, 'CLS Class (4)');
INSERT INTO model (model_id, make_id, title) VALUES (835, 44, ' - CLS500');
INSERT INTO model (model_id, make_id, title) VALUES (836, 44, ' - CLS550');
INSERT INTO model (model_id, make_id, title) VALUES (837, 44, ' - CLS55 AMG');
INSERT INTO model (model_id, make_id, title) VALUES (838, 44, ' - CLS63 AMG');
INSERT INTO model (model_id, make_id, title) VALUES (839, 44, 'E Class (18)');
INSERT INTO model (model_id, make_id, title) VALUES (840, 44, ' - 260E');
INSERT INTO model (model_id, make_id, title) VALUES (841, 44, ' - 280CE');
INSERT INTO model (model_id, make_id, title) VALUES (842, 44, ' - 280E');
INSERT INTO model (model_id, make_id, title) VALUES (843, 44, ' - 400E');
INSERT INTO model (model_id, make_id, title) VALUES (844, 44, ' - 500E');
INSERT INTO model (model_id, make_id, title) VALUES (845, 44, ' - E300');
INSERT INTO model (model_id, make_id, title) VALUES (846, 44, ' - E320');
INSERT INTO model (model_id, make_id, title) VALUES (847, 44, ' - E320 Bluetec');
INSERT INTO model (model_id, make_id, title) VALUES (848, 44, ' - E320 CDI');
INSERT INTO model (model_id, make_id, title) VALUES (849, 44, ' - E350');
INSERT INTO model (model_id, make_id, title) VALUES (850, 44, ' - E350 Bluetec');
INSERT INTO model (model_id, make_id, title) VALUES (851, 44, ' - E400 Hybrid');
INSERT INTO model (model_id, make_id, title) VALUES (852, 44, ' - E420');
INSERT INTO model (model_id, make_id, title) VALUES (853, 44, ' - E430');
INSERT INTO model (model_id, make_id, title) VALUES (854, 44, ' - E500');
INSERT INTO model (model_id, make_id, title) VALUES (855, 44, ' - E550');
INSERT INTO model (model_id, make_id, title) VALUES (856, 44, ' - E55 AMG');
INSERT INTO model (model_id, make_id, title) VALUES (857, 44, ' - E63 AMG');
INSERT INTO model (model_id, make_id, title) VALUES (858, 44, 'G Class (4)');
INSERT INTO model (model_id, make_id, title) VALUES (859, 44, ' - G500');
INSERT INTO model (model_id, make_id, title) VALUES (860, 44, ' - G550');
INSERT INTO model (model_id, make_id, title) VALUES (861, 44, ' - G55 AMG');
INSERT INTO model (model_id, make_id, title) VALUES (862, 44, ' - G63 AMG');
INSERT INTO model (model_id, make_id, title) VALUES (863, 44, 'GL Class (5)');
INSERT INTO model (model_id, make_id, title) VALUES (864, 44, ' - GL320 Bluetec');
INSERT INTO model (model_id, make_id, title) VALUES (865, 44, ' - GL320 CDI');
INSERT INTO model (model_id, make_id, title) VALUES (866, 44, ' - GL350 Bluetec');
INSERT INTO model (model_id, make_id, title) VALUES (867, 44, ' - GL450');
INSERT INTO model (model_id, make_id, title) VALUES (868, 44, ' - GL550');
INSERT INTO model (model_id, make_id, title) VALUES (869, 44, 'GLK Class (1)');
INSERT INTO model (model_id, make_id, title) VALUES (870, 44, ' - GLK350');
INSERT INTO model (model_id, make_id, title) VALUES (871, 44, 'M Class (11)');
INSERT INTO model (model_id, make_id, title) VALUES (872, 44, ' - ML320');
INSERT INTO model (model_id, make_id, title) VALUES (873, 44, ' - ML320 Bluetec');
INSERT INTO model (model_id, make_id, title) VALUES (874, 44, ' - ML320 CDI');
INSERT INTO model (model_id, make_id, title) VALUES (875, 44, ' - ML350');
INSERT INTO model (model_id, make_id, title) VALUES (876, 44, ' - ML350 Bluetec');
INSERT INTO model (model_id, make_id, title) VALUES (877, 44, ' - ML430');
INSERT INTO model (model_id, make_id, title) VALUES (878, 44, ' - ML450 Hybrid');
INSERT INTO model (model_id, make_id, title) VALUES (879, 44, ' - ML500');
INSERT INTO model (model_id, make_id, title) VALUES (880, 44, ' - ML550');
INSERT INTO model (model_id, make_id, title) VALUES (881, 44, ' - ML55 AMG');
INSERT INTO model (model_id, make_id, title) VALUES (882, 44, ' - ML63 AMG');
INSERT INTO model (model_id, make_id, title) VALUES (883, 44, 'R Class (6)');
INSERT INTO model (model_id, make_id, title) VALUES (884, 44, ' - R320 Bluetec');
INSERT INTO model (model_id, make_id, title) VALUES (885, 44, ' - R320 CDI');
INSERT INTO model (model_id, make_id, title) VALUES (886, 44, ' - R350');
INSERT INTO model (model_id, make_id, title) VALUES (887, 44, ' - R350 Bluetec');
INSERT INTO model (model_id, make_id, title) VALUES (888, 44, ' - R500');
INSERT INTO model (model_id, make_id, title) VALUES (889, 44, ' - R63 AMG');
INSERT INTO model (model_id, make_id, title) VALUES (890, 44, 'S Class (30)');
INSERT INTO model (model_id, make_id, title) VALUES (891, 44, ' - 300SD');
INSERT INTO model (model_id, make_id, title) VALUES (892, 44, ' - 300SDL');
INSERT INTO model (model_id, make_id, title) VALUES (893, 44, ' - 300SE');
INSERT INTO model (model_id, make_id, title) VALUES (894, 44, ' - 300SEL');
INSERT INTO model (model_id, make_id, title) VALUES (895, 44, ' - 350SD');
INSERT INTO model (model_id, make_id, title) VALUES (896, 44, ' - 350SDL');
INSERT INTO model (model_id, make_id, title) VALUES (897, 44, ' - 380SE');
INSERT INTO model (model_id, make_id, title) VALUES (898, 44, ' - 380SEC');
INSERT INTO model (model_id, make_id, title) VALUES (899, 44, ' - 380SEL');
INSERT INTO model (model_id, make_id, title) VALUES (900, 44, ' - 400SE');
INSERT INTO model (model_id, make_id, title) VALUES (901, 44, ' - 400SEL');
INSERT INTO model (model_id, make_id, title) VALUES (902, 44, ' - 420SEL');
INSERT INTO model (model_id, make_id, title) VALUES (903, 44, ' - 500SEC');
INSERT INTO model (model_id, make_id, title) VALUES (904, 44, ' - 500SEL');
INSERT INTO model (model_id, make_id, title) VALUES (905, 44, ' - 560SEC');
INSERT INTO model (model_id, make_id, title) VALUES (906, 44, ' - 560SEL');
INSERT INTO model (model_id, make_id, title) VALUES (907, 44, ' - 600SEC');
INSERT INTO model (model_id, make_id, title) VALUES (908, 44, ' - 600SEL');
INSERT INTO model (model_id, make_id, title) VALUES (909, 44, ' - S320');
INSERT INTO model (model_id, make_id, title) VALUES (910, 44, ' - S350');
INSERT INTO model (model_id, make_id, title) VALUES (911, 44, ' - S350 Bluetec');
INSERT INTO model (model_id, make_id, title) VALUES (912, 44, ' - S400 Hybrid');
INSERT INTO model (model_id, make_id, title) VALUES (913, 44, ' - S420');
INSERT INTO model (model_id, make_id, title) VALUES (914, 44, ' - S430');
INSERT INTO model (model_id, make_id, title) VALUES (915, 44, ' - S500');
INSERT INTO model (model_id, make_id, title) VALUES (916, 44, ' - S550');
INSERT INTO model (model_id, make_id, title) VALUES (917, 44, ' - S55 AMG');
INSERT INTO model (model_id, make_id, title) VALUES (918, 44, ' - S600');
INSERT INTO model (model_id, make_id, title) VALUES (919, 44, ' - S63 AMG');
INSERT INTO model (model_id, make_id, title) VALUES (920, 44, ' - S65 AMG');
INSERT INTO model (model_id, make_id, title) VALUES (921, 44, 'SL Class (13)');
INSERT INTO model (model_id, make_id, title) VALUES (922, 44, ' - 300SL');
INSERT INTO model (model_id, make_id, title) VALUES (923, 44, ' - 380SL');
INSERT INTO model (model_id, make_id, title) VALUES (924, 44, ' - 380SLC');
INSERT INTO model (model_id, make_id, title) VALUES (925, 44, ' - 500SL');
INSERT INTO model (model_id, make_id, title) VALUES (926, 44, ' - 560SL');
INSERT INTO model (model_id, make_id, title) VALUES (927, 44, ' - 600SL');
INSERT INTO model (model_id, make_id, title) VALUES (928, 44, ' - SL320');
INSERT INTO model (model_id, make_id, title) VALUES (929, 44, ' - SL500');
INSERT INTO model (model_id, make_id, title) VALUES (930, 44, ' - SL550');
INSERT INTO model (model_id, make_id, title) VALUES (931, 44, ' - SL55 AMG');
INSERT INTO model (model_id, make_id, title) VALUES (932, 44, ' - SL600');
INSERT INTO model (model_id, make_id, title) VALUES (933, 44, ' - SL63 AMG');
INSERT INTO model (model_id, make_id, title) VALUES (934, 44, ' - SL65 AMG');
INSERT INTO model (model_id, make_id, title) VALUES (935, 44, 'SLK Class (8)');
INSERT INTO model (model_id, make_id, title) VALUES (936, 44, ' - SLK230');
INSERT INTO model (model_id, make_id, title) VALUES (937, 44, ' - SLK250');
INSERT INTO model (model_id, make_id, title) VALUES (938, 44, ' - SLK280');
INSERT INTO model (model_id, make_id, title) VALUES (939, 44, ' - SLK300');
INSERT INTO model (model_id, make_id, title) VALUES (940, 44, ' - SLK320');
INSERT INTO model (model_id, make_id, title) VALUES (941, 44, ' - SLK32 AMG');
INSERT INTO model (model_id, make_id, title) VALUES (942, 44, ' - SLK350');
INSERT INTO model (model_id, make_id, title) VALUES (943, 44, ' - SLK55 AMG');
INSERT INTO model (model_id, make_id, title) VALUES (944, 44, 'SLR Class (1)');
INSERT INTO model (model_id, make_id, title) VALUES (945, 44, ' - SLR');
INSERT INTO model (model_id, make_id, title) VALUES (946, 44, 'SLS Class (1)');
INSERT INTO model (model_id, make_id, title) VALUES (947, 44, ' - SLS AMG');
INSERT INTO model (model_id, make_id, title) VALUES (948, 44, 'Sprinter Class (1)');
INSERT INTO model (model_id, make_id, title) VALUES (949, 44, ' - Sprinter');
INSERT INTO model (model_id, make_id, title) VALUES (950, 44, 'Other Mercedes-Benz Models');
INSERT INTO model (model_id, make_id, title) VALUES (951, 45, 'Capri');
INSERT INTO model (model_id, make_id, title) VALUES (952, 45, 'Cougar');
INSERT INTO model (model_id, make_id, title) VALUES (953, 45, 'Grand Marquis');
INSERT INTO model (model_id, make_id, title) VALUES (954, 45, 'Lynx');
INSERT INTO model (model_id, make_id, title) VALUES (955, 45, 'Marauder');
INSERT INTO model (model_id, make_id, title) VALUES (956, 45, 'Mariner');
INSERT INTO model (model_id, make_id, title) VALUES (957, 45, 'Marquis');
INSERT INTO model (model_id, make_id, title) VALUES (958, 45, 'Milan');
INSERT INTO model (model_id, make_id, title) VALUES (959, 45, 'Montego');
INSERT INTO model (model_id, make_id, title) VALUES (960, 45, 'Monterey');
INSERT INTO model (model_id, make_id, title) VALUES (961, 45, 'Mountaineer');
INSERT INTO model (model_id, make_id, title) VALUES (962, 45, 'Mystique');
INSERT INTO model (model_id, make_id, title) VALUES (963, 45, 'Sable');
INSERT INTO model (model_id, make_id, title) VALUES (964, 45, 'Topaz');
INSERT INTO model (model_id, make_id, title) VALUES (965, 45, 'Tracer');
INSERT INTO model (model_id, make_id, title) VALUES (966, 45, 'Villager');
INSERT INTO model (model_id, make_id, title) VALUES (967, 45, 'Zephyr');
INSERT INTO model (model_id, make_id, title) VALUES (968, 45, 'Other Mercury Models');
INSERT INTO model (model_id, make_id, title) VALUES (969, 46, 'Scorpio');
INSERT INTO model (model_id, make_id, title) VALUES (970, 46, 'XR4Ti');
INSERT INTO model (model_id, make_id, title) VALUES (971, 46, 'Other Merkur Models');
INSERT INTO model (model_id, make_id, title) VALUES (972, 47, 'Cooper Clubman Models (2)');
INSERT INTO model (model_id, make_id, title) VALUES (973, 47, ' - Cooper Clubman');
INSERT INTO model (model_id, make_id, title) VALUES (974, 47, ' - Cooper S Clubman');
INSERT INTO model (model_id, make_id, title) VALUES (975, 47, 'Cooper Countryman Models (2)');
INSERT INTO model (model_id, make_id, title) VALUES (976, 47, ' - Cooper Countryman');
INSERT INTO model (model_id, make_id, title) VALUES (977, 47, ' - Cooper S Countryman');
INSERT INTO model (model_id, make_id, title) VALUES (978, 47, 'Cooper Coupe Models (2)');
INSERT INTO model (model_id, make_id, title) VALUES (979, 47, ' - Cooper Coupe');
INSERT INTO model (model_id, make_id, title) VALUES (980, 47, ' - Cooper S Coupe');
INSERT INTO model (model_id, make_id, title) VALUES (981, 47, 'Cooper Models (2)');
INSERT INTO model (model_id, make_id, title) VALUES (982, 47, ' - Cooper');
INSERT INTO model (model_id, make_id, title) VALUES (983, 47, ' - Cooper S');
INSERT INTO model (model_id, make_id, title) VALUES (984, 47, 'Cooper Roadster Models (2)');
INSERT INTO model (model_id, make_id, title) VALUES (985, 47, ' - Cooper Roadster');
INSERT INTO model (model_id, make_id, title) VALUES (986, 47, ' - Cooper S Roadster');
INSERT INTO model (model_id, make_id, title) VALUES (987, 48, '3000GT');
INSERT INTO model (model_id, make_id, title) VALUES (988, 48, 'Cordia');
INSERT INTO model (model_id, make_id, title) VALUES (989, 48, 'Diamante');
INSERT INTO model (model_id, make_id, title) VALUES (990, 48, 'Eclipse');
INSERT INTO model (model_id, make_id, title) VALUES (991, 48, 'Endeavor');
INSERT INTO model (model_id, make_id, title) VALUES (992, 48, 'Expo');
INSERT INTO model (model_id, make_id, title) VALUES (993, 48, 'Galant');
INSERT INTO model (model_id, make_id, title) VALUES (994, 48, 'i');
INSERT INTO model (model_id, make_id, title) VALUES (995, 48, 'Lancer');
INSERT INTO model (model_id, make_id, title) VALUES (996, 48, 'Lancer Evolution');
INSERT INTO model (model_id, make_id, title) VALUES (997, 48, 'Mighty Max');
INSERT INTO model (model_id, make_id, title) VALUES (998, 48, 'Mirage');
INSERT INTO model (model_id, make_id, title) VALUES (999, 48, 'Montero');
INSERT INTO model (model_id, make_id, title) VALUES (1000, 48, 'Montero Sport');
INSERT INTO model (model_id, make_id, title) VALUES (1001, 48, 'Outlander');
INSERT INTO model (model_id, make_id, title) VALUES (1002, 48, 'Outlander Sport');
INSERT INTO model (model_id, make_id, title) VALUES (1003, 48, 'Precis');
INSERT INTO model (model_id, make_id, title) VALUES (1004, 48, 'Raider');
INSERT INTO model (model_id, make_id, title) VALUES (1005, 48, 'Sigma');
INSERT INTO model (model_id, make_id, title) VALUES (1006, 48, 'Starion');
INSERT INTO model (model_id, make_id, title) VALUES (1007, 48, 'Tredia');
INSERT INTO model (model_id, make_id, title) VALUES (1008, 48, 'Van');
INSERT INTO model (model_id, make_id, title) VALUES (1009, 48, 'Other Mitsubishi Models');
INSERT INTO model (model_id, make_id, title) VALUES (1010, 49, '200SX');
INSERT INTO model (model_id, make_id, title) VALUES (1011, 49, '240SX');
INSERT INTO model (model_id, make_id, title) VALUES (1012, 49, '300ZX');
INSERT INTO model (model_id, make_id, title) VALUES (1013, 49, '350Z');
INSERT INTO model (model_id, make_id, title) VALUES (1014, 49, '370Z');
INSERT INTO model (model_id, make_id, title) VALUES (1015, 49, 'Altima');
INSERT INTO model (model_id, make_id, title) VALUES (1016, 49, 'Armada');
INSERT INTO model (model_id, make_id, title) VALUES (1017, 49, 'Axxess');
INSERT INTO model (model_id, make_id, title) VALUES (1018, 49, 'Cube');
INSERT INTO model (model_id, make_id, title) VALUES (1019, 49, 'Frontier');
INSERT INTO model (model_id, make_id, title) VALUES (1020, 49, 'GT-R');
INSERT INTO model (model_id, make_id, title) VALUES (1021, 49, 'Juke');
INSERT INTO model (model_id, make_id, title) VALUES (1022, 49, 'Leaf');
INSERT INTO model (model_id, make_id, title) VALUES (1023, 49, 'Maxima');
INSERT INTO model (model_id, make_id, title) VALUES (1024, 49, 'Murano');
INSERT INTO model (model_id, make_id, title) VALUES (1025, 49, 'Murano CrossCabriolet');
INSERT INTO model (model_id, make_id, title) VALUES (1026, 49, 'NV');
INSERT INTO model (model_id, make_id, title) VALUES (1027, 49, 'NX');
INSERT INTO model (model_id, make_id, title) VALUES (1028, 49, 'Pathfinder');
INSERT INTO model (model_id, make_id, title) VALUES (1029, 49, 'Pickup');
INSERT INTO model (model_id, make_id, title) VALUES (1030, 49, 'Pulsar');
INSERT INTO model (model_id, make_id, title) VALUES (1031, 49, 'Quest');
INSERT INTO model (model_id, make_id, title) VALUES (1032, 49, 'Rogue');
INSERT INTO model (model_id, make_id, title) VALUES (1033, 49, 'Sentra');
INSERT INTO model (model_id, make_id, title) VALUES (1034, 49, 'Stanza');
INSERT INTO model (model_id, make_id, title) VALUES (1035, 49, 'Titan');
INSERT INTO model (model_id, make_id, title) VALUES (1036, 49, 'Van');
INSERT INTO model (model_id, make_id, title) VALUES (1037, 49, 'Versa');
INSERT INTO model (model_id, make_id, title) VALUES (1038, 49, 'Xterra');
INSERT INTO model (model_id, make_id, title) VALUES (1039, 49, 'Other Nissan Models');
INSERT INTO model (model_id, make_id, title) VALUES (1040, 50, '88');
INSERT INTO model (model_id, make_id, title) VALUES (1041, 50, 'Achieva');
INSERT INTO model (model_id, make_id, title) VALUES (1042, 50, 'Alero');
INSERT INTO model (model_id, make_id, title) VALUES (1043, 50, 'Aurora');
INSERT INTO model (model_id, make_id, title) VALUES (1044, 50, 'Bravada');
INSERT INTO model (model_id, make_id, title) VALUES (1045, 50, 'Custom Cruiser');
INSERT INTO model (model_id, make_id, title) VALUES (1046, 50, 'Cutlass');
INSERT INTO model (model_id, make_id, title) VALUES (1047, 50, 'Cutlass Calais');
INSERT INTO model (model_id, make_id, title) VALUES (1048, 50, 'Cutlass Ciera');
INSERT INTO model (model_id, make_id, title) VALUES (1049, 50, 'Cutlass Supreme');
INSERT INTO model (model_id, make_id, title) VALUES (1050, 50, 'Firenza');
INSERT INTO model (model_id, make_id, title) VALUES (1051, 50, 'Intrigue');
INSERT INTO model (model_id, make_id, title) VALUES (1052, 50, 'Ninety-Eight');
INSERT INTO model (model_id, make_id, title) VALUES (1053, 50, 'Omega');
INSERT INTO model (model_id, make_id, title) VALUES (1054, 50, 'Regency');
INSERT INTO model (model_id, make_id, title) VALUES (1055, 50, 'Silhouette');
INSERT INTO model (model_id, make_id, title) VALUES (1056, 50, 'Toronado');
INSERT INTO model (model_id, make_id, title) VALUES (1057, 50, 'Other Oldsmobile Models');
INSERT INTO model (model_id, make_id, title) VALUES (1058, 51, '405');
INSERT INTO model (model_id, make_id, title) VALUES (1059, 51, '504');
INSERT INTO model (model_id, make_id, title) VALUES (1060, 51, '505');
INSERT INTO model (model_id, make_id, title) VALUES (1061, 51, '604');
INSERT INTO model (model_id, make_id, title) VALUES (1062, 51, 'Other Peugeot Models');
INSERT INTO model (model_id, make_id, title) VALUES (1063, 52, 'Acclaim');
INSERT INTO model (model_id, make_id, title) VALUES (1064, 52, 'Arrow');
INSERT INTO model (model_id, make_id, title) VALUES (1065, 52, 'Breeze');
INSERT INTO model (model_id, make_id, title) VALUES (1066, 52, 'Caravelle');
INSERT INTO model (model_id, make_id, title) VALUES (1067, 52, 'Champ');
INSERT INTO model (model_id, make_id, title) VALUES (1068, 52, 'Colt');
INSERT INTO model (model_id, make_id, title) VALUES (1069, 52, 'Conquest');
INSERT INTO model (model_id, make_id, title) VALUES (1070, 52, 'Gran Fury');
INSERT INTO model (model_id, make_id, title) VALUES (1071, 52, 'Grand Voyager');
INSERT INTO model (model_id, make_id, title) VALUES (1072, 52, 'Horizon');
INSERT INTO model (model_id, make_id, title) VALUES (1073, 52, 'Laser');
INSERT INTO model (model_id, make_id, title) VALUES (1074, 52, 'Neon');
INSERT INTO model (model_id, make_id, title) VALUES (1075, 52, 'Prowler');
INSERT INTO model (model_id, make_id, title) VALUES (1076, 52, 'Reliant');
INSERT INTO model (model_id, make_id, title) VALUES (1077, 52, 'Sapporo');
INSERT INTO model (model_id, make_id, title) VALUES (1078, 52, 'Scamp');
INSERT INTO model (model_id, make_id, title) VALUES (1079, 52, 'Sundance');
INSERT INTO model (model_id, make_id, title) VALUES (1080, 52, 'Trailduster');
INSERT INTO model (model_id, make_id, title) VALUES (1081, 52, 'Voyager');
INSERT INTO model (model_id, make_id, title) VALUES (1082, 52, 'Other Plymouth Models');
INSERT INTO model (model_id, make_id, title) VALUES (1083, 53, '1000');
INSERT INTO model (model_id, make_id, title) VALUES (1084, 53, '6000');
INSERT INTO model (model_id, make_id, title) VALUES (1085, 53, 'Aztek');
INSERT INTO model (model_id, make_id, title) VALUES (1086, 53, 'Bonneville');
INSERT INTO model (model_id, make_id, title) VALUES (1087, 53, 'Catalina');
INSERT INTO model (model_id, make_id, title) VALUES (1088, 53, 'Fiero');
INSERT INTO model (model_id, make_id, title) VALUES (1089, 53, 'Firebird');
INSERT INTO model (model_id, make_id, title) VALUES (1090, 53, 'G3');
INSERT INTO model (model_id, make_id, title) VALUES (1091, 53, 'G5');
INSERT INTO model (model_id, make_id, title) VALUES (1092, 53, 'G6');
INSERT INTO model (model_id, make_id, title) VALUES (1093, 53, 'G8');
INSERT INTO model (model_id, make_id, title) VALUES (1094, 53, 'Grand Am');
INSERT INTO model (model_id, make_id, title) VALUES (1095, 53, 'Grand Prix');
INSERT INTO model (model_id, make_id, title) VALUES (1096, 53, 'GTO');
INSERT INTO model (model_id, make_id, title) VALUES (1097, 53, 'J2000');
INSERT INTO model (model_id, make_id, title) VALUES (1098, 53, 'Le Mans');
INSERT INTO model (model_id, make_id, title) VALUES (1099, 53, 'Montana');
INSERT INTO model (model_id, make_id, title) VALUES (1100, 53, 'Parisienne');
INSERT INTO model (model_id, make_id, title) VALUES (1101, 53, 'Phoenix');
INSERT INTO model (model_id, make_id, title) VALUES (1102, 53, 'Safari');
INSERT INTO model (model_id, make_id, title) VALUES (1103, 53, 'Solstice');
INSERT INTO model (model_id, make_id, title) VALUES (1104, 53, 'Sunbird');
INSERT INTO model (model_id, make_id, title) VALUES (1105, 53, 'Sunfire');
INSERT INTO model (model_id, make_id, title) VALUES (1106, 53, 'Torrent');
INSERT INTO model (model_id, make_id, title) VALUES (1107, 53, 'Trans Sport');
INSERT INTO model (model_id, make_id, title) VALUES (1108, 53, 'Vibe');
INSERT INTO model (model_id, make_id, title) VALUES (1109, 53, 'Other Pontiac Models');
INSERT INTO model (model_id, make_id, title) VALUES (1110, 54, '911');
INSERT INTO model (model_id, make_id, title) VALUES (1111, 54, '924');
INSERT INTO model (model_id, make_id, title) VALUES (1112, 54, '928');
INSERT INTO model (model_id, make_id, title) VALUES (1113, 54, '944');
INSERT INTO model (model_id, make_id, title) VALUES (1114, 54, '968');
INSERT INTO model (model_id, make_id, title) VALUES (1115, 54, 'Boxster');
INSERT INTO model (model_id, make_id, title) VALUES (1116, 54, 'Carrera GT');
INSERT INTO model (model_id, make_id, title) VALUES (1117, 54, 'Cayenne');
INSERT INTO model (model_id, make_id, title) VALUES (1118, 54, 'Cayman');
INSERT INTO model (model_id, make_id, title) VALUES (1119, 54, 'Panamera');
INSERT INTO model (model_id, make_id, title) VALUES (1120, 54, 'Other Porsche Models');
INSERT INTO model (model_id, make_id, title) VALUES (1121, 55, '1500');
INSERT INTO model (model_id, make_id, title) VALUES (1122, 55, '2500');
INSERT INTO model (model_id, make_id, title) VALUES (1123, 55, '3500');
INSERT INTO model (model_id, make_id, title) VALUES (1124, 55, '4500');
INSERT INTO model (model_id, make_id, title) VALUES (1125, 56, '18i');
INSERT INTO model (model_id, make_id, title) VALUES (1126, 56, 'Fuego');
INSERT INTO model (model_id, make_id, title) VALUES (1127, 56, 'Le Car');
INSERT INTO model (model_id, make_id, title) VALUES (1128, 56, 'R18');
INSERT INTO model (model_id, make_id, title) VALUES (1129, 56, 'Sportwagon');
INSERT INTO model (model_id, make_id, title) VALUES (1130, 56, 'Other Renault Models');
INSERT INTO model (model_id, make_id, title) VALUES (1131, 57, 'Camargue');
INSERT INTO model (model_id, make_id, title) VALUES (1132, 57, 'Corniche');
INSERT INTO model (model_id, make_id, title) VALUES (1133, 57, 'Ghost');
INSERT INTO model (model_id, make_id, title) VALUES (1134, 57, 'Park Ward');
INSERT INTO model (model_id, make_id, title) VALUES (1135, 57, 'Phantom');
INSERT INTO model (model_id, make_id, title) VALUES (1136, 57, 'Silver Dawn');
INSERT INTO model (model_id, make_id, title) VALUES (1137, 57, 'Silver Seraph');
INSERT INTO model (model_id, make_id, title) VALUES (1138, 57, 'Silver Spirit');
INSERT INTO model (model_id, make_id, title) VALUES (1139, 57, 'Silver Spur');
INSERT INTO model (model_id, make_id, title) VALUES (1140, 57, 'Other Rolls-Royce Models');
INSERT INTO model (model_id, make_id, title) VALUES (1141, 58, '9-2X');
INSERT INTO model (model_id, make_id, title) VALUES (1142, 58, '9-3');
INSERT INTO model (model_id, make_id, title) VALUES (1143, 58, '9-4X');
INSERT INTO model (model_id, make_id, title) VALUES (1144, 58, '9-5');
INSERT INTO model (model_id, make_id, title) VALUES (1145, 58, '9-7X');
INSERT INTO model (model_id, make_id, title) VALUES (1146, 58, '900');
INSERT INTO model (model_id, make_id, title) VALUES (1147, 58, '9000');
INSERT INTO model (model_id, make_id, title) VALUES (1148, 58, 'Other Saab Models');
INSERT INTO model (model_id, make_id, title) VALUES (1149, 59, 'Astra');
INSERT INTO model (model_id, make_id, title) VALUES (1150, 59, 'Aura');
INSERT INTO model (model_id, make_id, title) VALUES (1151, 59, 'ION');
INSERT INTO model (model_id, make_id, title) VALUES (1152, 59, 'L Series (3)');
INSERT INTO model (model_id, make_id, title) VALUES (1153, 59, ' - L100');
INSERT INTO model (model_id, make_id, title) VALUES (1154, 59, ' - L200');
INSERT INTO model (model_id, make_id, title) VALUES (1155, 59, ' - L300');
INSERT INTO model (model_id, make_id, title) VALUES (1156, 59, 'LS');
INSERT INTO model (model_id, make_id, title) VALUES (1157, 59, 'LW Series (4)');
INSERT INTO model (model_id, make_id, title) VALUES (1158, 59, ' - LW1');
INSERT INTO model (model_id, make_id, title) VALUES (1159, 59, ' - LW2');
INSERT INTO model (model_id, make_id, title) VALUES (1160, 59, ' - LW200');
INSERT INTO model (model_id, make_id, title) VALUES (1161, 59, ' - LW300');
INSERT INTO model (model_id, make_id, title) VALUES (1162, 59, 'Outlook');
INSERT INTO model (model_id, make_id, title) VALUES (1163, 59, 'Relay');
INSERT INTO model (model_id, make_id, title) VALUES (1164, 59, 'SC Series (2)');
INSERT INTO model (model_id, make_id, title) VALUES (1165, 59, ' - SC1');
INSERT INTO model (model_id, make_id, title) VALUES (1166, 59, ' - SC2');
INSERT INTO model (model_id, make_id, title) VALUES (1167, 59, 'Sky');
INSERT INTO model (model_id, make_id, title) VALUES (1168, 59, 'SL Series (3)');
INSERT INTO model (model_id, make_id, title) VALUES (1169, 59, ' - SL');
INSERT INTO model (model_id, make_id, title) VALUES (1170, 59, ' - SL1');
INSERT INTO model (model_id, make_id, title) VALUES (1171, 59, ' - SL2');
INSERT INTO model (model_id, make_id, title) VALUES (1172, 59, 'SW Series (2)');
INSERT INTO model (model_id, make_id, title) VALUES (1173, 59, ' - SW1');
INSERT INTO model (model_id, make_id, title) VALUES (1174, 59, ' - SW2');
INSERT INTO model (model_id, make_id, title) VALUES (1175, 59, 'Vue');
INSERT INTO model (model_id, make_id, title) VALUES (1176, 59, 'Other Saturn Models');
INSERT INTO model (model_id, make_id, title) VALUES (1177, 60, 'FR-S');
INSERT INTO model (model_id, make_id, title) VALUES (1178, 60, 'iQ');
INSERT INTO model (model_id, make_id, title) VALUES (1179, 60, 'tC');
INSERT INTO model (model_id, make_id, title) VALUES (1180, 60, 'xA');
INSERT INTO model (model_id, make_id, title) VALUES (1181, 60, 'xB');
INSERT INTO model (model_id, make_id, title) VALUES (1182, 60, 'xD');
INSERT INTO model (model_id, make_id, title) VALUES (1183, 61, 'fortwo');
INSERT INTO model (model_id, make_id, title) VALUES (1184, 61, 'Other smart Models');
INSERT INTO model (model_id, make_id, title) VALUES (1185, 62, 'Viper');
INSERT INTO model (model_id, make_id, title) VALUES (1186, 63, '825');
INSERT INTO model (model_id, make_id, title) VALUES (1187, 63, '827');
INSERT INTO model (model_id, make_id, title) VALUES (1188, 63, 'Other Sterling Models');
INSERT INTO model (model_id, make_id, title) VALUES (1189, 64, 'Baja');
INSERT INTO model (model_id, make_id, title) VALUES (1190, 64, 'Brat');
INSERT INTO model (model_id, make_id, title) VALUES (1191, 64, 'BRZ');
INSERT INTO model (model_id, make_id, title) VALUES (1192, 64, 'Forester');
INSERT INTO model (model_id, make_id, title) VALUES (1193, 64, 'Impreza');
INSERT INTO model (model_id, make_id, title) VALUES (1194, 64, 'Impreza WRX');
INSERT INTO model (model_id, make_id, title) VALUES (1195, 64, 'Justy');
INSERT INTO model (model_id, make_id, title) VALUES (1196, 64, 'L Series');
INSERT INTO model (model_id, make_id, title) VALUES (1197, 64, 'Legacy');
INSERT INTO model (model_id, make_id, title) VALUES (1198, 64, 'Loyale');
INSERT INTO model (model_id, make_id, title) VALUES (1199, 64, 'Outback');
INSERT INTO model (model_id, make_id, title) VALUES (1200, 64, 'SVX');
INSERT INTO model (model_id, make_id, title) VALUES (1201, 64, 'Tribeca');
INSERT INTO model (model_id, make_id, title) VALUES (1202, 64, 'XT');
INSERT INTO model (model_id, make_id, title) VALUES (1203, 64, 'XV Crosstrek');
INSERT INTO model (model_id, make_id, title) VALUES (1204, 64, 'Other Subaru Models');
INSERT INTO model (model_id, make_id, title) VALUES (1205, 65, 'Aerio');
INSERT INTO model (model_id, make_id, title) VALUES (1206, 65, 'Equator');
INSERT INTO model (model_id, make_id, title) VALUES (1207, 65, 'Esteem');
INSERT INTO model (model_id, make_id, title) VALUES (1208, 65, 'Forenza');
INSERT INTO model (model_id, make_id, title) VALUES (1209, 65, 'Grand Vitara');
INSERT INTO model (model_id, make_id, title) VALUES (1210, 65, 'Kizashi');
INSERT INTO model (model_id, make_id, title) VALUES (1211, 65, 'Reno');
INSERT INTO model (model_id, make_id, title) VALUES (1212, 65, 'Samurai');
INSERT INTO model (model_id, make_id, title) VALUES (1213, 65, 'Sidekick');
INSERT INTO model (model_id, make_id, title) VALUES (1214, 65, 'Swift');
INSERT INTO model (model_id, make_id, title) VALUES (1215, 65, 'SX4');
INSERT INTO model (model_id, make_id, title) VALUES (1216, 65, 'Verona');
INSERT INTO model (model_id, make_id, title) VALUES (1217, 65, 'Vitara');
INSERT INTO model (model_id, make_id, title) VALUES (1218, 65, 'X-90');
INSERT INTO model (model_id, make_id, title) VALUES (1219, 65, 'XL7');
INSERT INTO model (model_id, make_id, title) VALUES (1220, 65, 'Other Suzuki Models');
INSERT INTO model (model_id, make_id, title) VALUES (1221, 66, 'Roadster');
INSERT INTO model (model_id, make_id, title) VALUES (1222, 67, '4Runner');
INSERT INTO model (model_id, make_id, title) VALUES (1223, 67, 'Avalon');
INSERT INTO model (model_id, make_id, title) VALUES (1224, 67, 'Camry');
INSERT INTO model (model_id, make_id, title) VALUES (1225, 67, 'Celica');
INSERT INTO model (model_id, make_id, title) VALUES (1226, 67, 'Corolla');
INSERT INTO model (model_id, make_id, title) VALUES (1227, 67, 'Corona');
INSERT INTO model (model_id, make_id, title) VALUES (1228, 67, 'Cressida');
INSERT INTO model (model_id, make_id, title) VALUES (1229, 67, 'Echo');
INSERT INTO model (model_id, make_id, title) VALUES (1230, 67, 'FJ Cruiser');
INSERT INTO model (model_id, make_id, title) VALUES (1231, 67, 'Highlander');
INSERT INTO model (model_id, make_id, title) VALUES (1232, 67, 'Land Cruiser');
INSERT INTO model (model_id, make_id, title) VALUES (1233, 67, 'Matrix');
INSERT INTO model (model_id, make_id, title) VALUES (1234, 67, 'MR2');
INSERT INTO model (model_id, make_id, title) VALUES (1235, 67, 'MR2 Spyder');
INSERT INTO model (model_id, make_id, title) VALUES (1236, 67, 'Paseo');
INSERT INTO model (model_id, make_id, title) VALUES (1237, 67, 'Pickup');
INSERT INTO model (model_id, make_id, title) VALUES (1238, 67, 'Previa');
INSERT INTO model (model_id, make_id, title) VALUES (1239, 67, 'Prius');
INSERT INTO model (model_id, make_id, title) VALUES (1240, 67, 'Prius C');
INSERT INTO model (model_id, make_id, title) VALUES (1241, 67, 'Prius V');
INSERT INTO model (model_id, make_id, title) VALUES (1242, 67, 'RAV4');
INSERT INTO model (model_id, make_id, title) VALUES (1243, 67, 'Sequoia');
INSERT INTO model (model_id, make_id, title) VALUES (1244, 67, 'Sienna');
INSERT INTO model (model_id, make_id, title) VALUES (1245, 67, 'Solara');
INSERT INTO model (model_id, make_id, title) VALUES (1246, 67, 'Starlet');
INSERT INTO model (model_id, make_id, title) VALUES (1247, 67, 'Supra');
INSERT INTO model (model_id, make_id, title) VALUES (1248, 67, 'T100');
INSERT INTO model (model_id, make_id, title) VALUES (1249, 67, 'Tacoma');
INSERT INTO model (model_id, make_id, title) VALUES (1250, 67, 'Tercel');
INSERT INTO model (model_id, make_id, title) VALUES (1251, 67, 'Tundra');
INSERT INTO model (model_id, make_id, title) VALUES (1252, 67, 'Van');
INSERT INTO model (model_id, make_id, title) VALUES (1253, 67, 'Venza');
INSERT INTO model (model_id, make_id, title) VALUES (1254, 67, 'Yaris');
INSERT INTO model (model_id, make_id, title) VALUES (1255, 67, 'Other Toyota Models');
INSERT INTO model (model_id, make_id, title) VALUES (1256, 68, 'TR7');
INSERT INTO model (model_id, make_id, title) VALUES (1257, 68, 'TR8');
INSERT INTO model (model_id, make_id, title) VALUES (1258, 68, 'Other Triumph Models');
INSERT INTO model (model_id, make_id, title) VALUES (1259, 69, 'Beetle');
INSERT INTO model (model_id, make_id, title) VALUES (1260, 69, 'Cabrio');
INSERT INTO model (model_id, make_id, title) VALUES (1261, 69, 'Cabriolet');
INSERT INTO model (model_id, make_id, title) VALUES (1262, 69, 'CC');
INSERT INTO model (model_id, make_id, title) VALUES (1263, 69, 'Corrado');
INSERT INTO model (model_id, make_id, title) VALUES (1264, 69, 'Dasher');
INSERT INTO model (model_id, make_id, title) VALUES (1265, 69, 'Eos');
INSERT INTO model (model_id, make_id, title) VALUES (1266, 69, 'Eurovan');
INSERT INTO model (model_id, make_id, title) VALUES (1267, 69, 'Fox');
INSERT INTO model (model_id, make_id, title) VALUES (1268, 69, 'GLI');
INSERT INTO model (model_id, make_id, title) VALUES (1269, 69, 'Golf R');
INSERT INTO model (model_id, make_id, title) VALUES (1270, 69, 'GTI');
INSERT INTO model (model_id, make_id, title) VALUES (1271, 69, 'Golf and Rabbit Models (2)');
INSERT INTO model (model_id, make_id, title) VALUES (1272, 69, ' - Golf');
INSERT INTO model (model_id, make_id, title) VALUES (1273, 69, ' - Rabbit');
INSERT INTO model (model_id, make_id, title) VALUES (1274, 69, 'Jetta');
INSERT INTO model (model_id, make_id, title) VALUES (1275, 69, 'Passat');
INSERT INTO model (model_id, make_id, title) VALUES (1276, 69, 'Phaeton');
INSERT INTO model (model_id, make_id, title) VALUES (1277, 69, 'Pickup');
INSERT INTO model (model_id, make_id, title) VALUES (1278, 69, 'Quantum');
INSERT INTO model (model_id, make_id, title) VALUES (1279, 69, 'R32');
INSERT INTO model (model_id, make_id, title) VALUES (1280, 69, 'Routan');
INSERT INTO model (model_id, make_id, title) VALUES (1281, 69, 'Scirocco');
INSERT INTO model (model_id, make_id, title) VALUES (1282, 69, 'Tiguan');
INSERT INTO model (model_id, make_id, title) VALUES (1283, 69, 'Touareg');
INSERT INTO model (model_id, make_id, title) VALUES (1284, 69, 'Vanagon');
INSERT INTO model (model_id, make_id, title) VALUES (1285, 69, 'Other Volkswagen Models');
INSERT INTO model (model_id, make_id, title) VALUES (1286, 70, '240');
INSERT INTO model (model_id, make_id, title) VALUES (1287, 70, '260');
INSERT INTO model (model_id, make_id, title) VALUES (1288, 70, '740');
INSERT INTO model (model_id, make_id, title) VALUES (1289, 70, '760');
INSERT INTO model (model_id, make_id, title) VALUES (1290, 70, '780');
INSERT INTO model (model_id, make_id, title) VALUES (1291, 70, '850');
INSERT INTO model (model_id, make_id, title) VALUES (1292, 70, '940');
INSERT INTO model (model_id, make_id, title) VALUES (1293, 70, '960');
INSERT INTO model (model_id, make_id, title) VALUES (1294, 70, 'C30');
INSERT INTO model (model_id, make_id, title) VALUES (1295, 70, 'C70');
INSERT INTO model (model_id, make_id, title) VALUES (1296, 70, 'S40');
INSERT INTO model (model_id, make_id, title) VALUES (1297, 70, 'S60');
INSERT INTO model (model_id, make_id, title) VALUES (1298, 70, 'S70');
INSERT INTO model (model_id, make_id, title) VALUES (1299, 70, 'S80');
INSERT INTO model (model_id, make_id, title) VALUES (1300, 70, 'S90');
INSERT INTO model (model_id, make_id, title) VALUES (1301, 70, 'V40');
INSERT INTO model (model_id, make_id, title) VALUES (1302, 70, 'V50');
INSERT INTO model (model_id, make_id, title) VALUES (1303, 70, 'V70');
INSERT INTO model (model_id, make_id, title) VALUES (1304, 70, 'V90');
INSERT INTO model (model_id, make_id, title) VALUES (1305, 70, 'XC60');
INSERT INTO model (model_id, make_id, title) VALUES (1306, 70, 'XC70');
INSERT INTO model (model_id, make_id, title) VALUES (1307, 70, 'XC90');
INSERT INTO model (model_id, make_id, title) VALUES (1308, 70, 'Other Volvo Models');
INSERT INTO model (model_id, make_id, title) VALUES (1309, 71, 'GV');
INSERT INTO model (model_id, make_id, title) VALUES (1310, 71, 'GVC');
INSERT INTO model (model_id, make_id, title) VALUES (1311, 71, 'GVL');
INSERT INTO model (model_id, make_id, title) VALUES (1312, 71, 'GVS');
INSERT INTO model (model_id, make_id, title) VALUES (1313, 71, 'GVX');
INSERT INTO model (model_id, make_id, title) VALUES (1314, 71, 'Other Yugo Models');

INSERT INTO car (car_id, first_reg_date, cubic_capacity, model_id) VALUES (1, '2020-10-07', 1600, 5);