INSERT INTO t_rol (ID_ROL, ROL, CODE) VALUES (1,'Administrador','ADMIN');
INSERT INTO t_rol (ID_ROL, ROL, CODE) VALUES (2,'Operador 102','OP102');
INSERT INTO t_rol (ID_ROL, ROL, CODE) VALUES (3,'Funcionario Provincial','FCP');
INSERT INTO t_rol (ID_ROL, ROL, CODE) VALUES (4,'Funcionario del Servicio Zonal','FCSZ');
INSERT INTO t_rol (ID_ROL, ROL, CODE) VALUES (5,'Funcionario del Servicio Local','FCSL');
INSERT INTO t_rol (ID_ROL, ROL, CODE) VALUES (6,'Usuario','USR');
INSERT INTO T_ROL (ID_ROL, ROL, CODE) VALUES ('7', 'Supervisor', 'SUP');
INSERT INTO T_ROL (ID_ROL, ROL, CODE) VALUES ('8', 'Equipo Jurídico', 'DIC');
INSERT INTO t_usuario VALUES (1,1,'admin','admin',null,null);
INSERT INTO t_usuario VALUES (2,1,'oper','oper',null,null);
INSERT INTO t_usuario_rol values (1,1);
INSERT INTO t_usuario_rol values (2,2);
Insert into T_PROVINCIA (ID_PROVINCIA,NOMBRE) values ('2','Buenos Aires');
Insert into T_PROVINCIA (ID_PROVINCIA,NOMBRE) values ('3','Catamarca');
Insert into T_PROVINCIA (ID_PROVINCIA,NOMBRE) values ('4','Chaco');
Insert into T_PROVINCIA (ID_PROVINCIA,NOMBRE) values ('5','Chubut');
Insert into T_PROVINCIA (ID_PROVINCIA,NOMBRE) values ('6','Córdoba');
Insert into T_PROVINCIA (ID_PROVINCIA,NOMBRE) values ('7','Corrientes');
Insert into T_PROVINCIA (ID_PROVINCIA,NOMBRE) values ('8','Entre Ríos');
Insert into T_PROVINCIA (ID_PROVINCIA,NOMBRE) values ('9','Formosa');
Insert into T_PROVINCIA (ID_PROVINCIA,NOMBRE) values ('10','Jujuy');
Insert into T_PROVINCIA (ID_PROVINCIA,NOMBRE) values ('11','La Pampa');
Insert into T_PROVINCIA (ID_PROVINCIA,NOMBRE) values ('12','La Rioja');
Insert into T_PROVINCIA (ID_PROVINCIA,NOMBRE) values ('13','Mendoza');
Insert into T_PROVINCIA (ID_PROVINCIA,NOMBRE) values ('14','Misiones');
Insert into T_PROVINCIA (ID_PROVINCIA,NOMBRE) values ('15','Neuquén');
Insert into T_PROVINCIA (ID_PROVINCIA,NOMBRE) values ('16','Río Negro');
Insert into T_PROVINCIA (ID_PROVINCIA,NOMBRE) values ('17','Salta');
Insert into T_PROVINCIA (ID_PROVINCIA,NOMBRE) values ('18','San Juan');
Insert into T_PROVINCIA (ID_PROVINCIA,NOMBRE) values ('19','San Luis');
Insert into T_PROVINCIA (ID_PROVINCIA,NOMBRE) values ('20','Santa Cruz');
Insert into T_PROVINCIA (ID_PROVINCIA,NOMBRE) values ('21','Santa Fe');
Insert into T_PROVINCIA (ID_PROVINCIA,NOMBRE) values ('22','Santiago del Estero');
Insert into T_PROVINCIA (ID_PROVINCIA,NOMBRE) values ('23','Tierra del Fuego');
Insert into T_PROVINCIA (ID_PROVINCIA,NOMBRE) values ('24','Tucumán');
Insert into T_DERIVADOR (ID_DERIVADOR,DESCRIPCION) values ('1','Poder Judicial');
Insert into T_DERIVADOR (ID_DERIVADOR,DESCRIPCION) values ('2','Salud');
Insert into T_DERIVADOR (ID_DERIVADOR,DESCRIPCION) values ('3','Encuentro espontaneo');
Insert into T_DERIVADOR (ID_DERIVADOR,DESCRIPCION) values ('4','CPA');
Insert into T_DERIVADOR (ID_DERIVADOR,DESCRIPCION) values ('5','ONG');
Insert into T_DERIVADOR (ID_DERIVADOR,DESCRIPCION) values ('6','Municipio');
Insert into T_DERIVADOR (ID_DERIVADOR,DESCRIPCION) values ('7','Programa Municipal');
Insert into T_DERIVADOR (ID_DERIVADOR,DESCRIPCION) values ('8','Programa de la calle');
Insert into T_DERECHO_AFECTADO (ID_DERECHO_AFECTADO,DESCRIPCION) values ('1','A la educacion');
Insert into T_DERECHO_AFECTADO (ID_DERECHO_AFECTADO,DESCRIPCION) values ('2','A la alimentacion');
Insert into T_DERECHO_AFECTADO (ID_DERECHO_AFECTADO,DESCRIPCION) values ('3','A la proteccion');
Insert into T_DERECHO_AFECTADO (ID_DERECHO_AFECTADO,DESCRIPCION) values ('4','A la salud');
Insert into T_CATEGO_TIPO_INTERV (ID_CATEGO_TIPO_INTERV,DESCRIPCION) values ('1','Actas');
Insert into T_CATEGO_TIPO_INTERV (ID_CATEGO_TIPO_INTERV,DESCRIPCION) values ('2','Orientacion');
Insert into T_CATEGO_TIPO_INTERV (ID_CATEGO_TIPO_INTERV,DESCRIPCION) values ('3','Entrevistas');
Insert into T_CATEGO_TIPO_INTERV (ID_CATEGO_TIPO_INTERV,DESCRIPCION) values ('4','Informes');
Insert into T_CATEGO_TIPO_INTERV (ID_CATEGO_TIPO_INTERV,DESCRIPCION) values ('5','Gestiones');
Insert into T_CATEGO_TIPO_INTERV (ID_CATEGO_TIPO_INTERV,DESCRIPCION) values ('6','Inclusion a programa');
Insert into T_CATEGO_TIPO_INTERV (ID_CATEGO_TIPO_INTERV,DESCRIPCION) values ('7','Solicita intervencion');
Insert into T_CATEGO_TIPO_INTERV (ID_CATEGO_TIPO_INTERV,DESCRIPCION) values ('8','Adop. Med. Proteccion');
Insert into T_CATEGO_TIPO_INTERV (ID_CATEGO_TIPO_INTERV,DESCRIPCION) values ('9','Adop. Med. Abrigo');
insert into t_estado_civil values (1,'Casado');
insert into t_estado_civil values (2,'Soltero');
INSERT INTO T_ESTUDIO_CURSADO VALUES (1,'Primaria Completo');
INSERT INTO T_ESTUDIO_CURSADO VALUES (2,'Secundario Completo');
INSERT INTO T_SITUACION_LABORAL VALUES (1,'Empleado relacion de dependencia');
INSERT INTO T_SITUACION_LABORAL VALUES (2,'Desempleado');
INSERT INTO T_TPO_ORG_JUDICIAL VALUES (1,'Tribunal de menores');
INSERT INTO T_TPO_ORG_JUDICIAL VALUES (2,'Juzgado');
INSERT INTO T_TPO_ORG_JUDICIAL VALUES (3,'Fiscalia');

INSERT INTO `t_tipo_intervencion` (`ID_TIPO_INTERVENCION`, `ACTIVO`,`FECHA_ALTA` ,`FECHA_MODIFICACION`,`ID_USUARIO_ALTA` ,`ID_USUARIO_MODIF` ,`DESCRIPCION`, `TEMPLATE` ,`TIPO_CIRCUITO` ,`ID_CATEGO_TIPO_INTERV` ) VALUES (1,1,'2018-03-19 11:28:14',NULL,1,NULL,'ACTA RESGUARDO CON FLIA COMUNITARIA','','MPE',1),(2,1,'2018-03-19 11:29:03',NULL,1,NULL,'ACTA RESGUARDO CON FLIA EXTENSA','','MPE',1),(3,1,'2018-03-19 11:29:53',NULL,1,NULL,'ACTA RESGUARDO INSTITUCIONES CONVIVENCIALES','','MPE',1),(4,1,'2018-03-19 11:30:39',NULL,1,NULL,'ADOPCION MPE - PER INICIAL','','MPE',8),(5,1,'2018-03-19 11:35:32',NULL,1,NULL,'ENTREVISTA INICIAL ADULTO RESPONSABLE, REFERENTE O CONVIVIENTE','','MPE',3),(6,1,'2018-03-19 11:36:05',NULL,1,NULL,'ENTREVISTA INICIAL AL NNYA','','MPE',3),(7,1,'2018-03-19 11:37:11',NULL,1,NULL,'ENTREVISTA ADULTO RESPONSABLE, REFERENTE O CONVIVIENTE EN EL PROCESO DE LA MEDIDA','','MPE',3),(8,1,'2018-03-19 11:37:47',NULL,1,NULL,'ENTREVISTA AL NNYA EN EL PROCESO DE LA MEDIDA','','MPE',3),(9,1,'2018-03-19 11:38:17',NULL,1,NULL,'INFORME SOCIO AMBIENTAL','','MPE',4),(10,1,'2018-03-19 11:39:22',NULL,1,NULL,'NOTA SOLICITUD DE INFORME','','MPE',4),(11,1,'2018-03-19 11:39:50',NULL,1,NULL,'RECEPCIONA INFORME EXTERNO','','MPE',4),(12,1,'2018-03-19 11:40:22',NULL,1,NULL,'INFORME PARA EVALUACION FAMILIA DE ACOGIMIENTO','','MPE',4),(13,1,'2018-03-19 11:40:50',NULL,1,NULL,'INFORME PER 45 DIAS','','MPE',4),(14,1,'2018-03-19 11:41:12',NULL,1,NULL,'INFORME PER 90 DIAS','','MPE',4),(15,1,'2018-03-19 11:41:32',NULL,1,NULL,'INFORME PER 120 DIAS','','MPE',4),(16,1,'2018-03-19 11:41:56',NULL,1,NULL,'INFORME PER 150 DIAS','','MPE',4),(17,1,'2018-03-19 11:43:56',NULL,1,NULL,'SOLICITA INCLUSION A PROGRAMA/OFICIAL','','MPE',6),(18,1,'2018-03-19 11:44:46',NULL,1,NULL,'SOLICITA INCLUSION A PROGRAMA/ONG, MUNICIPAL, ETC.','','MPE',6),(19,1,'2018-03-19 11:45:31',NULL,1,NULL,'EGRESO DE PROGRAMA','','MPE',6),(20,1,'2018-03-19 11:46:00',NULL,1,NULL,'REINCORPORACION A PROGRAMA','','MPE',6),(21,1,'2018-03-19 11:46:30',NULL,1,NULL,'INFORMA DE SEGUIMIENTO DE PROGRAMA','','MPE',6),(22,1,'2018-03-19 11:47:20',NULL,1,NULL,'NOTA SOLICITUD APERTURA DE EXPEDIENTES','','MPE',7),(23,1,'2018-03-19 11:48:06',NULL,1,NULL,'SOLICITA GESTION DE DOCUMENTACION FILIATORIA','','MPE',7),(24,1,'2018-03-19 11:48:56',NULL,1,NULL,'SOLICITA INTERVENCION A SERVICIO MUNICIPAL','','MPE',7),(25,1,'2018-03-19 11:49:47',NULL,1,NULL,'SOLICITA INTERVENCION A EQUIPO TERRITORIAL PROVINCIAL','','MPE',7),(26,1,'2018-03-19 11:50:17',NULL,1,NULL,'SOLICITA INTERVENCION A PODER JUDICIAL','','MPE',7),(27,1,'2018-03-19 11:51:03',NULL,1,NULL,'SOLICITA INTERVENCION A SALUD','','MPE',7),(28,1,'2018-03-19 11:51:30',NULL,1,NULL,'SOLICITA INTERVENCION A OTROS','','MPE',7),(29,1,'2018-03-19 11:52:10',NULL,1,NULL,'SOLICITA GESTIONES DE ACCIONES CIVILES','','MPE',7),(30,1,'2018-03-19 12:55:17',NULL,1,NULL,'ACTA ACUERDO','','MPI',1),(31,1,'2018-03-19 12:55:45',NULL,1,NULL,'ACTA GENERAL','','MPI',1),(32,1,'2018-03-19 12:56:23',NULL,1,NULL,'ACTA LLAMADA TELEFÓNICA','','MPI',1),(33,1,'2018-03-19 12:56:37',NULL,1,NULL,'ACTA ENTREVISTA AL NIÑO, NIÑA O ADOLESCENTE','','MPI',1),(34,1,'2018-03-19 12:57:01',NULL,1,NULL,'ENTREVISTA INICIAL  ADULTO RESPONSABLE, REFERENTE O CONVIVIENTE ','','MPI',3),(35,1,'2018-03-19 12:57:17',NULL,1,NULL,'ENTREVISTA INICIAL AL NIÑO, NIÑA O ADOLESCENTE ','','MPI',3),(36,1,'2018-03-19 12:57:33',NULL,1,NULL,'ENTREVISTA AL NIÑO, NIÑA O ADOLESCENTE DENTRO DEL PROCESO DE LA MEDIDA','','MPI',3),(37,1,'2018-03-19 12:58:25',NULL,1,NULL,'ENTREVISTA  ADULTO  RESPONSABLE  O CONVIVIENTE DENTRO DEL PROCESO DE LA MPI','','MPI',3),(38,1,'2018-03-19 12:58:41',NULL,1,NULL,'INFORME SOCIOAMBIENTAL','','MPI',4),(39,1,'2018-03-19 12:59:01',NULL,1,NULL,'INFORME PSICOLÓGICO','','MPI',4),(40,1,'2018-03-19 12:59:18',NULL,1,NULL,'INFORME TÉCNICO DE SEGUIMIENTO DE MEDIDA DE PROTECCIÓN INTEGRAL','','MPI',4),(41,1,'2018-03-19 12:59:36',NULL,1,NULL,'INFORME TÉCNICO INCIAL - PLAN ESTRATÉGICO MPI','','MPI',4),(42,1,'2018-03-19 12:59:55',NULL,1,NULL,'INFORME TÉCNICO CAMBIO DE ESTRATEGIA MPI','','MPI',4),(43,1,'2018-03-19 13:00:08',NULL,1,NULL,'INFORME TÉCNICO CIERRE DE MEDIDA DE PROTECCIÓN INTEGRAL','','MPI',4),(44,1,'2018-03-19 13:00:23',NULL,1,NULL,'REMITE INFORME ','','MPI',4),(45,1,'2018-03-19 13:01:37',NULL,1,NULL,'ORIENTACIÓN A SERVICIO LOCAL','','MPI',2),(46,1,'2018-03-19 13:01:55',NULL,1,NULL,'ORIENTACIÓN AL NNA O REFERENTES/FLIA/ETC','','MPI',2),(47,1,'2018-03-19 13:02:12',NULL,1,NULL,'ORIENTACIÓN A  OTRAS INSTITUCIONES (ONG, ESCUELA, ETC)','','MPI',2),(48,1,'2018-03-19 13:02:49',NULL,1,NULL,'SOLICITA INCLUSIÓN PROGRAMA/PRESTACIÓN (Provincial, Nacional, municipal, ONG) ','','MPI',6),(49,1,'2018-03-19 13:03:10',NULL,1,NULL,'EGRESO DE PROGRAMA/PRESTACIÓN (BAJA)','','MPI',6),(50,1,'2018-03-19 13:03:26',NULL,1,NULL,'REINCORPORACIÓN EN PROGRAMA/PRESTACIÓN','','MPI',6),(51,1,'2018-03-19 13:03:50',NULL,1,NULL,'INFORME DE SEGUIMIENTO - PROGRAMA/PRESTACIÓN','','MPI',6),(52,1,'2018-03-19 13:04:31',NULL,1,NULL,'SOLICITA INTERVENCIÓN A SERVICIO MUNICIPAL','','MPI',7),(53,1,'2018-03-19 13:04:47',NULL,1,NULL,'SOLICITA INTERVENCIÓN A EQUIPO TERRITORIAL PROVINCIAL','','MPI',7),(54,1,'2018-03-19 13:05:07',NULL,1,NULL,'SOLICITA INTERVENCIÓN A PODER JUDICIAL','','MPI',7),(55,1,'2018-03-19 13:05:21',NULL,1,NULL,'SOLICITA INTERVENCIÓN A SEGURIDAD','','MPI',7),(56,1,'2018-03-19 13:05:36',NULL,1,NULL,'SOLICITA INTERVENCIÓN A SALUD','','MPI',7),(57,1,'2018-03-19 13:05:53',NULL,1,NULL,'SOLICITA INTERVENCIÓN A EDUCACIÓN','','MPI',7),(58,1,'2018-03-19 13:06:13',NULL,1,NULL,'SOLICITA INTERVENCIÓN A OTROS','','MPI',7),(59,1,'2018-03-19 13:06:31',NULL,1,NULL,'SOLICITO INICIO DE TRAMITE POR EXPEDIENTE ','','MPI',7),(60,1,'2018-03-19 13:31:11','2018-03-19 13:31:53',1,1,'ACTA COMPROMISO LIBERTAD ASISTIDA','','MEP',1),(61,1,'2018-03-19 13:32:23',NULL,1,NULL,'ACTA COMPROMISO TRAT. ABORDAJE PSICOLÓGICO','','MEP',1),(62,1,'2018-03-19 13:34:16',NULL,1,NULL,'ACTA COMPROMISO TRAT. ABORDAJE FAMILIAR','','MEP',1),(63,1,'2018-03-19 13:36:20',NULL,1,NULL,'FICHA DER. /INTERCONSUL. S. MENTAL-Área Gestión salud','','MEP',5),(64,1,'2018-03-19 13:36:38',NULL,1,NULL,'INFORME MEDICO CENTRO DE SALUD - Área Gestión Salud','','MEP',5),(65,1,'2018-03-19 13:36:54',NULL,1,NULL,'F. CLINICA DE ADMISIÓN C. DE SALUD -Área Gestión Salud','','MEP',5),(66,1,'2018-03-19 13:37:23',NULL,1,NULL,'REGISTRO DE SALUD-HISTORIA CLÍNICA-GESTIÓN SALUD','','MEP',5),(67,1,'2018-03-19 13:37:53',NULL,1,NULL,'INFORME LIBERTAD ASISTIDA','','MEP',4),(68,1,'2018-03-19 13:38:11',NULL,1,NULL,'INFORME EVALUACIÓN EGRESO A PRUEBA- SEGUIMIENTO','','MEP',4),(69,1,'2018-03-19 13:38:29',NULL,1,NULL,'INFORME ABORDAJE PSICOLÓGICO INDIVIDUAL/FAMILIAR (CSE)','','MEP',4),(70,1,'2018-03-19 13:38:47',NULL,1,NULL,'INFORME EVOLUCIÓN INSTITUCIÓN PENAL','','MEP',4),(71,1,'2018-03-19 13:39:04',NULL,1,NULL,'INFORME DE RESPUESTA A OFICIO','','MEP',4),(72,1,'2018-03-19 13:39:21',NULL,1,NULL,'INFORME PSICOLÓGICO','','MEP',4),(73,1,'2018-03-19 13:39:37',NULL,1,NULL,'INFORME SOCIAL INICIAL','','MEP',4),(74,1,'2018-03-19 13:40:14',NULL,1,NULL,'INFORME PROYECTO EDUCATIVO','','MEP',4),(75,1,'2018-03-19 13:40:53',NULL,1,NULL,'SOLICITA INCLUSIÓN PROGRAMA/PRESTACIÓN OFICIAL PROVINCIAL','','MEP',6),(76,1,'2018-03-19 13:41:11',NULL,1,NULL,'SOLICITA INCLUSIÓN A PROGRAMA/PRESTACIÓN (ONG, MUNICIPAL, ETC)','','MEP',6),(77,1,'2018-03-19 13:41:27',NULL,1,NULL,'EGRESO DE PROGRAMA/PRESTACIÓN (BAJA)','','MEP',6),(78,1,'2018-03-19 13:41:44',NULL,1,NULL,'REINCORPORACIÓN EN PROGRAMA/PRESTACIÓN','','MEP',6),(79,1,'2018-03-19 13:41:59',NULL,1,NULL,'INFORME DE SEGUIMIENTO - PROGRAMA/PRESTACIÓN','','MEP',6),(80,1,'2018-03-19 13:42:26',NULL,1,NULL,'SOLICITA GESTIONES DE ACCIONES CIVILES','','MEP',7),(81,1,'2018-03-19 13:43:12',NULL,1,NULL,'EXIMICIÓN DE ARANCELES PARA DNI MAYOR DE EDAD','','MEP',5),(82,1,'2018-03-19 13:43:29',NULL,1,NULL,'EXIMICIÓN DE ARANCELES PARA DNI DE NNA','','MEP',5),(83,1,'2018-03-19 13:44:27',NULL,1,NULL,'ACTA DE PERMISO/EGRESO','','MEP',1);

Insert into T_TIPO_INSTITUCION (ID_TIPO_INSTITUCION,NOMBRE,FECHA_ALTA,ID_USUARIO_ALTA,FECHA_MODIFICACION,ID_USUARIO_MODIF,ACTIVO) values ('1','Hospital',to_date('07/12/2016','DD/MM/RRRR'),'1',null,null,'1');
Insert into T_TIPO_INSTITUCION (ID_TIPO_INSTITUCION,NOMBRE,FECHA_ALTA,ID_USUARIO_ALTA,FECHA_MODIFICACION,ID_USUARIO_MODIF,ACTIVO) values ('2','CENTRO DE DIA',to_date('21/10/2016','DD/MM/RRRR'),'1',null,null,'1');
Insert into T_MOTIVO_INTERVENCION (ID_MOTIVO_INTERVENCION,ID_DERECHO_AFECTADO,DESCRIPCION,FECHA_ALTA,ID_USUARIO_ALTA,FECHA_MODIFICACION,ID_USUARIO_MODIF,ACTIVO) values ('1','1','No escolarizado',to_date('07/12/2016','DD/MM/RRRR'),'1',null,null,'1');
Insert into T_MOTIVO_INTERVENCION (ID_MOTIVO_INTERVENCION,ID_DERECHO_AFECTADO,DESCRIPCION,FECHA_ALTA,ID_USUARIO_ALTA,FECHA_MODIFICACION,ID_USUARIO_MODIF,ACTIVO) values ('13','12','TEST',to_date('22/10/2016','DD/MM/RRRR'),'1',to_date('22/10/2016','DD/MM/RRRR'),'1','0');
Insert into T_MOTIVO_INTERVENCION (ID_MOTIVO_INTERVENCION,ID_DERECHO_AFECTADO,DESCRIPCION,FECHA_ALTA,ID_USUARIO_ALTA,FECHA_MODIFICACION,ID_USUARIO_MODIF,ACTIVO) values ('4','5','Violencia - Abuso sexual',to_date('12/09/2016','DD/MM/RRRR'),'1',to_date('22/10/2016','DD/MM/RRRR'),'1','0');
Insert into T_MOTIVO_INTERVENCION (ID_MOTIVO_INTERVENCION,ID_DERECHO_AFECTADO,DESCRIPCION,FECHA_ALTA,ID_USUARIO_ALTA,FECHA_MODIFICACION,ID_USUARIO_MODIF,ACTIVO) values ('5','5','EXPLOTACION LABORAL',to_date('12/09/2016','DD/MM/RRRR'),'1',to_date('22/10/2016','DD/MM/RRRR'),'1','0');
Insert into T_MOTIVO_INTERVENCION (ID_MOTIVO_INTERVENCION,ID_DERECHO_AFECTADO,DESCRIPCION,FECHA_ALTA,ID_USUARIO_ALTA,FECHA_MODIFICACION,ID_USUARIO_MODIF,ACTIVO) values ('6','5','BEBE Hallado en la via publica',to_date('19/09/2016','DD/MM/RRRR'),'1',to_date('22/10/2016','DD/MM/RRRR'),'1','0');
Insert into T_MOTIVO_INTERVENCION (ID_MOTIVO_INTERVENCION,ID_DERECHO_AFECTADO,DESCRIPCION,FECHA_ALTA,ID_USUARIO_ALTA,FECHA_MODIFICACION,ID_USUARIO_MODIF,ACTIVO) values ('7','5','Violencia - Negligencia',to_date('19/09/2016','DD/MM/RRRR'),'1',to_date('22/10/2016','DD/MM/RRRR'),'1','0');
Insert into T_MOTIVO_INTERVENCION (ID_MOTIVO_INTERVENCION,ID_DERECHO_AFECTADO,DESCRIPCION,FECHA_ALTA,ID_USUARIO_ALTA,FECHA_MODIFICACION,ID_USUARIO_MODIF,ACTIVO) values ('8','5','Explotacion sexual',to_date('19/09/2016','DD/MM/RRRR'),'1',to_date('22/10/2016','DD/MM/RRRR'),'1','0');
Insert into T_MOTIVO_INTERVENCION (ID_MOTIVO_INTERVENCION,ID_DERECHO_AFECTADO,DESCRIPCION,FECHA_ALTA,ID_USUARIO_ALTA,FECHA_MODIFICACION,ID_USUARIO_MODIF,ACTIVO) values ('9','5','Consumo problematico de sustancias',to_date('19/09/2016','DD/MM/RRRR'),'1',to_date('22/10/2016','DD/MM/RRRR'),'1','0');
Insert into T_MOTIVO_INTERVENCION (ID_MOTIVO_INTERVENCION,ID_DERECHO_AFECTADO,DESCRIPCION,FECHA_ALTA,ID_USUARIO_ALTA,FECHA_MODIFICACION,ID_USUARIO_MODIF,ACTIVO) values ('10','5','GROOMING',to_date('19/09/2016','DD/MM/RRRR'),'1',to_date('22/10/2016','DD/MM/RRRR'),'1','0');
Insert into T_MOTIVO_INTERVENCION (ID_MOTIVO_INTERVENCION,ID_DERECHO_AFECTADO,DESCRIPCION,FECHA_ALTA,ID_USUARIO_ALTA,FECHA_MODIFICACION,ID_USUARIO_MODIF,ACTIVO) values ('11','5','BULLYING o acoso escolar',to_date('19/09/2016','DD/MM/RRRR'),'1',to_date('22/10/2016','DD/MM/RRRR'),'1','0');
Insert into T_MOTIVO_INTERVENCION (ID_MOTIVO_INTERVENCION,ID_DERECHO_AFECTADO,DESCRIPCION,FECHA_ALTA,ID_USUARIO_ALTA,FECHA_MODIFICACION,ID_USUARIO_MODIF,ACTIVO) values ('12','12','AUSENCIA ADULTO RESPONSABLE',to_date('22/09/2016','DD/MM/RRRR'),'1',to_date('22/10/2016','DD/MM/RRRR'),'1','1');
CREATE TABLE LOGS
   (
    DATED   DATE           NOT NULL,
    LOGGER  VARCHAR(100)    NOT NULL,
    LEVEL   VARCHAR(10)    NOT NULL,
    MESSAGE VARCHAR(1000)  NOT NULL,
    `id` int(6) unsigned NOT NULL AUTO_INCREMENT,
   PRIMARY KEY (`id`)
 ) ;