﻿--
-- Script was generated by Devart dbForge Studio for MySQL, Version 8.0.40.0
-- Product Home Page: http://www.devart.com/dbforge/mysql/studio
-- Script date 18/07/2019 4:03:36
-- Target server version: 5.5.5-10.1.40-MariaDB
-- Target connection string: User Id=root;Host=127.0.0.1;Database=emple_depart;Character Set=utf8
--



SET NAMES 'utf8';
USE friking;
--
-- Delete data from the table 'detalles'
--
TRUNCATE TABLE detalles;
--
-- Delete data from the table 'facturas'
--
DELETE FROM facturas;
--
-- Delete data from the table 'proveedores'
--
DELETE FROM proveedores;
--
-- Delete data from the table 'camiseta'
--
DELETE FROM camiseta;

--
-- Inserting data into table camiseta
--
INSERT INTO camiseta(codigo, precio, talla, descripcion, imagen) VALUES
(400, 261, 'XS', 'MediumTealBlue', '289.jpg'),
(70, 159, 'XL', 'LavenderRose', '500.jpg'),
(395, 404, 'S', 'MediumTurquoise', '76.jpg'),
(211, 449, 'XXL', 'Rose', '26.jpg'),
(254, 412, 'M', 'ZinnwalditeBrown', '77.jpg'),
(358, 157, 'L', 'Cyan', '413.jpg'),
(396, 427, 'XL', 'Sand', '315.jpg'),
(30, 334, 'S', 'TrueBlue', '27.jpg'),
(101, 301, 'L', 'EarthYellow', '461.jpg'),
(71, 410, 'XS', 'Almond', '239.jpg'),
(295, 343, 'M', 'Daffodil', '366.jpg'),
(31, 238, 'XXL', 'ParisGreen', '150.jpg'),
(359, 486, 'XXL', 'SandDune', '290.jpg'),
(171, 426, 'M', 'LawnGreen', '201.jpg'),
(142, 241, 'XL', 'MediumVioletRed', '240.jpg'),
(102, 298, 'S', 'Ecru', '78.jpg'),
(397, 174, 'XS', 'Dandelion', '291.jpg'),
(255, 284, 'L', 'Eggplant', '28.jpg'),
(296, 249, 'XXL', 'TuftsBlue', '241.jpg'),
(143, 312, 'L', 'RoseBonbon', '316.jpg'),
(256, 457, 'S', 'PastelBlue', '414.jpg'),
(103, 381, 'XS', 'Sandstorm', '292.jpg'),
(360, 323, 'M', 'Tumbleweed', '462.jpg'),
(212, 319, 'XL', 'BulgarianRose', '79.jpg'),
(297, 356, 'XL', 'Amaranth', '29.jpg'),
(257, 217, 'S', 'Burgundy', '80.jpg'),
(144, 457, 'XXL', 'SandyBrown', '367.jpg'),
(72, 328, 'XS', 'TurkishRose', '30.jpg'),
(104, 490, 'L', 'Amber', '317.jpg'),
(145, 229, 'M', 'RoseEbony', '415.jpg'),
(105, 232, 'XS', 'PastelBrown', '463.jpg'),
(172, 393, 'L', 'SandyTaupe', '242.jpg'),
(213, 246, 'M', 'Turquoise', '368.jpg'),
(32, 321, 'XL', 'SapGreen', '81.jpg'),
(173, 303, 'S', 'Lemon', '318.jpg'),
(298, 368, 'XXL', 'Burlywood', '151.jpg'),
(258, 442, 'XL', 'AmericanRose', '31.jpg'),
(146, 415, 'M', 'TurquoiseBlue', '293.jpg'),
(73, 192, 'XXL', 'Melon', '369.jpg'),
(398, 391, 'L', 'LemonYellow', '82.jpg'),
(106, 433, 'XS', 'MidnightBlue', '416.jpg'),
(147, 306, 'S', 'Sapphire', '202.jpg'),
(214, 229, 'S', 'LemonChiffon', '243.jpg'),
(107, 439, 'XL', 'MidnightGreen', '152.jpg'),
(33, 361, 'XXL', 'DarkBlue', '102.jpg'),
(174, 356, 'XS', 'LemonLime', '32.jpg'),
(361, 325, 'L', 'TurquoiseGreen', '83.jpg'),
(215, 414, 'M', 'MikadoYellow', '153.jpg'),
(299, 238, 'M', 'RoseGold', '319.jpg'),
(175, 277, 'XL', 'PastelGray', '103.jpg'),
(259, 446, 'XS', 'BurntOrange', '33.jpg'),
(74, 460, 'L', 'Amethyst', '294.jpg'),
(399, 155, 'XXL', 'Eggshell', '370.jpg'),
(300, 345, 'S', 'LightCrimson', '154.jpg'),
(34, 420, 'S', 'RoseMadder', '244.jpg'),
(260, 415, 'XL', 'DarkBrown', '295.jpg'),
(148, 270, 'XXL', 'PastelGreen', '84.jpg'),
(75, 384, 'M', 'SatinSheenGold', '245.jpg'),
(362, 412, 'XS', 'EgyptianBlue', '34.jpg'),
(301, 325, 'L', 'Mint', '104.jpg'),
(108, 179, 'XS', 'TuscanRed', '464.jpg'),
(216, 380, 'L', 'DarkByzantium', '320.jpg'),
(35, 318, 'M', 'LightThulianPink', '371.jpg'),
(176, 370, 'S', 'BurntSienna', '296.jpg'),
(217, 192, 'XXL', 'Scarlet', '85.jpg'),
(325, 205, 'XL', 'MintCream', '155.jpg'),
(149, 436, 'XL', 'TwilightLavender', '35.jpg'),
(363, 456, 'M', 'AndroidGreen', '321.jpg'),
(261, 284, 'XXL', 'BurntUmber', '105.jpg'),
(177, 239, 'L', 'LightApricot', '156.jpg'),
(76, 185, 'XS', 'RosePink', '86.jpg'),
(218, 222, 'S', 'MintGreen', '417.jpg'),
(36, 465, 'L', 'ElectricBlue', '246.jpg'),
(302, 259, 'XL', 'DarkCandyAppleRed', '36.jpg'),
(326, 213, 'XS', 'PastelMagenta', '106.jpg'),
(364, 384, 'XXL', 'LightBlue', '465.jpg'),
(178, 485, 'S', 'SchoolBusYellow', '157.jpg'),
(262, 320, 'M', 'AntiqueBrass', '372.jpg'),
(303, 386, 'XXL', 'RoseQuartz', '297.jpg'),
(77, 247, 'M', 'MistyRose', '107.jpg'),
(109, 359, 'S', 'PastelOrange', '322.jpg'),
(150, 164, 'L', 'ElectricCrimson', '373.jpg'),
(219, 170, 'XS', 'LightBrown', '87.jpg'),
(110, 182, 'XL', 'DarkCerulean', '323.jpg'),
(179, 431, 'S', 'RoseTaupe', '158.jpg'),
(263, 386, 'M', 'PastelPink', '108.jpg'),
(37, 457, 'XS', 'Moccasin', '159.jpg'),
(304, 210, 'XXL', 'TyrianPurple', '247.jpg'),
(78, 310, 'L', 'RoseVale', '109.jpg'),
(151, 227, 'XL', 'LightCarminePink', '160.jpg'),
(38, 494, 'M', 'ModeBeige', '298.jpg'),
(111, 212, 'L', 'ScreaminGreen', '248.jpg'),
(152, 317, 'XL', 'LightCoral', '110.jpg'),
(79, 222, 'XXL', 'MoonstoneBlue', '418.jpg'),
(112, 320, 'XS', 'LightCornflowerBlue', '37.jpg'),
(153, 186, 'S', 'UltraPink', '88.jpg'),
(264, 373, 'M', 'MossGreen', '299.jpg'),
(39, 222, 'XS', 'SeaBlue', '466.jpg'),
(220, 376, 'L', 'LightCyan', '38.jpg'),
(305, 322, 'S', 'Byzantine', '161.jpg'),
(327, 400, 'XXL', 'PastelPurple', '419.jpg'),
(113, 293, 'XL', 'Rosewood', '374.jpg'),
(265, 495, 'S', 'PastelRed', '467.jpg'),
(154, 252, 'M', 'Munsell', '420.jpg'),
(306, 202, 'XXL', 'PastelViolet', '324.jpg'),
(365, 463, 'L', 'ElectricCyan', '375.jpg'),
(114, 396, 'XS', 'Mustard', '111.jpg'),
(155, 457, 'XL', 'MountainMeadow', '325.jpg'),
(180, 299, 'L', 'PastelYellow', '162.jpg'),
(115, 494, 'XL', 'DarkChestnut', '468.jpg'),
(80, 367, 'M', 'ElectricGreen', '376.jpg'),
(156, 216, 'XS', 'Myrtle', '89.jpg'),
(221, 286, 'XXL', 'LightFuchsiaPink', '249.jpg'),
(181, 435, 'S', 'DarkCoral', '300.jpg'),
(116, 277, 'XS', 'Ultramarine', '39.jpg'),
(40, 261, 'L', 'AntiqueFuchsia', '326.jpg'),
(81, 261, 'M', 'MountbattenPink', '377.jpg'),
(41, 167, 'S', 'Byzantium', '250.jpg'),
(266, 150, 'XXL', 'AntiqueWhite', '90.jpg'),
(222, 323, 'XL', 'LightGoldenrodYellow', '421.jpg'),
(1, 298, 'XS', 'SeaGreen', '301.jpg'),
(328, 181, 'M', 'Cadet', '327.jpg'),
(366, 492, 'L', 'Mulberry', '112.jpg'),
(157, 426, 'S', 'LightGray', '163.jpg'),
(182, 363, 'XXL', 'UltramarineBlue', '40.jpg'),
(307, 493, 'XL', 'Patriarch', '378.jpg'),
(223, 259, 'XS', 'NadeshikoPink', '91.jpg'),
(117, 202, 'XXL', 'AppleGreen', '113.jpg'),
(329, 383, 'XL', 'PayneGrey', '469.jpg'),
(42, 310, 'S', 'GrayAsparagus', '41.jpg'),
(158, 168, 'M', 'CadetBlue', '251.jpg'),
(267, 241, 'L', 'LightGreen', '302.jpg'),
(118, 272, 'XL', 'SealBrown', '164.jpg'),
(308, 484, 'XS', 'Umber', '422.jpg'),
(159, 401, 'L', 'NapierGreen', '114.jpg'),
(367, 187, 'M', 'ElectricIndigo', '165.jpg'),
(183, 162, 'S', 'Green', '92.jpg'),
(268, 223, 'XXL', 'Peach', '252.jpg'),
(309, 447, 'XS', 'Seashell', '42.jpg'),
(2, 378, 'XL', 'LightKhaki', '93.jpg'),
(43, 285, 'L', 'Apricot', '303.jpg'),
(119, 405, 'S', 'CadetGrey', '253.jpg'),
(224, 399, 'XXL', 'GreenBlue', '470.jpg'),
(330, 231, 'M', 'NaplesYellow', '203.jpg'),
(269, 252, 'L', 'PeachPuff', '115.jpg'),
(310, 455, 'XS', 'NavajoWhite', '166.jpg'),
(184, 363, 'XXL', 'LightPastelPurple', '116.jpg'),
(368, 483, 'S', 'DarkCyan', '167.jpg'),
(160, 323, 'M', 'UnmellowYellow', '423.jpg'),
(3, 350, 'XL', 'PeachYellow', '43.jpg'),
(270, 395, 'XXL', 'ElectricLavender', '328.jpg'),
(120, 209, 'S', 'DarkElectricBlue', '254.jpg'),
(331, 251, 'L', 'GreenYellow', '471.jpg'),
(225, 320, 'M', 'SelectiveYellow', '204.jpg'),
(44, 195, 'XS', 'LightPink', '255.jpg'),
(311, 389, 'XL', 'NavyBlue', '424.jpg'),
(161, 276, 'XXL', 'Grullo', '117.jpg'),
(185, 259, 'M', 'Pear', '379.jpg'),
(121, 362, 'S', 'LightSalmon', '205.jpg'),
(4, 245, 'L', 'Aqua', '256.jpg'),
(162, 283, 'XL', 'NeonCarrot', '168.jpg'),
(271, 353, 'XS', 'ElectricLime', '472.jpg'),
(369, 386, 'XL', 'CadmiumGreen', '94.jpg'),
(226, 345, 'S', 'Pearl', '206.jpg'),
(332, 344, 'M', 'NeonFuchsia', '329.jpg'),
(312, 398, 'XS', 'DarkGoldenrod', '257.jpg'),
(186, 460, 'L', 'UpsdellRed', '380.jpg'),
(45, 219, 'XXL', 'ElectricPurple', '44.jpg'),
(370, 323, 'S', 'GuppieGreen', '118.jpg'),
(272, 200, 'M', 'Aquamarine', '169.jpg'),
(313, 477, 'XS', 'CadmiumOrange', '207.jpg'),
(5, 314, 'L', 'DarkGray', '119.jpg'),
(46, 478, 'XXL', 'ArmyGreen', '170.jpg'),
(227, 187, 'XL', 'ElectricUltramarine', '425.jpg'),
(6, 380, 'S', 'Sepia', '473.jpg'),
(187, 346, 'M', 'Urobilin', '120.jpg'),
(333, 391, 'L', 'PearlAqua', '330.jpg'),
(47, 454, 'XL', 'LightSalmonPink', '381.jpg'),
(7, 170, 'XS', 'NeonGreen', '95.jpg'),
(48, 484, 'XXL', 'HanBlue', '258.jpg'),
(122, 399, 'S', 'Peridot', '171.jpg'),
(82, 285, 'XS', 'LightSeaGreen', '426.jpg'),
(8, 462, 'L', 'Shadow', '121.jpg'),
(123, 420, 'M', 'DarkGreen', '45.jpg'),
(83, 201, 'XL', 'CadmiumRed', '208.jpg'),
(228, 361, 'XXL', 'ElectricViolet', '96.jpg'),
(273, 396, 'M', 'NorthTexasGreen', '172.jpg'),
(49, 449, 'XS', 'Periwinkle', '122.jpg'),
(371, 440, 'S', 'ArylideYellow', '46.jpg'),
(124, 227, 'L', 'UtahCrimson', '97.jpg'),
(9, 258, 'XXL', 'DarkJungleGreen', '47.jpg'),
(314, 261, 'XL', 'CadmiumYellow', '98.jpg'),
(50, 366, 'XXL', 'Shamrock', '259.jpg'),
(10, 367, 'S', 'OceanBoatBlue', '173.jpg'),
(84, 309, 'XL', 'ElectricYellow', '48.jpg'),
(334, 333, 'XS', 'Vanilla', '474.jpg'),
(125, 272, 'L', 'AshGrey', '427.jpg'),
(188, 212, 'M', 'PersianBlue', '475.jpg'),
(85, 376, 'M', 'HanPurple', '428.jpg'),
(274, 225, 'XXL', 'DarkKhaki', '99.jpg');

--
-- Inserting data into table proveedores
--
INSERT INTO proveedores(cif, nombre, email) VALUES
(23, 'Blandine Kesselhut', 'NorrisCalderon@example.com'),
(29, 'Philine Hildesheimer', 'TaggartY@example.com'),
(15, 'Benina von Feierbach', 'JoeannPHuang@example.com'),
(24, 'Borchard chulze', 'Ada_Anglin6@nowhere.com'),
(7, 'Filipp Jäger', 'LoydBranham258@example.com'),
(30, 'Wido Zeller', 'oytxgpgm.ebekzhq@example.com'),
(21, 'Balduin  Jensen', 'SamuelGunn@example.com'),
(50, 'Begonia Leitner', 'Burgos@nowhere.com'),
(2, 'Ablona  Falkenhausen', 'Moreno@nowhere.com'),
(8, 'Berthilde Hitler', 'GerryBarrow@example.com'),
(45, 'Eva-Maria Altmann', 'tsredn9393@example.com'),
(25, 'Friederun Kleinmann', 'Iliana.Acevedo52@example.com'),
(40, 'Mechtild Zöller', 'FlorencioF_Marlow7@nowhere.com'),
(48, 'Frieda Weber', 'Enoch_Tillery@nowhere.com'),
(46, 'Ilse euner', 'MorrisAbraham@example.com'),
(49, 'Heidrun Abert', 'DinoJaeger742@example.com'),
(35, 'Ermentraud Mering', 'Rigby@example.com'),
(3, 'Ehrhard Stumpf', 'Houser@example.com'),
(9, 'Alraune Krummacher', 'AdanHuerta523@example.com'),
(31, 'Berngar oritz', 'CharlieNoriega688@example.com'),
(47, 'Ursine Keller', 'Abrams@example.com'),
(4, 'Thorin Bohrmann', 'fazsmgzr.vbbx@example.com'),
(41, 'Egolf Abicht', 'Cota424@example.com'),
(10, 'Coppelius öller', 'kqavbr3100@example.com'),
(5, 'Yakima Baumgarten', 'Brant.Abreu@example.com'),
(36, 'Conczlin ailer', 'sneygl8904@example.com'),
(42, 'Burga Schwarzmann', 'stnhpti6@nowhere.com'),
(11, 'Kati Feuermann', 'Fortner@nowhere.com'),
(6, 'Xandra omberg', 'Mccue@example.com'),
(37, 'Balian  ünchhausen', 'LeighP_Redding7@example.com'),
(43, 'Kensie Engelke', 'Montoya@nowhere.com'),
(16, 'Herwin Albrecht', 'Abney@nowhere.com'),
(22, 'Mareline Grundig', 'Zack_Mcnair199@example.com'),
(38, 'Aloisia Drews', 'mlocd761@example.com'),
(17, 'Rabanus Block', 'Slone@nowhere.com'),
(1, 'Sighilde Geller', 'Mac_Amaya79@nowhere.com'),
(26, 'Eckhart Kantor', 'Roush@example.com'),
(44, 'Andreana Assmann', 'Acosta@example.com'),
(12, 'Ferdinand Anger', 'Williford893@example.com'),
(18, 'Friedegunde Hanke', 'AbernathyF@nowhere.com'),
(13, 'Xaver Kinkel', 'Baugh@example.com'),
(39, 'Basti  Spiegel', 'Sharpe26@example.com'),
(32, 'Waldefried abst', 'MichalEdmond@example.com'),
(27, 'Hannes Kant', 'Perryman455@nowhere.com'),
(19, 'Erdmann ailer', 'vbzbfpb0034@nowhere.com'),
(33, 'Siegher Ebert', 'Aguilera912@nowhere.com'),
(28, 'Basileo  Meltzer', 'Forrest718@nowhere.com'),
(34, 'Balian  Jost', 'Drew_Brennan3@nowhere.com'),
(14, 'Linja Adler', 'Stiltner@example.com'),
(20, 'Esdert Buchmeyer', 'Rock@example.com');

--
-- Inserting data into table facturas
--
INSERT INTO facturas(idfactura, cif, fecha, total) VALUES
(1, 10, '2019-04-07', 9342),
(2, 8, '2019-01-07', 7275),
(3, 47, '2019-01-09', 2279),
(4, 11, '2019-03-27', 9014),
(5, 38, '2019-01-12', 6457),
(6, 48, '2019-01-08', 2812),
(7, 40, '2019-02-28', 4996),
(8, 12, '2019-04-09', 9682),
(9, 25, '2019-01-09', 5009),
(10, 31, '2019-06-22', 6842),
(11, 50, '2019-02-18', 4497),
(12, 24, '2019-01-20', 1711),
(13, 43, '2019-01-14', 1752),
(14, 42, '2019-04-06', 8419),
(15, 6, '2019-02-21', 4629),
(16, 22, '2019-06-30', 8317),
(17, 36, '2019-01-03', 5424),
(18, 44, '2019-02-02', 2847),
(19, 22, '2019-01-20', 7298),
(20, 40, '2019-06-11', 9694),
(21, 11, '2019-01-05', 2276),
(22, 29, '2019-01-02', 8250),
(23, 1, '2019-01-15', 6516),
(24, 28, '2019-02-02', 8334),
(25, 32, '2019-02-22', 7521),
(26, 36, '2019-04-28', 6301),
(27, 13, '2019-01-25', 2216),
(28, 21, '2019-05-29', 3370),
(29, 21, '2019-01-04', 3362),
(30, 25, '2019-01-17', 3873),
(31, 46, '2019-04-29', 5771),
(32, 8, '2019-02-22', 8040),
(33, 22, '2019-04-08', 7441),
(34, 17, '2019-02-05', 5844),
(35, 27, '2019-05-10', 8746),
(36, 30, '2019-01-07', 8394),
(37, 12, '2019-06-20', 5867),
(38, 14, '2019-04-08', 7648),
(39, 34, '2019-06-09', 9478),
(40, 30, '2019-06-17', 1538),
(41, 3, '2019-03-09', 6121),
(42, 42, '2019-05-13', 1798),
(43, 41, '2019-02-13', 7820),
(44, 18, '2019-01-10', 7360),
(45, 46, '2019-04-06', 5130),
(46, 44, '2019-06-30', 2737),
(47, 14, '2019-01-04', 9411),
(48, 13, '2019-04-14', 6382),
(49, 35, '2019-01-28', 7413),
(50, 4, '2019-04-11', 6539),
(51, 42, '2019-03-13', 2963),
(52, 7, '2019-07-05', 8834),
(53, 17, '2019-04-29', 7992),
(54, 5, '2019-05-25', 9114),
(55, 42, '2019-04-26', 1983),
(56, 46, '2019-03-17', 3597),
(57, 23, '2019-01-08', 7268),
(58, 47, '2019-02-20', 8910),
(59, 18, '2019-02-22', 3478),
(60, 48, '2019-06-30', 5737),
(61, 7, '2019-06-04', 5789),
(62, 14, '2019-01-23', 5114),
(63, 36, '2019-03-05', 1754),
(64, 13, '2019-01-01', 2459),
(65, 16, '2019-05-30', 2433),
(66, 5, '2019-01-05', 5561),
(67, 18, '2019-01-18', 4075),
(68, 6, '2019-02-24', 5330),
(69, 4, '2019-05-21', 1965),
(70, 22, '2019-01-21', 9241),
(71, 27, '2019-06-14', 2015),
(72, 19, '2019-05-22', 2557),
(73, 45, '2019-05-23', 5120),
(74, 14, '2019-01-24', 5044),
(75, 9, '2019-04-10', 8914),
(76, 10, '2019-01-02', 4597),
(77, 39, '2019-05-25', 8387),
(78, 35, '2019-06-01', 2448),
(79, 14, '2019-03-21', 5459),
(80, 32, '2019-05-26', 8245),
(81, 32, '2019-05-26', 7774),
(82, 36, '2019-06-02', 8778),
(83, 5, '2019-03-01', 5725),
(84, 35, '2019-04-26', 5074),
(85, 26, '2019-02-28', 7389),
(86, 27, '2019-03-18', 6575),
(87, 10, '2019-05-02', 5620),
(88, 13, '2019-03-12', 4581),
(89, 21, '2019-03-17', 5305),
(90, 41, '2019-01-14', 5688),
(91, 22, '2019-05-01', 8769),
(92, 9, '2019-03-01', 9215),
(93, 44, '2019-03-09', 4250),
(94, 18, '2019-04-19', 5822),
(95, 35, '2019-05-29', 2169),
(96, 43, '2019-05-15', 3007),
(97, 4, '2019-01-07', 5496),
(98, 10, '2019-05-21', 9150),
(99, 13, '2019-03-10', 5233),
(100, 38, '2019-01-06', 9038),
(101, 9, '2019-06-29', 5005),
(102, 43, '2019-06-29', 3415),
(103, 46, '2019-04-21', 5322),
(104, 20, '2019-03-07', 2275),
(105, 43, '2019-01-02', 9991),
(106, 21, '2019-05-09', 4777),
(107, 32, '2019-01-23', 4158),
(108, 40, '2019-06-28', 2669),
(109, 20, '2019-02-08', 7905),
(110, 17, '2019-02-10', 5297),
(111, 27, '2019-02-02', 3331),
(112, 49, '2019-07-02', 9263),
(113, 40, '2019-01-31', 2988),
(114, 11, '2019-04-22', 9038),
(115, 30, '2019-04-21', 6529),
(116, 5, '2019-04-23', 6738),
(117, 50, '2019-04-28', 7508),
(118, 16, '2019-03-31', 7815),
(119, 1, '2019-01-12', 4264),
(120, 21, '2019-07-10', 7305),
(121, 29, '2019-07-02', 9145),
(122, 37, '2019-02-01', 6597),
(123, 45, '2019-02-17', 5284),
(124, 26, '2019-03-04', 3607),
(125, 37, '2019-03-03', 3411),
(126, 17, '2019-07-10', 6333),
(127, 36, '2019-03-25', 1744),
(128, 32, '2019-06-11', 6429),
(129, 19, '2019-03-29', 9597),
(130, 29, '2019-02-15', 5732),
(131, 20, '2019-02-05', 3181),
(132, 22, '2019-05-05', 5942),
(133, 32, '2019-06-15', 6979),
(134, 18, '2019-01-01', 5390),
(135, 15, '2019-01-26', 4164),
(136, 1, '2019-01-03', 4459),
(137, 17, '2019-01-11', 2843),
(138, 34, '2019-01-14', 9742),
(139, 6, '2019-03-20', 9293),
(140, 14, '2019-06-09', 1851),
(141, 20, '2019-01-07', 8455),
(142, 33, '2019-06-10', 2851),
(143, 44, '2019-03-24', 6604),
(144, 18, '2019-03-15', 9090),
(145, 30, '2019-03-06', 8805),
(146, 13, '2019-03-14', 9099),
(147, 10, '2019-01-20', 5246),
(148, 43, '2019-06-17', 5825),
(149, 45, '2019-05-06', 3873),
(150, 27, '2019-02-12', 4232),
(151, 48, '2019-05-02', 9657),
(152, 3, '2019-02-11', 8281),
(153, 14, '2019-02-22', 3837),
(154, 41, '2019-02-12', 1681),
(155, 8, '2019-05-10', 9853),
(156, 5, '2019-06-14', 8895),
(157, 40, '2019-04-18', 4039),
(158, 45, '2019-01-28', 9190),
(159, 29, '2019-02-03', 6814),
(160, 47, '2019-04-09', 5522),
(161, 20, '2019-03-24', 6024),
(162, 16, '2019-04-26', 6605),
(163, 35, '2019-01-04', 7790),
(164, 34, '2019-04-05', 5660),
(165, 20, '2019-01-08', 3384),
(166, 25, '2019-05-10', 5506),
(167, 1, '2019-01-13', 9037),
(168, 41, '2019-02-02', 4812),
(169, 38, '2019-06-06', 2291),
(170, 45, '2019-01-12', 2322),
(171, 47, '2019-03-20', 1979),
(172, 18, '2019-05-24', 8293),
(173, 6, '2019-02-25', 2774),
(174, 2, '2019-02-11', 5971),
(175, 37, '2019-01-02', 3877),
(176, 33, '2019-01-31', 7623),
(177, 10, '2019-01-10', 4614),
(178, 8, '2019-04-21', 2812),
(179, 16, '2019-01-06', 7040),
(180, 28, '2019-06-11', 6668),
(181, 4, '2019-02-11', 2474),
(182, 25, '2019-07-06', 4605),
(183, 38, '2019-05-18', 4540),
(184, 6, '2019-02-20', 6123),
(185, 40, '2019-04-21', 2923),
(186, 10, '2019-02-14', 3322),
(187, 1, '2019-06-18', 9279),
(188, 24, '2019-06-08', 1608),
(189, 18, '2019-01-14', 7991),
(190, 4, '2019-02-27', 7068),
(191, 25, '2019-04-13', 5404),
(192, 27, '2019-06-06', 2995),
(193, 24, '2019-07-10', 1912),
(194, 2, '2019-05-13', 3385),
(195, 2, '2019-01-24', 1558),
(196, 8, '2019-02-07', 7076),
(197, 32, '2019-06-25', 8460),
(198, 28, '2019-07-12', 5564),
(199, 20, '2019-02-16', 4638),
(200, 29, '2019-03-06', 7178);

--
-- Inserting data into table detalles
--
INSERT INTO detalles(iddetalle, codigo, idfactura, cantidad) VALUES
(1, 314, 192, 1),
(2, 213, 33, 2),
(3, 362, 59, 3),
(4, 359, 13, 4),
(5, 114, 107, 5),
(6, 274, 200, 6),
(7, 6, 175, 7),
(8, 50, 193, 8),
(9, 187, 176, 9),
(10, 37, 87, 10),
(11, 77, 80, 11),
(12, 301, 60, 12),
(13, 182, 125, 13),
(14, 109, 81, 14),
(15, 108, 61, 15),
(16, 10, 194, 16),
(17, 150, 82, 17),
(18, 310, 146, 18),
(19, 307, 126, 19),
(20, 333, 177, 20),
(21, 155, 108, 21),
(22, 304, 88, 22),
(23, 84, 195, 23),
(24, 32, 34, 24),
(25, 180, 109, 25),
(26, 216, 62, 26),
(27, 147, 42, 27),
(28, 78, 89, 28),
(29, 184, 147, 29),
(30, 223, 127, 30),
(31, 35, 63, 31),
(32, 47, 178, 32),
(33, 171, 14, 33),
(34, 368, 148, 34),
(35, 117, 128, 35),
(36, 115, 110, 36),
(37, 160, 149, 37),
(38, 214, 43, 38),
(39, 176, 64, 39),
(40, 173, 35, 40),
(41, 334, 196, 41),
(42, 7, 179, 42),
(43, 329, 129, 43),
(44, 3, 150, 44),
(45, 142, 15, 45),
(46, 151, 90, 46),
(47, 125, 197, 47),
(48, 48, 180, 48),
(49, 188, 198, 49),
(50, 42, 130, 50),
(51, 122, 181, 1),
(52, 80, 111, 2),
(53, 38, 91, 3),
(54, 298, 36, 4),
(55, 107, 44, 5),
(56, 270, 151, 6),
(57, 217, 65, 7),
(58, 102, 16, 8),
(59, 85, 199, 9),
(60, 158, 131, 10),
(61, 156, 112, 11),
(62, 258, 37, 12),
(63, 82, 182, 13),
(64, 111, 92, 14),
(65, 332, 165, 15),
(66, 397, 17, 16),
(67, 146, 38, 17),
(68, 255, 18, 18),
(69, 120, 152, 19),
(70, 8, 183, 20),
(71, 33, 45, 21),
(72, 73, 39, 22),
(73, 325, 66, 23),
(74, 221, 113, 24),
(75, 312, 166, 25),
(76, 152, 93, 26),
(77, 123, 184, 27),
(78, 174, 46, 28),
(79, 186, 167, 29),
(80, 83, 185, 30),
(81, 149, 67, 31),
(82, 361, 47, 32),
(83, 267, 132, 33),
(84, 296, 19, 34),
(85, 331, 153, 35),
(86, 118, 133, 36),
(87, 363, 68, 37),
(88, 45, 168, 38),
(89, 181, 114, 39),
(90, 398, 40, 40),
(91, 215, 48, 41),
(92, 225, 154, 42),
(93, 261, 69, 43),
(94, 308, 134, 44),
(95, 79, 94, 45),
(96, 228, 186, 46),
(97, 370, 169, 47),
(98, 143, 20, 48),
(99, 44, 155, 49),
(100, 106, 41, 50),
(101, 299, 49, 1),
(102, 273, 187, 2),
(103, 177, 70, 3),
(104, 256, 21, 4),
(105, 116, 115, 5),
(106, 272, 170, 6),
(107, 175, 50, 7),
(108, 49, 188, 8),
(109, 76, 71, 9),
(110, 159, 135, 10),
(111, 311, 156, 11),
(112, 313, 171, 12),
(113, 400, 1, 13),
(114, 371, 189, 14),
(115, 112, 95, 15),
(116, 259, 51, 16),
(117, 40, 116, 17),
(118, 5, 172, 18),
(119, 124, 190, 19),
(120, 218, 72, 20),
(121, 367, 136, 21),
(122, 74, 52, 22),
(123, 161, 157, 23),
(124, 153, 96, 24),
(125, 81, 117, 25),
(126, 264, 97, 26),
(127, 183, 137, 27),
(128, 41, 118, 28),
(129, 103, 22, 29),
(130, 70, 2, 30),
(131, 185, 158, 31),
(132, 46, 173, 32),
(133, 39, 98, 33),
(134, 9, 191, 34),
(135, 268, 138, 35),
(136, 36, 73, 36),
(137, 227, 174, 37),
(138, 266, 119, 38),
(139, 121, 159, 39),
(140, 399, 53, 40),
(141, 302, 74, 41),
(142, 220, 99, 42),
(143, 222, 120, 43),
(144, 300, 54, 44),
(145, 360, 23, 45),
(146, 305, 100, 46),
(147, 326, 75, 47),
(148, 34, 55, 48),
(149, 395, 3, 49),
(150, 364, 76, 50),
(151, 212, 24, 1),
(152, 211, 4, 2),
(153, 260, 56, 3),
(154, 178, 77, 4),
(155, 309, 139, 5),
(156, 148, 57, 6),
(157, 4, 160, 7),
(158, 1, 121, 8),
(159, 2, 140, 9),
(160, 297, 25, 10),
(161, 327, 101, 11),
(162, 162, 161, 12),
(163, 262, 78, 13),
(164, 254, 5, 14),
(165, 43, 141, 15),
(166, 75, 58, 16),
(167, 257, 26, 17),
(168, 358, 6, 18),
(169, 144, 27, 19),
(170, 303, 79, 20),
(171, 271, 162, 21),
(172, 119, 142, 22),
(173, 369, 163, 23),
(174, 396, 7, 24),
(175, 224, 143, 25),
(176, 226, 164, 26),
(177, 72, 28, 27),
(178, 328, 122, 28),
(179, 30, 8, 29),
(180, 104, 29, 30),
(181, 101, 9, 31),
(182, 330, 144, 32),
(183, 157, 124, 33),
(184, 269, 145, 34),
(185, 113, 102, 35),
(186, 145, 30, 36),
(187, 366, 123, 37),
(188, 265, 103, 38),
(189, 219, 83, 39),
(190, 71, 10, 40),
(191, 154, 104, 41),
(192, 110, 84, 42),
(193, 306, 105, 43),
(194, 179, 85, 44),
(195, 105, 31, 45),
(196, 365, 106, 46),
(197, 295, 11, 47),
(198, 263, 86, 48),
(199, 172, 32, 49),
(200, 31, 12, 50);