-- Generated by Craft v2.6.3000 on 04/01/2018 19:04:25.

--
-- Disable foreign key checks and autocommit.
--

SET FOREIGN_KEY_CHECKS = 0;
SET SQL_MODE = "NO_AUTO_VALUE_ON_ZERO";
SET AUTOCOMMIT = 0;
SET NAMES utf8;


DROP TABLE IF EXISTS `craft_assetfiles`;


--
-- Schema for table `craft_assetfiles`
--
CREATE TABLE `craft_assetfiles` (
  `id` int(11) NOT NULL,
  `sourceId` int(11) DEFAULT NULL,
  `folderId` int(11) NOT NULL,
  `filename` varchar(255) COLLATE utf8_unicode_ci NOT NULL,
  `kind` varchar(50) COLLATE utf8_unicode_ci NOT NULL DEFAULT 'unknown',
  `width` int(11) unsigned DEFAULT NULL,
  `height` int(11) unsigned DEFAULT NULL,
  `size` bigint(20) unsigned DEFAULT NULL,
  `dateModified` datetime DEFAULT NULL,
  `dateCreated` datetime NOT NULL,
  `dateUpdated` datetime NOT NULL,
  `uid` char(36) COLLATE utf8_unicode_ci NOT NULL DEFAULT '0',
  PRIMARY KEY (`id`),
  UNIQUE KEY `craft_assetfiles_filename_folderId_unq_idx` (`filename`,`folderId`),
  KEY `craft_assetfiles_sourceId_fk` (`sourceId`),
  KEY `craft_assetfiles_folderId_fk` (`folderId`)
) ENGINE=InnoDB DEFAULT CHARSET=utf8 COLLATE=utf8_unicode_ci;

--
-- Data for table `craft_assetfiles`
--

INSERT INTO `craft_assetfiles` (`id`, `sourceId`, `folderId`, `filename`, `kind`, `width`, `height`, `size`, `dateModified`, `dateCreated`, `dateUpdated`, `uid`) VALUES
 ('4', '1', '1', 'pink-wave.svg', 'image', '1440', '47', '632', '2017-12-25 18:46:50', '2017-12-25 18:46:50', '2017-12-25 18:46:50', 'e49aeb33-cb26-4abd-8b8a-fd89e17a6352'),
 ('6', '1', '1', 'logo-color.svg', 'image', '203', '45', '10969', '2017-12-25 18:47:01', '2017-12-25 18:47:05', '2017-12-25 18:47:05', 'adabca22-0dfd-44ca-b390-bdb2d2904f10'),
 ('8', '1', '1', 'logo-blanco.svg', 'image', '203', '45', '10969', '2017-12-25 18:47:26', '2017-12-25 18:47:27', '2017-12-25 18:47:27', '80bd10bc-85a3-4a3e-a8bc-1979fdbde5e8'),
 ('10', '1', '1', 'main-cover.jpg', 'image', '1600', '1235', '142635', '2017-12-25 19:43:23', '2017-12-25 19:43:23', '2017-12-25 19:43:23', '69af2075-a5fd-4498-9cc4-f6cdefc27722'),
 ('11', '1', '1', 'us-logo.jpg', 'image', '600', '600', '74147', '2017-12-26 02:34:45', '2017-12-26 02:34:45', '2017-12-26 02:34:45', '7baf6226-a281-4a9b-a7eb-02329245372a'),
 ('12', '1', '1', 'white-wave.svg', 'image', '1440', '47', '874', '2017-12-26 03:14:22', '2017-12-26 02:44:37', '2017-12-26 03:14:24', '33343544-13d0-4da3-ba06-9dbc762b98e9'),
 ('16', '1', '1', 'iso-logo.svg', 'image', '36', '45', '3252', '2017-12-26 04:56:33', '2017-12-26 04:56:33', '2017-12-26 04:56:33', '0e4361e7-5d7c-4fd4-a5d7-a183390791c3'),
 ('17', '1', '1', 'doctor-nutis.jpg', 'image', '824', '960', '42533', '2017-12-26 07:12:46', '2017-12-26 07:08:00', '2017-12-26 07:12:48', '4805e4a8-c37a-4ce7-bae0-45e048b02202'),
 ('19', '1', '1', 'preparacion.svg', 'image', '63', '63', '966', '2017-12-26 07:54:50', '2017-12-26 07:54:50', '2017-12-26 07:54:50', '84c44058-5df4-40fe-9968-6bec65064d2e'),
 ('20', '1', '1', 'avion.svg', 'image', '612', '612', '1119', '2017-12-26 07:54:50', '2017-12-26 07:54:50', '2017-12-26 07:54:50', '168fc3fb-11be-4bed-bea6-7006cd4c4ad0'),
 ('21', '1', '1', 'espera.svg', 'image', '512', '512', '1512', '2017-12-26 07:54:51', '2017-12-26 07:54:51', '2017-12-26 07:54:51', '728609af-a72f-4cf0-8e5c-296fd087ecb4'),
 ('22', '1', '1', 'nacimiento.svg', 'image', '32', '32', '1039', '2017-12-26 07:54:51', '2017-12-26 07:54:51', '2017-12-26 07:54:51', 'c11017c4-62e9-4e68-b51e-4d26fc9e1468'),
 ('23', '1', '1', 'parto.svg', 'image', '17', '17', '1903', '2017-12-26 07:54:51', '2017-12-26 07:54:51', '2017-12-26 07:54:51', '459e72f5-aa6d-43fa-b0d9-21ae5528d370'),
 ('24', '1', '1', 'preparacion.jpg', 'image', '1042', '700', '117414', '2017-12-26 08:46:41', '2017-12-26 08:45:45', '2017-12-26 08:46:43', '18a7c82c-c0ff-4fab-be7f-0caae4863b1a'),
 ('26', '1', '1', 'espera.jpg', 'image', '1042', '700', '167307', '2017-12-26 09:18:07', '2017-12-26 09:18:07', '2017-12-26 09:18:07', '464778ee-ef44-4fa6-ac41-60bdd6a785a2'),
 ('27', '1', '1', 'llegada.jpg', 'image', '1042', '700', '36835', '2017-12-26 09:18:08', '2017-12-26 09:18:08', '2017-12-26 09:18:08', '26ad6fa4-6b18-41cf-9c04-95d63fcd6450'),
 ('28', '1', '1', 'nacimiento.jpg', 'image', '1042', '700', '26313', '2017-12-26 09:18:08', '2017-12-26 09:18:08', '2017-12-26 09:18:08', 'aaa83432-c364-44c6-8843-662e19f32677'),
 ('29', '1', '1', 'parto.jpg', 'image', '1042', '700', '50581', '2017-12-26 09:18:08', '2017-12-26 09:18:08', '2017-12-26 09:18:08', '0820ff30-c16f-4895-8407-51dc932c2920'),
 ('30', '1', '1', 'regreso.jpg', 'image', '1042', '700', '86533', '2017-12-26 09:18:09', '2017-12-26 09:18:09', '2017-12-26 09:18:09', '18af0b3a-33cd-4401-a3dc-91dfaec0ffa8'),
 ('31', '1', '1', 'las-palmas.jpg', 'image', '1000', '602', '75921', '2017-12-26 10:11:39', '2017-12-26 09:38:27', '2017-12-26 10:11:40', '75678f3d-b184-4a03-81bb-d21653414b6e'),
 ('33', '1', '1', 'las-palmas-logo.png', 'image', '500', '175', '7327', '2017-12-26 09:47:10', '2017-12-26 09:47:10', '2017-12-26 09:47:10', '9302a1a4-a067-425b-9e58-42a0cc292686'),
 ('38', '1', '1', 'precios.jpg', 'image', '1400', '923', '71918', '2017-12-28 07:23:45', '2017-12-28 07:23:46', '2017-12-28 07:23:46', 'a8c56fda-7635-4e51-9ea8-3cc6e0e88102'),
 ('39', '1', '1', 'dr-nutis-small.jpg', 'image', '400', '400', '16365', '2017-12-28 07:52:55', '2017-12-28 07:52:55', '2017-12-28 07:52:55', 'f105c739-7ffc-4843-8848-2e17e7700209'),
 ('40', '1', '1', 'pediatra-small.jpg', 'image', '400', '400', '15475', '2017-12-28 08:01:56', '2017-12-28 08:01:56', '2017-12-28 08:02:18', '0da59bea-9625-4988-8ca1-64ee24f30d38'),
 ('41', '1', '1', 'anestesiologo-small.jpg', 'image', '400', '400', '10084', '2017-12-28 08:04:02', '2017-12-28 08:04:02', '2017-12-28 08:04:02', 'b9cff08a-a325-47fa-9bc9-f90241aa587c'),
 ('42', '1', '1', 'del-sol-small.jpg', 'image', '400', '400', '24659', '2017-12-28 08:04:02', '2017-12-28 08:04:02', '2017-12-28 08:04:02', 'e8275682-f372-4a6d-9f20-2a92f414b167'),
 ('43', '1', '1', 'financiamiento-back.jpg', 'image', '1773', '557', '53840', '2017-12-28 09:03:06', '2017-12-28 08:21:33', '2017-12-28 09:03:08', '0b4dc9b9-fae9-4d49-85a2-def0e7db34d1'),
 ('45', '1', '1', 'facturacion.jpg', 'image', '1042', '700', '43558', '2017-12-28 09:08:23', '2017-12-28 09:08:23', '2017-12-28 09:08:46', '30a89df2-a48f-4037-bd8b-49c058f1b2a4'),
 ('46', '1', '1', 'paso-paso-back.jpg', 'image', '1042', '700', '44106', '2017-12-28 19:06:40', '2017-12-28 19:06:41', '2017-12-28 19:06:41', '345fc22c-2518-4d5d-b697-83fc43e937fe'),
 ('47', '1', '1', 'proceso-migratorio-back.jpg', 'image', '1042', '700', '108066', '2017-12-28 19:21:59', '2017-12-28 19:21:59', '2017-12-28 19:21:59', 'b9fd09af-2455-44bd-960e-016633733e9c'),
 ('48', '1', '1', 'proceso-legal.jpg', 'image', '1773', '557', '45645', '2017-12-28 19:55:00', '2017-12-28 19:55:00', '2017-12-28 19:55:00', '1bea40cf-0e98-4e94-a37f-0c0195071b86'),
 ('50', '1', '1', 'proceso-legal-back.jpg', 'image', '1773', '557', '45645', '2017-12-28 19:56:09', '2017-12-28 19:56:09', '2017-12-28 19:56:09', 'ef042369-7822-4cac-b2ce-172897680d92'),
 ('51', '1', '1', 'familia.jpg', 'image', '1042', '700', '71873', '2017-12-28 21:27:09', '2017-12-28 21:27:09', '2017-12-28 21:27:09', '4913834b-fa53-4fe7-a5f2-4cca818b2236'),
 ('52', '1', '1', 'universidades.jpg', 'image', '1042', '700', '103595', '2017-12-28 21:27:09', '2017-12-28 21:27:09', '2017-12-28 21:27:09', '1af6c13d-7dc4-4954-b564-6f2f63732952'),
 ('53', '1', '1', 'doctores.jpg', 'image', '1042', '700', '57116', '2017-12-28 21:50:35', '2017-12-28 21:46:27', '2017-12-28 21:50:38', '33627835-1fe9-433d-99e5-167da822b5c8'),
 ('58', '1', '1', 'dr-nutis-fact.jpg', 'image', '1042', '700', '61577', '2017-12-28 22:04:33', '2017-12-28 22:04:33', '2017-12-28 22:04:33', 'fab4fde6-f458-4914-aa3c-473fb5f43336'),
 ('59', '1', '1', 'el-paso-back.jpg', 'image', '1042', '700', '102898', '2017-12-28 22:54:09', '2017-12-28 22:54:09', '2017-12-28 22:54:09', '1cd0083a-ac9a-4668-80cd-d4f15807d9ae'),
 ('60', '1', '1', 'in-town.jpg', 'image', '500', '307', '16608', '2017-12-28 23:15:26', '2017-12-28 23:15:26', '2017-12-28 23:15:26', 'a560020e-f60b-40f8-866c-0e6d0da04180'),
 ('61', '1', '1', 'independence-america.jpg', 'image', '500', '307', '12778', '2017-12-28 23:15:26', '2017-12-28 23:15:26', '2017-12-28 23:15:26', '987aaca9-90c2-44af-bfbb-bb137f64dcbb'),
 ('62', '1', '1', 'ramada.svg', 'image', '800', '214', '10628', '2017-12-28 23:15:26', '2017-12-28 23:15:26', '2017-12-28 23:15:26', '130b93b9-e666-498b-9e4d-82d4392687bb'),
 ('63', '1', '1', 'stay-america.jpg', 'image', '500', '307', '16106', '2017-12-28 23:15:26', '2017-12-28 23:15:26', '2017-12-28 23:15:26', 'bebf5b06-938a-4e29-a819-fac2220a4aa3'),
 ('64', '1', '1', 'studio6.jpg', 'image', '500', '307', '17302', '2017-12-28 23:15:27', '2017-12-28 23:15:27', '2017-12-28 23:15:27', '68d02b6b-240f-4963-84a2-c0fa504d1d0d'),
 ('65', '1', '1', 'woodsprings.jpg', 'image', '500', '307', '15016', '2017-12-28 23:15:27', '2017-12-28 23:15:27', '2017-12-28 23:15:27', '956c0dd3-f55a-45d2-b0e8-5a43f6f688de'),
 ('66', '1', '1', 'chase-suites.jpg', 'image', '500', '307', '15856', '2017-12-29 09:11:59', '2017-12-29 09:11:59', '2017-12-29 09:11:59', '707cb40c-15b7-4c6b-95af-9d325e932d27'),
 ('67', '1', '1', 'primer-corporate.jpg', 'image', '500', '307', '9845', '2017-12-29 09:11:59', '2017-12-29 09:11:59', '2017-12-29 09:11:59', 'c713d618-5716-4b43-b792-ea7a77611343'),
 ('68', '1', '1', 'airbnb.svg', 'image', '492', '154', '3554', '2017-12-29 09:18:11', '2017-12-29 09:18:11', '2017-12-29 09:18:11', 'a9531b28-d6c6-46c6-bc5f-9c7af05739ff'),
 ('69', '1', '1', 'uber.svg', 'image', '579', '121', '1740', '2017-12-29 09:30:02', '2017-12-29 09:30:02', '2017-12-29 09:30:02', '05db7b96-9f79-411b-aa47-a0071d5532c4'),
 ('70', '1', '1', 'faqs.jpg', 'image', '1042', '700', '43946', '2017-12-31 02:26:47', '2017-12-31 02:26:47', '2017-12-31 02:26:47', 'fec61e7c-ec0d-4c97-8b65-221d5de4d52f'),
 ('71', '1', '1', 'cover.jpg', 'image', '1600', '863', '98379', '2017-12-31 03:30:23', '2017-12-31 03:30:23', '2017-12-31 03:30:23', '70163771-c30d-449b-872e-3c649181c9f0'),
 ('74', '1', '1', 'precios-cover.jpg', 'image', '1600', '863', '68982', '2017-12-31 04:04:12', '2017-12-31 04:04:12', '2017-12-31 04:04:12', 'b3c2f2f6-67f9-450b-b234-5c5e562eb5c0'),
 ('75', '1', '1', 'paso-paso-cover.jpg', 'image', '1600', '863', '64956', '2017-12-31 04:14:04', '2017-12-31 04:14:04', '2017-12-31 04:14:04', 'b7fb5328-d59b-4f4b-9700-c6c639f10aef'),
 ('76', '1', '1', 'proceso-migratorio-cover.jpg', 'image', '1600', '863', '98022', '2017-12-31 04:16:03', '2017-12-31 04:16:03', '2017-12-31 04:16:03', '71618516-a062-463b-9668-a060930fb11f'),
 ('77', '1', '1', 'doctores-cover.jpg', 'image', '1600', '863', '68249', '2017-12-31 04:17:07', '2017-12-31 04:17:07', '2017-12-31 04:17:07', '1615a029-c16a-46f4-b64e-a7d15b7f5768'),
 ('78', '1', '1', 'hospedaje-cover.jpg', 'image', '1600', '863', '90385', '2017-12-31 04:18:32', '2017-12-31 04:18:32', '2017-12-31 04:18:32', '06906e28-860f-42c3-bae7-17b44201fb84'),
 ('79', '1', '1', 'faqs-cover.jpg', 'image', '1600', '863', '65961', '2017-12-31 04:20:29', '2017-12-31 04:20:29', '2017-12-31 04:20:29', '33400c60-74fb-4320-a748-3a38e2ad48fb'),
 ('80', '1', '1', 'car.jpg', 'image', '1008', '456', '38453', '2017-12-31 06:22:10', '2017-12-31 06:17:28', '2017-12-31 06:22:11', '74382d34-8712-4339-a86c-ae46ba3a30c0'),
 ('82', '1', '1', '404-cover.jpg', 'image', '1400', '1081', '77074', '2017-12-31 07:26:53', '2017-12-31 07:26:53', '2017-12-31 07:26:53', 'dad67d59-841e-43b5-9c33-e24fac103974');



DROP TABLE IF EXISTS `craft_assetfolders`;


--
-- Schema for table `craft_assetfolders`
--
CREATE TABLE `craft_assetfolders` (
  `id` int(11) NOT NULL AUTO_INCREMENT,
  `parentId` int(11) DEFAULT NULL,
  `sourceId` int(11) DEFAULT NULL,
  `name` varchar(255) COLLATE utf8_unicode_ci NOT NULL,
  `path` varchar(255) COLLATE utf8_unicode_ci DEFAULT NULL,
  `dateCreated` datetime NOT NULL,
  `dateUpdated` datetime NOT NULL,
  `uid` char(36) COLLATE utf8_unicode_ci NOT NULL DEFAULT '0',
  PRIMARY KEY (`id`),
  UNIQUE KEY `craft_assetfolders_name_parentId_sourceId_unq_idx` (`name`,`parentId`,`sourceId`),
  KEY `craft_assetfolders_parentId_fk` (`parentId`),
  KEY `craft_assetfolders_sourceId_fk` (`sourceId`)
) ENGINE=InnoDB AUTO_INCREMENT=2 DEFAULT CHARSET=utf8 COLLATE=utf8_unicode_ci;

--
-- Data for table `craft_assetfolders`
--

INSERT INTO `craft_assetfolders` (`id`, `parentId`, `sourceId`, `name`, `path`, `dateCreated`, `dateUpdated`, `uid`) VALUES
 ('1', NULL, '1', 'Activos', '', '2017-12-24 15:06:02', '2017-12-24 15:06:02', 'b0cd66a5-73fb-4826-86e0-96c2f6cb430c');



DROP TABLE IF EXISTS `craft_assetindexdata`;


--
-- Schema for table `craft_assetindexdata`
--
CREATE TABLE `craft_assetindexdata` (
  `id` int(11) NOT NULL AUTO_INCREMENT,
  `sessionId` varchar(36) COLLATE utf8_unicode_ci NOT NULL DEFAULT '',
  `sourceId` int(10) NOT NULL,
  `offset` int(10) NOT NULL,
  `uri` varchar(255) COLLATE utf8_unicode_ci DEFAULT NULL,
  `size` varchar(255) COLLATE utf8_unicode_ci DEFAULT NULL,
  `recordId` int(10) DEFAULT NULL,
  `dateCreated` datetime NOT NULL,
  `dateUpdated` datetime NOT NULL,
  `uid` char(36) COLLATE utf8_unicode_ci NOT NULL DEFAULT '0',
  PRIMARY KEY (`id`),
  UNIQUE KEY `craft_assetindexdata_sessionId_sourceId_offset_unq_idx` (`sessionId`,`sourceId`,`offset`),
  KEY `craft_assetindexdata_sourceId_fk` (`sourceId`)
) ENGINE=InnoDB DEFAULT CHARSET=utf8 COLLATE=utf8_unicode_ci;

DROP TABLE IF EXISTS `craft_assetsources`;


--
-- Schema for table `craft_assetsources`
--
CREATE TABLE `craft_assetsources` (
  `id` int(11) NOT NULL AUTO_INCREMENT,
  `name` varchar(255) COLLATE utf8_unicode_ci NOT NULL,
  `handle` varchar(255) COLLATE utf8_unicode_ci NOT NULL,
  `type` varchar(150) COLLATE utf8_unicode_ci NOT NULL,
  `settings` text COLLATE utf8_unicode_ci,
  `sortOrder` smallint(6) unsigned DEFAULT NULL,
  `fieldLayoutId` int(10) DEFAULT NULL,
  `dateCreated` datetime NOT NULL,
  `dateUpdated` datetime NOT NULL,
  `uid` char(36) COLLATE utf8_unicode_ci NOT NULL DEFAULT '0',
  PRIMARY KEY (`id`),
  UNIQUE KEY `craft_assetsources_name_unq_idx` (`name`),
  UNIQUE KEY `craft_assetsources_handle_unq_idx` (`handle`),
  KEY `craft_assetsources_fieldLayoutId_fk` (`fieldLayoutId`)
) ENGINE=InnoDB AUTO_INCREMENT=2 DEFAULT CHARSET=utf8 COLLATE=utf8_unicode_ci;

--
-- Data for table `craft_assetsources`
--

INSERT INTO `craft_assetsources` (`id`, `name`, `handle`, `type`, `settings`, `sortOrder`, `fieldLayoutId`, `dateCreated`, `dateUpdated`, `uid`) VALUES
 ('1', 'Activos', 'assets', 'Local', '{\"path\":\"assets\\/img\\/\",\"publicURLs\":\"1\",\"url\":\"{baseUrl}assets\\/img\\/\"}', '1', '6', '2017-12-24 15:06:02', '2017-12-24 15:06:02', 'f245510b-04d3-4c8c-ba9b-edbaa3af4019');



DROP TABLE IF EXISTS `craft_assettransformindex`;


--
-- Schema for table `craft_assettransformindex`
--
CREATE TABLE `craft_assettransformindex` (
  `id` int(11) NOT NULL AUTO_INCREMENT,
  `fileId` int(11) NOT NULL,
  `filename` varchar(255) COLLATE utf8_unicode_ci DEFAULT NULL,
  `format` varchar(255) COLLATE utf8_unicode_ci DEFAULT NULL,
  `location` varchar(255) COLLATE utf8_unicode_ci NOT NULL,
  `sourceId` int(11) DEFAULT NULL,
  `fileExists` tinyint(1) DEFAULT NULL,
  `inProgress` tinyint(1) DEFAULT NULL,
  `dateIndexed` datetime DEFAULT NULL,
  `dateCreated` datetime NOT NULL,
  `dateUpdated` datetime NOT NULL,
  `uid` char(36) COLLATE utf8_unicode_ci NOT NULL DEFAULT '0',
  PRIMARY KEY (`id`),
  KEY `craft_assettransformindex_sourceId_fileId_location_idx` (`sourceId`,`fileId`,`location`)
) ENGINE=InnoDB DEFAULT CHARSET=utf8 COLLATE=utf8_unicode_ci;

DROP TABLE IF EXISTS `craft_assettransforms`;


--
-- Schema for table `craft_assettransforms`
--
CREATE TABLE `craft_assettransforms` (
  `id` int(11) NOT NULL AUTO_INCREMENT,
  `name` varchar(255) COLLATE utf8_unicode_ci NOT NULL,
  `handle` varchar(255) COLLATE utf8_unicode_ci NOT NULL,
  `mode` enum('stretch','fit','crop') COLLATE utf8_unicode_ci NOT NULL DEFAULT 'crop',
  `position` enum('top-left','top-center','top-right','center-left','center-center','center-right','bottom-left','bottom-center','bottom-right') COLLATE utf8_unicode_ci NOT NULL DEFAULT 'center-center',
  `height` int(10) DEFAULT NULL,
  `width` int(10) DEFAULT NULL,
  `format` varchar(255) COLLATE utf8_unicode_ci DEFAULT NULL,
  `quality` int(10) DEFAULT NULL,
  `dimensionChangeTime` datetime DEFAULT NULL,
  `dateCreated` datetime NOT NULL,
  `dateUpdated` datetime NOT NULL,
  `uid` char(36) COLLATE utf8_unicode_ci NOT NULL DEFAULT '0',
  PRIMARY KEY (`id`),
  UNIQUE KEY `craft_assettransforms_name_unq_idx` (`name`),
  UNIQUE KEY `craft_assettransforms_handle_unq_idx` (`handle`)
) ENGINE=InnoDB DEFAULT CHARSET=utf8 COLLATE=utf8_unicode_ci;

DROP TABLE IF EXISTS `craft_categories`;


--
-- Schema for table `craft_categories`
--
CREATE TABLE `craft_categories` (
  `id` int(11) NOT NULL,
  `groupId` int(11) NOT NULL,
  `dateCreated` datetime NOT NULL,
  `dateUpdated` datetime NOT NULL,
  `uid` char(36) COLLATE utf8_unicode_ci NOT NULL DEFAULT '0',
  PRIMARY KEY (`id`),
  KEY `craft_categories_groupId_fk` (`groupId`)
) ENGINE=InnoDB DEFAULT CHARSET=utf8 COLLATE=utf8_unicode_ci;

DROP TABLE IF EXISTS `craft_categorygroups`;


--
-- Schema for table `craft_categorygroups`
--
CREATE TABLE `craft_categorygroups` (
  `id` int(11) NOT NULL AUTO_INCREMENT,
  `structureId` int(11) NOT NULL,
  `fieldLayoutId` int(11) DEFAULT NULL,
  `name` varchar(255) COLLATE utf8_unicode_ci NOT NULL,
  `handle` varchar(255) COLLATE utf8_unicode_ci NOT NULL,
  `hasUrls` tinyint(1) unsigned NOT NULL DEFAULT '1',
  `template` varchar(500) COLLATE utf8_unicode_ci DEFAULT NULL,
  `dateCreated` datetime NOT NULL,
  `dateUpdated` datetime NOT NULL,
  `uid` char(36) COLLATE utf8_unicode_ci NOT NULL DEFAULT '0',
  PRIMARY KEY (`id`),
  UNIQUE KEY `craft_categorygroups_name_unq_idx` (`name`),
  UNIQUE KEY `craft_categorygroups_handle_unq_idx` (`handle`),
  KEY `craft_categorygroups_structureId_fk` (`structureId`),
  KEY `craft_categorygroups_fieldLayoutId_fk` (`fieldLayoutId`)
) ENGINE=InnoDB DEFAULT CHARSET=utf8 COLLATE=utf8_unicode_ci;

DROP TABLE IF EXISTS `craft_categorygroups_i18n`;


--
-- Schema for table `craft_categorygroups_i18n`
--
CREATE TABLE `craft_categorygroups_i18n` (
  `id` int(11) NOT NULL AUTO_INCREMENT,
  `groupId` int(11) NOT NULL,
  `locale` char(12) COLLATE utf8_unicode_ci NOT NULL,
  `urlFormat` text COLLATE utf8_unicode_ci,
  `nestedUrlFormat` text COLLATE utf8_unicode_ci,
  `dateCreated` datetime NOT NULL,
  `dateUpdated` datetime NOT NULL,
  `uid` char(36) COLLATE utf8_unicode_ci NOT NULL DEFAULT '0',
  PRIMARY KEY (`id`),
  UNIQUE KEY `craft_categorygroups_i18n_groupId_locale_unq_idx` (`groupId`,`locale`),
  KEY `craft_categorygroups_i18n_locale_fk` (`locale`)
) ENGINE=InnoDB DEFAULT CHARSET=utf8 COLLATE=utf8_unicode_ci;

DROP TABLE IF EXISTS `craft_content`;


--
-- Schema for table `craft_content`
--
CREATE TABLE `craft_content` (
  `id` int(11) NOT NULL AUTO_INCREMENT,
  `elementId` int(11) NOT NULL,
  `locale` char(12) COLLATE utf8_unicode_ci NOT NULL,
  `title` varchar(255) COLLATE utf8_unicode_ci DEFAULT NULL,
  `field_body` text COLLATE utf8_unicode_ci,
  `field_seoPagina` text COLLATE utf8_unicode_ci,
  `dateCreated` datetime NOT NULL,
  `dateUpdated` datetime NOT NULL,
  `uid` char(36) COLLATE utf8_unicode_ci NOT NULL DEFAULT '0',
  PRIMARY KEY (`id`),
  UNIQUE KEY `craft_content_elementId_locale_unq_idx` (`elementId`,`locale`),
  KEY `craft_content_title_idx` (`title`),
  KEY `craft_content_locale_fk` (`locale`)
) ENGINE=InnoDB AUTO_INCREMENT=83 DEFAULT CHARSET=utf8 COLLATE=utf8_unicode_ci;

--
-- Data for table `craft_content`
--

INSERT INTO `craft_content` (`id`, `elementId`, `locale`, `title`, `field_body`, `field_seoPagina`, `dateCreated`, `dateUpdated`, `uid`) VALUES
 ('1', '1', 'es', NULL, NULL, NULL, '2017-12-24 03:05:18', '2017-12-24 03:05:18', 'f1903953-652f-4af4-ba71-e536f15cecee'),
 ('2', '2', 'es', 'Homepage', '<p>Ten a tu bebé en Estados Unidos. Nuestro programa es 100% legal, sin repercusiones migratorias a tu visa. Te damos el seguimiento y herramientas necesarias.</p>', '{\"id\":null,\"enabled\":1,\"archived\":0,\"locale\":\"es\",\"localeEnabled\":1,\"slug\":null,\"uri\":null,\"dateCreated\":null,\"dateUpdated\":null,\"root\":null,\"lft\":null,\"rgt\":null,\"level\":null,\"searchScore\":null,\"elementId\":0,\"metaType\":\"template\",\"metaPath\":\"\",\"seoMainEntityCategory\":\"CreativeWork\",\"seoMainEntityOfPage\":\"WebPage\",\"seoTitle\":\"Inicio\",\"seoDescription\":\"Ten a tu beb\\u00e9 en Estados Unidos. Nuestro programa es 100% legal, sin repercusiones migratorias a tu visa. Te damos el seguimiento y herramientas necesarias.\",\"seoKeywords\":\"nacionalidad, americana, bebe, estados unidos, nacimiento, proceso, parto, dar a luz, precios, paso a paso, proceso, migratorio, doctores, hospedaje, preguntas\",\"seoImageTransform\":\"\",\"seoFacebookImageTransform\":\"\",\"seoTwitterImageTransform\":\"\",\"twitterCardType\":\"summary_large_image\",\"openGraphType\":\"website\",\"robots\":\"all\",\"seoImageId\":[\"71\"],\"seoTwitterImageId\":\"71\",\"seoFacebookImageId\":\"71\",\"canonicalUrlOverride\":\"\",\"seoTitleUnparsed\":\"Inicio\",\"seoDescriptionUnparsed\":\"Ten a tu beb\\u00e9 en Estados Unidos. Nuestro programa es 100% legal, sin repercusiones migratorias a tu visa. Te damos el seguimiento y herramientas necesarias.\",\"seoKeywordsUnparsed\":\"nacionalidad, americana, bebe, estados unidos, nacimiento, proceso, parto, dar a luz, precios, paso a paso, proceso, migratorio, doctores, hospedaje, preguntas\",\"seoTitleSource\":\"custom\",\"seoTitleSourceField\":\"title\",\"seoDescriptionSource\":\"field\",\"seoDescriptionSourceField\":\"body\",\"seoKeywordsSource\":\"custom\",\"seoKeywordsSourceField\":\"title\",\"seoImageIdSource\":\"custom\",\"seoImageIdSourceField\":\"featuredImage\",\"seoTwitterImageIdSource\":\"field\",\"seoTwitterImageIdSourceField\":\"featuredImage\",\"seoFacebookImageIdSource\":\"field\",\"seoFacebookImageIdSourceField\":\"featuredImage\",\"seoCommerceVariants\":null,\"__model__\":\"Craft\\\\Seomatic_MetaFieldModel\"}', '2017-12-24 03:05:19', '2017-12-31 04:01:39', '3fbb9d47-898b-46bb-8585-323d1c198e54'),
 ('3', '3', 'es', 'We just installed Craft!', '<p>Craft is the CMS that’s powering 165.227.214.220. It’s beautiful, powerful, flexible, and easy-to-use, and it’s made by Pixel &amp; Tonic. We can’t wait to dive in and see what it’s capable of!</p><!--pagebreak--><p>This is even more captivating content, which you couldn’t see on the News index page because it was entered after a Page Break, and the News index template only likes to show the content on the first page.</p><p>Craft: a nice alternative to Word, if you’re making a website.</p>', NULL, '2017-12-24 03:05:20', '2017-12-24 03:05:20', '7f99ccc3-5a75-46dd-80bb-805faa9e0478'),
 ('4', '4', 'es', 'Pink Wave', NULL, NULL, '2017-12-25 18:46:50', '2017-12-25 18:46:50', 'ca253f42-4ca4-4503-8796-68615f3bcd57'),
 ('6', '6', 'es', 'Logo Color', NULL, NULL, '2017-12-25 18:47:05', '2017-12-25 18:47:05', '9c480cda-f51a-47b4-ac56-294f62424df0'),
 ('8', '8', 'es', 'Logo Blanco', NULL, NULL, '2017-12-25 18:47:27', '2017-12-25 18:47:27', '5ca7d660-924c-435a-890c-b137eaf94ffd'),
 ('10', '10', 'es', 'Main Cover', NULL, NULL, '2017-12-25 19:43:23', '2017-12-25 19:43:23', 'd97f8755-984c-4546-b173-4984fd4f8d3f'),
 ('11', '11', 'es', 'Us Logo', NULL, NULL, '2017-12-26 02:34:45', '2017-12-26 02:34:45', 'ab4a585b-f623-4ca2-8ede-38bb90acfb88'),
 ('12', '12', 'es', 'White Wave', NULL, NULL, '2017-12-26 02:44:37', '2017-12-26 03:14:24', 'e08d6e60-73e7-400d-a180-d82a57eb5fa5'),
 ('16', '16', 'es', 'Iso Logo', NULL, NULL, '2017-12-26 04:56:33', '2017-12-26 04:56:33', '68368e56-5785-40e4-b54c-884cfe601024'),
 ('17', '17', 'es', 'Doctor Nutis', NULL, NULL, '2017-12-26 07:08:00', '2017-12-26 07:12:48', '0008e268-6ddc-47be-8617-9da5c893a543'),
 ('19', '19', 'es', 'Preparacion', NULL, NULL, '2017-12-26 07:54:50', '2017-12-26 07:54:50', 'b487c371-8212-468b-afde-968435bf2e48'),
 ('20', '20', 'es', 'Avion', NULL, NULL, '2017-12-26 07:54:50', '2017-12-26 07:54:50', '9e07faf6-8ed2-4129-9714-b0b3974bb69b'),
 ('21', '21', 'es', 'Espera', NULL, NULL, '2017-12-26 07:54:51', '2017-12-26 07:54:51', '74208c9f-efae-4590-b159-9fa12768b69b'),
 ('22', '22', 'es', 'Nacimiento', NULL, NULL, '2017-12-26 07:54:51', '2017-12-26 07:54:51', 'ea70d7e1-3d12-47a7-88b1-88c87446f512'),
 ('23', '23', 'es', 'Parto', NULL, NULL, '2017-12-26 07:54:51', '2017-12-26 07:54:51', '17b23d44-caeb-4986-bd36-6892eee961a8'),
 ('24', '24', 'es', 'Preparacion', NULL, NULL, '2017-12-26 08:45:45', '2017-12-26 08:46:43', 'ce29b7ee-4e46-4261-8852-fc9a8f5b721b'),
 ('26', '26', 'es', 'Espera', NULL, NULL, '2017-12-26 09:18:07', '2017-12-26 09:18:07', '03967473-c79f-4151-b382-a0aa53cb2ca1'),
 ('27', '27', 'es', 'Llegada', NULL, NULL, '2017-12-26 09:18:08', '2017-12-26 09:18:08', 'f6258aa0-1eb1-4a01-a8db-23494f1cd293'),
 ('28', '28', 'es', 'Nacimiento', NULL, NULL, '2017-12-26 09:18:08', '2017-12-26 09:18:08', '15c69867-0e99-45a4-97c8-b38e88638ad7'),
 ('29', '29', 'es', 'Parto', NULL, NULL, '2017-12-26 09:18:08', '2017-12-26 09:18:08', 'b77449c2-0c99-41cd-96a7-0111276d19a5'),
 ('30', '30', 'es', 'Regreso', NULL, NULL, '2017-12-26 09:18:09', '2017-12-26 09:18:09', '57b495d3-b6a2-4dcb-9296-6ab325dc3f14'),
 ('31', '31', 'es', 'Las Palmas', NULL, NULL, '2017-12-26 09:38:27', '2017-12-26 10:11:40', '99363a74-c5b9-4818-b88b-f61399ca1c0a'),
 ('33', '33', 'es', 'Las Palmas Logo', NULL, NULL, '2017-12-26 09:47:10', '2017-12-26 09:47:10', 'c222943f-b3eb-4c04-95de-e466727baed1'),
 ('37', '37', 'es', 'Precios', '<p>Conoce los precios para tener a tu bebé en Estados Unidos. Nuestro programa es 100% legal, sin repercusiones migratorias a tu visa.</p>', '{\"id\":null,\"enabled\":1,\"archived\":0,\"locale\":\"es\",\"localeEnabled\":1,\"slug\":null,\"uri\":null,\"dateCreated\":null,\"dateUpdated\":null,\"root\":null,\"lft\":null,\"rgt\":null,\"level\":null,\"searchScore\":null,\"elementId\":0,\"metaType\":\"template\",\"metaPath\":\"\",\"seoMainEntityCategory\":\"CreativeWork\",\"seoMainEntityOfPage\":\"WebPage\",\"seoTitle\":\"Precios\",\"seoDescription\":\"Conoce los precios para tener a tu beb\\u00e9 en Estados Unidos. Nuestro programa es 100% legal, sin repercusiones migratorias a tu visa.\",\"seoKeywords\":\"nacionalidad, americana, bebe, estados unidos, nacimiento, proceso, parto, dar a luz, precios, paso a paso, proceso, migratorio, doctores, hospedaje, preguntas\",\"seoImageTransform\":\"\",\"seoFacebookImageTransform\":\"\",\"seoTwitterImageTransform\":\"\",\"twitterCardType\":\"summary_large_image\",\"openGraphType\":\"website\",\"robots\":\"all\",\"seoImageId\":\"74\",\"seoTwitterImageId\":\"74\",\"seoFacebookImageId\":\"74\",\"canonicalUrlOverride\":\"\",\"seoTitleUnparsed\":\"Precios\",\"seoDescriptionUnparsed\":\"Conoce los precios para tener a tu beb\\u00e9 en Estados Unidos. Nuestro programa es 100% legal, sin repercusiones migratorias a tu visa.\",\"seoKeywordsUnparsed\":\"nacionalidad, americana, bebe, estados unidos, nacimiento, proceso, parto, dar a luz, precios, paso a paso, proceso, migratorio, doctores, hospedaje, preguntas\",\"seoTitleSource\":\"field\",\"seoTitleSourceField\":\"title\",\"seoDescriptionSource\":\"field\",\"seoDescriptionSourceField\":\"body\",\"seoKeywordsSource\":\"custom\",\"seoKeywordsSourceField\":\"title\",\"seoImageIdSource\":\"field\",\"seoImageIdSourceField\":\"featuredImage\",\"seoTwitterImageIdSource\":\"field\",\"seoTwitterImageIdSourceField\":\"featuredImage\",\"seoFacebookImageIdSource\":\"field\",\"seoFacebookImageIdSourceField\":\"featuredImage\",\"seoCommerceVariants\":null,\"__model__\":\"Craft\\\\Seomatic_MetaFieldModel\"}', '2017-12-27 21:32:28', '2017-12-31 04:07:53', 'b201547c-cf9e-43bb-8586-a37d813e7019'),
 ('38', '38', 'es', 'Precios', NULL, NULL, '2017-12-28 07:23:45', '2017-12-28 07:23:45', 'e0c1a881-0179-485a-bd11-68e777995820'),
 ('39', '39', 'es', 'Dr Nutis Small', NULL, NULL, '2017-12-28 07:52:55', '2017-12-28 07:52:55', 'b7502e85-e1be-4f94-99c7-51fbb0a41879'),
 ('40', '40', 'es', 'Pediatra', NULL, NULL, '2017-12-28 08:01:56', '2017-12-28 08:02:18', '83813436-0443-41b1-8205-6a37b7a2469f'),
 ('41', '41', 'es', 'Anestesiologo Small', NULL, NULL, '2017-12-28 08:04:02', '2017-12-28 08:04:02', '73ff331f-2d46-4d83-af78-1a8290f48c6f'),
 ('42', '42', 'es', 'Del Sol Small', NULL, NULL, '2017-12-28 08:04:02', '2017-12-28 08:04:02', '465b2186-bb80-486a-8421-afe64f646e44'),
 ('43', '43', 'es', 'Financiamiento Back', NULL, NULL, '2017-12-28 08:21:33', '2017-12-28 09:03:08', '7b232f41-b272-499e-969b-71a21e4a7fb3'),
 ('45', '45', 'es', 'Financiamiento', NULL, NULL, '2017-12-28 09:08:23', '2017-12-28 09:08:46', 'd20d3ca4-8894-48e4-b949-483869876f43'),
 ('46', '46', 'es', 'Paso Paso Back', NULL, NULL, '2017-12-28 19:06:41', '2017-12-28 19:06:41', '367fe0e0-001d-4bae-8d0b-14021bdcfa0b'),
 ('47', '47', 'es', 'Proceso Migratorio Back', NULL, NULL, '2017-12-28 19:21:59', '2017-12-28 19:21:59', '87fbb5e6-10c5-4473-975d-7c3458fc8fb3'),
 ('48', '48', 'es', 'Proceso Legal', NULL, NULL, '2017-12-28 19:55:00', '2017-12-28 19:55:00', '19946d42-55e8-47af-8e20-eb30b8094a75'),
 ('50', '50', 'es', 'Proceso Legal Back', NULL, NULL, '2017-12-28 19:56:09', '2017-12-28 19:56:09', 'ab9d3b6c-23c3-4f08-b6ad-e514210c9150'),
 ('51', '51', 'es', 'Familia', NULL, NULL, '2017-12-28 21:27:09', '2017-12-28 21:27:09', '093276ed-1b9f-46f2-acd1-e28bd574864d'),
 ('52', '52', 'es', 'Universidades', NULL, NULL, '2017-12-28 21:27:09', '2017-12-28 21:27:09', '8e319864-10ce-4416-aa19-550dad67ac92'),
 ('53', '53', 'es', 'Doctores', NULL, NULL, '2017-12-28 21:46:27', '2017-12-28 21:50:38', '4a06776b-9dfa-4f81-b04d-db1bb5908c90'),
 ('54', '54', 'es', 'Paso a Paso', '<p>El paso a paso para tener a tu bebé en Estados Unidos. Nuestro programa es 100% legal, sin repercusiones migratorias a tu visa.</p>', '{\"id\":null,\"enabled\":1,\"archived\":0,\"locale\":\"es\",\"localeEnabled\":1,\"slug\":null,\"uri\":null,\"dateCreated\":null,\"dateUpdated\":null,\"root\":null,\"lft\":null,\"rgt\":null,\"level\":null,\"searchScore\":null,\"elementId\":0,\"metaType\":\"template\",\"metaPath\":\"\",\"seoMainEntityCategory\":\"CreativeWork\",\"seoMainEntityOfPage\":\"WebPage\",\"seoTitle\":\"Paso a Paso\",\"seoDescription\":\"El paso a paso para tener a tu beb\\u00e9 en Estados Unidos. Nuestro programa es 100% legal, sin repercusiones migratorias a tu visa.\",\"seoKeywords\":\"nacionalidad, americana, bebe, estados unidos, nacimiento, proceso, parto, dar a luz, precios, paso a paso, proceso, migratorio, doctores, hospedaje, preguntas\",\"seoImageTransform\":\"\",\"seoFacebookImageTransform\":\"\",\"seoTwitterImageTransform\":\"\",\"twitterCardType\":\"summary_large_image\",\"openGraphType\":\"website\",\"robots\":\"all\",\"seoImageId\":\"75\",\"seoTwitterImageId\":\"75\",\"seoFacebookImageId\":\"75\",\"canonicalUrlOverride\":\"\",\"seoTitleUnparsed\":\"Paso a Paso\",\"seoDescriptionUnparsed\":\"El paso a paso para tener a tu beb\\u00e9 en Estados Unidos. Nuestro programa es 100% legal, sin repercusiones migratorias a tu visa.\",\"seoKeywordsUnparsed\":\"nacionalidad, americana, bebe, estados unidos, nacimiento, proceso, parto, dar a luz, precios, paso a paso, proceso, migratorio, doctores, hospedaje, preguntas\",\"seoTitleSource\":\"field\",\"seoTitleSourceField\":\"title\",\"seoDescriptionSource\":\"field\",\"seoDescriptionSourceField\":\"body\",\"seoKeywordsSource\":\"custom\",\"seoKeywordsSourceField\":\"title\",\"seoImageIdSource\":\"field\",\"seoImageIdSourceField\":\"featuredImage\",\"seoTwitterImageIdSource\":\"field\",\"seoTwitterImageIdSourceField\":\"featuredImage\",\"seoFacebookImageIdSource\":\"field\",\"seoFacebookImageIdSourceField\":\"featuredImage\",\"seoCommerceVariants\":null,\"__model__\":\"Craft\\\\Seomatic_MetaFieldModel\"}', '2017-12-28 21:47:14', '2017-12-31 04:14:20', '152310bd-d15c-4760-a288-949a41fcdddb'),
 ('55', '55', 'es', 'Proceso Migratorio', '<p>Conoce el proceso migratorio para tener a tu bebé en Estados Unidos. Nuestro programa es 100% legal, sin repercusiones migratorias a tu visa.</p>', '{\"id\":null,\"enabled\":1,\"archived\":0,\"locale\":\"es\",\"localeEnabled\":1,\"slug\":null,\"uri\":null,\"dateCreated\":null,\"dateUpdated\":null,\"root\":null,\"lft\":null,\"rgt\":null,\"level\":null,\"searchScore\":null,\"elementId\":0,\"metaType\":\"template\",\"metaPath\":\"\",\"seoMainEntityCategory\":\"CreativeWork\",\"seoMainEntityOfPage\":\"WebPage\",\"seoTitle\":\"Proceso Migratorio\",\"seoDescription\":\"Conoce el proceso migratorio para tener a tu beb\\u00e9 en Estados Unidos. Nuestro programa es 100% legal, sin repercusiones migratorias a tu visa.\",\"seoKeywords\":\"nacionalidad, americana, bebe, estados unidos, nacimiento, proceso, parto, dar a luz, precios, paso a paso, proceso, migratorio, doctores, hospedaje, preguntas\",\"seoImageTransform\":\"\",\"seoFacebookImageTransform\":\"\",\"seoTwitterImageTransform\":\"\",\"twitterCardType\":\"summary_large_image\",\"openGraphType\":\"website\",\"robots\":\"all\",\"seoImageId\":\"76\",\"seoTwitterImageId\":\"76\",\"seoFacebookImageId\":\"76\",\"canonicalUrlOverride\":\"\",\"seoTitleUnparsed\":\"Proceso Migratorio\",\"seoDescriptionUnparsed\":\"Conoce el proceso migratorio para tener a tu beb\\u00e9 en Estados Unidos. Nuestro programa es 100% legal, sin repercusiones migratorias a tu visa.\",\"seoKeywordsUnparsed\":\"nacionalidad, americana, bebe, estados unidos, nacimiento, proceso, parto, dar a luz, precios, paso a paso, proceso, migratorio, doctores, hospedaje, preguntas\",\"seoTitleSource\":\"field\",\"seoTitleSourceField\":\"title\",\"seoDescriptionSource\":\"field\",\"seoDescriptionSourceField\":\"body\",\"seoKeywordsSource\":\"custom\",\"seoKeywordsSourceField\":\"title\",\"seoImageIdSource\":\"field\",\"seoImageIdSourceField\":\"featuredImage\",\"seoTwitterImageIdSource\":\"field\",\"seoTwitterImageIdSourceField\":\"featuredImage\",\"seoFacebookImageIdSource\":\"field\",\"seoFacebookImageIdSourceField\":\"featuredImage\",\"seoCommerceVariants\":null,\"__model__\":\"Craft\\\\Seomatic_MetaFieldModel\"}', '2017-12-28 21:47:27', '2017-12-31 04:16:10', '6b6dbfa5-4f10-49b0-adaf-8e310a24deb0'),
 ('56', '56', 'es', 'Doctores', 'Conoce al equipo de doctores para tener a tu bebé en Estados Unidos. Nuestro programa es 100% legal, sin repercusiones migratorias a tu visa.', '{\"id\":null,\"enabled\":1,\"archived\":0,\"locale\":\"es\",\"localeEnabled\":1,\"slug\":null,\"uri\":null,\"dateCreated\":null,\"dateUpdated\":null,\"root\":null,\"lft\":null,\"rgt\":null,\"level\":null,\"searchScore\":null,\"elementId\":0,\"metaType\":\"template\",\"metaPath\":\"\",\"seoMainEntityCategory\":\"CreativeWork\",\"seoMainEntityOfPage\":\"WebPage\",\"seoTitle\":\"Doctores\",\"seoDescription\":\"Conoce al equipo de doctores para tener a tu beb\\u00e9 en Estados Unidos. Nuestro programa es 100% legal, sin repercusiones migratorias a tu visa.\",\"seoKeywords\":\"nacionalidad, americana, bebe, estados unidos, nacimiento, proceso, parto, dar a luz, precios, paso a paso, proceso, migratorio, doctores, hospedaje, preguntas\",\"seoImageTransform\":\"\",\"seoFacebookImageTransform\":\"\",\"seoTwitterImageTransform\":\"\",\"twitterCardType\":\"summary_large_image\",\"openGraphType\":\"website\",\"robots\":\"all\",\"seoImageId\":\"77\",\"seoTwitterImageId\":\"77\",\"seoFacebookImageId\":\"77\",\"canonicalUrlOverride\":\"\",\"seoTitleUnparsed\":\"Doctores\",\"seoDescriptionUnparsed\":\"Conoce al equipo de doctores para tener a tu beb\\u00e9 en Estados Unidos. Nuestro programa es 100% legal, sin repercusiones migratorias a tu visa.\",\"seoKeywordsUnparsed\":\"nacionalidad, americana, bebe, estados unidos, nacimiento, proceso, parto, dar a luz, precios, paso a paso, proceso, migratorio, doctores, hospedaje, preguntas\",\"seoTitleSource\":\"field\",\"seoTitleSourceField\":\"title\",\"seoDescriptionSource\":\"field\",\"seoDescriptionSourceField\":\"body\",\"seoKeywordsSource\":\"custom\",\"seoKeywordsSourceField\":\"title\",\"seoImageIdSource\":\"field\",\"seoImageIdSourceField\":\"featuredImage\",\"seoTwitterImageIdSource\":\"field\",\"seoTwitterImageIdSourceField\":\"featuredImage\",\"seoFacebookImageIdSource\":\"field\",\"seoFacebookImageIdSourceField\":\"featuredImage\",\"seoCommerceVariants\":null,\"__model__\":\"Craft\\\\Seomatic_MetaFieldModel\"}', '2017-12-28 21:47:40', '2017-12-31 04:17:25', '41c11cc9-a66e-43b3-9344-9d97e67a1b08'),
 ('58', '58', 'es', 'Dr Nutis Fact', NULL, NULL, '2017-12-28 22:04:33', '2017-12-28 22:04:33', '7643b7d1-778a-4899-8be4-33ef110f6477'),
 ('59', '59', 'es', 'El Paso Back', NULL, NULL, '2017-12-28 22:54:09', '2017-12-28 22:54:09', '743a9d3a-055e-4192-81df-4b2ccf1eb5d5'),
 ('60', '60', 'es', 'In Town', NULL, NULL, '2017-12-28 23:15:26', '2017-12-28 23:15:26', '0338a975-63b7-4bb9-a07e-52c5d8ed914b'),
 ('61', '61', 'es', 'Independence America', NULL, NULL, '2017-12-28 23:15:26', '2017-12-28 23:15:26', '454de77f-90aa-4df3-b72d-fdd4989e0181'),
 ('62', '62', 'es', 'Ramada', NULL, NULL, '2017-12-28 23:15:26', '2017-12-28 23:15:26', 'e68ed8a9-1916-4c1a-99d6-6d984c57eee2'),
 ('63', '63', 'es', 'Stay America', NULL, NULL, '2017-12-28 23:15:26', '2017-12-28 23:15:26', '5bfe9baa-b276-412d-89e9-9b82c61aa00e'),
 ('64', '64', 'es', 'Studio6', NULL, NULL, '2017-12-28 23:15:27', '2017-12-28 23:15:27', '7a4ccb80-2aa9-4503-8433-07a24d9bb64a'),
 ('65', '65', 'es', 'Woodsprings', NULL, NULL, '2017-12-28 23:15:27', '2017-12-28 23:15:27', '843059a0-5aec-4bee-9504-88a9c768646f'),
 ('66', '66', 'es', 'Chase Suites', NULL, NULL, '2017-12-29 09:11:59', '2017-12-29 09:11:59', 'ba372721-e208-420e-8728-be890ac9b881'),
 ('67', '67', 'es', 'Primer Corporate', NULL, NULL, '2017-12-29 09:11:59', '2017-12-29 09:11:59', '9365f388-b8c9-4785-8ecb-0aa708f5b7e5'),
 ('68', '68', 'es', 'Airbnb', NULL, NULL, '2017-12-29 09:18:11', '2017-12-29 09:18:11', '3634d2ef-63ff-49fe-b444-89e3594eef84'),
 ('69', '69', 'es', 'Uber', NULL, NULL, '2017-12-29 09:30:02', '2017-12-29 09:30:02', '6d8514d0-46f4-4d05-a28d-4b157cdd27a6'),
 ('70', '70', 'es', 'Faqs', NULL, NULL, '2017-12-31 02:26:47', '2017-12-31 02:26:47', 'ac0ac680-ab9e-4d6b-babd-470997b40a34'),
 ('71', '71', 'es', 'Cover', NULL, NULL, '2017-12-31 03:30:23', '2017-12-31 03:30:23', '3d763b2b-ed8d-4856-be68-5ce92c5ba27f'),
 ('72', '72', 'es', 'Hospedaje', 'Donde hospedarte para tener a tu bebé en Estados Unidos. Nuestro programa es 100% legal, sin repercusiones migratorias a tu visa.', '{\"id\":null,\"enabled\":1,\"archived\":0,\"locale\":\"es\",\"localeEnabled\":1,\"slug\":null,\"uri\":null,\"dateCreated\":null,\"dateUpdated\":null,\"root\":null,\"lft\":null,\"rgt\":null,\"level\":null,\"searchScore\":null,\"elementId\":0,\"metaType\":\"template\",\"metaPath\":\"\",\"seoMainEntityCategory\":\"CreativeWork\",\"seoMainEntityOfPage\":\"WebPage\",\"seoTitle\":\"Hospedaje\",\"seoDescription\":\"Donde hospedarte para tener a tu beb\\u00e9 en Estados Unidos. Nuestro programa es 100% legal, sin repercusiones migratorias a tu visa.\",\"seoKeywords\":\"nacionalidad, americana, bebe, estados unidos, nacimiento, proceso, parto, dar a luz, precios, paso a paso, proceso, migratorio, doctores, hospedaje, preguntas\",\"seoImageTransform\":\"\",\"seoFacebookImageTransform\":\"\",\"seoTwitterImageTransform\":\"\",\"twitterCardType\":\"summary_large_image\",\"openGraphType\":\"website\",\"robots\":\"all\",\"seoImageId\":\"78\",\"seoTwitterImageId\":\"78\",\"seoFacebookImageId\":\"78\",\"canonicalUrlOverride\":\"\",\"seoTitleUnparsed\":\"Hospedaje\",\"seoDescriptionUnparsed\":\"Donde hospedarte para tener a tu beb\\u00e9 en Estados Unidos. Nuestro programa es 100% legal, sin repercusiones migratorias a tu visa.\",\"seoKeywordsUnparsed\":\"nacionalidad, americana, bebe, estados unidos, nacimiento, proceso, parto, dar a luz, precios, paso a paso, proceso, migratorio, doctores, hospedaje, preguntas\",\"seoTitleSource\":\"field\",\"seoTitleSourceField\":\"title\",\"seoDescriptionSource\":\"field\",\"seoDescriptionSourceField\":\"body\",\"seoKeywordsSource\":\"custom\",\"seoKeywordsSourceField\":\"title\",\"seoImageIdSource\":\"field\",\"seoImageIdSourceField\":\"featuredImage\",\"seoTwitterImageIdSource\":\"field\",\"seoTwitterImageIdSourceField\":\"featuredImage\",\"seoFacebookImageIdSource\":\"field\",\"seoFacebookImageIdSourceField\":\"featuredImage\",\"seoCommerceVariants\":null,\"__model__\":\"Craft\\\\Seomatic_MetaFieldModel\"}', '2017-12-31 03:32:38', '2017-12-31 04:18:58', '15e93f59-01fb-4f4f-9574-d92b4031cb37'),
 ('73', '73', 'es', 'FAQS', 'Las preguntas más frecuentes para tener a tu bebé en Estados Unidos. Nuestro programa es 100% legal, sin repercusiones migratorias a tu visa.', '{\"id\":null,\"enabled\":1,\"archived\":0,\"locale\":\"es\",\"localeEnabled\":1,\"slug\":null,\"uri\":null,\"dateCreated\":null,\"dateUpdated\":null,\"root\":null,\"lft\":null,\"rgt\":null,\"level\":null,\"searchScore\":null,\"elementId\":0,\"metaType\":\"template\",\"metaPath\":\"\",\"seoMainEntityCategory\":\"CreativeWork\",\"seoMainEntityOfPage\":\"WebPage\",\"seoTitle\":\"FAQS\",\"seoDescription\":\"Las preguntas m\\u00e1s frecuentes para tener a tu beb\\u00e9 en Estados Unidos. Nuestro programa es 100% legal, sin repercusiones migratorias a tu visa.\",\"seoKeywords\":\"nacionalidad, americana, bebe, estados unidos, nacimiento, proceso, parto, dar a luz, precios, paso a paso, proceso, migratorio, doctores, hospedaje, preguntas\",\"seoImageTransform\":\"\",\"seoFacebookImageTransform\":\"\",\"seoTwitterImageTransform\":\"\",\"twitterCardType\":\"summary_large_image\",\"openGraphType\":\"website\",\"robots\":\"all\",\"seoImageId\":\"79\",\"seoTwitterImageId\":\"79\",\"seoFacebookImageId\":\"79\",\"canonicalUrlOverride\":\"\",\"seoTitleUnparsed\":\"FAQS\",\"seoDescriptionUnparsed\":\"Las preguntas m\\u00e1s frecuentes para tener a tu beb\\u00e9 en Estados Unidos. Nuestro programa es 100% legal, sin repercusiones migratorias a tu visa.\",\"seoKeywordsUnparsed\":\"nacionalidad, americana, bebe, estados unidos, nacimiento, proceso, parto, dar a luz, precios, paso a paso, proceso, migratorio, doctores, hospedaje, preguntas\",\"seoTitleSource\":\"field\",\"seoTitleSourceField\":\"title\",\"seoDescriptionSource\":\"field\",\"seoDescriptionSourceField\":\"body\",\"seoKeywordsSource\":\"custom\",\"seoKeywordsSourceField\":\"title\",\"seoImageIdSource\":\"field\",\"seoImageIdSourceField\":\"featuredImage\",\"seoTwitterImageIdSource\":\"field\",\"seoTwitterImageIdSourceField\":\"featuredImage\",\"seoFacebookImageIdSource\":\"field\",\"seoFacebookImageIdSourceField\":\"featuredImage\",\"seoCommerceVariants\":null,\"__model__\":\"Craft\\\\Seomatic_MetaFieldModel\"}', '2017-12-31 03:33:00', '2017-12-31 04:20:35', '0db434b9-22c6-472c-a1ba-de7996af0478'),
 ('74', '74', 'es', 'Precios Cover', NULL, NULL, '2017-12-31 04:04:12', '2017-12-31 04:04:12', '04eb1d1e-68c7-4ce5-b0e6-8d1f885b6033'),
 ('75', '75', 'es', 'Paso Paso Cover', NULL, NULL, '2017-12-31 04:14:04', '2017-12-31 04:14:04', '4a798b82-8727-420c-8dae-a8fa3963eeef'),
 ('76', '76', 'es', 'Proceso Migratorio Cover', NULL, NULL, '2017-12-31 04:16:03', '2017-12-31 04:16:03', 'bbf8df31-8ade-4830-b972-080c1541151c'),
 ('77', '77', 'es', 'Doctores Cover', NULL, NULL, '2017-12-31 04:17:07', '2017-12-31 04:17:07', '2e974839-3413-4bb9-bae6-736720c51300'),
 ('78', '78', 'es', 'Hospedaje Cover', NULL, NULL, '2017-12-31 04:18:32', '2017-12-31 04:18:32', '31f69c03-5eab-4bae-8206-1d19f82ce6cd'),
 ('79', '79', 'es', 'Faqs Cover', NULL, NULL, '2017-12-31 04:20:29', '2017-12-31 04:20:29', '6a0d6e0d-0bef-46c8-8b66-31e6a84c9eee'),
 ('80', '80', 'es', 'Car', NULL, NULL, '2017-12-31 06:17:28', '2017-12-31 06:22:11', '85d209cc-53d1-4bbb-970c-a8e664d8cefd'),
 ('82', '82', 'es', '404 Cover', NULL, NULL, '2017-12-31 07:26:53', '2017-12-31 07:26:53', '2225ca1b-5ec7-4cb5-aaae-734e5555da6d');



DROP TABLE IF EXISTS `craft_deprecationerrors`;


--
-- Schema for table `craft_deprecationerrors`
--
CREATE TABLE `craft_deprecationerrors` (
  `id` int(11) NOT NULL AUTO_INCREMENT,
  `key` varchar(255) COLLATE utf8_unicode_ci NOT NULL,
  `fingerprint` varchar(255) COLLATE utf8_unicode_ci NOT NULL,
  `lastOccurrence` datetime NOT NULL,
  `file` varchar(255) COLLATE utf8_unicode_ci NOT NULL,
  `line` smallint(6) unsigned NOT NULL,
  `class` varchar(255) COLLATE utf8_unicode_ci DEFAULT NULL,
  `method` varchar(255) COLLATE utf8_unicode_ci DEFAULT NULL,
  `template` varchar(255) COLLATE utf8_unicode_ci DEFAULT NULL,
  `templateLine` smallint(6) unsigned DEFAULT NULL,
  `message` varchar(255) COLLATE utf8_unicode_ci DEFAULT NULL,
  `traces` text COLLATE utf8_unicode_ci,
  `dateCreated` datetime NOT NULL,
  `dateUpdated` datetime NOT NULL,
  `uid` char(36) COLLATE utf8_unicode_ci NOT NULL DEFAULT '0',
  PRIMARY KEY (`id`),
  UNIQUE KEY `craft_deprecationerrors_key_fingerprint_unq_idx` (`key`,`fingerprint`)
) ENGINE=InnoDB DEFAULT CHARSET=utf8 COLLATE=utf8_unicode_ci;

DROP TABLE IF EXISTS `craft_elementindexsettings`;


--
-- Schema for table `craft_elementindexsettings`
--
CREATE TABLE `craft_elementindexsettings` (
  `id` int(11) NOT NULL AUTO_INCREMENT,
  `type` varchar(150) COLLATE utf8_unicode_ci NOT NULL,
  `settings` text COLLATE utf8_unicode_ci,
  `dateCreated` datetime NOT NULL,
  `dateUpdated` datetime NOT NULL,
  `uid` char(36) COLLATE utf8_unicode_ci NOT NULL DEFAULT '0',
  PRIMARY KEY (`id`),
  UNIQUE KEY `craft_elementindexsettings_type_unq_idx` (`type`)
) ENGINE=InnoDB DEFAULT CHARSET=utf8 COLLATE=utf8_unicode_ci;

DROP TABLE IF EXISTS `craft_elements`;


--
-- Schema for table `craft_elements`
--
CREATE TABLE `craft_elements` (
  `id` int(11) NOT NULL AUTO_INCREMENT,
  `type` varchar(150) COLLATE utf8_unicode_ci NOT NULL,
  `enabled` tinyint(1) unsigned NOT NULL DEFAULT '1',
  `archived` tinyint(1) unsigned NOT NULL DEFAULT '0',
  `dateCreated` datetime NOT NULL,
  `dateUpdated` datetime NOT NULL,
  `uid` char(36) COLLATE utf8_unicode_ci NOT NULL DEFAULT '0',
  PRIMARY KEY (`id`),
  KEY `craft_elements_type_idx` (`type`),
  KEY `craft_elements_enabled_idx` (`enabled`),
  KEY `craft_elements_archived_dateCreated_idx` (`archived`,`dateCreated`)
) ENGINE=InnoDB AUTO_INCREMENT=83 DEFAULT CHARSET=utf8 COLLATE=utf8_unicode_ci;

--
-- Data for table `craft_elements`
--

INSERT INTO `craft_elements` (`id`, `type`, `enabled`, `archived`, `dateCreated`, `dateUpdated`, `uid`) VALUES
 ('1', 'User', '1', '0', '2017-12-24 03:05:18', '2017-12-24 03:05:18', '34a0848f-3dfa-4075-abe2-3c2fb8df179c'),
 ('2', 'Entry', '1', '0', '2017-12-24 03:05:19', '2017-12-31 04:01:39', '1014d128-a938-422a-86bc-ca3bef3a6642'),
 ('3', 'Entry', '1', '0', '2017-12-24 03:05:20', '2017-12-24 03:05:20', 'd4576a83-48bd-4ac1-9caa-c387203e520b'),
 ('4', 'Asset', '1', '0', '2017-12-25 18:46:50', '2017-12-25 18:46:50', 'fc54cb35-8768-4dc1-9058-79f556a15232'),
 ('6', 'Asset', '1', '0', '2017-12-25 18:47:05', '2017-12-25 18:47:05', '819d1c48-cfdd-4e2c-8249-5824227aed0e'),
 ('8', 'Asset', '1', '0', '2017-12-25 18:47:27', '2017-12-25 18:47:27', '9688fd15-588a-4e84-b12f-ed126bb4b9ac'),
 ('10', 'Asset', '1', '0', '2017-12-25 19:43:23', '2017-12-25 19:43:23', '459407f9-ffc8-44ee-b29e-b3be288440f9'),
 ('11', 'Asset', '1', '0', '2017-12-26 02:34:45', '2017-12-26 02:34:45', '6e016556-e08f-460e-863f-0265dd3014c9'),
 ('12', 'Asset', '1', '0', '2017-12-26 02:44:37', '2017-12-26 03:14:24', 'b7b4f575-7264-4100-9544-94cb5c2230be'),
 ('16', 'Asset', '1', '0', '2017-12-26 04:56:33', '2017-12-26 04:56:33', 'ec837d46-c075-453f-97ee-0f3c374e8a07'),
 ('17', 'Asset', '1', '0', '2017-12-26 07:08:00', '2017-12-26 07:12:48', '1acbc481-18e6-499d-9fb5-07f4452e08f9'),
 ('19', 'Asset', '1', '0', '2017-12-26 07:54:50', '2017-12-26 07:54:50', '64f1eeb8-a51b-4dbc-add3-ffc112f0759a'),
 ('20', 'Asset', '1', '0', '2017-12-26 07:54:50', '2017-12-26 07:54:50', '1b4fe30a-c2a8-4d34-9207-2e1cc4db97d0'),
 ('21', 'Asset', '1', '0', '2017-12-26 07:54:51', '2017-12-26 07:54:51', '8a735bd7-3e7c-446c-93ec-0baf8077b0a3'),
 ('22', 'Asset', '1', '0', '2017-12-26 07:54:51', '2017-12-26 07:54:51', 'f7a6e74b-09fa-4af8-a49f-541cb65fc62e'),
 ('23', 'Asset', '1', '0', '2017-12-26 07:54:51', '2017-12-26 07:54:51', '3199c117-fcc1-491e-9b97-dccd2c4569cd'),
 ('24', 'Asset', '1', '0', '2017-12-26 08:45:45', '2017-12-26 08:46:43', '06716870-5d42-47c0-ad8f-80c70291e1ce'),
 ('26', 'Asset', '1', '0', '2017-12-26 09:18:07', '2017-12-26 09:18:07', '3e608ae5-6828-4a9e-9921-5b0e16e0429e'),
 ('27', 'Asset', '1', '0', '2017-12-26 09:18:08', '2017-12-26 09:18:08', '730c29eb-d370-4c52-829e-c7378d44eb25'),
 ('28', 'Asset', '1', '0', '2017-12-26 09:18:08', '2017-12-26 09:18:08', '5cbea24c-bbd4-4ecc-9411-742d236fedb5'),
 ('29', 'Asset', '1', '0', '2017-12-26 09:18:08', '2017-12-26 09:18:08', '8837cd76-b08f-460a-905a-cb9841c76e41'),
 ('30', 'Asset', '1', '0', '2017-12-26 09:18:09', '2017-12-26 09:18:09', 'ee5c068c-1e00-43ec-97d6-59216ef03c0b'),
 ('31', 'Asset', '1', '0', '2017-12-26 09:38:27', '2017-12-26 10:11:40', 'f4201c69-988a-49dd-b0d6-d39101eff96c'),
 ('33', 'Asset', '1', '0', '2017-12-26 09:47:10', '2017-12-26 09:47:10', 'a01948db-5a98-45ca-a252-ed66911406b7'),
 ('37', 'Entry', '1', '0', '2017-12-27 21:32:28', '2017-12-31 04:07:53', '3cee1eaf-ec4f-4a5b-a97f-fdf0fdb48403'),
 ('38', 'Asset', '1', '0', '2017-12-28 07:23:45', '2017-12-28 07:23:45', '9098ea8c-af36-46ba-85c9-b4433ee00aae'),
 ('39', 'Asset', '1', '0', '2017-12-28 07:52:55', '2017-12-28 07:52:55', 'f77d4fef-9447-4b80-bb42-c993dd401846'),
 ('40', 'Asset', '1', '0', '2017-12-28 08:01:56', '2017-12-28 08:02:18', '9b726918-f819-4b6f-9ffb-abc00045c15e'),
 ('41', 'Asset', '1', '0', '2017-12-28 08:04:02', '2017-12-28 08:04:02', 'ab19f38a-68e3-4647-8c7e-3b5255e62925'),
 ('42', 'Asset', '1', '0', '2017-12-28 08:04:02', '2017-12-28 08:04:02', 'b98401ee-4ed2-4ffa-972c-0bf4e4342a39'),
 ('43', 'Asset', '1', '0', '2017-12-28 08:21:33', '2017-12-28 09:03:08', 'd9f581f8-a7f3-44ec-8d7a-afa9483e8c66'),
 ('45', 'Asset', '1', '0', '2017-12-28 09:08:23', '2017-12-28 09:08:46', 'a856bd1b-dade-49e8-a7c1-5f05c4e2a33e'),
 ('46', 'Asset', '1', '0', '2017-12-28 19:06:41', '2017-12-28 19:06:41', '482f3954-3185-44e7-8e8f-8f672188ac20'),
 ('47', 'Asset', '1', '0', '2017-12-28 19:21:59', '2017-12-28 19:21:59', '5e649684-fd05-47e4-9472-e694812cc763'),
 ('48', 'Asset', '1', '0', '2017-12-28 19:55:00', '2017-12-28 19:55:00', '433e80cf-2c20-44fe-9eb1-4dadc67e577e'),
 ('50', 'Asset', '1', '0', '2017-12-28 19:56:09', '2017-12-28 19:56:09', '2038004b-e695-4f29-8233-5fc670f32bf3'),
 ('51', 'Asset', '1', '0', '2017-12-28 21:27:09', '2017-12-28 21:27:09', '941aa6a4-5f4e-409a-9d48-4b8ecd3126ed'),
 ('52', 'Asset', '1', '0', '2017-12-28 21:27:09', '2017-12-28 21:27:09', '6816122b-176b-478b-9cd4-b697212f35a2'),
 ('53', 'Asset', '1', '0', '2017-12-28 21:46:27', '2017-12-28 21:50:38', '76ea098c-6cbb-4b74-af3f-ae9be40f1885'),
 ('54', 'Entry', '1', '0', '2017-12-28 21:47:14', '2017-12-31 04:14:20', 'e2627a7e-6db9-4a0c-b9a1-f372b3182c9c'),
 ('55', 'Entry', '1', '0', '2017-12-28 21:47:27', '2017-12-31 04:16:10', '5f57228f-af81-4eb6-9fa6-69f5c2d53296'),
 ('56', 'Entry', '1', '0', '2017-12-28 21:47:40', '2017-12-31 04:17:25', '5c043ed9-89c0-47b6-8830-76579bab2d32'),
 ('58', 'Asset', '1', '0', '2017-12-28 22:04:33', '2017-12-28 22:04:33', '05ad5357-329b-4655-9174-d5abb6df9ce9'),
 ('59', 'Asset', '1', '0', '2017-12-28 22:54:09', '2017-12-28 22:54:09', 'feeabf5e-0bf7-4def-a35e-ad661f8a0af6'),
 ('60', 'Asset', '1', '0', '2017-12-28 23:15:26', '2017-12-28 23:15:26', '2f82db63-602c-4407-ac1d-4a740ebc70bf'),
 ('61', 'Asset', '1', '0', '2017-12-28 23:15:26', '2017-12-28 23:15:26', '70ce1489-8701-4b01-ab02-a0ce66605ee9'),
 ('62', 'Asset', '1', '0', '2017-12-28 23:15:26', '2017-12-28 23:15:26', '2360a4e4-d23d-4f5e-8665-8cc72611c4f3'),
 ('63', 'Asset', '1', '0', '2017-12-28 23:15:26', '2017-12-28 23:15:26', '443477fb-8bdd-4086-8af7-e43ee7902a62'),
 ('64', 'Asset', '1', '0', '2017-12-28 23:15:27', '2017-12-28 23:15:27', 'a089cfbc-b2fe-4d90-bebf-f0753d49405f'),
 ('65', 'Asset', '1', '0', '2017-12-28 23:15:27', '2017-12-28 23:15:27', '5eced838-36d5-4fe7-986d-d0d93db1416f'),
 ('66', 'Asset', '1', '0', '2017-12-29 09:11:59', '2017-12-29 09:11:59', 'c1a8b9d9-2dcb-492f-9025-1a8a41022790'),
 ('67', 'Asset', '1', '0', '2017-12-29 09:11:59', '2017-12-29 09:11:59', 'f8f1134b-9820-49d3-bbe5-408a4d67ba07'),
 ('68', 'Asset', '1', '0', '2017-12-29 09:18:11', '2017-12-29 09:18:11', '1a515815-dd36-41da-9020-c00e810e223d'),
 ('69', 'Asset', '1', '0', '2017-12-29 09:30:02', '2017-12-29 09:30:02', 'dc8004e6-b7d9-4a1c-a160-eac9c469901a'),
 ('70', 'Asset', '1', '0', '2017-12-31 02:26:47', '2017-12-31 02:26:47', '6ca1461c-4999-441a-88f8-5f6c3a67d79b'),
 ('71', 'Asset', '1', '0', '2017-12-31 03:30:23', '2017-12-31 03:30:23', '3283af62-1da7-42b6-bd79-bb5094627282'),
 ('72', 'Entry', '1', '0', '2017-12-31 03:32:38', '2017-12-31 04:18:58', 'ad807fe5-3ab9-4825-9642-a0bae5d1b1ca'),
 ('73', 'Entry', '1', '0', '2017-12-31 03:33:00', '2017-12-31 04:20:35', '317766f3-4a1a-4cc8-b617-fe118f35f183'),
 ('74', 'Asset', '1', '0', '2017-12-31 04:04:12', '2017-12-31 04:04:12', 'e199b548-296f-4251-a84e-7be7926cb354'),
 ('75', 'Asset', '1', '0', '2017-12-31 04:14:04', '2017-12-31 04:14:04', '26dbb89b-b827-4249-b73d-517e6b25cdc1'),
 ('76', 'Asset', '1', '0', '2017-12-31 04:16:03', '2017-12-31 04:16:03', '23d9b5fb-0a1f-41c9-bad2-1f0fa01cf916'),
 ('77', 'Asset', '1', '0', '2017-12-31 04:17:07', '2017-12-31 04:17:07', '55919440-acf6-4f06-aa20-f91fd4fcfc56'),
 ('78', 'Asset', '1', '0', '2017-12-31 04:18:32', '2017-12-31 04:18:32', 'be31b7fd-ad64-4bcc-8bb1-18c011f0e689'),
 ('79', 'Asset', '1', '0', '2017-12-31 04:20:29', '2017-12-31 04:20:29', '80a8410a-353c-4fd7-9bac-d3bf6850a4d3'),
 ('80', 'Asset', '1', '0', '2017-12-31 06:17:28', '2017-12-31 06:22:11', 'dabcc290-1ee5-4b62-b22b-2eda0b67ee03'),
 ('82', 'Asset', '1', '0', '2017-12-31 07:26:53', '2017-12-31 07:26:53', 'ff0dc8fb-4654-4636-b442-a750a581d661');



DROP TABLE IF EXISTS `craft_elements_i18n`;


--
-- Schema for table `craft_elements_i18n`
--
CREATE TABLE `craft_elements_i18n` (
  `id` int(11) NOT NULL AUTO_INCREMENT,
  `elementId` int(11) NOT NULL,
  `locale` char(12) COLLATE utf8_unicode_ci NOT NULL,
  `slug` varchar(255) COLLATE utf8_unicode_ci DEFAULT NULL,
  `uri` varchar(255) COLLATE utf8_unicode_ci DEFAULT NULL,
  `enabled` tinyint(1) unsigned NOT NULL DEFAULT '1',
  `dateCreated` datetime NOT NULL,
  `dateUpdated` datetime NOT NULL,
  `uid` char(36) COLLATE utf8_unicode_ci NOT NULL DEFAULT '0',
  PRIMARY KEY (`id`),
  UNIQUE KEY `craft_elements_i18n_elementId_locale_unq_idx` (`elementId`,`locale`),
  UNIQUE KEY `craft_elements_i18n_uri_locale_unq_idx` (`uri`,`locale`),
  KEY `craft_elements_i18n_slug_locale_idx` (`slug`,`locale`),
  KEY `craft_elements_i18n_enabled_idx` (`enabled`),
  KEY `craft_elements_i18n_locale_fk` (`locale`)
) ENGINE=InnoDB AUTO_INCREMENT=83 DEFAULT CHARSET=utf8 COLLATE=utf8_unicode_ci;

--
-- Data for table `craft_elements_i18n`
--

INSERT INTO `craft_elements_i18n` (`id`, `elementId`, `locale`, `slug`, `uri`, `enabled`, `dateCreated`, `dateUpdated`, `uid`) VALUES
 ('1', '1', 'es', '', NULL, '1', '2017-12-24 03:05:18', '2017-12-24 03:05:18', 'db492444-2a3a-4050-b88b-2aec325ab6c4'),
 ('2', '2', 'es', 'homepage', '__home__', '1', '2017-12-24 03:05:19', '2017-12-31 04:01:39', '6811523c-fee7-4ff6-8390-d95f0b959f8d'),
 ('3', '3', 'es', 'we-just-installed-craft', 'news/2017/we-just-installed-craft', '1', '2017-12-24 03:05:20', '2017-12-24 03:05:20', 'ef2f8e44-25a2-4bdb-b9cc-c5f9af6549aa'),
 ('4', '4', 'es', 'pink-wave', NULL, '1', '2017-12-25 18:46:50', '2017-12-25 18:46:50', 'f6ac3149-131c-4052-82df-417ae7c0fb4b'),
 ('6', '6', 'es', 'logo-color', NULL, '1', '2017-12-25 18:47:05', '2017-12-25 18:47:05', 'a4ab5a0a-5afc-497c-a15d-935d260b2be8'),
 ('8', '8', 'es', 'logo-blanco', NULL, '1', '2017-12-25 18:47:27', '2017-12-25 18:47:27', '7ae20e1d-0f7b-459d-a0a4-96a7c50c915a'),
 ('10', '10', 'es', 'main-cover', NULL, '1', '2017-12-25 19:43:23', '2017-12-25 19:43:23', 'c2b033ee-68d9-45d6-b817-7687ad40b81b'),
 ('11', '11', 'es', 'us-logo', NULL, '1', '2017-12-26 02:34:45', '2017-12-26 02:34:45', '721e658f-3118-4291-afff-4dc98fd521f7'),
 ('12', '12', 'es', 'white-wave', NULL, '1', '2017-12-26 02:44:37', '2017-12-26 03:14:24', 'af974608-79d6-42f0-8b7b-dda761750050'),
 ('16', '16', 'es', 'iso-logo', NULL, '1', '2017-12-26 04:56:33', '2017-12-26 04:56:33', '1b208e40-9fa8-49c1-a785-3ee6856c92e1'),
 ('17', '17', 'es', 'doctor-nutis', NULL, '1', '2017-12-26 07:08:00', '2017-12-26 07:12:48', 'ffc44a86-78b3-4d06-8964-0574182455d0'),
 ('19', '19', 'es', 'preparacion', NULL, '1', '2017-12-26 07:54:50', '2017-12-26 07:54:50', 'b8f4774f-2ac1-4280-aaa8-4232020d31d4'),
 ('20', '20', 'es', 'avion', NULL, '1', '2017-12-26 07:54:50', '2017-12-26 07:54:50', 'ab184090-6d43-4388-a450-c9a3cd0d1407'),
 ('21', '21', 'es', 'espera', NULL, '1', '2017-12-26 07:54:51', '2017-12-26 07:54:51', 'b6e55b32-816e-4708-acf3-ad98229aa944'),
 ('22', '22', 'es', 'nacimiento', NULL, '1', '2017-12-26 07:54:51', '2017-12-26 07:54:51', '90f08dde-0d37-4582-be2e-ba19bb8d6a85'),
 ('23', '23', 'es', 'parto', NULL, '1', '2017-12-26 07:54:51', '2017-12-26 07:54:51', 'be2a9234-a899-43b9-ad3e-2392e708c994'),
 ('24', '24', 'es', 'preparacion', NULL, '1', '2017-12-26 08:45:45', '2017-12-26 08:46:43', 'd3cb0466-bd06-4065-9fc6-dce3ee5aa6a7'),
 ('26', '26', 'es', 'espera', NULL, '1', '2017-12-26 09:18:07', '2017-12-26 09:18:07', 'f3263d61-2361-4b30-9c95-5da5ed2b2e9d'),
 ('27', '27', 'es', 'llegada', NULL, '1', '2017-12-26 09:18:08', '2017-12-26 09:18:08', '4da6a6dd-bf7d-4e17-9327-199db0ac4b92'),
 ('28', '28', 'es', 'nacimiento', NULL, '1', '2017-12-26 09:18:08', '2017-12-26 09:18:08', '5ad718d2-89b8-43c8-874a-8b2010ea374b'),
 ('29', '29', 'es', 'parto', NULL, '1', '2017-12-26 09:18:08', '2017-12-26 09:18:08', '47355726-6696-4986-85d6-b5d2f92344af'),
 ('30', '30', 'es', 'regreso', NULL, '1', '2017-12-26 09:18:09', '2017-12-26 09:18:09', '181865c9-08fa-41eb-9752-828b4ac32ebb'),
 ('31', '31', 'es', 'las-palmas', NULL, '1', '2017-12-26 09:38:27', '2017-12-26 10:11:40', '7bfc103c-e04a-42a3-8339-d6b850bf0044'),
 ('33', '33', 'es', 'las-palmas-logo', NULL, '1', '2017-12-26 09:47:10', '2017-12-26 09:47:10', 'd046e4f5-c40d-4e11-b3db-5f0fef776d05'),
 ('37', '37', 'es', 'precios', 'precios', '1', '2017-12-27 21:32:28', '2017-12-31 04:07:53', '17eb323d-766d-49cf-ac65-77b551f7d951'),
 ('38', '38', 'es', 'precios', NULL, '1', '2017-12-28 07:23:46', '2017-12-28 07:23:46', '3946944a-5c26-40a6-a389-0c01a4e76294'),
 ('39', '39', 'es', 'dr-nutis-small', NULL, '1', '2017-12-28 07:52:55', '2017-12-28 07:52:55', '8b1b0103-6f0e-4d75-b2b5-5385b955d999'),
 ('40', '40', 'es', 'pediatra', NULL, '1', '2017-12-28 08:01:56', '2017-12-28 08:02:18', '167d1408-c5d7-446c-ae1f-0fe194253ce0'),
 ('41', '41', 'es', 'anestesiologo-small', NULL, '1', '2017-12-28 08:04:02', '2017-12-28 08:04:02', '22e4b851-8bc1-4546-9996-d24acc1fd872'),
 ('42', '42', 'es', 'del-sol-small', NULL, '1', '2017-12-28 08:04:02', '2017-12-28 08:04:02', '3b6ef1c5-d44b-4399-83ec-e4b5115a8c74'),
 ('43', '43', 'es', 'financiamiento-back', NULL, '1', '2017-12-28 08:21:33', '2017-12-28 09:03:08', '996501f0-d43f-455f-b839-ccefc5b70289'),
 ('45', '45', 'es', 'financiamiento', NULL, '1', '2017-12-28 09:08:23', '2017-12-28 09:08:46', '012093b2-093d-4431-8ce8-43310afbcc11'),
 ('46', '46', 'es', 'paso-paso-back', NULL, '1', '2017-12-28 19:06:41', '2017-12-28 19:06:41', '7f078733-2594-4354-aa5f-74c18ee45c60'),
 ('47', '47', 'es', 'proceso-migratorio-back', NULL, '1', '2017-12-28 19:21:59', '2017-12-28 19:21:59', '75608645-f6a3-45e4-a996-6d7754611466'),
 ('48', '48', 'es', 'proceso-legal', NULL, '1', '2017-12-28 19:55:00', '2017-12-28 19:55:00', 'f5ee5a33-0a8a-48ae-ba0d-be0d31cd68ac'),
 ('50', '50', 'es', 'proceso-legal-back', NULL, '1', '2017-12-28 19:56:09', '2017-12-28 19:56:09', '9e0931a7-8585-4066-8390-8e8c0c6db8db'),
 ('51', '51', 'es', 'familia', NULL, '1', '2017-12-28 21:27:09', '2017-12-28 21:27:09', '6d09858e-9fb2-4cfd-b7e5-faab1eef602b'),
 ('52', '52', 'es', 'universidades', NULL, '1', '2017-12-28 21:27:09', '2017-12-28 21:27:09', '585e04c7-60d6-4422-85e4-cbe4124a7eba'),
 ('53', '53', 'es', 'doctores', NULL, '1', '2017-12-28 21:46:27', '2017-12-28 21:50:38', '45d21fa9-7f19-45f0-9b71-627e0b12a43a'),
 ('54', '54', 'es', 'paso-a-paso', 'paso-paso', '1', '2017-12-28 21:47:14', '2017-12-31 04:14:20', 'a2dc46f1-e8d9-40ae-8436-cd53c5a2bfcb'),
 ('55', '55', 'es', 'proceso-migratorio', 'proceso-migratorio', '1', '2017-12-28 21:47:27', '2017-12-31 04:16:10', '8a7c6a38-2f43-46cd-b803-ae10c06b9987'),
 ('56', '56', 'es', 'doctores', 'doctores', '1', '2017-12-28 21:47:40', '2017-12-31 04:17:25', 'af617004-94ec-4896-9cf9-4f154aaa88cf'),
 ('58', '58', 'es', 'dr-nutis-fact', NULL, '1', '2017-12-28 22:04:33', '2017-12-28 22:04:33', '2be22f87-3926-4ada-97a5-2aaf7217204a'),
 ('59', '59', 'es', 'el-paso-back', NULL, '1', '2017-12-28 22:54:09', '2017-12-28 22:54:09', 'd4a44b6b-fcd9-4b47-941c-22e3e68e25c3'),
 ('60', '60', 'es', 'in-town', NULL, '1', '2017-12-28 23:15:26', '2017-12-28 23:15:26', '4bffeee7-508e-43b8-91f5-422d419ccf05'),
 ('61', '61', 'es', 'independence-america', NULL, '1', '2017-12-28 23:15:26', '2017-12-28 23:15:26', '40c6988a-a584-491b-a80e-ad62dad73898'),
 ('62', '62', 'es', 'ramada', NULL, '1', '2017-12-28 23:15:26', '2017-12-28 23:15:26', 'bdea5090-70fd-48da-9394-26b07d1d9d4c'),
 ('63', '63', 'es', 'stay-america', NULL, '1', '2017-12-28 23:15:26', '2017-12-28 23:15:26', '77b05729-b579-4a7a-bb03-27b799ab194e'),
 ('64', '64', 'es', 'studio6', NULL, '1', '2017-12-28 23:15:27', '2017-12-28 23:15:27', '4b0e466d-53d5-4ee1-807f-5d79ed72c8a4'),
 ('65', '65', 'es', 'woodsprings', NULL, '1', '2017-12-28 23:15:27', '2017-12-28 23:15:27', '39b27ba1-dced-45b0-ac81-dded7c122a6c'),
 ('66', '66', 'es', 'chase-suites', NULL, '1', '2017-12-29 09:11:59', '2017-12-29 09:11:59', 'be968592-0810-4394-b2c9-0f2aec11adef'),
 ('67', '67', 'es', 'primer-corporate', NULL, '1', '2017-12-29 09:11:59', '2017-12-29 09:11:59', '0ab3530d-38be-4698-ab97-ec73f6bcbae6'),
 ('68', '68', 'es', 'airbnb', NULL, '1', '2017-12-29 09:18:11', '2017-12-29 09:18:11', 'a5971714-0f34-4b0f-a479-34ad05d66f85'),
 ('69', '69', 'es', 'uber', NULL, '1', '2017-12-29 09:30:02', '2017-12-29 09:30:02', 'c0a2d5b8-c7c6-47bc-a4b7-46cb312cbd70'),
 ('70', '70', 'es', 'faqs', NULL, '1', '2017-12-31 02:26:47', '2017-12-31 02:26:47', '7040774e-a29a-4c3d-a8de-515c4cb9b6be'),
 ('71', '71', 'es', 'cover', NULL, '1', '2017-12-31 03:30:23', '2017-12-31 03:30:23', '249e828a-b794-4ef7-bc7d-cfccdf983c7a'),
 ('72', '72', 'es', 'hospedaje', 'hospedaje', '1', '2017-12-31 03:32:38', '2017-12-31 04:18:58', 'f794e402-adb9-41ff-aff7-0b0f9d5f7695'),
 ('73', '73', 'es', 'faqs', 'faqs', '1', '2017-12-31 03:33:00', '2017-12-31 04:20:35', 'e534c434-1c50-42f5-8b09-fa9455341c8f'),
 ('74', '74', 'es', 'precios-cover', NULL, '1', '2017-12-31 04:04:12', '2017-12-31 04:04:12', '94727399-1b11-4f3b-b922-935bdbc7595a'),
 ('75', '75', 'es', 'paso-paso-cover', NULL, '1', '2017-12-31 04:14:04', '2017-12-31 04:14:04', '1098f300-e531-43d4-a84c-69907c2e3415'),
 ('76', '76', 'es', 'proceso-migratorio-cover', NULL, '1', '2017-12-31 04:16:03', '2017-12-31 04:16:03', '2805affc-b92b-4444-a963-71210c602e32'),
 ('77', '77', 'es', 'doctores-cover', NULL, '1', '2017-12-31 04:17:07', '2017-12-31 04:17:07', '5c09fc8e-af9c-4ccf-8f1e-480b58df7c10'),
 ('78', '78', 'es', 'hospedaje-cover', NULL, '1', '2017-12-31 04:18:32', '2017-12-31 04:18:32', '654c0faf-cf1d-4e02-80f3-0a0653cfe90f'),
 ('79', '79', 'es', 'faqs-cover', NULL, '1', '2017-12-31 04:20:29', '2017-12-31 04:20:29', 'b64a99f3-9206-41fa-ba3c-2b752047a719'),
 ('80', '80', 'es', 'car', NULL, '1', '2017-12-31 06:17:28', '2017-12-31 06:22:11', '2fca4d57-a167-4eb9-88df-5ccce225fdcd'),
 ('82', '82', 'es', '404-cover', NULL, '1', '2017-12-31 07:26:53', '2017-12-31 07:26:53', 'd7271b49-4ae5-4bdb-bbac-4753db9e1062');



DROP TABLE IF EXISTS `craft_emailmessages`;


--
-- Schema for table `craft_emailmessages`
--
CREATE TABLE `craft_emailmessages` (
  `id` int(11) NOT NULL AUTO_INCREMENT,
  `key` char(150) COLLATE utf8_unicode_ci NOT NULL,
  `locale` char(12) COLLATE utf8_unicode_ci NOT NULL,
  `subject` varchar(1000) COLLATE utf8_unicode_ci NOT NULL,
  `body` text COLLATE utf8_unicode_ci NOT NULL,
  `dateCreated` datetime NOT NULL,
  `dateUpdated` datetime NOT NULL,
  `uid` char(36) COLLATE utf8_unicode_ci NOT NULL DEFAULT '0',
  PRIMARY KEY (`id`),
  UNIQUE KEY `craft_emailmessages_key_locale_unq_idx` (`key`,`locale`),
  KEY `craft_emailmessages_locale_fk` (`locale`)
) ENGINE=InnoDB DEFAULT CHARSET=utf8 COLLATE=utf8_unicode_ci;

DROP TABLE IF EXISTS `craft_entries`;


--
-- Schema for table `craft_entries`
--
CREATE TABLE `craft_entries` (
  `id` int(11) NOT NULL,
  `sectionId` int(11) NOT NULL,
  `typeId` int(11) DEFAULT NULL,
  `authorId` int(11) DEFAULT NULL,
  `postDate` datetime DEFAULT NULL,
  `expiryDate` datetime DEFAULT NULL,
  `dateCreated` datetime NOT NULL,
  `dateUpdated` datetime NOT NULL,
  `uid` char(36) COLLATE utf8_unicode_ci NOT NULL DEFAULT '0',
  PRIMARY KEY (`id`),
  KEY `craft_entries_sectionId_idx` (`sectionId`),
  KEY `craft_entries_typeId_idx` (`typeId`),
  KEY `craft_entries_postDate_idx` (`postDate`),
  KEY `craft_entries_expiryDate_idx` (`expiryDate`),
  KEY `craft_entries_authorId_fk` (`authorId`)
) ENGINE=InnoDB DEFAULT CHARSET=utf8 COLLATE=utf8_unicode_ci;

--
-- Data for table `craft_entries`
--

INSERT INTO `craft_entries` (`id`, `sectionId`, `typeId`, `authorId`, `postDate`, `expiryDate`, `dateCreated`, `dateUpdated`, `uid`) VALUES
 ('2', '1', '1', NULL, '2017-12-27 21:22:36', NULL, '2017-12-24 03:05:19', '2017-12-31 04:01:39', '4bd1ad97-0bb3-4b01-85ab-f21cb783ef60'),
 ('3', '2', '2', '1', '2017-12-24 03:05:20', NULL, '2017-12-24 03:05:20', '2017-12-24 03:05:20', '1a4bbd1b-5c23-49ef-84bf-5aa97ab7eab4'),
 ('37', '4', NULL, NULL, '2017-12-27 21:32:28', NULL, '2017-12-27 21:32:28', '2017-12-31 04:07:53', 'def74208-7229-4262-a950-e61bf708e1ff'),
 ('54', '5', NULL, NULL, '2017-12-28 21:47:14', NULL, '2017-12-28 21:47:14', '2017-12-31 04:14:20', '03b24459-aa26-4557-a6a5-71a2bc2fed1f'),
 ('55', '6', NULL, NULL, '2017-12-28 21:47:27', NULL, '2017-12-28 21:47:27', '2017-12-31 04:16:10', 'c68640ed-5fba-4929-bfab-d63c9054f2cb'),
 ('56', '7', NULL, NULL, '2017-12-28 21:47:40', NULL, '2017-12-28 21:47:40', '2017-12-31 04:17:25', 'd234fce0-4f4a-4d81-8ab0-93bcff57276b'),
 ('72', '8', NULL, NULL, '2017-12-31 03:32:38', NULL, '2017-12-31 03:32:38', '2017-12-31 04:18:58', 'deee2359-a2cc-47c6-b754-4d6bd2275fd1'),
 ('73', '9', NULL, NULL, '2017-12-31 03:33:00', NULL, '2017-12-31 03:33:00', '2017-12-31 04:20:35', '93d42941-a4d8-4c46-aa56-00bbacd4e93f');



DROP TABLE IF EXISTS `craft_entrydrafts`;


--
-- Schema for table `craft_entrydrafts`
--
CREATE TABLE `craft_entrydrafts` (
  `id` int(11) NOT NULL AUTO_INCREMENT,
  `entryId` int(11) NOT NULL,
  `sectionId` int(11) NOT NULL,
  `creatorId` int(11) NOT NULL,
  `locale` char(12) COLLATE utf8_unicode_ci NOT NULL,
  `name` varchar(255) COLLATE utf8_unicode_ci NOT NULL,
  `notes` tinytext COLLATE utf8_unicode_ci,
  `data` mediumtext COLLATE utf8_unicode_ci NOT NULL,
  `dateCreated` datetime NOT NULL,
  `dateUpdated` datetime NOT NULL,
  `uid` char(36) COLLATE utf8_unicode_ci NOT NULL DEFAULT '0',
  PRIMARY KEY (`id`),
  KEY `craft_entrydrafts_entryId_locale_idx` (`entryId`,`locale`),
  KEY `craft_entrydrafts_sectionId_fk` (`sectionId`),
  KEY `craft_entrydrafts_creatorId_fk` (`creatorId`),
  KEY `craft_entrydrafts_locale_fk` (`locale`)
) ENGINE=InnoDB DEFAULT CHARSET=utf8 COLLATE=utf8_unicode_ci;

DROP TABLE IF EXISTS `craft_entrytypes`;


--
-- Schema for table `craft_entrytypes`
--
CREATE TABLE `craft_entrytypes` (
  `id` int(11) NOT NULL AUTO_INCREMENT,
  `sectionId` int(11) NOT NULL,
  `fieldLayoutId` int(11) DEFAULT NULL,
  `name` varchar(255) COLLATE utf8_unicode_ci NOT NULL,
  `handle` varchar(255) COLLATE utf8_unicode_ci NOT NULL,
  `hasTitleField` tinyint(1) unsigned NOT NULL DEFAULT '1',
  `titleLabel` varchar(255) COLLATE utf8_unicode_ci DEFAULT 'Title',
  `titleFormat` varchar(255) COLLATE utf8_unicode_ci DEFAULT NULL,
  `sortOrder` smallint(6) unsigned DEFAULT NULL,
  `dateCreated` datetime NOT NULL,
  `dateUpdated` datetime NOT NULL,
  `uid` char(36) COLLATE utf8_unicode_ci NOT NULL DEFAULT '0',
  PRIMARY KEY (`id`),
  UNIQUE KEY `craft_entrytypes_name_sectionId_unq_idx` (`name`,`sectionId`),
  UNIQUE KEY `craft_entrytypes_handle_sectionId_unq_idx` (`handle`,`sectionId`),
  KEY `craft_entrytypes_sectionId_fk` (`sectionId`),
  KEY `craft_entrytypes_fieldLayoutId_fk` (`fieldLayoutId`)
) ENGINE=InnoDB AUTO_INCREMENT=10 DEFAULT CHARSET=utf8 COLLATE=utf8_unicode_ci;

--
-- Data for table `craft_entrytypes`
--

INSERT INTO `craft_entrytypes` (`id`, `sectionId`, `fieldLayoutId`, `name`, `handle`, `hasTitleField`, `titleLabel`, `titleFormat`, `sortOrder`, `dateCreated`, `dateUpdated`, `uid`) VALUES
 ('1', '1', '34', 'Homepage', 'homepage', '0', NULL, '{section.name|raw}', '1', '2017-12-24 03:05:19', '2017-12-31 03:58:07', 'eff2982d-e2e1-4c23-a1ce-50214f1e26ed'),
 ('2', '2', '5', 'News', 'news', '1', 'Título', NULL, '1', '2017-12-24 03:05:20', '2017-12-24 03:05:20', '204d38c6-1579-4605-a07c-c2479412f970'),
 ('4', '4', '35', 'Precios', 'precios', '0', NULL, '{section.name|raw}', '1', '2017-12-27 21:32:28', '2017-12-31 03:58:16', 'ef95a0ca-bba5-4213-a725-97a11f9bde9e'),
 ('5', '5', '36', 'Paso a Paso', 'pasoAPaso', '0', NULL, '{section.name|raw}', '1', '2017-12-28 21:47:14', '2017-12-31 03:58:26', 'bd673a66-8e5c-499a-8d9c-fe09794cf858'),
 ('6', '6', '37', 'Proceso Migratorio', 'procesoMigratorio', '0', NULL, '{section.name|raw}', '1', '2017-12-28 21:47:27', '2017-12-31 03:58:36', '2d27f5b2-0971-43cc-9f07-cc373d2c9351'),
 ('7', '7', '38', 'Doctores', 'doctores', '0', NULL, '{section.name|raw}', '1', '2017-12-28 21:47:40', '2017-12-31 03:58:44', '0839208c-8de2-424d-b8ac-9d6db23dbf57'),
 ('8', '8', '33', 'Hospedaje', 'hospedaje', '0', NULL, '{section.name|raw}', '1', '2017-12-31 03:32:38', '2017-12-31 03:57:58', 'bcecfda4-90f8-4c03-a82f-ef4e50495c66'),
 ('9', '9', '39', 'FAQS', 'faqs', '0', NULL, '{section.name|raw}', '1', '2017-12-31 03:33:00', '2017-12-31 03:59:01', '3bac5a22-ba5b-410c-99ae-70be56adaf18');



DROP TABLE IF EXISTS `craft_entryversions`;


--
-- Schema for table `craft_entryversions`
--
CREATE TABLE `craft_entryversions` (
  `id` int(11) NOT NULL AUTO_INCREMENT,
  `entryId` int(11) NOT NULL,
  `sectionId` int(11) NOT NULL,
  `creatorId` int(11) DEFAULT NULL,
  `locale` char(12) COLLATE utf8_unicode_ci NOT NULL,
  `num` smallint(6) unsigned NOT NULL,
  `notes` tinytext COLLATE utf8_unicode_ci,
  `data` mediumtext COLLATE utf8_unicode_ci NOT NULL,
  `dateCreated` datetime NOT NULL,
  `dateUpdated` datetime NOT NULL,
  `uid` char(36) COLLATE utf8_unicode_ci NOT NULL DEFAULT '0',
  PRIMARY KEY (`id`),
  KEY `craft_entryversions_entryId_locale_idx` (`entryId`,`locale`),
  KEY `craft_entryversions_sectionId_fk` (`sectionId`),
  KEY `craft_entryversions_creatorId_fk` (`creatorId`),
  KEY `craft_entryversions_locale_fk` (`locale`)
) ENGINE=InnoDB AUTO_INCREMENT=24 DEFAULT CHARSET=utf8 COLLATE=utf8_unicode_ci;

--
-- Data for table `craft_entryversions`
--

INSERT INTO `craft_entryversions` (`id`, `entryId`, `sectionId`, `creatorId`, `locale`, `num`, `notes`, `data`, `dateCreated`, `dateUpdated`, `uid`) VALUES
 ('1', '2', '1', '1', 'es', '1', NULL, '{\"typeId\":\"1\",\"authorId\":null,\"title\":\"Homepage\",\"slug\":\"homepage\",\"postDate\":1514084719,\"expiryDate\":null,\"enabled\":1,\"parentId\":null,\"fields\":[]}', '2017-12-24 03:05:19', '2017-12-24 03:05:19', '9ba8e954-de31-4b15-93cd-fdbeb4b89432'),
 ('2', '2', '1', '1', 'es', '2', NULL, '{\"typeId\":null,\"authorId\":null,\"title\":\"Welcome to 165.227.214.220!\",\"slug\":\"homepage\",\"postDate\":1514084719,\"expiryDate\":null,\"enabled\":\"1\",\"parentId\":null,\"fields\":{\"1\":\"<p>It\\u2019s true, this site doesn\\u2019t have a whole lot of content yet, but don\\u2019t worry. Our web developers have just installed the CMS, and they\\u2019re setting things up for the content editors this very moment. Soon 165.227.214.220 will be an oasis of fresh perspectives, sharp analyses, and astute opinions that will keep you coming back again and again.<\\/p>\"}}', '2017-12-24 03:05:19', '2017-12-24 03:05:19', '0b77a997-a9bd-4885-888a-3468fb624489'),
 ('3', '3', '2', '1', 'es', '1', NULL, '{\"typeId\":\"2\",\"authorId\":\"1\",\"title\":\"We just installed Craft!\",\"slug\":\"we-just-installed-craft\",\"postDate\":1514084720,\"expiryDate\":null,\"enabled\":1,\"parentId\":null,\"fields\":[]}', '2017-12-24 03:05:20', '2017-12-24 03:05:20', '75b00406-399f-4977-9c79-ab3ef1f6ca7c'),
 ('5', '2', '1', '1', 'es', '3', '', '{\"typeId\":\"1\",\"authorId\":null,\"title\":\"Inicio\",\"slug\":\"homepage\",\"postDate\":1514409756,\"expiryDate\":null,\"enabled\":1,\"parentId\":null,\"fields\":{\"1\":\"<p>Lorem ipsum<br><\\/p>\"}}', '2017-12-27 21:24:17', '2017-12-27 21:24:17', 'ca475f37-a41f-4f48-b02c-18c28a8a1cd7'),
 ('6', '37', '4', '1', 'es', '1', NULL, '{\"typeId\":\"4\",\"authorId\":null,\"title\":\"Precios\",\"slug\":\"precios\",\"postDate\":1514410348,\"expiryDate\":null,\"enabled\":1,\"parentId\":null,\"fields\":[]}', '2017-12-27 21:32:28', '2017-12-27 21:32:28', '33fb377f-6eb8-4627-82b6-a502ed52e69f'),
 ('7', '54', '5', '1', 'es', '1', NULL, '{\"typeId\":\"5\",\"authorId\":null,\"title\":\"Paso a Paso\",\"slug\":\"paso-a-paso\",\"postDate\":1514497634,\"expiryDate\":null,\"enabled\":1,\"parentId\":null,\"fields\":[]}', '2017-12-28 21:47:14', '2017-12-28 21:47:14', '66357d4f-38ce-49b5-a1c7-ef1551794de0'),
 ('8', '55', '6', '1', 'es', '1', NULL, '{\"typeId\":\"6\",\"authorId\":null,\"title\":\"Proceso Migratorio\",\"slug\":\"proceso-migratorio\",\"postDate\":1514497647,\"expiryDate\":null,\"enabled\":1,\"parentId\":null,\"fields\":[]}', '2017-12-28 21:47:27', '2017-12-28 21:47:27', '71c117e6-1065-419a-9391-e38ab2ee1dc8'),
 ('9', '56', '7', '1', 'es', '1', NULL, '{\"typeId\":\"7\",\"authorId\":null,\"title\":\"Doctores\",\"slug\":\"doctores\",\"postDate\":1514497660,\"expiryDate\":null,\"enabled\":1,\"parentId\":null,\"fields\":[]}', '2017-12-28 21:47:40', '2017-12-28 21:47:40', '15d4aab1-d00e-4cb3-ae52-b6e6d30d6127'),
 ('10', '72', '8', '1', 'es', '1', NULL, '{\"typeId\":\"8\",\"authorId\":null,\"title\":\"Hospedaje\",\"slug\":\"hospedaje\",\"postDate\":1514691158,\"expiryDate\":null,\"enabled\":1,\"parentId\":null,\"fields\":[]}', '2017-12-31 03:32:38', '2017-12-31 03:32:38', 'f4ca8c5c-55bb-4174-835f-fa9b470b891a'),
 ('11', '73', '9', '1', 'es', '1', NULL, '{\"typeId\":\"9\",\"authorId\":null,\"title\":\"FAQS\",\"slug\":\"faqs\",\"postDate\":1514691180,\"expiryDate\":null,\"enabled\":1,\"parentId\":null,\"fields\":[]}', '2017-12-31 03:33:00', '2017-12-31 03:33:00', 'f34bdd74-e93d-4f74-a3fc-a35be19b271b'),
 ('12', '2', '1', '1', 'es', '4', '', '{\"typeId\":\"1\",\"authorId\":null,\"title\":\"Homepage\",\"slug\":\"homepage\",\"postDate\":1514409756,\"expiryDate\":null,\"enabled\":1,\"parentId\":null,\"fields\":{\"1\":\"<p><\\/p><p>Ten a tu beb\\u00e9 en Estados Unidos. Nuestro programa es 100% legal, sin repercusiones migratorias a tu visa. Te damos el seguimiento y herramientas necesarias.<\\/p><p><\\/p>\",\"3\":{\"seoMainEntityCategory\":\"CreativeWork\",\"seoMainEntityOfPage\":\"WebPage\",\"seoTitleSource\":\"field\",\"seoTitleSourceField\":\"title\",\"seoTitleUnparsed\":\"\",\"seoDescriptionSource\":\"field\",\"seoDescriptionSourceField\":\"body\",\"seoDescriptionUnparsed\":\"\",\"seoKeywordsSource\":\"custom\",\"seoKeywordsSourceField\":\"title\",\"seoKeywordsUnparsed\":\"nacionalidad, americana, bebe, estados unidos, nacimiento, proceso, parto, dar a luz, precios, paso a paso, proceso, migratorio, doctores, hospedaje, preguntas\",\"seoImageIdSource\":\"custom\",\"seoImageId\":[\"71\"],\"seoImageTransform\":\"\",\"canonicalUrlOverride\":\"\",\"twitterCardType\":\"summary_large_image\",\"seoTwitterImageIdSource\":\"custom\",\"seoTwitterImageId\":\"\",\"seoTwitterImageTransform\":\"\",\"openGraphType\":\"website\",\"seoFacebookImageIdSource\":\"custom\",\"seoFacebookImageId\":\"\",\"seoFacebookImageTransform\":\"\",\"robots\":\"all\"}}}', '2017-12-31 03:57:37', '2017-12-31 03:57:37', 'ce58a5a8-cd4b-4200-903f-72e80fd2bd49'),
 ('13', '2', '1', '1', 'es', '5', '', '{\"typeId\":\"1\",\"authorId\":null,\"title\":\"Homepage\",\"slug\":\"homepage\",\"postDate\":1514409756,\"expiryDate\":null,\"enabled\":1,\"parentId\":null,\"fields\":{\"1\":\"<p>Ten a tu beb\\u00e9 en Estados Unidos. Nuestro programa es 100% legal, sin repercusiones migratorias a tu visa. Te damos el seguimiento y herramientas necesarias.<\\/p>\",\"4\":[\"71\"],\"3\":{\"seoMainEntityCategory\":\"CreativeWork\",\"seoMainEntityOfPage\":\"WebPage\",\"seoTitleSource\":\"field\",\"seoTitleSourceField\":\"title\",\"seoTitleUnparsed\":\"Inicio\",\"seoDescriptionSource\":\"field\",\"seoDescriptionSourceField\":\"body\",\"seoDescriptionUnparsed\":\"Ten a tu beb\\u00e9 en Estados Unidos. Nuestro programa es 100% legal, sin repercusiones migratorias a tu visa. Te damos el seguimiento y herramientas necesarias.\",\"seoKeywordsSource\":\"custom\",\"seoKeywordsSourceField\":\"title\",\"seoKeywordsUnparsed\":\"nacionalidad, americana, bebe, estados unidos, nacimiento, proceso, parto, dar a luz, precios, paso a paso, proceso, migratorio, doctores, hospedaje, preguntas\",\"seoImageIdSource\":\"custom\",\"seoImageIdSourceField\":\"featuredImage\",\"seoImageId\":[\"71\"],\"seoImageTransform\":\"\",\"canonicalUrlOverride\":\"\",\"twitterCardType\":\"summary_large_image\",\"seoTwitterImageIdSource\":\"custom\",\"seoTwitterImageIdSourceField\":\"featuredImage\",\"seoTwitterImageId\":\"\",\"seoTwitterImageTransform\":\"\",\"openGraphType\":\"website\",\"seoFacebookImageIdSource\":\"custom\",\"seoFacebookImageIdSourceField\":\"featuredImage\",\"seoFacebookImageId\":\"\",\"seoFacebookImageTransform\":\"\",\"robots\":\"all\"}}}', '2017-12-31 03:59:30', '2017-12-31 03:59:30', '0167deb1-30f1-4d63-b253-f138d9d20b8b'),
 ('14', '2', '1', '1', 'es', '6', '', '{\"typeId\":\"1\",\"authorId\":null,\"title\":\"Homepage\",\"slug\":\"homepage\",\"postDate\":1514409756,\"expiryDate\":null,\"enabled\":1,\"parentId\":null,\"fields\":{\"1\":\"<p>Ten a tu beb\\u00e9 en Estados Unidos. Nuestro programa es 100% legal, sin repercusiones migratorias a tu visa. Te damos el seguimiento y herramientas necesarias.<\\/p>\",\"4\":[\"71\"],\"3\":{\"seoMainEntityCategory\":\"CreativeWork\",\"seoMainEntityOfPage\":\"WebPage\",\"seoTitleSource\":\"custom\",\"seoTitleSourceField\":\"title\",\"seoTitleUnparsed\":\"Inicio\",\"seoDescriptionSource\":\"field\",\"seoDescriptionSourceField\":\"body\",\"seoDescriptionUnparsed\":\"Ten a tu beb\\u00e9 en Estados Unidos. Nuestro programa es 100% legal, sin repercusiones migratorias a tu visa. Te damos el seguimiento y herramientas necesarias.\",\"seoKeywordsSource\":\"custom\",\"seoKeywordsSourceField\":\"title\",\"seoKeywordsUnparsed\":\"nacionalidad, americana, bebe, estados unidos, nacimiento, proceso, parto, dar a luz, precios, paso a paso, proceso, migratorio, doctores, hospedaje, preguntas\",\"seoImageIdSource\":\"custom\",\"seoImageIdSourceField\":\"featuredImage\",\"seoImageId\":[\"71\"],\"seoImageTransform\":\"\",\"canonicalUrlOverride\":\"\",\"twitterCardType\":\"summary_large_image\",\"seoTwitterImageIdSource\":\"custom\",\"seoTwitterImageIdSourceField\":\"featuredImage\",\"seoTwitterImageId\":\"\",\"seoTwitterImageTransform\":\"\",\"openGraphType\":\"website\",\"seoFacebookImageIdSource\":\"custom\",\"seoFacebookImageIdSourceField\":\"featuredImage\",\"seoFacebookImageId\":\"\",\"seoFacebookImageTransform\":\"\",\"robots\":\"all\"}}}', '2017-12-31 03:59:51', '2017-12-31 03:59:51', '74854920-c2af-4b13-9a23-7b73cd4b53a9'),
 ('15', '2', '1', '1', 'es', '7', '', '{\"typeId\":\"1\",\"authorId\":null,\"title\":\"Homepage\",\"slug\":\"homepage\",\"postDate\":1514409756,\"expiryDate\":null,\"enabled\":1,\"parentId\":null,\"fields\":{\"1\":\"<p>Ten a tu beb\\u00e9 en Estados Unidos. Nuestro programa es 100% legal, sin repercusiones migratorias a tu visa. Te damos el seguimiento y herramientas necesarias.<\\/p>\",\"4\":[\"71\"],\"3\":{\"seoMainEntityCategory\":\"CreativeWork\",\"seoMainEntityOfPage\":\"WebPage\",\"seoTitleSource\":\"custom\",\"seoTitleSourceField\":\"title\",\"seoTitleUnparsed\":\"Inicio\",\"seoDescriptionSource\":\"field\",\"seoDescriptionSourceField\":\"body\",\"seoDescriptionUnparsed\":\"Ten a tu beb\\u00e9 en Estados Unidos. Nuestro programa es 100% legal, sin repercusiones migratorias a tu visa. Te damos el seguimiento y herramientas necesarias.\",\"seoKeywordsSource\":\"custom\",\"seoKeywordsSourceField\":\"title\",\"seoKeywordsUnparsed\":\"nacionalidad, americana, bebe, estados unidos, nacimiento, proceso, parto, dar a luz, precios, paso a paso, proceso, migratorio, doctores, hospedaje, preguntas\",\"seoImageIdSource\":\"custom\",\"seoImageIdSourceField\":\"featuredImage\",\"seoImageId\":[\"71\"],\"seoImageTransform\":\"\",\"canonicalUrlOverride\":\"\",\"twitterCardType\":\"summary_large_image\",\"seoTwitterImageIdSource\":\"field\",\"seoTwitterImageIdSourceField\":\"featuredImage\",\"seoTwitterImageId\":\"\",\"seoTwitterImageTransform\":\"\",\"openGraphType\":\"website\",\"seoFacebookImageIdSource\":\"field\",\"seoFacebookImageIdSourceField\":\"featuredImage\",\"seoFacebookImageId\":\"\",\"seoFacebookImageTransform\":\"\",\"robots\":\"all\"}}}', '2017-12-31 04:00:52', '2017-12-31 04:00:52', '0be73d99-c283-4549-a61e-340886463777'),
 ('16', '2', '1', '1', 'es', '8', '', '{\"typeId\":\"1\",\"authorId\":null,\"title\":\"Homepage\",\"slug\":\"homepage\",\"postDate\":1514409756,\"expiryDate\":null,\"enabled\":1,\"parentId\":null,\"fields\":{\"1\":\"<p>Ten a tu beb\\u00e9 en Estados Unidos. Nuestro programa es 100% legal, sin repercusiones migratorias a tu visa. Te damos el seguimiento y herramientas necesarias.<\\/p>\",\"4\":[\"71\"],\"3\":{\"seoMainEntityCategory\":\"CreativeWork\",\"seoMainEntityOfPage\":\"WebPage\",\"seoTitleSource\":\"custom\",\"seoTitleSourceField\":\"title\",\"seoTitleUnparsed\":\"Inicio\",\"seoDescriptionSource\":\"field\",\"seoDescriptionSourceField\":\"body\",\"seoDescriptionUnparsed\":\"Ten a tu beb\\u00e9 en Estados Unidos. Nuestro programa es 100% legal, sin repercusiones migratorias a tu visa. Te damos el seguimiento y herramientas necesarias.\",\"seoKeywordsSource\":\"custom\",\"seoKeywordsSourceField\":\"title\",\"seoKeywordsUnparsed\":\"nacionalidad, americana, bebe, estados unidos, nacimiento, proceso, parto, dar a luz, precios, paso a paso, proceso, migratorio, doctores, hospedaje, preguntas\",\"seoImageIdSource\":\"custom\",\"seoImageIdSourceField\":\"featuredImage\",\"seoImageId\":[\"71\"],\"seoImageTransform\":\"\",\"canonicalUrlOverride\":\"\",\"twitterCardType\":\"summary_large_image\",\"seoTwitterImageIdSource\":\"field\",\"seoTwitterImageIdSourceField\":\"featuredImage\",\"seoTwitterImageId\":[\"71\"],\"seoTwitterImageTransform\":\"\",\"openGraphType\":\"website\",\"seoFacebookImageIdSource\":\"field\",\"seoFacebookImageIdSourceField\":\"featuredImage\",\"seoFacebookImageId\":[\"71\"],\"seoFacebookImageTransform\":\"\",\"robots\":\"all\"}}}', '2017-12-31 04:01:39', '2017-12-31 04:01:39', '2c4f39a5-9db0-4b63-9cc3-67e619b54282'),
 ('17', '37', '4', '1', 'es', '2', '', '{\"typeId\":null,\"authorId\":null,\"title\":\"Precios\",\"slug\":\"precios\",\"postDate\":1514410348,\"expiryDate\":null,\"enabled\":1,\"parentId\":null,\"fields\":{\"1\":\"<p>Conoce los precios para tener a tu beb\\u00e9 en Estados Unidos. Nuestro programa es 100% legal, sin repercusiones migratorias a tu visa.<\\/p>\",\"4\":[\"74\"],\"3\":{\"seoMainEntityCategory\":\"CreativeWork\",\"seoMainEntityOfPage\":\"WebPage\",\"seoTitleSource\":\"field\",\"seoTitleSourceField\":\"title\",\"seoTitleUnparsed\":\"\",\"seoDescriptionSource\":\"field\",\"seoDescriptionSourceField\":\"body\",\"seoDescriptionUnparsed\":\"\",\"seoKeywordsSource\":\"custom\",\"seoKeywordsSourceField\":\"title\",\"seoKeywordsUnparsed\":\"nacionalidad, americana, bebe, estados unidos, nacimiento, proceso, parto, dar a luz, precios, paso a paso, proceso, migratorio, doctores, hospedaje, preguntas\",\"seoImageIdSource\":\"field\",\"seoImageIdSourceField\":\"featuredImage\",\"seoImageId\":\"\",\"seoImageTransform\":\"\",\"canonicalUrlOverride\":\"\",\"twitterCardType\":\"summary_large_image\",\"seoTwitterImageIdSource\":\"field\",\"seoTwitterImageIdSourceField\":\"featuredImage\",\"seoTwitterImageId\":\"\",\"seoTwitterImageTransform\":\"\",\"openGraphType\":\"website\",\"seoFacebookImageIdSource\":\"field\",\"seoFacebookImageIdSourceField\":\"featuredImage\",\"seoFacebookImageId\":\"\",\"seoFacebookImageTransform\":\"\",\"robots\":\"all\"}}}', '2017-12-31 04:07:08', '2017-12-31 04:07:08', 'b939d0d8-9afa-4952-90f4-7b3650bea961'),
 ('18', '37', '4', '1', 'es', '3', '', '{\"typeId\":null,\"authorId\":null,\"title\":\"Precios\",\"slug\":\"precios\",\"postDate\":1514410348,\"expiryDate\":null,\"enabled\":1,\"parentId\":null,\"fields\":{\"1\":\"<p>Conoce los precios para tener a tu beb\\u00e9 en Estados Unidos. Nuestro programa es 100% legal, sin repercusiones migratorias a tu visa.<\\/p>\",\"4\":[\"74\"],\"3\":{\"seoMainEntityCategory\":\"CreativeWork\",\"seoMainEntityOfPage\":\"WebPage\",\"seoTitleSource\":\"field\",\"seoTitleSourceField\":\"title\",\"seoTitleUnparsed\":\"Precios\",\"seoDescriptionSource\":\"field\",\"seoDescriptionSourceField\":\"body\",\"seoDescriptionUnparsed\":\"Conoce los precios para tener a tu beb\\u00e9 en Estados Unidos. Nuestro programa es 100% legal, sin repercusiones migratorias a tu visa.\",\"seoKeywordsSource\":\"custom\",\"seoKeywordsSourceField\":\"title\",\"seoKeywordsUnparsed\":\"nacionalidad, americana, bebe, estados unidos, nacimiento, proceso, parto, dar a luz, precios, paso a paso, proceso, migratorio, doctores, hospedaje, preguntas\",\"seoImageIdSource\":\"field\",\"seoImageIdSourceField\":\"featuredImage\",\"seoImageId\":[\"74\"],\"seoImageTransform\":\"\",\"canonicalUrlOverride\":\"\",\"twitterCardType\":\"summary_large_image\",\"seoTwitterImageIdSource\":\"field\",\"seoTwitterImageIdSourceField\":\"featuredImage\",\"seoTwitterImageId\":[\"74\"],\"seoTwitterImageTransform\":\"\",\"openGraphType\":\"website\",\"seoFacebookImageIdSource\":\"field\",\"seoFacebookImageIdSourceField\":\"featuredImage\",\"seoFacebookImageId\":[\"74\"],\"seoFacebookImageTransform\":\"\",\"robots\":\"all\"}}}', '2017-12-31 04:07:53', '2017-12-31 04:07:53', '5373b2d5-0f95-4f7e-9a3a-4ac90b6e7d3a'),
 ('19', '54', '5', '1', 'es', '2', '', '{\"typeId\":null,\"authorId\":null,\"title\":\"Paso a Paso\",\"slug\":\"paso-a-paso\",\"postDate\":1514497634,\"expiryDate\":null,\"enabled\":1,\"parentId\":null,\"fields\":{\"1\":\"<p>El paso a paso para tener a tu beb\\u00e9 en Estados Unidos. Nuestro programa es 100% legal, sin repercusiones migratorias a tu visa.<\\/p>\",\"4\":[\"75\"],\"3\":{\"seoMainEntityCategory\":\"CreativeWork\",\"seoMainEntityOfPage\":\"WebPage\",\"seoTitleSource\":\"field\",\"seoTitleSourceField\":\"title\",\"seoTitleUnparsed\":\"\",\"seoDescriptionSource\":\"field\",\"seoDescriptionSourceField\":\"body\",\"seoDescriptionUnparsed\":\"\",\"seoKeywordsSource\":\"custom\",\"seoKeywordsSourceField\":\"title\",\"seoKeywordsUnparsed\":\"nacionalidad, americana, bebe, estados unidos, nacimiento, proceso, parto, dar a luz, precios, paso a paso, proceso, migratorio, doctores, hospedaje, preguntas\",\"seoImageIdSource\":\"field\",\"seoImageIdSourceField\":\"featuredImage\",\"seoImageId\":\"\",\"seoImageTransform\":\"\",\"canonicalUrlOverride\":\"\",\"twitterCardType\":\"summary_large_image\",\"seoTwitterImageIdSource\":\"field\",\"seoTwitterImageIdSourceField\":\"featuredImage\",\"seoTwitterImageId\":\"\",\"seoTwitterImageTransform\":\"\",\"openGraphType\":\"website\",\"seoFacebookImageIdSource\":\"field\",\"seoFacebookImageIdSourceField\":\"featuredImage\",\"seoFacebookImageId\":\"\",\"seoFacebookImageTransform\":\"\",\"robots\":\"all\"}}}', '2017-12-31 04:14:20', '2017-12-31 04:14:20', 'b7805f8e-2fd2-4ff5-97d4-e193092d58cf'),
 ('20', '55', '6', '1', 'es', '2', '', '{\"typeId\":null,\"authorId\":null,\"title\":\"Proceso Migratorio\",\"slug\":\"proceso-migratorio\",\"postDate\":1514497647,\"expiryDate\":null,\"enabled\":1,\"parentId\":null,\"fields\":{\"1\":\"<p>Conoce el proceso migratorio para tener a tu beb\\u00e9 en Estados Unidos. Nuestro programa es 100% legal, sin repercusiones migratorias a tu visa.<\\/p>\",\"4\":[\"76\"],\"3\":{\"seoMainEntityCategory\":\"CreativeWork\",\"seoMainEntityOfPage\":\"WebPage\",\"seoTitleSource\":\"field\",\"seoTitleSourceField\":\"title\",\"seoTitleUnparsed\":\"\",\"seoDescriptionSource\":\"field\",\"seoDescriptionSourceField\":\"body\",\"seoDescriptionUnparsed\":\"\",\"seoKeywordsSource\":\"custom\",\"seoKeywordsSourceField\":\"title\",\"seoKeywordsUnparsed\":\"nacionalidad, americana, bebe, estados unidos, nacimiento, proceso, parto, dar a luz, precios, paso a paso, proceso, migratorio, doctores, hospedaje, preguntas\",\"seoImageIdSource\":\"field\",\"seoImageIdSourceField\":\"featuredImage\",\"seoImageId\":\"\",\"seoImageTransform\":\"\",\"canonicalUrlOverride\":\"\",\"twitterCardType\":\"summary_large_image\",\"seoTwitterImageIdSource\":\"field\",\"seoTwitterImageIdSourceField\":\"featuredImage\",\"seoTwitterImageId\":\"\",\"seoTwitterImageTransform\":\"\",\"openGraphType\":\"website\",\"seoFacebookImageIdSource\":\"field\",\"seoFacebookImageIdSourceField\":\"featuredImage\",\"seoFacebookImageId\":\"\",\"seoFacebookImageTransform\":\"\",\"robots\":\"all\"}}}', '2017-12-31 04:16:10', '2017-12-31 04:16:10', '6fbd5a55-d0a7-41aa-8f9a-71d79484df87'),
 ('21', '56', '7', '1', 'es', '2', '', '{\"typeId\":null,\"authorId\":null,\"title\":\"Doctores\",\"slug\":\"doctores\",\"postDate\":1514497660,\"expiryDate\":null,\"enabled\":1,\"parentId\":null,\"fields\":{\"1\":\"Conoce al equipo de doctores para tener a tu beb\\u00e9 en Estados Unidos. Nuestro programa es 100% legal, sin repercusiones migratorias a tu visa.\",\"4\":[\"77\"],\"3\":{\"seoMainEntityCategory\":\"CreativeWork\",\"seoMainEntityOfPage\":\"WebPage\",\"seoTitleSource\":\"field\",\"seoTitleSourceField\":\"title\",\"seoTitleUnparsed\":\"\",\"seoDescriptionSource\":\"field\",\"seoDescriptionSourceField\":\"body\",\"seoDescriptionUnparsed\":\"\",\"seoKeywordsSource\":\"custom\",\"seoKeywordsSourceField\":\"title\",\"seoKeywordsUnparsed\":\"nacionalidad, americana, bebe, estados unidos, nacimiento, proceso, parto, dar a luz, precios, paso a paso, proceso, migratorio, doctores, hospedaje, preguntas\",\"seoImageIdSource\":\"field\",\"seoImageIdSourceField\":\"featuredImage\",\"seoImageId\":\"\",\"seoImageTransform\":\"\",\"canonicalUrlOverride\":\"\",\"twitterCardType\":\"summary_large_image\",\"seoTwitterImageIdSource\":\"field\",\"seoTwitterImageIdSourceField\":\"featuredImage\",\"seoTwitterImageId\":\"\",\"seoTwitterImageTransform\":\"\",\"openGraphType\":\"website\",\"seoFacebookImageIdSource\":\"field\",\"seoFacebookImageIdSourceField\":\"featuredImage\",\"seoFacebookImageId\":\"\",\"seoFacebookImageTransform\":\"\",\"robots\":\"all\"}}}', '2017-12-31 04:17:25', '2017-12-31 04:17:25', '484bbf89-04ce-4b38-a096-7664d110fd14'),
 ('22', '72', '8', '1', 'es', '2', '', '{\"typeId\":null,\"authorId\":null,\"title\":\"Hospedaje\",\"slug\":\"hospedaje\",\"postDate\":1514691158,\"expiryDate\":null,\"enabled\":1,\"parentId\":null,\"fields\":{\"1\":\"Donde hospedarte para tener a tu beb\\u00e9 en Estados Unidos. Nuestro programa es 100% legal, sin repercusiones migratorias a tu visa.\",\"4\":[\"78\"],\"3\":{\"seoMainEntityCategory\":\"CreativeWork\",\"seoMainEntityOfPage\":\"WebPage\",\"seoTitleSource\":\"field\",\"seoTitleSourceField\":\"title\",\"seoTitleUnparsed\":\"\",\"seoDescriptionSource\":\"field\",\"seoDescriptionSourceField\":\"body\",\"seoDescriptionUnparsed\":\"\",\"seoKeywordsSource\":\"custom\",\"seoKeywordsSourceField\":\"title\",\"seoKeywordsUnparsed\":\"nacionalidad, americana, bebe, estados unidos, nacimiento, proceso, parto, dar a luz, precios, paso a paso, proceso, migratorio, doctores, hospedaje, preguntas\",\"seoImageIdSource\":\"field\",\"seoImageIdSourceField\":\"featuredImage\",\"seoImageId\":\"\",\"seoImageTransform\":\"\",\"canonicalUrlOverride\":\"\",\"twitterCardType\":\"summary_large_image\",\"seoTwitterImageIdSource\":\"field\",\"seoTwitterImageIdSourceField\":\"featuredImage\",\"seoTwitterImageId\":\"\",\"seoTwitterImageTransform\":\"\",\"openGraphType\":\"website\",\"seoFacebookImageIdSource\":\"field\",\"seoFacebookImageIdSourceField\":\"featuredImage\",\"seoFacebookImageId\":\"\",\"seoFacebookImageTransform\":\"\",\"robots\":\"all\"}}}', '2017-12-31 04:18:58', '2017-12-31 04:18:58', 'e7123493-ef29-411b-84f5-65b2e9676f9a'),
 ('23', '73', '9', '1', 'es', '2', '', '{\"typeId\":null,\"authorId\":null,\"title\":\"FAQS\",\"slug\":\"faqs\",\"postDate\":1514691180,\"expiryDate\":null,\"enabled\":1,\"parentId\":null,\"fields\":{\"1\":\"Las preguntas m\\u00e1s frecuentes para tener a tu beb\\u00e9 en Estados Unidos. Nuestro programa es 100% legal, sin repercusiones migratorias a tu visa.\",\"4\":[\"79\"],\"3\":{\"seoMainEntityCategory\":\"CreativeWork\",\"seoMainEntityOfPage\":\"WebPage\",\"seoTitleSource\":\"field\",\"seoTitleSourceField\":\"title\",\"seoTitleUnparsed\":\"\",\"seoDescriptionSource\":\"field\",\"seoDescriptionSourceField\":\"body\",\"seoDescriptionUnparsed\":\"\",\"seoKeywordsSource\":\"custom\",\"seoKeywordsSourceField\":\"title\",\"seoKeywordsUnparsed\":\"nacionalidad, americana, bebe, estados unidos, nacimiento, proceso, parto, dar a luz, precios, paso a paso, proceso, migratorio, doctores, hospedaje, preguntas\",\"seoImageIdSource\":\"field\",\"seoImageIdSourceField\":\"featuredImage\",\"seoImageId\":\"\",\"seoImageTransform\":\"\",\"canonicalUrlOverride\":\"\",\"twitterCardType\":\"summary_large_image\",\"seoTwitterImageIdSource\":\"field\",\"seoTwitterImageIdSourceField\":\"featuredImage\",\"seoTwitterImageId\":\"\",\"seoTwitterImageTransform\":\"\",\"openGraphType\":\"website\",\"seoFacebookImageIdSource\":\"field\",\"seoFacebookImageIdSourceField\":\"featuredImage\",\"seoFacebookImageId\":\"\",\"seoFacebookImageTransform\":\"\",\"robots\":\"all\"}}}', '2017-12-31 04:20:35', '2017-12-31 04:20:35', '260fa4eb-e987-4df0-ae16-169322dd1856');



DROP TABLE IF EXISTS `craft_fieldgroups`;


--
-- Schema for table `craft_fieldgroups`
--
CREATE TABLE `craft_fieldgroups` (
  `id` int(11) NOT NULL AUTO_INCREMENT,
  `name` varchar(255) COLLATE utf8_unicode_ci NOT NULL,
  `dateCreated` datetime NOT NULL,
  `dateUpdated` datetime NOT NULL,
  `uid` char(36) COLLATE utf8_unicode_ci NOT NULL DEFAULT '0',
  PRIMARY KEY (`id`),
  UNIQUE KEY `craft_fieldgroups_name_unq_idx` (`name`)
) ENGINE=InnoDB AUTO_INCREMENT=2 DEFAULT CHARSET=utf8 COLLATE=utf8_unicode_ci;

--
-- Data for table `craft_fieldgroups`
--

INSERT INTO `craft_fieldgroups` (`id`, `name`, `dateCreated`, `dateUpdated`, `uid`) VALUES
 ('1', 'Default', '2017-12-24 03:05:19', '2017-12-24 03:05:19', '13ff1d67-2593-4e25-ae99-1a14c7dcfea1');



DROP TABLE IF EXISTS `craft_fieldlayoutfields`;


--
-- Schema for table `craft_fieldlayoutfields`
--
CREATE TABLE `craft_fieldlayoutfields` (
  `id` int(11) NOT NULL AUTO_INCREMENT,
  `layoutId` int(11) NOT NULL,
  `tabId` int(11) NOT NULL,
  `fieldId` int(11) NOT NULL,
  `required` tinyint(1) unsigned NOT NULL DEFAULT '0',
  `sortOrder` smallint(6) unsigned DEFAULT NULL,
  `dateCreated` datetime NOT NULL,
  `dateUpdated` datetime NOT NULL,
  `uid` char(36) COLLATE utf8_unicode_ci NOT NULL DEFAULT '0',
  PRIMARY KEY (`id`),
  UNIQUE KEY `craft_fieldlayoutfields_layoutId_fieldId_unq_idx` (`layoutId`,`fieldId`),
  KEY `craft_fieldlayoutfields_sortOrder_idx` (`sortOrder`),
  KEY `craft_fieldlayoutfields_tabId_fk` (`tabId`),
  KEY `craft_fieldlayoutfields_fieldId_fk` (`fieldId`)
) ENGINE=InnoDB AUTO_INCREMENT=76 DEFAULT CHARSET=utf8 COLLATE=utf8_unicode_ci;

--
-- Data for table `craft_fieldlayoutfields`
--

INSERT INTO `craft_fieldlayoutfields` (`id`, `layoutId`, `tabId`, `fieldId`, `required`, `sortOrder`, `dateCreated`, `dateUpdated`, `uid`) VALUES
 ('2', '5', '2', '1', '1', '1', '2017-12-24 03:05:20', '2017-12-24 03:05:20', 'a6f3e07f-b80b-465f-a3c5-f1443217fcdb'),
 ('3', '5', '2', '2', '0', '2', '2017-12-24 03:05:20', '2017-12-24 03:05:20', 'f91d143a-0d58-45dd-9263-7fb651e9ab39'),
 ('55', '33', '22', '1', '0', '1', '2017-12-31 03:57:58', '2017-12-31 03:57:58', '59f9c9f5-af38-4d46-91bd-0f2cd824f533'),
 ('56', '33', '22', '4', '0', '2', '2017-12-31 03:57:58', '2017-12-31 03:57:58', 'fe493e24-821f-4681-853f-5179de1bf405'),
 ('57', '33', '22', '3', '0', '3', '2017-12-31 03:57:58', '2017-12-31 03:57:58', '320e7526-ae53-4f24-838f-d67887883871'),
 ('58', '34', '23', '1', '1', '1', '2017-12-31 03:58:07', '2017-12-31 03:58:07', 'e458aa7e-12fd-465f-8048-0716de1e4461'),
 ('59', '34', '23', '4', '0', '2', '2017-12-31 03:58:07', '2017-12-31 03:58:07', 'dff0b2eb-f779-4780-933e-fef7d3c6de04'),
 ('60', '34', '23', '3', '0', '3', '2017-12-31 03:58:07', '2017-12-31 03:58:07', '214f1b13-257d-43f3-b7a7-a13f6f332a41'),
 ('61', '35', '24', '1', '0', '1', '2017-12-31 03:58:16', '2017-12-31 03:58:16', '337f0f24-b0df-4c76-b274-46c615003857'),
 ('62', '35', '24', '4', '0', '2', '2017-12-31 03:58:16', '2017-12-31 03:58:16', '6c2af7db-eb36-4d36-aad5-003edf8a53ed'),
 ('63', '35', '24', '3', '0', '3', '2017-12-31 03:58:16', '2017-12-31 03:58:16', '5e0348ed-adf4-4f7f-ba6d-fac829fcca99'),
 ('64', '36', '25', '1', '0', '1', '2017-12-31 03:58:26', '2017-12-31 03:58:26', '62edec60-7580-4bec-a659-258c4b70645b'),
 ('65', '36', '25', '4', '0', '2', '2017-12-31 03:58:26', '2017-12-31 03:58:26', '022ba779-117f-478e-84f2-31a32f0dfb94'),
 ('66', '36', '25', '3', '0', '3', '2017-12-31 03:58:26', '2017-12-31 03:58:26', 'f652f71a-9baa-470f-8d2c-a6b379647b72'),
 ('67', '37', '26', '1', '0', '1', '2017-12-31 03:58:36', '2017-12-31 03:58:36', 'eaefccbb-3bb4-4bc9-8835-d94582179364'),
 ('68', '37', '26', '4', '0', '2', '2017-12-31 03:58:36', '2017-12-31 03:58:36', '4b1a138d-69d2-4663-abcb-3fb76f4e884c'),
 ('69', '37', '26', '3', '0', '3', '2017-12-31 03:58:36', '2017-12-31 03:58:36', '69bc9c16-0935-4910-8640-e60264fbcfc8'),
 ('70', '38', '27', '1', '0', '1', '2017-12-31 03:58:44', '2017-12-31 03:58:44', '4e36415e-6d5c-477a-bee5-e4e1272a9c9a'),
 ('71', '38', '27', '4', '0', '2', '2017-12-31 03:58:44', '2017-12-31 03:58:44', '04dc7ade-6f94-478c-ba9e-75ef73d7b9be'),
 ('72', '38', '27', '3', '0', '3', '2017-12-31 03:58:44', '2017-12-31 03:58:44', 'ec614628-6ebe-44c6-b289-07c1c8d80051'),
 ('73', '39', '28', '1', '0', '1', '2017-12-31 03:59:01', '2017-12-31 03:59:01', 'f6216ba2-7ea4-4ef6-bf44-1ed85cc4164e'),
 ('74', '39', '28', '4', '0', '2', '2017-12-31 03:59:01', '2017-12-31 03:59:01', '10144b88-06fb-4852-9b93-ee70619631b0'),
 ('75', '39', '28', '3', '0', '3', '2017-12-31 03:59:01', '2017-12-31 03:59:01', '9d3a5e0f-ac76-4ce3-abbe-1887cff2b0c0');



DROP TABLE IF EXISTS `craft_fieldlayouts`;


--
-- Schema for table `craft_fieldlayouts`
--
CREATE TABLE `craft_fieldlayouts` (
  `id` int(11) NOT NULL AUTO_INCREMENT,
  `type` varchar(150) COLLATE utf8_unicode_ci NOT NULL,
  `dateCreated` datetime NOT NULL,
  `dateUpdated` datetime NOT NULL,
  `uid` char(36) COLLATE utf8_unicode_ci NOT NULL DEFAULT '0',
  PRIMARY KEY (`id`),
  KEY `craft_fieldlayouts_type_idx` (`type`)
) ENGINE=InnoDB AUTO_INCREMENT=40 DEFAULT CHARSET=utf8 COLLATE=utf8_unicode_ci;

--
-- Data for table `craft_fieldlayouts`
--

INSERT INTO `craft_fieldlayouts` (`id`, `type`, `dateCreated`, `dateUpdated`, `uid`) VALUES
 ('1', 'Tag', '2017-12-24 03:05:19', '2017-12-24 03:05:19', '689cd0fb-398e-421d-aba6-ef1688dde45b'),
 ('5', 'Entry', '2017-12-24 03:05:20', '2017-12-24 03:05:20', 'f2e12ca8-be54-4eb7-8701-97e5d82aecc5'),
 ('6', 'Asset', '2017-12-24 15:06:02', '2017-12-24 15:06:02', '73ace544-6a5d-418f-ab13-e7e9d24fe220'),
 ('33', 'Entry', '2017-12-31 03:57:58', '2017-12-31 03:57:58', '44523434-22c3-42c7-9b54-52832c7794af'),
 ('34', 'Entry', '2017-12-31 03:58:07', '2017-12-31 03:58:07', '99cfe10b-117b-4196-ad7d-15f3602460f7'),
 ('35', 'Entry', '2017-12-31 03:58:16', '2017-12-31 03:58:16', '7f91b92f-fd48-48bf-8934-012f3c57630d'),
 ('36', 'Entry', '2017-12-31 03:58:26', '2017-12-31 03:58:26', '83f6869c-ae2b-406f-924e-20de6b3ecb4a'),
 ('37', 'Entry', '2017-12-31 03:58:36', '2017-12-31 03:58:36', '642a6384-0861-4cb8-a471-d1de393cd971'),
 ('38', 'Entry', '2017-12-31 03:58:44', '2017-12-31 03:58:44', '03d89a47-3cd2-4553-aa4e-dd5bd94194ec'),
 ('39', 'Entry', '2017-12-31 03:59:01', '2017-12-31 03:59:01', '1816fae8-9098-495a-ade0-91071f21d75c');



DROP TABLE IF EXISTS `craft_fieldlayouttabs`;


--
-- Schema for table `craft_fieldlayouttabs`
--
CREATE TABLE `craft_fieldlayouttabs` (
  `id` int(11) NOT NULL AUTO_INCREMENT,
  `layoutId` int(11) NOT NULL,
  `name` varchar(255) COLLATE utf8_unicode_ci NOT NULL,
  `sortOrder` smallint(6) unsigned DEFAULT NULL,
  `dateCreated` datetime NOT NULL,
  `dateUpdated` datetime NOT NULL,
  `uid` char(36) COLLATE utf8_unicode_ci NOT NULL DEFAULT '0',
  PRIMARY KEY (`id`),
  KEY `craft_fieldlayouttabs_sortOrder_idx` (`sortOrder`),
  KEY `craft_fieldlayouttabs_layoutId_fk` (`layoutId`)
) ENGINE=InnoDB AUTO_INCREMENT=29 DEFAULT CHARSET=utf8 COLLATE=utf8_unicode_ci;

--
-- Data for table `craft_fieldlayouttabs`
--

INSERT INTO `craft_fieldlayouttabs` (`id`, `layoutId`, `name`, `sortOrder`, `dateCreated`, `dateUpdated`, `uid`) VALUES
 ('2', '5', 'Content', '1', '2017-12-24 03:05:20', '2017-12-24 03:05:20', 'd89a5b0d-426c-44fc-804e-f299de064dc3'),
 ('22', '33', 'Tab 1', '1', '2017-12-31 03:57:58', '2017-12-31 03:57:58', '93de457d-b0d1-4061-8e2e-4b97230ce7a0'),
 ('23', '34', 'Content', '1', '2017-12-31 03:58:07', '2017-12-31 03:58:07', '105f1917-5872-4bb1-83c2-65da90161f89'),
 ('24', '35', 'Tab 1', '1', '2017-12-31 03:58:16', '2017-12-31 03:58:16', '63a400d0-89ec-4422-a5b5-939517ed7258'),
 ('25', '36', 'Tab 1', '1', '2017-12-31 03:58:26', '2017-12-31 03:58:26', 'f3cf30e5-0fa5-42df-9f3c-80605b0e8ab5'),
 ('26', '37', 'Tab 1', '1', '2017-12-31 03:58:36', '2017-12-31 03:58:36', '5e17bed6-bb59-467a-9e16-85ae5ccbe07d'),
 ('27', '38', 'Tab 1', '1', '2017-12-31 03:58:44', '2017-12-31 03:58:44', 'd29d6dca-ce35-470f-87fc-0745655e485e'),
 ('28', '39', 'Tab 1', '1', '2017-12-31 03:59:01', '2017-12-31 03:59:01', 'ac4a2cf0-0bb5-4a08-a299-a5d84aba9c1a');



DROP TABLE IF EXISTS `craft_fields`;


--
-- Schema for table `craft_fields`
--
CREATE TABLE `craft_fields` (
  `id` int(11) NOT NULL AUTO_INCREMENT,
  `groupId` int(11) DEFAULT NULL,
  `name` varchar(255) COLLATE utf8_unicode_ci NOT NULL,
  `handle` varchar(58) COLLATE utf8_unicode_ci NOT NULL,
  `context` varchar(255) COLLATE utf8_unicode_ci NOT NULL DEFAULT 'global',
  `instructions` text COLLATE utf8_unicode_ci,
  `translatable` tinyint(1) unsigned NOT NULL DEFAULT '0',
  `type` varchar(150) COLLATE utf8_unicode_ci NOT NULL,
  `settings` text COLLATE utf8_unicode_ci,
  `dateCreated` datetime NOT NULL,
  `dateUpdated` datetime NOT NULL,
  `uid` char(36) COLLATE utf8_unicode_ci NOT NULL DEFAULT '0',
  PRIMARY KEY (`id`),
  UNIQUE KEY `craft_fields_handle_context_unq_idx` (`handle`,`context`),
  KEY `craft_fields_context_idx` (`context`),
  KEY `craft_fields_groupId_fk` (`groupId`)
) ENGINE=InnoDB AUTO_INCREMENT=5 DEFAULT CHARSET=utf8 COLLATE=utf8_unicode_ci;

--
-- Data for table `craft_fields`
--

INSERT INTO `craft_fields` (`id`, `groupId`, `name`, `handle`, `context`, `instructions`, `translatable`, `type`, `settings`, `dateCreated`, `dateUpdated`, `uid`) VALUES
 ('1', '1', 'Body', 'body', 'global', NULL, '1', 'RichText', '{\"configFile\":\"Standard.json\",\"columnType\":\"text\"}', '2017-12-24 03:05:19', '2017-12-24 03:05:19', 'e733591d-3ada-4ff5-aa94-6c0932013648'),
 ('2', '1', 'Tags', 'tags', 'global', NULL, '0', 'Tags', '{\"source\":\"taggroup:1\"}', '2017-12-24 03:05:19', '2017-12-24 03:05:19', '25ab684c-45cf-4f06-b7ec-791b2f570824'),
 ('3', '1', 'SEO Página', 'seoPagina', 'global', 'SEO para páginas únicas', '0', 'Seomatic_Meta', '{\"assetSources\":\"*\",\"seoMainEntityCategory\":\"CreativeWork\",\"seoMainEntityOfPage\":\"WebPage\",\"seoTitleSource\":\"field\",\"seoTitleSourceField\":\"title\",\"seoTitle\":\"\",\"seoTitleSourceChangeable\":\"1\",\"seoDescriptionSource\":\"field\",\"seoDescriptionSourceField\":\"body\",\"seoDescription\":\"\",\"seoDescriptionSourceChangeable\":\"1\",\"seoKeywordsSource\":\"custom\",\"seoKeywordsSourceField\":\"tags\",\"seoKeywords\":\"nacionalidad, americana, bebe, estados unidos, nacimiento, proceso, parto, dar a luz, precios, paso a paso, proceso, migratorio, doctores, hospedaje, preguntas\",\"seoKeywordsSourceChangeable\":\"1\",\"seoImageIdSource\":\"field\",\"seoImageIdSourceField\":\"featuredImage\",\"seoImageIdSourceChangeable\":\"1\",\"seoImageTransform\":\"\",\"twitterCardType\":\"summary_large_image\",\"twitterCardTypeChangeable\":\"1\",\"seoTwitterImageIdSource\":\"field\",\"seoTwitterImageIdSourceField\":\"featuredImage\",\"seoTwitterImageIdSourceChangeable\":\"1\",\"seoTwitterImageTransform\":\"\",\"openGraphType\":\"website\",\"openGraphTypeChangeable\":\"1\",\"seoFacebookImageIdSource\":\"field\",\"seoFacebookImageIdSourceField\":\"featuredImage\",\"seoFacebookImageIdSourceChangeable\":\"1\",\"seoFacebookImageTransform\":\"\",\"robots\":\"all\",\"robotsChangeable\":\"1\"}', '2017-12-31 03:35:39', '2017-12-31 04:00:26', '013ab68c-e26e-4118-8d18-23fc689f034d'),
 ('4', '1', 'Featured Image', 'featuredImage', 'global', 'Imagen para SEO', '0', 'Assets', '{\"useSingleFolder\":\"\",\"sources\":\"*\",\"defaultUploadLocationSource\":\"1\",\"defaultUploadLocationSubpath\":\"\",\"singleUploadLocationSource\":\"1\",\"singleUploadLocationSubpath\":\"\",\"restrictFiles\":\"\",\"limit\":\"1\",\"viewMode\":\"large\",\"selectionLabel\":\"\"}', '2017-12-31 03:56:44', '2017-12-31 03:56:44', '69aa50ea-f34a-47e3-8b4d-dd0b1e308808');



DROP TABLE IF EXISTS `craft_globalsets`;


--
-- Schema for table `craft_globalsets`
--
CREATE TABLE `craft_globalsets` (
  `id` int(11) NOT NULL,
  `name` varchar(255) COLLATE utf8_unicode_ci NOT NULL,
  `handle` varchar(255) COLLATE utf8_unicode_ci NOT NULL,
  `fieldLayoutId` int(10) DEFAULT NULL,
  `dateCreated` datetime NOT NULL,
  `dateUpdated` datetime NOT NULL,
  `uid` char(36) COLLATE utf8_unicode_ci NOT NULL DEFAULT '0',
  PRIMARY KEY (`id`),
  UNIQUE KEY `craft_globalsets_name_unq_idx` (`name`),
  UNIQUE KEY `craft_globalsets_handle_unq_idx` (`handle`),
  KEY `craft_globalsets_fieldLayoutId_fk` (`fieldLayoutId`)
) ENGINE=InnoDB DEFAULT CHARSET=utf8 COLLATE=utf8_unicode_ci;

DROP TABLE IF EXISTS `craft_info`;


--
-- Schema for table `craft_info`
--
CREATE TABLE `craft_info` (
  `id` int(11) NOT NULL AUTO_INCREMENT,
  `version` varchar(50) COLLATE utf8_unicode_ci NOT NULL,
  `schemaVersion` varchar(15) COLLATE utf8_unicode_ci NOT NULL,
  `edition` tinyint(1) unsigned NOT NULL DEFAULT '0',
  `siteName` varchar(100) COLLATE utf8_unicode_ci NOT NULL,
  `siteUrl` varchar(255) COLLATE utf8_unicode_ci NOT NULL,
  `timezone` varchar(30) COLLATE utf8_unicode_ci DEFAULT NULL,
  `on` tinyint(1) unsigned NOT NULL DEFAULT '0',
  `maintenance` tinyint(1) unsigned NOT NULL DEFAULT '0',
  `dateCreated` datetime NOT NULL,
  `dateUpdated` datetime NOT NULL,
  `uid` char(36) COLLATE utf8_unicode_ci NOT NULL DEFAULT '0',
  PRIMARY KEY (`id`)
) ENGINE=InnoDB AUTO_INCREMENT=2 DEFAULT CHARSET=utf8 COLLATE=utf8_unicode_ci;

--
-- Data for table `craft_info`
--

INSERT INTO `craft_info` (`id`, `version`, `schemaVersion`, `edition`, `siteName`, `siteUrl`, `timezone`, `on`, `maintenance`, `dateCreated`, `dateUpdated`, `uid`) VALUES
 ('1', '2.6.3000', '2.6.13', '0', 'Dr. Nutis', 'http://165.227.214.220', 'UTC', '1', '1', '2017-12-24 03:05:17', '2018-01-04 19:04:24', '0459d14b-7f23-4555-a7ed-5a239a80fecb');



DROP TABLE IF EXISTS `craft_locales`;


--
-- Schema for table `craft_locales`
--
CREATE TABLE `craft_locales` (
  `locale` char(12) COLLATE utf8_unicode_ci NOT NULL,
  `sortOrder` smallint(6) unsigned DEFAULT NULL,
  `dateCreated` datetime NOT NULL,
  `dateUpdated` datetime NOT NULL,
  `uid` char(36) COLLATE utf8_unicode_ci NOT NULL DEFAULT '0',
  PRIMARY KEY (`locale`),
  KEY `craft_locales_sortOrder_idx` (`sortOrder`)
) ENGINE=InnoDB DEFAULT CHARSET=utf8 COLLATE=utf8_unicode_ci;

--
-- Data for table `craft_locales`
--

INSERT INTO `craft_locales` (`locale`, `sortOrder`, `dateCreated`, `dateUpdated`, `uid`) VALUES
 ('es', '1', '2017-12-24 03:05:17', '2017-12-24 03:05:17', '93ce4a42-28e7-4ba9-9099-f6a695d92a65');



DROP TABLE IF EXISTS `craft_matrixblocks`;


--
-- Schema for table `craft_matrixblocks`
--
CREATE TABLE `craft_matrixblocks` (
  `id` int(11) NOT NULL,
  `ownerId` int(11) NOT NULL,
  `fieldId` int(11) NOT NULL,
  `typeId` int(11) DEFAULT NULL,
  `sortOrder` smallint(6) unsigned DEFAULT NULL,
  `ownerLocale` char(12) COLLATE utf8_unicode_ci DEFAULT NULL,
  `dateCreated` datetime NOT NULL,
  `dateUpdated` datetime NOT NULL,
  `uid` char(36) COLLATE utf8_unicode_ci NOT NULL DEFAULT '0',
  PRIMARY KEY (`id`),
  KEY `craft_matrixblocks_ownerId_idx` (`ownerId`),
  KEY `craft_matrixblocks_fieldId_idx` (`fieldId`),
  KEY `craft_matrixblocks_typeId_idx` (`typeId`),
  KEY `craft_matrixblocks_sortOrder_idx` (`sortOrder`),
  KEY `craft_matrixblocks_ownerLocale_fk` (`ownerLocale`)
) ENGINE=InnoDB DEFAULT CHARSET=utf8 COLLATE=utf8_unicode_ci;

DROP TABLE IF EXISTS `craft_matrixblocktypes`;


--
-- Schema for table `craft_matrixblocktypes`
--
CREATE TABLE `craft_matrixblocktypes` (
  `id` int(11) NOT NULL AUTO_INCREMENT,
  `fieldId` int(11) NOT NULL,
  `fieldLayoutId` int(11) DEFAULT NULL,
  `name` varchar(255) COLLATE utf8_unicode_ci NOT NULL,
  `handle` varchar(255) COLLATE utf8_unicode_ci NOT NULL,
  `sortOrder` smallint(6) unsigned DEFAULT NULL,
  `dateCreated` datetime NOT NULL,
  `dateUpdated` datetime NOT NULL,
  `uid` char(36) COLLATE utf8_unicode_ci NOT NULL DEFAULT '0',
  PRIMARY KEY (`id`),
  UNIQUE KEY `craft_matrixblocktypes_name_fieldId_unq_idx` (`name`,`fieldId`),
  UNIQUE KEY `craft_matrixblocktypes_handle_fieldId_unq_idx` (`handle`,`fieldId`),
  KEY `craft_matrixblocktypes_fieldId_fk` (`fieldId`),
  KEY `craft_matrixblocktypes_fieldLayoutId_fk` (`fieldLayoutId`)
) ENGINE=InnoDB DEFAULT CHARSET=utf8 COLLATE=utf8_unicode_ci;

DROP TABLE IF EXISTS `craft_migrations`;


--
-- Schema for table `craft_migrations`
--
CREATE TABLE `craft_migrations` (
  `id` int(11) NOT NULL AUTO_INCREMENT,
  `pluginId` int(11) DEFAULT NULL,
  `version` varchar(255) COLLATE utf8_unicode_ci NOT NULL,
  `applyTime` datetime NOT NULL,
  `dateCreated` datetime NOT NULL,
  `dateUpdated` datetime NOT NULL,
  `uid` char(36) COLLATE utf8_unicode_ci NOT NULL DEFAULT '0',
  PRIMARY KEY (`id`),
  UNIQUE KEY `craft_migrations_version_unq_idx` (`version`),
  KEY `craft_migrations_pluginId_fk` (`pluginId`)
) ENGINE=InnoDB AUTO_INCREMENT=69 DEFAULT CHARSET=utf8 COLLATE=utf8_unicode_ci;

--
-- Data for table `craft_migrations`
--

INSERT INTO `craft_migrations` (`id`, `pluginId`, `version`, `applyTime`, `dateCreated`, `dateUpdated`, `uid`) VALUES
 ('1', NULL, 'm000000_000000_base', '2017-12-24 03:05:17', '2017-12-24 03:05:17', '2017-12-24 03:05:17', '12ecd09d-2fd0-4535-8d23-b36b2024ff79'),
 ('2', NULL, 'm140730_000001_add_filename_and_format_to_transformindex', '2017-12-24 03:05:17', '2017-12-24 03:05:17', '2017-12-24 03:05:17', '27a0e930-4217-4dd6-be9b-138fc4deca5e'),
 ('3', NULL, 'm140815_000001_add_format_to_transforms', '2017-12-24 03:05:17', '2017-12-24 03:05:17', '2017-12-24 03:05:17', '7e08b28c-488e-4dbe-8686-4f467ca1c168'),
 ('4', NULL, 'm140822_000001_allow_more_than_128_items_per_field', '2017-12-24 03:05:17', '2017-12-24 03:05:17', '2017-12-24 03:05:17', 'a39814a5-7e06-45f8-92cb-379f1f0319f8'),
 ('5', NULL, 'm140829_000001_single_title_formats', '2017-12-24 03:05:17', '2017-12-24 03:05:17', '2017-12-24 03:05:17', 'a28266a9-85bd-4e45-aae4-4a8dd19cb54c'),
 ('6', NULL, 'm140831_000001_extended_cache_keys', '2017-12-24 03:05:17', '2017-12-24 03:05:17', '2017-12-24 03:05:17', 'eb73f07b-28d6-4845-9f8c-ab6010d800b0'),
 ('7', NULL, 'm140922_000001_delete_orphaned_matrix_blocks', '2017-12-24 03:05:17', '2017-12-24 03:05:17', '2017-12-24 03:05:17', 'a8d0d769-cdfd-43b1-90fa-bf31d6edac21'),
 ('8', NULL, 'm141008_000001_elements_index_tune', '2017-12-24 03:05:17', '2017-12-24 03:05:17', '2017-12-24 03:05:17', 'fb03a541-ae4c-4634-9c12-7106411bc4a6'),
 ('9', NULL, 'm141009_000001_assets_source_handle', '2017-12-24 03:05:17', '2017-12-24 03:05:17', '2017-12-24 03:05:17', '3e3bb935-01cc-4c07-bcb4-2d378a47a9ec'),
 ('10', NULL, 'm141024_000001_field_layout_tabs', '2017-12-24 03:05:17', '2017-12-24 03:05:17', '2017-12-24 03:05:17', 'e094ff15-55e9-42bf-9a1b-6ba76f4c514c'),
 ('11', NULL, 'm141030_000000_plugin_schema_versions', '2017-12-24 03:05:17', '2017-12-24 03:05:17', '2017-12-24 03:05:17', '58914697-00d0-4a47-ada9-3d0b5438677c'),
 ('12', NULL, 'm141030_000001_drop_structure_move_permission', '2017-12-24 03:05:17', '2017-12-24 03:05:17', '2017-12-24 03:05:17', '6cbfa9ea-a142-4d17-b390-ba544e9e9876'),
 ('13', NULL, 'm141103_000001_tag_titles', '2017-12-24 03:05:17', '2017-12-24 03:05:17', '2017-12-24 03:05:17', 'cfdb0e3a-e841-4035-9ae7-cd1b50e357ad'),
 ('14', NULL, 'm141109_000001_user_status_shuffle', '2017-12-24 03:05:17', '2017-12-24 03:05:17', '2017-12-24 03:05:17', '98c639f3-cf52-46b1-96fd-4a28a476379d'),
 ('15', NULL, 'm141126_000001_user_week_start_day', '2017-12-24 03:05:17', '2017-12-24 03:05:17', '2017-12-24 03:05:17', 'd23edff9-54ea-4df6-a2c6-188b65ae7068'),
 ('16', NULL, 'm150210_000001_adjust_user_photo_size', '2017-12-24 03:05:17', '2017-12-24 03:05:17', '2017-12-24 03:05:17', '26df805e-d5ed-4632-8cb2-d889f3060ef3'),
 ('17', NULL, 'm150724_000001_adjust_quality_settings', '2017-12-24 03:05:17', '2017-12-24 03:05:17', '2017-12-24 03:05:17', '118e1838-931b-40b1-b7bc-a1a154cfaa69'),
 ('18', NULL, 'm150827_000000_element_index_settings', '2017-12-24 03:05:17', '2017-12-24 03:05:17', '2017-12-24 03:05:17', '26b2899e-cafe-4f8f-ba7c-bc81982115d9'),
 ('19', NULL, 'm150918_000001_add_colspan_to_widgets', '2017-12-24 03:05:17', '2017-12-24 03:05:17', '2017-12-24 03:05:17', '9e1bdd94-cc30-46ba-b821-5c242be9b7a3'),
 ('20', NULL, 'm151007_000000_clear_asset_caches', '2017-12-24 03:05:17', '2017-12-24 03:05:17', '2017-12-24 03:05:17', '12f6f74c-1a60-4ba0-93d1-88a3ecfda6a4'),
 ('21', NULL, 'm151109_000000_text_url_formats', '2017-12-24 03:05:17', '2017-12-24 03:05:17', '2017-12-24 03:05:17', '656ffa89-b237-408d-9664-150d98d2a083'),
 ('22', NULL, 'm151110_000000_move_logo', '2017-12-24 03:05:17', '2017-12-24 03:05:17', '2017-12-24 03:05:17', '7e0a7246-843d-4385-a921-08a68a7f537f'),
 ('23', NULL, 'm151117_000000_adjust_image_widthheight', '2017-12-24 03:05:17', '2017-12-24 03:05:17', '2017-12-24 03:05:17', 'e0539c38-dabd-4088-b092-3988a5f22a53'),
 ('24', NULL, 'm151127_000000_clear_license_key_status', '2017-12-24 03:05:17', '2017-12-24 03:05:17', '2017-12-24 03:05:17', '86b13f0c-ec65-4858-a662-32ebe8b648f0'),
 ('25', NULL, 'm151127_000000_plugin_license_keys', '2017-12-24 03:05:17', '2017-12-24 03:05:17', '2017-12-24 03:05:17', '00417590-0261-452b-9f68-24f556a444fd'),
 ('26', NULL, 'm151130_000000_update_pt_widget_feeds', '2017-12-24 03:05:17', '2017-12-24 03:05:17', '2017-12-24 03:05:17', '17903db8-e9be-4089-9abb-0d51030cab7c'),
 ('27', NULL, 'm160114_000000_asset_sources_public_url_default_true', '2017-12-24 03:05:17', '2017-12-24 03:05:17', '2017-12-24 03:05:17', '059fabdc-e6ee-42df-8cc0-30eb89e1d1ac'),
 ('28', NULL, 'm160223_000000_sortorder_to_smallint', '2017-12-24 03:05:17', '2017-12-24 03:05:17', '2017-12-24 03:05:17', 'c4337c37-96ea-4555-b131-fb65e3d1032a'),
 ('29', NULL, 'm160229_000000_set_default_entry_statuses', '2017-12-24 03:05:17', '2017-12-24 03:05:17', '2017-12-24 03:05:17', 'cd0a7c50-7a44-4a25-a80e-7493d81b1ddf'),
 ('30', NULL, 'm160304_000000_client_permissions', '2017-12-24 03:05:17', '2017-12-24 03:05:17', '2017-12-24 03:05:17', '8cc7fc1f-3ec8-4ac6-8d35-016930ec07e6'),
 ('31', NULL, 'm160322_000000_asset_filesize', '2017-12-24 03:05:17', '2017-12-24 03:05:17', '2017-12-24 03:05:17', '971fcbe7-1b59-43d6-ae7e-4ffa1dcd0f29'),
 ('32', NULL, 'm160503_000000_orphaned_fieldlayouts', '2017-12-24 03:05:17', '2017-12-24 03:05:17', '2017-12-24 03:05:17', '8bbbf201-f219-490b-8b34-1e0bf4614565'),
 ('33', NULL, 'm160510_000000_tasksettings', '2017-12-24 03:05:17', '2017-12-24 03:05:17', '2017-12-24 03:05:17', '4b90df8a-24a8-4b8c-9ad1-3361bf1e9d67'),
 ('34', NULL, 'm160829_000000_pending_user_content_cleanup', '2017-12-24 03:05:17', '2017-12-24 03:05:17', '2017-12-24 03:05:17', '21725626-d14e-41f5-8196-ea30ba2e92c3'),
 ('35', NULL, 'm160830_000000_asset_index_uri_increase', '2017-12-24 03:05:17', '2017-12-24 03:05:17', '2017-12-24 03:05:17', '2a723446-3486-4fa6-a924-4bcdd81aae00'),
 ('36', NULL, 'm160919_000000_usergroup_handle_title_unique', '2017-12-24 03:05:17', '2017-12-24 03:05:17', '2017-12-24 03:05:17', '9760d4f1-0e41-4bd3-a9c8-8e8d7725405e'),
 ('37', NULL, 'm161108_000000_new_version_format', '2017-12-24 03:05:17', '2017-12-24 03:05:17', '2017-12-24 03:05:17', 'faa599cb-db45-4b5e-b5c3-2603abaa8bd5'),
 ('38', NULL, 'm161109_000000_index_shuffle', '2017-12-24 03:05:17', '2017-12-24 03:05:17', '2017-12-24 03:05:17', 'd3dddffc-05bd-40ee-8c87-2c09574cf75b'),
 ('39', NULL, 'm170612_000000_route_index_shuffle', '2017-12-24 03:05:17', '2017-12-24 03:05:17', '2017-12-24 03:05:17', 'ffa9f528-0063-47ad-b4bb-c458f013fee4'),
 ('40', NULL, 'm171107_000000_assign_group_permissions', '2017-12-24 03:05:17', '2017-12-24 03:05:17', '2017-12-24 03:05:17', '540caba8-6ed0-4c66-ba38-cfe95296760c'),
 ('41', NULL, 'm171117_000001_templatecache_index_tune', '2017-12-24 03:05:17', '2017-12-24 03:05:17', '2017-12-24 03:05:17', 'fb77c2da-1af8-492b-a9e8-58691b1adac2'),
 ('42', NULL, 'm171204_000001_templatecache_index_tune_deux', '2017-12-24 03:05:17', '2017-12-24 03:05:17', '2017-12-24 03:05:17', 'e1516aaf-1d1c-42e5-b347-c18c084e933d'),
 ('43', '3', 'm151225_000000_seomatic_addHumansField', '2017-12-31 03:24:52', '2017-12-31 03:24:52', '2017-12-31 03:24:52', '27d497e5-6add-419d-934f-37499c56941a'),
 ('44', '3', 'm151226_000000_seomatic_addTwitterFacebookFields', '2017-12-31 03:24:52', '2017-12-31 03:24:52', '2017-12-31 03:24:52', '8513cf97-533d-4ed9-8678-e68d5c2da082'),
 ('45', '3', 'm160101_000000_seomatic_addRobotsFields', '2017-12-31 03:24:52', '2017-12-31 03:24:52', '2017-12-31 03:24:52', '26ca4a95-db33-4996-9f02-91827d446737'),
 ('46', '3', 'm160111_000000_seomatic_addTitleFields', '2017-12-31 03:24:52', '2017-12-31 03:24:52', '2017-12-31 03:24:52', 'a7871a7b-2511-4778-b0b5-de007977b79f'),
 ('47', '3', 'm160122_000000_seomatic_addTypeFields', '2017-12-31 03:24:52', '2017-12-31 03:24:52', '2017-12-31 03:24:52', '948ba98d-283c-43e3-a26c-1fa77f7f2b4f'),
 ('48', '3', 'm160123_000000_seomatic_addOpeningHours', '2017-12-31 03:24:52', '2017-12-31 03:24:52', '2017-12-31 03:24:52', '7c9faae3-cc48-471c-bc81-bda8da0b1eef'),
 ('49', '3', 'm160202_000000_seomatic_addSocialHandles', '2017-12-31 03:24:52', '2017-12-31 03:24:52', '2017-12-31 03:24:52', 'cefb6589-7f81-4b72-82f7-2933b6b34b19'),
 ('50', '3', 'm160204_000000_seomatic_addGoogleAnalytics', '2017-12-31 03:24:52', '2017-12-31 03:24:52', '2017-12-31 03:24:52', '623f0ae6-f7e4-4172-954c-271370894e8a'),
 ('51', '3', 'm160205_000000_seomatic_addResturantMenu', '2017-12-31 03:24:52', '2017-12-31 03:24:52', '2017-12-31 03:24:52', '14d3a5f4-a45f-4a67-93ae-e79625c5e436'),
 ('52', '3', 'm160206_000000_seomatic_addGoogleAnalyticsPlugins', '2017-12-31 03:24:52', '2017-12-31 03:24:52', '2017-12-31 03:24:52', '41dbc2d3-1310-4683-9c87-4bf134d7247e'),
 ('53', '3', 'm160206_000000_seomatic_addGoogleAnalyticsSendPageView', '2017-12-31 03:24:52', '2017-12-31 03:24:52', '2017-12-31 03:24:52', 'fd6882d6-b786-41b8-8e4d-8bfe37c6d62c'),
 ('54', '3', 'm160209_000000_seomatic_alterDescriptionsColumns', '2017-12-31 03:24:52', '2017-12-31 03:24:52', '2017-12-31 03:24:52', 'd5b92f0a-7a0c-42ce-bb08-43f7b02d9ea0'),
 ('55', '3', 'm160209_000001_seomatic_addRobotsTxt', '2017-12-31 03:24:52', '2017-12-31 03:24:52', '2017-12-31 03:24:52', 'adfda653-fb84-462b-8497-204fb2734bf3'),
 ('56', '3', 'm160227_000000_seomatic_addFacebookAppId', '2017-12-31 03:24:52', '2017-12-31 03:24:52', '2017-12-31 03:24:52', 'afaa5703-7ec3-469d-934e-49f838024952'),
 ('57', '3', 'm160416_000000_seomatic_addContactPoints', '2017-12-31 03:24:52', '2017-12-31 03:24:52', '2017-12-31 03:24:52', 'd229ea5a-07df-4a3e-b063-a341a2ae5cb0'),
 ('58', '3', 'm160509_000000_seomatic_addSiteLinksBing', '2017-12-31 03:24:52', '2017-12-31 03:24:52', '2017-12-31 03:24:52', '56223bc9-9a0f-4561-91cd-3df72e4cee77'),
 ('59', '3', 'm160707_000000_seomatic_addGoogleTagManager', '2017-12-31 03:24:52', '2017-12-31 03:24:52', '2017-12-31 03:24:52', 'a1469440-6191-4894-a2d8-4330e20bbac5'),
 ('60', '3', 'm160715_000000_seomatic_addSeoImageTransforms', '2017-12-31 03:24:52', '2017-12-31 03:24:52', '2017-12-31 03:24:52', '8c3fd752-f610-4703-b64b-9cc698d1b50a'),
 ('61', '3', 'm160723_000000_seomatic_addSeoMainEntityOfPage', '2017-12-31 03:24:52', '2017-12-31 03:24:52', '2017-12-31 03:24:52', 'a4246e10-5a53-43a5-84b2-943dcd194d3a'),
 ('62', '3', 'm160724_000000_seomatic_addSeoMainEntityCategory', '2017-12-31 03:24:52', '2017-12-31 03:24:52', '2017-12-31 03:24:52', 'a12e8322-2a9f-4087-90ee-5227423c7f15'),
 ('63', '3', 'm160811_000000_seomatic_addVimeo', '2017-12-31 03:24:52', '2017-12-31 03:24:52', '2017-12-31 03:24:52', 'a4aba4aa-fe6e-41ac-995e-6201c2678cbc'),
 ('64', '3', 'm160904_000000_seomatic_addTwitterFacebookImages', '2017-12-31 03:24:52', '2017-12-31 03:24:52', '2017-12-31 03:24:52', 'e5465ecb-4583-45e1-a4e7-967bece8e722'),
 ('65', '3', 'm161220_000000_seomatic_addPriceRange', '2017-12-31 03:24:52', '2017-12-31 03:24:52', '2017-12-31 03:24:52', '0a5d3762-b4f1-4e39-a2e1-19c48eeb83e7'),
 ('66', '3', 'm170212_000000_seomatic_addGoogleAnalyticsAnonymizeIp', '2017-12-31 03:24:52', '2017-12-31 03:24:52', '2017-12-31 03:24:52', '686778c6-51a2-4733-9a20-0572f1600dd9'),
 ('67', '3', 'm170212_000000_seomatic_addWikipedia', '2017-12-31 03:24:52', '2017-12-31 03:24:52', '2017-12-31 03:24:52', '327c7bab-a1f0-4f35-9dcb-f19ff3ea2695'),
 ('68', '4', 'm140713_000000_minimee_ChangeTagToReturnSettingsFieldNames', '2017-12-31 08:29:38', '2017-12-31 08:29:38', '2017-12-31 08:29:38', '32dac6ab-b7aa-4b7c-8f46-9f6ed5e837e4');



DROP TABLE IF EXISTS `craft_plugins`;


--
-- Schema for table `craft_plugins`
--
CREATE TABLE `craft_plugins` (
  `id` int(11) NOT NULL AUTO_INCREMENT,
  `class` varchar(150) COLLATE utf8_unicode_ci NOT NULL,
  `version` varchar(15) COLLATE utf8_unicode_ci NOT NULL,
  `schemaVersion` varchar(15) COLLATE utf8_unicode_ci DEFAULT NULL,
  `licenseKey` char(24) COLLATE utf8_unicode_ci DEFAULT NULL,
  `licenseKeyStatus` enum('valid','invalid','mismatched','unknown') COLLATE utf8_unicode_ci NOT NULL DEFAULT 'unknown',
  `enabled` tinyint(1) unsigned NOT NULL DEFAULT '0',
  `settings` text COLLATE utf8_unicode_ci,
  `installDate` datetime NOT NULL,
  `dateCreated` datetime NOT NULL,
  `dateUpdated` datetime NOT NULL,
  `uid` char(36) COLLATE utf8_unicode_ci NOT NULL DEFAULT '0',
  PRIMARY KEY (`id`)
) ENGINE=InnoDB AUTO_INCREMENT=7 DEFAULT CHARSET=utf8 COLLATE=utf8_unicode_ci;

--
-- Data for table `craft_plugins`
--

INSERT INTO `craft_plugins` (`id`, `class`, `version`, `schemaVersion`, `licenseKey`, `licenseKeyStatus`, `enabled`, `settings`, `installDate`, `dateCreated`, `dateUpdated`, `uid`) VALUES
 ('1', 'MailchimpSubscribe', '1.1.3', '1.0.0', NULL, 'unknown', '1', NULL, '2017-12-31 03:08:49', '2017-12-31 03:08:49', '2018-01-04 19:04:23', '5a9dbafb-b94c-4066-a8aa-d448df1443ba'),
 ('2', 'UptimeRobot', '1.0.1', '1.0.0', NULL, 'unknown', '1', '{\"apiKey\":\"m779809933-43788f42eaac4e67bb5532e3\",\"accessKey\":\"0DBXrIa0zGpk5wKqO5u5RIAL0uBjkPNZ0Whm\"}', '2017-12-31 03:16:03', '2017-12-31 03:16:03', '2018-01-04 19:04:23', '7121f803-84da-47a2-b093-b2cd08f47a70'),
 ('3', 'Seomatic', '1.1.56', '1.1.25', NULL, 'unknown', '1', NULL, '2017-12-31 03:24:52', '2017-12-31 03:24:52', '2018-01-04 19:04:23', '3cfcba14-7b40-45c5-9ad9-5ebe547b8dde'),
 ('4', 'Minimee', '0.9.9', '1.0.0', NULL, 'unknown', '1', NULL, '2017-12-31 08:29:38', '2017-12-31 08:29:38', '2018-01-04 19:04:23', 'e93c6876-d38e-4f05-b45b-1cf069ed7e9e'),
 ('6', 'CacheClear', '1.0.1', NULL, NULL, 'unknown', '1', '{\"key\":\"12014712\"}', '2017-12-31 09:48:39', '2017-12-31 09:48:39', '2018-01-04 19:04:23', '70f18da7-6ed2-42b9-8554-048dc625fffc');



DROP TABLE IF EXISTS `craft_rackspaceaccess`;


--
-- Schema for table `craft_rackspaceaccess`
--
CREATE TABLE `craft_rackspaceaccess` (
  `id` int(11) NOT NULL AUTO_INCREMENT,
  `connectionKey` varchar(255) COLLATE utf8_unicode_ci NOT NULL,
  `token` varchar(255) COLLATE utf8_unicode_ci NOT NULL,
  `storageUrl` varchar(255) COLLATE utf8_unicode_ci NOT NULL,
  `cdnUrl` varchar(255) COLLATE utf8_unicode_ci NOT NULL,
  `dateCreated` datetime NOT NULL,
  `dateUpdated` datetime NOT NULL,
  `uid` char(36) COLLATE utf8_unicode_ci NOT NULL DEFAULT '0',
  PRIMARY KEY (`id`),
  UNIQUE KEY `craft_rackspaceaccess_connectionKey_unq_idx` (`connectionKey`)
) ENGINE=InnoDB DEFAULT CHARSET=utf8 COLLATE=utf8_unicode_ci;

DROP TABLE IF EXISTS `craft_relations`;


--
-- Schema for table `craft_relations`
--
CREATE TABLE `craft_relations` (
  `id` int(11) NOT NULL AUTO_INCREMENT,
  `fieldId` int(11) NOT NULL,
  `sourceId` int(11) NOT NULL,
  `sourceLocale` char(12) COLLATE utf8_unicode_ci DEFAULT NULL,
  `targetId` int(11) NOT NULL,
  `sortOrder` smallint(6) DEFAULT NULL,
  `dateCreated` datetime NOT NULL,
  `dateUpdated` datetime NOT NULL,
  `uid` char(36) COLLATE utf8_unicode_ci NOT NULL DEFAULT '0',
  PRIMARY KEY (`id`),
  UNIQUE KEY `craft_relations_fieldId_sourceId_sourceLocale_targetId_unq_idx` (`fieldId`,`sourceId`,`sourceLocale`,`targetId`),
  KEY `craft_relations_sourceId_fk` (`sourceId`),
  KEY `craft_relations_sourceLocale_fk` (`sourceLocale`),
  KEY `craft_relations_targetId_fk` (`targetId`)
) ENGINE=InnoDB AUTO_INCREMENT=12 DEFAULT CHARSET=utf8 COLLATE=utf8_unicode_ci;

--
-- Data for table `craft_relations`
--

INSERT INTO `craft_relations` (`id`, `fieldId`, `sourceId`, `sourceLocale`, `targetId`, `sortOrder`, `dateCreated`, `dateUpdated`, `uid`) VALUES
 ('4', '4', '2', NULL, '71', '1', '2017-12-31 04:01:39', '2017-12-31 04:01:39', 'bf5518dc-d0e6-4da2-89bb-6ab7e6819be2'),
 ('6', '4', '37', NULL, '74', '1', '2017-12-31 04:07:53', '2017-12-31 04:07:53', 'e1a7ea94-352a-4e8d-8d71-72eb78eb8bbd'),
 ('7', '4', '54', NULL, '75', '1', '2017-12-31 04:14:20', '2017-12-31 04:14:20', 'a2e72605-9e91-4838-94e1-b68163858460'),
 ('8', '4', '55', NULL, '76', '1', '2017-12-31 04:16:10', '2017-12-31 04:16:10', 'e1550df5-d71a-4e71-8bde-9c33020fe1f6'),
 ('9', '4', '56', NULL, '77', '1', '2017-12-31 04:17:25', '2017-12-31 04:17:25', '1318d0d3-f364-4b30-93e9-371a23752d65'),
 ('10', '4', '72', NULL, '78', '1', '2017-12-31 04:18:58', '2017-12-31 04:18:58', 'f1911011-6b0a-4cc9-b471-0d5301873cbb'),
 ('11', '4', '73', NULL, '79', '1', '2017-12-31 04:20:35', '2017-12-31 04:20:35', '9479aa40-0bfc-4ca9-91b7-8c91da55f24c');



DROP TABLE IF EXISTS `craft_routes`;


--
-- Schema for table `craft_routes`
--
CREATE TABLE `craft_routes` (
  `id` int(11) NOT NULL AUTO_INCREMENT,
  `locale` char(12) COLLATE utf8_unicode_ci DEFAULT NULL,
  `urlParts` varchar(255) COLLATE utf8_unicode_ci NOT NULL,
  `urlPattern` varchar(255) COLLATE utf8_unicode_ci NOT NULL,
  `template` varchar(255) COLLATE utf8_unicode_ci NOT NULL,
  `sortOrder` smallint(6) unsigned DEFAULT NULL,
  `dateCreated` datetime NOT NULL,
  `dateUpdated` datetime NOT NULL,
  `uid` char(36) COLLATE utf8_unicode_ci NOT NULL DEFAULT '0',
  PRIMARY KEY (`id`),
  KEY `craft_routes_locale_idx` (`locale`),
  KEY `craft_routes_urlPattern_idx` (`urlPattern`)
) ENGINE=InnoDB DEFAULT CHARSET=utf8 COLLATE=utf8_unicode_ci;

DROP TABLE IF EXISTS `craft_searchindex`;


--
-- Schema for table `craft_searchindex`
--
CREATE TABLE `craft_searchindex` (
  `elementId` int(11) NOT NULL,
  `attribute` varchar(25) COLLATE utf8_unicode_ci NOT NULL,
  `fieldId` int(11) NOT NULL,
  `locale` char(12) COLLATE utf8_unicode_ci NOT NULL,
  `keywords` text COLLATE utf8_unicode_ci NOT NULL,
  PRIMARY KEY (`elementId`,`attribute`,`fieldId`,`locale`),
  FULLTEXT KEY `craft_searchindex_keywords_idx` (`keywords`)
) ENGINE=MyISAM DEFAULT CHARSET=utf8 COLLATE=utf8_unicode_ci;

--
-- Data for table `craft_searchindex`
--

INSERT INTO `craft_searchindex` (`elementId`, `attribute`, `fieldId`, `locale`, `keywords`) VALUES
 ('1', 'username', '0', 'es', ' dood '),
 ('1', 'firstname', '0', 'es', ''),
 ('1', 'lastname', '0', 'es', ''),
 ('1', 'fullname', '0', 'es', ''),
 ('1', 'email', '0', 'es', ' amandujano dood mx '),
 ('1', 'slug', '0', 'es', ''),
 ('2', 'slug', '0', 'es', ' homepage '),
 ('2', 'title', '0', 'es', ' homepage '),
 ('2', 'field', '1', 'es', ' ten a tu bebe en estados unidos nuestro programa es 100% legal sin repercusiones migratorias a tu visa te damos el seguimiento y herramientas necesarias '),
 ('37', 'title', '0', 'es', ' precios '),
 ('38', 'filename', '0', 'es', ' precios jpg '),
 ('38', 'extension', '0', 'es', ' jpg '),
 ('38', 'kind', '0', 'es', ' image '),
 ('38', 'slug', '0', 'es', ' precios '),
 ('38', 'title', '0', 'es', ' precios '),
 ('39', 'filename', '0', 'es', ' dr nutis small jpg '),
 ('37', 'slug', '0', 'es', ' precios '),
 ('3', 'field', '1', 'es', ' craft is the cms that s powering 165 227 214 220 it s beautiful powerful flexible and easy to use and it s made by pixel tonic we can t wait to dive in and see what it s capable of this is even more captivating content which you couldn t see on the news index page because it was entered after a page break and the news index template only likes to show the content on the first page craft a nice alternative to word if you re making a website '),
 ('3', 'field', '2', 'es', ''),
 ('3', 'slug', '0', 'es', ' we just installed craft '),
 ('3', 'title', '0', 'es', ' we just installed craft '),
 ('4', 'filename', '0', 'es', ' pink wave svg '),
 ('4', 'extension', '0', 'es', ' svg '),
 ('4', 'kind', '0', 'es', ' image '),
 ('4', 'slug', '0', 'es', ' pink wave '),
 ('4', 'title', '0', 'es', ' pink wave '),
 ('10', 'title', '0', 'es', ' main cover '),
 ('10', 'filename', '0', 'es', ' main cover jpg '),
 ('10', 'extension', '0', 'es', ' jpg '),
 ('10', 'kind', '0', 'es', ' image '),
 ('6', 'filename', '0', 'es', ' logo color svg '),
 ('6', 'extension', '0', 'es', ' svg '),
 ('6', 'kind', '0', 'es', ' image '),
 ('6', 'slug', '0', 'es', ' logo color '),
 ('6', 'title', '0', 'es', ' logo color '),
 ('10', 'slug', '0', 'es', ' main cover '),
 ('8', 'filename', '0', 'es', ' logo blanco svg '),
 ('8', 'extension', '0', 'es', ' svg '),
 ('8', 'kind', '0', 'es', ' image '),
 ('8', 'slug', '0', 'es', ' logo blanco '),
 ('8', 'title', '0', 'es', ' logo blanco '),
 ('11', 'filename', '0', 'es', ' us logo jpg '),
 ('11', 'extension', '0', 'es', ' jpg '),
 ('11', 'kind', '0', 'es', ' image '),
 ('11', 'slug', '0', 'es', ' us logo '),
 ('11', 'title', '0', 'es', ' us logo '),
 ('12', 'filename', '0', 'es', ' white wave svg '),
 ('12', 'extension', '0', 'es', ' svg '),
 ('12', 'kind', '0', 'es', ' image '),
 ('12', 'slug', '0', 'es', ' white wave '),
 ('12', 'title', '0', 'es', ' white wave '),
 ('16', 'extension', '0', 'es', ' svg '),
 ('16', 'kind', '0', 'es', ' image '),
 ('16', 'slug', '0', 'es', ' iso logo '),
 ('16', 'title', '0', 'es', ' iso logo '),
 ('16', 'filename', '0', 'es', ' iso logo svg '),
 ('17', 'filename', '0', 'es', ' doctor nutis jpg '),
 ('17', 'extension', '0', 'es', ' jpg '),
 ('17', 'kind', '0', 'es', ' image '),
 ('17', 'slug', '0', 'es', ' doctor nutis '),
 ('17', 'title', '0', 'es', ' doctor nutis '),
 ('19', 'kind', '0', 'es', ' image '),
 ('19', 'slug', '0', 'es', ' preparacion '),
 ('19', 'extension', '0', 'es', ' svg '),
 ('19', 'filename', '0', 'es', ' preparacion svg '),
 ('19', 'title', '0', 'es', ' preparacion '),
 ('20', 'filename', '0', 'es', ' avion svg '),
 ('20', 'extension', '0', 'es', ' svg '),
 ('20', 'kind', '0', 'es', ' image '),
 ('20', 'slug', '0', 'es', ' avion '),
 ('20', 'title', '0', 'es', ' avion '),
 ('21', 'filename', '0', 'es', ' espera svg '),
 ('21', 'extension', '0', 'es', ' svg '),
 ('21', 'kind', '0', 'es', ' image '),
 ('21', 'slug', '0', 'es', ' espera '),
 ('21', 'title', '0', 'es', ' espera '),
 ('22', 'filename', '0', 'es', ' nacimiento svg '),
 ('22', 'extension', '0', 'es', ' svg '),
 ('22', 'kind', '0', 'es', ' image '),
 ('22', 'slug', '0', 'es', ' nacimiento '),
 ('22', 'title', '0', 'es', ' nacimiento '),
 ('23', 'filename', '0', 'es', ' parto svg '),
 ('23', 'extension', '0', 'es', ' svg '),
 ('23', 'kind', '0', 'es', ' image '),
 ('23', 'slug', '0', 'es', ' parto '),
 ('23', 'title', '0', 'es', ' parto '),
 ('24', 'filename', '0', 'es', ' preparacion jpg '),
 ('24', 'extension', '0', 'es', ' jpg '),
 ('24', 'kind', '0', 'es', ' image '),
 ('24', 'slug', '0', 'es', ' preparacion '),
 ('24', 'title', '0', 'es', ' preparacion '),
 ('26', 'kind', '0', 'es', ' image '),
 ('26', 'slug', '0', 'es', ' espera '),
 ('26', 'extension', '0', 'es', ' jpg '),
 ('26', 'filename', '0', 'es', ' espera jpg '),
 ('26', 'title', '0', 'es', ' espera '),
 ('27', 'filename', '0', 'es', ' llegada jpg '),
 ('27', 'extension', '0', 'es', ' jpg '),
 ('27', 'kind', '0', 'es', ' image '),
 ('27', 'slug', '0', 'es', ' llegada ');
INSERT INTO `craft_searchindex` (`elementId`, `attribute`, `fieldId`, `locale`, `keywords`) VALUES
 ('27', 'title', '0', 'es', ' llegada '),
 ('28', 'filename', '0', 'es', ' nacimiento jpg '),
 ('28', 'extension', '0', 'es', ' jpg '),
 ('28', 'kind', '0', 'es', ' image '),
 ('28', 'slug', '0', 'es', ' nacimiento '),
 ('28', 'title', '0', 'es', ' nacimiento '),
 ('29', 'filename', '0', 'es', ' parto jpg '),
 ('29', 'extension', '0', 'es', ' jpg '),
 ('29', 'kind', '0', 'es', ' image '),
 ('29', 'slug', '0', 'es', ' parto '),
 ('29', 'title', '0', 'es', ' parto '),
 ('30', 'filename', '0', 'es', ' regreso jpg '),
 ('30', 'extension', '0', 'es', ' jpg '),
 ('30', 'kind', '0', 'es', ' image '),
 ('30', 'slug', '0', 'es', ' regreso '),
 ('30', 'title', '0', 'es', ' regreso '),
 ('31', 'filename', '0', 'es', ' las palmas jpg '),
 ('31', 'extension', '0', 'es', ' jpg '),
 ('31', 'kind', '0', 'es', ' image '),
 ('31', 'slug', '0', 'es', ' las palmas '),
 ('31', 'title', '0', 'es', ' las palmas '),
 ('33', 'kind', '0', 'es', ' image '),
 ('33', 'slug', '0', 'es', ' las palmas logo '),
 ('33', 'extension', '0', 'es', ' png '),
 ('33', 'filename', '0', 'es', ' las palmas logo png '),
 ('33', 'title', '0', 'es', ' las palmas logo '),
 ('39', 'kind', '0', 'es', ' image '),
 ('39', 'slug', '0', 'es', ' dr nutis small '),
 ('39', 'title', '0', 'es', ' dr nutis small '),
 ('40', 'filename', '0', 'es', ' pediatra small jpg '),
 ('39', 'extension', '0', 'es', ' jpg '),
 ('40', 'extension', '0', 'es', ' jpg '),
 ('40', 'kind', '0', 'es', ' image '),
 ('40', 'slug', '0', 'es', ' pediatra '),
 ('40', 'title', '0', 'es', ' pediatra '),
 ('41', 'filename', '0', 'es', ' anestesiologo small jpg '),
 ('41', 'extension', '0', 'es', ' jpg '),
 ('41', 'kind', '0', 'es', ' image '),
 ('41', 'slug', '0', 'es', ' anestesiologo small '),
 ('41', 'title', '0', 'es', ' anestesiologo small '),
 ('42', 'filename', '0', 'es', ' del sol small jpg '),
 ('42', 'extension', '0', 'es', ' jpg '),
 ('42', 'kind', '0', 'es', ' image '),
 ('42', 'slug', '0', 'es', ' del sol small '),
 ('42', 'title', '0', 'es', ' del sol small '),
 ('43', 'filename', '0', 'es', ' financiamiento back jpg '),
 ('43', 'extension', '0', 'es', ' jpg '),
 ('43', 'kind', '0', 'es', ' image '),
 ('43', 'slug', '0', 'es', ' financiamiento back '),
 ('43', 'title', '0', 'es', ' financiamiento back '),
 ('45', 'kind', '0', 'es', ' image '),
 ('45', 'slug', '0', 'es', ' financiamiento '),
 ('45', 'extension', '0', 'es', ' jpg '),
 ('45', 'filename', '0', 'es', ' facturacion jpg '),
 ('45', 'title', '0', 'es', ' financiamiento '),
 ('46', 'filename', '0', 'es', ' paso paso back jpg '),
 ('46', 'extension', '0', 'es', ' jpg '),
 ('46', 'kind', '0', 'es', ' image '),
 ('46', 'slug', '0', 'es', ' paso paso back '),
 ('46', 'title', '0', 'es', ' paso paso back '),
 ('47', 'filename', '0', 'es', ' proceso migratorio back jpg '),
 ('47', 'extension', '0', 'es', ' jpg '),
 ('47', 'kind', '0', 'es', ' image '),
 ('47', 'slug', '0', 'es', ' proceso migratorio back '),
 ('47', 'title', '0', 'es', ' proceso migratorio back '),
 ('48', 'filename', '0', 'es', ' proceso legal jpg '),
 ('48', 'extension', '0', 'es', ' jpg '),
 ('48', 'kind', '0', 'es', ' image '),
 ('48', 'slug', '0', 'es', ' proceso legal '),
 ('48', 'title', '0', 'es', ' proceso legal '),
 ('50', 'kind', '0', 'es', ' image '),
 ('50', 'slug', '0', 'es', ' proceso legal back '),
 ('50', 'extension', '0', 'es', ' jpg '),
 ('50', 'filename', '0', 'es', ' proceso legal back jpg '),
 ('50', 'title', '0', 'es', ' proceso legal back '),
 ('51', 'filename', '0', 'es', ' familia jpg '),
 ('51', 'extension', '0', 'es', ' jpg '),
 ('51', 'kind', '0', 'es', ' image '),
 ('51', 'slug', '0', 'es', ' familia '),
 ('51', 'title', '0', 'es', ' familia '),
 ('52', 'filename', '0', 'es', ' universidades jpg '),
 ('52', 'extension', '0', 'es', ' jpg '),
 ('52', 'kind', '0', 'es', ' image '),
 ('52', 'slug', '0', 'es', ' universidades '),
 ('52', 'title', '0', 'es', ' universidades '),
 ('53', 'filename', '0', 'es', ' doctores jpg '),
 ('53', 'extension', '0', 'es', ' jpg '),
 ('53', 'kind', '0', 'es', ' image '),
 ('53', 'slug', '0', 'es', ' doctores '),
 ('53', 'title', '0', 'es', ' doctores '),
 ('54', 'slug', '0', 'es', ' paso a paso '),
 ('54', 'title', '0', 'es', ' paso a paso '),
 ('55', 'slug', '0', 'es', ' proceso migratorio '),
 ('55', 'title', '0', 'es', ' proceso migratorio '),
 ('56', 'slug', '0', 'es', ' doctores '),
 ('56', 'title', '0', 'es', ' doctores '),
 ('58', 'kind', '0', 'es', ' image '),
 ('58', 'slug', '0', 'es', ' dr nutis fact '),
 ('58', 'extension', '0', 'es', ' jpg '),
 ('58', 'filename', '0', 'es', ' dr nutis fact jpg ');
INSERT INTO `craft_searchindex` (`elementId`, `attribute`, `fieldId`, `locale`, `keywords`) VALUES
 ('58', 'title', '0', 'es', ' dr nutis fact '),
 ('59', 'filename', '0', 'es', ' el paso back jpg '),
 ('59', 'extension', '0', 'es', ' jpg '),
 ('59', 'kind', '0', 'es', ' image '),
 ('59', 'slug', '0', 'es', ' el paso back '),
 ('59', 'title', '0', 'es', ' el paso back '),
 ('60', 'filename', '0', 'es', ' in town jpg '),
 ('60', 'extension', '0', 'es', ' jpg '),
 ('60', 'kind', '0', 'es', ' image '),
 ('60', 'slug', '0', 'es', ' in town '),
 ('60', 'title', '0', 'es', ' in town '),
 ('61', 'filename', '0', 'es', ' independence america jpg '),
 ('61', 'extension', '0', 'es', ' jpg '),
 ('61', 'kind', '0', 'es', ' image '),
 ('61', 'slug', '0', 'es', ' independence america '),
 ('61', 'title', '0', 'es', ' independence america '),
 ('62', 'filename', '0', 'es', ' ramada svg '),
 ('62', 'extension', '0', 'es', ' svg '),
 ('62', 'kind', '0', 'es', ' image '),
 ('62', 'slug', '0', 'es', ' ramada '),
 ('62', 'title', '0', 'es', ' ramada '),
 ('63', 'filename', '0', 'es', ' stay america jpg '),
 ('63', 'extension', '0', 'es', ' jpg '),
 ('63', 'kind', '0', 'es', ' image '),
 ('63', 'slug', '0', 'es', ' stay america '),
 ('63', 'title', '0', 'es', ' stay america '),
 ('64', 'filename', '0', 'es', ' studio6 jpg '),
 ('64', 'extension', '0', 'es', ' jpg '),
 ('64', 'kind', '0', 'es', ' image '),
 ('64', 'slug', '0', 'es', ' studio6 '),
 ('64', 'title', '0', 'es', ' studio6 '),
 ('65', 'filename', '0', 'es', ' woodsprings jpg '),
 ('65', 'extension', '0', 'es', ' jpg '),
 ('65', 'kind', '0', 'es', ' image '),
 ('65', 'slug', '0', 'es', ' woodsprings '),
 ('65', 'title', '0', 'es', ' woodsprings '),
 ('66', 'filename', '0', 'es', ' chase suites jpg '),
 ('66', 'extension', '0', 'es', ' jpg '),
 ('66', 'kind', '0', 'es', ' image '),
 ('66', 'slug', '0', 'es', ' chase suites '),
 ('66', 'title', '0', 'es', ' chase suites '),
 ('67', 'filename', '0', 'es', ' primer corporate jpg '),
 ('67', 'extension', '0', 'es', ' jpg '),
 ('67', 'kind', '0', 'es', ' image '),
 ('67', 'slug', '0', 'es', ' primer corporate '),
 ('67', 'title', '0', 'es', ' primer corporate '),
 ('68', 'filename', '0', 'es', ' airbnb svg '),
 ('68', 'extension', '0', 'es', ' svg '),
 ('68', 'kind', '0', 'es', ' image '),
 ('68', 'slug', '0', 'es', ' airbnb '),
 ('68', 'title', '0', 'es', ' airbnb '),
 ('69', 'filename', '0', 'es', ' uber svg '),
 ('69', 'extension', '0', 'es', ' svg '),
 ('69', 'kind', '0', 'es', ' image '),
 ('69', 'slug', '0', 'es', ' uber '),
 ('69', 'title', '0', 'es', ' uber '),
 ('70', 'filename', '0', 'es', ' faqs jpg '),
 ('70', 'extension', '0', 'es', ' jpg '),
 ('70', 'kind', '0', 'es', ' image '),
 ('70', 'slug', '0', 'es', ' faqs '),
 ('70', 'title', '0', 'es', ' faqs '),
 ('71', 'filename', '0', 'es', ' cover jpg '),
 ('71', 'extension', '0', 'es', ' jpg '),
 ('71', 'kind', '0', 'es', ' image '),
 ('71', 'slug', '0', 'es', ' cover '),
 ('71', 'title', '0', 'es', ' cover '),
 ('72', 'slug', '0', 'es', ' hospedaje '),
 ('72', 'title', '0', 'es', ' hospedaje '),
 ('73', 'slug', '0', 'es', ' faqs '),
 ('73', 'title', '0', 'es', ' faqs '),
 ('2', 'field', '3', 'es', ' 1 es 1 0 template creativework webpage inicio ten a tu bebe en estados unidos nuestro programa es 100% legal sin repercusiones migratorias a tu visa te damos el seguimiento y herramientas necesarias nacionalidad americana bebe estados unidos nacimiento proceso parto dar a luz precios paso a paso proceso migratorio doctores hospedaje preguntas summary_large_image website all 71 71 71 inicio ten a tu bebe en estados unidos nuestro programa es 100% legal sin repercusiones migratorias a tu visa te damos el seguimiento y herramientas necesarias nacionalidad americana bebe estados unidos nacimiento proceso parto dar a luz precios paso a paso proceso migratorio doctores hospedaje preguntas custom title field body custom title custom featuredimage field featuredimage field featuredimage '),
 ('2', 'field', '4', 'es', ' cover '),
 ('74', 'filename', '0', 'es', ' precios cover jpg '),
 ('74', 'extension', '0', 'es', ' jpg '),
 ('74', 'kind', '0', 'es', ' image '),
 ('74', 'slug', '0', 'es', ' precios cover '),
 ('74', 'title', '0', 'es', ' precios cover '),
 ('37', 'field', '1', 'es', ' conoce los precios para tener a tu bebe en estados unidos nuestro programa es 100% legal sin repercusiones migratorias a tu visa '),
 ('37', 'field', '4', 'es', ' precios cover '),
 ('37', 'field', '3', 'es', ' 1 es 1 0 template creativework webpage precios conoce los precios para tener a tu bebe en estados unidos nuestro programa es 100% legal sin repercusiones migratorias a tu visa nacionalidad americana bebe estados unidos nacimiento proceso parto dar a luz precios paso a paso proceso migratorio doctores hospedaje preguntas summary_large_image website all 74 74 74 precios conoce los precios para tener a tu bebe en estados unidos nuestro programa es 100% legal sin repercusiones migratorias a tu visa nacionalidad americana bebe estados unidos nacimiento proceso parto dar a luz precios paso a paso proceso migratorio doctores hospedaje preguntas field title field body custom title field featuredimage field featuredimage field featuredimage '),
 ('75', 'filename', '0', 'es', ' paso paso cover jpg '),
 ('75', 'extension', '0', 'es', ' jpg '),
 ('75', 'kind', '0', 'es', ' image '),
 ('75', 'slug', '0', 'es', ' paso paso cover '),
 ('75', 'title', '0', 'es', ' paso paso cover '),
 ('54', 'field', '1', 'es', ' el paso a paso para tener a tu bebe en estados unidos nuestro programa es 100% legal sin repercusiones migratorias a tu visa '),
 ('54', 'field', '4', 'es', ' paso paso cover '),
 ('54', 'field', '3', 'es', ' 1 es 1 0 template creativework webpage paso a paso el paso a paso para tener a tu bebe en estados unidos nuestro programa es 100% legal sin repercusiones migratorias a tu visa nacionalidad americana bebe estados unidos nacimiento proceso parto dar a luz precios paso a paso proceso migratorio doctores hospedaje preguntas summary_large_image website all 75 75 75 nacionalidad americana bebe estados unidos nacimiento proceso parto dar a luz precios paso a paso proceso migratorio doctores hospedaje preguntas field title field body custom title field featuredimage field featuredimage field featuredimage '),
 ('76', 'filename', '0', 'es', ' proceso migratorio cover jpg '),
 ('76', 'extension', '0', 'es', ' jpg '),
 ('76', 'kind', '0', 'es', ' image '),
 ('76', 'slug', '0', 'es', ' proceso migratorio cover '),
 ('76', 'title', '0', 'es', ' proceso migratorio cover '),
 ('55', 'field', '1', 'es', ' conoce el proceso migratorio para tener a tu bebe en estados unidos nuestro programa es 100% legal sin repercusiones migratorias a tu visa '),
 ('55', 'field', '4', 'es', ' proceso migratorio cover '),
 ('55', 'field', '3', 'es', ' 1 es 1 0 template creativework webpage proceso migratorio conoce el proceso migratorio para tener a tu bebe en estados unidos nuestro programa es 100% legal sin repercusiones migratorias a tu visa nacionalidad americana bebe estados unidos nacimiento proceso parto dar a luz precios paso a paso proceso migratorio doctores hospedaje preguntas summary_large_image website all 76 76 76 nacionalidad americana bebe estados unidos nacimiento proceso parto dar a luz precios paso a paso proceso migratorio doctores hospedaje preguntas field title field body custom title field featuredimage field featuredimage field featuredimage '),
 ('77', 'filename', '0', 'es', ' doctores cover jpg '),
 ('77', 'extension', '0', 'es', ' jpg '),
 ('77', 'kind', '0', 'es', ' image '),
 ('77', 'slug', '0', 'es', ' doctores cover ');
INSERT INTO `craft_searchindex` (`elementId`, `attribute`, `fieldId`, `locale`, `keywords`) VALUES
 ('77', 'title', '0', 'es', ' doctores cover '),
 ('56', 'field', '1', 'es', ' conoce al equipo de doctores para tener a tu bebe en estados unidos nuestro programa es 100% legal sin repercusiones migratorias a tu visa '),
 ('56', 'field', '4', 'es', ' doctores cover '),
 ('56', 'field', '3', 'es', ' 1 es 1 0 template creativework webpage doctores conoce al equipo de doctores para tener a tu bebe en estados unidos nuestro programa es 100% legal sin repercusiones migratorias a tu visa nacionalidad americana bebe estados unidos nacimiento proceso parto dar a luz precios paso a paso proceso migratorio doctores hospedaje preguntas summary_large_image website all 77 77 77 nacionalidad americana bebe estados unidos nacimiento proceso parto dar a luz precios paso a paso proceso migratorio doctores hospedaje preguntas field title field body custom title field featuredimage field featuredimage field featuredimage '),
 ('78', 'filename', '0', 'es', ' hospedaje cover jpg '),
 ('78', 'extension', '0', 'es', ' jpg '),
 ('78', 'kind', '0', 'es', ' image '),
 ('78', 'slug', '0', 'es', ' hospedaje cover '),
 ('78', 'title', '0', 'es', ' hospedaje cover '),
 ('72', 'field', '1', 'es', ' donde hospedarte para tener a tu bebe en estados unidos nuestro programa es 100% legal sin repercusiones migratorias a tu visa '),
 ('72', 'field', '4', 'es', ' hospedaje cover '),
 ('72', 'field', '3', 'es', ' 1 es 1 0 template creativework webpage hospedaje donde hospedarte para tener a tu bebe en estados unidos nuestro programa es 100% legal sin repercusiones migratorias a tu visa nacionalidad americana bebe estados unidos nacimiento proceso parto dar a luz precios paso a paso proceso migratorio doctores hospedaje preguntas summary_large_image website all 78 78 78 nacionalidad americana bebe estados unidos nacimiento proceso parto dar a luz precios paso a paso proceso migratorio doctores hospedaje preguntas field title field body custom title field featuredimage field featuredimage field featuredimage '),
 ('79', 'filename', '0', 'es', ' faqs cover jpg '),
 ('79', 'extension', '0', 'es', ' jpg '),
 ('79', 'kind', '0', 'es', ' image '),
 ('79', 'slug', '0', 'es', ' faqs cover '),
 ('79', 'title', '0', 'es', ' faqs cover '),
 ('73', 'field', '1', 'es', ' las preguntas mas frecuentes para tener a tu bebe en estados unidos nuestro programa es 100% legal sin repercusiones migratorias a tu visa '),
 ('73', 'field', '4', 'es', ' faqs cover '),
 ('73', 'field', '3', 'es', ' 1 es 1 0 template creativework webpage faqs las preguntas mas frecuentes para tener a tu bebe en estados unidos nuestro programa es 100% legal sin repercusiones migratorias a tu visa nacionalidad americana bebe estados unidos nacimiento proceso parto dar a luz precios paso a paso proceso migratorio doctores hospedaje preguntas summary_large_image website all 79 79 79 nacionalidad americana bebe estados unidos nacimiento proceso parto dar a luz precios paso a paso proceso migratorio doctores hospedaje preguntas field title field body custom title field featuredimage field featuredimage field featuredimage '),
 ('80', 'filename', '0', 'es', ' car jpg '),
 ('80', 'extension', '0', 'es', ' jpg '),
 ('80', 'kind', '0', 'es', ' image '),
 ('80', 'slug', '0', 'es', ' car '),
 ('80', 'title', '0', 'es', ' car '),
 ('82', 'kind', '0', 'es', ' image '),
 ('82', 'slug', '0', 'es', ' 404 cover '),
 ('82', 'extension', '0', 'es', ' jpg '),
 ('82', 'filename', '0', 'es', ' 404 cover jpg '),
 ('82', 'title', '0', 'es', ' 404 cover ');



DROP TABLE IF EXISTS `craft_sections`;


--
-- Schema for table `craft_sections`
--
CREATE TABLE `craft_sections` (
  `id` int(11) NOT NULL AUTO_INCREMENT,
  `structureId` int(11) DEFAULT NULL,
  `name` varchar(255) COLLATE utf8_unicode_ci NOT NULL,
  `handle` varchar(255) COLLATE utf8_unicode_ci NOT NULL,
  `type` enum('single','channel','structure') COLLATE utf8_unicode_ci NOT NULL DEFAULT 'channel',
  `hasUrls` tinyint(1) unsigned NOT NULL DEFAULT '1',
  `template` varchar(500) COLLATE utf8_unicode_ci DEFAULT NULL,
  `enableVersioning` tinyint(1) unsigned NOT NULL DEFAULT '0',
  `dateCreated` datetime NOT NULL,
  `dateUpdated` datetime NOT NULL,
  `uid` char(36) COLLATE utf8_unicode_ci NOT NULL DEFAULT '0',
  PRIMARY KEY (`id`),
  UNIQUE KEY `craft_sections_name_unq_idx` (`name`),
  UNIQUE KEY `craft_sections_handle_unq_idx` (`handle`),
  KEY `craft_sections_structureId_fk` (`structureId`)
) ENGINE=InnoDB AUTO_INCREMENT=10 DEFAULT CHARSET=utf8 COLLATE=utf8_unicode_ci;

--
-- Data for table `craft_sections`
--

INSERT INTO `craft_sections` (`id`, `structureId`, `name`, `handle`, `type`, `hasUrls`, `template`, `enableVersioning`, `dateCreated`, `dateUpdated`, `uid`) VALUES
 ('1', NULL, 'Homepage', 'homepage', 'single', '1', 'index', '1', '2017-12-24 03:05:19', '2017-12-27 21:22:36', '4cfd000d-4299-41ca-a4b6-21c42eb1ac32'),
 ('2', NULL, 'News', 'news', 'channel', '1', 'news/_entry', '1', '2017-12-24 03:05:19', '2017-12-24 03:05:19', '2bd4e5a2-8a28-47f1-b903-85ffaeed8584'),
 ('4', NULL, 'Precios', 'precios', 'single', '1', 'precios', '1', '2017-12-27 21:32:28', '2017-12-27 21:32:28', '9151759e-2300-4b60-9496-88c405493e92'),
 ('5', NULL, 'Paso a Paso', 'pasoAPaso', 'single', '1', 'paso-paso', '1', '2017-12-28 21:47:14', '2017-12-28 21:47:14', '3dc0e558-a9b4-4206-adce-2a1be9ad1bef'),
 ('6', NULL, 'Proceso Migratorio', 'procesoMigratorio', 'single', '1', 'proceso-migratorio', '1', '2017-12-28 21:47:27', '2017-12-28 21:47:27', '67c31c78-2963-433c-9008-7f6ffe28c9c8'),
 ('7', NULL, 'Doctores', 'doctores', 'single', '1', 'doctores', '1', '2017-12-28 21:47:40', '2017-12-28 21:47:40', 'ca2ef22a-6b77-46bc-8f34-db02d4718097'),
 ('8', NULL, 'Hospedaje', 'hospedaje', 'single', '1', 'hospedaje', '1', '2017-12-31 03:32:38', '2017-12-31 03:32:38', '005727c4-48e8-4145-a4e7-c01fa86de0e2'),
 ('9', NULL, 'FAQS', 'faqs', 'single', '1', 'faqs', '1', '2017-12-31 03:33:00', '2017-12-31 03:33:00', '63190533-0f20-44c7-aa83-78c471a11f9b');



DROP TABLE IF EXISTS `craft_sections_i18n`;


--
-- Schema for table `craft_sections_i18n`
--
CREATE TABLE `craft_sections_i18n` (
  `id` int(11) NOT NULL AUTO_INCREMENT,
  `sectionId` int(11) NOT NULL,
  `locale` char(12) COLLATE utf8_unicode_ci NOT NULL,
  `enabledByDefault` tinyint(1) unsigned NOT NULL DEFAULT '1',
  `urlFormat` text COLLATE utf8_unicode_ci,
  `nestedUrlFormat` text COLLATE utf8_unicode_ci,
  `dateCreated` datetime NOT NULL,
  `dateUpdated` datetime NOT NULL,
  `uid` char(36) COLLATE utf8_unicode_ci NOT NULL DEFAULT '0',
  PRIMARY KEY (`id`),
  UNIQUE KEY `craft_sections_i18n_sectionId_locale_unq_idx` (`sectionId`,`locale`),
  KEY `craft_sections_i18n_locale_fk` (`locale`)
) ENGINE=InnoDB AUTO_INCREMENT=10 DEFAULT CHARSET=utf8 COLLATE=utf8_unicode_ci;

--
-- Data for table `craft_sections_i18n`
--

INSERT INTO `craft_sections_i18n` (`id`, `sectionId`, `locale`, `enabledByDefault`, `urlFormat`, `nestedUrlFormat`, `dateCreated`, `dateUpdated`, `uid`) VALUES
 ('1', '1', 'es', '1', '__home__', NULL, '2017-12-24 03:05:19', '2017-12-24 03:05:19', '85117026-ba9c-472c-a254-fa9d29af2494'),
 ('2', '2', 'es', '1', 'news/{postDate.year}/{slug}', NULL, '2017-12-24 03:05:19', '2017-12-24 03:05:19', 'ed822dcb-de55-494e-8c42-00f8214ea10e'),
 ('4', '4', 'es', '1', 'precios', NULL, '2017-12-27 21:32:28', '2017-12-27 21:32:28', '0ca27c29-6ad1-48b4-acdb-7020e8fef7a2'),
 ('5', '5', 'es', '1', 'paso-paso', NULL, '2017-12-28 21:47:14', '2017-12-28 21:47:14', '04e3e9f5-7363-4a4a-b14e-36d61ccc6e37'),
 ('6', '6', 'es', '1', 'proceso-migratorio', NULL, '2017-12-28 21:47:27', '2017-12-28 21:47:27', '68438706-b968-41d9-ad30-38536f164ac2'),
 ('7', '7', 'es', '1', 'doctores', NULL, '2017-12-28 21:47:40', '2017-12-28 21:47:40', '8b784926-b2eb-4533-b267-5c4944cc49ae'),
 ('8', '8', 'es', '1', 'hospedaje', NULL, '2017-12-31 03:32:38', '2017-12-31 03:32:38', 'd9a7d972-bd72-4b66-a8ef-7978727047e2'),
 ('9', '9', 'es', '1', 'faqs', NULL, '2017-12-31 03:33:00', '2017-12-31 03:33:00', '3b07dddc-e27a-4469-b663-0f6b59bfd719');



DROP TABLE IF EXISTS `craft_seomatic_meta`;


--
-- Schema for table `craft_seomatic_meta`
--
CREATE TABLE `craft_seomatic_meta` (
  `id` int(11) NOT NULL,
  `seoImageId` int(11) DEFAULT NULL,
  `seoTwitterImageId` int(11) DEFAULT NULL,
  `seoFacebookImageId` int(11) DEFAULT NULL,
  `locale` varchar(255) COLLATE utf8_unicode_ci DEFAULT 'es',
  `elementId` int(10) DEFAULT '0',
  `metaType` enum('default','template') COLLATE utf8_unicode_ci DEFAULT 'template',
  `metaPath` varchar(255) COLLATE utf8_unicode_ci DEFAULT '',
  `seoMainEntityCategory` varchar(255) COLLATE utf8_unicode_ci DEFAULT '',
  `seoMainEntityOfPage` varchar(255) COLLATE utf8_unicode_ci DEFAULT '',
  `seoTitle` varchar(255) COLLATE utf8_unicode_ci DEFAULT '',
  `seoDescription` varchar(255) COLLATE utf8_unicode_ci DEFAULT '',
  `seoKeywords` varchar(255) COLLATE utf8_unicode_ci DEFAULT '',
  `seoImageTransform` varchar(255) COLLATE utf8_unicode_ci DEFAULT '',
  `seoFacebookImageTransform` varchar(255) COLLATE utf8_unicode_ci DEFAULT '',
  `seoTwitterImageTransform` varchar(255) COLLATE utf8_unicode_ci DEFAULT '',
  `twitterCardType` varchar(255) COLLATE utf8_unicode_ci DEFAULT 'summary',
  `openGraphType` varchar(255) COLLATE utf8_unicode_ci DEFAULT 'website',
  `robots` varchar(255) COLLATE utf8_unicode_ci DEFAULT '',
  `dateCreated` datetime NOT NULL,
  `dateUpdated` datetime NOT NULL,
  `uid` char(36) COLLATE utf8_unicode_ci NOT NULL DEFAULT '0',
  PRIMARY KEY (`id`),
  KEY `craft_seomatic_meta_seoImageId_fk` (`seoImageId`),
  KEY `craft_seomatic_meta_seoTwitterImageId_fk` (`seoTwitterImageId`),
  KEY `craft_seomatic_meta_seoFacebookImageId_fk` (`seoFacebookImageId`)
) ENGINE=InnoDB DEFAULT CHARSET=utf8 COLLATE=utf8_unicode_ci;

DROP TABLE IF EXISTS `craft_seomatic_settings`;


--
-- Schema for table `craft_seomatic_settings`
--
CREATE TABLE `craft_seomatic_settings` (
  `id` int(11) NOT NULL AUTO_INCREMENT,
  `siteSeoImageId` int(11) DEFAULT NULL,
  `siteSeoTwitterImageId` int(11) DEFAULT NULL,
  `siteSeoFacebookImageId` int(11) DEFAULT NULL,
  `genericOwnerImageId` int(11) DEFAULT NULL,
  `genericCreatorImageId` int(11) DEFAULT NULL,
  `locale` varchar(255) COLLATE utf8_unicode_ci DEFAULT '',
  `siteSeoName` varchar(255) COLLATE utf8_unicode_ci DEFAULT '',
  `siteSeoTitle` varchar(255) COLLATE utf8_unicode_ci DEFAULT '',
  `siteSeoTitleSeparator` varchar(10) COLLATE utf8_unicode_ci DEFAULT '|',
  `siteSeoTitlePlacement` enum('before','after','none') COLLATE utf8_unicode_ci DEFAULT 'after',
  `siteSeoDescription` varchar(255) COLLATE utf8_unicode_ci DEFAULT '',
  `siteSeoKeywords` varchar(255) COLLATE utf8_unicode_ci DEFAULT '',
  `siteSeoImageTransform` varchar(100) COLLATE utf8_unicode_ci DEFAULT '',
  `siteSeoFacebookImageTransform` varchar(100) COLLATE utf8_unicode_ci DEFAULT '',
  `siteSeoTwitterImageTransform` varchar(100) COLLATE utf8_unicode_ci DEFAULT '',
  `siteTwitterCardType` varchar(50) COLLATE utf8_unicode_ci DEFAULT '',
  `siteOpenGraphType` varchar(50) COLLATE utf8_unicode_ci DEFAULT '',
  `siteRobots` varchar(50) COLLATE utf8_unicode_ci DEFAULT '',
  `siteRobotsTxt` text COLLATE utf8_unicode_ci,
  `siteLinksSearchTargets` text COLLATE utf8_unicode_ci,
  `siteLinksQueryInput` varchar(50) COLLATE utf8_unicode_ci DEFAULT '',
  `googleSiteVerification` varchar(100) COLLATE utf8_unicode_ci DEFAULT '',
  `bingSiteVerification` varchar(100) COLLATE utf8_unicode_ci DEFAULT '',
  `googleAnalyticsUID` varchar(50) COLLATE utf8_unicode_ci DEFAULT '',
  `googleTagManagerID` varchar(50) COLLATE utf8_unicode_ci DEFAULT '',
  `googleAnalyticsSendPageview` tinyint(1) unsigned NOT NULL DEFAULT '1',
  `googleAnalyticsAdvertising` tinyint(1) unsigned NOT NULL DEFAULT '0',
  `googleAnalyticsEcommerce` tinyint(1) unsigned NOT NULL DEFAULT '0',
  `googleAnalyticsEEcommerce` tinyint(1) unsigned NOT NULL DEFAULT '0',
  `googleAnalyticsLinkAttribution` tinyint(1) unsigned NOT NULL DEFAULT '0',
  `googleAnalyticsLinker` tinyint(1) unsigned NOT NULL DEFAULT '0',
  `googleAnalyticsAnonymizeIp` tinyint(1) unsigned NOT NULL DEFAULT '0',
  `siteOwnerType` varchar(50) COLLATE utf8_unicode_ci DEFAULT '',
  `siteOwnerSubType` varchar(50) COLLATE utf8_unicode_ci DEFAULT '',
  `siteOwnerSpecificType` varchar(50) COLLATE utf8_unicode_ci DEFAULT '',
  `genericOwnerName` varchar(255) COLLATE utf8_unicode_ci DEFAULT '',
  `genericOwnerAlternateName` varchar(255) COLLATE utf8_unicode_ci DEFAULT '',
  `genericOwnerDescription` varchar(1024) COLLATE utf8_unicode_ci DEFAULT '',
  `genericOwnerUrl` varchar(255) COLLATE utf8_unicode_ci DEFAULT '',
  `genericOwnerTelephone` varchar(255) COLLATE utf8_unicode_ci DEFAULT '',
  `genericOwnerEmail` varchar(255) COLLATE utf8_unicode_ci DEFAULT '',
  `genericOwnerStreetAddress` varchar(255) COLLATE utf8_unicode_ci DEFAULT '',
  `genericOwnerAddressLocality` varchar(255) COLLATE utf8_unicode_ci DEFAULT '',
  `genericOwnerAddressRegion` varchar(255) COLLATE utf8_unicode_ci DEFAULT '',
  `genericOwnerPostalCode` varchar(255) COLLATE utf8_unicode_ci DEFAULT '',
  `genericOwnerAddressCountry` varchar(255) COLLATE utf8_unicode_ci DEFAULT '',
  `genericOwnerGeoLatitude` varchar(255) COLLATE utf8_unicode_ci DEFAULT '',
  `genericOwnerGeoLongitude` varchar(255) COLLATE utf8_unicode_ci DEFAULT '',
  `organizationOwnerDuns` varchar(255) COLLATE utf8_unicode_ci DEFAULT '',
  `organizationOwnerFounder` varchar(255) COLLATE utf8_unicode_ci DEFAULT '',
  `organizationOwnerFoundingDate` varchar(255) COLLATE utf8_unicode_ci DEFAULT '',
  `organizationOwnerFoundingLocation` varchar(255) COLLATE utf8_unicode_ci DEFAULT '',
  `organizationOwnerContactPoints` text COLLATE utf8_unicode_ci,
  `localBusinessPriceRange` varchar(10) COLLATE utf8_unicode_ci DEFAULT '$$$',
  `localBusinessOwnerOpeningHours` text COLLATE utf8_unicode_ci,
  `corporationOwnerTickerSymbol` varchar(255) COLLATE utf8_unicode_ci DEFAULT '',
  `restaurantOwnerServesCuisine` varchar(255) COLLATE utf8_unicode_ci DEFAULT '',
  `restaurantOwnerMenuUrl` varchar(255) COLLATE utf8_unicode_ci DEFAULT '',
  `restaurantOwnerReservationsUrl` varchar(255) COLLATE utf8_unicode_ci DEFAULT '',
  `personOwnerGender` varchar(255) COLLATE utf8_unicode_ci DEFAULT '',
  `personOwnerBirthPlace` varchar(255) COLLATE utf8_unicode_ci DEFAULT '',
  `twitterHandle` varchar(50) COLLATE utf8_unicode_ci DEFAULT '',
  `facebookHandle` varchar(50) COLLATE utf8_unicode_ci DEFAULT '',
  `facebookProfileId` varchar(50) COLLATE utf8_unicode_ci DEFAULT '',
  `facebookAppId` varchar(50) COLLATE utf8_unicode_ci DEFAULT '',
  `linkedInHandle` varchar(50) COLLATE utf8_unicode_ci DEFAULT '',
  `googlePlusHandle` varchar(50) COLLATE utf8_unicode_ci DEFAULT '',
  `youtubeHandle` varchar(50) COLLATE utf8_unicode_ci DEFAULT '',
  `youtubeChannelHandle` varchar(50) COLLATE utf8_unicode_ci DEFAULT '',
  `instagramHandle` varchar(50) COLLATE utf8_unicode_ci DEFAULT '',
  `pinterestHandle` varchar(50) COLLATE utf8_unicode_ci DEFAULT '',
  `githubHandle` varchar(50) COLLATE utf8_unicode_ci DEFAULT '',
  `vimeoHandle` varchar(50) COLLATE utf8_unicode_ci DEFAULT '',
  `wikipediaUrl` varchar(100) COLLATE utf8_unicode_ci DEFAULT '',
  `siteCreatorType` varchar(255) COLLATE utf8_unicode_ci DEFAULT '',
  `siteCreatorSubType` varchar(255) COLLATE utf8_unicode_ci DEFAULT '',
  `siteCreatorSpecificType` varchar(255) COLLATE utf8_unicode_ci DEFAULT '',
  `genericCreatorName` varchar(255) COLLATE utf8_unicode_ci DEFAULT '',
  `genericCreatorAlternateName` varchar(255) COLLATE utf8_unicode_ci DEFAULT '',
  `genericCreatorDescription` varchar(1024) COLLATE utf8_unicode_ci DEFAULT '',
  `genericCreatorUrl` varchar(255) COLLATE utf8_unicode_ci DEFAULT '',
  `genericCreatorTelephone` varchar(255) COLLATE utf8_unicode_ci DEFAULT '',
  `genericCreatorEmail` varchar(255) COLLATE utf8_unicode_ci DEFAULT '',
  `genericCreatorStreetAddress` varchar(255) COLLATE utf8_unicode_ci DEFAULT '',
  `genericCreatorAddressLocality` varchar(255) COLLATE utf8_unicode_ci DEFAULT '',
  `genericCreatorAddressRegion` varchar(255) COLLATE utf8_unicode_ci DEFAULT '',
  `genericCreatorPostalCode` varchar(255) COLLATE utf8_unicode_ci DEFAULT '',
  `genericCreatorAddressCountry` varchar(255) COLLATE utf8_unicode_ci DEFAULT '',
  `genericCreatorGeoLatitude` varchar(255) COLLATE utf8_unicode_ci DEFAULT '',
  `genericCreatorGeoLongitude` varchar(255) COLLATE utf8_unicode_ci DEFAULT '',
  `organizationCreatorDuns` varchar(255) COLLATE utf8_unicode_ci DEFAULT '',
  `organizationCreatorFounder` varchar(255) COLLATE utf8_unicode_ci DEFAULT '',
  `organizationCreatorFoundingDate` varchar(255) COLLATE utf8_unicode_ci DEFAULT '',
  `organizationCreatorFoundingLocation` varchar(255) COLLATE utf8_unicode_ci DEFAULT '',
  `organizationCreatorContactPoints` text COLLATE utf8_unicode_ci,
  `localBusinessCreatorOpeningHours` text COLLATE utf8_unicode_ci,
  `corporationCreatorTickerSymbol` varchar(255) COLLATE utf8_unicode_ci DEFAULT '',
  `restaurantCreatorServesCuisine` varchar(255) COLLATE utf8_unicode_ci DEFAULT '',
  `restaurantCreatorMenuUrl` varchar(255) COLLATE utf8_unicode_ci DEFAULT '',
  `restaurantCreatorReservationsUrl` varchar(255) COLLATE utf8_unicode_ci DEFAULT '',
  `personCreatorGender` varchar(255) COLLATE utf8_unicode_ci DEFAULT '',
  `personCreatorBirthPlace` varchar(255) COLLATE utf8_unicode_ci DEFAULT '',
  `genericCreatorHumansTxt` text COLLATE utf8_unicode_ci,
  `dateCreated` datetime NOT NULL,
  `dateUpdated` datetime NOT NULL,
  `uid` char(36) COLLATE utf8_unicode_ci NOT NULL DEFAULT '0',
  PRIMARY KEY (`id`),
  KEY `craft_seomatic_settings_siteSeoImageId_fk` (`siteSeoImageId`),
  KEY `craft_seomatic_settings_siteSeoTwitterImageId_fk` (`siteSeoTwitterImageId`),
  KEY `craft_seomatic_settings_siteSeoFacebookImageId_fk` (`siteSeoFacebookImageId`),
  KEY `craft_seomatic_settings_genericOwnerImageId_fk` (`genericOwnerImageId`),
  KEY `craft_seomatic_settings_genericCreatorImageId_fk` (`genericCreatorImageId`)
) ENGINE=InnoDB AUTO_INCREMENT=2 DEFAULT CHARSET=utf8 COLLATE=utf8_unicode_ci;

--
-- Data for table `craft_seomatic_settings`
--

INSERT INTO `craft_seomatic_settings` (`id`, `siteSeoImageId`, `siteSeoTwitterImageId`, `siteSeoFacebookImageId`, `genericOwnerImageId`, `genericCreatorImageId`, `locale`, `siteSeoName`, `siteSeoTitle`, `siteSeoTitleSeparator`, `siteSeoTitlePlacement`, `siteSeoDescription`, `siteSeoKeywords`, `siteSeoImageTransform`, `siteSeoFacebookImageTransform`, `siteSeoTwitterImageTransform`, `siteTwitterCardType`, `siteOpenGraphType`, `siteRobots`, `siteRobotsTxt`, `siteLinksSearchTargets`, `siteLinksQueryInput`, `googleSiteVerification`, `bingSiteVerification`, `googleAnalyticsUID`, `googleTagManagerID`, `googleAnalyticsSendPageview`, `googleAnalyticsAdvertising`, `googleAnalyticsEcommerce`, `googleAnalyticsEEcommerce`, `googleAnalyticsLinkAttribution`, `googleAnalyticsLinker`, `googleAnalyticsAnonymizeIp`, `siteOwnerType`, `siteOwnerSubType`, `siteOwnerSpecificType`, `genericOwnerName`, `genericOwnerAlternateName`, `genericOwnerDescription`, `genericOwnerUrl`, `genericOwnerTelephone`, `genericOwnerEmail`, `genericOwnerStreetAddress`, `genericOwnerAddressLocality`, `genericOwnerAddressRegion`, `genericOwnerPostalCode`, `genericOwnerAddressCountry`, `genericOwnerGeoLatitude`, `genericOwnerGeoLongitude`, `organizationOwnerDuns`, `organizationOwnerFounder`, `organizationOwnerFoundingDate`, `organizationOwnerFoundingLocation`, `organizationOwnerContactPoints`, `localBusinessPriceRange`, `localBusinessOwnerOpeningHours`, `corporationOwnerTickerSymbol`, `restaurantOwnerServesCuisine`, `restaurantOwnerMenuUrl`, `restaurantOwnerReservationsUrl`, `personOwnerGender`, `personOwnerBirthPlace`, `twitterHandle`, `facebookHandle`, `facebookProfileId`, `facebookAppId`, `linkedInHandle`, `googlePlusHandle`, `youtubeHandle`, `youtubeChannelHandle`, `instagramHandle`, `pinterestHandle`, `githubHandle`, `vimeoHandle`, `wikipediaUrl`, `siteCreatorType`, `siteCreatorSubType`, `siteCreatorSpecificType`, `genericCreatorName`, `genericCreatorAlternateName`, `genericCreatorDescription`, `genericCreatorUrl`, `genericCreatorTelephone`, `genericCreatorEmail`, `genericCreatorStreetAddress`, `genericCreatorAddressLocality`, `genericCreatorAddressRegion`, `genericCreatorPostalCode`, `genericCreatorAddressCountry`, `genericCreatorGeoLatitude`, `genericCreatorGeoLongitude`, `organizationCreatorDuns`, `organizationCreatorFounder`, `organizationCreatorFoundingDate`, `organizationCreatorFoundingLocation`, `organizationCreatorContactPoints`, `localBusinessCreatorOpeningHours`, `corporationCreatorTickerSymbol`, `restaurantCreatorServesCuisine`, `restaurantCreatorMenuUrl`, `restaurantCreatorReservationsUrl`, `personCreatorGender`, `personCreatorBirthPlace`, `genericCreatorHumansTxt`, `dateCreated`, `dateUpdated`, `uid`) VALUES
 ('1', '71', '71', '71', NULL, NULL, 'es', 'Dr. Nutis', 'Da a luz en Estados Unidos', '|', 'after', 'Ten a tu bebé en Estados Unidos. Nuestro programa es 100% legal, sin repercusiones migratorias a tu visa. Te damos el seguimiento y herramientas necesarias. ', 'nacionalidad, americana, bebe, estados unidos, nacimiento, proceso, parto, dar a luz, precios, paso a paso, proceso, migratorio, doctores, hospedaje, preguntas', '', '', '', 'summary', 'website', 'all', '# robots.txt for {{ siteUrl }}\r\n# For a multi-environment setup, see: https://nystudio107.com/blog/prevent-google-from-indexing-staging-sites\r\n\r\nSitemap: {{ siteUrl |trim(\'/\') }}/sitemap.xml\r\n\r\n{% if craft.config.devMode %}\r\n# devMode - disallow all\r\n\r\nUser-agent: *\r\nDisallow: /\r\n{% else %}\r\n# Live - Don\'t allow web crawlers to index Craft\r\n\r\nUser-agent: *\r\nDisallow: /craft/\r\n{% endif %}', '[]', '', '', '', '', '', '1', '0', '0', '0', '0', '0', '0', 'Organization', 'Corporation', '', 'Dr. Nutis', '', '', 'http://165.227.214.220/', '', '', '', '', '', '', '', '', '', '', '', '', '', '', '$$$', '', '', '', '', '', '', '', '', '', '', '', '', '', '', '', '', '', '', '', '', 'Organization', 'Corporation', '', '', '', '', '', '', '', '', '', '', '', '', '', '', '', '', '', '', '', '', '', '', '', '', '', '', '/* TEAM */\n\n{% if seomaticCreator.name is defined and seomaticCreator.name %}\nCreator: {{ seomaticCreator.name }}\n{% endif %}\n{% if seomaticCreator.url is defined and seomaticCreator.url %}\nURL: {{ seomaticCreator.url }}\n{% endif %}\n{% if seomaticCreator.description is defined and seomaticCreator.description %}\nDescription: {{ seomaticCreator.description }}\n{% endif %}\n\n/* THANKS */\n\nPixel & Tonic - https://pixelandtonic.com\n\n/* SITE */\n\nStandards: HTML5, CSS3\nComponents: Craft CMS, Yii, PHP, Javascript, SEOmatic', '2017-12-31 03:24:56', '2017-12-31 03:54:32', '5ab41027-31bb-496a-9150-3fd4dfe52d33');



DROP TABLE IF EXISTS `craft_sessions`;


--
-- Schema for table `craft_sessions`
--
CREATE TABLE `craft_sessions` (
  `id` int(11) NOT NULL AUTO_INCREMENT,
  `userId` int(11) NOT NULL,
  `token` char(100) COLLATE utf8_unicode_ci NOT NULL,
  `dateCreated` datetime NOT NULL,
  `dateUpdated` datetime NOT NULL,
  `uid` char(36) COLLATE utf8_unicode_ci NOT NULL DEFAULT '0',
  PRIMARY KEY (`id`),
  KEY `craft_sessions_uid_idx` (`uid`),
  KEY `craft_sessions_token_idx` (`token`),
  KEY `craft_sessions_dateUpdated_idx` (`dateUpdated`),
  KEY `craft_sessions_userId_fk` (`userId`)
) ENGINE=InnoDB AUTO_INCREMENT=17 DEFAULT CHARSET=utf8 COLLATE=utf8_unicode_ci;

DROP TABLE IF EXISTS `craft_shunnedmessages`;


--
-- Schema for table `craft_shunnedmessages`
--
CREATE TABLE `craft_shunnedmessages` (
  `id` int(11) NOT NULL AUTO_INCREMENT,
  `userId` int(11) NOT NULL,
  `message` varchar(255) COLLATE utf8_unicode_ci NOT NULL,
  `expiryDate` datetime DEFAULT NULL,
  `dateCreated` datetime NOT NULL,
  `dateUpdated` datetime NOT NULL,
  `uid` char(36) COLLATE utf8_unicode_ci NOT NULL DEFAULT '0',
  PRIMARY KEY (`id`),
  UNIQUE KEY `craft_shunnedmessages_userId_message_unq_idx` (`userId`,`message`)
) ENGINE=InnoDB DEFAULT CHARSET=utf8 COLLATE=utf8_unicode_ci;

DROP TABLE IF EXISTS `craft_structureelements`;


--
-- Schema for table `craft_structureelements`
--
CREATE TABLE `craft_structureelements` (
  `id` int(11) NOT NULL AUTO_INCREMENT,
  `structureId` int(11) NOT NULL,
  `elementId` int(11) DEFAULT NULL,
  `root` int(11) unsigned DEFAULT NULL,
  `lft` int(11) unsigned NOT NULL,
  `rgt` int(11) unsigned NOT NULL,
  `level` smallint(6) unsigned NOT NULL,
  `dateCreated` datetime NOT NULL,
  `dateUpdated` datetime NOT NULL,
  `uid` char(36) COLLATE utf8_unicode_ci NOT NULL DEFAULT '0',
  PRIMARY KEY (`id`),
  UNIQUE KEY `craft_structureelements_structureId_elementId_unq_idx` (`structureId`,`elementId`),
  KEY `craft_structureelements_root_idx` (`root`),
  KEY `craft_structureelements_lft_idx` (`lft`),
  KEY `craft_structureelements_rgt_idx` (`rgt`),
  KEY `craft_structureelements_level_idx` (`level`),
  KEY `craft_structureelements_elementId_fk` (`elementId`)
) ENGINE=InnoDB DEFAULT CHARSET=utf8 COLLATE=utf8_unicode_ci;

DROP TABLE IF EXISTS `craft_structures`;


--
-- Schema for table `craft_structures`
--
CREATE TABLE `craft_structures` (
  `id` int(11) NOT NULL AUTO_INCREMENT,
  `maxLevels` smallint(6) unsigned DEFAULT NULL,
  `dateCreated` datetime NOT NULL,
  `dateUpdated` datetime NOT NULL,
  `uid` char(36) COLLATE utf8_unicode_ci NOT NULL DEFAULT '0',
  PRIMARY KEY (`id`)
) ENGINE=InnoDB DEFAULT CHARSET=utf8 COLLATE=utf8_unicode_ci;

DROP TABLE IF EXISTS `craft_systemsettings`;


--
-- Schema for table `craft_systemsettings`
--
CREATE TABLE `craft_systemsettings` (
  `id` int(11) NOT NULL AUTO_INCREMENT,
  `category` varchar(15) COLLATE utf8_unicode_ci NOT NULL,
  `settings` text COLLATE utf8_unicode_ci,
  `dateCreated` datetime NOT NULL,
  `dateUpdated` datetime NOT NULL,
  `uid` char(36) COLLATE utf8_unicode_ci NOT NULL DEFAULT '0',
  PRIMARY KEY (`id`),
  UNIQUE KEY `craft_systemsettings_category_unq_idx` (`category`)
) ENGINE=InnoDB AUTO_INCREMENT=2 DEFAULT CHARSET=utf8 COLLATE=utf8_unicode_ci;

--
-- Data for table `craft_systemsettings`
--

INSERT INTO `craft_systemsettings` (`id`, `category`, `settings`, `dateCreated`, `dateUpdated`, `uid`) VALUES
 ('1', 'email', '{\"protocol\":\"php\",\"emailAddress\":\"amandujano@dood.mx\",\"senderName\":\"Dr. Nutis\"}', '2017-12-24 03:05:19', '2017-12-24 03:05:19', '58176b62-4b3c-4c08-8a0f-788cec17cd22');



DROP TABLE IF EXISTS `craft_taggroups`;


--
-- Schema for table `craft_taggroups`
--
CREATE TABLE `craft_taggroups` (
  `id` int(11) NOT NULL AUTO_INCREMENT,
  `name` varchar(255) COLLATE utf8_unicode_ci NOT NULL,
  `handle` varchar(255) COLLATE utf8_unicode_ci NOT NULL,
  `fieldLayoutId` int(10) DEFAULT NULL,
  `dateCreated` datetime NOT NULL,
  `dateUpdated` datetime NOT NULL,
  `uid` char(36) COLLATE utf8_unicode_ci NOT NULL DEFAULT '0',
  PRIMARY KEY (`id`),
  UNIQUE KEY `craft_taggroups_name_unq_idx` (`name`),
  UNIQUE KEY `craft_taggroups_handle_unq_idx` (`handle`),
  KEY `craft_taggroups_fieldLayoutId_fk` (`fieldLayoutId`)
) ENGINE=InnoDB AUTO_INCREMENT=2 DEFAULT CHARSET=utf8 COLLATE=utf8_unicode_ci;

--
-- Data for table `craft_taggroups`
--

INSERT INTO `craft_taggroups` (`id`, `name`, `handle`, `fieldLayoutId`, `dateCreated`, `dateUpdated`, `uid`) VALUES
 ('1', 'Default', 'default', '1', '2017-12-24 03:05:19', '2017-12-24 03:05:19', 'f710d4c6-0f98-46c4-b5ea-3372a7f68e9a');



DROP TABLE IF EXISTS `craft_tags`;


--
-- Schema for table `craft_tags`
--
CREATE TABLE `craft_tags` (
  `id` int(11) NOT NULL,
  `groupId` int(11) NOT NULL,
  `dateCreated` datetime NOT NULL,
  `dateUpdated` datetime NOT NULL,
  `uid` char(36) COLLATE utf8_unicode_ci NOT NULL DEFAULT '0',
  PRIMARY KEY (`id`),
  KEY `craft_tags_groupId_fk` (`groupId`)
) ENGINE=InnoDB DEFAULT CHARSET=utf8 COLLATE=utf8_unicode_ci;

DROP TABLE IF EXISTS `craft_tasks`;


--
-- Schema for table `craft_tasks`
--
CREATE TABLE `craft_tasks` (
  `id` int(11) NOT NULL AUTO_INCREMENT,
  `root` int(11) unsigned DEFAULT NULL,
  `lft` int(11) unsigned NOT NULL,
  `rgt` int(11) unsigned NOT NULL,
  `level` smallint(6) unsigned NOT NULL,
  `currentStep` int(11) unsigned DEFAULT NULL,
  `totalSteps` int(11) unsigned DEFAULT NULL,
  `status` enum('pending','error','running') COLLATE utf8_unicode_ci DEFAULT NULL,
  `type` varchar(150) COLLATE utf8_unicode_ci NOT NULL,
  `description` varchar(255) COLLATE utf8_unicode_ci DEFAULT NULL,
  `settings` mediumtext COLLATE utf8_unicode_ci,
  `dateCreated` datetime NOT NULL,
  `dateUpdated` datetime NOT NULL,
  `uid` char(36) COLLATE utf8_unicode_ci NOT NULL DEFAULT '0',
  PRIMARY KEY (`id`),
  KEY `craft_tasks_root_idx` (`root`),
  KEY `craft_tasks_lft_idx` (`lft`),
  KEY `craft_tasks_rgt_idx` (`rgt`),
  KEY `craft_tasks_level_idx` (`level`)
) ENGINE=InnoDB AUTO_INCREMENT=37 DEFAULT CHARSET=utf8 COLLATE=utf8_unicode_ci;

DROP TABLE IF EXISTS `craft_templatecachecriteria`;


--
-- Schema for table `craft_templatecachecriteria`
--
CREATE TABLE `craft_templatecachecriteria` (
  `id` int(11) NOT NULL AUTO_INCREMENT,
  `cacheId` int(11) NOT NULL,
  `type` varchar(150) COLLATE utf8_unicode_ci NOT NULL,
  `criteria` text COLLATE utf8_unicode_ci NOT NULL,
  PRIMARY KEY (`id`),
  KEY `craft_templatecachecriteria_cacheId_fk` (`cacheId`),
  KEY `craft_templatecachecriteria_type_idx` (`type`)
) ENGINE=InnoDB DEFAULT CHARSET=utf8 COLLATE=utf8_unicode_ci;

DROP TABLE IF EXISTS `craft_templatecacheelements`;


--
-- Schema for table `craft_templatecacheelements`
--
CREATE TABLE `craft_templatecacheelements` (
  `cacheId` int(11) NOT NULL,
  `elementId` int(11) NOT NULL,
  KEY `craft_templatecacheelements_cacheId_fk` (`cacheId`),
  KEY `craft_templatecacheelements_elementId_fk` (`elementId`)
) ENGINE=InnoDB DEFAULT CHARSET=utf8 COLLATE=utf8_unicode_ci;

DROP TABLE IF EXISTS `craft_templatecaches`;


--
-- Schema for table `craft_templatecaches`
--
CREATE TABLE `craft_templatecaches` (
  `id` int(11) NOT NULL AUTO_INCREMENT,
  `cacheKey` varchar(255) COLLATE utf8_unicode_ci NOT NULL,
  `locale` char(12) COLLATE utf8_unicode_ci NOT NULL,
  `path` varchar(255) COLLATE utf8_unicode_ci DEFAULT NULL,
  `expiryDate` datetime NOT NULL,
  `body` mediumtext COLLATE utf8_unicode_ci NOT NULL,
  PRIMARY KEY (`id`),
  KEY `craft_templatecaches_cacheKey_locale_expiryDate_path_idx` (`cacheKey`,`locale`,`expiryDate`,`path`),
  KEY `craft_templatecaches_cacheKey_locale_expiryDate_idx` (`cacheKey`,`locale`,`expiryDate`),
  KEY `craft_templatecaches_locale_fk` (`locale`)
) ENGINE=InnoDB AUTO_INCREMENT=231 DEFAULT CHARSET=utf8 COLLATE=utf8_unicode_ci;

DROP TABLE IF EXISTS `craft_tokens`;


--
-- Schema for table `craft_tokens`
--
CREATE TABLE `craft_tokens` (
  `id` int(11) NOT NULL AUTO_INCREMENT,
  `token` char(32) COLLATE utf8_unicode_ci NOT NULL,
  `route` text COLLATE utf8_unicode_ci,
  `usageLimit` tinyint(3) unsigned DEFAULT NULL,
  `usageCount` tinyint(3) unsigned DEFAULT NULL,
  `expiryDate` datetime NOT NULL,
  `dateCreated` datetime NOT NULL,
  `dateUpdated` datetime NOT NULL,
  `uid` char(36) COLLATE utf8_unicode_ci NOT NULL DEFAULT '0',
  PRIMARY KEY (`id`),
  UNIQUE KEY `craft_tokens_token_unq_idx` (`token`),
  KEY `craft_tokens_expiryDate_idx` (`expiryDate`)
) ENGINE=InnoDB DEFAULT CHARSET=utf8 COLLATE=utf8_unicode_ci;

DROP TABLE IF EXISTS `craft_usergroups`;


--
-- Schema for table `craft_usergroups`
--
CREATE TABLE `craft_usergroups` (
  `id` int(11) NOT NULL AUTO_INCREMENT,
  `name` varchar(255) COLLATE utf8_unicode_ci NOT NULL,
  `handle` varchar(255) COLLATE utf8_unicode_ci NOT NULL,
  `dateCreated` datetime NOT NULL,
  `dateUpdated` datetime NOT NULL,
  `uid` char(36) COLLATE utf8_unicode_ci NOT NULL DEFAULT '0',
  PRIMARY KEY (`id`),
  UNIQUE KEY `craft_usergroups_name_unq_idx` (`name`),
  UNIQUE KEY `craft_usergroups_handle_unq_idx` (`handle`)
) ENGINE=InnoDB DEFAULT CHARSET=utf8 COLLATE=utf8_unicode_ci;

DROP TABLE IF EXISTS `craft_usergroups_users`;


--
-- Schema for table `craft_usergroups_users`
--
CREATE TABLE `craft_usergroups_users` (
  `id` int(11) NOT NULL AUTO_INCREMENT,
  `groupId` int(11) NOT NULL,
  `userId` int(11) NOT NULL,
  `dateCreated` datetime NOT NULL,
  `dateUpdated` datetime NOT NULL,
  `uid` char(36) COLLATE utf8_unicode_ci NOT NULL DEFAULT '0',
  PRIMARY KEY (`id`),
  UNIQUE KEY `craft_usergroups_users_groupId_userId_unq_idx` (`groupId`,`userId`),
  KEY `craft_usergroups_users_userId_fk` (`userId`)
) ENGINE=InnoDB DEFAULT CHARSET=utf8 COLLATE=utf8_unicode_ci;

DROP TABLE IF EXISTS `craft_userpermissions`;


--
-- Schema for table `craft_userpermissions`
--
CREATE TABLE `craft_userpermissions` (
  `id` int(11) NOT NULL AUTO_INCREMENT,
  `name` varchar(255) COLLATE utf8_unicode_ci NOT NULL,
  `dateCreated` datetime NOT NULL,
  `dateUpdated` datetime NOT NULL,
  `uid` char(36) COLLATE utf8_unicode_ci NOT NULL DEFAULT '0',
  PRIMARY KEY (`id`),
  UNIQUE KEY `craft_userpermissions_name_unq_idx` (`name`)
) ENGINE=InnoDB DEFAULT CHARSET=utf8 COLLATE=utf8_unicode_ci;

DROP TABLE IF EXISTS `craft_userpermissions_usergroups`;


--
-- Schema for table `craft_userpermissions_usergroups`
--
CREATE TABLE `craft_userpermissions_usergroups` (
  `id` int(11) NOT NULL AUTO_INCREMENT,
  `permissionId` int(11) NOT NULL,
  `groupId` int(11) NOT NULL,
  `dateCreated` datetime NOT NULL,
  `dateUpdated` datetime NOT NULL,
  `uid` char(36) COLLATE utf8_unicode_ci NOT NULL DEFAULT '0',
  PRIMARY KEY (`id`),
  UNIQUE KEY `craft_userpermissions_usergroups_permissionId_groupId_unq_idx` (`permissionId`,`groupId`),
  KEY `craft_userpermissions_usergroups_groupId_fk` (`groupId`)
) ENGINE=InnoDB DEFAULT CHARSET=utf8 COLLATE=utf8_unicode_ci;

DROP TABLE IF EXISTS `craft_userpermissions_users`;


--
-- Schema for table `craft_userpermissions_users`
--
CREATE TABLE `craft_userpermissions_users` (
  `id` int(11) NOT NULL AUTO_INCREMENT,
  `permissionId` int(11) NOT NULL,
  `userId` int(11) NOT NULL,
  `dateCreated` datetime NOT NULL,
  `dateUpdated` datetime NOT NULL,
  `uid` char(36) COLLATE utf8_unicode_ci NOT NULL DEFAULT '0',
  PRIMARY KEY (`id`),
  UNIQUE KEY `craft_userpermissions_users_permissionId_userId_unq_idx` (`permissionId`,`userId`),
  KEY `craft_userpermissions_users_userId_fk` (`userId`)
) ENGINE=InnoDB DEFAULT CHARSET=utf8 COLLATE=utf8_unicode_ci;

DROP TABLE IF EXISTS `craft_users`;


--
-- Schema for table `craft_users`
--
CREATE TABLE `craft_users` (
  `id` int(11) NOT NULL,
  `username` varchar(100) COLLATE utf8_unicode_ci NOT NULL,
  `photo` varchar(100) COLLATE utf8_unicode_ci DEFAULT NULL,
  `firstName` varchar(100) COLLATE utf8_unicode_ci DEFAULT NULL,
  `lastName` varchar(100) COLLATE utf8_unicode_ci DEFAULT NULL,
  `email` varchar(255) COLLATE utf8_unicode_ci NOT NULL,
  `password` char(255) COLLATE utf8_unicode_ci DEFAULT NULL,
  `preferredLocale` char(12) COLLATE utf8_unicode_ci DEFAULT NULL,
  `weekStartDay` tinyint(1) unsigned NOT NULL DEFAULT '0',
  `admin` tinyint(1) unsigned NOT NULL DEFAULT '0',
  `client` tinyint(1) unsigned NOT NULL DEFAULT '0',
  `locked` tinyint(1) unsigned NOT NULL DEFAULT '0',
  `suspended` tinyint(1) unsigned NOT NULL DEFAULT '0',
  `pending` tinyint(1) unsigned NOT NULL DEFAULT '0',
  `archived` tinyint(1) unsigned NOT NULL DEFAULT '0',
  `lastLoginDate` datetime DEFAULT NULL,
  `lastLoginAttemptIPAddress` varchar(45) COLLATE utf8_unicode_ci DEFAULT NULL,
  `invalidLoginWindowStart` datetime DEFAULT NULL,
  `invalidLoginCount` tinyint(4) unsigned DEFAULT NULL,
  `lastInvalidLoginDate` datetime DEFAULT NULL,
  `lockoutDate` datetime DEFAULT NULL,
  `verificationCode` char(100) COLLATE utf8_unicode_ci DEFAULT NULL,
  `verificationCodeIssuedDate` datetime DEFAULT NULL,
  `unverifiedEmail` varchar(255) COLLATE utf8_unicode_ci DEFAULT NULL,
  `passwordResetRequired` tinyint(1) unsigned NOT NULL DEFAULT '0',
  `lastPasswordChangeDate` datetime DEFAULT NULL,
  `dateCreated` datetime NOT NULL,
  `dateUpdated` datetime NOT NULL,
  `uid` char(36) COLLATE utf8_unicode_ci NOT NULL DEFAULT '0',
  PRIMARY KEY (`id`),
  UNIQUE KEY `craft_users_username_unq_idx` (`username`),
  UNIQUE KEY `craft_users_email_unq_idx` (`email`),
  KEY `craft_users_verificationCode_idx` (`verificationCode`),
  KEY `craft_users_uid_idx` (`uid`),
  KEY `craft_users_preferredLocale_fk` (`preferredLocale`)
) ENGINE=InnoDB DEFAULT CHARSET=utf8 COLLATE=utf8_unicode_ci;

--
-- Data for table `craft_users`
--

INSERT INTO `craft_users` (`id`, `username`, `photo`, `firstName`, `lastName`, `email`, `password`, `preferredLocale`, `weekStartDay`, `admin`, `client`, `locked`, `suspended`, `pending`, `archived`, `lastLoginDate`, `lastLoginAttemptIPAddress`, `invalidLoginWindowStart`, `invalidLoginCount`, `lastInvalidLoginDate`, `lockoutDate`, `verificationCode`, `verificationCodeIssuedDate`, `unverifiedEmail`, `passwordResetRequired`, `lastPasswordChangeDate`, `dateCreated`, `dateUpdated`, `uid`) VALUES
 ('1', 'dood', NULL, NULL, NULL, 'amandujano@dood.mx', '$2y$13$V3HWhu0wLXX60cg/wlIaPe8fHTfstf/LH5dObjvBWoUyoZGGVZtCq', NULL, '0', '1', '0', '0', '0', '0', '0', '2018-01-04 19:04:01', '189.210.164.224', NULL, NULL, NULL, NULL, NULL, NULL, NULL, '0', '2017-12-24 03:05:18', '2017-12-24 03:05:18', '2018-01-04 19:04:01', '677a658f-25bd-4d0e-82f3-b8c5d8069fe2');



DROP TABLE IF EXISTS `craft_widgets`;


--
-- Schema for table `craft_widgets`
--
CREATE TABLE `craft_widgets` (
  `id` int(11) NOT NULL AUTO_INCREMENT,
  `userId` int(11) NOT NULL,
  `type` varchar(150) COLLATE utf8_unicode_ci NOT NULL,
  `sortOrder` smallint(6) unsigned DEFAULT NULL,
  `colspan` tinyint(4) unsigned DEFAULT NULL,
  `settings` text COLLATE utf8_unicode_ci,
  `enabled` tinyint(1) unsigned NOT NULL DEFAULT '1',
  `dateCreated` datetime NOT NULL,
  `dateUpdated` datetime NOT NULL,
  `uid` char(36) COLLATE utf8_unicode_ci NOT NULL DEFAULT '0',
  PRIMARY KEY (`id`),
  KEY `craft_widgets_userId_fk` (`userId`)
) ENGINE=InnoDB AUTO_INCREMENT=5 DEFAULT CHARSET=utf8 COLLATE=utf8_unicode_ci;

--
-- Data for table `craft_widgets`
--

INSERT INTO `craft_widgets` (`id`, `userId`, `type`, `sortOrder`, `colspan`, `settings`, `enabled`, `dateCreated`, `dateUpdated`, `uid`) VALUES
 ('1', '1', 'RecentEntries', '1', NULL, NULL, '1', '2017-12-24 03:05:22', '2017-12-24 03:05:22', '43c297ee-44d6-4f29-8f04-e8318a21391f'),
 ('2', '1', 'GetHelp', '2', NULL, NULL, '1', '2017-12-24 03:05:22', '2017-12-24 03:05:22', '462b3504-0cc4-497c-a71b-3da20afe96f0'),
 ('3', '1', 'Updates', '3', NULL, NULL, '1', '2017-12-24 03:05:22', '2017-12-24 03:05:22', 'b989beef-71a7-4ee6-996c-8b058c40e92c'),
 ('4', '1', 'Feed', '4', NULL, '{\"url\":\"https:\\/\\/craftcms.com\\/news.rss\",\"title\":\"Craft News\"}', '1', '2017-12-24 03:05:22', '2017-12-24 03:05:22', '6a4973a6-43dd-44b5-8316-1b9227aa28b1');


--
-- Constraints for tables
--


--
-- Constraints for table `craft_assetfiles`
--
ALTER TABLE `craft_assetfiles`
	ADD CONSTRAINT `craft_assetfiles_folderId_fk` FOREIGN KEY (`folderId`) REFERENCES `craft_assetfolders` (`id`) ON DELETE CASCADE,
	ADD CONSTRAINT `craft_assetfiles_id_fk` FOREIGN KEY (`id`) REFERENCES `craft_elements` (`id`) ON DELETE CASCADE,
	ADD CONSTRAINT `craft_assetfiles_sourceId_fk` FOREIGN KEY (`sourceId`) REFERENCES `craft_assetsources` (`id`) ON DELETE CASCADE;

--
-- Constraints for table `craft_assetfolders`
--
ALTER TABLE `craft_assetfolders`
	ADD CONSTRAINT `craft_assetfolders_parentId_fk` FOREIGN KEY (`parentId`) REFERENCES `craft_assetfolders` (`id`) ON DELETE CASCADE,
	ADD CONSTRAINT `craft_assetfolders_sourceId_fk` FOREIGN KEY (`sourceId`) REFERENCES `craft_assetsources` (`id`) ON DELETE CASCADE;

--
-- Constraints for table `craft_assetindexdata`
--
ALTER TABLE `craft_assetindexdata`
	ADD CONSTRAINT `craft_assetindexdata_sourceId_fk` FOREIGN KEY (`sourceId`) REFERENCES `craft_assetsources` (`id`) ON DELETE CASCADE;

--
-- Constraints for table `craft_assetsources`
--
ALTER TABLE `craft_assetsources`
	ADD CONSTRAINT `craft_assetsources_fieldLayoutId_fk` FOREIGN KEY (`fieldLayoutId`) REFERENCES `craft_fieldlayouts` (`id`) ON DELETE SET NULL;

--
-- Constraints for table `craft_categories`
--
ALTER TABLE `craft_categories`
	ADD CONSTRAINT `craft_categories_groupId_fk` FOREIGN KEY (`groupId`) REFERENCES `craft_categorygroups` (`id`) ON DELETE CASCADE,
	ADD CONSTRAINT `craft_categories_id_fk` FOREIGN KEY (`id`) REFERENCES `craft_elements` (`id`) ON DELETE CASCADE;

--
-- Constraints for table `craft_categorygroups`
--
ALTER TABLE `craft_categorygroups`
	ADD CONSTRAINT `craft_categorygroups_fieldLayoutId_fk` FOREIGN KEY (`fieldLayoutId`) REFERENCES `craft_fieldlayouts` (`id`) ON DELETE SET NULL,
	ADD CONSTRAINT `craft_categorygroups_structureId_fk` FOREIGN KEY (`structureId`) REFERENCES `craft_structures` (`id`) ON DELETE CASCADE;

--
-- Constraints for table `craft_categorygroups_i18n`
--
ALTER TABLE `craft_categorygroups_i18n`
	ADD CONSTRAINT `craft_categorygroups_i18n_groupId_fk` FOREIGN KEY (`groupId`) REFERENCES `craft_categorygroups` (`id`) ON DELETE CASCADE,
	ADD CONSTRAINT `craft_categorygroups_i18n_locale_fk` FOREIGN KEY (`locale`) REFERENCES `craft_locales` (`locale`) ON DELETE CASCADE ON UPDATE CASCADE;

--
-- Constraints for table `craft_content`
--
ALTER TABLE `craft_content`
	ADD CONSTRAINT `craft_content_elementId_fk` FOREIGN KEY (`elementId`) REFERENCES `craft_elements` (`id`) ON DELETE CASCADE,
	ADD CONSTRAINT `craft_content_locale_fk` FOREIGN KEY (`locale`) REFERENCES `craft_locales` (`locale`) ON DELETE CASCADE ON UPDATE CASCADE;

--
-- Constraints for table `craft_elements_i18n`
--
ALTER TABLE `craft_elements_i18n`
	ADD CONSTRAINT `craft_elements_i18n_elementId_fk` FOREIGN KEY (`elementId`) REFERENCES `craft_elements` (`id`) ON DELETE CASCADE,
	ADD CONSTRAINT `craft_elements_i18n_locale_fk` FOREIGN KEY (`locale`) REFERENCES `craft_locales` (`locale`) ON DELETE CASCADE ON UPDATE CASCADE;

--
-- Constraints for table `craft_emailmessages`
--
ALTER TABLE `craft_emailmessages`
	ADD CONSTRAINT `craft_emailmessages_locale_fk` FOREIGN KEY (`locale`) REFERENCES `craft_locales` (`locale`) ON DELETE CASCADE ON UPDATE CASCADE;

--
-- Constraints for table `craft_entries`
--
ALTER TABLE `craft_entries`
	ADD CONSTRAINT `craft_entries_authorId_fk` FOREIGN KEY (`authorId`) REFERENCES `craft_users` (`id`) ON DELETE CASCADE,
	ADD CONSTRAINT `craft_entries_id_fk` FOREIGN KEY (`id`) REFERENCES `craft_elements` (`id`) ON DELETE CASCADE,
	ADD CONSTRAINT `craft_entries_sectionId_fk` FOREIGN KEY (`sectionId`) REFERENCES `craft_sections` (`id`) ON DELETE CASCADE,
	ADD CONSTRAINT `craft_entries_typeId_fk` FOREIGN KEY (`typeId`) REFERENCES `craft_entrytypes` (`id`) ON DELETE CASCADE;

--
-- Constraints for table `craft_entrydrafts`
--
ALTER TABLE `craft_entrydrafts`
	ADD CONSTRAINT `craft_entrydrafts_creatorId_fk` FOREIGN KEY (`creatorId`) REFERENCES `craft_users` (`id`) ON DELETE CASCADE,
	ADD CONSTRAINT `craft_entrydrafts_entryId_fk` FOREIGN KEY (`entryId`) REFERENCES `craft_entries` (`id`) ON DELETE CASCADE,
	ADD CONSTRAINT `craft_entrydrafts_locale_fk` FOREIGN KEY (`locale`) REFERENCES `craft_locales` (`locale`) ON DELETE CASCADE ON UPDATE CASCADE,
	ADD CONSTRAINT `craft_entrydrafts_sectionId_fk` FOREIGN KEY (`sectionId`) REFERENCES `craft_sections` (`id`) ON DELETE CASCADE;

--
-- Constraints for table `craft_entrytypes`
--
ALTER TABLE `craft_entrytypes`
	ADD CONSTRAINT `craft_entrytypes_fieldLayoutId_fk` FOREIGN KEY (`fieldLayoutId`) REFERENCES `craft_fieldlayouts` (`id`) ON DELETE SET NULL,
	ADD CONSTRAINT `craft_entrytypes_sectionId_fk` FOREIGN KEY (`sectionId`) REFERENCES `craft_sections` (`id`) ON DELETE CASCADE;

--
-- Constraints for table `craft_entryversions`
--
ALTER TABLE `craft_entryversions`
	ADD CONSTRAINT `craft_entryversions_creatorId_fk` FOREIGN KEY (`creatorId`) REFERENCES `craft_users` (`id`) ON DELETE SET NULL,
	ADD CONSTRAINT `craft_entryversions_entryId_fk` FOREIGN KEY (`entryId`) REFERENCES `craft_entries` (`id`) ON DELETE CASCADE,
	ADD CONSTRAINT `craft_entryversions_locale_fk` FOREIGN KEY (`locale`) REFERENCES `craft_locales` (`locale`) ON DELETE CASCADE ON UPDATE CASCADE,
	ADD CONSTRAINT `craft_entryversions_sectionId_fk` FOREIGN KEY (`sectionId`) REFERENCES `craft_sections` (`id`) ON DELETE CASCADE;

--
-- Constraints for table `craft_fieldlayoutfields`
--
ALTER TABLE `craft_fieldlayoutfields`
	ADD CONSTRAINT `craft_fieldlayoutfields_fieldId_fk` FOREIGN KEY (`fieldId`) REFERENCES `craft_fields` (`id`) ON DELETE CASCADE,
	ADD CONSTRAINT `craft_fieldlayoutfields_layoutId_fk` FOREIGN KEY (`layoutId`) REFERENCES `craft_fieldlayouts` (`id`) ON DELETE CASCADE,
	ADD CONSTRAINT `craft_fieldlayoutfields_tabId_fk` FOREIGN KEY (`tabId`) REFERENCES `craft_fieldlayouttabs` (`id`) ON DELETE CASCADE;

--
-- Constraints for table `craft_fieldlayouttabs`
--
ALTER TABLE `craft_fieldlayouttabs`
	ADD CONSTRAINT `craft_fieldlayouttabs_layoutId_fk` FOREIGN KEY (`layoutId`) REFERENCES `craft_fieldlayouts` (`id`) ON DELETE CASCADE;

--
-- Constraints for table `craft_fields`
--
ALTER TABLE `craft_fields`
	ADD CONSTRAINT `craft_fields_groupId_fk` FOREIGN KEY (`groupId`) REFERENCES `craft_fieldgroups` (`id`) ON DELETE CASCADE;

--
-- Constraints for table `craft_globalsets`
--
ALTER TABLE `craft_globalsets`
	ADD CONSTRAINT `craft_globalsets_fieldLayoutId_fk` FOREIGN KEY (`fieldLayoutId`) REFERENCES `craft_fieldlayouts` (`id`) ON DELETE SET NULL,
	ADD CONSTRAINT `craft_globalsets_id_fk` FOREIGN KEY (`id`) REFERENCES `craft_elements` (`id`) ON DELETE CASCADE;

--
-- Constraints for table `craft_matrixblocks`
--
ALTER TABLE `craft_matrixblocks`
	ADD CONSTRAINT `craft_matrixblocks_fieldId_fk` FOREIGN KEY (`fieldId`) REFERENCES `craft_fields` (`id`) ON DELETE CASCADE,
	ADD CONSTRAINT `craft_matrixblocks_id_fk` FOREIGN KEY (`id`) REFERENCES `craft_elements` (`id`) ON DELETE CASCADE,
	ADD CONSTRAINT `craft_matrixblocks_ownerId_fk` FOREIGN KEY (`ownerId`) REFERENCES `craft_elements` (`id`) ON DELETE CASCADE,
	ADD CONSTRAINT `craft_matrixblocks_ownerLocale_fk` FOREIGN KEY (`ownerLocale`) REFERENCES `craft_locales` (`locale`) ON DELETE CASCADE ON UPDATE CASCADE,
	ADD CONSTRAINT `craft_matrixblocks_typeId_fk` FOREIGN KEY (`typeId`) REFERENCES `craft_matrixblocktypes` (`id`) ON DELETE CASCADE;

--
-- Constraints for table `craft_matrixblocktypes`
--
ALTER TABLE `craft_matrixblocktypes`
	ADD CONSTRAINT `craft_matrixblocktypes_fieldId_fk` FOREIGN KEY (`fieldId`) REFERENCES `craft_fields` (`id`) ON DELETE CASCADE,
	ADD CONSTRAINT `craft_matrixblocktypes_fieldLayoutId_fk` FOREIGN KEY (`fieldLayoutId`) REFERENCES `craft_fieldlayouts` (`id`) ON DELETE SET NULL;

--
-- Constraints for table `craft_migrations`
--
ALTER TABLE `craft_migrations`
	ADD CONSTRAINT `craft_migrations_pluginId_fk` FOREIGN KEY (`pluginId`) REFERENCES `craft_plugins` (`id`) ON DELETE CASCADE;

--
-- Constraints for table `craft_relations`
--
ALTER TABLE `craft_relations`
	ADD CONSTRAINT `craft_relations_fieldId_fk` FOREIGN KEY (`fieldId`) REFERENCES `craft_fields` (`id`) ON DELETE CASCADE,
	ADD CONSTRAINT `craft_relations_sourceId_fk` FOREIGN KEY (`sourceId`) REFERENCES `craft_elements` (`id`) ON DELETE CASCADE,
	ADD CONSTRAINT `craft_relations_sourceLocale_fk` FOREIGN KEY (`sourceLocale`) REFERENCES `craft_locales` (`locale`) ON DELETE CASCADE ON UPDATE CASCADE,
	ADD CONSTRAINT `craft_relations_targetId_fk` FOREIGN KEY (`targetId`) REFERENCES `craft_elements` (`id`) ON DELETE CASCADE;

--
-- Constraints for table `craft_routes`
--
ALTER TABLE `craft_routes`
	ADD CONSTRAINT `craft_routes_locale_fk` FOREIGN KEY (`locale`) REFERENCES `craft_locales` (`locale`) ON DELETE CASCADE ON UPDATE CASCADE;

--
-- Constraints for table `craft_sections`
--
ALTER TABLE `craft_sections`
	ADD CONSTRAINT `craft_sections_structureId_fk` FOREIGN KEY (`structureId`) REFERENCES `craft_structures` (`id`) ON DELETE SET NULL;

--
-- Constraints for table `craft_sections_i18n`
--
ALTER TABLE `craft_sections_i18n`
	ADD CONSTRAINT `craft_sections_i18n_locale_fk` FOREIGN KEY (`locale`) REFERENCES `craft_locales` (`locale`) ON DELETE CASCADE ON UPDATE CASCADE,
	ADD CONSTRAINT `craft_sections_i18n_sectionId_fk` FOREIGN KEY (`sectionId`) REFERENCES `craft_sections` (`id`) ON DELETE CASCADE;

--
-- Constraints for table `craft_seomatic_meta`
--
ALTER TABLE `craft_seomatic_meta`
	ADD CONSTRAINT `craft_seomatic_meta_id_fk` FOREIGN KEY (`id`) REFERENCES `craft_elements` (`id`) ON DELETE CASCADE,
	ADD CONSTRAINT `craft_seomatic_meta_seoFacebookImageId_fk` FOREIGN KEY (`seoFacebookImageId`) REFERENCES `craft_assetfiles` (`id`) ON DELETE SET NULL,
	ADD CONSTRAINT `craft_seomatic_meta_seoImageId_fk` FOREIGN KEY (`seoImageId`) REFERENCES `craft_assetfiles` (`id`) ON DELETE SET NULL,
	ADD CONSTRAINT `craft_seomatic_meta_seoTwitterImageId_fk` FOREIGN KEY (`seoTwitterImageId`) REFERENCES `craft_assetfiles` (`id`) ON DELETE SET NULL;

--
-- Constraints for table `craft_seomatic_settings`
--
ALTER TABLE `craft_seomatic_settings`
	ADD CONSTRAINT `craft_seomatic_settings_genericCreatorImageId_fk` FOREIGN KEY (`genericCreatorImageId`) REFERENCES `craft_assetfiles` (`id`) ON DELETE SET NULL,
	ADD CONSTRAINT `craft_seomatic_settings_genericOwnerImageId_fk` FOREIGN KEY (`genericOwnerImageId`) REFERENCES `craft_assetfiles` (`id`) ON DELETE SET NULL,
	ADD CONSTRAINT `craft_seomatic_settings_siteSeoFacebookImageId_fk` FOREIGN KEY (`siteSeoFacebookImageId`) REFERENCES `craft_assetfiles` (`id`) ON DELETE SET NULL,
	ADD CONSTRAINT `craft_seomatic_settings_siteSeoImageId_fk` FOREIGN KEY (`siteSeoImageId`) REFERENCES `craft_assetfiles` (`id`) ON DELETE SET NULL,
	ADD CONSTRAINT `craft_seomatic_settings_siteSeoTwitterImageId_fk` FOREIGN KEY (`siteSeoTwitterImageId`) REFERENCES `craft_assetfiles` (`id`) ON DELETE SET NULL;

--
-- Constraints for table `craft_sessions`
--
ALTER TABLE `craft_sessions`
	ADD CONSTRAINT `craft_sessions_userId_fk` FOREIGN KEY (`userId`) REFERENCES `craft_users` (`id`) ON DELETE CASCADE;

--
-- Constraints for table `craft_shunnedmessages`
--
ALTER TABLE `craft_shunnedmessages`
	ADD CONSTRAINT `craft_shunnedmessages_userId_fk` FOREIGN KEY (`userId`) REFERENCES `craft_users` (`id`) ON DELETE CASCADE;

--
-- Constraints for table `craft_structureelements`
--
ALTER TABLE `craft_structureelements`
	ADD CONSTRAINT `craft_structureelements_elementId_fk` FOREIGN KEY (`elementId`) REFERENCES `craft_elements` (`id`) ON DELETE CASCADE,
	ADD CONSTRAINT `craft_structureelements_structureId_fk` FOREIGN KEY (`structureId`) REFERENCES `craft_structures` (`id`) ON DELETE CASCADE;

--
-- Constraints for table `craft_taggroups`
--
ALTER TABLE `craft_taggroups`
	ADD CONSTRAINT `craft_taggroups_fieldLayoutId_fk` FOREIGN KEY (`fieldLayoutId`) REFERENCES `craft_fieldlayouts` (`id`) ON DELETE SET NULL;

--
-- Constraints for table `craft_tags`
--
ALTER TABLE `craft_tags`
	ADD CONSTRAINT `craft_tags_groupId_fk` FOREIGN KEY (`groupId`) REFERENCES `craft_taggroups` (`id`) ON DELETE CASCADE,
	ADD CONSTRAINT `craft_tags_id_fk` FOREIGN KEY (`id`) REFERENCES `craft_elements` (`id`) ON DELETE CASCADE;

--
-- Constraints for table `craft_templatecachecriteria`
--
ALTER TABLE `craft_templatecachecriteria`
	ADD CONSTRAINT `craft_templatecachecriteria_cacheId_fk` FOREIGN KEY (`cacheId`) REFERENCES `craft_templatecaches` (`id`) ON DELETE CASCADE;

--
-- Constraints for table `craft_templatecacheelements`
--
ALTER TABLE `craft_templatecacheelements`
	ADD CONSTRAINT `craft_templatecacheelements_cacheId_fk` FOREIGN KEY (`cacheId`) REFERENCES `craft_templatecaches` (`id`) ON DELETE CASCADE,
	ADD CONSTRAINT `craft_templatecacheelements_elementId_fk` FOREIGN KEY (`elementId`) REFERENCES `craft_elements` (`id`) ON DELETE CASCADE;

--
-- Constraints for table `craft_templatecaches`
--
ALTER TABLE `craft_templatecaches`
	ADD CONSTRAINT `craft_templatecaches_locale_fk` FOREIGN KEY (`locale`) REFERENCES `craft_locales` (`locale`) ON DELETE CASCADE ON UPDATE CASCADE;

--
-- Constraints for table `craft_usergroups_users`
--
ALTER TABLE `craft_usergroups_users`
	ADD CONSTRAINT `craft_usergroups_users_groupId_fk` FOREIGN KEY (`groupId`) REFERENCES `craft_usergroups` (`id`) ON DELETE CASCADE,
	ADD CONSTRAINT `craft_usergroups_users_userId_fk` FOREIGN KEY (`userId`) REFERENCES `craft_users` (`id`) ON DELETE CASCADE;

--
-- Constraints for table `craft_userpermissions_usergroups`
--
ALTER TABLE `craft_userpermissions_usergroups`
	ADD CONSTRAINT `craft_userpermissions_usergroups_groupId_fk` FOREIGN KEY (`groupId`) REFERENCES `craft_usergroups` (`id`) ON DELETE CASCADE,
	ADD CONSTRAINT `craft_userpermissions_usergroups_permissionId_fk` FOREIGN KEY (`permissionId`) REFERENCES `craft_userpermissions` (`id`) ON DELETE CASCADE;

--
-- Constraints for table `craft_userpermissions_users`
--
ALTER TABLE `craft_userpermissions_users`
	ADD CONSTRAINT `craft_userpermissions_users_permissionId_fk` FOREIGN KEY (`permissionId`) REFERENCES `craft_userpermissions` (`id`) ON DELETE CASCADE,
	ADD CONSTRAINT `craft_userpermissions_users_userId_fk` FOREIGN KEY (`userId`) REFERENCES `craft_users` (`id`) ON DELETE CASCADE;

--
-- Constraints for table `craft_users`
--
ALTER TABLE `craft_users`
	ADD CONSTRAINT `craft_users_id_fk` FOREIGN KEY (`id`) REFERENCES `craft_elements` (`id`) ON DELETE CASCADE,
	ADD CONSTRAINT `craft_users_preferredLocale_fk` FOREIGN KEY (`preferredLocale`) REFERENCES `craft_locales` (`locale`) ON DELETE SET NULL ON UPDATE CASCADE;

--
-- Constraints for table `craft_widgets`
--
ALTER TABLE `craft_widgets`
	ADD CONSTRAINT `craft_widgets_userId_fk` FOREIGN KEY (`userId`) REFERENCES `craft_users` (`id`) ON DELETE CASCADE;

SET FOREIGN_KEY_CHECKS = 1;
