# ************************************************************
# Sequel Pro SQL dump
# Version 4541
#
# http://www.sequelpro.com/
# https://github.com/sequelpro/sequelpro
#
# Host: 127.0.0.1 (MySQL 5.7.23)
# Database: turismo_maternidad
# Generation Time: 2019-01-04 16:38:26 +0000
# ************************************************************


/*!40101 SET @OLD_CHARACTER_SET_CLIENT=@@CHARACTER_SET_CLIENT */;
/*!40101 SET @OLD_CHARACTER_SET_RESULTS=@@CHARACTER_SET_RESULTS */;
/*!40101 SET @OLD_COLLATION_CONNECTION=@@COLLATION_CONNECTION */;
/*!40101 SET NAMES utf8 */;
/*!40014 SET @OLD_FOREIGN_KEY_CHECKS=@@FOREIGN_KEY_CHECKS, FOREIGN_KEY_CHECKS=0 */;
/*!40101 SET @OLD_SQL_MODE=@@SQL_MODE, SQL_MODE='NO_AUTO_VALUE_ON_ZERO' */;
/*!40111 SET @OLD_SQL_NOTES=@@SQL_NOTES, SQL_NOTES=0 */;


# Dump of table craft_assetfiles
# ------------------------------------------------------------

DROP TABLE IF EXISTS `craft_assetfiles`;

CREATE TABLE `craft_assetfiles` (
  `id` int(11) NOT NULL,
  `sourceId` int(11) DEFAULT NULL,
  `folderId` int(11) NOT NULL,
  `filename` varchar(255) COLLATE utf8_unicode_ci NOT NULL,
  `kind` varchar(50) COLLATE utf8_unicode_ci NOT NULL DEFAULT 'unknown',
  `width` int(11) unsigned DEFAULT NULL,
  `height` int(11) unsigned DEFAULT NULL,
  `size` bigint(20) unsigned DEFAULT NULL,
  `dateModified` datetime DEFAULT NULL,
  `dateCreated` datetime NOT NULL,
  `dateUpdated` datetime NOT NULL,
  `uid` char(36) COLLATE utf8_unicode_ci NOT NULL DEFAULT '0',
  PRIMARY KEY (`id`),
  UNIQUE KEY `craft_assetfiles_filename_folderId_unq_idx` (`filename`,`folderId`),
  KEY `craft_assetfiles_sourceId_fk` (`sourceId`),
  KEY `craft_assetfiles_folderId_fk` (`folderId`),
  CONSTRAINT `craft_assetfiles_folderId_fk` FOREIGN KEY (`folderId`) REFERENCES `craft_assetfolders` (`id`) ON DELETE CASCADE,
  CONSTRAINT `craft_assetfiles_id_fk` FOREIGN KEY (`id`) REFERENCES `craft_elements` (`id`) ON DELETE CASCADE,
  CONSTRAINT `craft_assetfiles_sourceId_fk` FOREIGN KEY (`sourceId`) REFERENCES `craft_assetsources` (`id`) ON DELETE CASCADE
) ENGINE=InnoDB DEFAULT CHARSET=utf8 COLLATE=utf8_unicode_ci;

LOCK TABLES `craft_assetfiles` WRITE;
/*!40000 ALTER TABLE `craft_assetfiles` DISABLE KEYS */;

INSERT INTO `craft_assetfiles` (`id`, `sourceId`, `folderId`, `filename`, `kind`, `width`, `height`, `size`, `dateModified`, `dateCreated`, `dateUpdated`, `uid`)
VALUES
	(4,1,1,'pink-wave.svg','image',1440,47,632,'2018-11-12 16:00:01','2017-12-25 18:46:50','2019-01-03 19:18:48','e49aeb33-cb26-4abd-8b8a-fd89e17a6352'),
	(6,1,1,'logo-color.svg','image',255,45,15080,'2018-11-12 15:59:41','2017-12-25 18:47:05','2019-01-03 19:18:46','adabca22-0dfd-44ca-b390-bdb2d2904f10'),
	(8,1,1,'logo-blanco.svg','image',162,47,16292,'2018-11-12 15:59:52','2017-12-25 18:47:27','2019-01-03 19:18:46','80bd10bc-85a3-4a3e-a8bc-1979fdbde5e8'),
	(10,1,1,'main-cover.jpg','image',1600,1235,142635,'2018-11-12 15:59:56','2017-12-25 19:43:23','2019-01-03 19:18:47','69af2075-a5fd-4498-9cc4-f6cdefc27722'),
	(11,1,1,'us-logo.jpg','image',600,600,74147,'2018-11-12 15:59:55','2017-12-26 02:34:45','2019-01-03 19:18:51','7baf6226-a281-4a9b-a7eb-02329245372a'),
	(12,1,1,'white-wave.svg','image',1440,47,874,'2018-11-12 15:59:52','2017-12-26 02:44:37','2019-01-03 19:18:51','33343544-13d0-4da3-ba06-9dbc762b98e9'),
	(16,1,1,'iso-logo.svg','image',36,45,3252,'2018-11-12 15:59:53','2017-12-26 04:56:33','2019-01-03 19:18:45','0e4361e7-5d7c-4fd4-a5d7-a183390791c3'),
	(17,1,1,'doctor-nutis.jpg','image',824,1143,54176,'2018-11-12 15:59:54','2017-12-26 07:08:00','2019-01-03 19:18:40','4805e4a8-c37a-4ce7-bae0-45e048b02202'),
	(19,1,1,'preparacion.svg','image',63,63,966,'2018-11-12 15:59:50','2017-12-26 07:54:50','2019-01-03 19:18:49','84c44058-5df4-40fe-9968-6bec65064d2e'),
	(20,1,1,'avion.svg','image',612,612,1119,'2018-11-12 15:59:52','2017-12-26 07:54:50','2019-01-03 19:18:38','168fc3fb-11be-4bed-bea6-7006cd4c4ad0'),
	(21,1,1,'espera.svg','image',512,512,1512,'2018-11-12 15:59:55','2017-12-26 07:54:51','2019-01-03 19:18:41','728609af-a72f-4cf0-8e5c-296fd087ecb4'),
	(22,1,1,'nacimiento.svg','image',32,32,1039,'2018-11-12 15:59:49','2017-12-26 07:54:51','2019-01-03 19:18:47','c11017c4-62e9-4e68-b51e-4d26fc9e1468'),
	(23,1,1,'parto.svg','image',17,17,1903,'2018-11-12 16:00:00','2017-12-26 07:54:51','2019-01-03 19:18:48','459e72f5-aa6d-43fa-b0d9-21ae5528d370'),
	(24,1,1,'preparacion.jpg','image',1042,700,117414,'2018-11-12 16:00:06','2017-12-26 08:45:45','2019-01-03 19:18:49','18a7c82c-c0ff-4fab-be7f-0caae4863b1a'),
	(26,1,1,'espera.jpg','image',1042,700,167307,'2018-11-12 15:59:44','2017-12-26 09:18:07','2019-01-03 19:18:41','464778ee-ef44-4fa6-ac41-60bdd6a785a2'),
	(27,1,1,'llegada.jpg','image',1042,700,36835,'2018-11-12 16:00:04','2017-12-26 09:18:08','2019-01-03 19:18:46','26ad6fa4-6b18-41cf-9c04-95d63fcd6450'),
	(28,1,1,'nacimiento.jpg','image',1042,700,26313,'2018-11-12 15:59:46','2017-12-26 09:18:08','2019-01-03 19:18:47','aaa83432-c364-44c6-8843-662e19f32677'),
	(29,1,1,'parto.jpg','image',1042,700,50581,'2018-11-12 15:59:48','2017-12-26 09:18:08','2019-01-03 19:18:47','0820ff30-c16f-4895-8407-51dc932c2920'),
	(30,1,1,'regreso.jpg','image',1042,700,63862,'2018-11-12 16:00:00','2017-12-26 09:18:09','2019-01-03 19:18:50','18af0b3a-33cd-4401-a3dc-91dfaec0ffa8'),
	(31,1,1,'las-palmas.jpg','image',1000,602,75921,'2018-11-12 15:59:57','2017-12-26 09:38:27','2019-01-03 19:18:45','75678f3d-b184-4a03-81bb-d21653414b6e'),
	(33,1,1,'las-palmas-logo.png','image',500,175,7327,'2018-11-12 15:59:44','2017-12-26 09:47:10','2019-01-03 19:18:45','9302a1a4-a067-425b-9e58-42a0cc292686'),
	(38,1,1,'precios.jpg','image',1400,923,71918,'2018-11-12 16:00:06','2017-12-28 07:23:46','2019-01-03 19:18:48','a8c56fda-7635-4e51-9ea8-3cc6e0e88102'),
	(39,1,1,'dr-nutis-small.jpg','image',400,400,16365,'2018-11-12 15:59:45','2017-12-28 07:52:55','2019-01-03 19:18:41','f105c739-7ffc-4843-8848-2e17e7700209'),
	(40,1,1,'pediatra-small.jpg','image',400,400,15475,'2018-11-12 16:00:05','2017-12-28 08:01:56','2019-01-03 19:18:48','0da59bea-9625-4988-8ca1-64ee24f30d38'),
	(41,1,1,'anestesiologo-small.jpg','image',400,400,10084,'2018-11-12 15:59:58','2017-12-28 08:04:02','2019-01-03 19:18:38','b9cff08a-a325-47fa-9bc9-f90241aa587c'),
	(42,1,1,'del-sol-small.jpg','image',400,400,24659,'2018-11-12 15:59:46','2017-12-28 08:04:02','2019-01-03 19:18:40','e8275682-f372-4a6d-9f20-2a92f414b167'),
	(43,1,1,'financiamiento-back.jpg','image',1773,557,53840,'2018-11-12 15:59:47','2017-12-28 08:21:33','2019-01-03 19:18:45','0b4dc9b9-fae9-4d49-85a2-def0e7db34d1'),
	(45,1,1,'facturacion.jpg','image',1042,700,43558,'2018-11-12 15:59:53','2017-12-28 09:08:23','2019-01-03 19:18:41','30a89df2-a48f-4037-bd8b-49c058f1b2a4'),
	(46,1,1,'paso-paso-back.jpg','image',1042,700,44106,'2018-11-12 15:59:51','2017-12-28 19:06:41','2019-01-03 19:18:48','345fc22c-2518-4d5d-b697-83fc43e937fe'),
	(47,1,1,'proceso-migratorio-back.jpg','image',1042,700,108066,'2018-11-12 16:00:03','2017-12-28 19:21:59','2019-01-03 19:18:49','b9fd09af-2455-44bd-960e-016633733e9c'),
	(48,1,1,'proceso-legal.jpg','image',1773,557,45645,'2018-11-12 15:59:42','2017-12-28 19:55:00','2019-01-03 19:18:49','1bea40cf-0e98-4e94-a37f-0c0195071b86'),
	(50,1,1,'proceso-legal-back.jpg','image',1773,557,45645,'2018-11-12 15:59:59','2017-12-28 19:56:09','2019-01-03 19:18:49','ef042369-7822-4cac-b2ce-172897680d92'),
	(51,1,1,'familia.jpg','image',1042,700,71873,'2018-11-12 15:59:51','2017-12-28 21:27:09','2019-01-03 19:18:42','4913834b-fa53-4fe7-a5f2-4cca818b2236'),
	(52,1,1,'universidades.jpg','image',1042,700,103595,'2018-11-12 16:00:04','2017-12-28 21:27:09','2019-01-03 19:18:51','1af6c13d-7dc4-4954-b564-6f2f63732952'),
	(53,1,1,'doctores.jpg','image',1042,700,57116,'2018-11-12 16:00:07','2017-12-28 21:46:27','2019-01-03 19:18:40','33627835-1fe9-433d-99e5-167da822b5c8'),
	(58,1,1,'dr-nutis-fact.jpg','image',1042,700,61577,'2018-11-12 16:00:02','2017-12-28 22:04:33','2019-01-03 19:18:41','fab4fde6-f458-4914-aa3c-473fb5f43336'),
	(59,1,1,'el-paso-back.jpg','image',1042,700,102898,'2018-11-12 16:00:03','2017-12-28 22:54:09','2019-01-03 19:18:41','1cd0083a-ac9a-4668-80cd-d4f15807d9ae'),
	(60,1,1,'in-town.jpg','image',500,307,16608,'2018-11-12 15:59:49','2017-12-28 23:15:26','2019-01-03 19:18:45','a560020e-f60b-40f8-866c-0e6d0da04180'),
	(61,1,1,'independence-america.jpg','image',500,307,12778,'2018-11-12 15:59:44','2017-12-28 23:15:26','2019-01-03 19:18:45','987aaca9-90c2-44af-bfbb-bb137f64dcbb'),
	(62,1,1,'ramada.svg','image',800,214,10628,'2018-11-12 15:59:50','2017-12-28 23:15:26','2019-01-03 19:18:50','130b93b9-e666-498b-9e4d-82d4392687bb'),
	(63,1,1,'stay-america.jpg','image',500,307,16106,'2018-11-12 15:59:50','2017-12-28 23:15:26','2019-01-03 19:18:50','bebf5b06-938a-4e29-a819-fac2220a4aa3'),
	(64,1,1,'studio6.jpg','image',500,307,17302,'2018-11-12 16:00:05','2017-12-28 23:15:27','2019-01-03 19:18:50','68d02b6b-240f-4963-84a2-c0fa504d1d0d'),
	(65,1,1,'woodsprings.jpg','image',500,307,15016,'2018-11-12 15:59:56','2017-12-28 23:15:27','2019-01-03 19:18:51','956c0dd3-f55a-45d2-b0e8-5a43f6f688de'),
	(66,1,1,'chase-suites.jpg','image',500,307,15856,'2018-11-12 15:59:55','2017-12-29 09:11:59','2019-01-03 19:18:39','707cb40c-15b7-4c6b-95af-9d325e932d27'),
	(67,1,1,'primer-corporate.jpg','image',500,307,9845,'2018-11-12 15:59:42','2017-12-29 09:11:59','2019-01-03 19:18:49','c713d618-5716-4b43-b792-ea7a77611343'),
	(68,1,1,'airbnb.svg','image',492,154,3554,'2018-11-12 15:59:49','2017-12-29 09:18:11','2019-01-03 19:18:38','a9531b28-d6c6-46c6-bc5f-9c7af05739ff'),
	(69,1,1,'uber.svg','image',579,121,1740,'2018-11-12 16:00:05','2017-12-29 09:30:02','2019-01-03 19:18:51','05db7b96-9f79-411b-aa47-a0071d5532c4'),
	(70,1,1,'faqs.jpg','image',1042,700,43946,'2018-11-12 15:59:42','2017-12-31 02:26:47','2019-01-03 19:18:42','fec61e7c-ec0d-4c97-8b65-221d5de4d52f'),
	(71,1,1,'cover.jpg','image',1600,863,98379,'2018-11-12 15:59:57','2017-12-31 03:30:23','2019-01-03 19:18:39','70163771-c30d-449b-872e-3c649181c9f0'),
	(74,1,1,'precios-cover.jpg','image',1600,863,68982,'2018-11-12 16:00:00','2017-12-31 04:04:12','2019-01-03 19:18:48','b3c2f2f6-67f9-450b-b234-5c5e562eb5c0'),
	(75,1,1,'paso-paso-cover.jpg','image',1600,863,64956,'2018-11-12 15:59:45','2017-12-31 04:14:04','2019-01-03 19:18:48','b7fb5328-d59b-4f4b-9700-c6c639f10aef'),
	(76,1,1,'proceso-migratorio-cover.jpg','image',1600,863,98022,'2018-11-12 15:59:57','2017-12-31 04:16:03','2019-01-03 19:18:49','71618516-a062-463b-9668-a060930fb11f'),
	(77,1,1,'doctores-cover.jpg','image',1600,863,68249,'2018-11-12 15:59:59','2017-12-31 04:17:07','2019-01-03 19:18:40','1615a029-c16a-46f4-b64e-a7d15b7f5768'),
	(78,1,1,'hospedaje-cover.jpg','image',1600,863,90385,'2018-11-12 15:59:47','2017-12-31 04:18:32','2019-01-03 19:18:45','06906e28-860f-42c3-bae7-17b44201fb84'),
	(79,1,1,'faqs-cover.jpg','image',1600,863,65961,'2018-11-12 15:59:42','2017-12-31 04:20:29','2019-01-03 19:18:42','33400c60-74fb-4320-a748-3a38e2ad48fb'),
	(80,1,1,'car.jpg','image',1008,456,38453,'2018-11-12 15:59:48','2017-12-31 06:17:28','2019-01-03 19:18:39','74382d34-8712-4339-a86c-ae46ba3a30c0'),
	(82,1,1,'404-cover.jpg','image',1400,1081,77074,'2018-11-12 15:59:48','2017-12-31 07:26:53','2019-01-03 19:18:38','dad67d59-841e-43b5-9c33-e24fac103974'),
	(86,1,1,'prodanovic.jpg','image',1042,700,64176,'2018-11-12 16:00:01','2018-01-05 19:02:26','2019-01-03 19:18:49','468f9794-748c-44b8-beb5-1e9d250eb7e2'),
	(92,1,1,'main-cover-1.jpg','image',1600,1235,127769,'2018-11-12 15:59:44','2018-07-30 15:34:58','2019-01-03 19:18:46','cf241a6d-209a-402f-a71f-62c30c9b8b72'),
	(93,1,1,'familia-1.jpg','image',1042,700,63563,'2018-11-12 16:00:03','2018-07-30 17:40:29','2019-01-03 19:18:42','abaa419e-ebd1-437b-a636-c49755091c62'),
	(94,1,1,'universidades-1.jpg','image',1042,700,75029,'2018-11-12 16:00:00','2018-07-30 17:40:29','2019-01-03 19:18:51','e4c8886d-d8f3-491f-878a-75e7b534a2ae'),
	(95,1,1,'doctora.jpg','image',1042,700,34918,'2018-11-12 15:59:58','2018-07-30 20:40:20','2019-01-03 19:18:40','d3459db8-2747-4ac5-9694-e655aff67808'),
	(115,1,1,'cita.svg','image',512,512,1635,'2018-11-12 15:59:52','2018-08-05 19:32:32','2019-01-03 19:18:39','2778c7bc-045a-49ff-a1e2-b9ae00959917'),
	(116,1,1,'registro.svg','image',512,512,2407,'2018-11-12 15:59:58','2018-08-05 19:32:32','2019-01-03 19:18:50','a7b51f47-7e44-447f-ab4f-7f68a0fb2113'),
	(117,1,1,'cita.jpg','image',1042,700,45943,'2018-11-12 16:00:06','2018-08-05 20:38:48','2019-01-03 19:18:39','4ba9e930-a77e-496d-afc1-ae9dea6e96b1'),
	(118,1,1,'soy-doctor.jpg','image',1400,923,83006,'2018-11-12 15:59:54','2018-09-10 05:15:15','2019-01-03 19:18:50','48c535db-11f2-43be-9993-f128cf14776f'),
	(119,1,1,'logo-blanco.png','image',268,78,6868,'2018-11-12 16:00:02','2018-10-09 16:32:59','2019-01-03 19:18:46','25de5d6b-56ec-40ac-a3f1-eadcf95ab1ff'),
	(123,1,1,'visa.svg','image',38,24,1399,'2018-12-24 16:17:19','2018-12-24 16:17:19','2019-01-03 19:18:51','0e8d35e4-57ce-4840-aa4e-6c2d1a19a69e'),
	(124,1,1,'mastercard.svg','image',38,24,639,'2018-12-24 16:17:19','2018-12-24 16:17:19','2019-01-03 19:18:47','d9a616c2-10bc-4b2d-aab2-a91af37ce273'),
	(125,1,1,'amex.svg','image',38,24,1126,'2018-12-24 16:17:19','2018-12-24 16:17:19','2019-01-03 19:18:38','420c9712-45b0-4545-a638-ef98dd093d14'),
	(129,1,1,'bg-suscripcion-general.jpg','image',2023,2158,131961,'2018-12-28 21:12:13','2018-12-28 21:20:28','2019-01-03 19:18:38','78f7340a-3522-4c06-bacf-7b8bb9cb3170'),
	(130,1,2,'doctor1.jpeg','image',222,227,7396,'2018-11-12 19:58:12','2018-12-28 21:20:30','2019-01-03 19:18:40','3b02d743-41af-4153-8384-d76fe6a54bc0'),
	(131,1,2,'doctor2.png','image',960,984,1293135,'2018-11-13 16:22:51','2018-12-28 21:20:30','2019-01-03 19:18:41','c5e00acc-7769-4b95-91c7-c9e60af133eb'),
	(132,1,3,'apple-touch-icon-114x114.png','image',114,114,8988,'2018-11-12 16:00:13','2018-12-28 21:20:32','2019-01-03 19:18:42','fa724c7a-56d9-4399-bb98-4d44e5b4d56a'),
	(133,1,3,'apple-touch-icon-120x120.png','image',120,120,8269,'2018-11-12 16:00:09','2018-12-28 21:20:32','2019-01-03 19:18:42','f50ef09e-e606-4881-9481-b7c642e48bbb'),
	(134,1,3,'apple-touch-icon-144x144.png','image',144,144,13446,'2018-11-12 16:00:13','2018-12-28 21:20:32','2019-01-03 19:18:42','ebbec9d3-7b58-4336-8e30-06b15b59d7a5'),
	(135,1,3,'apple-touch-icon-152x152.png','image',152,152,14987,'2018-11-12 16:00:08','2018-12-28 21:20:32','2019-01-03 19:18:43','8448551c-b596-4efd-838f-a59fff45189a'),
	(136,1,3,'apple-touch-icon-57x57.png','image',57,57,3157,'2018-11-12 16:00:10','2018-12-28 21:20:32','2019-01-03 19:18:43','684e484a-01eb-4aaa-840f-ff00f9e71949'),
	(137,1,3,'apple-touch-icon-60x60.png','image',60,60,3067,'2018-11-12 16:00:11','2018-12-28 21:20:32','2019-01-03 19:18:43','3e1be0ff-07cf-40ac-bfd4-d8143a113b89'),
	(138,1,3,'apple-touch-icon-72x72.png','image',72,72,4279,'2018-11-12 16:00:09','2018-12-28 21:20:32','2019-01-03 19:18:43','59e08695-7d3a-410b-8bc6-ad7204ddf183'),
	(139,1,3,'apple-touch-icon-76x76.png','image',76,76,4734,'2018-11-12 16:00:11','2018-12-28 21:20:33','2019-01-03 19:18:43','1dc2c125-5c14-4417-b464-b10e7785c5bf'),
	(140,1,3,'code.txt','text',NULL,NULL,1614,'2018-11-12 16:00:10','2018-12-28 21:20:33','2019-01-03 19:18:43','0cda9abc-00e7-4071-b314-63332fbe2976'),
	(141,1,3,'favicon-128.png','image',128,128,6685,'2018-11-12 16:00:11','2018-12-28 21:20:33','2019-01-03 19:18:43','97f69a8c-8af4-4a23-b2e6-0e5e682c45ff'),
	(142,1,3,'favicon-16x16.png','image',16,16,543,'2018-11-12 16:00:13','2018-12-28 21:20:33','2019-01-03 19:18:43','d45d0308-3497-4d0a-b3e6-5673b77d45de'),
	(143,1,3,'favicon-196x196.png','image',196,196,23494,'2018-11-12 16:00:13','2018-12-28 21:20:33','2019-01-03 19:18:43','a85a6afb-abaf-4d40-9494-ae3df86a2792'),
	(144,1,3,'favicon-32x32.png','image',32,32,1272,'2018-11-12 16:00:12','2018-12-28 21:20:33','2019-01-03 19:18:44','6f958f67-8ef0-4844-af52-792eb666f3f1'),
	(145,1,3,'favicon-96x96.png','image',96,96,6196,'2018-11-12 16:00:12','2018-12-28 21:20:33','2019-01-03 19:18:44','9fb039cd-d078-451e-b3a0-c830e752f927'),
	(146,1,3,'mstile-144x144.png','image',144,144,13446,'2018-11-12 16:00:09','2018-12-28 21:20:34','2019-01-03 19:18:44','feed23ce-1e6e-4f85-a64f-8e42f4dc0756'),
	(147,1,3,'mstile-150x150.png','image',270,270,35262,'2018-11-12 16:00:07','2018-12-28 21:20:34','2019-01-03 19:18:44','92ac395c-5898-4b37-9c3f-89ada6724ef5'),
	(148,1,3,'mstile-310x150.png','image',558,270,78451,'2018-11-12 16:00:10','2018-12-28 21:20:34','2019-01-03 19:18:44','00161b54-6253-46be-9261-e74df05ee928'),
	(149,1,3,'mstile-310x310.png','image',558,558,145698,'2018-11-12 16:00:08','2018-12-28 21:20:34','2019-01-03 19:18:44','7e4e34e3-e093-4338-94dc-1d72d490e513'),
	(150,1,3,'mstile-70x70.png','image',128,128,6685,'2018-11-12 16:00:11','2018-12-28 21:20:34','2019-01-03 19:18:44','483779ca-10fa-48cc-b8c6-e63848cc3f0c'),
	(151,1,4,'hospital1.jpg','image',1440,828,242052,'2018-11-12 18:25:48','2018-12-28 21:20:35','2019-01-03 19:18:45','d14a894d-7b2b-42c1-b17f-36cce717e0cd'),
	(152,1,5,'loader.svg','image',128,128,2353,'2018-11-14 22:30:17','2018-12-28 21:20:37','2019-01-03 19:18:47','567c4347-600e-4002-a9e2-e73a41b56a8d'),
	(153,1,5,'map-icon.png','image',32,40,3695,'2018-11-12 18:36:07','2018-12-28 21:20:37','2019-01-03 19:18:47','be4b0871-1401-48d4-ba56-c2a811513910'),
	(154,1,1,'doctor-sub.png','image',600,874,505522,'2018-12-31 16:53:20','2018-12-31 15:37:38','2019-01-03 19:18:40','8a24e87d-a173-4a99-a48e-073257896517'),
	(155,1,1,'logo_baby.png','image',382,60,6397,'2018-12-31 15:52:33','2018-12-31 15:52:33','2019-01-03 19:18:46','cb4608e3-df52-4cc2-afaa-b963aab09793'),
	(156,1,1,'logo_icon.png','image',42,70,1773,'2018-12-31 16:01:11','2018-12-31 16:01:11','2019-01-03 19:18:46','066ca57c-5aa1-4004-9611-129f71b78f6f'),
	(157,1,1,'bg-benefits.jpg','image',2034,1014,106964,'2018-12-31 16:14:18','2018-12-31 16:24:35','2019-01-03 19:18:38','745c7298-9965-44d5-9214-ab8b2adaa3d5'),
	(158,1,1,'security.png','image',31,37,1523,'2019-01-02 21:30:19','2019-01-02 21:30:19','2019-01-03 19:18:50','b13ea3d3-3d25-46e3-9047-d698e80da0d7'),
	(159,1,1,'radio_on.png','image',40,40,1286,'2019-01-02 21:30:19','2019-01-02 21:30:19','2019-01-03 19:18:50','bc4b8aaa-e2d6-4d73-b4b8-29fa4586630a'),
	(160,1,1,'openpay.png','image',112,32,2834,'2019-01-02 21:30:19','2019-01-02 21:30:19','2019-01-03 19:18:47','69996a37-af9e-45c5-afa9-1451fbd69731'),
	(161,1,1,'cvv.png','image',163,30,1540,'2019-01-02 21:30:20','2019-01-02 21:30:20','2019-01-03 19:18:39','f1b1ca0c-ca70-430f-aa48-720424219ed4'),
	(162,1,1,'cards2.png','image',519,30,8880,'2019-01-02 21:30:20','2019-01-02 21:30:20','2019-01-03 19:18:39','06d873a7-b7bd-4d00-b445-e1bf6296d4aa'),
	(163,1,1,'cards1.png','image',195,30,4665,'2019-01-02 21:30:20','2019-01-02 21:30:20','2019-01-03 19:18:39','7b2fbad8-db3e-427e-9877-816ea1e6bf03');

/*!40000 ALTER TABLE `craft_assetfiles` ENABLE KEYS */;
UNLOCK TABLES;


# Dump of table craft_assetfolders
# ------------------------------------------------------------

DROP TABLE IF EXISTS `craft_assetfolders`;

CREATE TABLE `craft_assetfolders` (
  `id` int(11) NOT NULL AUTO_INCREMENT,
  `parentId` int(11) DEFAULT NULL,
  `sourceId` int(11) DEFAULT NULL,
  `name` varchar(255) COLLATE utf8_unicode_ci NOT NULL,
  `path` varchar(255) COLLATE utf8_unicode_ci DEFAULT NULL,
  `dateCreated` datetime NOT NULL,
  `dateUpdated` datetime NOT NULL,
  `uid` char(36) COLLATE utf8_unicode_ci NOT NULL DEFAULT '0',
  PRIMARY KEY (`id`),
  UNIQUE KEY `craft_assetfolders_name_parentId_sourceId_unq_idx` (`name`,`parentId`,`sourceId`),
  KEY `craft_assetfolders_parentId_fk` (`parentId`),
  KEY `craft_assetfolders_sourceId_fk` (`sourceId`),
  CONSTRAINT `craft_assetfolders_parentId_fk` FOREIGN KEY (`parentId`) REFERENCES `craft_assetfolders` (`id`) ON DELETE CASCADE,
  CONSTRAINT `craft_assetfolders_sourceId_fk` FOREIGN KEY (`sourceId`) REFERENCES `craft_assetsources` (`id`) ON DELETE CASCADE
) ENGINE=InnoDB DEFAULT CHARSET=utf8 COLLATE=utf8_unicode_ci;

LOCK TABLES `craft_assetfolders` WRITE;
/*!40000 ALTER TABLE `craft_assetfolders` DISABLE KEYS */;

INSERT INTO `craft_assetfolders` (`id`, `parentId`, `sourceId`, `name`, `path`, `dateCreated`, `dateUpdated`, `uid`)
VALUES
	(1,NULL,1,'Activos','','2017-12-24 15:06:02','2017-12-24 15:06:02','b0cd66a5-73fb-4826-86e0-96c2f6cb430c'),
	(2,1,1,'doctors','doctors/','2018-12-28 21:20:27','2018-12-28 21:20:27','58b707f7-6718-4028-bae0-9ba79bc5bf33'),
	(3,1,1,'favicon','favicon/','2018-12-28 21:20:27','2018-12-28 21:20:27','1934e92e-403c-4915-884f-f61e522bbc73'),
	(4,1,1,'hospitals','hospitals/','2018-12-28 21:20:27','2018-12-28 21:20:27','b07598db-d035-4419-b8d1-c7124566599a'),
	(5,1,1,'miscellaneous','miscellaneous/','2018-12-28 21:20:27','2018-12-28 21:20:27','9e746574-f8bf-46b5-b72d-aabe4d5f32ce'),
	(6,1,1,'services','services/','2018-12-28 21:20:27','2018-12-28 21:20:27','0500a9fe-2df7-48dc-99e2-c4dd2b12c7b3');

/*!40000 ALTER TABLE `craft_assetfolders` ENABLE KEYS */;
UNLOCK TABLES;


# Dump of table craft_assetindexdata
# ------------------------------------------------------------

DROP TABLE IF EXISTS `craft_assetindexdata`;

CREATE TABLE `craft_assetindexdata` (
  `id` int(11) NOT NULL AUTO_INCREMENT,
  `sessionId` varchar(36) COLLATE utf8_unicode_ci NOT NULL DEFAULT '',
  `sourceId` int(10) NOT NULL,
  `offset` int(10) NOT NULL,
  `uri` varchar(255) COLLATE utf8_unicode_ci DEFAULT NULL,
  `size` varchar(255) COLLATE utf8_unicode_ci DEFAULT NULL,
  `recordId` int(10) DEFAULT NULL,
  `dateCreated` datetime NOT NULL,
  `dateUpdated` datetime NOT NULL,
  `uid` char(36) COLLATE utf8_unicode_ci NOT NULL DEFAULT '0',
  PRIMARY KEY (`id`),
  UNIQUE KEY `craft_assetindexdata_sessionId_sourceId_offset_unq_idx` (`sessionId`,`sourceId`,`offset`),
  KEY `craft_assetindexdata_sourceId_fk` (`sourceId`),
  CONSTRAINT `craft_assetindexdata_sourceId_fk` FOREIGN KEY (`sourceId`) REFERENCES `craft_assetsources` (`id`) ON DELETE CASCADE
) ENGINE=InnoDB DEFAULT CHARSET=utf8 COLLATE=utf8_unicode_ci;



# Dump of table craft_assetsources
# ------------------------------------------------------------

DROP TABLE IF EXISTS `craft_assetsources`;

CREATE TABLE `craft_assetsources` (
  `id` int(11) NOT NULL AUTO_INCREMENT,
  `name` varchar(255) COLLATE utf8_unicode_ci NOT NULL,
  `handle` varchar(255) COLLATE utf8_unicode_ci NOT NULL,
  `type` varchar(150) COLLATE utf8_unicode_ci NOT NULL,
  `settings` text COLLATE utf8_unicode_ci,
  `sortOrder` smallint(6) unsigned DEFAULT NULL,
  `fieldLayoutId` int(10) DEFAULT NULL,
  `dateCreated` datetime NOT NULL,
  `dateUpdated` datetime NOT NULL,
  `uid` char(36) COLLATE utf8_unicode_ci NOT NULL DEFAULT '0',
  PRIMARY KEY (`id`),
  UNIQUE KEY `craft_assetsources_name_unq_idx` (`name`),
  UNIQUE KEY `craft_assetsources_handle_unq_idx` (`handle`),
  KEY `craft_assetsources_fieldLayoutId_fk` (`fieldLayoutId`),
  CONSTRAINT `craft_assetsources_fieldLayoutId_fk` FOREIGN KEY (`fieldLayoutId`) REFERENCES `craft_fieldlayouts` (`id`) ON DELETE SET NULL
) ENGINE=InnoDB DEFAULT CHARSET=utf8 COLLATE=utf8_unicode_ci;

LOCK TABLES `craft_assetsources` WRITE;
/*!40000 ALTER TABLE `craft_assetsources` DISABLE KEYS */;

INSERT INTO `craft_assetsources` (`id`, `name`, `handle`, `type`, `settings`, `sortOrder`, `fieldLayoutId`, `dateCreated`, `dateUpdated`, `uid`)
VALUES
	(1,'Activos','assets','Local','{\"path\":\"assets\\/img\\/\",\"publicURLs\":\"1\",\"url\":\"{baseUrl}\\/assets\\/img\\/\"}',1,44,'2017-12-24 15:06:02','2018-12-24 16:20:01','f245510b-04d3-4c8c-ba9b-edbaa3af4019');

/*!40000 ALTER TABLE `craft_assetsources` ENABLE KEYS */;
UNLOCK TABLES;


# Dump of table craft_assettransformindex
# ------------------------------------------------------------

DROP TABLE IF EXISTS `craft_assettransformindex`;

CREATE TABLE `craft_assettransformindex` (
  `id` int(11) NOT NULL AUTO_INCREMENT,
  `fileId` int(11) NOT NULL,
  `filename` varchar(255) COLLATE utf8_unicode_ci DEFAULT NULL,
  `format` varchar(255) COLLATE utf8_unicode_ci DEFAULT NULL,
  `location` varchar(255) COLLATE utf8_unicode_ci NOT NULL,
  `sourceId` int(11) DEFAULT NULL,
  `fileExists` tinyint(1) DEFAULT NULL,
  `inProgress` tinyint(1) DEFAULT NULL,
  `dateIndexed` datetime DEFAULT NULL,
  `dateCreated` datetime NOT NULL,
  `dateUpdated` datetime NOT NULL,
  `uid` char(36) COLLATE utf8_unicode_ci NOT NULL DEFAULT '0',
  PRIMARY KEY (`id`),
  KEY `craft_assettransformindex_sourceId_fileId_location_idx` (`sourceId`,`fileId`,`location`)
) ENGINE=InnoDB DEFAULT CHARSET=utf8 COLLATE=utf8_unicode_ci;



# Dump of table craft_assettransforms
# ------------------------------------------------------------

DROP TABLE IF EXISTS `craft_assettransforms`;

CREATE TABLE `craft_assettransforms` (
  `id` int(11) NOT NULL AUTO_INCREMENT,
  `name` varchar(255) COLLATE utf8_unicode_ci NOT NULL,
  `handle` varchar(255) COLLATE utf8_unicode_ci NOT NULL,
  `mode` enum('stretch','fit','crop') COLLATE utf8_unicode_ci NOT NULL DEFAULT 'crop',
  `position` enum('top-left','top-center','top-right','center-left','center-center','center-right','bottom-left','bottom-center','bottom-right') COLLATE utf8_unicode_ci NOT NULL DEFAULT 'center-center',
  `height` int(10) DEFAULT NULL,
  `width` int(10) DEFAULT NULL,
  `format` varchar(255) COLLATE utf8_unicode_ci DEFAULT NULL,
  `quality` int(10) DEFAULT NULL,
  `dimensionChangeTime` datetime DEFAULT NULL,
  `dateCreated` datetime NOT NULL,
  `dateUpdated` datetime NOT NULL,
  `uid` char(36) COLLATE utf8_unicode_ci NOT NULL DEFAULT '0',
  PRIMARY KEY (`id`),
  UNIQUE KEY `craft_assettransforms_name_unq_idx` (`name`),
  UNIQUE KEY `craft_assettransforms_handle_unq_idx` (`handle`)
) ENGINE=InnoDB DEFAULT CHARSET=utf8 COLLATE=utf8_unicode_ci;



# Dump of table craft_categories
# ------------------------------------------------------------

DROP TABLE IF EXISTS `craft_categories`;

CREATE TABLE `craft_categories` (
  `id` int(11) NOT NULL,
  `groupId` int(11) NOT NULL,
  `dateCreated` datetime NOT NULL,
  `dateUpdated` datetime NOT NULL,
  `uid` char(36) COLLATE utf8_unicode_ci NOT NULL DEFAULT '0',
  PRIMARY KEY (`id`),
  KEY `craft_categories_groupId_fk` (`groupId`),
  CONSTRAINT `craft_categories_groupId_fk` FOREIGN KEY (`groupId`) REFERENCES `craft_categorygroups` (`id`) ON DELETE CASCADE,
  CONSTRAINT `craft_categories_id_fk` FOREIGN KEY (`id`) REFERENCES `craft_elements` (`id`) ON DELETE CASCADE
) ENGINE=InnoDB DEFAULT CHARSET=utf8 COLLATE=utf8_unicode_ci;



# Dump of table craft_categorygroups
# ------------------------------------------------------------

DROP TABLE IF EXISTS `craft_categorygroups`;

CREATE TABLE `craft_categorygroups` (
  `id` int(11) NOT NULL AUTO_INCREMENT,
  `structureId` int(11) NOT NULL,
  `fieldLayoutId` int(11) DEFAULT NULL,
  `name` varchar(255) COLLATE utf8_unicode_ci NOT NULL,
  `handle` varchar(255) COLLATE utf8_unicode_ci NOT NULL,
  `hasUrls` tinyint(1) unsigned NOT NULL DEFAULT '1',
  `template` varchar(500) COLLATE utf8_unicode_ci DEFAULT NULL,
  `dateCreated` datetime NOT NULL,
  `dateUpdated` datetime NOT NULL,
  `uid` char(36) COLLATE utf8_unicode_ci NOT NULL DEFAULT '0',
  PRIMARY KEY (`id`),
  UNIQUE KEY `craft_categorygroups_name_unq_idx` (`name`),
  UNIQUE KEY `craft_categorygroups_handle_unq_idx` (`handle`),
  KEY `craft_categorygroups_structureId_fk` (`structureId`),
  KEY `craft_categorygroups_fieldLayoutId_fk` (`fieldLayoutId`),
  CONSTRAINT `craft_categorygroups_fieldLayoutId_fk` FOREIGN KEY (`fieldLayoutId`) REFERENCES `craft_fieldlayouts` (`id`) ON DELETE SET NULL,
  CONSTRAINT `craft_categorygroups_structureId_fk` FOREIGN KEY (`structureId`) REFERENCES `craft_structures` (`id`) ON DELETE CASCADE
) ENGINE=InnoDB DEFAULT CHARSET=utf8 COLLATE=utf8_unicode_ci;



# Dump of table craft_categorygroups_i18n
# ------------------------------------------------------------

DROP TABLE IF EXISTS `craft_categorygroups_i18n`;

CREATE TABLE `craft_categorygroups_i18n` (
  `id` int(11) NOT NULL AUTO_INCREMENT,
  `groupId` int(11) NOT NULL,
  `locale` char(12) COLLATE utf8_unicode_ci NOT NULL,
  `urlFormat` text COLLATE utf8_unicode_ci,
  `nestedUrlFormat` text COLLATE utf8_unicode_ci,
  `dateCreated` datetime NOT NULL,
  `dateUpdated` datetime NOT NULL,
  `uid` char(36) COLLATE utf8_unicode_ci NOT NULL DEFAULT '0',
  PRIMARY KEY (`id`),
  UNIQUE KEY `craft_categorygroups_i18n_groupId_locale_unq_idx` (`groupId`,`locale`),
  KEY `craft_categorygroups_i18n_locale_fk` (`locale`),
  CONSTRAINT `craft_categorygroups_i18n_groupId_fk` FOREIGN KEY (`groupId`) REFERENCES `craft_categorygroups` (`id`) ON DELETE CASCADE,
  CONSTRAINT `craft_categorygroups_i18n_locale_fk` FOREIGN KEY (`locale`) REFERENCES `craft_locales` (`locale`) ON DELETE CASCADE ON UPDATE CASCADE
) ENGINE=InnoDB DEFAULT CHARSET=utf8 COLLATE=utf8_unicode_ci;



# Dump of table craft_cocktailrecipes_ingredients
# ------------------------------------------------------------

DROP TABLE IF EXISTS `craft_cocktailrecipes_ingredients`;

CREATE TABLE `craft_cocktailrecipes_ingredients` (
  `id` int(11) NOT NULL AUTO_INCREMENT,
  `name` varchar(255) COLLATE utf8_unicode_ci NOT NULL,
  `dateCreated` datetime NOT NULL,
  `dateUpdated` datetime NOT NULL,
  `uid` char(36) COLLATE utf8_unicode_ci NOT NULL DEFAULT '0',
  PRIMARY KEY (`id`),
  UNIQUE KEY `craft_cocktailrecipes_ingredients_name_unq_idx` (`name`)
) ENGINE=InnoDB DEFAULT CHARSET=utf8 COLLATE=utf8_unicode_ci;

LOCK TABLES `craft_cocktailrecipes_ingredients` WRITE;
/*!40000 ALTER TABLE `craft_cocktailrecipes_ingredients` DISABLE KEYS */;

INSERT INTO `craft_cocktailrecipes_ingredients` (`id`, `name`, `dateCreated`, `dateUpdated`, `uid`)
VALUES
	(1,'Gin','2018-12-28 17:12:30','2018-12-28 17:12:30','b8b45d8e-7506-426e-91a3-fdf2e931f4e3'),
	(2,'Tonic','2018-12-28 17:12:30','2018-12-28 17:12:30','3a038f5a-95d3-42a4-9cee-eaf19b96b846'),
	(3,'Lime','2018-12-28 17:12:30','2018-12-28 17:12:30','691f4964-d8c8-4226-958f-f805ae9f397d'),
	(4,'Soda','2018-12-28 17:12:30','2018-12-28 17:12:30','5ef0d3d7-8cc1-4687-978c-e4a05487bf74'),
	(5,'Vodka','2018-12-28 17:12:30','2018-12-28 17:12:30','0190ce2b-311e-4e72-bc2e-698b5eb764dc');

/*!40000 ALTER TABLE `craft_cocktailrecipes_ingredients` ENABLE KEYS */;
UNLOCK TABLES;


# Dump of table craft_comments
# ------------------------------------------------------------

DROP TABLE IF EXISTS `craft_comments`;

CREATE TABLE `craft_comments` (
  `id` int(11) NOT NULL,
  `elementId` int(11) NOT NULL,
  `userId` int(11) DEFAULT NULL,
  `elementType` varchar(255) COLLATE utf8_unicode_ci DEFAULT NULL,
  `structureId` int(10) DEFAULT NULL,
  `status` enum('approved','pending','spam','trashed') COLLATE utf8_unicode_ci DEFAULT NULL,
  `name` varchar(255) COLLATE utf8_unicode_ci DEFAULT NULL,
  `email` varchar(255) COLLATE utf8_unicode_ci DEFAULT NULL,
  `url` varchar(255) COLLATE utf8_unicode_ci DEFAULT NULL,
  `ipAddress` varchar(255) COLLATE utf8_unicode_ci DEFAULT NULL,
  `userAgent` varchar(255) COLLATE utf8_unicode_ci DEFAULT NULL,
  `comment` text COLLATE utf8_unicode_ci,
  `commentDate` datetime DEFAULT NULL,
  `dateCreated` datetime NOT NULL,
  `dateUpdated` datetime NOT NULL,
  `uid` char(36) COLLATE utf8_unicode_ci NOT NULL DEFAULT '0',
  PRIMARY KEY (`id`),
  KEY `craft_comments_elementId_fk` (`elementId`),
  KEY `craft_comments_userId_fk` (`userId`),
  CONSTRAINT `craft_comments_elementId_fk` FOREIGN KEY (`elementId`) REFERENCES `craft_elements` (`id`) ON DELETE CASCADE,
  CONSTRAINT `craft_comments_id_fk` FOREIGN KEY (`id`) REFERENCES `craft_elements` (`id`) ON DELETE CASCADE,
  CONSTRAINT `craft_comments_userId_fk` FOREIGN KEY (`userId`) REFERENCES `craft_users` (`id`) ON DELETE CASCADE
) ENGINE=InnoDB DEFAULT CHARSET=utf8 COLLATE=utf8_unicode_ci;



# Dump of table craft_comments_flags
# ------------------------------------------------------------

DROP TABLE IF EXISTS `craft_comments_flags`;

CREATE TABLE `craft_comments_flags` (
  `id` int(11) NOT NULL AUTO_INCREMENT,
  `commentId` int(11) DEFAULT NULL,
  `userId` int(11) DEFAULT NULL,
  `dateCreated` datetime NOT NULL,
  `dateUpdated` datetime NOT NULL,
  `uid` char(36) COLLATE utf8_unicode_ci NOT NULL DEFAULT '0',
  PRIMARY KEY (`id`),
  KEY `craft_comments_flags_commentId_fk` (`commentId`),
  KEY `craft_comments_flags_userId_fk` (`userId`),
  CONSTRAINT `craft_comments_flags_commentId_fk` FOREIGN KEY (`commentId`) REFERENCES `craft_comments` (`id`) ON DELETE CASCADE,
  CONSTRAINT `craft_comments_flags_userId_fk` FOREIGN KEY (`userId`) REFERENCES `craft_users` (`id`) ON DELETE CASCADE
) ENGINE=InnoDB DEFAULT CHARSET=utf8 COLLATE=utf8_unicode_ci;



# Dump of table craft_comments_rating
# ------------------------------------------------------------

DROP TABLE IF EXISTS `craft_comments_rating`;

CREATE TABLE `craft_comments_rating` (
  `id` int(11) NOT NULL AUTO_INCREMENT,
  `commentId` int(10) DEFAULT NULL,
  `elementId` int(10) DEFAULT NULL,
  `userId` int(10) DEFAULT NULL,
  `rating` int(10) DEFAULT NULL,
  `dateCreated` datetime NOT NULL,
  `dateUpdated` datetime NOT NULL,
  `uid` char(36) COLLATE utf8_unicode_ci NOT NULL DEFAULT '0',
  PRIMARY KEY (`id`)
) ENGINE=InnoDB DEFAULT CHARSET=utf8 COLLATE=utf8_unicode_ci;



# Dump of table craft_comments_votes
# ------------------------------------------------------------

DROP TABLE IF EXISTS `craft_comments_votes`;

CREATE TABLE `craft_comments_votes` (
  `id` int(11) NOT NULL AUTO_INCREMENT,
  `commentId` int(11) DEFAULT NULL,
  `userId` int(11) DEFAULT NULL,
  `upvote` tinyint(1) unsigned NOT NULL DEFAULT '0',
  `downvote` tinyint(1) unsigned NOT NULL DEFAULT '0',
  `dateCreated` datetime NOT NULL,
  `dateUpdated` datetime NOT NULL,
  `uid` char(36) COLLATE utf8_unicode_ci NOT NULL DEFAULT '0',
  PRIMARY KEY (`id`),
  KEY `craft_comments_votes_commentId_fk` (`commentId`),
  KEY `craft_comments_votes_userId_fk` (`userId`),
  CONSTRAINT `craft_comments_votes_commentId_fk` FOREIGN KEY (`commentId`) REFERENCES `craft_comments` (`id`) ON DELETE CASCADE,
  CONSTRAINT `craft_comments_votes_userId_fk` FOREIGN KEY (`userId`) REFERENCES `craft_users` (`id`) ON DELETE CASCADE
) ENGINE=InnoDB DEFAULT CHARSET=utf8 COLLATE=utf8_unicode_ci;



# Dump of table craft_content
# ------------------------------------------------------------

DROP TABLE IF EXISTS `craft_content`;

CREATE TABLE `craft_content` (
  `id` int(11) NOT NULL AUTO_INCREMENT,
  `elementId` int(11) NOT NULL,
  `locale` char(12) COLLATE utf8_unicode_ci NOT NULL,
  `title` varchar(255) COLLATE utf8_unicode_ci DEFAULT NULL,
  `field_body` text COLLATE utf8_unicode_ci,
  `field_seoPagina` text COLLATE utf8_unicode_ci,
  `dateCreated` datetime NOT NULL,
  `dateUpdated` datetime NOT NULL,
  `uid` char(36) COLLATE utf8_unicode_ci NOT NULL DEFAULT '0',
  PRIMARY KEY (`id`),
  UNIQUE KEY `craft_content_elementId_locale_unq_idx` (`elementId`,`locale`),
  KEY `craft_content_title_idx` (`title`),
  KEY `craft_content_locale_fk` (`locale`),
  CONSTRAINT `craft_content_elementId_fk` FOREIGN KEY (`elementId`) REFERENCES `craft_elements` (`id`) ON DELETE CASCADE,
  CONSTRAINT `craft_content_locale_fk` FOREIGN KEY (`locale`) REFERENCES `craft_locales` (`locale`) ON DELETE CASCADE ON UPDATE CASCADE
) ENGINE=InnoDB DEFAULT CHARSET=utf8 COLLATE=utf8_unicode_ci;

LOCK TABLES `craft_content` WRITE;
/*!40000 ALTER TABLE `craft_content` DISABLE KEYS */;

INSERT INTO `craft_content` (`id`, `elementId`, `locale`, `title`, `field_body`, `field_seoPagina`, `dateCreated`, `dateUpdated`, `uid`)
VALUES
	(1,1,'es',NULL,NULL,NULL,'2017-12-24 03:05:18','2018-10-05 17:54:11','f1903953-652f-4af4-ba71-e536f15cecee'),
	(2,2,'es','Homepage','<p>Ten a tu bebé en Estados Unidos. Nuestro programa es 100% legal, sin repercusiones migratorias a tu visa. Te damos el seguimiento y herramientas necesarias.</p>','{\"id\":null,\"enabled\":1,\"archived\":0,\"locale\":\"es\",\"localeEnabled\":1,\"slug\":null,\"uri\":null,\"dateCreated\":null,\"dateUpdated\":null,\"root\":null,\"lft\":null,\"rgt\":null,\"level\":null,\"searchScore\":null,\"elementId\":0,\"metaType\":\"template\",\"metaPath\":\"\",\"seoMainEntityCategory\":\"CreativeWork\",\"seoMainEntityOfPage\":\"WebPage\",\"seoTitle\":\"Da a luz en Estados Unidos\",\"seoDescription\":\"Ten a tu beb\\u00e9 en Estados Unidos. Nuestro programa es 100% legal, sin repercusiones migratorias a tu visa. Te damos el seguimiento y herramientas necesarias.\",\"seoKeywords\":\"nacionalidad, americana, bebe, estados unidos, nacimiento, proceso, parto, dar a luz, precios, paso a paso, proceso, migratorio, doctores, hospedaje, preguntas\",\"seoImageTransform\":\"\",\"seoFacebookImageTransform\":\"\",\"seoTwitterImageTransform\":\"\",\"twitterCardType\":\"summary_large_image\",\"openGraphType\":\"website\",\"robots\":\"all\",\"seoImageId\":[\"71\"],\"seoTwitterImageId\":\"71\",\"seoFacebookImageId\":\"71\",\"canonicalUrlOverride\":\"\",\"seoTitleUnparsed\":\"Da a luz en Estados Unidos\",\"seoDescriptionUnparsed\":\"Ten a tu beb\\u00e9 en Estados Unidos. Nuestro programa es 100% legal, sin repercusiones migratorias a tu visa. Te damos el seguimiento y herramientas necesarias.\",\"seoKeywordsUnparsed\":\"nacionalidad, americana, bebe, estados unidos, nacimiento, proceso, parto, dar a luz, precios, paso a paso, proceso, migratorio, doctores, hospedaje, preguntas\",\"seoTitleSource\":\"custom\",\"seoTitleSourceField\":\"title\",\"seoDescriptionSource\":\"field\",\"seoDescriptionSourceField\":\"body\",\"seoKeywordsSource\":\"custom\",\"seoKeywordsSourceField\":\"title\",\"seoImageIdSource\":\"custom\",\"seoImageIdSourceField\":\"featuredImage\",\"seoTwitterImageIdSource\":\"field\",\"seoTwitterImageIdSourceField\":\"featuredImage\",\"seoFacebookImageIdSource\":\"field\",\"seoFacebookImageIdSourceField\":\"featuredImage\",\"seoCommerceVariants\":null,\"__model__\":\"Craft\\\\Seomatic_MetaFieldModel\"}','2017-12-24 03:05:19','2018-01-04 19:25:27','3fbb9d47-898b-46bb-8585-323d1c198e54'),
	(3,3,'es','We just installed Craft!','<p>Craft is the CMS that’s powering 165.227.214.220. It’s beautiful, powerful, flexible, and easy-to-use, and it’s made by Pixel &amp; Tonic. We can’t wait to dive in and see what it’s capable of!</p><!--pagebreak--><p>This is even more captivating content, which you couldn’t see on the News index page because it was entered after a Page Break, and the News index template only likes to show the content on the first page.</p><p>Craft: a nice alternative to Word, if you’re making a website.</p>',NULL,'2017-12-24 03:05:20','2017-12-24 03:05:20','7f99ccc3-5a75-46dd-80bb-805faa9e0478'),
	(4,4,'es','Pink Wave',NULL,NULL,'2017-12-25 18:46:50','2019-01-03 19:18:48','ca253f42-4ca4-4503-8796-68615f3bcd57'),
	(6,6,'es','Logo Color',NULL,NULL,'2017-12-25 18:47:05','2019-01-03 19:18:46','9c480cda-f51a-47b4-ac56-294f62424df0'),
	(8,8,'es','Logo Blanco',NULL,NULL,'2017-12-25 18:47:27','2019-01-03 19:18:46','5ca7d660-924c-435a-890c-b137eaf94ffd'),
	(10,10,'es','Main Cover',NULL,NULL,'2017-12-25 19:43:23','2019-01-03 19:18:47','d97f8755-984c-4546-b173-4984fd4f8d3f'),
	(11,11,'es','Us Logo',NULL,NULL,'2017-12-26 02:34:45','2019-01-03 19:18:51','ab4a585b-f623-4ca2-8ede-38bb90acfb88'),
	(12,12,'es','White Wave',NULL,NULL,'2017-12-26 02:44:37','2019-01-03 19:18:51','e08d6e60-73e7-400d-a180-d82a57eb5fa5'),
	(16,16,'es','Iso Logo',NULL,NULL,'2017-12-26 04:56:33','2019-01-03 19:18:45','68368e56-5785-40e4-b54c-884cfe601024'),
	(17,17,'es','Doctor Nutis',NULL,NULL,'2017-12-26 07:08:00','2019-01-03 19:18:40','0008e268-6ddc-47be-8617-9da5c893a543'),
	(19,19,'es','Preparacion',NULL,NULL,'2017-12-26 07:54:50','2019-01-03 19:18:49','b487c371-8212-468b-afde-968435bf2e48'),
	(20,20,'es','Avion',NULL,NULL,'2017-12-26 07:54:50','2019-01-03 19:18:38','9e07faf6-8ed2-4129-9714-b0b3974bb69b'),
	(21,21,'es','Espera',NULL,NULL,'2017-12-26 07:54:51','2019-01-03 19:18:41','74208c9f-efae-4590-b159-9fa12768b69b'),
	(22,22,'es','Nacimiento',NULL,NULL,'2017-12-26 07:54:51','2019-01-03 19:18:47','ea70d7e1-3d12-47a7-88b1-88c87446f512'),
	(23,23,'es','Parto',NULL,NULL,'2017-12-26 07:54:51','2019-01-03 19:18:48','17b23d44-caeb-4986-bd36-6892eee961a8'),
	(24,24,'es','Preparacion',NULL,NULL,'2017-12-26 08:45:45','2019-01-03 19:18:48','ce29b7ee-4e46-4261-8852-fc9a8f5b721b'),
	(26,26,'es','Espera',NULL,NULL,'2017-12-26 09:18:07','2019-01-03 19:18:41','03967473-c79f-4151-b382-a0aa53cb2ca1'),
	(27,27,'es','Llegada',NULL,NULL,'2017-12-26 09:18:08','2019-01-03 19:18:46','f6258aa0-1eb1-4a01-a8db-23494f1cd293'),
	(28,28,'es','Nacimiento',NULL,NULL,'2017-12-26 09:18:08','2019-01-03 19:18:47','15c69867-0e99-45a4-97c8-b38e88638ad7'),
	(29,29,'es','Parto',NULL,NULL,'2017-12-26 09:18:08','2019-01-03 19:18:47','b77449c2-0c99-41cd-96a7-0111276d19a5'),
	(30,30,'es','Regreso',NULL,NULL,'2017-12-26 09:18:09','2019-01-03 19:18:50','57b495d3-b6a2-4dcb-9296-6ab325dc3f14'),
	(31,31,'es','Las Palmas',NULL,NULL,'2017-12-26 09:38:27','2019-01-03 19:18:45','99363a74-c5b9-4818-b88b-f61399ca1c0a'),
	(33,33,'es','Las Palmas Logo',NULL,NULL,'2017-12-26 09:47:10','2019-01-03 19:18:45','c222943f-b3eb-4c04-95de-e466727baed1'),
	(37,37,'es','Precios','<p>Conoce los precios para tener a tu bebé en Estados Unidos. Nuestro programa es 100% legal, sin repercusiones migratorias a tu visa.</p>','{\"id\":null,\"enabled\":1,\"archived\":0,\"locale\":\"es\",\"localeEnabled\":1,\"slug\":null,\"uri\":null,\"dateCreated\":null,\"dateUpdated\":null,\"root\":null,\"lft\":null,\"rgt\":null,\"level\":null,\"searchScore\":null,\"elementId\":0,\"metaType\":\"template\",\"metaPath\":\"\",\"seoMainEntityCategory\":\"CreativeWork\",\"seoMainEntityOfPage\":\"WebPage\",\"seoTitle\":\"Precios\",\"seoDescription\":\"Conoce los precios para tener a tu beb\\u00e9 en Estados Unidos. Nuestro programa es 100% legal, sin repercusiones migratorias a tu visa.\",\"seoKeywords\":\"nacionalidad, americana, bebe, estados unidos, nacimiento, proceso, parto, dar a luz, precios, paso a paso, proceso, migratorio, doctores, hospedaje, preguntas\",\"seoImageTransform\":\"\",\"seoFacebookImageTransform\":\"\",\"seoTwitterImageTransform\":\"\",\"twitterCardType\":\"summary_large_image\",\"openGraphType\":\"website\",\"robots\":\"all\",\"seoImageId\":\"74\",\"seoTwitterImageId\":\"74\",\"seoFacebookImageId\":\"74\",\"canonicalUrlOverride\":\"\",\"seoTitleUnparsed\":\"Precios\",\"seoDescriptionUnparsed\":\"Conoce los precios para tener a tu beb\\u00e9 en Estados Unidos. Nuestro programa es 100% legal, sin repercusiones migratorias a tu visa.\",\"seoKeywordsUnparsed\":\"nacionalidad, americana, bebe, estados unidos, nacimiento, proceso, parto, dar a luz, precios, paso a paso, proceso, migratorio, doctores, hospedaje, preguntas\",\"seoTitleSource\":\"field\",\"seoTitleSourceField\":\"title\",\"seoDescriptionSource\":\"field\",\"seoDescriptionSourceField\":\"body\",\"seoKeywordsSource\":\"custom\",\"seoKeywordsSourceField\":\"title\",\"seoImageIdSource\":\"field\",\"seoImageIdSourceField\":\"featuredImage\",\"seoTwitterImageIdSource\":\"field\",\"seoTwitterImageIdSourceField\":\"featuredImage\",\"seoFacebookImageIdSource\":\"field\",\"seoFacebookImageIdSourceField\":\"featuredImage\",\"seoCommerceVariants\":null,\"__model__\":\"Craft\\\\Seomatic_MetaFieldModel\"}','2017-12-27 21:32:28','2017-12-31 04:07:53','b201547c-cf9e-43bb-8586-a37d813e7019'),
	(38,38,'es','Precios',NULL,NULL,'2017-12-28 07:23:45','2019-01-03 19:18:48','e0c1a881-0179-485a-bd11-68e777995820'),
	(39,39,'es','Dr Nutis Small',NULL,NULL,'2017-12-28 07:52:55','2019-01-03 19:18:41','b7502e85-e1be-4f94-99c7-51fbb0a41879'),
	(40,40,'es','Pediatra',NULL,NULL,'2017-12-28 08:01:56','2019-01-03 19:18:48','83813436-0443-41b1-8205-6a37b7a2469f'),
	(41,41,'es','Anestesiologo Small',NULL,NULL,'2017-12-28 08:04:02','2019-01-03 19:18:38','73ff331f-2d46-4d83-af78-1a8290f48c6f'),
	(42,42,'es','Del Sol Small',NULL,NULL,'2017-12-28 08:04:02','2019-01-03 19:18:40','465b2186-bb80-486a-8421-afe64f646e44'),
	(43,43,'es','Financiamiento Back',NULL,NULL,'2017-12-28 08:21:33','2019-01-03 19:18:45','7b232f41-b272-499e-969b-71a21e4a7fb3'),
	(45,45,'es','Financiamiento',NULL,NULL,'2017-12-28 09:08:23','2019-01-03 19:18:41','d20d3ca4-8894-48e4-b949-483869876f43'),
	(46,46,'es','Paso Paso Back',NULL,NULL,'2017-12-28 19:06:41','2019-01-03 19:18:48','367fe0e0-001d-4bae-8d0b-14021bdcfa0b'),
	(47,47,'es','Proceso Migratorio Back',NULL,NULL,'2017-12-28 19:21:59','2019-01-03 19:18:49','87fbb5e6-10c5-4473-975d-7c3458fc8fb3'),
	(48,48,'es','Proceso Legal',NULL,NULL,'2017-12-28 19:55:00','2019-01-03 19:18:49','19946d42-55e8-47af-8e20-eb30b8094a75'),
	(50,50,'es','Proceso Legal Back',NULL,NULL,'2017-12-28 19:56:09','2019-01-03 19:18:49','ab9d3b6c-23c3-4f08-b6ad-e514210c9150'),
	(51,51,'es','Familia',NULL,NULL,'2017-12-28 21:27:09','2019-01-03 19:18:42','093276ed-1b9f-46f2-acd1-e28bd574864d'),
	(52,52,'es','Universidades',NULL,NULL,'2017-12-28 21:27:09','2019-01-03 19:18:51','8e319864-10ce-4416-aa19-550dad67ac92'),
	(53,53,'es','Doctores',NULL,NULL,'2017-12-28 21:46:27','2019-01-03 19:18:40','4a06776b-9dfa-4f81-b04d-db1bb5908c90'),
	(54,54,'es','Paso a Paso','<p>El paso a paso para tener a tu bebé en Estados Unidos. Nuestro programa es 100% legal, sin repercusiones migratorias a tu visa.</p>','{\"id\":null,\"enabled\":1,\"archived\":0,\"locale\":\"es\",\"localeEnabled\":1,\"slug\":null,\"uri\":null,\"dateCreated\":null,\"dateUpdated\":null,\"root\":null,\"lft\":null,\"rgt\":null,\"level\":null,\"searchScore\":null,\"elementId\":0,\"metaType\":\"template\",\"metaPath\":\"\",\"seoMainEntityCategory\":\"CreativeWork\",\"seoMainEntityOfPage\":\"WebPage\",\"seoTitle\":\"Paso a Paso\",\"seoDescription\":\"El paso a paso para tener a tu beb\\u00e9 en Estados Unidos. Nuestro programa es 100% legal, sin repercusiones migratorias a tu visa.\",\"seoKeywords\":\"nacionalidad, americana, bebe, estados unidos, nacimiento, proceso, parto, dar a luz, precios, paso a paso, proceso, migratorio, doctores, hospedaje, preguntas\",\"seoImageTransform\":\"\",\"seoFacebookImageTransform\":\"\",\"seoTwitterImageTransform\":\"\",\"twitterCardType\":\"summary_large_image\",\"openGraphType\":\"website\",\"robots\":\"all\",\"seoImageId\":\"75\",\"seoTwitterImageId\":\"75\",\"seoFacebookImageId\":\"75\",\"canonicalUrlOverride\":\"\",\"seoTitleUnparsed\":\"Paso a Paso\",\"seoDescriptionUnparsed\":\"El paso a paso para tener a tu beb\\u00e9 en Estados Unidos. Nuestro programa es 100% legal, sin repercusiones migratorias a tu visa.\",\"seoKeywordsUnparsed\":\"nacionalidad, americana, bebe, estados unidos, nacimiento, proceso, parto, dar a luz, precios, paso a paso, proceso, migratorio, doctores, hospedaje, preguntas\",\"seoTitleSource\":\"field\",\"seoTitleSourceField\":\"title\",\"seoDescriptionSource\":\"field\",\"seoDescriptionSourceField\":\"body\",\"seoKeywordsSource\":\"custom\",\"seoKeywordsSourceField\":\"title\",\"seoImageIdSource\":\"field\",\"seoImageIdSourceField\":\"featuredImage\",\"seoTwitterImageIdSource\":\"field\",\"seoTwitterImageIdSourceField\":\"featuredImage\",\"seoFacebookImageIdSource\":\"field\",\"seoFacebookImageIdSourceField\":\"featuredImage\",\"seoCommerceVariants\":null,\"__model__\":\"Craft\\\\Seomatic_MetaFieldModel\"}','2017-12-28 21:47:14','2017-12-31 04:14:20','152310bd-d15c-4760-a288-949a41fcdddb'),
	(55,55,'es','Proceso Migratorio','<p>Conoce el proceso migratorio para tener a tu bebé en Estados Unidos. Nuestro programa es 100% legal, sin repercusiones migratorias a tu visa.</p>','{\"id\":null,\"enabled\":1,\"archived\":0,\"locale\":\"es\",\"localeEnabled\":1,\"slug\":null,\"uri\":null,\"dateCreated\":null,\"dateUpdated\":null,\"root\":null,\"lft\":null,\"rgt\":null,\"level\":null,\"searchScore\":null,\"elementId\":0,\"metaType\":\"template\",\"metaPath\":\"\",\"seoMainEntityCategory\":\"CreativeWork\",\"seoMainEntityOfPage\":\"WebPage\",\"seoTitle\":\"Proceso Migratorio\",\"seoDescription\":\"Conoce el proceso migratorio para tener a tu beb\\u00e9 en Estados Unidos. Nuestro programa es 100% legal, sin repercusiones migratorias a tu visa.\",\"seoKeywords\":\"nacionalidad, americana, bebe, estados unidos, nacimiento, proceso, parto, dar a luz, precios, paso a paso, proceso, migratorio, doctores, hospedaje, preguntas\",\"seoImageTransform\":\"\",\"seoFacebookImageTransform\":\"\",\"seoTwitterImageTransform\":\"\",\"twitterCardType\":\"summary_large_image\",\"openGraphType\":\"website\",\"robots\":\"all\",\"seoImageId\":\"76\",\"seoTwitterImageId\":\"76\",\"seoFacebookImageId\":\"76\",\"canonicalUrlOverride\":\"\",\"seoTitleUnparsed\":\"Proceso Migratorio\",\"seoDescriptionUnparsed\":\"Conoce el proceso migratorio para tener a tu beb\\u00e9 en Estados Unidos. Nuestro programa es 100% legal, sin repercusiones migratorias a tu visa.\",\"seoKeywordsUnparsed\":\"nacionalidad, americana, bebe, estados unidos, nacimiento, proceso, parto, dar a luz, precios, paso a paso, proceso, migratorio, doctores, hospedaje, preguntas\",\"seoTitleSource\":\"field\",\"seoTitleSourceField\":\"title\",\"seoDescriptionSource\":\"field\",\"seoDescriptionSourceField\":\"body\",\"seoKeywordsSource\":\"custom\",\"seoKeywordsSourceField\":\"title\",\"seoImageIdSource\":\"field\",\"seoImageIdSourceField\":\"featuredImage\",\"seoTwitterImageIdSource\":\"field\",\"seoTwitterImageIdSourceField\":\"featuredImage\",\"seoFacebookImageIdSource\":\"field\",\"seoFacebookImageIdSourceField\":\"featuredImage\",\"seoCommerceVariants\":null,\"__model__\":\"Craft\\\\Seomatic_MetaFieldModel\"}','2017-12-28 21:47:27','2017-12-31 04:16:10','6b6dbfa5-4f10-49b0-adaf-8e310a24deb0'),
	(56,56,'es','Doctores','Conoce al equipo de doctores para tener a tu bebé en Estados Unidos. Nuestro programa es 100% legal, sin repercusiones migratorias a tu visa.','{\"id\":null,\"enabled\":1,\"archived\":0,\"locale\":\"es\",\"localeEnabled\":1,\"slug\":null,\"uri\":null,\"dateCreated\":null,\"dateUpdated\":null,\"root\":null,\"lft\":null,\"rgt\":null,\"level\":null,\"searchScore\":null,\"elementId\":0,\"metaType\":\"template\",\"metaPath\":\"\",\"seoMainEntityCategory\":\"CreativeWork\",\"seoMainEntityOfPage\":\"WebPage\",\"seoTitle\":\"Doctores\",\"seoDescription\":\"Conoce al equipo de doctores para tener a tu beb\\u00e9 en Estados Unidos. Nuestro programa es 100% legal, sin repercusiones migratorias a tu visa.\",\"seoKeywords\":\"nacionalidad, americana, bebe, estados unidos, nacimiento, proceso, parto, dar a luz, precios, paso a paso, proceso, migratorio, doctores, hospedaje, preguntas\",\"seoImageTransform\":\"\",\"seoFacebookImageTransform\":\"\",\"seoTwitterImageTransform\":\"\",\"twitterCardType\":\"summary_large_image\",\"openGraphType\":\"website\",\"robots\":\"all\",\"seoImageId\":\"77\",\"seoTwitterImageId\":\"77\",\"seoFacebookImageId\":\"77\",\"canonicalUrlOverride\":\"\",\"seoTitleUnparsed\":\"Doctores\",\"seoDescriptionUnparsed\":\"Conoce al equipo de doctores para tener a tu beb\\u00e9 en Estados Unidos. Nuestro programa es 100% legal, sin repercusiones migratorias a tu visa.\",\"seoKeywordsUnparsed\":\"nacionalidad, americana, bebe, estados unidos, nacimiento, proceso, parto, dar a luz, precios, paso a paso, proceso, migratorio, doctores, hospedaje, preguntas\",\"seoTitleSource\":\"field\",\"seoTitleSourceField\":\"title\",\"seoDescriptionSource\":\"field\",\"seoDescriptionSourceField\":\"body\",\"seoKeywordsSource\":\"custom\",\"seoKeywordsSourceField\":\"title\",\"seoImageIdSource\":\"field\",\"seoImageIdSourceField\":\"featuredImage\",\"seoTwitterImageIdSource\":\"field\",\"seoTwitterImageIdSourceField\":\"featuredImage\",\"seoFacebookImageIdSource\":\"field\",\"seoFacebookImageIdSourceField\":\"featuredImage\",\"seoCommerceVariants\":null,\"__model__\":\"Craft\\\\Seomatic_MetaFieldModel\"}','2017-12-28 21:47:40','2017-12-31 04:17:25','41c11cc9-a66e-43b3-9344-9d97e67a1b08'),
	(58,58,'es','Dr Nutis Fact',NULL,NULL,'2017-12-28 22:04:33','2019-01-03 19:18:41','7643b7d1-778a-4899-8be4-33ef110f6477'),
	(59,59,'es','El Paso Back',NULL,NULL,'2017-12-28 22:54:09','2019-01-03 19:18:41','743a9d3a-055e-4192-81df-4b2ccf1eb5d5'),
	(60,60,'es','In Town',NULL,NULL,'2017-12-28 23:15:26','2019-01-03 19:18:45','0338a975-63b7-4bb9-a07e-52c5d8ed914b'),
	(61,61,'es','Independence America',NULL,NULL,'2017-12-28 23:15:26','2019-01-03 19:18:45','454de77f-90aa-4df3-b72d-fdd4989e0181'),
	(62,62,'es','Ramada',NULL,NULL,'2017-12-28 23:15:26','2019-01-03 19:18:50','e68ed8a9-1916-4c1a-99d6-6d984c57eee2'),
	(63,63,'es','Stay America',NULL,NULL,'2017-12-28 23:15:26','2019-01-03 19:18:50','5bfe9baa-b276-412d-89e9-9b82c61aa00e'),
	(64,64,'es','Studio6',NULL,NULL,'2017-12-28 23:15:27','2019-01-03 19:18:50','7a4ccb80-2aa9-4503-8433-07a24d9bb64a'),
	(65,65,'es','Woodsprings',NULL,NULL,'2017-12-28 23:15:27','2019-01-03 19:18:51','843059a0-5aec-4bee-9504-88a9c768646f'),
	(66,66,'es','Chase Suites',NULL,NULL,'2017-12-29 09:11:59','2019-01-03 19:18:39','ba372721-e208-420e-8728-be890ac9b881'),
	(67,67,'es','Primer Corporate',NULL,NULL,'2017-12-29 09:11:59','2019-01-03 19:18:49','9365f388-b8c9-4785-8ecb-0aa708f5b7e5'),
	(68,68,'es','Airbnb',NULL,NULL,'2017-12-29 09:18:11','2019-01-03 19:18:38','3634d2ef-63ff-49fe-b444-89e3594eef84'),
	(69,69,'es','Uber',NULL,NULL,'2017-12-29 09:30:02','2019-01-03 19:18:51','6d8514d0-46f4-4d05-a28d-4b157cdd27a6'),
	(70,70,'es','Faqs',NULL,NULL,'2017-12-31 02:26:47','2019-01-03 19:18:42','ac0ac680-ab9e-4d6b-babd-470997b40a34'),
	(71,71,'es','Cover',NULL,NULL,'2017-12-31 03:30:23','2019-01-03 19:18:39','3d763b2b-ed8d-4856-be68-5ce92c5ba27f'),
	(72,72,'es','Hospedaje','Donde hospedarte para tener a tu bebé en Estados Unidos. Nuestro programa es 100% legal, sin repercusiones migratorias a tu visa.','{\"id\":null,\"enabled\":1,\"archived\":0,\"locale\":\"es\",\"localeEnabled\":1,\"slug\":null,\"uri\":null,\"dateCreated\":null,\"dateUpdated\":null,\"root\":null,\"lft\":null,\"rgt\":null,\"level\":null,\"searchScore\":null,\"elementId\":0,\"metaType\":\"template\",\"metaPath\":\"\",\"seoMainEntityCategory\":\"CreativeWork\",\"seoMainEntityOfPage\":\"WebPage\",\"seoTitle\":\"Hospedaje\",\"seoDescription\":\"Donde hospedarte para tener a tu beb\\u00e9 en Estados Unidos. Nuestro programa es 100% legal, sin repercusiones migratorias a tu visa.\",\"seoKeywords\":\"nacionalidad, americana, bebe, estados unidos, nacimiento, proceso, parto, dar a luz, precios, paso a paso, proceso, migratorio, doctores, hospedaje, preguntas\",\"seoImageTransform\":\"\",\"seoFacebookImageTransform\":\"\",\"seoTwitterImageTransform\":\"\",\"twitterCardType\":\"summary_large_image\",\"openGraphType\":\"website\",\"robots\":\"all\",\"seoImageId\":\"78\",\"seoTwitterImageId\":\"78\",\"seoFacebookImageId\":\"78\",\"canonicalUrlOverride\":\"\",\"seoTitleUnparsed\":\"Hospedaje\",\"seoDescriptionUnparsed\":\"Donde hospedarte para tener a tu beb\\u00e9 en Estados Unidos. Nuestro programa es 100% legal, sin repercusiones migratorias a tu visa.\",\"seoKeywordsUnparsed\":\"nacionalidad, americana, bebe, estados unidos, nacimiento, proceso, parto, dar a luz, precios, paso a paso, proceso, migratorio, doctores, hospedaje, preguntas\",\"seoTitleSource\":\"field\",\"seoTitleSourceField\":\"title\",\"seoDescriptionSource\":\"field\",\"seoDescriptionSourceField\":\"body\",\"seoKeywordsSource\":\"custom\",\"seoKeywordsSourceField\":\"title\",\"seoImageIdSource\":\"field\",\"seoImageIdSourceField\":\"featuredImage\",\"seoTwitterImageIdSource\":\"field\",\"seoTwitterImageIdSourceField\":\"featuredImage\",\"seoFacebookImageIdSource\":\"field\",\"seoFacebookImageIdSourceField\":\"featuredImage\",\"seoCommerceVariants\":null,\"__model__\":\"Craft\\\\Seomatic_MetaFieldModel\"}','2017-12-31 03:32:38','2017-12-31 04:18:58','15e93f59-01fb-4f4f-9574-d92b4031cb37'),
	(73,73,'es','FAQS','<p>Las preguntas más frecuentes para tener a tu bebé en Estados Unidos. Nuestro programa es 100% legal, sin repercusiones migratorias a tu visa.</p>','{\"id\":null,\"enabled\":1,\"archived\":0,\"locale\":\"es\",\"localeEnabled\":1,\"slug\":null,\"uri\":null,\"dateCreated\":null,\"dateUpdated\":null,\"root\":null,\"lft\":null,\"rgt\":null,\"level\":null,\"searchScore\":null,\"elementId\":0,\"metaType\":\"template\",\"metaPath\":\"\",\"seoMainEntityCategory\":\"CreativeWork\",\"seoMainEntityOfPage\":\"WebPage\",\"seoTitle\":\"FAQS\",\"seoDescription\":\"Las preguntas m\\u00e1s frecuentes para tener a tu beb\\u00e9 en Estados Unidos. Nuestro programa es 100% legal, sin repercusiones migratorias a tu visa.\",\"seoKeywords\":\"nacionalidad, americana, bebe, estados unidos, nacimiento, proceso, parto, dar a luz, precios, paso a paso, proceso, migratorio, doctores, hospedaje, preguntas\",\"seoImageTransform\":\"\",\"seoFacebookImageTransform\":\"\",\"seoTwitterImageTransform\":\"\",\"twitterCardType\":\"summary_large_image\",\"openGraphType\":\"website\",\"robots\":\"all\",\"seoImageId\":\"79\",\"seoTwitterImageId\":\"79\",\"seoFacebookImageId\":\"79\",\"canonicalUrlOverride\":\"\",\"seoTitleUnparsed\":\"FAQS\",\"seoDescriptionUnparsed\":\"Las preguntas m\\u00e1s frecuentes para tener a tu beb\\u00e9 en Estados Unidos. Nuestro programa es 100% legal, sin repercusiones migratorias a tu visa.\",\"seoKeywordsUnparsed\":\"nacionalidad, americana, bebe, estados unidos, nacimiento, proceso, parto, dar a luz, precios, paso a paso, proceso, migratorio, doctores, hospedaje, preguntas\",\"seoTitleSource\":\"field\",\"seoTitleSourceField\":\"title\",\"seoDescriptionSource\":\"field\",\"seoDescriptionSourceField\":\"body\",\"seoKeywordsSource\":\"custom\",\"seoKeywordsSourceField\":\"title\",\"seoImageIdSource\":\"field\",\"seoImageIdSourceField\":\"featuredImage\",\"seoTwitterImageIdSource\":\"field\",\"seoTwitterImageIdSourceField\":\"featuredImage\",\"seoFacebookImageIdSource\":\"field\",\"seoFacebookImageIdSourceField\":\"featuredImage\",\"seoCommerceVariants\":null,\"__model__\":\"Craft\\\\Seomatic_MetaFieldModel\"}','2017-12-31 03:33:00','2018-08-10 17:30:13','0db434b9-22c6-472c-a1ba-de7996af0478'),
	(74,74,'es','Precios Cover',NULL,NULL,'2017-12-31 04:04:12','2019-01-03 19:18:48','04eb1d1e-68c7-4ce5-b0e6-8d1f885b6033'),
	(75,75,'es','Paso Paso Cover',NULL,NULL,'2017-12-31 04:14:04','2019-01-03 19:18:48','4a798b82-8727-420c-8dae-a8fa3963eeef'),
	(76,76,'es','Proceso Migratorio Cover',NULL,NULL,'2017-12-31 04:16:03','2019-01-03 19:18:49','bbf8df31-8ade-4830-b972-080c1541151c'),
	(77,77,'es','Doctores Cover',NULL,NULL,'2017-12-31 04:17:07','2019-01-03 19:18:40','2e974839-3413-4bb9-bae6-736720c51300'),
	(78,78,'es','Hospedaje Cover',NULL,NULL,'2017-12-31 04:18:32','2019-01-03 19:18:45','31f69c03-5eab-4bae-8206-1d19f82ce6cd'),
	(79,79,'es','Faqs Cover',NULL,NULL,'2017-12-31 04:20:29','2019-01-03 19:18:42','6a0d6e0d-0bef-46c8-8b66-31e6a84c9eee'),
	(80,80,'es','Car',NULL,NULL,'2017-12-31 06:17:28','2019-01-03 19:18:39','85d209cc-53d1-4bbb-970c-a8e664d8cefd'),
	(82,82,'es','404 Cover',NULL,NULL,'2017-12-31 07:26:53','2019-01-03 19:18:37','2225ca1b-5ec7-4cb5-aaae-734e5555da6d'),
	(85,85,'es','Políticas de Privacidad',NULL,NULL,'2018-01-05 16:32:50','2018-01-05 16:32:50','5a2df1fb-f426-46ef-88ab-cb35d2eaafab'),
	(86,86,'es','Prodanovic',NULL,NULL,'2018-01-05 19:02:26','2019-01-03 19:18:49','a5b2f3c0-28b7-412b-a902-ce30bccf1c18'),
	(92,92,'es','Main Cover 1',NULL,NULL,'2018-07-30 15:34:58','2019-01-03 19:18:46','513445fc-2621-4de4-9559-c1e6770435ad'),
	(93,93,'es','Familia 1',NULL,NULL,'2018-07-30 17:40:29','2019-01-03 19:18:42','c6ce8dbd-0dce-4168-bd32-6e0f08f80ea2'),
	(94,94,'es','Universidades 1',NULL,NULL,'2018-07-30 17:40:29','2019-01-03 19:18:51','70fe8ba1-aed7-4b34-80bf-14abd479bf05'),
	(95,95,'es','Doctora',NULL,NULL,'2018-07-30 20:40:20','2019-01-03 19:18:40','506b13a2-47f9-4e3e-9fcf-456b8da41e42'),
	(97,115,'es','Cita',NULL,NULL,'2018-08-05 19:32:32','2019-01-03 19:18:39','cd344012-9f98-4924-a69a-019bf694ae75'),
	(98,116,'es','Registro',NULL,NULL,'2018-08-05 19:32:32','2019-01-03 19:18:50','c6227b2a-5955-48db-801a-c94a28684f06'),
	(99,117,'es','Cita',NULL,NULL,'2018-08-05 20:38:48','2019-01-03 19:18:39','d858931e-7d16-4fc4-8b9d-fb79a0c53869'),
	(100,118,'es','Soy Doctor',NULL,NULL,'2018-09-10 05:15:15','2019-01-03 19:18:50','3206d738-d629-4b23-9815-a95684ee725b'),
	(101,119,'es','Logo Blanco',NULL,NULL,'2018-10-09 16:32:59','2019-01-03 19:18:46','4aa8073f-4507-4829-aa27-3d053ca565e3'),
	(102,120,'es','suscripcion',NULL,NULL,'2018-12-21 21:27:31','2018-12-21 21:27:31','3c1ba008-8972-42d7-b5ed-bc1c7026e06b'),
	(105,123,'es','Visa',NULL,NULL,'2018-12-24 16:17:19','2019-01-03 19:18:51','c09aa709-4961-4f79-852d-366a2a1cbb94'),
	(106,124,'es','Mastercard',NULL,NULL,'2018-12-24 16:17:19','2019-01-03 19:18:47','6fe5710f-c71b-48c6-a019-b931ee383726'),
	(107,125,'es','Amex',NULL,NULL,'2018-12-24 16:17:19','2019-01-03 19:18:38','2c8c96a2-7161-4ec4-b113-ae75049e3b98'),
	(108,126,'es','Términos y Condiciones','','{\"id\":null,\"enabled\":1,\"archived\":0,\"locale\":\"es\",\"localeEnabled\":1,\"slug\":null,\"uri\":null,\"dateCreated\":null,\"dateUpdated\":null,\"root\":null,\"lft\":null,\"rgt\":null,\"level\":null,\"searchScore\":null,\"elementId\":0,\"metaType\":\"template\",\"metaPath\":\"\",\"seoMainEntityCategory\":\"CreativeWork\",\"seoMainEntityOfPage\":\"WebPage\",\"seoTitle\":\"T\\u00e9rminos y Condiciones\",\"seoDescription\":\"\",\"seoKeywords\":\"nacionalidad, americana, bebe, estados unidos, nacimiento, proceso, parto, dar a luz, precios, paso a paso, proceso, migratorio, doctores, hospedaje, preguntas\",\"seoImageTransform\":\"\",\"seoFacebookImageTransform\":\"\",\"seoTwitterImageTransform\":\"\",\"twitterCardType\":\"summary_large_image\",\"openGraphType\":\"website\",\"robots\":\"all\",\"seoImageId\":\"\",\"seoTwitterImageId\":\"\",\"seoFacebookImageId\":\"\",\"canonicalUrlOverride\":\"\",\"seoTitleUnparsed\":\"T\\u00e9rminos y Condiciones\",\"seoDescriptionUnparsed\":\"\",\"seoKeywordsUnparsed\":\"nacionalidad, americana, bebe, estados unidos, nacimiento, proceso, parto, dar a luz, precios, paso a paso, proceso, migratorio, doctores, hospedaje, preguntas\",\"seoTitleSource\":\"field\",\"seoTitleSourceField\":\"title\",\"seoDescriptionSource\":\"field\",\"seoDescriptionSourceField\":\"body\",\"seoKeywordsSource\":\"custom\",\"seoKeywordsSourceField\":\"tags\",\"seoImageIdSource\":\"field\",\"seoImageIdSourceField\":\"featuredImage\",\"seoTwitterImageIdSource\":\"field\",\"seoTwitterImageIdSourceField\":\"featuredImage\",\"seoFacebookImageIdSource\":\"field\",\"seoFacebookImageIdSourceField\":\"featuredImage\",\"seoCommerceVariants\":null,\"__model__\":\"Craft\\\\Seomatic_MetaFieldModel\"}','2018-12-28 15:32:44','2018-12-28 16:18:01','f035b437-c063-4067-8240-d68e28698f17'),
	(111,129,'es','Bg Suscripcion General',NULL,NULL,'2018-12-28 21:20:28','2019-01-03 19:18:38','c2d47328-6a44-4302-aa29-0a2dac4817eb'),
	(112,130,'es','Doctor1',NULL,NULL,'2018-12-28 21:20:30','2019-01-03 19:18:40','f7cbf462-5f3a-4501-900d-6b760339e2b6'),
	(113,131,'es','Doctor2',NULL,NULL,'2018-12-28 21:20:30','2019-01-03 19:18:41','3c40958e-f087-486a-b7c3-048072032c35'),
	(114,132,'es','Apple Touch Icon 114X114',NULL,NULL,'2018-12-28 21:20:32','2019-01-03 19:18:42','a3393849-3f5e-4b9f-9cd8-ea618c1ff3ac'),
	(115,133,'es','Apple Touch Icon 120X120',NULL,NULL,'2018-12-28 21:20:32','2019-01-03 19:18:42','a2ebbc71-6374-4fa3-9044-67a332882eec'),
	(116,134,'es','Apple Touch Icon 144X144',NULL,NULL,'2018-12-28 21:20:32','2019-01-03 19:18:42','ab6ebb3f-489e-437b-938f-ffa68c2a112d'),
	(117,135,'es','Apple Touch Icon 152X152',NULL,NULL,'2018-12-28 21:20:32','2019-01-03 19:18:43','0552423a-6eec-49e5-a1ad-23827412da77'),
	(118,136,'es','Apple Touch Icon 57X57',NULL,NULL,'2018-12-28 21:20:32','2019-01-03 19:18:43','ea9f9f6a-f254-480e-a6b6-cf9de90871f8'),
	(119,137,'es','Apple Touch Icon 60X60',NULL,NULL,'2018-12-28 21:20:32','2019-01-03 19:18:43','e0ec2df8-3b88-4810-b1df-f2c0bb98f319'),
	(120,138,'es','Apple Touch Icon 72X72',NULL,NULL,'2018-12-28 21:20:32','2019-01-03 19:18:43','e2d6d311-488d-47d7-a2b2-aa688ed126a1'),
	(121,139,'es','Apple Touch Icon 76X76',NULL,NULL,'2018-12-28 21:20:33','2019-01-03 19:18:43','e693274a-35d0-478c-9dbb-e47a15fb53ce'),
	(122,140,'es','Code',NULL,NULL,'2018-12-28 21:20:33','2019-01-03 19:18:43','f622228a-ba5a-4c34-92d3-e2047bbb9095'),
	(123,141,'es','Favicon 128',NULL,NULL,'2018-12-28 21:20:33','2019-01-03 19:18:43','3c012711-070c-4721-89fc-812a4cf931a3'),
	(124,142,'es','Favicon 16X16',NULL,NULL,'2018-12-28 21:20:33','2019-01-03 19:18:43','5f5ef6d6-9434-4639-8de5-dbaff2c9f564'),
	(125,143,'es','Favicon 196X196',NULL,NULL,'2018-12-28 21:20:33','2019-01-03 19:18:43','7cabb2d9-2b9e-4005-894d-4eaae011d315'),
	(126,144,'es','Favicon 32X32',NULL,NULL,'2018-12-28 21:20:33','2019-01-03 19:18:44','58118e41-15be-46fa-838b-b68c21f0fb6e'),
	(127,145,'es','Favicon 96X96',NULL,NULL,'2018-12-28 21:20:33','2019-01-03 19:18:44','31f3d0a5-ac27-4560-a3a0-eda4933563c8'),
	(128,146,'es','Mstile 144X144',NULL,NULL,'2018-12-28 21:20:34','2019-01-03 19:18:44','e5fbdbf7-a360-4f2e-9afe-99c672c031ea'),
	(129,147,'es','Mstile 150X150',NULL,NULL,'2018-12-28 21:20:34','2019-01-03 19:18:44','13dac240-4cb1-4053-a097-bf5c80906405'),
	(130,148,'es','Mstile 310X150',NULL,NULL,'2018-12-28 21:20:34','2019-01-03 19:18:44','97d67722-6a5a-4db4-a602-171ea0ff64fc'),
	(131,149,'es','Mstile 310X310',NULL,NULL,'2018-12-28 21:20:34','2019-01-03 19:18:44','bc211adf-a580-4af2-a72c-8408f8d40870'),
	(132,150,'es','Mstile 70X70',NULL,NULL,'2018-12-28 21:20:34','2019-01-03 19:18:44','6ee07433-8f0f-4912-af90-da52c781bd15'),
	(133,151,'es','Hospital1',NULL,NULL,'2018-12-28 21:20:35','2019-01-03 19:18:45','aa705a93-0da7-48e0-bc9c-4abb5dbdf19f'),
	(134,152,'es','Loader',NULL,NULL,'2018-12-28 21:20:37','2019-01-03 19:18:47','6e2e57a0-9d2c-4047-8cf8-05bcc563af0a'),
	(135,153,'es','Map Icon',NULL,NULL,'2018-12-28 21:20:37','2019-01-03 19:18:47','97110760-04cf-41f9-8630-79efd22ba12c'),
	(136,154,'es','Doctor Sub',NULL,NULL,'2018-12-31 15:37:38','2019-01-03 19:18:40','df6b0713-8075-419a-84e9-a961a52f63ed'),
	(137,155,'es','Logo Baby',NULL,NULL,'2018-12-31 15:52:33','2019-01-03 19:18:46','4a6d473e-066f-438e-8a18-7ec2c1fb3bb6'),
	(138,156,'es','Icon',NULL,NULL,'2018-12-31 16:01:11','2019-01-03 19:18:46','562f030f-b494-43e9-810f-98270df85ee8'),
	(139,157,'es','Bg Benefits',NULL,NULL,'2018-12-31 16:24:35','2019-01-03 19:18:38','50e4942d-f877-48c9-b6dd-951800fe2587'),
	(140,158,'es','Security',NULL,NULL,'2019-01-02 21:30:19','2019-01-03 19:18:50','8c51c5b0-fbdd-4c7a-aaee-0e28dc169173'),
	(141,159,'es','Radio On',NULL,NULL,'2019-01-02 21:30:19','2019-01-03 19:18:50','05bfe974-a480-4aec-97a8-2806c1066dce'),
	(142,160,'es','Openpay',NULL,NULL,'2019-01-02 21:30:19','2019-01-03 19:18:47','a9e36bb2-1131-417d-b16a-9a2f301a4115'),
	(143,161,'es','Cvv',NULL,NULL,'2019-01-02 21:30:20','2019-01-03 19:18:39','e5542bf5-2790-4911-b7ba-1c7ac9aa5eb5'),
	(144,162,'es','Cards2',NULL,NULL,'2019-01-02 21:30:20','2019-01-03 19:18:39','94127ae4-6243-4c19-938f-fa580ba0a587'),
	(145,163,'es','Cards1',NULL,NULL,'2019-01-02 21:30:20','2019-01-03 19:18:39','deea4ab4-c10a-4d05-9fca-f173b23e5903');

/*!40000 ALTER TABLE `craft_content` ENABLE KEYS */;
UNLOCK TABLES;


# Dump of table craft_deprecationerrors
# ------------------------------------------------------------

DROP TABLE IF EXISTS `craft_deprecationerrors`;

CREATE TABLE `craft_deprecationerrors` (
  `id` int(11) NOT NULL AUTO_INCREMENT,
  `key` varchar(255) COLLATE utf8_unicode_ci NOT NULL,
  `fingerprint` varchar(255) COLLATE utf8_unicode_ci NOT NULL,
  `lastOccurrence` datetime NOT NULL,
  `file` varchar(255) COLLATE utf8_unicode_ci NOT NULL,
  `line` smallint(6) unsigned NOT NULL,
  `class` varchar(255) COLLATE utf8_unicode_ci DEFAULT NULL,
  `method` varchar(255) COLLATE utf8_unicode_ci DEFAULT NULL,
  `template` varchar(255) COLLATE utf8_unicode_ci DEFAULT NULL,
  `templateLine` smallint(6) unsigned DEFAULT NULL,
  `message` varchar(255) COLLATE utf8_unicode_ci DEFAULT NULL,
  `traces` text COLLATE utf8_unicode_ci,
  `dateCreated` datetime NOT NULL,
  `dateUpdated` datetime NOT NULL,
  `uid` char(36) COLLATE utf8_unicode_ci NOT NULL DEFAULT '0',
  PRIMARY KEY (`id`),
  UNIQUE KEY `craft_deprecationerrors_key_fingerprint_unq_idx` (`key`,`fingerprint`)
) ENGINE=InnoDB DEFAULT CHARSET=utf8 COLLATE=utf8_unicode_ci;

LOCK TABLES `craft_deprecationerrors` WRITE;
/*!40000 ALTER TABLE `craft_deprecationerrors` DISABLE KEYS */;

INSERT INTO `craft_deprecationerrors` (`id`, `key`, `fingerprint`, `lastOccurrence`, `file`, `line`, `class`, `method`, `template`, `templateLine`, `message`, `traces`, `dateCreated`, `dateUpdated`, `uid`)
VALUES
	(1,'PluginsService::method_hook_prefix','Craft\\PluginsService:583','2019-01-04 16:25:18','/Applications/MAMP/htdocs/turismo_maternidad/craft/app/services/PluginsService.php',583,'Craft\\PluginsService','call',NULL,NULL,'The “hook” prefix on the Craft\\NutisPaysPlugin::hookRegisterCpRoutes() method name has been deprecated. It should be renamed to registerCpRoutes().','[{\"objectClass\":\"Craft\\\\DeprecatorService\",\"file\":\"\\/Applications\\/MAMP\\/htdocs\\/turismo_maternidad\\/craft\\/app\\/services\\/PluginsService.php\",\"line\":583,\"class\":\"Craft\\\\DeprecatorService\",\"method\":\"log\",\"args\":\"\\\"PluginsService::method_hook_prefix\\\", \\\"The \\u201chook\\u201d prefix on the Craft\\\\NutisPaysPlugin::hookRegister...\\\"\"},{\"objectClass\":\"Craft\\\\PluginsService\",\"file\":\"\\/Applications\\/MAMP\\/htdocs\\/turismo_maternidad\\/craft\\/app\\/etc\\/web\\/UrlManager.php\",\"line\":354,\"class\":\"Craft\\\\PluginsService\",\"method\":\"call\",\"args\":\"\\\"registerCpRoutes\\\"\"},{\"objectClass\":\"Craft\\\\UrlManager\",\"file\":\"\\/Applications\\/MAMP\\/htdocs\\/turismo_maternidad\\/craft\\/app\\/etc\\/web\\/UrlManager.php\",\"line\":153,\"class\":\"Craft\\\\UrlManager\",\"method\":\"_getMatchedUrlRoute\",\"args\":\"\\\"nutispays\\\"\"},{\"objectClass\":\"Craft\\\\UrlManager\",\"file\":\"\\/Applications\\/MAMP\\/htdocs\\/turismo_maternidad\\/craft\\/app\\/framework\\/web\\/CWebApplication.php\",\"line\":140,\"class\":\"Craft\\\\UrlManager\",\"method\":\"parseUrl\",\"args\":\"Craft\\\\HttpRequestService\"},{\"objectClass\":\"Craft\\\\WebApp\",\"file\":\"\\/Applications\\/MAMP\\/htdocs\\/turismo_maternidad\\/craft\\/app\\/etc\\/web\\/WebApp.php\",\"line\":290,\"class\":\"CWebApplication\",\"method\":\"processRequest\",\"args\":null},{\"objectClass\":\"Craft\\\\WebApp\",\"file\":\"\\/Applications\\/MAMP\\/htdocs\\/turismo_maternidad\\/craft\\/app\\/framework\\/base\\/CApplication.php\",\"line\":185,\"class\":\"Craft\\\\WebApp\",\"method\":\"processRequest\",\"args\":null},{\"objectClass\":\"Craft\\\\WebApp\",\"file\":\"\\/Applications\\/MAMP\\/htdocs\\/turismo_maternidad\\/craft\\/app\\/index.php\",\"line\":62,\"class\":\"CApplication\",\"method\":\"run\",\"args\":null},{\"objectClass\":null,\"file\":\"\\/Applications\\/MAMP\\/htdocs\\/turismo_maternidad\\/html\\/index.php\",\"line\":19,\"class\":null,\"method\":\"require_once\",\"args\":\"\\\"\\/Applications\\/MAMP\\/htdocs\\/turismo_maternidad\\/craft\\/app\\/index.php\\\"\"}]','2018-12-26 17:23:36','2019-01-04 16:25:18','3c862281-9ea0-4e57-a01f-cacecd42c55c');

/*!40000 ALTER TABLE `craft_deprecationerrors` ENABLE KEYS */;
UNLOCK TABLES;


# Dump of table craft_elementindexsettings
# ------------------------------------------------------------

DROP TABLE IF EXISTS `craft_elementindexsettings`;

CREATE TABLE `craft_elementindexsettings` (
  `id` int(11) NOT NULL AUTO_INCREMENT,
  `type` varchar(150) COLLATE utf8_unicode_ci NOT NULL,
  `settings` text COLLATE utf8_unicode_ci,
  `dateCreated` datetime NOT NULL,
  `dateUpdated` datetime NOT NULL,
  `uid` char(36) COLLATE utf8_unicode_ci NOT NULL DEFAULT '0',
  PRIMARY KEY (`id`),
  UNIQUE KEY `craft_elementindexsettings_type_unq_idx` (`type`)
) ENGINE=InnoDB DEFAULT CHARSET=utf8 COLLATE=utf8_unicode_ci;

LOCK TABLES `craft_elementindexsettings` WRITE;
/*!40000 ALTER TABLE `craft_elementindexsettings` DISABLE KEYS */;

INSERT INTO `craft_elementindexsettings` (`id`, `type`, `settings`, `dateCreated`, `dateUpdated`, `uid`)
VALUES
	(1,'NutisPays_Client','{\"sources\":{\"*\":{\"tableAttributes\":{\"1\":\"email\"}}}}','2018-12-27 19:46:55','2018-12-27 19:46:55','9c0dc013-9d6a-4b4f-9cb9-667561fe9f8e');

/*!40000 ALTER TABLE `craft_elementindexsettings` ENABLE KEYS */;
UNLOCK TABLES;


# Dump of table craft_elements
# ------------------------------------------------------------

DROP TABLE IF EXISTS `craft_elements`;

CREATE TABLE `craft_elements` (
  `id` int(11) NOT NULL AUTO_INCREMENT,
  `type` varchar(150) COLLATE utf8_unicode_ci NOT NULL,
  `enabled` tinyint(1) unsigned NOT NULL DEFAULT '1',
  `archived` tinyint(1) unsigned NOT NULL DEFAULT '0',
  `dateCreated` datetime NOT NULL,
  `dateUpdated` datetime NOT NULL,
  `uid` char(36) COLLATE utf8_unicode_ci NOT NULL DEFAULT '0',
  PRIMARY KEY (`id`),
  KEY `craft_elements_type_idx` (`type`),
  KEY `craft_elements_enabled_idx` (`enabled`),
  KEY `craft_elements_archived_dateCreated_idx` (`archived`,`dateCreated`)
) ENGINE=InnoDB DEFAULT CHARSET=utf8 COLLATE=utf8_unicode_ci;

LOCK TABLES `craft_elements` WRITE;
/*!40000 ALTER TABLE `craft_elements` DISABLE KEYS */;

INSERT INTO `craft_elements` (`id`, `type`, `enabled`, `archived`, `dateCreated`, `dateUpdated`, `uid`)
VALUES
	(1,'User',1,0,'2017-12-24 03:05:18','2018-10-05 17:54:11','34a0848f-3dfa-4075-abe2-3c2fb8df179c'),
	(2,'Entry',1,0,'2017-12-24 03:05:19','2018-01-04 19:25:27','1014d128-a938-422a-86bc-ca3bef3a6642'),
	(3,'Entry',1,0,'2017-12-24 03:05:20','2017-12-24 03:05:20','d4576a83-48bd-4ac1-9caa-c387203e520b'),
	(4,'Asset',1,0,'2017-12-25 18:46:50','2019-01-03 19:18:48','fc54cb35-8768-4dc1-9058-79f556a15232'),
	(6,'Asset',1,0,'2017-12-25 18:47:05','2019-01-03 19:18:46','819d1c48-cfdd-4e2c-8249-5824227aed0e'),
	(8,'Asset',1,0,'2017-12-25 18:47:27','2019-01-03 19:18:46','9688fd15-588a-4e84-b12f-ed126bb4b9ac'),
	(10,'Asset',1,0,'2017-12-25 19:43:23','2019-01-03 19:18:47','459407f9-ffc8-44ee-b29e-b3be288440f9'),
	(11,'Asset',1,0,'2017-12-26 02:34:45','2019-01-03 19:18:51','6e016556-e08f-460e-863f-0265dd3014c9'),
	(12,'Asset',1,0,'2017-12-26 02:44:37','2019-01-03 19:18:51','b7b4f575-7264-4100-9544-94cb5c2230be'),
	(16,'Asset',1,0,'2017-12-26 04:56:33','2019-01-03 19:18:45','ec837d46-c075-453f-97ee-0f3c374e8a07'),
	(17,'Asset',1,0,'2017-12-26 07:08:00','2019-01-03 19:18:40','1acbc481-18e6-499d-9fb5-07f4452e08f9'),
	(19,'Asset',1,0,'2017-12-26 07:54:50','2019-01-03 19:18:49','64f1eeb8-a51b-4dbc-add3-ffc112f0759a'),
	(20,'Asset',1,0,'2017-12-26 07:54:50','2019-01-03 19:18:38','1b4fe30a-c2a8-4d34-9207-2e1cc4db97d0'),
	(21,'Asset',1,0,'2017-12-26 07:54:51','2019-01-03 19:18:41','8a735bd7-3e7c-446c-93ec-0baf8077b0a3'),
	(22,'Asset',1,0,'2017-12-26 07:54:51','2019-01-03 19:18:47','f7a6e74b-09fa-4af8-a49f-541cb65fc62e'),
	(23,'Asset',1,0,'2017-12-26 07:54:51','2019-01-03 19:18:48','3199c117-fcc1-491e-9b97-dccd2c4569cd'),
	(24,'Asset',1,0,'2017-12-26 08:45:45','2019-01-03 19:18:48','06716870-5d42-47c0-ad8f-80c70291e1ce'),
	(26,'Asset',1,0,'2017-12-26 09:18:07','2019-01-03 19:18:41','3e608ae5-6828-4a9e-9921-5b0e16e0429e'),
	(27,'Asset',1,0,'2017-12-26 09:18:08','2019-01-03 19:18:46','730c29eb-d370-4c52-829e-c7378d44eb25'),
	(28,'Asset',1,0,'2017-12-26 09:18:08','2019-01-03 19:18:47','5cbea24c-bbd4-4ecc-9411-742d236fedb5'),
	(29,'Asset',1,0,'2017-12-26 09:18:08','2019-01-03 19:18:47','8837cd76-b08f-460a-905a-cb9841c76e41'),
	(30,'Asset',1,0,'2017-12-26 09:18:09','2019-01-03 19:18:50','ee5c068c-1e00-43ec-97d6-59216ef03c0b'),
	(31,'Asset',1,0,'2017-12-26 09:38:27','2019-01-03 19:18:45','f4201c69-988a-49dd-b0d6-d39101eff96c'),
	(33,'Asset',1,0,'2017-12-26 09:47:10','2019-01-03 19:18:45','a01948db-5a98-45ca-a252-ed66911406b7'),
	(37,'Entry',1,0,'2017-12-27 21:32:28','2017-12-31 04:07:53','3cee1eaf-ec4f-4a5b-a97f-fdf0fdb48403'),
	(38,'Asset',1,0,'2017-12-28 07:23:45','2019-01-03 19:18:48','9098ea8c-af36-46ba-85c9-b4433ee00aae'),
	(39,'Asset',1,0,'2017-12-28 07:52:55','2019-01-03 19:18:41','f77d4fef-9447-4b80-bb42-c993dd401846'),
	(40,'Asset',1,0,'2017-12-28 08:01:56','2019-01-03 19:18:48','9b726918-f819-4b6f-9ffb-abc00045c15e'),
	(41,'Asset',1,0,'2017-12-28 08:04:02','2019-01-03 19:18:38','ab19f38a-68e3-4647-8c7e-3b5255e62925'),
	(42,'Asset',1,0,'2017-12-28 08:04:02','2019-01-03 19:18:40','b98401ee-4ed2-4ffa-972c-0bf4e4342a39'),
	(43,'Asset',1,0,'2017-12-28 08:21:33','2019-01-03 19:18:45','d9f581f8-a7f3-44ec-8d7a-afa9483e8c66'),
	(45,'Asset',1,0,'2017-12-28 09:08:23','2019-01-03 19:18:41','a856bd1b-dade-49e8-a7c1-5f05c4e2a33e'),
	(46,'Asset',1,0,'2017-12-28 19:06:41','2019-01-03 19:18:48','482f3954-3185-44e7-8e8f-8f672188ac20'),
	(47,'Asset',1,0,'2017-12-28 19:21:59','2019-01-03 19:18:49','5e649684-fd05-47e4-9472-e694812cc763'),
	(48,'Asset',1,0,'2017-12-28 19:55:00','2019-01-03 19:18:49','433e80cf-2c20-44fe-9eb1-4dadc67e577e'),
	(50,'Asset',1,0,'2017-12-28 19:56:09','2019-01-03 19:18:49','2038004b-e695-4f29-8233-5fc670f32bf3'),
	(51,'Asset',1,0,'2017-12-28 21:27:09','2019-01-03 19:18:42','941aa6a4-5f4e-409a-9d48-4b8ecd3126ed'),
	(52,'Asset',1,0,'2017-12-28 21:27:09','2019-01-03 19:18:51','6816122b-176b-478b-9cd4-b697212f35a2'),
	(53,'Asset',1,0,'2017-12-28 21:46:27','2019-01-03 19:18:40','76ea098c-6cbb-4b74-af3f-ae9be40f1885'),
	(54,'Entry',1,0,'2017-12-28 21:47:14','2017-12-31 04:14:20','e2627a7e-6db9-4a0c-b9a1-f372b3182c9c'),
	(55,'Entry',1,0,'2017-12-28 21:47:27','2017-12-31 04:16:10','5f57228f-af81-4eb6-9fa6-69f5c2d53296'),
	(56,'Entry',1,0,'2017-12-28 21:47:40','2017-12-31 04:17:25','5c043ed9-89c0-47b6-8830-76579bab2d32'),
	(58,'Asset',1,0,'2017-12-28 22:04:33','2019-01-03 19:18:41','05ad5357-329b-4655-9174-d5abb6df9ce9'),
	(59,'Asset',1,0,'2017-12-28 22:54:09','2019-01-03 19:18:41','feeabf5e-0bf7-4def-a35e-ad661f8a0af6'),
	(60,'Asset',1,0,'2017-12-28 23:15:26','2019-01-03 19:18:45','2f82db63-602c-4407-ac1d-4a740ebc70bf'),
	(61,'Asset',1,0,'2017-12-28 23:15:26','2019-01-03 19:18:45','70ce1489-8701-4b01-ab02-a0ce66605ee9'),
	(62,'Asset',1,0,'2017-12-28 23:15:26','2019-01-03 19:18:50','2360a4e4-d23d-4f5e-8665-8cc72611c4f3'),
	(63,'Asset',1,0,'2017-12-28 23:15:26','2019-01-03 19:18:50','443477fb-8bdd-4086-8af7-e43ee7902a62'),
	(64,'Asset',1,0,'2017-12-28 23:15:27','2019-01-03 19:18:50','a089cfbc-b2fe-4d90-bebf-f0753d49405f'),
	(65,'Asset',1,0,'2017-12-28 23:15:27','2019-01-03 19:18:51','5eced838-36d5-4fe7-986d-d0d93db1416f'),
	(66,'Asset',1,0,'2017-12-29 09:11:59','2019-01-03 19:18:39','c1a8b9d9-2dcb-492f-9025-1a8a41022790'),
	(67,'Asset',1,0,'2017-12-29 09:11:59','2019-01-03 19:18:49','f8f1134b-9820-49d3-bbe5-408a4d67ba07'),
	(68,'Asset',1,0,'2017-12-29 09:18:11','2019-01-03 19:18:38','1a515815-dd36-41da-9020-c00e810e223d'),
	(69,'Asset',1,0,'2017-12-29 09:30:02','2019-01-03 19:18:51','dc8004e6-b7d9-4a1c-a160-eac9c469901a'),
	(70,'Asset',1,0,'2017-12-31 02:26:47','2019-01-03 19:18:42','6ca1461c-4999-441a-88f8-5f6c3a67d79b'),
	(71,'Asset',1,0,'2017-12-31 03:30:23','2019-01-03 19:18:39','3283af62-1da7-42b6-bd79-bb5094627282'),
	(72,'Entry',1,0,'2017-12-31 03:32:38','2017-12-31 04:18:58','ad807fe5-3ab9-4825-9642-a0bae5d1b1ca'),
	(73,'Entry',1,0,'2017-12-31 03:33:00','2018-08-10 17:30:13','317766f3-4a1a-4cc8-b617-fe118f35f183'),
	(74,'Asset',1,0,'2017-12-31 04:04:12','2019-01-03 19:18:48','e199b548-296f-4251-a84e-7be7926cb354'),
	(75,'Asset',1,0,'2017-12-31 04:14:04','2019-01-03 19:18:48','26dbb89b-b827-4249-b73d-517e6b25cdc1'),
	(76,'Asset',1,0,'2017-12-31 04:16:03','2019-01-03 19:18:49','23d9b5fb-0a1f-41c9-bad2-1f0fa01cf916'),
	(77,'Asset',1,0,'2017-12-31 04:17:07','2019-01-03 19:18:40','55919440-acf6-4f06-aa20-f91fd4fcfc56'),
	(78,'Asset',1,0,'2017-12-31 04:18:32','2019-01-03 19:18:45','be31b7fd-ad64-4bcc-8bb1-18c011f0e689'),
	(79,'Asset',1,0,'2017-12-31 04:20:29','2019-01-03 19:18:42','80a8410a-353c-4fd7-9bac-d3bf6850a4d3'),
	(80,'Asset',1,0,'2017-12-31 06:17:28','2019-01-03 19:18:39','dabcc290-1ee5-4b62-b22b-2eda0b67ee03'),
	(82,'Asset',1,0,'2017-12-31 07:26:53','2019-01-03 19:18:37','ff0dc8fb-4654-4636-b442-a750a581d661'),
	(85,'Entry',1,0,'2018-01-05 16:32:50','2018-01-05 16:32:50','a2d41b64-ba9f-489f-b678-3d5b4b49ed1b'),
	(86,'Asset',1,0,'2018-01-05 19:02:26','2019-01-03 19:18:49','0548f539-d2ab-4b16-a4c4-dcfeddc74aba'),
	(92,'Asset',1,0,'2018-07-30 15:34:58','2019-01-03 19:18:46','53c7258f-d46a-404c-a8d4-352bcd3aa2b5'),
	(93,'Asset',1,0,'2018-07-30 17:40:29','2019-01-03 19:18:42','891df8ce-87da-4c35-8c70-f1725bba7c13'),
	(94,'Asset',1,0,'2018-07-30 17:40:29','2019-01-03 19:18:51','a30010e4-7f4a-48c5-953d-3dbe45970f24'),
	(95,'Asset',1,0,'2018-07-30 20:40:20','2019-01-03 19:18:40','467c2e7d-6d3b-4367-bfeb-b345e8db373f'),
	(96,'MatrixBlock',1,0,'2018-07-30 20:52:54','2018-08-10 17:30:13','88df5233-3816-4ba2-8ac7-9a4cb94906a7'),
	(97,'MatrixBlock',1,0,'2018-07-30 20:52:54','2018-08-10 17:30:13','b7c882cf-ecdd-43fb-9f2e-34736e4e8f7b'),
	(98,'MatrixBlock',1,0,'2018-07-30 20:52:54','2018-08-10 17:30:13','259e9ffe-1370-47cb-8b65-1261fd2ee759'),
	(99,'MatrixBlock',1,0,'2018-07-30 20:52:54','2018-08-10 17:30:13','5ca36e4a-e5cf-4c5c-b64f-354890181471'),
	(100,'MatrixBlock',1,0,'2018-07-30 20:52:54','2018-08-10 17:30:13','d139a1e4-5795-4dc2-abca-076595886722'),
	(101,'MatrixBlock',1,0,'2018-07-30 20:52:54','2018-08-10 17:30:13','f0d4f05b-4150-4f57-8e4a-118573dbff7c'),
	(102,'MatrixBlock',1,0,'2018-07-30 20:52:54','2018-08-10 17:30:13','ceb32f52-76cb-4031-a031-c464b0e34106'),
	(103,'MatrixBlock',1,0,'2018-07-30 20:52:54','2018-08-10 17:30:13','e5b46288-c720-4ab6-b86b-d2dd44b50260'),
	(104,'MatrixBlock',1,0,'2018-07-30 20:52:54','2018-08-10 17:30:13','b265a9db-1e08-469f-8dfb-2ddd7ae22f68'),
	(105,'MatrixBlock',1,0,'2018-07-30 20:52:54','2018-08-10 17:30:13','5e8e1c13-ef27-4d04-84b2-e287d57df704'),
	(106,'MatrixBlock',1,0,'2018-07-30 20:52:54','2018-08-10 17:30:13','0bb0e6f4-3a6d-456a-b8ef-4e62172c7a32'),
	(107,'MatrixBlock',1,0,'2018-07-30 20:52:54','2018-08-10 17:30:13','87ea2d4c-d248-43f8-a6b7-4920d035cc64'),
	(108,'MatrixBlock',1,0,'2018-07-30 20:52:54','2018-08-10 17:30:13','223885d8-1576-4107-b855-f7a3a6bc3d0b'),
	(109,'MatrixBlock',1,0,'2018-07-30 20:52:54','2018-08-10 17:30:13','c2b6f74c-2129-4232-82d3-366ddf355d33'),
	(110,'MatrixBlock',1,0,'2018-07-30 20:52:54','2018-08-10 17:30:13','ccecc0ac-7e3b-4a34-9c0f-7ecd40ff70fa'),
	(111,'MatrixBlock',1,0,'2018-07-30 20:52:54','2018-08-10 17:30:13','dfa20cfa-4cfa-4170-992f-497412d8767b'),
	(112,'MatrixBlock',1,0,'2018-07-30 20:52:54','2018-08-10 17:30:13','486646eb-64c5-4383-811b-f309fb88e1d0'),
	(113,'MatrixBlock',1,0,'2018-07-30 20:52:54','2018-08-10 17:30:13','79685cd1-a9f8-40ea-a7ec-49aff8e8120f'),
	(115,'Asset',1,0,'2018-08-05 19:32:32','2019-01-03 19:18:39','50ddc025-1852-4da3-93cf-9f115d03e588'),
	(116,'Asset',1,0,'2018-08-05 19:32:32','2019-01-03 19:18:50','51e5077a-e99b-4b4a-9834-7a3ceaf2154e'),
	(117,'Asset',1,0,'2018-08-05 20:38:48','2019-01-03 19:18:39','add7fef1-8141-4af4-b76c-06fdc4498c88'),
	(118,'Asset',1,0,'2018-09-10 05:15:15','2019-01-03 19:18:50','08b42238-d6ab-483b-9ba1-1145e3d76515'),
	(119,'Asset',1,0,'2018-10-09 16:32:59','2019-01-03 19:18:46','a5363542-e954-40ce-9716-3beabd385389'),
	(120,'Entry',1,0,'2018-12-21 21:27:31','2018-12-21 21:27:31','45b700ac-f75f-477f-879c-6d87ed0c16f6'),
	(123,'Asset',1,0,'2018-12-24 16:17:19','2019-01-03 19:18:51','e2abdf2d-60c3-468a-acae-f8d62d0270c4'),
	(124,'Asset',1,0,'2018-12-24 16:17:19','2019-01-03 19:18:47','d26cbfe8-f40a-4de4-b1e0-dadbeb9a239f'),
	(125,'Asset',1,0,'2018-12-24 16:17:19','2019-01-03 19:18:38','994cdba1-8e02-461a-a5ca-f773a3a8f1a5'),
	(126,'Entry',1,0,'2018-12-28 15:32:44','2018-12-28 16:18:01','424f5f41-b53e-47db-8d2d-7048dafdba7a'),
	(129,'Asset',1,0,'2018-12-28 21:20:28','2019-01-03 19:18:38','135a63c0-4526-49c0-be72-e8d582430960'),
	(130,'Asset',1,0,'2018-12-28 21:20:30','2019-01-03 19:18:40','f517f072-08e5-4aa4-9cb4-4a367b470786'),
	(131,'Asset',1,0,'2018-12-28 21:20:30','2019-01-03 19:18:41','56578042-bb1c-4330-b46d-85d1c8be4f23'),
	(132,'Asset',1,0,'2018-12-28 21:20:32','2019-01-03 19:18:42','d3ca7b69-6736-4811-8237-a4a3bc5ae48e'),
	(133,'Asset',1,0,'2018-12-28 21:20:32','2019-01-03 19:18:42','853e6453-a420-4f59-9ac2-f998b4c92fbd'),
	(134,'Asset',1,0,'2018-12-28 21:20:32','2019-01-03 19:18:42','0d4de240-188d-4f9b-83ca-70a9e64f36d5'),
	(135,'Asset',1,0,'2018-12-28 21:20:32','2019-01-03 19:18:43','6fa6f225-eba9-4239-ad99-2374b75e48c4'),
	(136,'Asset',1,0,'2018-12-28 21:20:32','2019-01-03 19:18:43','d5adf14f-2d77-4048-b426-b0e04019dc27'),
	(137,'Asset',1,0,'2018-12-28 21:20:32','2019-01-03 19:18:43','71a81b48-03ee-4b47-af22-2afb36893064'),
	(138,'Asset',1,0,'2018-12-28 21:20:32','2019-01-03 19:18:43','6ce84d75-e135-412e-bff2-c9ea138e406c'),
	(139,'Asset',1,0,'2018-12-28 21:20:33','2019-01-03 19:18:43','1f9ad01d-698a-4b1e-ac19-abaa231d7732'),
	(140,'Asset',1,0,'2018-12-28 21:20:33','2019-01-03 19:18:43','5e5fc10e-5345-4d75-b168-63849e17d726'),
	(141,'Asset',1,0,'2018-12-28 21:20:33','2019-01-03 19:18:43','59b6659e-fa2e-4c73-b3f8-a512fcc4c75c'),
	(142,'Asset',1,0,'2018-12-28 21:20:33','2019-01-03 19:18:43','25d0a623-0b61-40e5-a82f-f43d53fe96ae'),
	(143,'Asset',1,0,'2018-12-28 21:20:33','2019-01-03 19:18:43','0a565f69-fea3-4ed5-bd71-a1ecfcc19d02'),
	(144,'Asset',1,0,'2018-12-28 21:20:33','2019-01-03 19:18:44','a0869969-429e-45bb-96f4-6353332e6f93'),
	(145,'Asset',1,0,'2018-12-28 21:20:33','2019-01-03 19:18:44','14013850-a140-4c71-8876-323d386939ec'),
	(146,'Asset',1,0,'2018-12-28 21:20:34','2019-01-03 19:18:44','7ab36908-600a-48f2-a316-9b2a9e230209'),
	(147,'Asset',1,0,'2018-12-28 21:20:34','2019-01-03 19:18:44','7c186efc-350f-45f5-84eb-88f7d7cf59d9'),
	(148,'Asset',1,0,'2018-12-28 21:20:34','2019-01-03 19:18:44','4b1a948d-0200-4572-a850-1e1dbd847ba3'),
	(149,'Asset',1,0,'2018-12-28 21:20:34','2019-01-03 19:18:44','049a2105-50a6-45ea-a038-e5c5099f090a'),
	(150,'Asset',1,0,'2018-12-28 21:20:34','2019-01-03 19:18:44','1312a6b7-957c-430c-bc65-1907526684c9'),
	(151,'Asset',1,0,'2018-12-28 21:20:35','2019-01-03 19:18:45','0e41e5c1-17ff-4788-ad13-bc2b7be777a0'),
	(152,'Asset',1,0,'2018-12-28 21:20:37','2019-01-03 19:18:47','d4916008-1ca0-4727-9851-9f7d0db91bb6'),
	(153,'Asset',1,0,'2018-12-28 21:20:37','2019-01-03 19:18:47','039d9486-42e7-4751-8bcd-7da9c108d0db'),
	(154,'Asset',1,0,'2018-12-31 15:37:38','2019-01-03 19:18:40','a19a2730-71f5-4bbe-8cab-0b267b9b2cb3'),
	(155,'Asset',1,0,'2018-12-31 15:52:33','2019-01-03 19:18:46','89f333d0-bcf2-4cf8-9331-bf423f809f1b'),
	(156,'Asset',1,0,'2018-12-31 16:01:11','2019-01-03 19:18:46','713944a0-c49a-4cd8-9521-f07141de4135'),
	(157,'Asset',1,0,'2018-12-31 16:24:35','2019-01-03 19:18:38','02d7f2d0-69c1-4d7a-ac1c-b33656d38901'),
	(158,'Asset',1,0,'2019-01-02 21:30:19','2019-01-03 19:18:50','43bfcf17-7a11-4e4f-a593-a72be9c9a4f9'),
	(159,'Asset',1,0,'2019-01-02 21:30:19','2019-01-03 19:18:50','a568ff0a-7ba5-4359-ae95-752745f56d57'),
	(160,'Asset',1,0,'2019-01-02 21:30:19','2019-01-03 19:18:47','fdc5f7db-87b8-47de-a8fd-7b81b11f48c9'),
	(161,'Asset',1,0,'2019-01-02 21:30:20','2019-01-03 19:18:39','ac58a38e-50dd-4b95-bd84-37ad932ad404'),
	(162,'Asset',1,0,'2019-01-02 21:30:20','2019-01-03 19:18:39','b55de7c7-0211-4b9b-9401-cfe95c829676'),
	(163,'Asset',1,0,'2019-01-02 21:30:20','2019-01-03 19:18:39','cd313840-0313-42e1-a964-9ce10bf043d1');

/*!40000 ALTER TABLE `craft_elements` ENABLE KEYS */;
UNLOCK TABLES;


# Dump of table craft_elements_i18n
# ------------------------------------------------------------

DROP TABLE IF EXISTS `craft_elements_i18n`;

CREATE TABLE `craft_elements_i18n` (
  `id` int(11) NOT NULL AUTO_INCREMENT,
  `elementId` int(11) NOT NULL,
  `locale` char(12) COLLATE utf8_unicode_ci NOT NULL,
  `slug` varchar(255) COLLATE utf8_unicode_ci DEFAULT NULL,
  `uri` varchar(255) COLLATE utf8_unicode_ci DEFAULT NULL,
  `enabled` tinyint(1) unsigned NOT NULL DEFAULT '1',
  `dateCreated` datetime NOT NULL,
  `dateUpdated` datetime NOT NULL,
  `uid` char(36) COLLATE utf8_unicode_ci NOT NULL DEFAULT '0',
  PRIMARY KEY (`id`),
  UNIQUE KEY `craft_elements_i18n_elementId_locale_unq_idx` (`elementId`,`locale`),
  UNIQUE KEY `craft_elements_i18n_uri_locale_unq_idx` (`uri`,`locale`),
  KEY `craft_elements_i18n_slug_locale_idx` (`slug`,`locale`),
  KEY `craft_elements_i18n_enabled_idx` (`enabled`),
  KEY `craft_elements_i18n_locale_fk` (`locale`),
  CONSTRAINT `craft_elements_i18n_elementId_fk` FOREIGN KEY (`elementId`) REFERENCES `craft_elements` (`id`) ON DELETE CASCADE,
  CONSTRAINT `craft_elements_i18n_locale_fk` FOREIGN KEY (`locale`) REFERENCES `craft_locales` (`locale`) ON DELETE CASCADE ON UPDATE CASCADE
) ENGINE=InnoDB DEFAULT CHARSET=utf8 COLLATE=utf8_unicode_ci;

LOCK TABLES `craft_elements_i18n` WRITE;
/*!40000 ALTER TABLE `craft_elements_i18n` DISABLE KEYS */;

INSERT INTO `craft_elements_i18n` (`id`, `elementId`, `locale`, `slug`, `uri`, `enabled`, `dateCreated`, `dateUpdated`, `uid`)
VALUES
	(1,1,'es','',NULL,1,'2017-12-24 03:05:18','2018-10-05 17:54:11','db492444-2a3a-4050-b88b-2aec325ab6c4'),
	(2,2,'es','homepage','__home__',1,'2017-12-24 03:05:19','2018-01-04 19:25:27','6811523c-fee7-4ff6-8390-d95f0b959f8d'),
	(3,3,'es','we-just-installed-craft','news/2017/we-just-installed-craft',1,'2017-12-24 03:05:20','2017-12-24 03:05:20','ef2f8e44-25a2-4bdb-b9cc-c5f9af6549aa'),
	(4,4,'es','pink-wave',NULL,1,'2017-12-25 18:46:50','2019-01-03 19:18:48','f6ac3149-131c-4052-82df-417ae7c0fb4b'),
	(6,6,'es','logo-color',NULL,1,'2017-12-25 18:47:05','2019-01-03 19:18:46','a4ab5a0a-5afc-497c-a15d-935d260b2be8'),
	(8,8,'es','logo-blanco',NULL,1,'2017-12-25 18:47:27','2019-01-03 19:18:46','7ae20e1d-0f7b-459d-a0a4-96a7c50c915a'),
	(10,10,'es','main-cover',NULL,1,'2017-12-25 19:43:23','2019-01-03 19:18:47','c2b033ee-68d9-45d6-b817-7687ad40b81b'),
	(11,11,'es','us-logo',NULL,1,'2017-12-26 02:34:45','2019-01-03 19:18:51','721e658f-3118-4291-afff-4dc98fd521f7'),
	(12,12,'es','white-wave',NULL,1,'2017-12-26 02:44:37','2019-01-03 19:18:51','af974608-79d6-42f0-8b7b-dda761750050'),
	(16,16,'es','iso-logo',NULL,1,'2017-12-26 04:56:33','2019-01-03 19:18:45','1b208e40-9fa8-49c1-a785-3ee6856c92e1'),
	(17,17,'es','doctor-nutis',NULL,1,'2017-12-26 07:08:00','2019-01-03 19:18:40','ffc44a86-78b3-4d06-8964-0574182455d0'),
	(19,19,'es','preparacion',NULL,1,'2017-12-26 07:54:50','2019-01-03 19:18:49','b8f4774f-2ac1-4280-aaa8-4232020d31d4'),
	(20,20,'es','avion',NULL,1,'2017-12-26 07:54:50','2019-01-03 19:18:38','ab184090-6d43-4388-a450-c9a3cd0d1407'),
	(21,21,'es','espera',NULL,1,'2017-12-26 07:54:51','2019-01-03 19:18:41','b6e55b32-816e-4708-acf3-ad98229aa944'),
	(22,22,'es','nacimiento',NULL,1,'2017-12-26 07:54:51','2019-01-03 19:18:47','90f08dde-0d37-4582-be2e-ba19bb8d6a85'),
	(23,23,'es','parto',NULL,1,'2017-12-26 07:54:51','2019-01-03 19:18:48','be2a9234-a899-43b9-ad3e-2392e708c994'),
	(24,24,'es','preparacion',NULL,1,'2017-12-26 08:45:45','2019-01-03 19:18:49','d3cb0466-bd06-4065-9fc6-dce3ee5aa6a7'),
	(26,26,'es','espera',NULL,1,'2017-12-26 09:18:07','2019-01-03 19:18:41','f3263d61-2361-4b30-9c95-5da5ed2b2e9d'),
	(27,27,'es','llegada',NULL,1,'2017-12-26 09:18:08','2019-01-03 19:18:46','4da6a6dd-bf7d-4e17-9327-199db0ac4b92'),
	(28,28,'es','nacimiento',NULL,1,'2017-12-26 09:18:08','2019-01-03 19:18:47','5ad718d2-89b8-43c8-874a-8b2010ea374b'),
	(29,29,'es','parto',NULL,1,'2017-12-26 09:18:08','2019-01-03 19:18:47','47355726-6696-4986-85d6-b5d2f92344af'),
	(30,30,'es','regreso',NULL,1,'2017-12-26 09:18:09','2019-01-03 19:18:50','181865c9-08fa-41eb-9752-828b4ac32ebb'),
	(31,31,'es','las-palmas',NULL,1,'2017-12-26 09:38:27','2019-01-03 19:18:45','7bfc103c-e04a-42a3-8339-d6b850bf0044'),
	(33,33,'es','las-palmas-logo',NULL,1,'2017-12-26 09:47:10','2019-01-03 19:18:45','d046e4f5-c40d-4e11-b3db-5f0fef776d05'),
	(37,37,'es','precios','precios',1,'2017-12-27 21:32:28','2017-12-31 04:07:53','17eb323d-766d-49cf-ac65-77b551f7d951'),
	(38,38,'es','precios',NULL,1,'2017-12-28 07:23:46','2019-01-03 19:18:48','3946944a-5c26-40a6-a389-0c01a4e76294'),
	(39,39,'es','dr-nutis-small',NULL,1,'2017-12-28 07:52:55','2019-01-03 19:18:41','8b1b0103-6f0e-4d75-b2b5-5385b955d999'),
	(40,40,'es','pediatra',NULL,1,'2017-12-28 08:01:56','2019-01-03 19:18:48','167d1408-c5d7-446c-ae1f-0fe194253ce0'),
	(41,41,'es','anestesiologo-small',NULL,1,'2017-12-28 08:04:02','2019-01-03 19:18:38','22e4b851-8bc1-4546-9996-d24acc1fd872'),
	(42,42,'es','del-sol-small',NULL,1,'2017-12-28 08:04:02','2019-01-03 19:18:40','3b6ef1c5-d44b-4399-83ec-e4b5115a8c74'),
	(43,43,'es','financiamiento-back',NULL,1,'2017-12-28 08:21:33','2019-01-03 19:18:45','996501f0-d43f-455f-b839-ccefc5b70289'),
	(45,45,'es','financiamiento',NULL,1,'2017-12-28 09:08:23','2019-01-03 19:18:41','012093b2-093d-4431-8ce8-43310afbcc11'),
	(46,46,'es','paso-paso-back',NULL,1,'2017-12-28 19:06:41','2019-01-03 19:18:48','7f078733-2594-4354-aa5f-74c18ee45c60'),
	(47,47,'es','proceso-migratorio-back',NULL,1,'2017-12-28 19:21:59','2019-01-03 19:18:49','75608645-f6a3-45e4-a996-6d7754611466'),
	(48,48,'es','proceso-legal',NULL,1,'2017-12-28 19:55:00','2019-01-03 19:18:49','f5ee5a33-0a8a-48ae-ba0d-be0d31cd68ac'),
	(50,50,'es','proceso-legal-back',NULL,1,'2017-12-28 19:56:09','2019-01-03 19:18:49','9e0931a7-8585-4066-8390-8e8c0c6db8db'),
	(51,51,'es','familia',NULL,1,'2017-12-28 21:27:09','2019-01-03 19:18:42','6d09858e-9fb2-4cfd-b7e5-faab1eef602b'),
	(52,52,'es','universidades',NULL,1,'2017-12-28 21:27:09','2019-01-03 19:18:51','585e04c7-60d6-4422-85e4-cbe4124a7eba'),
	(53,53,'es','doctores',NULL,1,'2017-12-28 21:46:27','2019-01-03 19:18:40','45d21fa9-7f19-45f0-9b71-627e0b12a43a'),
	(54,54,'es','paso-a-paso','paso-paso',1,'2017-12-28 21:47:14','2017-12-31 04:14:20','a2dc46f1-e8d9-40ae-8436-cd53c5a2bfcb'),
	(55,55,'es','proceso-migratorio','proceso-migratorio',1,'2017-12-28 21:47:27','2017-12-31 04:16:10','8a7c6a38-2f43-46cd-b803-ae10c06b9987'),
	(56,56,'es','doctores','doctores',1,'2017-12-28 21:47:40','2017-12-31 04:17:25','af617004-94ec-4896-9cf9-4f154aaa88cf'),
	(58,58,'es','dr-nutis-fact',NULL,1,'2017-12-28 22:04:33','2019-01-03 19:18:41','2be22f87-3926-4ada-97a5-2aaf7217204a'),
	(59,59,'es','el-paso-back',NULL,1,'2017-12-28 22:54:09','2019-01-03 19:18:41','d4a44b6b-fcd9-4b47-941c-22e3e68e25c3'),
	(60,60,'es','in-town',NULL,1,'2017-12-28 23:15:26','2019-01-03 19:18:45','4bffeee7-508e-43b8-91f5-422d419ccf05'),
	(61,61,'es','independence-america',NULL,1,'2017-12-28 23:15:26','2019-01-03 19:18:45','40c6988a-a584-491b-a80e-ad62dad73898'),
	(62,62,'es','ramada',NULL,1,'2017-12-28 23:15:26','2019-01-03 19:18:50','bdea5090-70fd-48da-9394-26b07d1d9d4c'),
	(63,63,'es','stay-america',NULL,1,'2017-12-28 23:15:26','2019-01-03 19:18:50','77b05729-b579-4a7a-bb03-27b799ab194e'),
	(64,64,'es','studio6',NULL,1,'2017-12-28 23:15:27','2019-01-03 19:18:50','4b0e466d-53d5-4ee1-807f-5d79ed72c8a4'),
	(65,65,'es','woodsprings',NULL,1,'2017-12-28 23:15:27','2019-01-03 19:18:51','39b27ba1-dced-45b0-ac81-dded7c122a6c'),
	(66,66,'es','chase-suites',NULL,1,'2017-12-29 09:11:59','2019-01-03 19:18:39','be968592-0810-4394-b2c9-0f2aec11adef'),
	(67,67,'es','primer-corporate',NULL,1,'2017-12-29 09:11:59','2019-01-03 19:18:49','0ab3530d-38be-4698-ab97-ec73f6bcbae6'),
	(68,68,'es','airbnb',NULL,1,'2017-12-29 09:18:11','2019-01-03 19:18:38','a5971714-0f34-4b0f-a479-34ad05d66f85'),
	(69,69,'es','uber',NULL,1,'2017-12-29 09:30:02','2019-01-03 19:18:51','c0a2d5b8-c7c6-47bc-a4b7-46cb312cbd70'),
	(70,70,'es','faqs',NULL,1,'2017-12-31 02:26:47','2019-01-03 19:18:42','7040774e-a29a-4c3d-a8de-515c4cb9b6be'),
	(71,71,'es','cover',NULL,1,'2017-12-31 03:30:23','2019-01-03 19:18:39','249e828a-b794-4ef7-bc7d-cfccdf983c7a'),
	(72,72,'es','hospedaje','hospedaje',1,'2017-12-31 03:32:38','2017-12-31 04:18:58','f794e402-adb9-41ff-aff7-0b0f9d5f7695'),
	(73,73,'es','faqs','faqs',1,'2017-12-31 03:33:00','2018-08-10 17:30:13','e534c434-1c50-42f5-8b09-fa9455341c8f'),
	(74,74,'es','precios-cover',NULL,1,'2017-12-31 04:04:12','2019-01-03 19:18:48','94727399-1b11-4f3b-b922-935bdbc7595a'),
	(75,75,'es','paso-paso-cover',NULL,1,'2017-12-31 04:14:04','2019-01-03 19:18:48','1098f300-e531-43d4-a84c-69907c2e3415'),
	(76,76,'es','proceso-migratorio-cover',NULL,1,'2017-12-31 04:16:03','2019-01-03 19:18:49','2805affc-b92b-4444-a963-71210c602e32'),
	(77,77,'es','doctores-cover',NULL,1,'2017-12-31 04:17:07','2019-01-03 19:18:40','5c09fc8e-af9c-4ccf-8f1e-480b58df7c10'),
	(78,78,'es','hospedaje-cover',NULL,1,'2017-12-31 04:18:32','2019-01-03 19:18:45','654c0faf-cf1d-4e02-80f3-0a0653cfe90f'),
	(79,79,'es','faqs-cover',NULL,1,'2017-12-31 04:20:29','2019-01-03 19:18:42','b64a99f3-9206-41fa-ba3c-2b752047a719'),
	(80,80,'es','car',NULL,1,'2017-12-31 06:17:28','2019-01-03 19:18:39','2fca4d57-a167-4eb9-88df-5ccce225fdcd'),
	(82,82,'es','404-cover',NULL,1,'2017-12-31 07:26:53','2019-01-03 19:18:37','d7271b49-4ae5-4bdb-bbac-4753db9e1062'),
	(85,85,'es','políticas-de-privacidad','politicas-privacidad',1,'2018-01-05 16:32:50','2018-01-05 16:32:50','ac44e464-3927-4daa-bc28-c868fe9d520b'),
	(86,86,'es','prodanovic',NULL,1,'2018-01-05 19:02:26','2019-01-03 19:18:49','5cc46542-8aa2-4c45-bc9e-18c65fe3a286'),
	(92,92,'es','main-cover-1',NULL,1,'2018-07-30 15:34:58','2019-01-03 19:18:46','6fd7c823-882b-4be6-be4e-7b5830285398'),
	(93,93,'es','familia-1',NULL,1,'2018-07-30 17:40:29','2019-01-03 19:18:42','31714848-aed0-4a7c-b850-caf0b39024f7'),
	(94,94,'es','universidades-1',NULL,1,'2018-07-30 17:40:29','2019-01-03 19:18:51','b6ceb640-e23b-466f-98ff-ecba175dc340'),
	(95,95,'es','doctora',NULL,1,'2018-07-30 20:40:20','2019-01-03 19:18:40','19732356-576f-48df-8bc3-4620ae0e78ac'),
	(96,96,'es','',NULL,1,'2018-07-30 20:52:54','2018-08-10 17:30:13','c9f185a6-9c00-45f5-ab88-3de4b9b82d18'),
	(97,97,'es','',NULL,1,'2018-07-30 20:52:54','2018-08-10 17:30:13','8f632b19-ca55-4188-8695-b6da62a399cd'),
	(98,98,'es','',NULL,1,'2018-07-30 20:52:54','2018-08-10 17:30:13','3dec272d-21ce-49f4-8bdc-187907f043d3'),
	(99,99,'es','',NULL,1,'2018-07-30 20:52:54','2018-08-10 17:30:13','ef924104-2b5b-4ee3-b939-4928badc107a'),
	(100,100,'es','',NULL,1,'2018-07-30 20:52:54','2018-08-10 17:30:13','de280099-fc04-4fa5-b6c0-58f82ba02964'),
	(101,101,'es','',NULL,1,'2018-07-30 20:52:54','2018-08-10 17:30:13','2cabaf4b-a81f-44e9-b9f5-d2d69362a003'),
	(102,102,'es','',NULL,1,'2018-07-30 20:52:54','2018-08-10 17:30:13','82415aa2-b26f-4301-a5c0-4fbb553dcd54'),
	(103,103,'es','',NULL,1,'2018-07-30 20:52:54','2018-08-10 17:30:13','db444315-32a9-426b-8565-a43bed6688ed'),
	(104,104,'es','',NULL,1,'2018-07-30 20:52:54','2018-08-10 17:30:13','4b497089-43b5-4c3e-9c9b-87926e8e258b'),
	(105,105,'es','',NULL,1,'2018-07-30 20:52:54','2018-08-10 17:30:13','b7183a39-7209-40a5-84bd-e417974a6477'),
	(106,106,'es','',NULL,1,'2018-07-30 20:52:54','2018-08-10 17:30:13','af6494ee-0e0c-43b2-89a6-b073eb0775a6'),
	(107,107,'es','',NULL,1,'2018-07-30 20:52:54','2018-08-10 17:30:13','a9285d33-934f-476a-87d9-ebe01473a6c4'),
	(108,108,'es','',NULL,1,'2018-07-30 20:52:54','2018-08-10 17:30:13','86353a24-c2c4-436a-9039-7ea8950a5f92'),
	(109,109,'es','',NULL,1,'2018-07-30 20:52:54','2018-08-10 17:30:13','760f8078-c57b-4525-9418-4a2bc4a612d7'),
	(110,110,'es','',NULL,1,'2018-07-30 20:52:54','2018-08-10 17:30:13','dde40ea5-d2a6-401c-8faf-35d5598d1db6'),
	(111,111,'es','',NULL,1,'2018-07-30 20:52:54','2018-08-10 17:30:13','f3f79668-27ba-46f5-8b44-308f4fd022bc'),
	(112,112,'es','',NULL,1,'2018-07-30 20:52:54','2018-08-10 17:30:13','4e96bfd5-0ce2-4b34-bc95-319edf174fdf'),
	(113,113,'es','',NULL,1,'2018-07-30 20:52:54','2018-08-10 17:30:13','7e162e56-a8d4-4adf-a4f7-72c38f921321'),
	(115,115,'es','cita',NULL,1,'2018-08-05 19:32:32','2019-01-03 19:18:39','98a5d597-1acb-4d0f-98e1-43da60187e5b'),
	(116,116,'es','registro',NULL,1,'2018-08-05 19:32:32','2019-01-03 19:18:50','a1fc5055-d615-442f-87f7-5fb8bb664bdb'),
	(117,117,'es','cita',NULL,1,'2018-08-05 20:38:48','2019-01-03 19:18:39','aa434e38-e749-4e4c-9c38-aabd819d77f0'),
	(118,118,'es','soy-doctor',NULL,1,'2018-09-10 05:15:15','2019-01-03 19:18:50','17482cb9-b92a-4062-8a85-a1e9bade84fd'),
	(119,119,'es','logo-blanco',NULL,1,'2018-10-09 16:32:59','2019-01-03 19:18:46','d641bdde-7989-4e8c-8cdf-98f13f8c663c'),
	(120,120,'es','suscripcion','suscripcion',1,'2018-12-21 21:27:31','2018-12-21 21:27:31','9e9e1dee-93b3-485a-82af-6a560bff1183'),
	(123,123,'es','visa',NULL,1,'2018-12-24 16:17:19','2019-01-03 19:18:51','de29f744-981e-4cca-8b65-7392314a221c'),
	(124,124,'es','mastercard',NULL,1,'2018-12-24 16:17:19','2019-01-03 19:18:47','19933833-50d8-405d-9756-72420f6565ec'),
	(125,125,'es','amex',NULL,1,'2018-12-24 16:17:19','2019-01-03 19:18:38','987ddb7b-2f84-4825-8559-a4d1a191aa27'),
	(126,126,'es','términos-y-condiciones','terminos-y-condiciones',1,'2018-12-28 15:32:44','2018-12-28 16:18:01','9a099377-f998-41ec-9c8c-cf6cc8db1e0f'),
	(129,129,'es','bg-suscripcion-general',NULL,1,'2018-12-28 21:20:28','2019-01-03 19:18:38','544bc732-8db7-44ed-a395-bd3e67d2e6bc'),
	(130,130,'es','doctor1',NULL,1,'2018-12-28 21:20:30','2019-01-03 19:18:40','84149940-c30f-42b2-b9de-fddc07d4a315'),
	(131,131,'es','doctor2',NULL,1,'2018-12-28 21:20:30','2019-01-03 19:18:41','496582a0-5aa5-4d01-8ac2-63d5691f5dd5'),
	(132,132,'es','apple-touch-icon-114x114',NULL,1,'2018-12-28 21:20:32','2019-01-03 19:18:42','2ebd1c88-0233-4853-be43-d062838f7281'),
	(133,133,'es','apple-touch-icon-120x120',NULL,1,'2018-12-28 21:20:32','2019-01-03 19:18:42','d1cd565c-7631-48b1-bb64-2d567a25aac5'),
	(134,134,'es','apple-touch-icon-144x144',NULL,1,'2018-12-28 21:20:32','2019-01-03 19:18:42','b260e53a-cce6-4d0e-bafb-b67eeb4d8eef'),
	(135,135,'es','apple-touch-icon-152x152',NULL,1,'2018-12-28 21:20:32','2019-01-03 19:18:43','77fe2dcd-dd6d-49b3-9f39-28f066dea376'),
	(136,136,'es','apple-touch-icon-57x57',NULL,1,'2018-12-28 21:20:32','2019-01-03 19:18:43','7c5c70f4-dca5-4e62-886b-3a11b575b3bc'),
	(137,137,'es','apple-touch-icon-60x60',NULL,1,'2018-12-28 21:20:32','2019-01-03 19:18:43','d2228444-d8c1-4698-8fd9-ce669081a75f'),
	(138,138,'es','apple-touch-icon-72x72',NULL,1,'2018-12-28 21:20:32','2019-01-03 19:18:43','54c1b253-6ad0-444f-9f1c-f4973fb9b965'),
	(139,139,'es','apple-touch-icon-76x76',NULL,1,'2018-12-28 21:20:33','2019-01-03 19:18:43','65c0f0fd-b361-4ffb-a34b-ff18c841b2a1'),
	(140,140,'es','code',NULL,1,'2018-12-28 21:20:33','2019-01-03 19:18:43','5af74684-28a9-4eb4-8f0c-8b847a61b67b'),
	(141,141,'es','favicon-128',NULL,1,'2018-12-28 21:20:33','2019-01-03 19:18:43','630b7b06-6409-4a8a-8352-12d64cf27f51'),
	(142,142,'es','favicon-16x16',NULL,1,'2018-12-28 21:20:33','2019-01-03 19:18:43','a5e9f447-cd26-4cc5-8792-9646f2241926'),
	(143,143,'es','favicon-196x196',NULL,1,'2018-12-28 21:20:33','2019-01-03 19:18:43','c0ac873f-4210-41f5-a708-556e8cc26c93'),
	(144,144,'es','favicon-32x32',NULL,1,'2018-12-28 21:20:33','2019-01-03 19:18:44','a14499b1-9fe3-4cc9-ae70-930702c93efd'),
	(145,145,'es','favicon-96x96',NULL,1,'2018-12-28 21:20:33','2019-01-03 19:18:44','06e7ddc7-4f52-4584-8422-0ba041500ab1'),
	(146,146,'es','mstile-144x144',NULL,1,'2018-12-28 21:20:34','2019-01-03 19:18:44','d409b9c0-3c05-478d-9b08-00cf817db792'),
	(147,147,'es','mstile-150x150',NULL,1,'2018-12-28 21:20:34','2019-01-03 19:18:44','3d30d069-8546-400d-9a8c-1ba004f4ab2d'),
	(148,148,'es','mstile-310x150',NULL,1,'2018-12-28 21:20:34','2019-01-03 19:18:44','7b54c8c7-f156-4777-9eab-d8c880d96e84'),
	(149,149,'es','mstile-310x310',NULL,1,'2018-12-28 21:20:34','2019-01-03 19:18:44','168f3186-2682-44c0-96da-b1b4117b3aa5'),
	(150,150,'es','mstile-70x70',NULL,1,'2018-12-28 21:20:34','2019-01-03 19:18:44','dd462e64-af18-4301-81c4-7fd130b1a143'),
	(151,151,'es','hospital1',NULL,1,'2018-12-28 21:20:35','2019-01-03 19:18:45','b1aeff08-be77-4040-ac0b-581ac5200b6a'),
	(152,152,'es','loader',NULL,1,'2018-12-28 21:20:37','2019-01-03 19:18:47','3a294ece-a1b9-4102-b383-d2dee2831bb6'),
	(153,153,'es','map-icon',NULL,1,'2018-12-28 21:20:37','2019-01-03 19:18:47','cf5b3aa1-9aeb-492b-a474-6cc278442b5d'),
	(154,154,'es','doctor-sub',NULL,1,'2018-12-31 15:37:38','2019-01-03 19:18:40','5c9d5e63-a271-4745-ac16-71cb99d1af0b'),
	(155,155,'es','logo-baby',NULL,1,'2018-12-31 15:52:33','2019-01-03 19:18:46','e63ea9f6-fcfe-4b55-af9b-d543d16fcca1'),
	(156,156,'es','icon',NULL,1,'2018-12-31 16:01:11','2019-01-03 19:18:46','a5076149-b46d-4481-aee5-ba62501d6b7b'),
	(157,157,'es','bg-benefits',NULL,1,'2018-12-31 16:24:35','2019-01-03 19:18:38','467e4887-77e2-483d-915a-81d75acd9105'),
	(158,158,'es','security',NULL,1,'2019-01-02 21:30:19','2019-01-03 19:18:50','015935c0-bf46-4b36-a6a9-185f64d73110'),
	(159,159,'es','radio-on',NULL,1,'2019-01-02 21:30:19','2019-01-03 19:18:50','8d89e1fd-5ee6-4765-987c-9ed4d65d7021'),
	(160,160,'es','openpay',NULL,1,'2019-01-02 21:30:19','2019-01-03 19:18:47','ecb81385-86e6-4bc9-98a8-cd757fdee1ef'),
	(161,161,'es','cvv',NULL,1,'2019-01-02 21:30:20','2019-01-03 19:18:39','01662a29-8bf4-47f0-8a44-ce1623f71ace'),
	(162,162,'es','cards2',NULL,1,'2019-01-02 21:30:20','2019-01-03 19:18:39','4d45870c-d5b9-4767-a988-7652f1923cf7'),
	(163,163,'es','cards1',NULL,1,'2019-01-02 21:30:20','2019-01-03 19:18:39','396aa834-19a5-4a36-ab70-da1f2b5b55d4');

/*!40000 ALTER TABLE `craft_elements_i18n` ENABLE KEYS */;
UNLOCK TABLES;


# Dump of table craft_emailmessages
# ------------------------------------------------------------

DROP TABLE IF EXISTS `craft_emailmessages`;

CREATE TABLE `craft_emailmessages` (
  `id` int(11) NOT NULL AUTO_INCREMENT,
  `key` char(150) COLLATE utf8_unicode_ci NOT NULL,
  `locale` char(12) COLLATE utf8_unicode_ci NOT NULL,
  `subject` varchar(1000) COLLATE utf8_unicode_ci NOT NULL,
  `body` text COLLATE utf8_unicode_ci NOT NULL,
  `dateCreated` datetime NOT NULL,
  `dateUpdated` datetime NOT NULL,
  `uid` char(36) COLLATE utf8_unicode_ci NOT NULL DEFAULT '0',
  PRIMARY KEY (`id`),
  UNIQUE KEY `craft_emailmessages_key_locale_unq_idx` (`key`,`locale`),
  KEY `craft_emailmessages_locale_fk` (`locale`),
  CONSTRAINT `craft_emailmessages_locale_fk` FOREIGN KEY (`locale`) REFERENCES `craft_locales` (`locale`) ON DELETE CASCADE ON UPDATE CASCADE
) ENGINE=InnoDB DEFAULT CHARSET=utf8 COLLATE=utf8_unicode_ci;



# Dump of table craft_entries
# ------------------------------------------------------------

DROP TABLE IF EXISTS `craft_entries`;

CREATE TABLE `craft_entries` (
  `id` int(11) NOT NULL,
  `sectionId` int(11) NOT NULL,
  `typeId` int(11) DEFAULT NULL,
  `authorId` int(11) DEFAULT NULL,
  `postDate` datetime DEFAULT NULL,
  `expiryDate` datetime DEFAULT NULL,
  `dateCreated` datetime NOT NULL,
  `dateUpdated` datetime NOT NULL,
  `uid` char(36) COLLATE utf8_unicode_ci NOT NULL DEFAULT '0',
  PRIMARY KEY (`id`),
  KEY `craft_entries_sectionId_idx` (`sectionId`),
  KEY `craft_entries_typeId_idx` (`typeId`),
  KEY `craft_entries_postDate_idx` (`postDate`),
  KEY `craft_entries_expiryDate_idx` (`expiryDate`),
  KEY `craft_entries_authorId_fk` (`authorId`),
  CONSTRAINT `craft_entries_authorId_fk` FOREIGN KEY (`authorId`) REFERENCES `craft_users` (`id`) ON DELETE CASCADE,
  CONSTRAINT `craft_entries_id_fk` FOREIGN KEY (`id`) REFERENCES `craft_elements` (`id`) ON DELETE CASCADE,
  CONSTRAINT `craft_entries_sectionId_fk` FOREIGN KEY (`sectionId`) REFERENCES `craft_sections` (`id`) ON DELETE CASCADE,
  CONSTRAINT `craft_entries_typeId_fk` FOREIGN KEY (`typeId`) REFERENCES `craft_entrytypes` (`id`) ON DELETE CASCADE
) ENGINE=InnoDB DEFAULT CHARSET=utf8 COLLATE=utf8_unicode_ci;

LOCK TABLES `craft_entries` WRITE;
/*!40000 ALTER TABLE `craft_entries` DISABLE KEYS */;

INSERT INTO `craft_entries` (`id`, `sectionId`, `typeId`, `authorId`, `postDate`, `expiryDate`, `dateCreated`, `dateUpdated`, `uid`)
VALUES
	(2,1,1,NULL,'2017-12-27 21:22:36',NULL,'2017-12-24 03:05:19','2018-01-04 19:25:27','4bd1ad97-0bb3-4b01-85ab-f21cb783ef60'),
	(3,2,2,1,'2017-12-24 03:05:20',NULL,'2017-12-24 03:05:20','2017-12-24 03:05:20','1a4bbd1b-5c23-49ef-84bf-5aa97ab7eab4'),
	(37,4,NULL,NULL,'2017-12-27 21:32:28',NULL,'2017-12-27 21:32:28','2017-12-31 04:07:53','def74208-7229-4262-a950-e61bf708e1ff'),
	(54,5,NULL,NULL,'2017-12-28 21:47:14',NULL,'2017-12-28 21:47:14','2017-12-31 04:14:20','03b24459-aa26-4557-a6a5-71a2bc2fed1f'),
	(55,6,NULL,NULL,'2017-12-28 21:47:27',NULL,'2017-12-28 21:47:27','2017-12-31 04:16:10','c68640ed-5fba-4929-bfab-d63c9054f2cb'),
	(56,7,NULL,NULL,'2017-12-28 21:47:40',NULL,'2017-12-28 21:47:40','2017-12-31 04:17:25','d234fce0-4f4a-4d81-8ab0-93bcff57276b'),
	(72,8,NULL,NULL,'2017-12-31 03:32:38',NULL,'2017-12-31 03:32:38','2017-12-31 04:18:58','deee2359-a2cc-47c6-b754-4d6bd2275fd1'),
	(73,9,NULL,NULL,'2017-12-31 03:33:00',NULL,'2017-12-31 03:33:00','2018-08-10 17:30:13','93d42941-a4d8-4c46-aa56-00bbacd4e93f'),
	(85,10,NULL,NULL,'2018-01-05 16:32:50',NULL,'2018-01-05 16:32:50','2018-01-05 16:32:50','397a525d-f0c6-44bb-8278-c927ab929dea'),
	(120,11,NULL,NULL,'2018-12-21 21:27:31',NULL,'2018-12-21 21:27:31','2018-12-21 21:27:31','4fa6f12b-4ca6-4f66-9d56-fcc5f5d360f3'),
	(126,12,NULL,NULL,'2018-12-28 15:32:44',NULL,'2018-12-28 15:32:44','2018-12-28 16:18:01','1ffd2528-69d4-4531-a8ef-8af02c10e17a');

/*!40000 ALTER TABLE `craft_entries` ENABLE KEYS */;
UNLOCK TABLES;


# Dump of table craft_entrydrafts
# ------------------------------------------------------------

DROP TABLE IF EXISTS `craft_entrydrafts`;

CREATE TABLE `craft_entrydrafts` (
  `id` int(11) NOT NULL AUTO_INCREMENT,
  `entryId` int(11) NOT NULL,
  `sectionId` int(11) NOT NULL,
  `creatorId` int(11) NOT NULL,
  `locale` char(12) COLLATE utf8_unicode_ci NOT NULL,
  `name` varchar(255) COLLATE utf8_unicode_ci NOT NULL,
  `notes` tinytext COLLATE utf8_unicode_ci,
  `data` mediumtext COLLATE utf8_unicode_ci NOT NULL,
  `dateCreated` datetime NOT NULL,
  `dateUpdated` datetime NOT NULL,
  `uid` char(36) COLLATE utf8_unicode_ci NOT NULL DEFAULT '0',
  PRIMARY KEY (`id`),
  KEY `craft_entrydrafts_entryId_locale_idx` (`entryId`,`locale`),
  KEY `craft_entrydrafts_sectionId_fk` (`sectionId`),
  KEY `craft_entrydrafts_creatorId_fk` (`creatorId`),
  KEY `craft_entrydrafts_locale_fk` (`locale`),
  CONSTRAINT `craft_entrydrafts_creatorId_fk` FOREIGN KEY (`creatorId`) REFERENCES `craft_users` (`id`) ON DELETE CASCADE,
  CONSTRAINT `craft_entrydrafts_entryId_fk` FOREIGN KEY (`entryId`) REFERENCES `craft_entries` (`id`) ON DELETE CASCADE,
  CONSTRAINT `craft_entrydrafts_locale_fk` FOREIGN KEY (`locale`) REFERENCES `craft_locales` (`locale`) ON DELETE CASCADE ON UPDATE CASCADE,
  CONSTRAINT `craft_entrydrafts_sectionId_fk` FOREIGN KEY (`sectionId`) REFERENCES `craft_sections` (`id`) ON DELETE CASCADE
) ENGINE=InnoDB DEFAULT CHARSET=utf8 COLLATE=utf8_unicode_ci;



# Dump of table craft_entrytypes
# ------------------------------------------------------------

DROP TABLE IF EXISTS `craft_entrytypes`;

CREATE TABLE `craft_entrytypes` (
  `id` int(11) NOT NULL AUTO_INCREMENT,
  `sectionId` int(11) NOT NULL,
  `fieldLayoutId` int(11) DEFAULT NULL,
  `name` varchar(255) COLLATE utf8_unicode_ci NOT NULL,
  `handle` varchar(255) COLLATE utf8_unicode_ci NOT NULL,
  `hasTitleField` tinyint(1) unsigned NOT NULL DEFAULT '1',
  `titleLabel` varchar(255) COLLATE utf8_unicode_ci DEFAULT 'Title',
  `titleFormat` varchar(255) COLLATE utf8_unicode_ci DEFAULT NULL,
  `sortOrder` smallint(6) unsigned DEFAULT NULL,
  `dateCreated` datetime NOT NULL,
  `dateUpdated` datetime NOT NULL,
  `uid` char(36) COLLATE utf8_unicode_ci NOT NULL DEFAULT '0',
  PRIMARY KEY (`id`),
  UNIQUE KEY `craft_entrytypes_name_sectionId_unq_idx` (`name`,`sectionId`),
  UNIQUE KEY `craft_entrytypes_handle_sectionId_unq_idx` (`handle`,`sectionId`),
  KEY `craft_entrytypes_sectionId_fk` (`sectionId`),
  KEY `craft_entrytypes_fieldLayoutId_fk` (`fieldLayoutId`),
  CONSTRAINT `craft_entrytypes_fieldLayoutId_fk` FOREIGN KEY (`fieldLayoutId`) REFERENCES `craft_fieldlayouts` (`id`) ON DELETE SET NULL,
  CONSTRAINT `craft_entrytypes_sectionId_fk` FOREIGN KEY (`sectionId`) REFERENCES `craft_sections` (`id`) ON DELETE CASCADE
) ENGINE=InnoDB DEFAULT CHARSET=utf8 COLLATE=utf8_unicode_ci;

LOCK TABLES `craft_entrytypes` WRITE;
/*!40000 ALTER TABLE `craft_entrytypes` DISABLE KEYS */;

INSERT INTO `craft_entrytypes` (`id`, `sectionId`, `fieldLayoutId`, `name`, `handle`, `hasTitleField`, `titleLabel`, `titleFormat`, `sortOrder`, `dateCreated`, `dateUpdated`, `uid`)
VALUES
	(1,1,34,'Homepage','homepage',0,NULL,'{section.name|raw}',1,'2017-12-24 03:05:19','2017-12-31 03:58:07','eff2982d-e2e1-4c23-a1ce-50214f1e26ed'),
	(2,2,5,'News','news',1,'Título',NULL,1,'2017-12-24 03:05:20','2017-12-24 03:05:20','204d38c6-1579-4605-a07c-c2479412f970'),
	(4,4,35,'Precios','precios',0,NULL,'{section.name|raw}',1,'2017-12-27 21:32:28','2017-12-31 03:58:16','ef95a0ca-bba5-4213-a725-97a11f9bde9e'),
	(5,5,36,'Paso a Paso','pasoAPaso',0,NULL,'{section.name|raw}',1,'2017-12-28 21:47:14','2017-12-31 03:58:26','bd673a66-8e5c-499a-8d9c-fe09794cf858'),
	(6,6,37,'Proceso Migratorio','procesoMigratorio',0,NULL,'{section.name|raw}',1,'2017-12-28 21:47:27','2017-12-31 03:58:36','2d27f5b2-0971-43cc-9f07-cc373d2c9351'),
	(7,7,38,'Doctores','doctores',0,NULL,'{section.name|raw}',1,'2017-12-28 21:47:40','2017-12-31 03:58:44','0839208c-8de2-424d-b8ac-9d6db23dbf57'),
	(8,8,33,'Hospedaje','hospedaje',0,NULL,'{section.name|raw}',1,'2017-12-31 03:32:38','2017-12-31 03:57:58','bcecfda4-90f8-4c03-a82f-ef4e50495c66'),
	(9,9,42,'FAQS','faqs',0,NULL,'{section.name|raw}',1,'2017-12-31 03:33:00','2018-07-30 20:46:58','3bac5a22-ba5b-410c-99ae-70be56adaf18'),
	(10,10,40,'Políticas de Privacidad','politicasDePrivacidad',0,NULL,'{section.name|raw}',1,'2018-01-05 16:32:50','2018-01-05 16:32:50','c71ab697-ffad-43bd-985f-c1d64d5dbf52'),
	(11,11,43,'suscripcion','suscripcion',0,NULL,'{section.name|raw}',1,'2018-12-21 21:27:31','2018-12-21 21:27:31','384918ca-65a6-46b6-9b21-a237c7bb8949'),
	(12,12,48,'Términos y Condiciones','terminos',0,NULL,'{section.name|raw}',1,'2018-12-28 15:32:44','2018-12-28 15:35:55','c886296e-ed4c-4fa5-bdf1-59b7263528f6');

/*!40000 ALTER TABLE `craft_entrytypes` ENABLE KEYS */;
UNLOCK TABLES;


# Dump of table craft_entryversions
# ------------------------------------------------------------

DROP TABLE IF EXISTS `craft_entryversions`;

CREATE TABLE `craft_entryversions` (
  `id` int(11) NOT NULL AUTO_INCREMENT,
  `entryId` int(11) NOT NULL,
  `sectionId` int(11) NOT NULL,
  `creatorId` int(11) DEFAULT NULL,
  `locale` char(12) COLLATE utf8_unicode_ci NOT NULL,
  `num` smallint(6) unsigned NOT NULL,
  `notes` tinytext COLLATE utf8_unicode_ci,
  `data` mediumtext COLLATE utf8_unicode_ci NOT NULL,
  `dateCreated` datetime NOT NULL,
  `dateUpdated` datetime NOT NULL,
  `uid` char(36) COLLATE utf8_unicode_ci NOT NULL DEFAULT '0',
  PRIMARY KEY (`id`),
  KEY `craft_entryversions_entryId_locale_idx` (`entryId`,`locale`),
  KEY `craft_entryversions_sectionId_fk` (`sectionId`),
  KEY `craft_entryversions_creatorId_fk` (`creatorId`),
  KEY `craft_entryversions_locale_fk` (`locale`),
  CONSTRAINT `craft_entryversions_creatorId_fk` FOREIGN KEY (`creatorId`) REFERENCES `craft_users` (`id`) ON DELETE SET NULL,
  CONSTRAINT `craft_entryversions_entryId_fk` FOREIGN KEY (`entryId`) REFERENCES `craft_entries` (`id`) ON DELETE CASCADE,
  CONSTRAINT `craft_entryversions_locale_fk` FOREIGN KEY (`locale`) REFERENCES `craft_locales` (`locale`) ON DELETE CASCADE ON UPDATE CASCADE,
  CONSTRAINT `craft_entryversions_sectionId_fk` FOREIGN KEY (`sectionId`) REFERENCES `craft_sections` (`id`) ON DELETE CASCADE
) ENGINE=InnoDB DEFAULT CHARSET=utf8 COLLATE=utf8_unicode_ci;

LOCK TABLES `craft_entryversions` WRITE;
/*!40000 ALTER TABLE `craft_entryversions` DISABLE KEYS */;

INSERT INTO `craft_entryversions` (`id`, `entryId`, `sectionId`, `creatorId`, `locale`, `num`, `notes`, `data`, `dateCreated`, `dateUpdated`, `uid`)
VALUES
	(1,2,1,1,'es',1,NULL,'{\"typeId\":\"1\",\"authorId\":null,\"title\":\"Homepage\",\"slug\":\"homepage\",\"postDate\":1514084719,\"expiryDate\":null,\"enabled\":1,\"parentId\":null,\"fields\":[]}','2017-12-24 03:05:19','2017-12-24 03:05:19','9ba8e954-de31-4b15-93cd-fdbeb4b89432'),
	(2,2,1,1,'es',2,NULL,'{\"typeId\":null,\"authorId\":null,\"title\":\"Welcome to 165.227.214.220!\",\"slug\":\"homepage\",\"postDate\":1514084719,\"expiryDate\":null,\"enabled\":\"1\",\"parentId\":null,\"fields\":{\"1\":\"<p>It\\u2019s true, this site doesn\\u2019t have a whole lot of content yet, but don\\u2019t worry. Our web developers have just installed the CMS, and they\\u2019re setting things up for the content editors this very moment. Soon 165.227.214.220 will be an oasis of fresh perspectives, sharp analyses, and astute opinions that will keep you coming back again and again.<\\/p>\"}}','2017-12-24 03:05:19','2017-12-24 03:05:19','0b77a997-a9bd-4885-888a-3468fb624489'),
	(3,3,2,1,'es',1,NULL,'{\"typeId\":\"2\",\"authorId\":\"1\",\"title\":\"We just installed Craft!\",\"slug\":\"we-just-installed-craft\",\"postDate\":1514084720,\"expiryDate\":null,\"enabled\":1,\"parentId\":null,\"fields\":[]}','2017-12-24 03:05:20','2017-12-24 03:05:20','75b00406-399f-4977-9c79-ab3ef1f6ca7c'),
	(5,2,1,1,'es',3,'','{\"typeId\":\"1\",\"authorId\":null,\"title\":\"Inicio\",\"slug\":\"homepage\",\"postDate\":1514409756,\"expiryDate\":null,\"enabled\":1,\"parentId\":null,\"fields\":{\"1\":\"<p>Lorem ipsum<br><\\/p>\"}}','2017-12-27 21:24:17','2017-12-27 21:24:17','ca475f37-a41f-4f48-b02c-18c28a8a1cd7'),
	(6,37,4,1,'es',1,NULL,'{\"typeId\":\"4\",\"authorId\":null,\"title\":\"Precios\",\"slug\":\"precios\",\"postDate\":1514410348,\"expiryDate\":null,\"enabled\":1,\"parentId\":null,\"fields\":[]}','2017-12-27 21:32:28','2017-12-27 21:32:28','33fb377f-6eb8-4627-82b6-a502ed52e69f'),
	(7,54,5,1,'es',1,NULL,'{\"typeId\":\"5\",\"authorId\":null,\"title\":\"Paso a Paso\",\"slug\":\"paso-a-paso\",\"postDate\":1514497634,\"expiryDate\":null,\"enabled\":1,\"parentId\":null,\"fields\":[]}','2017-12-28 21:47:14','2017-12-28 21:47:14','66357d4f-38ce-49b5-a1c7-ef1551794de0'),
	(8,55,6,1,'es',1,NULL,'{\"typeId\":\"6\",\"authorId\":null,\"title\":\"Proceso Migratorio\",\"slug\":\"proceso-migratorio\",\"postDate\":1514497647,\"expiryDate\":null,\"enabled\":1,\"parentId\":null,\"fields\":[]}','2017-12-28 21:47:27','2017-12-28 21:47:27','71c117e6-1065-419a-9391-e38ab2ee1dc8'),
	(9,56,7,1,'es',1,NULL,'{\"typeId\":\"7\",\"authorId\":null,\"title\":\"Doctores\",\"slug\":\"doctores\",\"postDate\":1514497660,\"expiryDate\":null,\"enabled\":1,\"parentId\":null,\"fields\":[]}','2017-12-28 21:47:40','2017-12-28 21:47:40','15d4aab1-d00e-4cb3-ae52-b6e6d30d6127'),
	(10,72,8,1,'es',1,NULL,'{\"typeId\":\"8\",\"authorId\":null,\"title\":\"Hospedaje\",\"slug\":\"hospedaje\",\"postDate\":1514691158,\"expiryDate\":null,\"enabled\":1,\"parentId\":null,\"fields\":[]}','2017-12-31 03:32:38','2017-12-31 03:32:38','f4ca8c5c-55bb-4174-835f-fa9b470b891a'),
	(11,73,9,1,'es',1,NULL,'{\"typeId\":\"9\",\"authorId\":null,\"title\":\"FAQS\",\"slug\":\"faqs\",\"postDate\":1514691180,\"expiryDate\":null,\"enabled\":1,\"parentId\":null,\"fields\":[]}','2017-12-31 03:33:00','2017-12-31 03:33:00','f34bdd74-e93d-4f74-a3fc-a35be19b271b'),
	(12,2,1,1,'es',4,'','{\"typeId\":\"1\",\"authorId\":null,\"title\":\"Homepage\",\"slug\":\"homepage\",\"postDate\":1514409756,\"expiryDate\":null,\"enabled\":1,\"parentId\":null,\"fields\":{\"1\":\"<p><\\/p><p>Ten a tu beb\\u00e9 en Estados Unidos. Nuestro programa es 100% legal, sin repercusiones migratorias a tu visa. Te damos el seguimiento y herramientas necesarias.<\\/p><p><\\/p>\",\"3\":{\"seoMainEntityCategory\":\"CreativeWork\",\"seoMainEntityOfPage\":\"WebPage\",\"seoTitleSource\":\"field\",\"seoTitleSourceField\":\"title\",\"seoTitleUnparsed\":\"\",\"seoDescriptionSource\":\"field\",\"seoDescriptionSourceField\":\"body\",\"seoDescriptionUnparsed\":\"\",\"seoKeywordsSource\":\"custom\",\"seoKeywordsSourceField\":\"title\",\"seoKeywordsUnparsed\":\"nacionalidad, americana, bebe, estados unidos, nacimiento, proceso, parto, dar a luz, precios, paso a paso, proceso, migratorio, doctores, hospedaje, preguntas\",\"seoImageIdSource\":\"custom\",\"seoImageId\":[\"71\"],\"seoImageTransform\":\"\",\"canonicalUrlOverride\":\"\",\"twitterCardType\":\"summary_large_image\",\"seoTwitterImageIdSource\":\"custom\",\"seoTwitterImageId\":\"\",\"seoTwitterImageTransform\":\"\",\"openGraphType\":\"website\",\"seoFacebookImageIdSource\":\"custom\",\"seoFacebookImageId\":\"\",\"seoFacebookImageTransform\":\"\",\"robots\":\"all\"}}}','2017-12-31 03:57:37','2017-12-31 03:57:37','ce58a5a8-cd4b-4200-903f-72e80fd2bd49'),
	(13,2,1,1,'es',5,'','{\"typeId\":\"1\",\"authorId\":null,\"title\":\"Homepage\",\"slug\":\"homepage\",\"postDate\":1514409756,\"expiryDate\":null,\"enabled\":1,\"parentId\":null,\"fields\":{\"1\":\"<p>Ten a tu beb\\u00e9 en Estados Unidos. Nuestro programa es 100% legal, sin repercusiones migratorias a tu visa. Te damos el seguimiento y herramientas necesarias.<\\/p>\",\"4\":[\"71\"],\"3\":{\"seoMainEntityCategory\":\"CreativeWork\",\"seoMainEntityOfPage\":\"WebPage\",\"seoTitleSource\":\"field\",\"seoTitleSourceField\":\"title\",\"seoTitleUnparsed\":\"Inicio\",\"seoDescriptionSource\":\"field\",\"seoDescriptionSourceField\":\"body\",\"seoDescriptionUnparsed\":\"Ten a tu beb\\u00e9 en Estados Unidos. Nuestro programa es 100% legal, sin repercusiones migratorias a tu visa. Te damos el seguimiento y herramientas necesarias.\",\"seoKeywordsSource\":\"custom\",\"seoKeywordsSourceField\":\"title\",\"seoKeywordsUnparsed\":\"nacionalidad, americana, bebe, estados unidos, nacimiento, proceso, parto, dar a luz, precios, paso a paso, proceso, migratorio, doctores, hospedaje, preguntas\",\"seoImageIdSource\":\"custom\",\"seoImageIdSourceField\":\"featuredImage\",\"seoImageId\":[\"71\"],\"seoImageTransform\":\"\",\"canonicalUrlOverride\":\"\",\"twitterCardType\":\"summary_large_image\",\"seoTwitterImageIdSource\":\"custom\",\"seoTwitterImageIdSourceField\":\"featuredImage\",\"seoTwitterImageId\":\"\",\"seoTwitterImageTransform\":\"\",\"openGraphType\":\"website\",\"seoFacebookImageIdSource\":\"custom\",\"seoFacebookImageIdSourceField\":\"featuredImage\",\"seoFacebookImageId\":\"\",\"seoFacebookImageTransform\":\"\",\"robots\":\"all\"}}}','2017-12-31 03:59:30','2017-12-31 03:59:30','0167deb1-30f1-4d63-b253-f138d9d20b8b'),
	(14,2,1,1,'es',6,'','{\"typeId\":\"1\",\"authorId\":null,\"title\":\"Homepage\",\"slug\":\"homepage\",\"postDate\":1514409756,\"expiryDate\":null,\"enabled\":1,\"parentId\":null,\"fields\":{\"1\":\"<p>Ten a tu beb\\u00e9 en Estados Unidos. Nuestro programa es 100% legal, sin repercusiones migratorias a tu visa. Te damos el seguimiento y herramientas necesarias.<\\/p>\",\"4\":[\"71\"],\"3\":{\"seoMainEntityCategory\":\"CreativeWork\",\"seoMainEntityOfPage\":\"WebPage\",\"seoTitleSource\":\"custom\",\"seoTitleSourceField\":\"title\",\"seoTitleUnparsed\":\"Inicio\",\"seoDescriptionSource\":\"field\",\"seoDescriptionSourceField\":\"body\",\"seoDescriptionUnparsed\":\"Ten a tu beb\\u00e9 en Estados Unidos. Nuestro programa es 100% legal, sin repercusiones migratorias a tu visa. Te damos el seguimiento y herramientas necesarias.\",\"seoKeywordsSource\":\"custom\",\"seoKeywordsSourceField\":\"title\",\"seoKeywordsUnparsed\":\"nacionalidad, americana, bebe, estados unidos, nacimiento, proceso, parto, dar a luz, precios, paso a paso, proceso, migratorio, doctores, hospedaje, preguntas\",\"seoImageIdSource\":\"custom\",\"seoImageIdSourceField\":\"featuredImage\",\"seoImageId\":[\"71\"],\"seoImageTransform\":\"\",\"canonicalUrlOverride\":\"\",\"twitterCardType\":\"summary_large_image\",\"seoTwitterImageIdSource\":\"custom\",\"seoTwitterImageIdSourceField\":\"featuredImage\",\"seoTwitterImageId\":\"\",\"seoTwitterImageTransform\":\"\",\"openGraphType\":\"website\",\"seoFacebookImageIdSource\":\"custom\",\"seoFacebookImageIdSourceField\":\"featuredImage\",\"seoFacebookImageId\":\"\",\"seoFacebookImageTransform\":\"\",\"robots\":\"all\"}}}','2017-12-31 03:59:51','2017-12-31 03:59:51','74854920-c2af-4b13-9a23-7b73cd4b53a9'),
	(15,2,1,1,'es',7,'','{\"typeId\":\"1\",\"authorId\":null,\"title\":\"Homepage\",\"slug\":\"homepage\",\"postDate\":1514409756,\"expiryDate\":null,\"enabled\":1,\"parentId\":null,\"fields\":{\"1\":\"<p>Ten a tu beb\\u00e9 en Estados Unidos. Nuestro programa es 100% legal, sin repercusiones migratorias a tu visa. Te damos el seguimiento y herramientas necesarias.<\\/p>\",\"4\":[\"71\"],\"3\":{\"seoMainEntityCategory\":\"CreativeWork\",\"seoMainEntityOfPage\":\"WebPage\",\"seoTitleSource\":\"custom\",\"seoTitleSourceField\":\"title\",\"seoTitleUnparsed\":\"Inicio\",\"seoDescriptionSource\":\"field\",\"seoDescriptionSourceField\":\"body\",\"seoDescriptionUnparsed\":\"Ten a tu beb\\u00e9 en Estados Unidos. Nuestro programa es 100% legal, sin repercusiones migratorias a tu visa. Te damos el seguimiento y herramientas necesarias.\",\"seoKeywordsSource\":\"custom\",\"seoKeywordsSourceField\":\"title\",\"seoKeywordsUnparsed\":\"nacionalidad, americana, bebe, estados unidos, nacimiento, proceso, parto, dar a luz, precios, paso a paso, proceso, migratorio, doctores, hospedaje, preguntas\",\"seoImageIdSource\":\"custom\",\"seoImageIdSourceField\":\"featuredImage\",\"seoImageId\":[\"71\"],\"seoImageTransform\":\"\",\"canonicalUrlOverride\":\"\",\"twitterCardType\":\"summary_large_image\",\"seoTwitterImageIdSource\":\"field\",\"seoTwitterImageIdSourceField\":\"featuredImage\",\"seoTwitterImageId\":\"\",\"seoTwitterImageTransform\":\"\",\"openGraphType\":\"website\",\"seoFacebookImageIdSource\":\"field\",\"seoFacebookImageIdSourceField\":\"featuredImage\",\"seoFacebookImageId\":\"\",\"seoFacebookImageTransform\":\"\",\"robots\":\"all\"}}}','2017-12-31 04:00:52','2017-12-31 04:00:52','0be73d99-c283-4549-a61e-340886463777'),
	(16,2,1,1,'es',8,'','{\"typeId\":\"1\",\"authorId\":null,\"title\":\"Homepage\",\"slug\":\"homepage\",\"postDate\":1514409756,\"expiryDate\":null,\"enabled\":1,\"parentId\":null,\"fields\":{\"1\":\"<p>Ten a tu beb\\u00e9 en Estados Unidos. Nuestro programa es 100% legal, sin repercusiones migratorias a tu visa. Te damos el seguimiento y herramientas necesarias.<\\/p>\",\"4\":[\"71\"],\"3\":{\"seoMainEntityCategory\":\"CreativeWork\",\"seoMainEntityOfPage\":\"WebPage\",\"seoTitleSource\":\"custom\",\"seoTitleSourceField\":\"title\",\"seoTitleUnparsed\":\"Inicio\",\"seoDescriptionSource\":\"field\",\"seoDescriptionSourceField\":\"body\",\"seoDescriptionUnparsed\":\"Ten a tu beb\\u00e9 en Estados Unidos. Nuestro programa es 100% legal, sin repercusiones migratorias a tu visa. Te damos el seguimiento y herramientas necesarias.\",\"seoKeywordsSource\":\"custom\",\"seoKeywordsSourceField\":\"title\",\"seoKeywordsUnparsed\":\"nacionalidad, americana, bebe, estados unidos, nacimiento, proceso, parto, dar a luz, precios, paso a paso, proceso, migratorio, doctores, hospedaje, preguntas\",\"seoImageIdSource\":\"custom\",\"seoImageIdSourceField\":\"featuredImage\",\"seoImageId\":[\"71\"],\"seoImageTransform\":\"\",\"canonicalUrlOverride\":\"\",\"twitterCardType\":\"summary_large_image\",\"seoTwitterImageIdSource\":\"field\",\"seoTwitterImageIdSourceField\":\"featuredImage\",\"seoTwitterImageId\":[\"71\"],\"seoTwitterImageTransform\":\"\",\"openGraphType\":\"website\",\"seoFacebookImageIdSource\":\"field\",\"seoFacebookImageIdSourceField\":\"featuredImage\",\"seoFacebookImageId\":[\"71\"],\"seoFacebookImageTransform\":\"\",\"robots\":\"all\"}}}','2017-12-31 04:01:39','2017-12-31 04:01:39','2c4f39a5-9db0-4b63-9cc3-67e619b54282'),
	(17,37,4,1,'es',2,'','{\"typeId\":null,\"authorId\":null,\"title\":\"Precios\",\"slug\":\"precios\",\"postDate\":1514410348,\"expiryDate\":null,\"enabled\":1,\"parentId\":null,\"fields\":{\"1\":\"<p>Conoce los precios para tener a tu beb\\u00e9 en Estados Unidos. Nuestro programa es 100% legal, sin repercusiones migratorias a tu visa.<\\/p>\",\"4\":[\"74\"],\"3\":{\"seoMainEntityCategory\":\"CreativeWork\",\"seoMainEntityOfPage\":\"WebPage\",\"seoTitleSource\":\"field\",\"seoTitleSourceField\":\"title\",\"seoTitleUnparsed\":\"\",\"seoDescriptionSource\":\"field\",\"seoDescriptionSourceField\":\"body\",\"seoDescriptionUnparsed\":\"\",\"seoKeywordsSource\":\"custom\",\"seoKeywordsSourceField\":\"title\",\"seoKeywordsUnparsed\":\"nacionalidad, americana, bebe, estados unidos, nacimiento, proceso, parto, dar a luz, precios, paso a paso, proceso, migratorio, doctores, hospedaje, preguntas\",\"seoImageIdSource\":\"field\",\"seoImageIdSourceField\":\"featuredImage\",\"seoImageId\":\"\",\"seoImageTransform\":\"\",\"canonicalUrlOverride\":\"\",\"twitterCardType\":\"summary_large_image\",\"seoTwitterImageIdSource\":\"field\",\"seoTwitterImageIdSourceField\":\"featuredImage\",\"seoTwitterImageId\":\"\",\"seoTwitterImageTransform\":\"\",\"openGraphType\":\"website\",\"seoFacebookImageIdSource\":\"field\",\"seoFacebookImageIdSourceField\":\"featuredImage\",\"seoFacebookImageId\":\"\",\"seoFacebookImageTransform\":\"\",\"robots\":\"all\"}}}','2017-12-31 04:07:08','2017-12-31 04:07:08','b939d0d8-9afa-4952-90f4-7b3650bea961'),
	(18,37,4,1,'es',3,'','{\"typeId\":null,\"authorId\":null,\"title\":\"Precios\",\"slug\":\"precios\",\"postDate\":1514410348,\"expiryDate\":null,\"enabled\":1,\"parentId\":null,\"fields\":{\"1\":\"<p>Conoce los precios para tener a tu beb\\u00e9 en Estados Unidos. Nuestro programa es 100% legal, sin repercusiones migratorias a tu visa.<\\/p>\",\"4\":[\"74\"],\"3\":{\"seoMainEntityCategory\":\"CreativeWork\",\"seoMainEntityOfPage\":\"WebPage\",\"seoTitleSource\":\"field\",\"seoTitleSourceField\":\"title\",\"seoTitleUnparsed\":\"Precios\",\"seoDescriptionSource\":\"field\",\"seoDescriptionSourceField\":\"body\",\"seoDescriptionUnparsed\":\"Conoce los precios para tener a tu beb\\u00e9 en Estados Unidos. Nuestro programa es 100% legal, sin repercusiones migratorias a tu visa.\",\"seoKeywordsSource\":\"custom\",\"seoKeywordsSourceField\":\"title\",\"seoKeywordsUnparsed\":\"nacionalidad, americana, bebe, estados unidos, nacimiento, proceso, parto, dar a luz, precios, paso a paso, proceso, migratorio, doctores, hospedaje, preguntas\",\"seoImageIdSource\":\"field\",\"seoImageIdSourceField\":\"featuredImage\",\"seoImageId\":[\"74\"],\"seoImageTransform\":\"\",\"canonicalUrlOverride\":\"\",\"twitterCardType\":\"summary_large_image\",\"seoTwitterImageIdSource\":\"field\",\"seoTwitterImageIdSourceField\":\"featuredImage\",\"seoTwitterImageId\":[\"74\"],\"seoTwitterImageTransform\":\"\",\"openGraphType\":\"website\",\"seoFacebookImageIdSource\":\"field\",\"seoFacebookImageIdSourceField\":\"featuredImage\",\"seoFacebookImageId\":[\"74\"],\"seoFacebookImageTransform\":\"\",\"robots\":\"all\"}}}','2017-12-31 04:07:53','2017-12-31 04:07:53','5373b2d5-0f95-4f7e-9a3a-4ac90b6e7d3a'),
	(19,54,5,1,'es',2,'','{\"typeId\":null,\"authorId\":null,\"title\":\"Paso a Paso\",\"slug\":\"paso-a-paso\",\"postDate\":1514497634,\"expiryDate\":null,\"enabled\":1,\"parentId\":null,\"fields\":{\"1\":\"<p>El paso a paso para tener a tu beb\\u00e9 en Estados Unidos. Nuestro programa es 100% legal, sin repercusiones migratorias a tu visa.<\\/p>\",\"4\":[\"75\"],\"3\":{\"seoMainEntityCategory\":\"CreativeWork\",\"seoMainEntityOfPage\":\"WebPage\",\"seoTitleSource\":\"field\",\"seoTitleSourceField\":\"title\",\"seoTitleUnparsed\":\"\",\"seoDescriptionSource\":\"field\",\"seoDescriptionSourceField\":\"body\",\"seoDescriptionUnparsed\":\"\",\"seoKeywordsSource\":\"custom\",\"seoKeywordsSourceField\":\"title\",\"seoKeywordsUnparsed\":\"nacionalidad, americana, bebe, estados unidos, nacimiento, proceso, parto, dar a luz, precios, paso a paso, proceso, migratorio, doctores, hospedaje, preguntas\",\"seoImageIdSource\":\"field\",\"seoImageIdSourceField\":\"featuredImage\",\"seoImageId\":\"\",\"seoImageTransform\":\"\",\"canonicalUrlOverride\":\"\",\"twitterCardType\":\"summary_large_image\",\"seoTwitterImageIdSource\":\"field\",\"seoTwitterImageIdSourceField\":\"featuredImage\",\"seoTwitterImageId\":\"\",\"seoTwitterImageTransform\":\"\",\"openGraphType\":\"website\",\"seoFacebookImageIdSource\":\"field\",\"seoFacebookImageIdSourceField\":\"featuredImage\",\"seoFacebookImageId\":\"\",\"seoFacebookImageTransform\":\"\",\"robots\":\"all\"}}}','2017-12-31 04:14:20','2017-12-31 04:14:20','b7805f8e-2fd2-4ff5-97d4-e193092d58cf'),
	(20,55,6,1,'es',2,'','{\"typeId\":null,\"authorId\":null,\"title\":\"Proceso Migratorio\",\"slug\":\"proceso-migratorio\",\"postDate\":1514497647,\"expiryDate\":null,\"enabled\":1,\"parentId\":null,\"fields\":{\"1\":\"<p>Conoce el proceso migratorio para tener a tu beb\\u00e9 en Estados Unidos. Nuestro programa es 100% legal, sin repercusiones migratorias a tu visa.<\\/p>\",\"4\":[\"76\"],\"3\":{\"seoMainEntityCategory\":\"CreativeWork\",\"seoMainEntityOfPage\":\"WebPage\",\"seoTitleSource\":\"field\",\"seoTitleSourceField\":\"title\",\"seoTitleUnparsed\":\"\",\"seoDescriptionSource\":\"field\",\"seoDescriptionSourceField\":\"body\",\"seoDescriptionUnparsed\":\"\",\"seoKeywordsSource\":\"custom\",\"seoKeywordsSourceField\":\"title\",\"seoKeywordsUnparsed\":\"nacionalidad, americana, bebe, estados unidos, nacimiento, proceso, parto, dar a luz, precios, paso a paso, proceso, migratorio, doctores, hospedaje, preguntas\",\"seoImageIdSource\":\"field\",\"seoImageIdSourceField\":\"featuredImage\",\"seoImageId\":\"\",\"seoImageTransform\":\"\",\"canonicalUrlOverride\":\"\",\"twitterCardType\":\"summary_large_image\",\"seoTwitterImageIdSource\":\"field\",\"seoTwitterImageIdSourceField\":\"featuredImage\",\"seoTwitterImageId\":\"\",\"seoTwitterImageTransform\":\"\",\"openGraphType\":\"website\",\"seoFacebookImageIdSource\":\"field\",\"seoFacebookImageIdSourceField\":\"featuredImage\",\"seoFacebookImageId\":\"\",\"seoFacebookImageTransform\":\"\",\"robots\":\"all\"}}}','2017-12-31 04:16:10','2017-12-31 04:16:10','6fbd5a55-d0a7-41aa-8f9a-71d79484df87'),
	(21,56,7,1,'es',2,'','{\"typeId\":null,\"authorId\":null,\"title\":\"Doctores\",\"slug\":\"doctores\",\"postDate\":1514497660,\"expiryDate\":null,\"enabled\":1,\"parentId\":null,\"fields\":{\"1\":\"Conoce al equipo de doctores para tener a tu beb\\u00e9 en Estados Unidos. Nuestro programa es 100% legal, sin repercusiones migratorias a tu visa.\",\"4\":[\"77\"],\"3\":{\"seoMainEntityCategory\":\"CreativeWork\",\"seoMainEntityOfPage\":\"WebPage\",\"seoTitleSource\":\"field\",\"seoTitleSourceField\":\"title\",\"seoTitleUnparsed\":\"\",\"seoDescriptionSource\":\"field\",\"seoDescriptionSourceField\":\"body\",\"seoDescriptionUnparsed\":\"\",\"seoKeywordsSource\":\"custom\",\"seoKeywordsSourceField\":\"title\",\"seoKeywordsUnparsed\":\"nacionalidad, americana, bebe, estados unidos, nacimiento, proceso, parto, dar a luz, precios, paso a paso, proceso, migratorio, doctores, hospedaje, preguntas\",\"seoImageIdSource\":\"field\",\"seoImageIdSourceField\":\"featuredImage\",\"seoImageId\":\"\",\"seoImageTransform\":\"\",\"canonicalUrlOverride\":\"\",\"twitterCardType\":\"summary_large_image\",\"seoTwitterImageIdSource\":\"field\",\"seoTwitterImageIdSourceField\":\"featuredImage\",\"seoTwitterImageId\":\"\",\"seoTwitterImageTransform\":\"\",\"openGraphType\":\"website\",\"seoFacebookImageIdSource\":\"field\",\"seoFacebookImageIdSourceField\":\"featuredImage\",\"seoFacebookImageId\":\"\",\"seoFacebookImageTransform\":\"\",\"robots\":\"all\"}}}','2017-12-31 04:17:25','2017-12-31 04:17:25','484bbf89-04ce-4b38-a096-7664d110fd14'),
	(22,72,8,1,'es',2,'','{\"typeId\":null,\"authorId\":null,\"title\":\"Hospedaje\",\"slug\":\"hospedaje\",\"postDate\":1514691158,\"expiryDate\":null,\"enabled\":1,\"parentId\":null,\"fields\":{\"1\":\"Donde hospedarte para tener a tu beb\\u00e9 en Estados Unidos. Nuestro programa es 100% legal, sin repercusiones migratorias a tu visa.\",\"4\":[\"78\"],\"3\":{\"seoMainEntityCategory\":\"CreativeWork\",\"seoMainEntityOfPage\":\"WebPage\",\"seoTitleSource\":\"field\",\"seoTitleSourceField\":\"title\",\"seoTitleUnparsed\":\"\",\"seoDescriptionSource\":\"field\",\"seoDescriptionSourceField\":\"body\",\"seoDescriptionUnparsed\":\"\",\"seoKeywordsSource\":\"custom\",\"seoKeywordsSourceField\":\"title\",\"seoKeywordsUnparsed\":\"nacionalidad, americana, bebe, estados unidos, nacimiento, proceso, parto, dar a luz, precios, paso a paso, proceso, migratorio, doctores, hospedaje, preguntas\",\"seoImageIdSource\":\"field\",\"seoImageIdSourceField\":\"featuredImage\",\"seoImageId\":\"\",\"seoImageTransform\":\"\",\"canonicalUrlOverride\":\"\",\"twitterCardType\":\"summary_large_image\",\"seoTwitterImageIdSource\":\"field\",\"seoTwitterImageIdSourceField\":\"featuredImage\",\"seoTwitterImageId\":\"\",\"seoTwitterImageTransform\":\"\",\"openGraphType\":\"website\",\"seoFacebookImageIdSource\":\"field\",\"seoFacebookImageIdSourceField\":\"featuredImage\",\"seoFacebookImageId\":\"\",\"seoFacebookImageTransform\":\"\",\"robots\":\"all\"}}}','2017-12-31 04:18:58','2017-12-31 04:18:58','e7123493-ef29-411b-84f5-65b2e9676f9a'),
	(23,73,9,1,'es',2,'','{\"typeId\":null,\"authorId\":null,\"title\":\"FAQS\",\"slug\":\"faqs\",\"postDate\":1514691180,\"expiryDate\":null,\"enabled\":1,\"parentId\":null,\"fields\":{\"1\":\"Las preguntas m\\u00e1s frecuentes para tener a tu beb\\u00e9 en Estados Unidos. Nuestro programa es 100% legal, sin repercusiones migratorias a tu visa.\",\"4\":[\"79\"],\"3\":{\"seoMainEntityCategory\":\"CreativeWork\",\"seoMainEntityOfPage\":\"WebPage\",\"seoTitleSource\":\"field\",\"seoTitleSourceField\":\"title\",\"seoTitleUnparsed\":\"\",\"seoDescriptionSource\":\"field\",\"seoDescriptionSourceField\":\"body\",\"seoDescriptionUnparsed\":\"\",\"seoKeywordsSource\":\"custom\",\"seoKeywordsSourceField\":\"title\",\"seoKeywordsUnparsed\":\"nacionalidad, americana, bebe, estados unidos, nacimiento, proceso, parto, dar a luz, precios, paso a paso, proceso, migratorio, doctores, hospedaje, preguntas\",\"seoImageIdSource\":\"field\",\"seoImageIdSourceField\":\"featuredImage\",\"seoImageId\":\"\",\"seoImageTransform\":\"\",\"canonicalUrlOverride\":\"\",\"twitterCardType\":\"summary_large_image\",\"seoTwitterImageIdSource\":\"field\",\"seoTwitterImageIdSourceField\":\"featuredImage\",\"seoTwitterImageId\":\"\",\"seoTwitterImageTransform\":\"\",\"openGraphType\":\"website\",\"seoFacebookImageIdSource\":\"field\",\"seoFacebookImageIdSourceField\":\"featuredImage\",\"seoFacebookImageId\":\"\",\"seoFacebookImageTransform\":\"\",\"robots\":\"all\"}}}','2017-12-31 04:20:35','2017-12-31 04:20:35','260fa4eb-e987-4df0-ae16-169322dd1856'),
	(24,2,1,1,'es',9,'','{\"typeId\":\"1\",\"authorId\":null,\"title\":\"Homepage\",\"slug\":\"homepage\",\"postDate\":1514409756,\"expiryDate\":null,\"enabled\":1,\"parentId\":null,\"fields\":{\"1\":\"<p>Ten a tu beb\\u00e9 en Estados Unidos. Nuestro programa es 100% legal, sin repercusiones migratorias a tu visa. Te damos el seguimiento y herramientas necesarias.<\\/p>\",\"4\":[\"71\"],\"3\":{\"seoMainEntityCategory\":\"CreativeWork\",\"seoMainEntityOfPage\":\"WebPage\",\"seoTitleSource\":\"custom\",\"seoTitleSourceField\":\"title\",\"seoTitleUnparsed\":\"Da a luz en Estados Unidos\",\"seoDescriptionSource\":\"field\",\"seoDescriptionSourceField\":\"body\",\"seoDescriptionUnparsed\":\"Ten a tu beb\\u00e9 en Estados Unidos. Nuestro programa es 100% legal, sin repercusiones migratorias a tu visa. Te damos el seguimiento y herramientas necesarias.\",\"seoKeywordsSource\":\"custom\",\"seoKeywordsSourceField\":\"title\",\"seoKeywordsUnparsed\":\"nacionalidad, americana, bebe, estados unidos, nacimiento, proceso, parto, dar a luz, precios, paso a paso, proceso, migratorio, doctores, hospedaje, preguntas\",\"seoImageIdSource\":\"custom\",\"seoImageIdSourceField\":\"featuredImage\",\"seoImageId\":[\"71\"],\"seoImageTransform\":\"\",\"canonicalUrlOverride\":\"\",\"twitterCardType\":\"summary_large_image\",\"seoTwitterImageIdSource\":\"field\",\"seoTwitterImageIdSourceField\":\"featuredImage\",\"seoTwitterImageId\":[\"71\"],\"seoTwitterImageTransform\":\"\",\"openGraphType\":\"website\",\"seoFacebookImageIdSource\":\"field\",\"seoFacebookImageIdSourceField\":\"featuredImage\",\"seoFacebookImageId\":[\"71\"],\"seoFacebookImageTransform\":\"\",\"robots\":\"all\"}}}','2018-01-04 19:25:27','2018-01-04 19:25:27','90be4f0d-8835-4dd1-942d-2e012b5905c4'),
	(25,85,10,1,'es',1,NULL,'{\"typeId\":\"10\",\"authorId\":null,\"title\":\"Pol\\u00edticas de Privacidad\",\"slug\":\"pol\\u00edticas-de-privacidad\",\"postDate\":1515169970,\"expiryDate\":null,\"enabled\":1,\"parentId\":null,\"fields\":[]}','2018-01-05 16:32:50','2018-01-05 16:32:50','6a2a8d3b-e1fc-4932-ae3a-71f4fdb8bbe1'),
	(26,73,9,1,'es',3,'','{\"typeId\":null,\"authorId\":null,\"title\":\"FAQS\",\"slug\":\"faqs\",\"postDate\":1514691180,\"expiryDate\":null,\"enabled\":1,\"parentId\":null,\"fields\":{\"1\":\"<p>Las preguntas m\\u00e1s frecuentes para tener a tu beb\\u00e9 en Estados Unidos. Nuestro programa es 100% legal, sin repercusiones migratorias a tu visa.<\\/p>\",\"4\":[\"79\"],\"5\":{\"new1\":{\"type\":\"pregunta\",\"enabled\":\"1\",\"fields\":{\"pregunta\":\"\\u00bfQu\\u00e9 necesito para ser candidata?\",\"respuesta\":\"\\u00danicamente necesitas tener VISA vigente al momento del parto (No importa que tipo de VISA sea).\"}},\"new2\":{\"type\":\"pregunta\",\"enabled\":\"1\",\"fields\":{\"pregunta\":\"\\u00bfPuedo viajar embarazada?\",\"respuesta\":\"Si, es recomendable viajar en auto despu\\u00e9s de la semana 38.\"}},\"new3\":{\"type\":\"pregunta\",\"enabled\":\"1\",\"fields\":{\"pregunta\":\"\\u00bfEs legal tener a mi bebe en EUA para que tenga la ciudadan\\u00eda?\",\"respuesta\":\"Es totalmente legal. Es importante identificar que existe una diferencia entre un extranjero ilegal (sin documentaci\\u00f3n y que permanece en los Estados Unidos) y un extranjero legal (una persona que cuenta con documentaci\\u00f3n para internaci\\u00f3n -permiso o visa- a los Estados Unidos). Si bien hay reformas migratorias enfocadas en limitar los derechos de extranjeros indocumentados o \\\"ilegales\\\", la ciudadan\\u00eda por nacimiento jus soli es un derecho constitucional.\"}},\"new4\":{\"type\":\"pregunta\",\"enabled\":\"1\",\"fields\":{\"pregunta\":\"\\u00bfPuedo perder mi visa o tener alg\\u00fan problema para la renovaci\\u00f3n si tengo a mi beb\\u00e9 en EUA?\",\"respuesta\":\"Nuestro programa es 100% legal, sin repercusiones migratorias a tu visa. Es importante declarar honestamente tu embarazo y parto como el motivo de tu visita al ingresar a los Estados Unidos.\"}},\"new5\":{\"type\":\"pregunta\",\"enabled\":\"1\",\"fields\":{\"pregunta\":\"\\u00bfSe necesita tener alg\\u00fan visado o permiso de internamiento para hacer mi parto en EUA?\",\"respuesta\":\"Ninguno, nada mas el permiso si permanece mas de 60 d\\u00edas en el pa\\u00eds.\"}},\"new6\":{\"type\":\"pregunta\",\"enabled\":\"1\",\"fields\":{\"pregunta\":\"\\u00bfQu\\u00e9 debo decir al oficial de migraci\\u00f3n al ser cuestionada sobre el prop\\u00f3sito de mi visita a los Estados Unidos?\",\"respuesta\":\"Nunca mientas sobre tu prop\\u00f3sito de dar a luz en los Estados Unidos. Es muy importante siempre decir la verdad, contar con tu documentaci\\u00f3n, carta de cita   m\\u00e9dica y comprobante de pago (documentos que nosotros te otorgaremos).\"}},\"new7\":{\"type\":\"pregunta\",\"enabled\":\"1\",\"fields\":{\"pregunta\":\"\\u00bfMe dan alg\\u00fan documento para mostrar en migraci\\u00f3n?\",\"respuesta\":\"S\\u00ed, nosotros te proporcionamos tu carta de cita y un comprobante de pago por la contrataci\\u00f3n del servicio.\"}},\"new8\":{\"type\":\"pregunta\",\"enabled\":\"1\",\"fields\":{\"pregunta\":\"\\u00bfCu\\u00e1l es el primer paso?\",\"respuesta\":\"El primer paso a seguir es realizar tu registro v\\u00eda telef\\u00f3nica con nosotros. Toma 5 minutos.\"}},\"new9\":{\"type\":\"pregunta\",\"enabled\":\"1\",\"fields\":{\"pregunta\":\"\\u00bfNecesito asistir a alguna consulta con el doctor antes del parto?\",\"respuesta\":\"No es necesario, dentro del paquete ya se incluyen los chequeos necesarios.\"}},\"new10\":{\"type\":\"pregunta\",\"enabled\":\"1\",\"fields\":{\"pregunta\":\"\\u00bfQu\\u00e9 informaci\\u00f3n\\/ documentos necesito llevar al doctor en la primera cita?\",\"respuesta\":\"Trae todos los estudios prenatales que te hayas realizado.\"}},\"new11\":{\"type\":\"pregunta\",\"enabled\":\"1\",\"fields\":{\"pregunta\":\"\\u00bfCu\\u00e1nto dura el procedimiento?\",\"respuesta\":\"La labor de parto varia para cada paciente y depende de si es parto vaginal o ces\\u00e1rea. Sin embargo, gracias a la experiencia de nuestros obstetras nuestros procedimientos no exceden las 12 horas.\"}},\"new12\":{\"type\":\"pregunta\",\"enabled\":\"1\",\"fields\":{\"pregunta\":\"\\u00bfCu\\u00e1nto tiempo debo permanecer en el hospital despu\\u00e9s del parto?\",\"respuesta\":\"La estancia es de 24 a 36 horas, dependiendo el procedimiento. \"}},\"new13\":{\"type\":\"pregunta\",\"enabled\":\"1\",\"fields\":{\"pregunta\":\"\\u00bfSi tengo alguna condici\\u00f3n m\\u00e9dica, hay alg\\u00fan impedimento?\",\"respuesta\":\"Ninguno, se trata de acuerdo a la condici\\u00f3n de cada paciente.\"}},\"new14\":{\"type\":\"pregunta\",\"enabled\":\"1\",\"fields\":{\"pregunta\":\"\\u00bfCu\\u00e1les son los riesgos del procedimiento?\",\"respuesta\":\"Son los mismos riegos de un parto normal, infecci\\u00f3n, sangrado, etc.\"}},\"new15\":{\"type\":\"pregunta\",\"enabled\":\"1\",\"fields\":{\"pregunta\":\"\\u00bfQu\\u00e9 sucede si tengo complicaciones en el parto?\",\"respuesta\":\"En caso de cualquier tipo de complicaci\\u00f3n que pueda surgir contamos con especialistas capacitados para resolverla.\"}},\"new16\":{\"type\":\"pregunta\",\"enabled\":\"1\",\"fields\":{\"pregunta\":\"\\u00bfEn caso de tener una complicaci\\u00f3n en mi parto los costos adicionales van incluidos dentro del paquete que contrat\\u00e9?\",\"respuesta\":\"Los costos adicionales no est\\u00e1n incluidos dentro de ning\\u00fan paquete. Los mismos corren por cuenta del paciente. \"}},\"new17\":{\"type\":\"pregunta\",\"enabled\":\"1\",\"fields\":{\"pregunta\":\"\\u00bfQu\\u00e9 costo tiene si es embarazo gemelar?\",\"respuesta\":\"\\u00danicamente se suman 800 d\\u00f3lares al costo original de cada paquete.\"}},\"new18\":{\"type\":\"pregunta\",\"enabled\":\"1\",\"fields\":{\"pregunta\":\"\\u00bfTienen convenio con alg\\u00fan hotel o medio de trasporte?\",\"respuesta\":\"Como tal nosotros no nos encargamos del hospedaje ni del transporte durante la estancia. Sin embargo, como parte del servicio te proporcionamos un directorio de proveedores recomendados.\"}}},\"3\":{\"seoMainEntityCategory\":\"CreativeWork\",\"seoMainEntityOfPage\":\"WebPage\",\"seoTitleSource\":\"field\",\"seoTitleSourceField\":\"title\",\"seoTitleUnparsed\":\"FAQS\",\"seoDescriptionSource\":\"field\",\"seoDescriptionSourceField\":\"body\",\"seoDescriptionUnparsed\":\"Las preguntas m\\u00e1s frecuentes para tener a tu beb\\u00e9 en Estados Unidos. Nuestro programa es 100% legal, sin repercusiones migratorias a tu visa.\",\"seoKeywordsSource\":\"custom\",\"seoKeywordsSourceField\":\"title\",\"seoKeywordsUnparsed\":\"nacionalidad, americana, bebe, estados unidos, nacimiento, proceso, parto, dar a luz, precios, paso a paso, proceso, migratorio, doctores, hospedaje, preguntas\",\"seoImageIdSource\":\"field\",\"seoImageIdSourceField\":\"featuredImage\",\"seoImageId\":[\"79\"],\"seoImageTransform\":\"\",\"canonicalUrlOverride\":\"\",\"twitterCardType\":\"summary_large_image\",\"seoTwitterImageIdSource\":\"field\",\"seoTwitterImageIdSourceField\":\"featuredImage\",\"seoTwitterImageId\":[\"79\"],\"seoTwitterImageTransform\":\"\",\"openGraphType\":\"website\",\"seoFacebookImageIdSource\":\"field\",\"seoFacebookImageIdSourceField\":\"featuredImage\",\"seoFacebookImageId\":[\"79\"],\"seoFacebookImageTransform\":\"\",\"robots\":\"all\"}}}','2018-07-30 20:52:54','2018-07-30 20:52:54','6edfdc69-1ed0-43ed-b61d-621d74706983'),
	(27,73,9,1,'es',4,'','{\"typeId\":null,\"authorId\":null,\"title\":\"FAQS\",\"slug\":\"faqs\",\"postDate\":1514691180,\"expiryDate\":null,\"enabled\":1,\"parentId\":null,\"fields\":{\"1\":\"<p>Las preguntas m\\u00e1s frecuentes para tener a tu beb\\u00e9 en Estados Unidos. Nuestro programa es 100% legal, sin repercusiones migratorias a tu visa.<\\/p>\",\"4\":[\"79\"],\"5\":{\"96\":{\"type\":\"pregunta\",\"enabled\":\"1\",\"fields\":{\"pregunta\":\"\\u00bfQu\\u00e9 necesito para ser candidata?\",\"respuesta\":\"\\u00danicamente necesitas tener VISA vigente al momento del parto (No importa que tipo de VISA sea).\"}},\"97\":{\"type\":\"pregunta\",\"enabled\":\"1\",\"fields\":{\"pregunta\":\"\\u00bfPuedo viajar embarazada?\",\"respuesta\":\"Si, es recomendable viajar en auto despu\\u00e9s de la semana 38.\"}},\"98\":{\"type\":\"pregunta\",\"enabled\":\"1\",\"fields\":{\"pregunta\":\"\\u00bfEs legal tener a mi bebe en EUA para que tenga la ciudadan\\u00eda?\",\"respuesta\":\"Es totalmente legal. Es importante identificar que existe una diferencia entre un extranjero ilegal (sin documentaci\\u00f3n y que permanece en los Estados Unidos) y un extranjero legal (una persona que cuenta con documentaci\\u00f3n para internaci\\u00f3n -permiso o visa- a los Estados Unidos). Si bien hay reformas migratorias enfocadas en limitar los derechos de extranjeros indocumentados o \\\"ilegales\\\", la ciudadan\\u00eda por nacimiento jus soli es un derecho constitucional.\"}},\"99\":{\"type\":\"pregunta\",\"enabled\":\"1\",\"fields\":{\"pregunta\":\"\\u00bfPuedo perder mi visa o tener alg\\u00fan problema para la renovaci\\u00f3n si tengo a mi beb\\u00e9 en EUA?\",\"respuesta\":\"Nuestro programa es 100% legal, sin repercusiones migratorias a tu visa. Es importante declarar honestamente tu embarazo y parto como el motivo de tu visita al ingresar a los Estados Unidos.\"}},\"100\":{\"type\":\"pregunta\",\"enabled\":\"1\",\"fields\":{\"pregunta\":\"\\u00bfSe necesita tener alg\\u00fan visado o permiso de internamiento para hacer mi parto en EUA?\",\"respuesta\":\"Ninguno, nada mas el permiso si permanece mas de 60 d\\u00edas en el pa\\u00eds.\"}},\"101\":{\"type\":\"pregunta\",\"enabled\":\"1\",\"fields\":{\"pregunta\":\"\\u00bfQu\\u00e9 debo decir al oficial de migraci\\u00f3n al ser cuestionada sobre el prop\\u00f3sito de mi visita a los Estados Unidos?\",\"respuesta\":\"Nunca mientas sobre tu prop\\u00f3sito de dar a luz en los Estados Unidos. Es muy importante siempre decir la verdad, contar con tu documentaci\\u00f3n, carta de cita   m\\u00e9dica y comprobante de pago (documentos que nosotros te otorgaremos).\"}},\"102\":{\"type\":\"pregunta\",\"enabled\":\"1\",\"fields\":{\"pregunta\":\"\\u00bfMe dan alg\\u00fan documento para mostrar en migraci\\u00f3n?\",\"respuesta\":\"S\\u00ed, nosotros te proporcionamos tu carta de cita y un comprobante de pago por la contrataci\\u00f3n del servicio.\"}},\"103\":{\"type\":\"pregunta\",\"enabled\":\"1\",\"fields\":{\"pregunta\":\"\\u00bfCu\\u00e1l es el primer paso?\",\"respuesta\":\"El primer paso a seguir es realizar tu registro v\\u00eda telef\\u00f3nica con nosotros. Toma 5 minutos.\"}},\"104\":{\"type\":\"pregunta\",\"enabled\":\"1\",\"fields\":{\"pregunta\":\"\\u00bfNecesito asistir a alguna consulta con el doctor antes del parto?\",\"respuesta\":\"No es necesario, dentro del paquete ya se incluyen los chequeos necesarios.\"}},\"105\":{\"type\":\"pregunta\",\"enabled\":\"1\",\"fields\":{\"pregunta\":\"\\u00bfQu\\u00e9 informaci\\u00f3n\\/ documentos necesito llevar al doctor en la primera cita?\",\"respuesta\":\"Trae todos los estudios prenatales que te hayas realizado.\"}},\"106\":{\"type\":\"pregunta\",\"enabled\":\"1\",\"fields\":{\"pregunta\":\"\\u00bfCu\\u00e1nto dura el procedimiento?\",\"respuesta\":\"La labor de parto varia para cada paciente y depende de si es parto vaginal o ces\\u00e1rea. Sin embargo, gracias a la experiencia de nuestros obstetras nuestros procedimientos no exceden las 12 horas.\"}},\"107\":{\"type\":\"pregunta\",\"enabled\":\"1\",\"fields\":{\"pregunta\":\"\\u00bfCu\\u00e1nto tiempo debo permanecer en el hospital despu\\u00e9s del parto?\",\"respuesta\":\"La estancia es de 24 a 36 horas, dependiendo el procedimiento. \"}},\"108\":{\"type\":\"pregunta\",\"enabled\":\"1\",\"fields\":{\"pregunta\":\"\\u00bfSi tengo alguna condici\\u00f3n m\\u00e9dica, hay alg\\u00fan impedimento?\",\"respuesta\":\"Ninguno, se trata de acuerdo a la condici\\u00f3n de cada paciente.\"}},\"109\":{\"type\":\"pregunta\",\"enabled\":\"1\",\"fields\":{\"pregunta\":\"\\u00bfCu\\u00e1les son los riesgos del procedimiento?\",\"respuesta\":\"Son los mismos riegos de un parto normal, infecci\\u00f3n, sangrado, etc.\"}},\"110\":{\"type\":\"pregunta\",\"enabled\":\"1\",\"fields\":{\"pregunta\":\"\\u00bfQu\\u00e9 sucede si tengo complicaciones en el parto?\",\"respuesta\":\"En caso de cualquier tipo de complicaci\\u00f3n que pueda surgir contamos con especialistas capacitados para resolverla.\"}},\"111\":{\"type\":\"pregunta\",\"enabled\":\"1\",\"fields\":{\"pregunta\":\"\\u00bfEn caso de tener una complicaci\\u00f3n en mi parto los costos adicionales van incluidos dentro del paquete que contrat\\u00e9?\",\"respuesta\":\"Los costos adicionales no est\\u00e1n incluidos dentro de ning\\u00fan paquete. Los mismos corren por cuenta del paciente. \"}},\"112\":{\"type\":\"pregunta\",\"enabled\":\"1\",\"fields\":{\"pregunta\":\"\\u00bfQu\\u00e9 costo tiene si es embarazo gemelar?\",\"respuesta\":\"\\u00danicamente se suman 800 d\\u00f3lares al costo original de cada paquete.\"}},\"113\":{\"type\":\"pregunta\",\"enabled\":\"1\",\"fields\":{\"pregunta\":\"\\u00bfTienen convenio con alg\\u00fan hotel o medio de trasporte?\",\"respuesta\":\"Como tal nosotros no nos encargamos del hospedaje ni del transporte durante la estancia. Sin embargo, como parte del servicio te proporcionamos un directorio de proveedores recomendados.\"}}},\"3\":{\"seoMainEntityCategory\":\"CreativeWork\",\"seoMainEntityOfPage\":\"WebPage\",\"seoTitleSource\":\"field\",\"seoTitleSourceField\":\"title\",\"seoTitleUnparsed\":\"FAQS\",\"seoDescriptionSource\":\"field\",\"seoDescriptionSourceField\":\"body\",\"seoDescriptionUnparsed\":\"Las preguntas m\\u00e1s frecuentes para tener a tu beb\\u00e9 en Estados Unidos. Nuestro programa es 100% legal, sin repercusiones migratorias a tu visa.\",\"seoKeywordsSource\":\"custom\",\"seoKeywordsSourceField\":\"title\",\"seoKeywordsUnparsed\":\"nacionalidad, americana, bebe, estados unidos, nacimiento, proceso, parto, dar a luz, precios, paso a paso, proceso, migratorio, doctores, hospedaje, preguntas\",\"seoImageIdSource\":\"field\",\"seoImageIdSourceField\":\"featuredImage\",\"seoImageId\":[\"79\"],\"seoImageTransform\":\"\",\"canonicalUrlOverride\":\"\",\"twitterCardType\":\"summary_large_image\",\"seoTwitterImageIdSource\":\"field\",\"seoTwitterImageIdSourceField\":\"featuredImage\",\"seoTwitterImageId\":[\"79\"],\"seoTwitterImageTransform\":\"\",\"openGraphType\":\"website\",\"seoFacebookImageIdSource\":\"field\",\"seoFacebookImageIdSourceField\":\"featuredImage\",\"seoFacebookImageId\":[\"79\"],\"seoFacebookImageTransform\":\"\",\"robots\":\"all\"}}}','2018-07-30 21:44:55','2018-07-30 21:44:55','d2e1d408-0f77-4575-85c2-dc92b0675a16'),
	(28,73,9,1,'es',5,'','{\"typeId\":null,\"authorId\":null,\"title\":\"FAQS\",\"slug\":\"faqs\",\"postDate\":1514691180,\"expiryDate\":null,\"enabled\":1,\"parentId\":null,\"fields\":{\"1\":\"<p>Las preguntas m\\u00e1s frecuentes para tener a tu beb\\u00e9 en Estados Unidos. Nuestro programa es 100% legal, sin repercusiones migratorias a tu visa.<\\/p>\",\"4\":[\"79\"],\"5\":{\"96\":{\"type\":\"pregunta\",\"enabled\":\"1\",\"fields\":{\"pregunta\":\"\\u00bfQu\\u00e9 necesito para ser candidata?\",\"respuesta\":\"\\u00danicamente necesitas tener VISA vigente al momento del parto (No importa que tipo de VISA sea).\"}},\"97\":{\"type\":\"pregunta\",\"enabled\":\"1\",\"fields\":{\"pregunta\":\"\\u00bfPuedo viajar embarazada?\",\"respuesta\":\"Si, es recomendable viajar en auto despu\\u00e9s de la semana 38.\"}},\"98\":{\"type\":\"pregunta\",\"enabled\":\"1\",\"fields\":{\"pregunta\":\"\\u00bfEs legal tener a mi beb\\u00e9 en EUA para que tenga la ciudadan\\u00eda?\",\"respuesta\":\"Es totalmente legal. Es importante identificar que existe una diferencia entre un extranjero ilegal (sin documentaci\\u00f3n y que permanece en los Estados Unidos) y un extranjero legal (una persona que cuenta con documentaci\\u00f3n para internaci\\u00f3n -permiso o visa- a los Estados Unidos). Si bien hay reformas migratorias enfocadas en limitar los derechos de extranjeros indocumentados o \\\"ilegales\\\", la ciudadan\\u00eda por nacimiento jus soli es un derecho constitucional.\"}},\"99\":{\"type\":\"pregunta\",\"enabled\":\"1\",\"fields\":{\"pregunta\":\"\\u00bfPuedo perder mi visa o tener alg\\u00fan problema para la renovaci\\u00f3n si tengo a mi beb\\u00e9 en EUA?\",\"respuesta\":\"Nuestro programa es 100% legal, sin repercusiones migratorias a tu visa. Es importante declarar honestamente tu embarazo y parto como el motivo de tu visita al ingresar a los Estados Unidos.\"}},\"100\":{\"type\":\"pregunta\",\"enabled\":\"1\",\"fields\":{\"pregunta\":\"\\u00bfSe necesita tener alg\\u00fan visado o permiso de internamiento para hacer mi parto en EUA?\",\"respuesta\":\"Ninguno, nada mas el permiso si permanece mas de 60 d\\u00edas en el pa\\u00eds.\"}},\"101\":{\"type\":\"pregunta\",\"enabled\":\"1\",\"fields\":{\"pregunta\":\"\\u00bfQu\\u00e9 debo decir al oficial de migraci\\u00f3n al ser cuestionada sobre el prop\\u00f3sito de mi visita a los Estados Unidos?\",\"respuesta\":\"Nunca mientas sobre tu prop\\u00f3sito de dar a luz en los Estados Unidos. Es muy importante siempre decir la verdad, contar con tu documentaci\\u00f3n, carta de cita   m\\u00e9dica y comprobante de pago (documentos que nosotros te otorgaremos).\"}},\"102\":{\"type\":\"pregunta\",\"enabled\":\"1\",\"fields\":{\"pregunta\":\"\\u00bfMe dan alg\\u00fan documento para mostrar en migraci\\u00f3n?\",\"respuesta\":\"S\\u00ed, nosotros te proporcionamos tu carta de cita y un comprobante de pago por la contrataci\\u00f3n del servicio.\"}},\"103\":{\"type\":\"pregunta\",\"enabled\":\"1\",\"fields\":{\"pregunta\":\"\\u00bfCu\\u00e1l es el primer paso?\",\"respuesta\":\"El primer paso a seguir es realizar tu registro v\\u00eda telef\\u00f3nica con nosotros. Toma 5 minutos.\"}},\"104\":{\"type\":\"pregunta\",\"enabled\":\"1\",\"fields\":{\"pregunta\":\"\\u00bfNecesito asistir a alguna consulta con el doctor antes del parto?\",\"respuesta\":\"No es necesario, dentro del paquete ya se incluyen los chequeos necesarios.\"}},\"105\":{\"type\":\"pregunta\",\"enabled\":\"1\",\"fields\":{\"pregunta\":\"\\u00bfQu\\u00e9 informaci\\u00f3n\\/ documentos necesito llevar al doctor en la primera cita?\",\"respuesta\":\"Trae todos los estudios prenatales que te hayas realizado.\"}},\"106\":{\"type\":\"pregunta\",\"enabled\":\"1\",\"fields\":{\"pregunta\":\"\\u00bfCu\\u00e1nto dura el procedimiento?\",\"respuesta\":\"La labor de parto varia para cada paciente y depende de si es parto vaginal o ces\\u00e1rea. Sin embargo, gracias a la experiencia de nuestros obstetras nuestros procedimientos no exceden las 12 horas.\"}},\"107\":{\"type\":\"pregunta\",\"enabled\":\"1\",\"fields\":{\"pregunta\":\"\\u00bfCu\\u00e1nto tiempo debo permanecer en el hospital despu\\u00e9s del parto?\",\"respuesta\":\"La estancia es de 24 a 36 horas, dependiendo el procedimiento. \"}},\"108\":{\"type\":\"pregunta\",\"enabled\":\"1\",\"fields\":{\"pregunta\":\"\\u00bfSi tengo alguna condici\\u00f3n m\\u00e9dica, hay alg\\u00fan impedimento?\",\"respuesta\":\"Ninguno, se trata de acuerdo a la condici\\u00f3n de cada paciente.\"}},\"109\":{\"type\":\"pregunta\",\"enabled\":\"1\",\"fields\":{\"pregunta\":\"\\u00bfCu\\u00e1les son los riesgos del procedimiento?\",\"respuesta\":\"Son los mismos riegos de un parto normal, infecci\\u00f3n, sangrado, etc.\"}},\"110\":{\"type\":\"pregunta\",\"enabled\":\"1\",\"fields\":{\"pregunta\":\"\\u00bfQu\\u00e9 sucede si tengo complicaciones en el parto?\",\"respuesta\":\"En caso de cualquier tipo de complicaci\\u00f3n que pueda surgir contamos con especialistas capacitados para resolverla.\"}},\"111\":{\"type\":\"pregunta\",\"enabled\":\"1\",\"fields\":{\"pregunta\":\"\\u00bfEn caso de tener una complicaci\\u00f3n en mi parto los costos adicionales van incluidos dentro del paquete que contrat\\u00e9?\",\"respuesta\":\"Los costos adicionales no est\\u00e1n incluidos dentro de ning\\u00fan paquete. Los mismos corren por cuenta del paciente. \"}},\"112\":{\"type\":\"pregunta\",\"enabled\":\"1\",\"fields\":{\"pregunta\":\"\\u00bfQu\\u00e9 costo tiene si es embarazo gemelar?\",\"respuesta\":\"\\u00danicamente se suman 800 d\\u00f3lares al costo original de cada paquete.\"}},\"113\":{\"type\":\"pregunta\",\"enabled\":\"1\",\"fields\":{\"pregunta\":\"\\u00bfTienen convenio con alg\\u00fan hotel o medio de trasporte?\",\"respuesta\":\"Como tal nosotros no nos encargamos del hospedaje ni del transporte durante la estancia. Sin embargo, como parte del servicio te proporcionamos un directorio de proveedores recomendados.\"}}},\"3\":{\"seoMainEntityCategory\":\"CreativeWork\",\"seoMainEntityOfPage\":\"WebPage\",\"seoTitleSource\":\"field\",\"seoTitleSourceField\":\"title\",\"seoTitleUnparsed\":\"FAQS\",\"seoDescriptionSource\":\"field\",\"seoDescriptionSourceField\":\"body\",\"seoDescriptionUnparsed\":\"Las preguntas m\\u00e1s frecuentes para tener a tu beb\\u00e9 en Estados Unidos. Nuestro programa es 100% legal, sin repercusiones migratorias a tu visa.\",\"seoKeywordsSource\":\"custom\",\"seoKeywordsSourceField\":\"title\",\"seoKeywordsUnparsed\":\"nacionalidad, americana, bebe, estados unidos, nacimiento, proceso, parto, dar a luz, precios, paso a paso, proceso, migratorio, doctores, hospedaje, preguntas\",\"seoImageIdSource\":\"field\",\"seoImageIdSourceField\":\"featuredImage\",\"seoImageId\":[\"79\"],\"seoImageTransform\":\"\",\"canonicalUrlOverride\":\"\",\"twitterCardType\":\"summary_large_image\",\"seoTwitterImageIdSource\":\"field\",\"seoTwitterImageIdSourceField\":\"featuredImage\",\"seoTwitterImageId\":[\"79\"],\"seoTwitterImageTransform\":\"\",\"openGraphType\":\"website\",\"seoFacebookImageIdSource\":\"field\",\"seoFacebookImageIdSourceField\":\"featuredImage\",\"seoFacebookImageId\":[\"79\"],\"seoFacebookImageTransform\":\"\",\"robots\":\"all\"}}}','2018-07-31 22:22:53','2018-07-31 22:22:53','ca68ea51-b228-434e-b1c3-1dea2b079dc4'),
	(29,73,9,1,'es',6,'','{\"typeId\":null,\"authorId\":null,\"title\":\"FAQS\",\"slug\":\"faqs\",\"postDate\":1514691180,\"expiryDate\":null,\"enabled\":1,\"parentId\":null,\"fields\":{\"1\":\"<p>Las preguntas m\\u00e1s frecuentes para tener a tu beb\\u00e9 en Estados Unidos. Nuestro programa es 100% legal, sin repercusiones migratorias a tu visa.<\\/p>\",\"4\":[\"79\"],\"5\":{\"96\":{\"type\":\"pregunta\",\"enabled\":\"1\",\"fields\":{\"pregunta\":\"\\u00bfQu\\u00e9 necesito para ser candidata?\",\"respuesta\":\"\\u00danicamente necesitas tener VISA vigente al momento del parto (No importa que tipo de VISA sea).\"}},\"97\":{\"type\":\"pregunta\",\"enabled\":\"1\",\"fields\":{\"pregunta\":\"\\u00bfPuedo viajar embarazada?\",\"respuesta\":\"Si, es recomendable viajar en auto despu\\u00e9s de la semana 38.\"}},\"98\":{\"type\":\"pregunta\",\"enabled\":\"1\",\"fields\":{\"pregunta\":\"\\u00bfEs legal tener a mi beb\\u00e9 en EUA para que tenga la ciudadan\\u00eda?\",\"respuesta\":\"Es totalmente legal. Es importante identificar que existe una diferencia entre un extranjero ilegal (sin documentaci\\u00f3n y que permanece en los Estados Unidos) y un extranjero legal (una persona que cuenta con documentaci\\u00f3n para internaci\\u00f3n -permiso o visa- a los Estados Unidos). Si bien hay reformas migratorias enfocadas en limitar los derechos de extranjeros indocumentados o \\\"ilegales\\\", la ciudadan\\u00eda por nacimiento jus soli es un derecho constitucional.\"}},\"99\":{\"type\":\"pregunta\",\"enabled\":\"1\",\"fields\":{\"pregunta\":\"\\u00bfPuedo perder mi visa o tener alg\\u00fan problema para la renovaci\\u00f3n si tengo a mi beb\\u00e9 en EUA?\",\"respuesta\":\"Nuestro programa es 100% legal, sin repercusiones migratorias a tu visa. Es importante declarar honestamente tu embarazo y parto como el motivo de tu visita al ingresar a los Estados Unidos.\"}},\"100\":{\"type\":\"pregunta\",\"enabled\":\"1\",\"fields\":{\"pregunta\":\"\\u00bfSe necesita tener alg\\u00fan visado o permiso de internamiento para hacer mi parto en EUA?\",\"respuesta\":\"Ninguno, nada mas el permiso si permanece mas de 60 d\\u00edas en el pa\\u00eds.\"}},\"101\":{\"type\":\"pregunta\",\"enabled\":\"1\",\"fields\":{\"pregunta\":\"\\u00bfQu\\u00e9 debo decir al oficial de migraci\\u00f3n al ser cuestionada sobre el prop\\u00f3sito de mi visita a los Estados Unidos?\",\"respuesta\":\"Nunca mientas sobre tu prop\\u00f3sito de dar a luz en los Estados Unidos. Es muy importante siempre decir la verdad, contar con tu documentaci\\u00f3n, carta de cita   m\\u00e9dica y comprobante de pago (documentos que nosotros te otorgaremos).\"}},\"102\":{\"type\":\"pregunta\",\"enabled\":\"1\",\"fields\":{\"pregunta\":\"\\u00bfMe dan alg\\u00fan documento para mostrar en migraci\\u00f3n?\",\"respuesta\":\"S\\u00ed, nosotros te proporcionamos tu carta de cita y un comprobante de pago por la contrataci\\u00f3n del servicio.\"}},\"103\":{\"type\":\"pregunta\",\"enabled\":\"1\",\"fields\":{\"pregunta\":\"\\u00bfCu\\u00e1l es el primer paso?\",\"respuesta\":\"El primer paso a seguir es realizar tu registro v\\u00eda telef\\u00f3nica con nosotros. Toma 5 minutos.\"}},\"104\":{\"type\":\"pregunta\",\"enabled\":\"1\",\"fields\":{\"pregunta\":\"\\u00bfNecesito asistir a alguna consulta con el doctor antes del parto?\",\"respuesta\":\"No es necesario, dentro del paquete ya se incluyen los chequeos necesarios.\"}},\"105\":{\"type\":\"pregunta\",\"enabled\":\"1\",\"fields\":{\"pregunta\":\"\\u00bfQu\\u00e9 informaci\\u00f3n\\/ documentos necesito llevar al doctor en la primera cita?\",\"respuesta\":\"Trae todos los estudios prenatales que te hayas realizado.\"}},\"106\":{\"type\":\"pregunta\",\"enabled\":\"1\",\"fields\":{\"pregunta\":\"\\u00bfCu\\u00e1nto dura el procedimiento?\",\"respuesta\":\"La labor de parto varia para cada paciente y depende de si es parto vaginal o ces\\u00e1rea. Sin embargo, gracias a la experiencia de nuestros obstetras nuestros procedimientos no exceden las 12 horas.\"}},\"107\":{\"type\":\"pregunta\",\"enabled\":\"1\",\"fields\":{\"pregunta\":\"\\u00bfCu\\u00e1nto tiempo debo permanecer en el hospital despu\\u00e9s del parto?\",\"respuesta\":\"La estancia es de 24 a 36 horas, dependiendo el procedimiento. \"}},\"108\":{\"type\":\"pregunta\",\"enabled\":\"1\",\"fields\":{\"pregunta\":\"\\u00bfSi tengo alguna condici\\u00f3n m\\u00e9dica, hay alg\\u00fan impedimento?\",\"respuesta\":\"Ninguno, se trata de acuerdo a la condici\\u00f3n de cada paciente.\"}},\"109\":{\"type\":\"pregunta\",\"enabled\":\"1\",\"fields\":{\"pregunta\":\"\\u00bfCu\\u00e1les son los riesgos del procedimiento?\",\"respuesta\":\"Son los mismos riegos de un parto normal, infecci\\u00f3n, sangrado, etc.\"}},\"110\":{\"type\":\"pregunta\",\"enabled\":\"1\",\"fields\":{\"pregunta\":\"\\u00bfQu\\u00e9 sucede si tengo complicaciones en el parto?\",\"respuesta\":\"En caso de cualquier tipo de complicaci\\u00f3n que pueda surgir contamos con especialistas capacitados para resolverla.\"}},\"111\":{\"type\":\"pregunta\",\"enabled\":\"1\",\"fields\":{\"pregunta\":\"\\u00bfEn caso de tener una complicaci\\u00f3n en mi parto los costos adicionales van incluidos dentro del paquete que contrat\\u00e9?\",\"respuesta\":\"Los costos adicionales no est\\u00e1n incluidos dentro de ning\\u00fan paquete. Los mismos corren por cuenta del paciente. \"}},\"112\":{\"type\":\"pregunta\",\"enabled\":\"1\",\"fields\":{\"pregunta\":\"\\u00bfQu\\u00e9 costo tiene si es embarazo gemelar?\",\"respuesta\":\"\\u00danicamente se suman 800 d\\u00f3lares al costo original de cada paquete.\"}},\"113\":{\"type\":\"pregunta\",\"enabled\":\"1\",\"fields\":{\"pregunta\":\"\\u00bfTienen convenio con alg\\u00fan hotel o medio de trasporte?\",\"respuesta\":\"Como tal nosotros no nos encargamos del hospedaje ni del transporte durante la estancia. Sin embargo, como parte del servicio te proporcionamos un directorio de proveedores recomendados.\"}}},\"3\":{\"seoMainEntityCategory\":\"CreativeWork\",\"seoMainEntityOfPage\":\"WebPage\",\"seoTitleSource\":\"field\",\"seoTitleSourceField\":\"title\",\"seoTitleUnparsed\":\"FAQS\",\"seoDescriptionSource\":\"field\",\"seoDescriptionSourceField\":\"body\",\"seoDescriptionUnparsed\":\"Las preguntas m\\u00e1s frecuentes para tener a tu beb\\u00e9 en Estados Unidos. Nuestro programa es 100% legal, sin repercusiones migratorias a tu visa.\",\"seoKeywordsSource\":\"custom\",\"seoKeywordsSourceField\":\"title\",\"seoKeywordsUnparsed\":\"nacionalidad, americana, bebe, estados unidos, nacimiento, proceso, parto, dar a luz, precios, paso a paso, proceso, migratorio, doctores, hospedaje, preguntas\",\"seoImageIdSource\":\"field\",\"seoImageIdSourceField\":\"featuredImage\",\"seoImageId\":[\"79\"],\"seoImageTransform\":\"\",\"canonicalUrlOverride\":\"\",\"twitterCardType\":\"summary_large_image\",\"seoTwitterImageIdSource\":\"field\",\"seoTwitterImageIdSourceField\":\"featuredImage\",\"seoTwitterImageId\":[\"79\"],\"seoTwitterImageTransform\":\"\",\"openGraphType\":\"website\",\"seoFacebookImageIdSource\":\"field\",\"seoFacebookImageIdSourceField\":\"featuredImage\",\"seoFacebookImageId\":[\"79\"],\"seoFacebookImageTransform\":\"\",\"robots\":\"all\"}}}','2018-07-31 22:23:10','2018-07-31 22:23:10','967ebe7d-4764-4ddb-881c-9f9b9fcd3e15'),
	(30,73,9,1,'es',7,'','{\"typeId\":null,\"authorId\":null,\"title\":\"FAQS\",\"slug\":\"faqs\",\"postDate\":1514691180,\"expiryDate\":null,\"enabled\":1,\"parentId\":null,\"fields\":{\"1\":\"<p>Las preguntas m\\u00e1s frecuentes para tener a tu beb\\u00e9 en Estados Unidos. Nuestro programa es 100% legal, sin repercusiones migratorias a tu visa.<\\/p>\",\"4\":[\"79\"],\"5\":{\"96\":{\"type\":\"pregunta\",\"enabled\":\"1\",\"fields\":{\"pregunta\":\"\\u00bfQu\\u00e9 necesito para ser candidata?\",\"respuesta\":\"\\u00danicamente necesitas tener VISA vigente al momento del parto (No importa que tipo de VISA sea).\"}},\"97\":{\"type\":\"pregunta\",\"enabled\":\"1\",\"fields\":{\"pregunta\":\"\\u00bfPuedo viajar embarazada?\",\"respuesta\":\"Si. Si pasa de la semana 38 es recomendable viajar en auto.\"}},\"98\":{\"type\":\"pregunta\",\"enabled\":\"1\",\"fields\":{\"pregunta\":\"\\u00bfEs legal tener a mi beb\\u00e9 en EUA para que tenga la ciudadan\\u00eda?\",\"respuesta\":\"Es totalmente legal. Es importante identificar que existe una diferencia entre un extranjero ilegal (sin documentaci\\u00f3n y que permanece en los Estados Unidos) y un extranjero legal (una persona que cuenta con documentaci\\u00f3n para internaci\\u00f3n -permiso o visa- a los Estados Unidos). Si bien hay reformas migratorias enfocadas en limitar los derechos de extranjeros indocumentados o \\\"ilegales\\\", la ciudadan\\u00eda por nacimiento jus soli es un derecho constitucional.\"}},\"99\":{\"type\":\"pregunta\",\"enabled\":\"1\",\"fields\":{\"pregunta\":\"\\u00bfPuedo perder mi visa o tener alg\\u00fan problema para la renovaci\\u00f3n si tengo a mi beb\\u00e9 en EUA?\",\"respuesta\":\"Nuestro programa es 100% legal, sin repercusiones migratorias a tu visa. Es importante declarar honestamente tu embarazo y parto como el motivo de tu visita al ingresar a los Estados Unidos.\"}},\"100\":{\"type\":\"pregunta\",\"enabled\":\"1\",\"fields\":{\"pregunta\":\"\\u00bfSe necesita tener alg\\u00fan visado o permiso de internamiento para hacer mi parto en EUA?\",\"respuesta\":\"Ninguno, nada mas el permiso si permanece mas de 60 d\\u00edas en el pa\\u00eds.\"}},\"101\":{\"type\":\"pregunta\",\"enabled\":\"1\",\"fields\":{\"pregunta\":\"\\u00bfQu\\u00e9 debo decir al oficial de migraci\\u00f3n al ser cuestionada sobre el prop\\u00f3sito de mi visita a los Estados Unidos?\",\"respuesta\":\"Nunca mientas sobre tu prop\\u00f3sito de dar a luz en los Estados Unidos. Es muy importante siempre decir la verdad, contar con tu documentaci\\u00f3n, carta de cita   m\\u00e9dica y comprobante de pago (documentos que nosotros te otorgaremos).\"}},\"102\":{\"type\":\"pregunta\",\"enabled\":\"1\",\"fields\":{\"pregunta\":\"\\u00bfMe dan alg\\u00fan documento para mostrar en migraci\\u00f3n?\",\"respuesta\":\"S\\u00ed, nosotros te proporcionamos tu carta de cita y un comprobante de pago por la contrataci\\u00f3n del servicio.\"}},\"103\":{\"type\":\"pregunta\",\"enabled\":\"1\",\"fields\":{\"pregunta\":\"\\u00bfCu\\u00e1l es el primer paso?\",\"respuesta\":\"El primer paso a seguir es realizar tu registro v\\u00eda telef\\u00f3nica con nosotros. Toma 5 minutos.\"}},\"104\":{\"type\":\"pregunta\",\"enabled\":\"1\",\"fields\":{\"pregunta\":\"\\u00bfNecesito asistir a alguna consulta con el doctor antes del parto?\",\"respuesta\":\"No es necesario, dentro del paquete ya se incluyen los chequeos necesarios.\"}},\"105\":{\"type\":\"pregunta\",\"enabled\":\"1\",\"fields\":{\"pregunta\":\"\\u00bfQu\\u00e9 informaci\\u00f3n\\/ documentos necesito llevar al doctor en la primera cita?\",\"respuesta\":\"Trae todos los estudios prenatales que te hayas realizado.\"}},\"106\":{\"type\":\"pregunta\",\"enabled\":\"1\",\"fields\":{\"pregunta\":\"\\u00bfCu\\u00e1nto dura el procedimiento?\",\"respuesta\":\"La labor de parto varia para cada paciente y depende de si es parto vaginal o ces\\u00e1rea. Sin embargo, gracias a la experiencia de nuestros obstetras nuestros procedimientos no exceden las 12 horas.\"}},\"107\":{\"type\":\"pregunta\",\"enabled\":\"1\",\"fields\":{\"pregunta\":\"\\u00bfCu\\u00e1nto tiempo debo permanecer en el hospital despu\\u00e9s del parto?\",\"respuesta\":\"La estancia es de 24 a 36 horas, dependiendo el procedimiento. \"}},\"108\":{\"type\":\"pregunta\",\"enabled\":\"1\",\"fields\":{\"pregunta\":\"\\u00bfSi tengo alguna condici\\u00f3n m\\u00e9dica, hay alg\\u00fan impedimento?\",\"respuesta\":\"Ninguno, se trata de acuerdo a la condici\\u00f3n de cada paciente.\"}},\"109\":{\"type\":\"pregunta\",\"enabled\":\"1\",\"fields\":{\"pregunta\":\"\\u00bfCu\\u00e1les son los riesgos del procedimiento?\",\"respuesta\":\"Son los mismos riegos de un parto normal, infecci\\u00f3n, sangrado, etc.\"}},\"110\":{\"type\":\"pregunta\",\"enabled\":\"1\",\"fields\":{\"pregunta\":\"\\u00bfQu\\u00e9 sucede si tengo complicaciones en el parto?\",\"respuesta\":\"En caso de cualquier tipo de complicaci\\u00f3n que pueda surgir contamos con especialistas capacitados para resolverla.\"}},\"111\":{\"type\":\"pregunta\",\"enabled\":\"1\",\"fields\":{\"pregunta\":\"\\u00bfEn caso de tener una complicaci\\u00f3n en mi parto los costos adicionales van incluidos dentro del paquete que contrat\\u00e9?\",\"respuesta\":\"Los costos adicionales no est\\u00e1n incluidos dentro de ning\\u00fan paquete. Los mismos corren por cuenta del paciente. \"}},\"112\":{\"type\":\"pregunta\",\"enabled\":\"1\",\"fields\":{\"pregunta\":\"\\u00bfQu\\u00e9 costo tiene si es embarazo gemelar?\",\"respuesta\":\"\\u00danicamente se suman 800 d\\u00f3lares al costo original de cada paquete.\"}},\"113\":{\"type\":\"pregunta\",\"enabled\":\"1\",\"fields\":{\"pregunta\":\"\\u00bfTienen convenio con alg\\u00fan hotel o medio de trasporte?\",\"respuesta\":\"Como tal nosotros no nos encargamos del hospedaje ni del transporte durante la estancia. Sin embargo, como parte del servicio te proporcionamos un directorio de proveedores recomendados.\"}}},\"3\":{\"seoMainEntityCategory\":\"CreativeWork\",\"seoMainEntityOfPage\":\"WebPage\",\"seoTitleSource\":\"field\",\"seoTitleSourceField\":\"title\",\"seoTitleUnparsed\":\"FAQS\",\"seoDescriptionSource\":\"field\",\"seoDescriptionSourceField\":\"body\",\"seoDescriptionUnparsed\":\"Las preguntas m\\u00e1s frecuentes para tener a tu beb\\u00e9 en Estados Unidos. Nuestro programa es 100% legal, sin repercusiones migratorias a tu visa.\",\"seoKeywordsSource\":\"custom\",\"seoKeywordsSourceField\":\"title\",\"seoKeywordsUnparsed\":\"nacionalidad, americana, bebe, estados unidos, nacimiento, proceso, parto, dar a luz, precios, paso a paso, proceso, migratorio, doctores, hospedaje, preguntas\",\"seoImageIdSource\":\"field\",\"seoImageIdSourceField\":\"featuredImage\",\"seoImageId\":[\"79\"],\"seoImageTransform\":\"\",\"canonicalUrlOverride\":\"\",\"twitterCardType\":\"summary_large_image\",\"seoTwitterImageIdSource\":\"field\",\"seoTwitterImageIdSourceField\":\"featuredImage\",\"seoTwitterImageId\":[\"79\"],\"seoTwitterImageTransform\":\"\",\"openGraphType\":\"website\",\"seoFacebookImageIdSource\":\"field\",\"seoFacebookImageIdSourceField\":\"featuredImage\",\"seoFacebookImageId\":[\"79\"],\"seoFacebookImageTransform\":\"\",\"robots\":\"all\"}}}','2018-08-10 17:28:31','2018-08-10 17:28:31','a5a75f99-7750-43c3-9a2e-b9c05f01b0ad'),
	(31,73,9,1,'es',8,'','{\"typeId\":null,\"authorId\":null,\"title\":\"FAQS\",\"slug\":\"faqs\",\"postDate\":1514691180,\"expiryDate\":null,\"enabled\":1,\"parentId\":null,\"fields\":{\"1\":\"<p>Las preguntas m\\u00e1s frecuentes para tener a tu beb\\u00e9 en Estados Unidos. Nuestro programa es 100% legal, sin repercusiones migratorias a tu visa.<\\/p>\",\"4\":[\"79\"],\"5\":{\"96\":{\"type\":\"pregunta\",\"enabled\":\"1\",\"fields\":{\"pregunta\":\"\\u00bfQu\\u00e9 necesito para ser candidata?\",\"respuesta\":\"\\u00danicamente necesitas tener VISA vigente al momento del parto (No importa que tipo de VISA sea).\"}},\"97\":{\"type\":\"pregunta\",\"enabled\":\"1\",\"fields\":{\"pregunta\":\"\\u00bfPuedo viajar embarazada?\",\"respuesta\":\"Si. Si pasa de la semana 38 es recomendable viajar en auto.\"}},\"98\":{\"type\":\"pregunta\",\"enabled\":\"1\",\"fields\":{\"pregunta\":\"\\u00bfEs legal tener a mi beb\\u00e9 en EUA para que tenga la ciudadan\\u00eda?\",\"respuesta\":\"Es totalmente legal. Es importante identificar que existe una diferencia entre un extranjero ilegal (sin documentaci\\u00f3n y que permanece en los Estados Unidos) y un extranjero legal (una persona que cuenta con documentaci\\u00f3n para internaci\\u00f3n -permiso o visa- a los Estados Unidos). Si bien hay reformas migratorias enfocadas en limitar los derechos de extranjeros indocumentados o \\\"ilegales\\\", la ciudadan\\u00eda por nacimiento jus soli es un derecho constitucional.\"}},\"99\":{\"type\":\"pregunta\",\"enabled\":\"1\",\"fields\":{\"pregunta\":\"\\u00bfPuedo perder mi visa o tener alg\\u00fan problema para la renovaci\\u00f3n si tengo a mi beb\\u00e9 en EUA?\",\"respuesta\":\"Nuestro programa es 100% legal, sin repercusiones migratorias a tu visa. Es importante declarar honestamente tu embarazo y parto como el motivo de tu visita al ingresar a los Estados Unidos.\"}},\"100\":{\"type\":\"pregunta\",\"enabled\":\"1\",\"fields\":{\"pregunta\":\"\\u00bfSe necesita tener alg\\u00fan visado o permiso de internamiento para hacer mi parto en EUA?\",\"respuesta\":\"Ninguno, nada mas el permiso si permanece mas de 60 d\\u00edas en el pa\\u00eds.\"}},\"101\":{\"type\":\"pregunta\",\"enabled\":\"1\",\"fields\":{\"pregunta\":\"\\u00bfQu\\u00e9 debo decir al oficial de migraci\\u00f3n al ser cuestionada sobre el prop\\u00f3sito de mi visita a los Estados Unidos?\",\"respuesta\":\"Nunca mientas sobre tu prop\\u00f3sito de dar a luz en los Estados Unidos. Es muy importante siempre decir la verdad, contar con tu documentaci\\u00f3n, carta de cita   m\\u00e9dica y comprobante de pago (documentos que nosotros te otorgaremos).\"}},\"102\":{\"type\":\"pregunta\",\"enabled\":\"1\",\"fields\":{\"pregunta\":\"\\u00bfMe dan alg\\u00fan documento para mostrar en migraci\\u00f3n?\",\"respuesta\":\"S\\u00ed, nosotros te proporcionamos tu carta de cita y un comprobante de pago por la contrataci\\u00f3n del servicio.\"}},\"103\":{\"type\":\"pregunta\",\"enabled\":\"1\",\"fields\":{\"pregunta\":\"\\u00bfCu\\u00e1l es el primer paso?\",\"respuesta\":\"El primer paso a seguir es realizar tu registro v\\u00eda telef\\u00f3nica con nosotros. Toma 5 minutos.\"}},\"104\":{\"type\":\"pregunta\",\"enabled\":\"1\",\"fields\":{\"pregunta\":\"\\u00bfNecesito asistir a alguna consulta con el doctor antes del parto?\",\"respuesta\":\"No es necesario, dentro del paquete ya se incluyen los chequeos necesarios.\"}},\"105\":{\"type\":\"pregunta\",\"enabled\":\"1\",\"fields\":{\"pregunta\":\"\\u00bfQu\\u00e9 informaci\\u00f3n\\/ documentos necesito llevar al doctor en la primera cita?\",\"respuesta\":\"Trae todos los estudios prenatales que te hayas realizado.\"}},\"106\":{\"type\":\"pregunta\",\"enabled\":\"1\",\"fields\":{\"pregunta\":\"\\u00bfCu\\u00e1nto dura el procedimiento?\",\"respuesta\":\"La labor de parto varia para cada paciente y depende de si es parto vaginal o ces\\u00e1rea. Gracias a la experiencia de nuestros obstetras nuestros procedimientos no exceden las 12 horas.\"}},\"107\":{\"type\":\"pregunta\",\"enabled\":\"1\",\"fields\":{\"pregunta\":\"\\u00bfCu\\u00e1nto tiempo debo permanecer en el hospital despu\\u00e9s del parto?\",\"respuesta\":\"La estancia es de 24 a 36 horas, dependiendo el procedimiento. \"}},\"108\":{\"type\":\"pregunta\",\"enabled\":\"1\",\"fields\":{\"pregunta\":\"\\u00bfSi tengo alguna condici\\u00f3n m\\u00e9dica, hay alg\\u00fan impedimento?\",\"respuesta\":\"Ninguno, se trata de acuerdo a la condici\\u00f3n de cada paciente.\"}},\"109\":{\"type\":\"pregunta\",\"enabled\":\"1\",\"fields\":{\"pregunta\":\"\\u00bfCu\\u00e1les son los riesgos del procedimiento?\",\"respuesta\":\"Son los mismos riegos de un parto normal, infecci\\u00f3n, sangrado, etc.\"}},\"110\":{\"type\":\"pregunta\",\"enabled\":\"1\",\"fields\":{\"pregunta\":\"\\u00bfQu\\u00e9 sucede si tengo complicaciones en el parto?\",\"respuesta\":\"En caso de cualquier tipo de complicaci\\u00f3n que pueda surgir contamos con especialistas capacitados para resolverla.\"}},\"111\":{\"type\":\"pregunta\",\"enabled\":\"1\",\"fields\":{\"pregunta\":\"\\u00bfEn caso de tener una complicaci\\u00f3n en mi parto los costos adicionales van incluidos dentro del paquete que contrat\\u00e9?\",\"respuesta\":\"Los costos adicionales no est\\u00e1n incluidos dentro de ning\\u00fan paquete. Los mismos corren por cuenta del paciente. \"}},\"112\":{\"type\":\"pregunta\",\"enabled\":\"1\",\"fields\":{\"pregunta\":\"\\u00bfQu\\u00e9 costo tiene si es embarazo gemelar?\",\"respuesta\":\"\\u00danicamente se suman 800 d\\u00f3lares al costo original de cada paquete.\"}},\"113\":{\"type\":\"pregunta\",\"enabled\":\"1\",\"fields\":{\"pregunta\":\"\\u00bfTienen convenio con alg\\u00fan hotel o medio de trasporte?\",\"respuesta\":\"Como tal nosotros no nos encargamos del hospedaje ni del transporte durante la estancia. Sin embargo, como parte del servicio te proporcionamos un directorio de proveedores recomendados.\"}}},\"3\":{\"seoMainEntityCategory\":\"CreativeWork\",\"seoMainEntityOfPage\":\"WebPage\",\"seoTitleSource\":\"field\",\"seoTitleSourceField\":\"title\",\"seoTitleUnparsed\":\"FAQS\",\"seoDescriptionSource\":\"field\",\"seoDescriptionSourceField\":\"body\",\"seoDescriptionUnparsed\":\"Las preguntas m\\u00e1s frecuentes para tener a tu beb\\u00e9 en Estados Unidos. Nuestro programa es 100% legal, sin repercusiones migratorias a tu visa.\",\"seoKeywordsSource\":\"custom\",\"seoKeywordsSourceField\":\"title\",\"seoKeywordsUnparsed\":\"nacionalidad, americana, bebe, estados unidos, nacimiento, proceso, parto, dar a luz, precios, paso a paso, proceso, migratorio, doctores, hospedaje, preguntas\",\"seoImageIdSource\":\"field\",\"seoImageIdSourceField\":\"featuredImage\",\"seoImageId\":[\"79\"],\"seoImageTransform\":\"\",\"canonicalUrlOverride\":\"\",\"twitterCardType\":\"summary_large_image\",\"seoTwitterImageIdSource\":\"field\",\"seoTwitterImageIdSourceField\":\"featuredImage\",\"seoTwitterImageId\":[\"79\"],\"seoTwitterImageTransform\":\"\",\"openGraphType\":\"website\",\"seoFacebookImageIdSource\":\"field\",\"seoFacebookImageIdSourceField\":\"featuredImage\",\"seoFacebookImageId\":[\"79\"],\"seoFacebookImageTransform\":\"\",\"robots\":\"all\"}}}','2018-08-10 17:30:13','2018-08-10 17:30:13','fb77185e-dba4-4e38-9615-3fd62f495238'),
	(32,120,11,1,'es',1,NULL,'{\"typeId\":\"11\",\"authorId\":null,\"title\":\"suscripcion\",\"slug\":\"suscripcion\",\"postDate\":1545427651,\"expiryDate\":null,\"enabled\":1,\"parentId\":null,\"fields\":[]}','2018-12-21 21:27:31','2018-12-21 21:27:31','1b1df604-ca5a-4c64-9013-a2e12f8bbec1'),
	(33,126,12,1,'es',1,NULL,'{\"typeId\":\"12\",\"authorId\":null,\"title\":\"T\\u00e9rminos y Condiciones\",\"slug\":\"t\\u00e9rminos-y-condiciones\",\"postDate\":1546011164,\"expiryDate\":null,\"enabled\":1,\"parentId\":null,\"fields\":[]}','2018-12-28 15:32:44','2018-12-28 15:32:44','885ba6e0-3e33-4af2-88a9-caea9316bebb'),
	(34,126,12,1,'es',2,'','{\"typeId\":null,\"authorId\":null,\"title\":\"T\\u00e9rminos y Condiciones\",\"slug\":\"t\\u00e9rminos-y-condiciones\",\"postDate\":1546011164,\"expiryDate\":null,\"enabled\":1,\"parentId\":null,\"fields\":{\"1\":\"\",\"4\":\"\",\"8\":\"<p><\\/p><p><span class=\\\"s1\\\"><strong>SECCI\\u00d3N 1 - T\\u00c9RMINOS DE LA TIENDA EN L\\u00cdNEA<\\/strong><\\/span><\\/p>\\r\\n<p><span class=\\\"s1\\\">Al utilizar este sitio, declaras que tienes al menos la mayor\\u00eda de edad en tu estado, provincia de residencia o en tu pa\\u00eds, y que nos has dado tu consentimiento para permitir que cualquiera de tus dependientes menores use este sitio.<\\/span><\\/p>\\r\\n<p><span class=\\\"s1\\\"><\\/span>\\r\\n<\\/p>\\r\\n<p><span class=\\\"s1\\\">No puedes usar nuestros productos con ning\\u00fan prop\\u00f3sito ilegal o no autorizado tampoco puedes, en el uso del Servicio, violar cualquier ley en tu jurisdicci\\u00f3n (incluyendo pero no limitado a las leyes de derecho de autor).<\\/span><\\/p>\\r\\n<p><span class=\\\"s1\\\"><\\/span>\\r\\n<\\/p>\\r\\n<p><span class=\\\"s1\\\">El incumplimiento o violaci\\u00f3n de cualquiera de estos T\\u00e9rminos dar\\u00e1n lugar al cese inmediato de tus Servicios.<\\/span><\\/p>\\r\\n<p><span class=\\\"s1\\\"><\\/span>\\r\\n<\\/p>\\r\\n<p><span class=\\\"s1\\\"><\\/span>\\r\\n<\\/p>\\r\\n<p><span class=\\\"s1\\\"><strong>SECCI\\u00d3N 2 - CONDICIONES GENERALES<\\/strong><\\/span><\\/p>\\r\\n<p><span class=\\\"s1\\\">Nos reservamos el derecho de rechazar la prestaci\\u00f3n de servicio a cualquier persona, por cualquier motivo y en cualquier momento.<\\/span><\\/p>\\r\\n<p><span class=\\\"s1\\\"><\\/span>\\r\\n<\\/p>\\r\\n<p><span class=\\\"s1\\\">Entiendes que tu contenido (sin incluir la informaci\\u00f3n de tu tarjeta de cr\\u00e9dito), puede ser transferida sin encriptar e involucrar (a) transmisiones a trav\\u00e9s de varias redes; y (b) cambios para ajustarse o adaptarse a los requisitos t\\u00e9cnicos de conexi\\u00f3n de redes o dispositivos. La informaci\\u00f3n de tarjetas de cr\\u00e9dito est\\u00e1 siempre encriptada durante la transferencia a trav\\u00e9s de las redes.<\\/span><\\/p>\\r\\n<p><span class=\\\"s1\\\"><\\/span>\\r\\n<\\/p>\\r\\n<p><span class=\\\"s1\\\">Est\\u00e1s de acuerdo con no reproducir, duplicar, copiar, vender, revender o explotar cualquier parte del Servicio, uso del Servicio, o acceso al Servicio o cualquier contacto en el sitio web a trav\\u00e9s del cual se presta el servicio, sin el expreso permiso por escrito de nuestra parte.<\\/span><\\/p>\\r\\n<p><span class=\\\"s1\\\"><\\/span>\\r\\n<\\/p>\\r\\n<p><span class=\\\"s1\\\">Los t\\u00edtulos utilizados en este acuerdo se incluyen solo por conveniencia y no limita o afecta a estos T\\u00e9rminos.<\\/span><\\/p>\\r\\n<p><span class=\\\"s1\\\"><\\/span>\\r\\n<\\/p>\\r\\n<p><span class=\\\"s1\\\"><\\/span>\\r\\n<\\/p>\\r\\n<p><span class=\\\"s1\\\"><strong>SECCI\\u00d3N 3 - EXACTITUD, EXHAUSTIVIDAD Y ACTUALIDAD DE LA INFORMACI\\u00d3N<\\/strong><\\/span><\\/p>\\r\\n<p><span class=\\\"s1\\\">No nos hacemos responsables si la informaci\\u00f3n disponible en este sitio no es exacta, completa o actual.<span class=\\\"Apple-converted-space\\\">&nbsp; <\\/span>El material en este sitio es provisto s\\u00f3lo para informaci\\u00f3n general y no debe confiarse en ella o utilizarse como la \\u00fanica base para la toma de decisiones sin consultar primeramente, informaci\\u00f3n m\\u00e1s precisa, completa u oportuna. Cualquier dependencia en el materia de este sitio es bajo su propio riesgo.<\\/span><\\/p>\\r\\n<p><span class=\\\"s1\\\"><\\/span>\\r\\n<\\/p>\\r\\n<p><span class=\\\"s1\\\">Este sitio puede contener cierta informaci\\u00f3n hist\\u00f3rica.<span class=\\\"Apple-converted-space\\\">&nbsp; <\\/span>La informaci\\u00f3n hist\\u00f3rica, no es necesariamente actual y es provista \\u00fanicamente para tu referencia.<span class=\\\"Apple-converted-space\\\">&nbsp; <\\/span>Nos reservamos el derecho de modificar los contenidos de este sitio en cualquier momento, pero no tenemos obligaci\\u00f3n de actualizar cualquier informaci\\u00f3n en nuestro sitio.<span class=\\\"Apple-converted-space\\\">&nbsp; <\\/span>Aceptas que es tu responsabilidad de monitorear los cambios en nuestro sitio.<\\/span><\\/p>\\r\\n<p><span class=\\\"s1\\\"><\\/span>\\r\\n<\\/p>\\r\\n<p><span class=\\\"s1\\\"><strong>SECCI\\u00d3N 4 - MODIFICACIONES AL SERVICIO Y PRECIOS.<\\/strong><\\/span><\\/p>\\r\\n<p><span class=\\\"s1\\\">Los precios de nuestros productos est\\u00e1n sujetos a cambio sin aviso.<\\/span><\\/p>\\r\\n<p><span class=\\\"s1\\\"><\\/span>\\r\\n<\\/p>\\r\\n<p><span class=\\\"s1\\\">Nos reservamos el derecho de modificar o discontinuar el Servicio (o cualquier parte del contenido) en cualquier momento sin aviso previo.<\\/span><\\/p>\\r\\n<p><span class=\\\"s1\\\"><\\/span>\\r\\n<\\/p>\\r\\n<p><span class=\\\"s1\\\">No seremos responsables ante ti o alguna tercera parte por cualquier modificaci\\u00f3n, cambio de precio, suspensi\\u00f3n o discontinuidad del Servicio.<\\/span><\\/p>\\r\\n<p><span class=\\\"s1\\\"><\\/span>\\r\\n<\\/p>\\r\\n<p><span class=\\\"s1\\\"><\\/span>\\r\\n<\\/p>\\r\\n<p><span class=\\\"s1\\\"><strong>SECCI\\u00d3N 5 - PRODUCTOS O SERVICIOS (si aplicable).<\\/strong><\\/span><\\/p>\\r\\n<p><span class=\\\"s1\\\">Ciertos productos o servicios pueden estar disponibles exclusivamente en l\\u00ednea a trav\\u00e9s del sitio web. Estos productos o servicios pueden tener cantidades limitadas y estar sujetas a devoluci\\u00f3n o cambio de acuerdo a nuestra pol\\u00edtica de devoluci\\u00f3n solamente.<\\/span><\\/p>\\r\\n<p><span class=\\\"s1\\\"><\\/span>\\r\\n<\\/p>\\r\\n<p><span class=\\\"s1\\\">Hemos hecho el esfuerzo de mostrar los colores y las im\\u00e1genes de nuestros productos, en la tienda, con la mayor precisi\\u00f3n de colores posible.<span class=\\\"Apple-converted-space\\\">&nbsp; <\\/span>No podemos garantizar que el monitor de tu computadora muestre los colores de manera exacta.<\\/span><\\/p>\\r\\n<p><span class=\\\"s1\\\"><\\/span>\\r\\n<\\/p>\\r\\n<p><span class=\\\"s1\\\">Nos reservamos el derecho, pero no estamos obligados, para limitar las ventas de nuestros productos o servicios a cualquier persona, regi\\u00f3n geogr\\u00e1fica o jurisdicci\\u00f3n.<span class=\\\"Apple-converted-space\\\">&nbsp; <\\/span>Podemos ejercer este derecho basados en cada caso.<span class=\\\"Apple-converted-space\\\">&nbsp; <\\/span>Nos reservamos el derecho de limitar las cantidades de los productos o servicios que ofrecemos.<span class=\\\"Apple-converted-space\\\">&nbsp; <\\/span>Todas las descripciones de productos o precios de los productos est\\u00e1n sujetos a cambios en cualquier momento sin previo aviso, a nuestra sola discreci\\u00f3n.<span class=\\\"Apple-converted-space\\\">&nbsp; <\\/span>Nos reservamos el derecho de discontinuar cualquier producto en cualquier momento.<span class=\\\"Apple-converted-space\\\">&nbsp; <\\/span>Cualquier oferta de producto o servicio hecho en este sitio es nulo donde est\\u00e9 prohibido.<\\/span><\\/p>\\r\\n<p><span class=\\\"s1\\\"><\\/span>\\r\\n<\\/p>\\r\\n<p><span class=\\\"s1\\\"><\\/span>\\r\\n<\\/p>\\r\\n<p><span class=\\\"s1\\\"><\\/span>\\r\\n<\\/p>\\r\\n<p><span class=\\\"s1\\\"><strong>SECCI\\u00d3N 6 - EXACTITUD DE FACTURACI\\u00d3N E INFORMACI\\u00d3N DE CUENTA.<\\/strong><\\/span><\\/p>\\r\\n<p><span class=\\\"s1\\\">Nos reservamos el derecho de rechazar cualquier pedido que realice con nosotros. Podemos, a nuestra discreci\\u00f3n, limitar o cancelar las cantidades compradas por persona, por hogar o por pedido. Estas restricciones pueden incluir pedidos realizados por o bajo la misma cuenta de cliente, la misma tarjeta de cr\\u00e9dito, y\\/o pedidos que utilizan la misma facturaci\\u00f3n y\\/o direcci\\u00f3n de env\\u00edo.<\\/span><\\/p>\\r\\n<p><span class=\\\"s1\\\"><\\/span>\\r\\n<\\/p>\\r\\n<p><span class=\\\"s1\\\">En el caso de que hagamos un cambio o cancelemos una orden, podemos intentar notificarte poni\\u00e9ndonos en contacto v\\u00eda correo electr\\u00f3nico y\\/o direcci\\u00f3n de facturaci\\u00f3n \\/ n\\u00famero de tel\\u00e9fono proporcionado en el momento que se hizo pedido. Nos reservamos el derecho de limitar o prohibir las \\u00f3rdenes que, a nuestro juicio, parecen ser colocado por los concesionarios, revendedores o distribuidores.<\\/span><\\/p>\\r\\n<p><span class=\\\"s1\\\"><\\/span>\\r\\n<\\/p>\\r\\n<p><span class=\\\"s1\\\">Te comprometes a proporcionar informaci\\u00f3n actual, completa y precisa de la compra y cuenta utilizada para todas las compras realizadas en nuestra tienda.<span class=\\\"Apple-converted-space\\\">&nbsp; <\\/span>Te comprometes a actualizar r\\u00e1pidamente tu cuenta y otra informaci\\u00f3n, incluyendo tu direcci\\u00f3n de correo electr\\u00f3nico y n\\u00fameros de tarjetas de cr\\u00e9dito y fechas de vencimiento, para que podamos completar tus transacciones y contactarte cuando sea necesario.<\\/span><\\/p>\\r\\n<p><span class=\\\"s1\\\"><\\/span>\\r\\n<\\/p>\\r\\n<p><span class=\\\"s1\\\">Para m\\u00e1s detalles, por favor revisa nuestra Pol\\u00edtica de Devoluciones.<\\/span><\\/p>\\r\\n<p><span class=\\\"s1\\\"><\\/span>\\r\\n<\\/p>\\r\\n<p><span class=\\\"s1\\\"><strong>SECCI\\u00d3N 7 - HERRAMIENTAS OPCIONALES.<\\/strong><\\/span><\\/p>\\r\\n<p><span class=\\\"s1\\\">Es posible que te proporcionemos acceso a herramientas de terceros a los cuales no monitoreamos y sobre los que no tenemos control ni entrada.<\\/span><\\/p>\\r\\n<p><span class=\\\"s1\\\"><\\/span>\\r\\n<\\/p>\\r\\n<p><span class=\\\"s1\\\">Reconoces y aceptas que proporcionamos acceso a este tipo de herramientas \\\"tal cual\\\" y \\\"seg\\u00fan disponibilidad\\\" sin garant\\u00edas, representaciones o condiciones de ning\\u00fan tipo y sin ning\\u00fan respaldo.<span class=\\\"Apple-converted-space\\\">&nbsp; <\\/span>No tendremos responsabilidad alguna derivada de o relacionada con tu uso de herramientas proporcionadas por terceras partes.<\\/span><\\/p>\\r\\n<p><span class=\\\"s1\\\"><\\/span>\\r\\n<\\/p>\\r\\n<p><span class=\\\"s1\\\">Cualquier uso que hagas de las herramientas opcionales que se ofrecen a trav\\u00e9s del sitio bajo tu propio riesgo y discreci\\u00f3n y debes asegurarte de estar familiarizado y aprobar los t\\u00e9rminos bajo los cuales estas herramientas son proporcionadas por el o los proveedores de terceros.<\\/span><\\/p>\\r\\n<p><span class=\\\"s1\\\"><\\/span>\\r\\n<\\/p>\\r\\n<p><span class=\\\"s1\\\">Tambi\\u00e9n es posible que, en el futuro, te ofrezcamos nuevos servicios y\\/o caracter\\u00edsticas a trav\\u00e9s del sitio web (incluyendo el lanzamiento de nuevas herramientas y recursos).<span class=\\\"Apple-converted-space\\\">&nbsp; <\\/span>Estas nuevas caracter\\u00edsticas y\\/o servicios tambi\\u00e9n estar\\u00e1n sujetos a estos T\\u00e9rminos de Servicio.<\\/span><\\/p>\\r\\n<p><span class=\\\"s1\\\"><\\/span>\\r\\n<\\/p>\\r\\n<p><span class=\\\"s1\\\"><strong>SECCI\\u00d3N 8 - ENLACES DE TERCERAS PARTES.<\\/strong><\\/span><\\/p>\\r\\n<p><span class=\\\"s1\\\">Cierto contenido, productos y servicios disponibles v\\u00eda nuestro Servicio puede incluir material de terceras partes.<\\/span><\\/p>\\r\\n<p><span class=\\\"s1\\\"><\\/span>\\r\\n<\\/p>\\r\\n<p><span class=\\\"s1\\\">Enlaces de terceras partes en este sitio pueden direccionarte a sitios web de terceras partes que no est\\u00e1n afiliadas con nosotros. No nos responsabilizamos de examinar o evaluar el contenido o exactitud y no garantizamos ni tendremos ninguna obligaci\\u00f3n o responsabilidad por cualquier material de terceros o sitios web, o de cualquier material, productos o servicios de terceros.<\\/span><\\/p>\\r\\n<p><span class=\\\"s1\\\"><\\/span>\\r\\n<\\/p>\\r\\n<p><span class=\\\"s1\\\">No nos hacemos responsables de cualquier da\\u00f1o o da\\u00f1os relacionados con la adquisici\\u00f3n o utilizaci\\u00f3n de bienes, servicios, recursos, contenidos, o cualquier otra transacci\\u00f3n realizadas en conexi\\u00f3n con sitios web de terceros. Por favor revisa cuidadosamente las pol\\u00edticas y pr\\u00e1cticas de terceros y aseg\\u00farate de entenderlas antes de participar en cualquier transacci\\u00f3n. Quejas, reclamos, inquietudes o preguntas con respecto a productos de terceros deben ser dirigidas a la tercera parte.<\\/span><\\/p>\\r\\n<p><span class=\\\"s1\\\"><\\/span>\\r\\n<\\/p>\\r\\n<p><span class=\\\"s1\\\"><strong>SECCI\\u00d3N 9 - COMENTARIOS DE USUARIO, CAPTACI\\u00d3N Y OTROS ENV\\u00cdOS.<\\/strong><\\/span><\\/p>\\r\\n<p><span class=\\\"s1\\\">Si, a pedido nuestro, se env\\u00eda ciertas presentaciones espec\\u00edficas (por ejemplo la participaci\\u00f3n en concursos) o sin un pedido de nuestra parte env\\u00edas, sugerencias, proposiciones, planes, u otros materiales, ya sea en l\\u00ednea, por email, por correo postal, o de otra manera (colectivamente, \'comentarios\'), aceptas que podamos, en cualquier momento, sin restricci\\u00f3n, editar, copiar, publicar, distribuir, traducir o utilizar por cualquier medio comentarios que nos hayas enviado. No tenemos ni tendremos ninguna obligaci\\u00f3n (1) de mantener ning\\u00fan comentario confidencialmente; (2) de pagar compensaci\\u00f3n por comentarios; o (3) de responder a comentarios.<\\/span><\\/p>\\r\\n<p><span class=\\\"s1\\\"><\\/span>\\r\\n<\\/p>\\r\\n<p><span class=\\\"s1\\\">Nosotros podemos, pero no tenemos obligaci\\u00f3n de, monitorear, editar o remover contenido que consideremos sea ileg\\u00edtimo, ofensivo, amenazante, calumnioso, difamatorio, pornogr\\u00e1fico, obsceno u objetable o viole la propiedad intelectual de cualquiera de las partes o los T\\u00e9rminos de Servicio.<\\/span><\\/p>\\r\\n<p><span class=\\\"s1\\\"><\\/span>\\r\\n<\\/p>\\r\\n<p><span class=\\\"s1\\\">Aceptas que tus comentarios no violar\\u00e1n los derechos de terceras partes, incluyendo derechos de autor, marca, privacidad, personalidad u otro derechos personal o de propiedad. Asimismo, aceptas que tus comentarios no contienen material difamatorio o ilegal, abusivo u obsceno, o contienen virus inform\\u00e1ticos u otro malware que pudiera, de alguna manera, afectar el funcionamiento del Servicio o de cualquier sitio web relacionado.<span class=\\\"Apple-converted-space\\\">&nbsp; <\\/span>No puedes utilizar una direcci\\u00f3n de correo electr\\u00f3nico falsa, usar otra identidad que no sea leg\\u00edtima, o enga\\u00f1ar a terceras partes o a nosotros en cuanto al origen de tus comentarios.<span class=\\\"Apple-converted-space\\\">&nbsp; <\\/span>Tu eres el \\u00fanico responsable por los comentarios que haces y su precisi\\u00f3n.<span class=\\\"Apple-converted-space\\\">&nbsp; <\\/span>No nos hacemos responsables y no asumimos ninguna obligaci\\u00f3n con respecto a los comentarios publicados por ti o cualquier tercer parte.<\\/span><\\/p>\\r\\n<p><span class=\\\"s1\\\"><\\/span>\\r\\n<\\/p>\\r\\n<p><span class=\\\"s1\\\"><\\/span>\\r\\n<\\/p>\\r\\n<p><span class=\\\"s1\\\"><strong>SECCI\\u00d3N 10 - INFORMACI\\u00d3N PERSONAL.<\\/strong><\\/span><\\/p>\\r\\n<p><span class=\\\"s1\\\">Tu presentaci\\u00f3n de informaci\\u00f3n personal a trav\\u00e9s del sitio se rige por nuestra Pol\\u00edtica de Privacidad. Para ver nuestra <a href=\\\"http:\\/\\/localhost:8888\\/turismo_maternidad\\/html\\/politicas-privacidad#entry:85\\\">Pol\\u00edtica de Privacidad.<\\/a><\\/span><\\/p>\\r\\n<p><span class=\\\"s1\\\"><\\/span>\\r\\n<\\/p>\\r\\n<p><span class=\\\"s1\\\"><\\/span>\\r\\n<\\/p>\\r\\n<p><span class=\\\"s1\\\"><strong>SECCI\\u00d3N 11 - ERRORES, INEXACTITUDES Y OMISIONES.<\\/strong><\\/span><\\/p>\\r\\n<p><span class=\\\"s1\\\">De vez en cuando puede haber informaci\\u00f3n en nuestro sitio o en el Servicio que contiene errores tipogr\\u00e1ficos, inexactitudes u omisiones que puedan estar relacionadas con las descripciones de productos, precios, promociones, ofertas, gastos del producto o servicio, el tiempo de tr\\u00e1nsito y la disponibilidad. Nos reservamos el derecho de corregir los errores, inexactitudes u omisiones y de cambiar o actualizar la informaci\\u00f3n o cancelar pedidos si alguna informaci\\u00f3n en el Servicio o en cualquier sitio web relacionado es inexacta en cualquier momento sin previo aviso (incluso despu\\u00e9s de que hayas enviado tu orden) .<\\/span><\\/p>\\r\\n<p><span class=\\\"s1\\\"><\\/span>\\r\\n<\\/p>\\r\\n<p><span class=\\\"s1\\\">No asumimos ninguna obligaci\\u00f3n de actualizar, corregir o aclarar la informaci\\u00f3n en el Servicio o en cualquier sitio web relacionado, incluyendo, sin limitaci\\u00f3n, la informaci\\u00f3n de precios, excepto cuando sea requerido por la ley. Ninguna especificaci\\u00f3n actualizada o fecha de actualizaci\\u00f3n aplicada en el Servicio o en cualquier sitio web relacionado, debe ser tomada para indicar que toda la informaci\\u00f3n en el Servicio o en cualquier sitio web relacionado ha sido modificado o actualizado.<\\/span><\\/p>\\r\\n<p><span class=\\\"s1\\\"><\\/span>\\r\\n<\\/p>\\r\\n<p><span class=\\\"s1\\\"><\\/span>\\r\\n<\\/p>\\r\\n<p><span class=\\\"s1\\\"><strong>SECCI\\u00d3N 12 - USOS PROHIBIDOS.<\\/strong><\\/span><\\/p>\\r\\n<p><span class=\\\"s1\\\">En adici\\u00f3n a otras prohibiciones como se establece en los T\\u00e9rminos de Servicio, se prohibe el uso del sitio o su contenido: (a) para ning\\u00fan prop\\u00f3sito ilegal; (b) para pedirle a otros que realicen o participen en actos il\\u00edcitos; (c) para violar cualquier regulaci\\u00f3n, reglas, leyes internacionales, federales, provinciales o estatales, u ordenanzas locales; (d) para infringir o violar el derecho de propiedad intelectual nuestro o de terceras partes; (e) para acosar, abusar, insultar, da\\u00f1ar, difamar, calumniar, desprestigiar, intimidar o discriminar por razones de g\\u00e9nero, orientaci\\u00f3n sexual, religi\\u00f3n, etnia, raza, edad, nacionalidad o discapacidad; (f) para presentar informaci\\u00f3n falsa o enga\\u00f1osa; (g) para cargar o transmitir virus o cualquier otro tipo de c\\u00f3digo malicioso que sea o pueda ser utilizado en cualquier forma que pueda comprometer la funcionalidad o el funcionamiento del Servicio o de cualquier sitio web relacionado, otros sitios o Internet; (h) para recopilar o rastrear informaci\\u00f3n personal de otros; (i) para generar spam, phish, pharm, pretext, spider, crawl, or scrape; (j) para cualquier prop\\u00f3sito obsceno o inmoral; o (k) para interferir con o burlar los elementos de seguridad del Servicio o cualquier sitio web relacionado\\u00bf otros sitios o Internet. Nos reservamos el derecho de suspender el uso del Servicio o de cualquier sitio web relacionado por violar cualquiera de los \\u00edtems de los usos prohibidos.<\\/span><\\/p>\\r\\n<p><span class=\\\"s1\\\"><\\/span>\\r\\n<\\/p>\\r\\n<p><span class=\\\"s1\\\"><\\/span>\\r\\n<\\/p>\\r\\n<p><span class=\\\"s1\\\"><strong>SECCI\\u00d3N 13 - EXCLUSI\\u00d3N DE GARANT\\u00cdAS; LIMITACI\\u00d3N DE RESPONSABILIDAD.<\\/strong><\\/span><\\/p>\\r\\n<p><span class=\\\"s1\\\">No garantizamos ni aseguramos que el uso de nuestro servicio ser\\u00e1 ininterrumpido, puntual, seguro o libre de errores.<\\/span><\\/p>\\r\\n<p><span class=\\\"s1\\\"><\\/span>\\r\\n<\\/p>\\r\\n<p><span class=\\\"s1\\\">No garantizamos que los resultados que se puedan obtener del uso del servicio ser\\u00e1n exactos o confiables.<\\/span><\\/p>\\r\\n<p><span class=\\\"s1\\\"><\\/span>\\r\\n<\\/p>\\r\\n<p><span class=\\\"s1\\\">Aceptas que de vez en cuando podemos quitar el servicio por per\\u00edodos de tiempo indefinidos o cancelar el servicio en cualquier momento sin previo aviso.<\\/span><\\/p>\\r\\n<p><span class=\\\"s1\\\"><\\/span>\\r\\n<\\/p>\\r\\n<p><span class=\\\"s1\\\">Aceptas expresamente que el uso de, o la posibilidad de utilizar, el servicio es bajo tu propio riesgo.<span class=\\\"Apple-converted-space\\\">&nbsp; <\\/span>El servicio y todos los productos y servicios proporcionados a trav\\u00e9s del servicio son (salvo lo expresamente manifestado por nosotros) proporcionados \\\"tal cual\\\" y \\\"seg\\u00fan est\\u00e9 disponible\\\" para su uso, sin ning\\u00fan tipo de representaci\\u00f3n, garant\\u00edas o condiciones de ning\\u00fan tipo, ya sea expresa o impl\\u00edcita, incluidas todas las garant\\u00edas o condiciones impl\\u00edcitas de comercializaci\\u00f3n, calidad comercializable, la aptitud para un prop\\u00f3sito particular, durabilidad, t\\u00edtulo y no infracci\\u00f3n.<\\/span><\\/p>\\r\\n<p><span class=\\\"s1\\\"><\\/span>\\r\\n<\\/p>\\r\\n<p><span class=\\\"s1\\\">En ning\\u00fan caso <strong>TURISMO M\\u00c9DICO DIGITAL, S.A.P.I. DE C.V.,<\\/strong> nuestros directores, funcionarios, empleados, afiliados, agentes, contratistas, internos, proveedores, prestadores de servicios o licenciantes ser\\u00e1n responsables por cualquier da\\u00f1o, p\\u00e9rdida, reclamo, o da\\u00f1os directos, indirectos, incidentales, punitivos, especiales o consecuentes de cualquier tipo, incluyendo, sin limitaci\\u00f3n, p\\u00e9rdida de beneficios, p\\u00e9rdida de ingresos, p\\u00e9rdida de ahorros, p\\u00e9rdida de datos, costos de reemplazo, o cualquier da\\u00f1o similar, ya sea basado en contrato, agravio (incluyendo negligencia), responsabilidad estricta o de otra manera, como consecuencia del uso de cualquiera de los servicios o productos adquiridos mediante el servicio, o por cualquier otro reclamo relacionado de alguna manera con el uso del servicio o cualquier producto, incluyendo pero no limitado, a cualquier error u omisi\\u00f3n en cualquier contenido, o cualquier p\\u00e9rdida o da\\u00f1o de cualquier tipo incurridos como resultados de la utilizaci\\u00f3n del servicio o cualquier contenido (o producto) publicado, transmitido, o que se pongan a disposici\\u00f3n a trav\\u00e9s del servicio, incluso si se avisa de su posibilidad.<span class=\\\"Apple-converted-space\\\">&nbsp; <\\/span>Debido a que algunos estados o jurisdicciones no permiten la exclusi\\u00f3n o la limitaci\\u00f3n de responsabilidad por da\\u00f1os consecuenciales o incidentales, en tales estados o jurisdicciones, nuestra responsabilidad se limitar\\u00e1 en la medida m\\u00e1xima permitida por la ley.<\\/span><\\/p>\\r\\n<p><span class=\\\"s1\\\"><\\/span>\\r\\n<\\/p>\\r\\n<p><span class=\\\"s1\\\"><\\/span>\\r\\n<\\/p>\\r\\n<p><span class=\\\"s1\\\"><strong>SECCI\\u00d3N 14 - INDEMNIZACI\\u00d3N.<\\/strong><\\/span><\\/p>\\r\\n<p><span class=\\\"s1\\\">Aceptas indemnizar, defender y mantener indemne TURISMO M\\u00c9DICO DIGITAL, S.A.P.I. DE C.V. y nuestras matrices, subsidiarias, afiliados, socios, funcionarios, directores, agentes, contratistas, concesionarios, proveedores de servicios, subcontratistas, proveedores, internos y empleados, de cualquier reclamo o demanda, incluyendo honorarios razonables de abogados, hechos por cualquier tercero a causa o como resultado de tu incumplimiento de las Condiciones de Servicio o de los documentos que incorporan como referencia, o la violaci\\u00f3n de cualquier ley o de los derechos de u tercero.<\\/span><\\/p>\\r\\n<p><span class=\\\"s1\\\"><\\/span>\\r\\n<\\/p>\\r\\n<p><span class=\\\"s1\\\"><strong>SECCI\\u00d3N 15 - DIVISIBILIDAD.<\\/strong><\\/span><\\/p>\\r\\n<p><span class=\\\"s1\\\">En el caso de que se determine que cualquier disposici\\u00f3n de estas Condiciones de Servicio sea ilegal, nula o inejecutable, dicha disposici\\u00f3n ser\\u00e1, no obstante, efectiva a obtener la m\\u00e1xima medida permitida por la ley aplicable, y la parte no exigible se considerar\\u00e1 separada de estos T\\u00e9rminos de Servicio, dicha determinaci\\u00f3n no afectar\\u00e1 la validez de aplicabilidad de las dem\\u00e1s disposiciones restantes.<\\/span><\\/p>\\r\\n<p><span class=\\\"s1\\\"><\\/span>\\r\\n<\\/p>\\r\\n<p><span class=\\\"s1\\\"><\\/span>\\r\\n<\\/p>\\r\\n<p><span class=\\\"s1\\\"><strong>SECCI\\u00d3N 16 - RESCISI\\u00d3N.<\\/strong><\\/span><\\/p>\\r\\n<p><span class=\\\"s1\\\">Las obligaciones y responsabilidades de las partes que hayan incurrido con anterioridad a la fecha de terminaci\\u00f3n sobrevivir\\u00e1n a la terminaci\\u00f3n de este acuerdo a todos los efectos.<\\/span><\\/p>\\r\\n<p><span class=\\\"s1\\\"><\\/span>\\r\\n<\\/p>\\r\\n<p><span class=\\\"s1\\\">Estas Condiciones de servicio son efectivos a menos que y hasta que sea terminado por ti o nosotros. Puedes terminar estos T\\u00e9rminos de Servicio en cualquier momento por avisarnos que ya no deseas utilizar nuestros servicios, o cuando dejes de usar nuestro sitio.<\\/span><\\/p>\\r\\n<p><span class=\\\"s1\\\"><\\/span>\\r\\n<\\/p>\\r\\n<p><span class=\\\"s1\\\">Si a nuestro juicio, fallas, o se sospecha que haz fallado, en el cumplimiento de cualquier t\\u00e9rmino o disposici\\u00f3n de estas Condiciones de Servicio, tambi\\u00e9n podemos terminar este acuerdo en cualquier momento sin previo aviso, y seguir\\u00e1s siendo responsable de todos los montos adeudados hasta incluida la fecha de terminaci\\u00f3n; y\\/o en consecuencia podemos negarte el acceso a nuestros servicios (o cualquier parte del mismo).<\\/span><\\/p>\\r\\n<p><span class=\\\"s1\\\"><\\/span>\\r\\n<\\/p>\\r\\n<p><span class=\\\"s1\\\"><strong>SECCI\\u00d3N 17 - ACUERDO COMPLETO.<\\/strong><\\/span><\\/p>\\r\\n<p><span class=\\\"s1\\\">Nuestra falla para ejercer o hacer valer cualquier derecho o disposici\\u00f3n de estas Condiciones de Servicio no constituir\\u00e1 una renuncia a tal derecho o disposici\\u00f3n.<\\/span><\\/p>\\r\\n<p><span class=\\\"s1\\\"><\\/span>\\r\\n<\\/p>\\r\\n<p><span class=\\\"s1\\\">Estas Condiciones del servicio y las pol\\u00edticas o reglas de operaci\\u00f3n publicadas por nosotros en este sitio o con respecto al servicio constituyen el acuerdo completo y el entendimiento entre tu y nosotros y rigen el uso del Servicio y reemplaza cualquier acuerdo, comunicaciones y propuestas anteriores o contempor\\u00e1neas, ya sea oral o escrita, entre tu y nosotros (incluyendo, pero no limitado a, cualquier versi\\u00f3n previa de los T\\u00e9rminos de Servicio).<\\/span><\\/p>\\r\\n<p><span class=\\\"s1\\\"><\\/span>\\r\\n<\\/p>\\r\\n<p><span class=\\\"s1\\\">Cualquier ambig\\u00fcedad en la interpretaci\\u00f3n de estas Condiciones del servicio no se interpretar\\u00e1n en contra del grupo de redacci\\u00f3n.<\\/span><\\/p>\\r\\n<p><span class=\\\"s1\\\"><\\/span>\\r\\n<\\/p>\\r\\n<p><span class=\\\"s1\\\"><\\/span>\\r\\n<\\/p>\\r\\n<p><span class=\\\"s1\\\"><strong>SECCI\\u00d3N 18 - LEY.<\\/strong><\\/span><\\/p>\\r\\n<p><span class=\\\"s1\\\">Estas Condiciones del servicio y cualquier acuerdos aparte en el que te proporcionemos servicios se regir\\u00e1n e interpretar\\u00e1n en conformidad con las leyes de los Estados Unidos Mexicanos.<\\/span><\\/p>\\r\\n<p><span class=\\\"s1\\\"><\\/span>\\r\\n<\\/p>\\r\\n<p><span class=\\\"s1\\\"><\\/span>\\r\\n<\\/p>\\r\\n<p><span class=\\\"s1\\\"><strong>SECCI\\u00d3N 19 - CAMBIOS EN LOS T\\u00c9RMINOS DE SERVICIO.<\\/strong><\\/span><\\/p>\\r\\n<p><span class=\\\"s1\\\">Puedes revisar la versi\\u00f3n m\\u00e1s actualizada de los T\\u00e9rminos de Servicio en cualquier momento en esta p\\u00e1gina.<\\/span><\\/p>\\r\\n<p><span class=\\\"s1\\\"><\\/span>\\r\\n<\\/p>\\r\\n<p><span class=\\\"s1\\\">Nos reservamos el derecho, a nuestra sola discreci\\u00f3n, de actualizar, modificar o reemplazar cualquier parte de estas Condiciones del servicio mediante la publicaci\\u00f3n de las actualizaciones y los cambios en nuestro sitio web. Es tu responsabilidad revisar nuestro sitio web peri\\u00f3dicamente para verificar los cambios. El uso cont\\u00ednuo de o el acceso a nuestro sitio Web o el Servicio despu\\u00e9s de la publicaci\\u00f3n de cualquier cambio en estas Condiciones de servicio implica la aceptaci\\u00f3n de dichos cambios.<\\/span><\\/p>\\r\\n<p><span class=\\\"s1\\\"><\\/span>\\r\\n<\\/p>\\r\\n<p><span class=\\\"s1\\\"><\\/span>\\r\\n<\\/p>\\r\\n<p><span class=\\\"s1\\\"><strong>SECCI\\u00d3N 20 - INFORMACI\\u00d3N DE CONTACTO.<\\/strong><\\/span><\\/p>\\r\\n<p><strong><span class=\\\"s1\\\"><\\/span>\\r\\n<\\/strong><\\/p>\\r\\n<p><span class=\\\"s1\\\">Para cualquier duda o aclaraci\\u00f3n puedes comunicarte v\\u00eda correo electr\\u00f3nico a la siguiente direcci\\u00f3n info@turismomaternidad.com<\\/span><\\/p>\",\"3\":{\"seoMainEntityCategory\":\"CreativeWork\",\"seoMainEntityOfPage\":\"WebPage\",\"seoTitleSource\":\"field\",\"seoTitleSourceField\":\"title\",\"seoTitleUnparsed\":\"\",\"seoDescriptionSource\":\"field\",\"seoDescriptionSourceField\":\"body\",\"seoDescriptionUnparsed\":\"\",\"seoKeywordsSource\":\"custom\",\"seoKeywordsSourceField\":\"tags\",\"seoKeywordsUnparsed\":\"nacionalidad, americana, bebe, estados unidos, nacimiento, proceso, parto, dar a luz, precios, paso a paso, proceso, migratorio, doctores, hospedaje, preguntas\",\"seoImageIdSource\":\"field\",\"seoImageIdSourceField\":\"featuredImage\",\"seoImageId\":\"\",\"seoImageTransform\":\"\",\"canonicalUrlOverride\":\"\",\"twitterCardType\":\"summary_large_image\",\"seoTwitterImageIdSource\":\"field\",\"seoTwitterImageIdSourceField\":\"featuredImage\",\"seoTwitterImageId\":\"\",\"seoTwitterImageTransform\":\"\",\"openGraphType\":\"website\",\"seoFacebookImageIdSource\":\"field\",\"seoFacebookImageIdSourceField\":\"featuredImage\",\"seoFacebookImageId\":\"\",\"seoFacebookImageTransform\":\"\",\"robots\":\"all\"},\"2\":\"\"}}','2018-12-28 15:43:53','2018-12-28 15:43:53','d6917784-6927-4893-87ee-5a13b3fe3261'),
	(35,126,12,1,'es',3,'','{\"typeId\":null,\"authorId\":null,\"title\":\"T\\u00e9rminos y Condiciones\",\"slug\":\"t\\u00e9rminos-y-condiciones\",\"postDate\":1546011164,\"expiryDate\":null,\"enabled\":1,\"parentId\":null,\"fields\":{\"1\":\"\",\"4\":\"\",\"8\":\"<p><strong>SECCI\\u00d3N 1 - T\\u00c9RMINOS DE LA TIENDA EN L\\u00cdNEA<\\/strong><\\/p>\\r\\n<p>Al utilizar este sitio, declaras que tienes al menos la mayor\\u00eda de edad en tu estado, provincia de residencia o en tu pa\\u00eds, y que nos has dado tu consentimiento para permitir que cualquiera de tus dependientes menores use este sitio.<\\/p>\\r\\n<p>\\r\\n<\\/p>\\r\\n<p>No puedes usar nuestros productos con ning\\u00fan prop\\u00f3sito ilegal o no autorizado tampoco puedes, en el uso del Servicio, violar cualquier ley en tu jurisdicci\\u00f3n (incluyendo pero no limitado a las leyes de derecho de autor).<\\/p>\\r\\n<p>\\r\\n<\\/p>\\r\\n<p>El incumplimiento o violaci\\u00f3n de cualquiera de estos T\\u00e9rminos dar\\u00e1n lugar al cese inmediato de tus Servicios.<\\/p>\\r\\n<p>\\r\\n<\\/p>\\r\\n<p>\\r\\n<\\/p>\\r\\n<p><strong>SECCI\\u00d3N 2 - CONDICIONES GENERALES<\\/strong><\\/p>\\r\\n<p>Nos reservamos el derecho de rechazar la prestaci\\u00f3n de servicio a cualquier persona, por cualquier motivo y en cualquier momento.<\\/p>\\r\\n<p>\\r\\n<\\/p>\\r\\n<p>Entiendes que tu contenido (sin incluir la informaci\\u00f3n de tu tarjeta de cr\\u00e9dito), puede ser transferida sin encriptar e involucrar (a) transmisiones a trav\\u00e9s de varias redes; y (b) cambios para ajustarse o adaptarse a los requisitos t\\u00e9cnicos de conexi\\u00f3n de redes o dispositivos. La informaci\\u00f3n de tarjetas de cr\\u00e9dito est\\u00e1 siempre encriptada durante la transferencia a trav\\u00e9s de las redes.<\\/p>\\r\\n<p>\\r\\n<\\/p>\\r\\n<p>Est\\u00e1s de acuerdo con no reproducir, duplicar, copiar, vender, revender o explotar cualquier parte del Servicio, uso del Servicio, o acceso al Servicio o cualquier contacto en el sitio web a trav\\u00e9s del cual se presta el servicio, sin el expreso permiso por escrito de nuestra parte.<\\/p>\\r\\n<p>\\r\\n<\\/p>\\r\\n<p>Los t\\u00edtulos utilizados en este acuerdo se incluyen solo por conveniencia y no limita o afecta a estos T\\u00e9rminos.<\\/p>\\r\\n<p>\\r\\n<\\/p>\\r\\n<p>\\r\\n<\\/p>\\r\\n<p><strong>SECCI\\u00d3N 3 - EXACTITUD, EXHAUSTIVIDAD Y ACTUALIDAD DE LA INFORMACI\\u00d3N<\\/strong><\\/p>\\r\\n<p>No nos hacemos responsables si la informaci\\u00f3n disponible en este sitio no es exacta, completa o actual.&nbsp; El material en este sitio es provisto s\\u00f3lo para informaci\\u00f3n general y no debe confiarse en ella o utilizarse como la \\u00fanica base para la toma de decisiones sin consultar primeramente, informaci\\u00f3n m\\u00e1s precisa, completa u oportuna. Cualquier dependencia en el materia de este sitio es bajo su propio riesgo.<\\/p>\\r\\n<p>\\r\\n<\\/p>\\r\\n<p>Este sitio puede contener cierta informaci\\u00f3n hist\\u00f3rica.&nbsp; La informaci\\u00f3n hist\\u00f3rica, no es necesariamente actual y es provista \\u00fanicamente para tu referencia.&nbsp; Nos reservamos el derecho de modificar los contenidos de este sitio en cualquier momento, pero no tenemos obligaci\\u00f3n de actualizar cualquier informaci\\u00f3n en nuestro sitio.&nbsp; Aceptas que es tu responsabilidad de monitorear los cambios en nuestro sitio.<\\/p>\\r\\n<p>\\r\\n<\\/p>\\r\\n<p><strong>SECCI\\u00d3N 4 - MODIFICACIONES AL SERVICIO Y PRECIOS.<\\/strong><\\/p><p>Los precios de nuestros productos est\\u00e1n sujetos a cambio sin aviso.<\\/p>\\r\\n<p>\\r\\n<\\/p>\\r\\n<p>Nos reservamos el derecho de modificar o discontinuar el Servicio (o cualquier parte del contenido) en cualquier momento sin aviso previo.<\\/p>\\r\\n<p>\\r\\n<\\/p>\\r\\n<p>No seremos responsables ante ti o alguna tercera parte por cualquier modificaci\\u00f3n, cambio de precio, suspensi\\u00f3n o discontinuidad del Servicio.<\\/p>\\r\\n<p>\\r\\n<\\/p>\\r\\n<p>\\r\\n<\\/p>\\r\\n<p><strong>SECCI\\u00d3N 5 - PRODUCTOS O SERVICIOS (si aplicable).<\\/strong><\\/p>\\r\\n<p>Ciertos productos o servicios pueden estar disponibles exclusivamente en l\\u00ednea a trav\\u00e9s del sitio web. Estos productos o servicios pueden tener cantidades limitadas y estar sujetas a devoluci\\u00f3n o cambio de acuerdo a nuestra pol\\u00edtica de devoluci\\u00f3n solamente.<\\/p>\\r\\n<p>\\r\\n<\\/p>\\r\\n<p>Hemos hecho el esfuerzo de mostrar los colores y las im\\u00e1genes de nuestros productos, en la tienda, con la mayor precisi\\u00f3n de colores posible.&nbsp; No podemos garantizar que el monitor de tu computadora muestre los colores de manera exacta.<\\/p>\\r\\n<p>\\r\\n<\\/p>\\r\\n<p>Nos reservamos el derecho, pero no estamos obligados, para limitar las ventas de nuestros productos o servicios a cualquier persona, regi\\u00f3n geogr\\u00e1fica o jurisdicci\\u00f3n.&nbsp; Podemos ejercer este derecho basados en cada caso.&nbsp; Nos reservamos el derecho de limitar las cantidades de los productos o servicios que ofrecemos.&nbsp; Todas las descripciones de productos o precios de los productos est\\u00e1n sujetos a cambios en cualquier momento sin previo aviso, a nuestra sola discreci\\u00f3n.&nbsp; Nos reservamos el derecho de discontinuar cualquier producto en cualquier momento.&nbsp; Cualquier oferta de producto o servicio hecho en este sitio es nulo donde est\\u00e9 prohibido.<\\/p>\\r\\n<p>\\r\\n<\\/p>\\r\\n<p>\\r\\n<\\/p>\\r\\n<p>\\r\\n<\\/p>\\r\\n<p><strong>SECCI\\u00d3N 6 - EXACTITUD DE FACTURACI\\u00d3N E INFORMACI\\u00d3N DE CUENTA.<\\/strong><\\/p>\\r\\n<p>Nos reservamos el derecho de rechazar cualquier pedido que realice con nosotros. Podemos, a nuestra discreci\\u00f3n, limitar o cancelar las cantidades compradas por persona, por hogar o por pedido. Estas restricciones pueden incluir pedidos realizados por o bajo la misma cuenta de cliente, la misma tarjeta de cr\\u00e9dito, y\\/o pedidos que utilizan la misma facturaci\\u00f3n y\\/o direcci\\u00f3n de env\\u00edo.<\\/p>\\r\\n<p>\\r\\n<\\/p>\\r\\n<p>En el caso de que hagamos un cambio o cancelemos una orden, podemos intentar notificarte poni\\u00e9ndonos en contacto v\\u00eda correo electr\\u00f3nico y\\/o direcci\\u00f3n de facturaci\\u00f3n \\/ n\\u00famero de tel\\u00e9fono proporcionado en el momento que se hizo pedido. Nos reservamos el derecho de limitar o prohibir las \\u00f3rdenes que, a nuestro juicio, parecen ser colocado por los concesionarios, revendedores o distribuidores.<\\/p>\\r\\n<p>\\r\\n<\\/p>\\r\\n<p>Te comprometes a proporcionar informaci\\u00f3n actual, completa y precisa de la compra y cuenta utilizada para todas las compras realizadas en nuestra tienda.&nbsp; Te comprometes a actualizar r\\u00e1pidamente tu cuenta y otra informaci\\u00f3n, incluyendo tu direcci\\u00f3n de correo electr\\u00f3nico y n\\u00fameros de tarjetas de cr\\u00e9dito y fechas de vencimiento, para que podamos completar tus transacciones y contactarte cuando sea necesario.<\\/p>\\r\\n<p>\\r\\n<\\/p>\\r\\n<p>Para m\\u00e1s detalles, por favor revisa nuestra Pol\\u00edtica de Devoluciones.<\\/p>\\r\\n<p>\\r\\n<\\/p>\\r\\n<p><strong>SECCI\\u00d3N 7 - HERRAMIENTAS OPCIONALES.<\\/strong><\\/p>\\r\\n<p>Es posible que te proporcionemos acceso a herramientas de terceros a los cuales no monitoreamos y sobre los que no tenemos control ni entrada.<\\/p>\\r\\n<p>\\r\\n<\\/p>\\r\\n<p>Reconoces y aceptas que proporcionamos acceso a este tipo de herramientas \\\"tal cual\\\" y \\\"seg\\u00fan disponibilidad\\\" sin garant\\u00edas, representaciones o condiciones de ning\\u00fan tipo y sin ning\\u00fan respaldo.&nbsp; No tendremos responsabilidad alguna derivada de o relacionada con tu uso de herramientas proporcionadas por terceras partes.<\\/p>\\r\\n<p>\\r\\n<\\/p>\\r\\n<p>Cualquier uso que hagas de las herramientas opcionales que se ofrecen a trav\\u00e9s del sitio bajo tu propio riesgo y discreci\\u00f3n y debes asegurarte de estar familiarizado y aprobar los t\\u00e9rminos bajo los cuales estas herramientas son proporcionadas por el o los proveedores de terceros.<\\/p>\\r\\n<p>\\r\\n<\\/p>\\r\\n<p>Tambi\\u00e9n es posible que, en el futuro, te ofrezcamos nuevos servicios y\\/o caracter\\u00edsticas a trav\\u00e9s del sitio web (incluyendo el lanzamiento de nuevas herramientas y recursos).&nbsp; Estas nuevas caracter\\u00edsticas y\\/o servicios tambi\\u00e9n estar\\u00e1n sujetos a estos T\\u00e9rminos de Servicio.<\\/p>\\r\\n<p>\\r\\n<\\/p>\\r\\n<p><strong>SECCI\\u00d3N 8 - ENLACES DE TERCERAS PARTES.<\\/strong><\\/p>\\r\\n<p>Cierto contenido, productos y servicios disponibles v\\u00eda nuestro Servicio puede incluir material de terceras partes.<\\/p>\\r\\n<p>\\r\\n<\\/p>\\r\\n<p>Enlaces de terceras partes en este sitio pueden direccionarte a sitios web de terceras partes que no est\\u00e1n afiliadas con nosotros. No nos responsabilizamos de examinar o evaluar el contenido o exactitud y no garantizamos ni tendremos ninguna obligaci\\u00f3n o responsabilidad por cualquier material de terceros o sitios web, o de cualquier material, productos o servicios de terceros.<\\/p>\\r\\n<p>\\r\\n<\\/p>\\r\\n<p>No nos hacemos responsables de cualquier da\\u00f1o o da\\u00f1os relacionados con la adquisici\\u00f3n o utilizaci\\u00f3n de bienes, servicios, recursos, contenidos, o cualquier otra transacci\\u00f3n realizadas en conexi\\u00f3n con sitios web de terceros. Por favor revisa cuidadosamente las pol\\u00edticas y pr\\u00e1cticas de terceros y aseg\\u00farate de entenderlas antes de participar en cualquier transacci\\u00f3n. Quejas, reclamos, inquietudes o preguntas con respecto a productos de terceros deben ser dirigidas a la tercera parte.<\\/p>\\r\\n<p>\\r\\n<\\/p>\\r\\n<p><strong>SECCI\\u00d3N 9 - COMENTARIOS DE USUARIO, CAPTACI\\u00d3N Y OTROS ENV\\u00cdOS.<\\/strong><\\/p>\\r\\n<p>Si, a pedido nuestro, se env\\u00eda ciertas presentaciones espec\\u00edficas (por ejemplo la participaci\\u00f3n en concursos) o sin un pedido de nuestra parte env\\u00edas, sugerencias, proposiciones, planes, u otros materiales, ya sea en l\\u00ednea, por email, por correo postal, o de otra manera (colectivamente, \'comentarios\'), aceptas que podamos, en cualquier momento, sin restricci\\u00f3n, editar, copiar, publicar, distribuir, traducir o utilizar por cualquier medio comentarios que nos hayas enviado. No tenemos ni tendremos ninguna obligaci\\u00f3n (1) de mantener ning\\u00fan comentario confidencialmente; (2) de pagar compensaci\\u00f3n por comentarios; o (3) de responder a comentarios.<\\/p>\\r\\n<p>\\r\\n<\\/p>\\r\\n<p>Nosotros podemos, pero no tenemos obligaci\\u00f3n de, monitorear, editar o remover contenido que consideremos sea ileg\\u00edtimo, ofensivo, amenazante, calumnioso, difamatorio, pornogr\\u00e1fico, obsceno u objetable o viole la propiedad intelectual de cualquiera de las partes o los T\\u00e9rminos de Servicio.<\\/p>\\r\\n<p>\\r\\n<\\/p>\\r\\n<p>Aceptas que tus comentarios no violar\\u00e1n los derechos de terceras partes, incluyendo derechos de autor, marca, privacidad, personalidad u otro derechos personal o de propiedad. Asimismo, aceptas que tus comentarios no contienen material difamatorio o ilegal, abusivo u obsceno, o contienen virus inform\\u00e1ticos u otro malware que pudiera, de alguna manera, afectar el funcionamiento del Servicio o de cualquier sitio web relacionado.&nbsp; No puedes utilizar una direcci\\u00f3n de correo electr\\u00f3nico falsa, usar otra identidad que no sea leg\\u00edtima, o enga\\u00f1ar a terceras partes o a nosotros en cuanto al origen de tus comentarios.&nbsp; Tu eres el \\u00fanico responsable por los comentarios que haces y su precisi\\u00f3n.&nbsp; No nos hacemos responsables y no asumimos ninguna obligaci\\u00f3n con respecto a los comentarios publicados por ti o cualquier tercer parte.<\\/p>\\r\\n<p>\\r\\n<\\/p>\\r\\n<p>\\r\\n<\\/p>\\r\\n<p><strong>SECCI\\u00d3N 10 - INFORMACI\\u00d3N PERSONAL.<\\/strong><\\/p>\\r\\n<p>Tu presentaci\\u00f3n de informaci\\u00f3n personal a trav\\u00e9s del sitio se rige por nuestra Pol\\u00edtica de Privacidad. Para ver nuestra <a href=\\\"http:\\/\\/localhost:8888\\/turismo_maternidad\\/html\\/politicas-privacidad#entry:85:url\\\">Pol\\u00edtica de Privacidad.<\\/a><\\/p>\\r\\n<p>\\r\\n<\\/p>\\r\\n<p>\\r\\n<\\/p>\\r\\n<p><strong>SECCI\\u00d3N 11 - ERRORES, INEXACTITUDES Y OMISIONES.<\\/strong><\\/p>\\r\\n<p>De vez en cuando puede haber informaci\\u00f3n en nuestro sitio o en el Servicio que contiene errores tipogr\\u00e1ficos, inexactitudes u omisiones que puedan estar relacionadas con las descripciones de productos, precios, promociones, ofertas, gastos del producto o servicio, el tiempo de tr\\u00e1nsito y la disponibilidad. Nos reservamos el derecho de corregir los errores, inexactitudes u omisiones y de cambiar o actualizar la informaci\\u00f3n o cancelar pedidos si alguna informaci\\u00f3n en el Servicio o en cualquier sitio web relacionado es inexacta en cualquier momento sin previo aviso (incluso despu\\u00e9s de que hayas enviado tu orden) .<\\/p>\\r\\n<p>\\r\\n<\\/p>\\r\\n<p>No asumimos ninguna obligaci\\u00f3n de actualizar, corregir o aclarar la informaci\\u00f3n en el Servicio o en cualquier sitio web relacionado, incluyendo, sin limitaci\\u00f3n, la informaci\\u00f3n de precios, excepto cuando sea requerido por la ley. Ninguna especificaci\\u00f3n actualizada o fecha de actualizaci\\u00f3n aplicada en el Servicio o en cualquier sitio web relacionado, debe ser tomada para indicar que toda la informaci\\u00f3n en el Servicio o en cualquier sitio web relacionado ha sido modificado o actualizado.<\\/p>\\r\\n<p>\\r\\n<\\/p>\\r\\n<p>\\r\\n<\\/p>\\r\\n<p><strong>SECCI\\u00d3N 12 - USOS PROHIBIDOS.<\\/strong><\\/p>\\r\\n<p>En adici\\u00f3n a otras prohibiciones como se establece en los T\\u00e9rminos de Servicio, se prohibe el uso del sitio o su contenido: (a) para ning\\u00fan prop\\u00f3sito ilegal; (b) para pedirle a otros que realicen o participen en actos il\\u00edcitos; (c) para violar cualquier regulaci\\u00f3n, reglas, leyes internacionales, federales, provinciales o estatales, u ordenanzas locales; (d) para infringir o violar el derecho de propiedad intelectual nuestro o de terceras partes; (e) para acosar, abusar, insultar, da\\u00f1ar, difamar, calumniar, desprestigiar, intimidar o discriminar por razones de g\\u00e9nero, orientaci\\u00f3n sexual, religi\\u00f3n, etnia, raza, edad, nacionalidad o discapacidad; (f) para presentar informaci\\u00f3n falsa o enga\\u00f1osa; (g) para cargar o transmitir virus o cualquier otro tipo de c\\u00f3digo malicioso que sea o pueda ser utilizado en cualquier forma que pueda comprometer la funcionalidad o el funcionamiento del Servicio o de cualquier sitio web relacionado, otros sitios o Internet; (h) para recopilar o rastrear informaci\\u00f3n personal de otros; (i) para generar spam, phish, pharm, pretext, spider, crawl, or scrape; (j) para cualquier prop\\u00f3sito obsceno o inmoral; o (k) para interferir con o burlar los elementos de seguridad del Servicio o cualquier sitio web relacionado\\u00bf otros sitios o Internet. Nos reservamos el derecho de suspender el uso del Servicio o de cualquier sitio web relacionado por violar cualquiera de los \\u00edtems de los usos prohibidos.<\\/p>\\r\\n<p>\\r\\n<\\/p>\\r\\n<p>\\r\\n<\\/p>\\r\\n<p><strong>SECCI\\u00d3N 13 - EXCLUSI\\u00d3N DE GARANT\\u00cdAS; LIMITACI\\u00d3N DE RESPONSABILIDAD.<\\/strong><\\/p>\\r\\n<p>No garantizamos ni aseguramos que el uso de nuestro servicio ser\\u00e1 ininterrumpido, puntual, seguro o libre de errores.<\\/p>\\r\\n<p>\\r\\n<\\/p>\\r\\n<p>No garantizamos que los resultados que se puedan obtener del uso del servicio ser\\u00e1n exactos o confiables.<\\/p>\\r\\n<p>\\r\\n<\\/p>\\r\\n<p>Aceptas que de vez en cuando podemos quitar el servicio por per\\u00edodos de tiempo indefinidos o cancelar el servicio en cualquier momento sin previo aviso.<\\/p>\\r\\n<p>\\r\\n<\\/p>\\r\\n<p>Aceptas expresamente que el uso de, o la posibilidad de utilizar, el servicio es bajo tu propio riesgo.&nbsp; El servicio y todos los productos y servicios proporcionados a trav\\u00e9s del servicio son (salvo lo expresamente manifestado por nosotros) proporcionados \\\"tal cual\\\" y \\\"seg\\u00fan est\\u00e9 disponible\\\" para su uso, sin ning\\u00fan tipo de representaci\\u00f3n, garant\\u00edas o condiciones de ning\\u00fan tipo, ya sea expresa o impl\\u00edcita, incluidas todas las garant\\u00edas o condiciones impl\\u00edcitas de comercializaci\\u00f3n, calidad comercializable, la aptitud para un prop\\u00f3sito particular, durabilidad, t\\u00edtulo y no infracci\\u00f3n.<\\/p>\\r\\n<p>\\r\\n<\\/p>\\r\\n<p>En ning\\u00fan caso <strong>TURISMO M\\u00c9DICO DIGITAL, S.A.P.I. DE C.V.,<\\/strong> nuestros directores, funcionarios, empleados, afiliados, agentes, contratistas, internos, proveedores, prestadores de servicios o licenciantes ser\\u00e1n responsables por cualquier da\\u00f1o, p\\u00e9rdida, reclamo, o da\\u00f1os directos, indirectos, incidentales, punitivos, especiales o consecuentes de cualquier tipo, incluyendo, sin limitaci\\u00f3n, p\\u00e9rdida de beneficios, p\\u00e9rdida de ingresos, p\\u00e9rdida de ahorros, p\\u00e9rdida de datos, costos de reemplazo, o cualquier da\\u00f1o similar, ya sea basado en contrato, agravio (incluyendo negligencia), responsabilidad estricta o de otra manera, como consecuencia del uso de cualquiera de los servicios o productos adquiridos mediante el servicio, o por cualquier otro reclamo relacionado de alguna manera con el uso del servicio o cualquier producto, incluyendo pero no limitado, a cualquier error u omisi\\u00f3n en cualquier contenido, o cualquier p\\u00e9rdida o da\\u00f1o de cualquier tipo incurridos como resultados de la utilizaci\\u00f3n del servicio o cualquier contenido (o producto) publicado, transmitido, o que se pongan a disposici\\u00f3n a trav\\u00e9s del servicio, incluso si se avisa de su posibilidad.&nbsp; Debido a que algunos estados o jurisdicciones no permiten la exclusi\\u00f3n o la limitaci\\u00f3n de responsabilidad por da\\u00f1os consecuenciales o incidentales, en tales estados o jurisdicciones, nuestra responsabilidad se limitar\\u00e1 en la medida m\\u00e1xima permitida por la ley.<\\/p>\\r\\n<p>\\r\\n<\\/p>\\r\\n<p>\\r\\n<\\/p>\\r\\n<p><strong>SECCI\\u00d3N 14 - INDEMNIZACI\\u00d3N.<\\/strong><\\/p>\\r\\n<p>Aceptas indemnizar, defender y mantener indemne TURISMO M\\u00c9DICO DIGITAL, S.A.P.I. DE C.V. y nuestras matrices, subsidiarias, afiliados, socios, funcionarios, directores, agentes, contratistas, concesionarios, proveedores de servicios, subcontratistas, proveedores, internos y empleados, de cualquier reclamo o demanda, incluyendo honorarios razonables de abogados, hechos por cualquier tercero a causa o como resultado de tu incumplimiento de las Condiciones de Servicio o de los documentos que incorporan como referencia, o la violaci\\u00f3n de cualquier ley o de los derechos de u tercero.<\\/p>\\r\\n<p>\\r\\n<\\/p>\\r\\n<p><strong>SECCI\\u00d3N 15 - DIVISIBILIDAD.<\\/strong><\\/p>\\r\\n<p>En el caso de que se determine que cualquier disposici\\u00f3n de estas Condiciones de Servicio sea ilegal, nula o inejecutable, dicha disposici\\u00f3n ser\\u00e1, no obstante, efectiva a obtener la m\\u00e1xima medida permitida por la ley aplicable, y la parte no exigible se considerar\\u00e1 separada de estos T\\u00e9rminos de Servicio, dicha determinaci\\u00f3n no afectar\\u00e1 la validez de aplicabilidad de las dem\\u00e1s disposiciones restantes.<\\/p>\\r\\n<p>\\r\\n<\\/p>\\r\\n<p>\\r\\n<\\/p>\\r\\n<p><strong>SECCI\\u00d3N 16 - RESCISI\\u00d3N.<\\/strong><\\/p>\\r\\n<p>Las obligaciones y responsabilidades de las partes que hayan incurrido con anterioridad a la fecha de terminaci\\u00f3n sobrevivir\\u00e1n a la terminaci\\u00f3n de este acuerdo a todos los efectos.<\\/p>\\r\\n<p>\\r\\n<\\/p>\\r\\n<p>Estas Condiciones de servicio son efectivos a menos que y hasta que sea terminado por ti o nosotros. Puedes terminar estos T\\u00e9rminos de Servicio en cualquier momento por avisarnos que ya no deseas utilizar nuestros servicios, o cuando dejes de usar nuestro sitio.<\\/p>\\r\\n<p>\\r\\n<\\/p>\\r\\n<p>Si a nuestro juicio, fallas, o se sospecha que haz fallado, en el cumplimiento de cualquier t\\u00e9rmino o disposici\\u00f3n de estas Condiciones de Servicio, tambi\\u00e9n podemos terminar este acuerdo en cualquier momento sin previo aviso, y seguir\\u00e1s siendo responsable de todos los montos adeudados hasta incluida la fecha de terminaci\\u00f3n; y\\/o en consecuencia podemos negarte el acceso a nuestros servicios (o cualquier parte del mismo).<\\/p>\\r\\n<p>\\r\\n<\\/p>\\r\\n<p><strong>SECCI\\u00d3N 17 - ACUERDO COMPLETO.<\\/strong><\\/p>\\r\\n<p>Nuestra falla para ejercer o hacer valer cualquier derecho o disposici\\u00f3n de estas Condiciones de Servicio no constituir\\u00e1 una renuncia a tal derecho o disposici\\u00f3n.<\\/p>\\r\\n<p>\\r\\n<\\/p>\\r\\n<p>Estas Condiciones del servicio y las pol\\u00edticas o reglas de operaci\\u00f3n publicadas por nosotros en este sitio o con respecto al servicio constituyen el acuerdo completo y el entendimiento entre tu y nosotros y rigen el uso del Servicio y reemplaza cualquier acuerdo, comunicaciones y propuestas anteriores o contempor\\u00e1neas, ya sea oral o escrita, entre tu y nosotros (incluyendo, pero no limitado a, cualquier versi\\u00f3n previa de los T\\u00e9rminos de Servicio).<\\/p>\\r\\n<p>\\r\\n<\\/p>\\r\\n<p>Cualquier ambig\\u00fcedad en la interpretaci\\u00f3n de estas Condiciones del servicio no se interpretar\\u00e1n en contra del grupo de redacci\\u00f3n.<\\/p>\\r\\n<p>\\r\\n<\\/p>\\r\\n<p>\\r\\n<\\/p>\\r\\n<p><strong>SECCI\\u00d3N 18 - LEY.<\\/strong><\\/p>\\r\\n<p>Estas Condiciones del servicio y cualquier acuerdos aparte en el que te proporcionemos servicios se regir\\u00e1n e interpretar\\u00e1n en conformidad con las leyes de los Estados Unidos Mexicanos.<\\/p>\\r\\n<p>\\r\\n<\\/p>\\r\\n<p>\\r\\n<\\/p>\\r\\n<p><strong>SECCI\\u00d3N 19 - CAMBIOS EN LOS T\\u00c9RMINOS DE SERVICIO.<\\/strong><\\/p>\\r\\n<p>Puedes revisar la versi\\u00f3n m\\u00e1s actualizada de los T\\u00e9rminos de Servicio en cualquier momento en esta p\\u00e1gina.<\\/p>\\r\\n<p>\\r\\n<\\/p>\\r\\n<p>Nos reservamos el derecho, a nuestra sola discreci\\u00f3n, de actualizar, modificar o reemplazar cualquier parte de estas Condiciones del servicio mediante la publicaci\\u00f3n de las actualizaciones y los cambios en nuestro sitio web. Es tu responsabilidad revisar nuestro sitio web peri\\u00f3dicamente para verificar los cambios. El uso cont\\u00ednuo de o el acceso a nuestro sitio Web o el Servicio despu\\u00e9s de la publicaci\\u00f3n de cualquier cambio en estas Condiciones de servicio implica la aceptaci\\u00f3n de dichos cambios.<\\/p>\\r\\n<p>\\r\\n<\\/p>\\r\\n<p>\\r\\n<\\/p>\\r\\n<p><strong>SECCI\\u00d3N 20 - INFORMACI\\u00d3N DE CONTACTO.<\\/strong><\\/p>\\r\\n<p><strong>\\r\\n<\\/strong><\\/p>\\r\\n<p>Para cualquier duda o aclaraci\\u00f3n puedes comunicarte v\\u00eda correo electr\\u00f3nico a la siguiente direcci\\u00f3n info@turismomaternidad.com<\\/p>\",\"3\":{\"seoMainEntityCategory\":\"CreativeWork\",\"seoMainEntityOfPage\":\"WebPage\",\"seoTitleSource\":\"field\",\"seoTitleSourceField\":\"title\",\"seoTitleUnparsed\":\"T\\u00e9rminos y Condiciones\",\"seoDescriptionSource\":\"field\",\"seoDescriptionSourceField\":\"body\",\"seoDescriptionUnparsed\":\"\",\"seoKeywordsSource\":\"custom\",\"seoKeywordsSourceField\":\"tags\",\"seoKeywordsUnparsed\":\"nacionalidad, americana, bebe, estados unidos, nacimiento, proceso, parto, dar a luz, precios, paso a paso, proceso, migratorio, doctores, hospedaje, preguntas\",\"seoImageIdSource\":\"field\",\"seoImageIdSourceField\":\"featuredImage\",\"seoImageId\":\"\",\"seoImageTransform\":\"\",\"canonicalUrlOverride\":\"\",\"twitterCardType\":\"summary_large_image\",\"seoTwitterImageIdSource\":\"field\",\"seoTwitterImageIdSourceField\":\"featuredImage\",\"seoTwitterImageId\":\"\",\"seoTwitterImageTransform\":\"\",\"openGraphType\":\"website\",\"seoFacebookImageIdSource\":\"field\",\"seoFacebookImageIdSourceField\":\"featuredImage\",\"seoFacebookImageId\":\"\",\"seoFacebookImageTransform\":\"\",\"robots\":\"all\"},\"2\":\"\"}}','2018-12-28 15:56:30','2018-12-28 15:56:30','e1feae6c-a408-4a64-9f2f-d74d728e9af9'),
	(36,126,12,1,'es',4,'','{\"typeId\":null,\"authorId\":null,\"title\":\"T\\u00e9rminos y Condiciones\",\"slug\":\"t\\u00e9rminos-y-condiciones\",\"postDate\":1546011164,\"expiryDate\":null,\"enabled\":1,\"parentId\":null,\"fields\":{\"1\":\"\",\"4\":\"\",\"8\":\"<p><strong>SECCI\\u00d3N 1 - T\\u00c9RMINOS DE LA TIENDA EN L\\u00cdNEA<\\/strong><\\/p>\\r\\n<p>Al utilizar este sitio, declaras que tienes al menos la mayor\\u00eda de edad en tu estado, provincia de residencia o en tu pa\\u00eds, y que nos has dado tu consentimiento para permitir que cualquiera de tus dependientes menores use este sitio.<\\/p>\\r\\n<p>\\r\\n<\\/p>\\r\\n<p>No puedes usar nuestros productos con ning\\u00fan prop\\u00f3sito ilegal o no autorizado tampoco puedes, en el uso del Servicio, violar cualquier ley en tu jurisdicci\\u00f3n (incluyendo pero no limitado a las leyes de derecho de autor).<\\/p>\\r\\n<p>\\r\\n<\\/p>\\r\\n<p>El incumplimiento o violaci\\u00f3n de cualquiera de estos T\\u00e9rminos dar\\u00e1n lugar al cese inmediato de tus Servicios.<\\/p>\\r\\n<p>\\r\\n<\\/p>\\r\\n<p>\\r\\n<\\/p>\\r\\n<p><strong>SECCI\\u00d3N 2 - CONDICIONES GENERALES<\\/strong><\\/p>\\r\\n<p>Nos reservamos el derecho de rechazar la prestaci\\u00f3n de servicio a cualquier persona, por cualquier motivo y en cualquier momento.<\\/p>\\r\\n<p>\\r\\n<\\/p>\\r\\n<p>Entiendes que tu contenido (sin incluir la informaci\\u00f3n de tu tarjeta de cr\\u00e9dito), puede ser transferida sin encriptar e involucrar (a) transmisiones a trav\\u00e9s de varias redes; y (b) cambios para ajustarse o adaptarse a los requisitos t\\u00e9cnicos de conexi\\u00f3n de redes o dispositivos. La informaci\\u00f3n de tarjetas de cr\\u00e9dito est\\u00e1 siempre encriptada durante la transferencia a trav\\u00e9s de las redes.<\\/p>\\r\\n<p>\\r\\n<\\/p>\\r\\n<p>Est\\u00e1s de acuerdo con no reproducir, duplicar, copiar, vender, revender o explotar cualquier parte del Servicio, uso del Servicio, o acceso al Servicio o cualquier contacto en el sitio web a trav\\u00e9s del cual se presta el servicio, sin el expreso permiso por escrito de nuestra parte.<\\/p>\\r\\n<p>\\r\\n<\\/p>\\r\\n<p>Los t\\u00edtulos utilizados en este acuerdo se incluyen solo por conveniencia y no limita o afecta a estos T\\u00e9rminos.<\\/p>\\r\\n<p>\\r\\n<\\/p>\\r\\n<p>\\r\\n<\\/p>\\r\\n<p><strong>SECCI\\u00d3N 3 - EXACTITUD, EXHAUSTIVIDAD Y ACTUALIDAD DE LA INFORMACI\\u00d3N<\\/strong><\\/p>\\r\\n<p>No nos hacemos responsables si la informaci\\u00f3n disponible en este sitio no es exacta, completa o actual.&nbsp; El material en este sitio es provisto s\\u00f3lo para informaci\\u00f3n general y no debe confiarse en ella o utilizarse como la \\u00fanica base para la toma de decisiones sin consultar primeramente, informaci\\u00f3n m\\u00e1s precisa, completa u oportuna. Cualquier dependencia en el materia de este sitio es bajo su propio riesgo.<\\/p>\\r\\n<p>\\r\\n<\\/p>\\r\\n<p>Este sitio puede contener cierta informaci\\u00f3n hist\\u00f3rica.&nbsp; La informaci\\u00f3n hist\\u00f3rica, no es necesariamente actual y es provista \\u00fanicamente para tu referencia.&nbsp; Nos reservamos el derecho de modificar los contenidos de este sitio en cualquier momento, pero no tenemos obligaci\\u00f3n de actualizar cualquier informaci\\u00f3n en nuestro sitio.&nbsp; Aceptas que es tu responsabilidad de monitorear los cambios en nuestro sitio.<\\/p>\\r\\n<p>\\r\\n<\\/p>\\r\\n<p><strong>SECCI\\u00d3N 4 - MODIFICACIONES AL SERVICIO Y PRECIOS.<\\/strong><\\/p><p>Los precios de nuestros productos est\\u00e1n sujetos a cambio sin aviso.<\\/p>\\r\\n<p>\\r\\n<\\/p>\\r\\n<p>Nos reservamos el derecho de modificar o discontinuar el Servicio (o cualquier parte del contenido) en cualquier momento sin aviso previo.<\\/p><p>No seremos responsables ante ti o alguna tercera parte por cualquier modificaci\\u00f3n, cambio de precio, suspensi\\u00f3n o discontinuidad del Servicio.<\\/p>\\r\\n<p>\\r\\n<\\/p>\\r\\n<p>\\r\\n<\\/p>\\r\\n<p><strong>SECCI\\u00d3N 5 - PRODUCTOS O SERVICIOS (si aplicable).<\\/strong><\\/p>\\r\\n<p>Ciertos productos o servicios pueden estar disponibles exclusivamente en l\\u00ednea a trav\\u00e9s del sitio web. Estos productos o servicios pueden tener cantidades limitadas y estar sujetas a devoluci\\u00f3n o cambio de acuerdo a nuestra pol\\u00edtica de devoluci\\u00f3n solamente.<\\/p>\\r\\n<p>\\r\\n<\\/p>\\r\\n<p>Hemos hecho el esfuerzo de mostrar los colores y las im\\u00e1genes de nuestros productos, en la tienda, con la mayor precisi\\u00f3n de colores posible.&nbsp; No podemos garantizar que el monitor de tu computadora muestre los colores de manera exacta.<\\/p>\\r\\n<p>\\r\\n<\\/p>\\r\\n<p>Nos reservamos el derecho, pero no estamos obligados, para limitar las ventas de nuestros productos o servicios a cualquier persona, regi\\u00f3n geogr\\u00e1fica o jurisdicci\\u00f3n.&nbsp; Podemos ejercer este derecho basados en cada caso.&nbsp; Nos reservamos el derecho de limitar las cantidades de los productos o servicios que ofrecemos.&nbsp; Todas las descripciones de productos o precios de los productos est\\u00e1n sujetos a cambios en cualquier momento sin previo aviso, a nuestra sola discreci\\u00f3n.&nbsp; Nos reservamos el derecho de discontinuar cualquier producto en cualquier momento.&nbsp; Cualquier oferta de producto o servicio hecho en este sitio es nulo donde est\\u00e9 prohibido.<\\/p>\\r\\n<p>\\r\\n<\\/p>\\r\\n<p>\\r\\n<\\/p>\\r\\n<p>\\r\\n<\\/p>\\r\\n<p><strong>SECCI\\u00d3N 6 - EXACTITUD DE FACTURACI\\u00d3N E INFORMACI\\u00d3N DE CUENTA.<\\/strong><\\/p>\\r\\n<p>Nos reservamos el derecho de rechazar cualquier pedido que realice con nosotros. Podemos, a nuestra discreci\\u00f3n, limitar o cancelar las cantidades compradas por persona, por hogar o por pedido. Estas restricciones pueden incluir pedidos realizados por o bajo la misma cuenta de cliente, la misma tarjeta de cr\\u00e9dito, y\\/o pedidos que utilizan la misma facturaci\\u00f3n y\\/o direcci\\u00f3n de env\\u00edo.<\\/p>\\r\\n<p>\\r\\n<\\/p>\\r\\n<p>En el caso de que hagamos un cambio o cancelemos una orden, podemos intentar notificarte poni\\u00e9ndonos en contacto v\\u00eda correo electr\\u00f3nico y\\/o direcci\\u00f3n de facturaci\\u00f3n \\/ n\\u00famero de tel\\u00e9fono proporcionado en el momento que se hizo pedido. Nos reservamos el derecho de limitar o prohibir las \\u00f3rdenes que, a nuestro juicio, parecen ser colocado por los concesionarios, revendedores o distribuidores.<\\/p>\\r\\n<p>\\r\\n<\\/p>\\r\\n<p>Te comprometes a proporcionar informaci\\u00f3n actual, completa y precisa de la compra y cuenta utilizada para todas las compras realizadas en nuestra tienda.&nbsp; Te comprometes a actualizar r\\u00e1pidamente tu cuenta y otra informaci\\u00f3n, incluyendo tu direcci\\u00f3n de correo electr\\u00f3nico y n\\u00fameros de tarjetas de cr\\u00e9dito y fechas de vencimiento, para que podamos completar tus transacciones y contactarte cuando sea necesario.<\\/p>\\r\\n<p>\\r\\n<\\/p>\\r\\n<p>Para m\\u00e1s detalles, por favor revisa nuestra Pol\\u00edtica de Devoluciones.<\\/p>\\r\\n<p>\\r\\n<\\/p>\\r\\n<p><strong>SECCI\\u00d3N 7 - HERRAMIENTAS OPCIONALES.<\\/strong><\\/p>\\r\\n<p>Es posible que te proporcionemos acceso a herramientas de terceros a los cuales no monitoreamos y sobre los que no tenemos control ni entrada.<\\/p>\\r\\n<p>\\r\\n<\\/p>\\r\\n<p>Reconoces y aceptas que proporcionamos acceso a este tipo de herramientas \\\"tal cual\\\" y \\\"seg\\u00fan disponibilidad\\\" sin garant\\u00edas, representaciones o condiciones de ning\\u00fan tipo y sin ning\\u00fan respaldo.&nbsp; No tendremos responsabilidad alguna derivada de o relacionada con tu uso de herramientas proporcionadas por terceras partes.<\\/p>\\r\\n<p>\\r\\n<\\/p>\\r\\n<p>Cualquier uso que hagas de las herramientas opcionales que se ofrecen a trav\\u00e9s del sitio bajo tu propio riesgo y discreci\\u00f3n y debes asegurarte de estar familiarizado y aprobar los t\\u00e9rminos bajo los cuales estas herramientas son proporcionadas por el o los proveedores de terceros.<\\/p>\\r\\n<p>\\r\\n<\\/p>\\r\\n<p>Tambi\\u00e9n es posible que, en el futuro, te ofrezcamos nuevos servicios y\\/o caracter\\u00edsticas a trav\\u00e9s del sitio web (incluyendo el lanzamiento de nuevas herramientas y recursos).&nbsp; Estas nuevas caracter\\u00edsticas y\\/o servicios tambi\\u00e9n estar\\u00e1n sujetos a estos T\\u00e9rminos de Servicio.<\\/p>\\r\\n<p>\\r\\n<\\/p>\\r\\n<p><strong>SECCI\\u00d3N 8 - ENLACES DE TERCERAS PARTES.<\\/strong><\\/p>\\r\\n<p>Cierto contenido, productos y servicios disponibles v\\u00eda nuestro Servicio puede incluir material de terceras partes.<\\/p>\\r\\n<p>\\r\\n<\\/p>\\r\\n<p>Enlaces de terceras partes en este sitio pueden direccionarte a sitios web de terceras partes que no est\\u00e1n afiliadas con nosotros. No nos responsabilizamos de examinar o evaluar el contenido o exactitud y no garantizamos ni tendremos ninguna obligaci\\u00f3n o responsabilidad por cualquier material de terceros o sitios web, o de cualquier material, productos o servicios de terceros.<\\/p>\\r\\n<p>\\r\\n<\\/p>\\r\\n<p>No nos hacemos responsables de cualquier da\\u00f1o o da\\u00f1os relacionados con la adquisici\\u00f3n o utilizaci\\u00f3n de bienes, servicios, recursos, contenidos, o cualquier otra transacci\\u00f3n realizadas en conexi\\u00f3n con sitios web de terceros. Por favor revisa cuidadosamente las pol\\u00edticas y pr\\u00e1cticas de terceros y aseg\\u00farate de entenderlas antes de participar en cualquier transacci\\u00f3n. Quejas, reclamos, inquietudes o preguntas con respecto a productos de terceros deben ser dirigidas a la tercera parte.<\\/p>\\r\\n<p>\\r\\n<\\/p>\\r\\n<p><strong>SECCI\\u00d3N 9 - COMENTARIOS DE USUARIO, CAPTACI\\u00d3N Y OTROS ENV\\u00cdOS.<\\/strong><\\/p>\\r\\n<p>Si, a pedido nuestro, se env\\u00eda ciertas presentaciones espec\\u00edficas (por ejemplo la participaci\\u00f3n en concursos) o sin un pedido de nuestra parte env\\u00edas, sugerencias, proposiciones, planes, u otros materiales, ya sea en l\\u00ednea, por email, por correo postal, o de otra manera (colectivamente, \'comentarios\'), aceptas que podamos, en cualquier momento, sin restricci\\u00f3n, editar, copiar, publicar, distribuir, traducir o utilizar por cualquier medio comentarios que nos hayas enviado. No tenemos ni tendremos ninguna obligaci\\u00f3n (1) de mantener ning\\u00fan comentario confidencialmente; (2) de pagar compensaci\\u00f3n por comentarios; o (3) de responder a comentarios.<\\/p>\\r\\n<p>\\r\\n<\\/p>\\r\\n<p>Nosotros podemos, pero no tenemos obligaci\\u00f3n de, monitorear, editar o remover contenido que consideremos sea ileg\\u00edtimo, ofensivo, amenazante, calumnioso, difamatorio, pornogr\\u00e1fico, obsceno u objetable o viole la propiedad intelectual de cualquiera de las partes o los T\\u00e9rminos de Servicio.<\\/p>\\r\\n<p>\\r\\n<\\/p>\\r\\n<p>Aceptas que tus comentarios no violar\\u00e1n los derechos de terceras partes, incluyendo derechos de autor, marca, privacidad, personalidad u otro derechos personal o de propiedad. Asimismo, aceptas que tus comentarios no contienen material difamatorio o ilegal, abusivo u obsceno, o contienen virus inform\\u00e1ticos u otro malware que pudiera, de alguna manera, afectar el funcionamiento del Servicio o de cualquier sitio web relacionado.&nbsp; No puedes utilizar una direcci\\u00f3n de correo electr\\u00f3nico falsa, usar otra identidad que no sea leg\\u00edtima, o enga\\u00f1ar a terceras partes o a nosotros en cuanto al origen de tus comentarios.&nbsp; Tu eres el \\u00fanico responsable por los comentarios que haces y su precisi\\u00f3n.&nbsp; No nos hacemos responsables y no asumimos ninguna obligaci\\u00f3n con respecto a los comentarios publicados por ti o cualquier tercer parte.<\\/p>\\r\\n<p>\\r\\n<\\/p>\\r\\n<p>\\r\\n<\\/p>\\r\\n<p><strong>SECCI\\u00d3N 10 - INFORMACI\\u00d3N PERSONAL.<\\/strong><\\/p>\\r\\n<p>Tu presentaci\\u00f3n de informaci\\u00f3n personal a trav\\u00e9s del sitio se rige por nuestra Pol\\u00edtica de Privacidad. Para ver nuestra <a href=\\\"http:\\/\\/localhost:8888\\/turismo_maternidad\\/html\\/politicas-privacidad#entry:85:url\\\">Pol\\u00edtica de Privacidad.<\\/a><\\/p>\\r\\n<p>\\r\\n<\\/p>\\r\\n<p>\\r\\n<\\/p>\\r\\n<p><strong>SECCI\\u00d3N 11 - ERRORES, INEXACTITUDES Y OMISIONES.<\\/strong><\\/p>\\r\\n<p>De vez en cuando puede haber informaci\\u00f3n en nuestro sitio o en el Servicio que contiene errores tipogr\\u00e1ficos, inexactitudes u omisiones que puedan estar relacionadas con las descripciones de productos, precios, promociones, ofertas, gastos del producto o servicio, el tiempo de tr\\u00e1nsito y la disponibilidad. Nos reservamos el derecho de corregir los errores, inexactitudes u omisiones y de cambiar o actualizar la informaci\\u00f3n o cancelar pedidos si alguna informaci\\u00f3n en el Servicio o en cualquier sitio web relacionado es inexacta en cualquier momento sin previo aviso (incluso despu\\u00e9s de que hayas enviado tu orden) .<\\/p>\\r\\n<p>\\r\\n<\\/p>\\r\\n<p>No asumimos ninguna obligaci\\u00f3n de actualizar, corregir o aclarar la informaci\\u00f3n en el Servicio o en cualquier sitio web relacionado, incluyendo, sin limitaci\\u00f3n, la informaci\\u00f3n de precios, excepto cuando sea requerido por la ley. Ninguna especificaci\\u00f3n actualizada o fecha de actualizaci\\u00f3n aplicada en el Servicio o en cualquier sitio web relacionado, debe ser tomada para indicar que toda la informaci\\u00f3n en el Servicio o en cualquier sitio web relacionado ha sido modificado o actualizado.<\\/p>\\r\\n<p>\\r\\n<\\/p>\\r\\n<p>\\r\\n<\\/p>\\r\\n<p><strong>SECCI\\u00d3N 12 - USOS PROHIBIDOS.<\\/strong><\\/p>\\r\\n<p>En adici\\u00f3n a otras prohibiciones como se establece en los T\\u00e9rminos de Servicio, se prohibe el uso del sitio o su contenido: (a) para ning\\u00fan prop\\u00f3sito ilegal; (b) para pedirle a otros que realicen o participen en actos il\\u00edcitos; (c) para violar cualquier regulaci\\u00f3n, reglas, leyes internacionales, federales, provinciales o estatales, u ordenanzas locales; (d) para infringir o violar el derecho de propiedad intelectual nuestro o de terceras partes; (e) para acosar, abusar, insultar, da\\u00f1ar, difamar, calumniar, desprestigiar, intimidar o discriminar por razones de g\\u00e9nero, orientaci\\u00f3n sexual, religi\\u00f3n, etnia, raza, edad, nacionalidad o discapacidad; (f) para presentar informaci\\u00f3n falsa o enga\\u00f1osa; (g) para cargar o transmitir virus o cualquier otro tipo de c\\u00f3digo malicioso que sea o pueda ser utilizado en cualquier forma que pueda comprometer la funcionalidad o el funcionamiento del Servicio o de cualquier sitio web relacionado, otros sitios o Internet; (h) para recopilar o rastrear informaci\\u00f3n personal de otros; (i) para generar spam, phish, pharm, pretext, spider, crawl, or scrape; (j) para cualquier prop\\u00f3sito obsceno o inmoral; o (k) para interferir con o burlar los elementos de seguridad del Servicio o cualquier sitio web relacionado\\u00bf otros sitios o Internet. Nos reservamos el derecho de suspender el uso del Servicio o de cualquier sitio web relacionado por violar cualquiera de los \\u00edtems de los usos prohibidos.<\\/p>\\r\\n<p>\\r\\n<\\/p>\\r\\n<p>\\r\\n<\\/p>\\r\\n<p><strong>SECCI\\u00d3N 13 - EXCLUSI\\u00d3N DE GARANT\\u00cdAS; LIMITACI\\u00d3N DE RESPONSABILIDAD.<\\/strong><\\/p>\\r\\n<p>No garantizamos ni aseguramos que el uso de nuestro servicio ser\\u00e1 ininterrumpido, puntual, seguro o libre de errores.<\\/p>\\r\\n<p>\\r\\n<\\/p>\\r\\n<p>No garantizamos que los resultados que se puedan obtener del uso del servicio ser\\u00e1n exactos o confiables.<\\/p>\\r\\n<p>\\r\\n<\\/p>\\r\\n<p>Aceptas que de vez en cuando podemos quitar el servicio por per\\u00edodos de tiempo indefinidos o cancelar el servicio en cualquier momento sin previo aviso.<\\/p>\\r\\n<p>\\r\\n<\\/p>\\r\\n<p>Aceptas expresamente que el uso de, o la posibilidad de utilizar, el servicio es bajo tu propio riesgo.&nbsp; El servicio y todos los productos y servicios proporcionados a trav\\u00e9s del servicio son (salvo lo expresamente manifestado por nosotros) proporcionados \\\"tal cual\\\" y \\\"seg\\u00fan est\\u00e9 disponible\\\" para su uso, sin ning\\u00fan tipo de representaci\\u00f3n, garant\\u00edas o condiciones de ning\\u00fan tipo, ya sea expresa o impl\\u00edcita, incluidas todas las garant\\u00edas o condiciones impl\\u00edcitas de comercializaci\\u00f3n, calidad comercializable, la aptitud para un prop\\u00f3sito particular, durabilidad, t\\u00edtulo y no infracci\\u00f3n.<\\/p>\\r\\n<p>\\r\\n<\\/p>\\r\\n<p>En ning\\u00fan caso <strong>TURISMO M\\u00c9DICO DIGITAL, S.A.P.I. DE C.V.,<\\/strong> nuestros directores, funcionarios, empleados, afiliados, agentes, contratistas, internos, proveedores, prestadores de servicios o licenciantes ser\\u00e1n responsables por cualquier da\\u00f1o, p\\u00e9rdida, reclamo, o da\\u00f1os directos, indirectos, incidentales, punitivos, especiales o consecuentes de cualquier tipo, incluyendo, sin limitaci\\u00f3n, p\\u00e9rdida de beneficios, p\\u00e9rdida de ingresos, p\\u00e9rdida de ahorros, p\\u00e9rdida de datos, costos de reemplazo, o cualquier da\\u00f1o similar, ya sea basado en contrato, agravio (incluyendo negligencia), responsabilidad estricta o de otra manera, como consecuencia del uso de cualquiera de los servicios o productos adquiridos mediante el servicio, o por cualquier otro reclamo relacionado de alguna manera con el uso del servicio o cualquier producto, incluyendo pero no limitado, a cualquier error u omisi\\u00f3n en cualquier contenido, o cualquier p\\u00e9rdida o da\\u00f1o de cualquier tipo incurridos como resultados de la utilizaci\\u00f3n del servicio o cualquier contenido (o producto) publicado, transmitido, o que se pongan a disposici\\u00f3n a trav\\u00e9s del servicio, incluso si se avisa de su posibilidad.&nbsp; Debido a que algunos estados o jurisdicciones no permiten la exclusi\\u00f3n o la limitaci\\u00f3n de responsabilidad por da\\u00f1os consecuenciales o incidentales, en tales estados o jurisdicciones, nuestra responsabilidad se limitar\\u00e1 en la medida m\\u00e1xima permitida por la ley.<\\/p>\\r\\n<p>\\r\\n<\\/p>\\r\\n<p>\\r\\n<\\/p>\\r\\n<p><strong>SECCI\\u00d3N 14 - INDEMNIZACI\\u00d3N.<\\/strong><\\/p>\\r\\n<p>Aceptas indemnizar, defender y mantener indemne TURISMO M\\u00c9DICO DIGITAL, S.A.P.I. DE C.V. y nuestras matrices, subsidiarias, afiliados, socios, funcionarios, directores, agentes, contratistas, concesionarios, proveedores de servicios, subcontratistas, proveedores, internos y empleados, de cualquier reclamo o demanda, incluyendo honorarios razonables de abogados, hechos por cualquier tercero a causa o como resultado de tu incumplimiento de las Condiciones de Servicio o de los documentos que incorporan como referencia, o la violaci\\u00f3n de cualquier ley o de los derechos de u tercero.<\\/p>\\r\\n<p>\\r\\n<\\/p>\\r\\n<p><strong>SECCI\\u00d3N 15 - DIVISIBILIDAD.<\\/strong><\\/p>\\r\\n<p>En el caso de que se determine que cualquier disposici\\u00f3n de estas Condiciones de Servicio sea ilegal, nula o inejecutable, dicha disposici\\u00f3n ser\\u00e1, no obstante, efectiva a obtener la m\\u00e1xima medida permitida por la ley aplicable, y la parte no exigible se considerar\\u00e1 separada de estos T\\u00e9rminos de Servicio, dicha determinaci\\u00f3n no afectar\\u00e1 la validez de aplicabilidad de las dem\\u00e1s disposiciones restantes.<\\/p>\\r\\n<p>\\r\\n<\\/p>\\r\\n<p>\\r\\n<\\/p>\\r\\n<p><strong>SECCI\\u00d3N 16 - RESCISI\\u00d3N.<\\/strong><\\/p>\\r\\n<p>Las obligaciones y responsabilidades de las partes que hayan incurrido con anterioridad a la fecha de terminaci\\u00f3n sobrevivir\\u00e1n a la terminaci\\u00f3n de este acuerdo a todos los efectos.<\\/p>\\r\\n<p>\\r\\n<\\/p>\\r\\n<p>Estas Condiciones de servicio son efectivos a menos que y hasta que sea terminado por ti o nosotros. Puedes terminar estos T\\u00e9rminos de Servicio en cualquier momento por avisarnos que ya no deseas utilizar nuestros servicios, o cuando dejes de usar nuestro sitio.<\\/p>\\r\\n<p>\\r\\n<\\/p>\\r\\n<p>Si a nuestro juicio, fallas, o se sospecha que haz fallado, en el cumplimiento de cualquier t\\u00e9rmino o disposici\\u00f3n de estas Condiciones de Servicio, tambi\\u00e9n podemos terminar este acuerdo en cualquier momento sin previo aviso, y seguir\\u00e1s siendo responsable de todos los montos adeudados hasta incluida la fecha de terminaci\\u00f3n; y\\/o en consecuencia podemos negarte el acceso a nuestros servicios (o cualquier parte del mismo).<\\/p>\\r\\n<p>\\r\\n<\\/p>\\r\\n<p><strong>SECCI\\u00d3N 17 - ACUERDO COMPLETO.<\\/strong><\\/p>\\r\\n<p>Nuestra falla para ejercer o hacer valer cualquier derecho o disposici\\u00f3n de estas Condiciones de Servicio no constituir\\u00e1 una renuncia a tal derecho o disposici\\u00f3n.<\\/p>\\r\\n<p>\\r\\n<\\/p>\\r\\n<p>Estas Condiciones del servicio y las pol\\u00edticas o reglas de operaci\\u00f3n publicadas por nosotros en este sitio o con respecto al servicio constituyen el acuerdo completo y el entendimiento entre tu y nosotros y rigen el uso del Servicio y reemplaza cualquier acuerdo, comunicaciones y propuestas anteriores o contempor\\u00e1neas, ya sea oral o escrita, entre tu y nosotros (incluyendo, pero no limitado a, cualquier versi\\u00f3n previa de los T\\u00e9rminos de Servicio).<\\/p>\\r\\n<p>\\r\\n<\\/p>\\r\\n<p>Cualquier ambig\\u00fcedad en la interpretaci\\u00f3n de estas Condiciones del servicio no se interpretar\\u00e1n en contra del grupo de redacci\\u00f3n.<\\/p>\\r\\n<p>\\r\\n<\\/p>\\r\\n<p>\\r\\n<\\/p>\\r\\n<p><strong>SECCI\\u00d3N 18 - LEY.<\\/strong><\\/p>\\r\\n<p>Estas Condiciones del servicio y cualquier acuerdos aparte en el que te proporcionemos servicios se regir\\u00e1n e interpretar\\u00e1n en conformidad con las leyes de los Estados Unidos Mexicanos.<\\/p>\\r\\n<p>\\r\\n<\\/p>\\r\\n<p>\\r\\n<\\/p>\\r\\n<p><strong>SECCI\\u00d3N 19 - CAMBIOS EN LOS T\\u00c9RMINOS DE SERVICIO.<\\/strong><\\/p>\\r\\n<p>Puedes revisar la versi\\u00f3n m\\u00e1s actualizada de los T\\u00e9rminos de Servicio en cualquier momento en esta p\\u00e1gina.<\\/p>\\r\\n<p>\\r\\n<\\/p>\\r\\n<p>Nos reservamos el derecho, a nuestra sola discreci\\u00f3n, de actualizar, modificar o reemplazar cualquier parte de estas Condiciones del servicio mediante la publicaci\\u00f3n de las actualizaciones y los cambios en nuestro sitio web. Es tu responsabilidad revisar nuestro sitio web peri\\u00f3dicamente para verificar los cambios. El uso cont\\u00ednuo de o el acceso a nuestro sitio Web o el Servicio despu\\u00e9s de la publicaci\\u00f3n de cualquier cambio en estas Condiciones de servicio implica la aceptaci\\u00f3n de dichos cambios.<\\/p>\\r\\n<p>\\r\\n<\\/p>\\r\\n<p>\\r\\n<\\/p>\\r\\n<p><strong>SECCI\\u00d3N 20 - INFORMACI\\u00d3N DE CONTACTO.<\\/strong><\\/p>\\r\\n<p><strong>\\r\\n<\\/strong><\\/p>\\r\\n<p>Para cualquier duda o aclaraci\\u00f3n puedes comunicarte v\\u00eda correo electr\\u00f3nico a la siguiente direcci\\u00f3n info@turismomaternidad.com<\\/p>\",\"3\":{\"seoMainEntityCategory\":\"CreativeWork\",\"seoMainEntityOfPage\":\"WebPage\",\"seoTitleSource\":\"field\",\"seoTitleSourceField\":\"title\",\"seoTitleUnparsed\":\"T\\u00e9rminos y Condiciones\",\"seoDescriptionSource\":\"field\",\"seoDescriptionSourceField\":\"body\",\"seoDescriptionUnparsed\":\"\",\"seoKeywordsSource\":\"custom\",\"seoKeywordsSourceField\":\"tags\",\"seoKeywordsUnparsed\":\"nacionalidad, americana, bebe, estados unidos, nacimiento, proceso, parto, dar a luz, precios, paso a paso, proceso, migratorio, doctores, hospedaje, preguntas\",\"seoImageIdSource\":\"field\",\"seoImageIdSourceField\":\"featuredImage\",\"seoImageId\":\"\",\"seoImageTransform\":\"\",\"canonicalUrlOverride\":\"\",\"twitterCardType\":\"summary_large_image\",\"seoTwitterImageIdSource\":\"field\",\"seoTwitterImageIdSourceField\":\"featuredImage\",\"seoTwitterImageId\":\"\",\"seoTwitterImageTransform\":\"\",\"openGraphType\":\"website\",\"seoFacebookImageIdSource\":\"field\",\"seoFacebookImageIdSourceField\":\"featuredImage\",\"seoFacebookImageId\":\"\",\"seoFacebookImageTransform\":\"\",\"robots\":\"all\"},\"2\":\"\"}}','2018-12-28 15:58:36','2018-12-28 15:58:36','50f80172-34fb-4002-9fe4-af7f25cf6e6b'),
	(37,126,12,1,'es',5,'','{\"typeId\":null,\"authorId\":null,\"title\":\"T\\u00e9rminos y Condiciones\",\"slug\":\"t\\u00e9rminos-y-condiciones\",\"postDate\":1546011164,\"expiryDate\":null,\"enabled\":1,\"parentId\":null,\"fields\":{\"1\":\"\",\"4\":\"\",\"8\":\"<p><strong>SECCI\\u00d3N 1 - T\\u00c9RMINOS DE LA TIENDA EN L\\u00cdNEA.<\\/strong><\\/p>\\r\\n<p>Al utilizar este sitio, declaras que tienes al menos la mayor\\u00eda de edad en tu estado, provincia de residencia o en tu pa\\u00eds, y que nos has dado tu consentimiento para permitir que cualquiera de tus dependientes menores use este sitio.<\\/p>\\r\\n<p>\\r\\n<\\/p>\\r\\n<p>No puedes usar nuestros productos con ning\\u00fan prop\\u00f3sito ilegal o no autorizado tampoco puedes, en el uso del Servicio, violar cualquier ley en tu jurisdicci\\u00f3n (incluyendo pero no limitado a las leyes de derecho de autor).<\\/p>\\r\\n<p>\\r\\n<\\/p>\\r\\n<p>El incumplimiento o violaci\\u00f3n de cualquiera de estos T\\u00e9rminos dar\\u00e1n lugar al cese inmediato de tus Servicios.<\\/p>\\r\\n<p>\\r\\n<\\/p>\\r\\n<p>\\r\\n<\\/p>\\r\\n<p><strong>SECCI\\u00d3N 2 - CONDICIONES GENERALES.<\\/strong><\\/p>\\r\\n<p>Nos reservamos el derecho de rechazar la prestaci\\u00f3n de servicio a cualquier persona, por cualquier motivo y en cualquier momento.<\\/p>\\r\\n<p>\\r\\n<\\/p>\\r\\n<p>Entiendes que tu contenido (sin incluir la informaci\\u00f3n de tu tarjeta de cr\\u00e9dito), puede ser transferida sin encriptar e involucrar (a) transmisiones a trav\\u00e9s de varias redes; y (b) cambios para ajustarse o adaptarse a los requisitos t\\u00e9cnicos de conexi\\u00f3n de redes o dispositivos. La informaci\\u00f3n de tarjetas de cr\\u00e9dito est\\u00e1 siempre encriptada durante la transferencia a trav\\u00e9s de las redes.<\\/p>\\r\\n<p>\\r\\n<\\/p>\\r\\n<p>Est\\u00e1s de acuerdo con no reproducir, duplicar, copiar, vender, revender o explotar cualquier parte del Servicio, uso del Servicio, o acceso al Servicio o cualquier contacto en el sitio web a trav\\u00e9s del cual se presta el servicio, sin el expreso permiso por escrito de nuestra parte.<\\/p>\\r\\n<p>\\r\\n<\\/p>\\r\\n<p>Los t\\u00edtulos utilizados en este acuerdo se incluyen solo por conveniencia y no limita o afecta a estos T\\u00e9rminos.<\\/p>\\r\\n<p>\\r\\n<\\/p>\\r\\n<p>\\r\\n<\\/p>\\r\\n<p><strong>SECCI\\u00d3N 3 - EXACTITUD, EXHAUSTIVIDAD Y ACTUALIDAD DE LA INFORMACI\\u00d3N.<\\/strong><\\/p>\\r\\n<p>No nos hacemos responsables si la informaci\\u00f3n disponible en este sitio no es exacta, completa o actual.&nbsp; El material en este sitio es provisto s\\u00f3lo para informaci\\u00f3n general y no debe confiarse en ella o utilizarse como la \\u00fanica base para la toma de decisiones sin consultar primeramente, informaci\\u00f3n m\\u00e1s precisa, completa u oportuna. Cualquier dependencia en el materia de este sitio es bajo su propio riesgo.<\\/p>\\r\\n<p>\\r\\n<\\/p>\\r\\n<p>Este sitio puede contener cierta informaci\\u00f3n hist\\u00f3rica.&nbsp; La informaci\\u00f3n hist\\u00f3rica, no es necesariamente actual y es provista \\u00fanicamente para tu referencia.&nbsp; Nos reservamos el derecho de modificar los contenidos de este sitio en cualquier momento, pero no tenemos obligaci\\u00f3n de actualizar cualquier informaci\\u00f3n en nuestro sitio.&nbsp; Aceptas que es tu responsabilidad de monitorear los cambios en nuestro sitio.<\\/p>\\r\\n<p>\\r\\n<\\/p>\\r\\n<p><strong>SECCI\\u00d3N 4 - MODIFICACIONES AL SERVICIO Y PRECIOS.<\\/strong><\\/p>\\r\\n<p>Los precios de nuestros productos est\\u00e1n sujetos a cambio sin aviso.<\\/p>\\r\\n<p>\\r\\n<\\/p>\\r\\n<p>Nos reservamos el derecho de modificar o discontinuar el Servicio (o cualquier parte del contenido) en cualquier momento sin aviso previo.<\\/p>\\r\\n<p>No seremos responsables ante ti o alguna tercera parte por cualquier modificaci\\u00f3n, cambio de precio, suspensi\\u00f3n o discontinuidad del Servicio.<\\/p>\\r\\n<p>\\r\\n<\\/p>\\r\\n<p>\\r\\n<\\/p>\\r\\n<p><strong>SECCI\\u00d3N 5 - PRODUCTOS O SERVICIOS (si aplicable).<\\/strong><\\/p>\\r\\n<p>Ciertos productos o servicios pueden estar disponibles exclusivamente en l\\u00ednea a trav\\u00e9s del sitio web. Estos productos o servicios pueden tener cantidades limitadas y estar sujetas a devoluci\\u00f3n o cambio de acuerdo a nuestra pol\\u00edtica de devoluci\\u00f3n solamente.<\\/p>\\r\\n<p>\\r\\n<\\/p>\\r\\n<p>Hemos hecho el esfuerzo de mostrar los colores y las im\\u00e1genes de nuestros productos, en la tienda, con la mayor precisi\\u00f3n de colores posible.&nbsp; No podemos garantizar que el monitor de tu computadora muestre los colores de manera exacta.<\\/p>\\r\\n<p>\\r\\n<\\/p>\\r\\n<p>Nos reservamos el derecho, pero no estamos obligados, para limitar las ventas de nuestros productos o servicios a cualquier persona, regi\\u00f3n geogr\\u00e1fica o jurisdicci\\u00f3n.&nbsp; Podemos ejercer este derecho basados en cada caso.&nbsp; Nos reservamos el derecho de limitar las cantidades de los productos o servicios que ofrecemos.&nbsp; Todas las descripciones de productos o precios de los productos est\\u00e1n sujetos a cambios en cualquier momento sin previo aviso, a nuestra sola discreci\\u00f3n.&nbsp; Nos reservamos el derecho de discontinuar cualquier producto en cualquier momento.&nbsp; Cualquier oferta de producto o servicio hecho en este sitio es nulo donde est\\u00e9 prohibido.<\\/p>\\r\\n<p>\\r\\n<\\/p>\\r\\n<p>\\r\\n<\\/p>\\r\\n<p>\\r\\n<\\/p>\\r\\n<p><strong>SECCI\\u00d3N 6 - EXACTITUD DE FACTURACI\\u00d3N E INFORMACI\\u00d3N DE CUENTA.<\\/strong><\\/p>\\r\\n<p>Nos reservamos el derecho de rechazar cualquier pedido que realice con nosotros. Podemos, a nuestra discreci\\u00f3n, limitar o cancelar las cantidades compradas por persona, por hogar o por pedido. Estas restricciones pueden incluir pedidos realizados por o bajo la misma cuenta de cliente, la misma tarjeta de cr\\u00e9dito, y\\/o pedidos que utilizan la misma facturaci\\u00f3n y\\/o direcci\\u00f3n de env\\u00edo.<\\/p>\\r\\n<p>\\r\\n<\\/p>\\r\\n<p>En el caso de que hagamos un cambio o cancelemos una orden, podemos intentar notificarte poni\\u00e9ndonos en contacto v\\u00eda correo electr\\u00f3nico y\\/o direcci\\u00f3n de facturaci\\u00f3n \\/ n\\u00famero de tel\\u00e9fono proporcionado en el momento que se hizo pedido. Nos reservamos el derecho de limitar o prohibir las \\u00f3rdenes que, a nuestro juicio, parecen ser colocado por los concesionarios, revendedores o distribuidores.<\\/p>\\r\\n<p>\\r\\n<\\/p>\\r\\n<p>Te comprometes a proporcionar informaci\\u00f3n actual, completa y precisa de la compra y cuenta utilizada para todas las compras realizadas en nuestra tienda.&nbsp; Te comprometes a actualizar r\\u00e1pidamente tu cuenta y otra informaci\\u00f3n, incluyendo tu direcci\\u00f3n de correo electr\\u00f3nico y n\\u00fameros de tarjetas de cr\\u00e9dito y fechas de vencimiento, para que podamos completar tus transacciones y contactarte cuando sea necesario.<\\/p>\\r\\n<p>\\r\\n<\\/p>\\r\\n<p>Para m\\u00e1s detalles, por favor revisa nuestra Pol\\u00edtica de Devoluciones.<\\/p>\\r\\n<p>\\r\\n<\\/p>\\r\\n<p><strong>SECCI\\u00d3N 7 - HERRAMIENTAS OPCIONALES.<\\/strong><\\/p>\\r\\n<p>Es posible que te proporcionemos acceso a herramientas de terceros a los cuales no monitoreamos y sobre los que no tenemos control ni entrada.<\\/p>\\r\\n<p>\\r\\n<\\/p>\\r\\n<p>Reconoces y aceptas que proporcionamos acceso a este tipo de herramientas \\\"tal cual\\\" y \\\"seg\\u00fan disponibilidad\\\" sin garant\\u00edas, representaciones o condiciones de ning\\u00fan tipo y sin ning\\u00fan respaldo.&nbsp; No tendremos responsabilidad alguna derivada de o relacionada con tu uso de herramientas proporcionadas por terceras partes.<\\/p>\\r\\n<p>\\r\\n<\\/p>\\r\\n<p>Cualquier uso que hagas de las herramientas opcionales que se ofrecen a trav\\u00e9s del sitio bajo tu propio riesgo y discreci\\u00f3n y debes asegurarte de estar familiarizado y aprobar los t\\u00e9rminos bajo los cuales estas herramientas son proporcionadas por el o los proveedores de terceros.<\\/p>\\r\\n<p>\\r\\n<\\/p>\\r\\n<p>Tambi\\u00e9n es posible que, en el futuro, te ofrezcamos nuevos servicios y\\/o caracter\\u00edsticas a trav\\u00e9s del sitio web (incluyendo el lanzamiento de nuevas herramientas y recursos).&nbsp; Estas nuevas caracter\\u00edsticas y\\/o servicios tambi\\u00e9n estar\\u00e1n sujetos a estos T\\u00e9rminos de Servicio.<\\/p>\\r\\n<p>\\r\\n<\\/p>\\r\\n<p><strong>SECCI\\u00d3N 8 - ENLACES DE TERCERAS PARTES.<\\/strong><\\/p>\\r\\n<p>Cierto contenido, productos y servicios disponibles v\\u00eda nuestro Servicio puede incluir material de terceras partes.<\\/p>\\r\\n<p>\\r\\n<\\/p>\\r\\n<p>Enlaces de terceras partes en este sitio pueden direccionarte a sitios web de terceras partes que no est\\u00e1n afiliadas con nosotros. No nos responsabilizamos de examinar o evaluar el contenido o exactitud y no garantizamos ni tendremos ninguna obligaci\\u00f3n o responsabilidad por cualquier material de terceros o sitios web, o de cualquier material, productos o servicios de terceros.<\\/p>\\r\\n<p>\\r\\n<\\/p>\\r\\n<p>No nos hacemos responsables de cualquier da\\u00f1o o da\\u00f1os relacionados con la adquisici\\u00f3n o utilizaci\\u00f3n de bienes, servicios, recursos, contenidos, o cualquier otra transacci\\u00f3n realizadas en conexi\\u00f3n con sitios web de terceros. Por favor revisa cuidadosamente las pol\\u00edticas y pr\\u00e1cticas de terceros y aseg\\u00farate de entenderlas antes de participar en cualquier transacci\\u00f3n. Quejas, reclamos, inquietudes o preguntas con respecto a productos de terceros deben ser dirigidas a la tercera parte.<\\/p>\\r\\n<p>\\r\\n<\\/p>\\r\\n<p><strong>SECCI\\u00d3N 9 - COMENTARIOS DE USUARIO, CAPTACI\\u00d3N Y OTROS ENV\\u00cdOS.<\\/strong><\\/p>\\r\\n<p>Si, a pedido nuestro, se env\\u00eda ciertas presentaciones espec\\u00edficas (por ejemplo la participaci\\u00f3n en concursos) o sin un pedido de nuestra parte env\\u00edas, sugerencias, proposiciones, planes, u otros materiales, ya sea en l\\u00ednea, por email, por correo postal, o de otra manera (colectivamente, \'comentarios\'), aceptas que podamos, en cualquier momento, sin restricci\\u00f3n, editar, copiar, publicar, distribuir, traducir o utilizar por cualquier medio comentarios que nos hayas enviado. No tenemos ni tendremos ninguna obligaci\\u00f3n (1) de mantener ning\\u00fan comentario confidencialmente; (2) de pagar compensaci\\u00f3n por comentarios; o (3) de responder a comentarios.<\\/p>\\r\\n<p>\\r\\n<\\/p>\\r\\n<p>Nosotros podemos, pero no tenemos obligaci\\u00f3n de, monitorear, editar o remover contenido que consideremos sea ileg\\u00edtimo, ofensivo, amenazante, calumnioso, difamatorio, pornogr\\u00e1fico, obsceno u objetable o viole la propiedad intelectual de cualquiera de las partes o los T\\u00e9rminos de Servicio.<\\/p>\\r\\n<p>\\r\\n<\\/p>\\r\\n<p>Aceptas que tus comentarios no violar\\u00e1n los derechos de terceras partes, incluyendo derechos de autor, marca, privacidad, personalidad u otro derechos personal o de propiedad. Asimismo, aceptas que tus comentarios no contienen material difamatorio o ilegal, abusivo u obsceno, o contienen virus inform\\u00e1ticos u otro malware que pudiera, de alguna manera, afectar el funcionamiento del Servicio o de cualquier sitio web relacionado.&nbsp; No puedes utilizar una direcci\\u00f3n de correo electr\\u00f3nico falsa, usar otra identidad que no sea leg\\u00edtima, o enga\\u00f1ar a terceras partes o a nosotros en cuanto al origen de tus comentarios.&nbsp; Tu eres el \\u00fanico responsable por los comentarios que haces y su precisi\\u00f3n.&nbsp; No nos hacemos responsables y no asumimos ninguna obligaci\\u00f3n con respecto a los comentarios publicados por ti o cualquier tercer parte.<\\/p>\\r\\n<p>\\r\\n<\\/p>\\r\\n<p>\\r\\n<\\/p>\\r\\n<p><strong>SECCI\\u00d3N 10 - INFORMACI\\u00d3N PERSONAL.<\\/strong><\\/p>\\r\\n<p>Tu presentaci\\u00f3n de informaci\\u00f3n personal a trav\\u00e9s del sitio se rige por nuestra Pol\\u00edtica de Privacidad. Para ver nuestra <a href=\\\"http:\\/\\/localhost:8888\\/turismo_maternidad\\/html\\/politicas-privacidad#entry:85:url\\\">Pol\\u00edtica de Privacidad.<\\/a><\\/p>\\r\\n<p>\\r\\n<\\/p>\\r\\n<p>\\r\\n<\\/p>\\r\\n<p><strong>SECCI\\u00d3N 11 - ERRORES, INEXACTITUDES Y OMISIONES.<\\/strong><\\/p>\\r\\n<p>De vez en cuando puede haber informaci\\u00f3n en nuestro sitio o en el Servicio que contiene errores tipogr\\u00e1ficos, inexactitudes u omisiones que puedan estar relacionadas con las descripciones de productos, precios, promociones, ofertas, gastos del producto o servicio, el tiempo de tr\\u00e1nsito y la disponibilidad. Nos reservamos el derecho de corregir los errores, inexactitudes u omisiones y de cambiar o actualizar la informaci\\u00f3n o cancelar pedidos si alguna informaci\\u00f3n en el Servicio o en cualquier sitio web relacionado es inexacta en cualquier momento sin previo aviso (incluso despu\\u00e9s de que hayas enviado tu orden) .<\\/p>\\r\\n<p>\\r\\n<\\/p>\\r\\n<p>No asumimos ninguna obligaci\\u00f3n de actualizar, corregir o aclarar la informaci\\u00f3n en el Servicio o en cualquier sitio web relacionado, incluyendo, sin limitaci\\u00f3n, la informaci\\u00f3n de precios, excepto cuando sea requerido por la ley. Ninguna especificaci\\u00f3n actualizada o fecha de actualizaci\\u00f3n aplicada en el Servicio o en cualquier sitio web relacionado, debe ser tomada para indicar que toda la informaci\\u00f3n en el Servicio o en cualquier sitio web relacionado ha sido modificado o actualizado.<\\/p>\\r\\n<p>\\r\\n<\\/p>\\r\\n<p>\\r\\n<\\/p>\\r\\n<p><strong>SECCI\\u00d3N 12 - USOS PROHIBIDOS.<\\/strong><\\/p>\\r\\n<p>En adici\\u00f3n a otras prohibiciones como se establece en los T\\u00e9rminos de Servicio, se prohibe el uso del sitio o su contenido: (a) para ning\\u00fan prop\\u00f3sito ilegal; (b) para pedirle a otros que realicen o participen en actos il\\u00edcitos; (c) para violar cualquier regulaci\\u00f3n, reglas, leyes internacionales, federales, provinciales o estatales, u ordenanzas locales; (d) para infringir o violar el derecho de propiedad intelectual nuestro o de terceras partes; (e) para acosar, abusar, insultar, da\\u00f1ar, difamar, calumniar, desprestigiar, intimidar o discriminar por razones de g\\u00e9nero, orientaci\\u00f3n sexual, religi\\u00f3n, etnia, raza, edad, nacionalidad o discapacidad; (f) para presentar informaci\\u00f3n falsa o enga\\u00f1osa; (g) para cargar o transmitir virus o cualquier otro tipo de c\\u00f3digo malicioso que sea o pueda ser utilizado en cualquier forma que pueda comprometer la funcionalidad o el funcionamiento del Servicio o de cualquier sitio web relacionado, otros sitios o Internet; (h) para recopilar o rastrear informaci\\u00f3n personal de otros; (i) para generar spam, phish, pharm, pretext, spider, crawl, or scrape; (j) para cualquier prop\\u00f3sito obsceno o inmoral; o (k) para interferir con o burlar los elementos de seguridad del Servicio o cualquier sitio web relacionado\\u00bf otros sitios o Internet. Nos reservamos el derecho de suspender el uso del Servicio o de cualquier sitio web relacionado por violar cualquiera de los \\u00edtems de los usos prohibidos.<\\/p>\\r\\n<p>\\r\\n<\\/p>\\r\\n<p>\\r\\n<\\/p>\\r\\n<p><strong>SECCI\\u00d3N 13 - EXCLUSI\\u00d3N DE GARANT\\u00cdAS; LIMITACI\\u00d3N DE RESPONSABILIDAD.<\\/strong><\\/p>\\r\\n<p>No garantizamos ni aseguramos que el uso de nuestro servicio ser\\u00e1 ininterrumpido, puntual, seguro o libre de errores.<\\/p>\\r\\n<p>\\r\\n<\\/p>\\r\\n<p>No garantizamos que los resultados que se puedan obtener del uso del servicio ser\\u00e1n exactos o confiables.<\\/p>\\r\\n<p>\\r\\n<\\/p>\\r\\n<p>Aceptas que de vez en cuando podemos quitar el servicio por per\\u00edodos de tiempo indefinidos o cancelar el servicio en cualquier momento sin previo aviso.<\\/p>\\r\\n<p>\\r\\n<\\/p>\\r\\n<p>Aceptas expresamente que el uso de, o la posibilidad de utilizar, el servicio es bajo tu propio riesgo.&nbsp; El servicio y todos los productos y servicios proporcionados a trav\\u00e9s del servicio son (salvo lo expresamente manifestado por nosotros) proporcionados \\\"tal cual\\\" y \\\"seg\\u00fan est\\u00e9 disponible\\\" para su uso, sin ning\\u00fan tipo de representaci\\u00f3n, garant\\u00edas o condiciones de ning\\u00fan tipo, ya sea expresa o impl\\u00edcita, incluidas todas las garant\\u00edas o condiciones impl\\u00edcitas de comercializaci\\u00f3n, calidad comercializable, la aptitud para un prop\\u00f3sito particular, durabilidad, t\\u00edtulo y no infracci\\u00f3n.<\\/p>\\r\\n<p>\\r\\n<\\/p>\\r\\n<p>En ning\\u00fan caso <strong>TURISMO M\\u00c9DICO DIGITAL, S.A.P.I. DE C.V.,<\\/strong> nuestros directores, funcionarios, empleados, afiliados, agentes, contratistas, internos, proveedores, prestadores de servicios o licenciantes ser\\u00e1n responsables por cualquier da\\u00f1o, p\\u00e9rdida, reclamo, o da\\u00f1os directos, indirectos, incidentales, punitivos, especiales o consecuentes de cualquier tipo, incluyendo, sin limitaci\\u00f3n, p\\u00e9rdida de beneficios, p\\u00e9rdida de ingresos, p\\u00e9rdida de ahorros, p\\u00e9rdida de datos, costos de reemplazo, o cualquier da\\u00f1o similar, ya sea basado en contrato, agravio (incluyendo negligencia), responsabilidad estricta o de otra manera, como consecuencia del uso de cualquiera de los servicios o productos adquiridos mediante el servicio, o por cualquier otro reclamo relacionado de alguna manera con el uso del servicio o cualquier producto, incluyendo pero no limitado, a cualquier error u omisi\\u00f3n en cualquier contenido, o cualquier p\\u00e9rdida o da\\u00f1o de cualquier tipo incurridos como resultados de la utilizaci\\u00f3n del servicio o cualquier contenido (o producto) publicado, transmitido, o que se pongan a disposici\\u00f3n a trav\\u00e9s del servicio, incluso si se avisa de su posibilidad.&nbsp; Debido a que algunos estados o jurisdicciones no permiten la exclusi\\u00f3n o la limitaci\\u00f3n de responsabilidad por da\\u00f1os consecuenciales o incidentales, en tales estados o jurisdicciones, nuestra responsabilidad se limitar\\u00e1 en la medida m\\u00e1xima permitida por la ley.<\\/p>\\r\\n<p>\\r\\n<\\/p>\\r\\n<p>\\r\\n<\\/p>\\r\\n<p><strong>SECCI\\u00d3N 14 - INDEMNIZACI\\u00d3N.<\\/strong><\\/p>\\r\\n<p>Aceptas indemnizar, defender y mantener indemne TURISMO M\\u00c9DICO DIGITAL, S.A.P.I. DE C.V. y nuestras matrices, subsidiarias, afiliados, socios, funcionarios, directores, agentes, contratistas, concesionarios, proveedores de servicios, subcontratistas, proveedores, internos y empleados, de cualquier reclamo o demanda, incluyendo honorarios razonables de abogados, hechos por cualquier tercero a causa o como resultado de tu incumplimiento de las Condiciones de Servicio o de los documentos que incorporan como referencia, o la violaci\\u00f3n de cualquier ley o de los derechos de u tercero.<\\/p>\\r\\n<p>\\r\\n<\\/p>\\r\\n<p><strong>SECCI\\u00d3N 15 - DIVISIBILIDAD.<\\/strong><\\/p>\\r\\n<p>En el caso de que se determine que cualquier disposici\\u00f3n de estas Condiciones de Servicio sea ilegal, nula o inejecutable, dicha disposici\\u00f3n ser\\u00e1, no obstante, efectiva a obtener la m\\u00e1xima medida permitida por la ley aplicable, y la parte no exigible se considerar\\u00e1 separada de estos T\\u00e9rminos de Servicio, dicha determinaci\\u00f3n no afectar\\u00e1 la validez de aplicabilidad de las dem\\u00e1s disposiciones restantes.<\\/p>\\r\\n<p>\\r\\n<\\/p>\\r\\n<p>\\r\\n<\\/p>\\r\\n<p><strong>SECCI\\u00d3N 16 - RESCISI\\u00d3N.<\\/strong><\\/p>\\r\\n<p>Las obligaciones y responsabilidades de las partes que hayan incurrido con anterioridad a la fecha de terminaci\\u00f3n sobrevivir\\u00e1n a la terminaci\\u00f3n de este acuerdo a todos los efectos.<\\/p>\\r\\n<p>\\r\\n<\\/p>\\r\\n<p>Estas Condiciones de servicio son efectivos a menos que y hasta que sea terminado por ti o nosotros. Puedes terminar estos T\\u00e9rminos de Servicio en cualquier momento por avisarnos que ya no deseas utilizar nuestros servicios, o cuando dejes de usar nuestro sitio.<\\/p>\\r\\n<p>\\r\\n<\\/p>\\r\\n<p>Si a nuestro juicio, fallas, o se sospecha que haz fallado, en el cumplimiento de cualquier t\\u00e9rmino o disposici\\u00f3n de estas Condiciones de Servicio, tambi\\u00e9n podemos terminar este acuerdo en cualquier momento sin previo aviso, y seguir\\u00e1s siendo responsable de todos los montos adeudados hasta incluida la fecha de terminaci\\u00f3n; y\\/o en consecuencia podemos negarte el acceso a nuestros servicios (o cualquier parte del mismo).<\\/p>\\r\\n<p>\\r\\n<\\/p>\\r\\n<p><strong>SECCI\\u00d3N 17 - ACUERDO COMPLETO.<\\/strong><\\/p>\\r\\n<p>Nuestra falla para ejercer o hacer valer cualquier derecho o disposici\\u00f3n de estas Condiciones de Servicio no constituir\\u00e1 una renuncia a tal derecho o disposici\\u00f3n.<\\/p>\\r\\n<p>\\r\\n<\\/p>\\r\\n<p>Estas Condiciones del servicio y las pol\\u00edticas o reglas de operaci\\u00f3n publicadas por nosotros en este sitio o con respecto al servicio constituyen el acuerdo completo y el entendimiento entre tu y nosotros y rigen el uso del Servicio y reemplaza cualquier acuerdo, comunicaciones y propuestas anteriores o contempor\\u00e1neas, ya sea oral o escrita, entre tu y nosotros (incluyendo, pero no limitado a, cualquier versi\\u00f3n previa de los T\\u00e9rminos de Servicio).<\\/p>\\r\\n<p>\\r\\n<\\/p>\\r\\n<p>Cualquier ambig\\u00fcedad en la interpretaci\\u00f3n de estas Condiciones del servicio no se interpretar\\u00e1n en contra del grupo de redacci\\u00f3n.<\\/p>\\r\\n<p>\\r\\n<\\/p>\\r\\n<p>\\r\\n<\\/p>\\r\\n<p><strong>SECCI\\u00d3N 18 - LEY.<\\/strong><\\/p>\\r\\n<p>Estas Condiciones del servicio y cualquier acuerdos aparte en el que te proporcionemos servicios se regir\\u00e1n e interpretar\\u00e1n en conformidad con las leyes de los Estados Unidos Mexicanos.<\\/p>\\r\\n<p>\\r\\n<\\/p>\\r\\n<p>\\r\\n<\\/p>\\r\\n<p><strong>SECCI\\u00d3N 19 - CAMBIOS EN LOS T\\u00c9RMINOS DE SERVICIO.<\\/strong><\\/p>\\r\\n<p>Puedes revisar la versi\\u00f3n m\\u00e1s actualizada de los T\\u00e9rminos de Servicio en cualquier momento en esta p\\u00e1gina.<\\/p>\\r\\n<p>\\r\\n<\\/p>\\r\\n<p>Nos reservamos el derecho, a nuestra sola discreci\\u00f3n, de actualizar, modificar o reemplazar cualquier parte de estas Condiciones del servicio mediante la publicaci\\u00f3n de las actualizaciones y los cambios en nuestro sitio web. Es tu responsabilidad revisar nuestro sitio web peri\\u00f3dicamente para verificar los cambios. El uso cont\\u00ednuo de o el acceso a nuestro sitio Web o el Servicio despu\\u00e9s de la publicaci\\u00f3n de cualquier cambio en estas Condiciones de servicio implica la aceptaci\\u00f3n de dichos cambios.<\\/p>\\r\\n<p>\\r\\n<\\/p>\\r\\n<p>\\r\\n<\\/p>\\r\\n<p><strong>SECCI\\u00d3N 20 - INFORMACI\\u00d3N DE CONTACTO.<\\/strong><\\/p>\\r\\n<p><strong>\\r\\n<\\/strong><\\/p>\\r\\n<p>Para cualquier duda o aclaraci\\u00f3n puedes comunicarte v\\u00eda correo electr\\u00f3nico a la siguiente direcci\\u00f3n info@turismomaternidad.com<\\/p>\",\"3\":{\"seoMainEntityCategory\":\"CreativeWork\",\"seoMainEntityOfPage\":\"WebPage\",\"seoTitleSource\":\"field\",\"seoTitleSourceField\":\"title\",\"seoTitleUnparsed\":\"T\\u00e9rminos y Condiciones\",\"seoDescriptionSource\":\"field\",\"seoDescriptionSourceField\":\"body\",\"seoDescriptionUnparsed\":\"\",\"seoKeywordsSource\":\"custom\",\"seoKeywordsSourceField\":\"tags\",\"seoKeywordsUnparsed\":\"nacionalidad, americana, bebe, estados unidos, nacimiento, proceso, parto, dar a luz, precios, paso a paso, proceso, migratorio, doctores, hospedaje, preguntas\",\"seoImageIdSource\":\"field\",\"seoImageIdSourceField\":\"featuredImage\",\"seoImageId\":\"\",\"seoImageTransform\":\"\",\"canonicalUrlOverride\":\"\",\"twitterCardType\":\"summary_large_image\",\"seoTwitterImageIdSource\":\"field\",\"seoTwitterImageIdSourceField\":\"featuredImage\",\"seoTwitterImageId\":\"\",\"seoTwitterImageTransform\":\"\",\"openGraphType\":\"website\",\"seoFacebookImageIdSource\":\"field\",\"seoFacebookImageIdSourceField\":\"featuredImage\",\"seoFacebookImageId\":\"\",\"seoFacebookImageTransform\":\"\",\"robots\":\"all\"},\"2\":\"\"}}','2018-12-28 15:59:01','2018-12-28 15:59:01','b9f2fea7-b957-4a69-beb5-f0b6891ca75c'),
	(38,126,12,1,'es',6,'','{\"typeId\":null,\"authorId\":null,\"title\":\"T\\u00e9rminos y Condiciones\",\"slug\":\"t\\u00e9rminos-y-condiciones\",\"postDate\":1546011164,\"expiryDate\":null,\"enabled\":1,\"parentId\":null,\"fields\":{\"1\":\"\",\"4\":\"\",\"8\":\"<p><strong>SECCI\\u00d3N 1 - T\\u00c9RMINOS DE LA TIENDA EN L\\u00cdNEA.<\\/strong><\\/p>\\r\\n<p>Al utilizar este sitio, declaras que tienes al menos la mayor\\u00eda de edad en tu estado, provincia de residencia o en tu pa\\u00eds, y que nos has dado tu consentimiento para permitir que cualquiera de tus dependientes menores use este sitio.<\\/p>\\r\\n<p>\\r\\n<\\/p>\\r\\n<p>No puedes usar nuestros productos con ning\\u00fan prop\\u00f3sito ilegal o no autorizado tampoco puedes, en el uso del Servicio, violar cualquier ley en tu jurisdicci\\u00f3n (incluyendo pero no limitado a las leyes de derecho de autor).<\\/p>\\r\\n<p>\\r\\n<\\/p>\\r\\n<p>El incumplimiento o violaci\\u00f3n de cualquiera de estos T\\u00e9rminos dar\\u00e1n lugar al cese inmediato de tus Servicios.<\\/p>\\r\\n<p>\\r\\n<\\/p>\\r\\n<p>\\r\\n<\\/p>\\r\\n<p><strong>SECCI\\u00d3N 2 - CONDICIONES GENERALES.<\\/strong><\\/p><p><\\/p>\\r\\n<p>Nos reservamos el derecho de rechazar la prestaci\\u00f3n de servicio a cualquier persona, por cualquier motivo y en cualquier momento.<\\/p>\\r\\n<p>\\r\\n<\\/p>\\r\\n<p>Entiendes que tu contenido (sin incluir la informaci\\u00f3n de tu tarjeta de cr\\u00e9dito), puede ser transferida sin encriptar e involucrar (a) transmisiones a trav\\u00e9s de varias redes; y (b) cambios para ajustarse o adaptarse a los requisitos t\\u00e9cnicos de conexi\\u00f3n de redes o dispositivos. La informaci\\u00f3n de tarjetas de cr\\u00e9dito est\\u00e1 siempre encriptada durante la transferencia a trav\\u00e9s de las redes.<\\/p>\\r\\n<p>\\r\\n<\\/p>\\r\\n<p>Est\\u00e1s de acuerdo con no reproducir, duplicar, copiar, vender, revender o explotar cualquier parte del Servicio, uso del Servicio, o acceso al Servicio o cualquier contacto en el sitio web a trav\\u00e9s del cual se presta el servicio, sin el expreso permiso por escrito de nuestra parte.<\\/p>\\r\\n<p>\\r\\n<\\/p>\\r\\n<p>Los t\\u00edtulos utilizados en este acuerdo se incluyen solo por conveniencia y no limita o afecta a estos T\\u00e9rminos.<\\/p>\\r\\n<p>\\r\\n<\\/p>\\r\\n<p>\\r\\n<\\/p>\\r\\n<p><strong>SECCI\\u00d3N 3 - EXACTITUD, EXHAUSTIVIDAD Y ACTUALIDAD DE LA INFORMACI\\u00d3N.<\\/strong><\\/p>\\r\\n<p>No nos hacemos responsables si la informaci\\u00f3n disponible en este sitio no es exacta, completa o actual.&nbsp; El material en este sitio es provisto s\\u00f3lo para informaci\\u00f3n general y no debe confiarse en ella o utilizarse como la \\u00fanica base para la toma de decisiones sin consultar primeramente, informaci\\u00f3n m\\u00e1s precisa, completa u oportuna. Cualquier dependencia en el materia de este sitio es bajo su propio riesgo.<\\/p>\\r\\n<p>\\r\\n<\\/p>\\r\\n<p>Este sitio puede contener cierta informaci\\u00f3n hist\\u00f3rica.&nbsp; La informaci\\u00f3n hist\\u00f3rica, no es necesariamente actual y es provista \\u00fanicamente para tu referencia.&nbsp; Nos reservamos el derecho de modificar los contenidos de este sitio en cualquier momento, pero no tenemos obligaci\\u00f3n de actualizar cualquier informaci\\u00f3n en nuestro sitio.&nbsp; Aceptas que es tu responsabilidad de monitorear los cambios en nuestro sitio.<\\/p>\\r\\n<p>\\r\\n<\\/p>\\r\\n<p><strong>SECCI\\u00d3N 4 - MODIFICACIONES AL SERVICIO Y PRECIOS.<\\/strong><\\/p><p><\\/p>\\r\\n<p>Los precios de nuestros productos est\\u00e1n sujetos a cambio sin aviso.<\\/p>\\r\\n<p>\\r\\n<\\/p>\\r\\n<p>Nos reservamos el derecho de modificar o discontinuar el Servicio (o cualquier parte del contenido) en cualquier momento sin aviso previo.<\\/p>\\r\\n<p>No seremos responsables ante ti o alguna tercera parte por cualquier modificaci\\u00f3n, cambio de precio, suspensi\\u00f3n o discontinuidad del Servicio.<\\/p>\\r\\n<p>\\r\\n<\\/p>\\r\\n<p>\\r\\n<\\/p>\\r\\n<p><strong>SECCI\\u00d3N 5 - PRODUCTOS O SERVICIOS (si aplicable).<\\/strong><\\/p>\\r\\n<p>Ciertos productos o servicios pueden estar disponibles exclusivamente en l\\u00ednea a trav\\u00e9s del sitio web. Estos productos o servicios pueden tener cantidades limitadas y estar sujetas a devoluci\\u00f3n o cambio de acuerdo a nuestra pol\\u00edtica de devoluci\\u00f3n solamente.<\\/p>\\r\\n<p>\\r\\n<\\/p>\\r\\n<p>Hemos hecho el esfuerzo de mostrar los colores y las im\\u00e1genes de nuestros productos, en la tienda, con la mayor precisi\\u00f3n de colores posible.&nbsp; No podemos garantizar que el monitor de tu computadora muestre los colores de manera exacta.<\\/p>\\r\\n<p>\\r\\n<\\/p>\\r\\n<p>Nos reservamos el derecho, pero no estamos obligados, para limitar las ventas de nuestros productos o servicios a cualquier persona, regi\\u00f3n geogr\\u00e1fica o jurisdicci\\u00f3n.&nbsp; Podemos ejercer este derecho basados en cada caso.&nbsp; Nos reservamos el derecho de limitar las cantidades de los productos o servicios que ofrecemos.&nbsp; Todas las descripciones de productos o precios de los productos est\\u00e1n sujetos a cambios en cualquier momento sin previo aviso, a nuestra sola discreci\\u00f3n.&nbsp; Nos reservamos el derecho de discontinuar cualquier producto en cualquier momento.&nbsp; Cualquier oferta de producto o servicio hecho en este sitio es nulo donde est\\u00e9 prohibido.<\\/p>\\r\\n<p>\\r\\n<\\/p>\\r\\n<p>\\r\\n<\\/p>\\r\\n<p>\\r\\n<\\/p>\\r\\n<p><strong>SECCI\\u00d3N 6 - EXACTITUD DE FACTURACI\\u00d3N E INFORMACI\\u00d3N DE CUENTA.<\\/strong><\\/p>\\r\\n<p>Nos reservamos el derecho de rechazar cualquier pedido que realice con nosotros. Podemos, a nuestra discreci\\u00f3n, limitar o cancelar las cantidades compradas por persona, por hogar o por pedido. Estas restricciones pueden incluir pedidos realizados por o bajo la misma cuenta de cliente, la misma tarjeta de cr\\u00e9dito, y\\/o pedidos que utilizan la misma facturaci\\u00f3n y\\/o direcci\\u00f3n de env\\u00edo.<\\/p>\\r\\n<p>\\r\\n<\\/p>\\r\\n<p>En el caso de que hagamos un cambio o cancelemos una orden, podemos intentar notificarte poni\\u00e9ndonos en contacto v\\u00eda correo electr\\u00f3nico y\\/o direcci\\u00f3n de facturaci\\u00f3n \\/ n\\u00famero de tel\\u00e9fono proporcionado en el momento que se hizo pedido. Nos reservamos el derecho de limitar o prohibir las \\u00f3rdenes que, a nuestro juicio, parecen ser colocado por los concesionarios, revendedores o distribuidores.<\\/p>\\r\\n<p>\\r\\n<\\/p>\\r\\n<p>Te comprometes a proporcionar informaci\\u00f3n actual, completa y precisa de la compra y cuenta utilizada para todas las compras realizadas en nuestra tienda.&nbsp; Te comprometes a actualizar r\\u00e1pidamente tu cuenta y otra informaci\\u00f3n, incluyendo tu direcci\\u00f3n de correo electr\\u00f3nico y n\\u00fameros de tarjetas de cr\\u00e9dito y fechas de vencimiento, para que podamos completar tus transacciones y contactarte cuando sea necesario.<\\/p>\\r\\n<p>\\r\\n<\\/p>\\r\\n<p>Para m\\u00e1s detalles, por favor revisa nuestra Pol\\u00edtica de Devoluciones.<\\/p>\\r\\n<p>\\r\\n<\\/p>\\r\\n<p><strong>SECCI\\u00d3N 7 - HERRAMIENTAS OPCIONALES.<\\/strong><\\/p>\\r\\n<p>Es posible que te proporcionemos acceso a herramientas de terceros a los cuales no monitoreamos y sobre los que no tenemos control ni entrada.<\\/p>\\r\\n<p>\\r\\n<\\/p>\\r\\n<p>Reconoces y aceptas que proporcionamos acceso a este tipo de herramientas \\\"tal cual\\\" y \\\"seg\\u00fan disponibilidad\\\" sin garant\\u00edas, representaciones o condiciones de ning\\u00fan tipo y sin ning\\u00fan respaldo.&nbsp; No tendremos responsabilidad alguna derivada de o relacionada con tu uso de herramientas proporcionadas por terceras partes.<\\/p>\\r\\n<p>\\r\\n<\\/p>\\r\\n<p>Cualquier uso que hagas de las herramientas opcionales que se ofrecen a trav\\u00e9s del sitio bajo tu propio riesgo y discreci\\u00f3n y debes asegurarte de estar familiarizado y aprobar los t\\u00e9rminos bajo los cuales estas herramientas son proporcionadas por el o los proveedores de terceros.<\\/p>\\r\\n<p>\\r\\n<\\/p>\\r\\n<p>Tambi\\u00e9n es posible que, en el futuro, te ofrezcamos nuevos servicios y\\/o caracter\\u00edsticas a trav\\u00e9s del sitio web (incluyendo el lanzamiento de nuevas herramientas y recursos).&nbsp; Estas nuevas caracter\\u00edsticas y\\/o servicios tambi\\u00e9n estar\\u00e1n sujetos a estos T\\u00e9rminos de Servicio.<\\/p>\\r\\n<p>\\r\\n<\\/p>\\r\\n<p><strong>SECCI\\u00d3N 8 - ENLACES DE TERCERAS PARTES.<\\/strong><\\/p>\\r\\n<p>Cierto contenido, productos y servicios disponibles v\\u00eda nuestro Servicio puede incluir material de terceras partes.<\\/p>\\r\\n<p>\\r\\n<\\/p>\\r\\n<p>Enlaces de terceras partes en este sitio pueden direccionarte a sitios web de terceras partes que no est\\u00e1n afiliadas con nosotros. No nos responsabilizamos de examinar o evaluar el contenido o exactitud y no garantizamos ni tendremos ninguna obligaci\\u00f3n o responsabilidad por cualquier material de terceros o sitios web, o de cualquier material, productos o servicios de terceros.<\\/p>\\r\\n<p>\\r\\n<\\/p>\\r\\n<p>No nos hacemos responsables de cualquier da\\u00f1o o da\\u00f1os relacionados con la adquisici\\u00f3n o utilizaci\\u00f3n de bienes, servicios, recursos, contenidos, o cualquier otra transacci\\u00f3n realizadas en conexi\\u00f3n con sitios web de terceros. Por favor revisa cuidadosamente las pol\\u00edticas y pr\\u00e1cticas de terceros y aseg\\u00farate de entenderlas antes de participar en cualquier transacci\\u00f3n. Quejas, reclamos, inquietudes o preguntas con respecto a productos de terceros deben ser dirigidas a la tercera parte.<\\/p>\\r\\n<p>\\r\\n<\\/p>\\r\\n<p><strong>SECCI\\u00d3N 9 - COMENTARIOS DE USUARIO, CAPTACI\\u00d3N Y OTROS ENV\\u00cdOS.<\\/strong><\\/p>\\r\\n<p>Si, a pedido nuestro, se env\\u00eda ciertas presentaciones espec\\u00edficas (por ejemplo la participaci\\u00f3n en concursos) o sin un pedido de nuestra parte env\\u00edas, sugerencias, proposiciones, planes, u otros materiales, ya sea en l\\u00ednea, por email, por correo postal, o de otra manera (colectivamente, \'comentarios\'), aceptas que podamos, en cualquier momento, sin restricci\\u00f3n, editar, copiar, publicar, distribuir, traducir o utilizar por cualquier medio comentarios que nos hayas enviado. No tenemos ni tendremos ninguna obligaci\\u00f3n (1) de mantener ning\\u00fan comentario confidencialmente; (2) de pagar compensaci\\u00f3n por comentarios; o (3) de responder a comentarios.<\\/p>\\r\\n<p>\\r\\n<\\/p>\\r\\n<p>Nosotros podemos, pero no tenemos obligaci\\u00f3n de, monitorear, editar o remover contenido que consideremos sea ileg\\u00edtimo, ofensivo, amenazante, calumnioso, difamatorio, pornogr\\u00e1fico, obsceno u objetable o viole la propiedad intelectual de cualquiera de las partes o los T\\u00e9rminos de Servicio.<\\/p>\\r\\n<p>\\r\\n<\\/p>\\r\\n<p>Aceptas que tus comentarios no violar\\u00e1n los derechos de terceras partes, incluyendo derechos de autor, marca, privacidad, personalidad u otro derechos personal o de propiedad. Asimismo, aceptas que tus comentarios no contienen material difamatorio o ilegal, abusivo u obsceno, o contienen virus inform\\u00e1ticos u otro malware que pudiera, de alguna manera, afectar el funcionamiento del Servicio o de cualquier sitio web relacionado.&nbsp; No puedes utilizar una direcci\\u00f3n de correo electr\\u00f3nico falsa, usar otra identidad que no sea leg\\u00edtima, o enga\\u00f1ar a terceras partes o a nosotros en cuanto al origen de tus comentarios.&nbsp; Tu eres el \\u00fanico responsable por los comentarios que haces y su precisi\\u00f3n.&nbsp; No nos hacemos responsables y no asumimos ninguna obligaci\\u00f3n con respecto a los comentarios publicados por ti o cualquier tercer parte.<\\/p>\\r\\n<p>\\r\\n<\\/p>\\r\\n<p>\\r\\n<\\/p>\\r\\n<p><strong>SECCI\\u00d3N 10 - INFORMACI\\u00d3N PERSONAL.<\\/strong><\\/p>\\r\\n<p>Tu presentaci\\u00f3n de informaci\\u00f3n personal a trav\\u00e9s del sitio se rige por nuestra Pol\\u00edtica de Privacidad. Para ver nuestra <a href=\\\"http:\\/\\/localhost:8888\\/turismo_maternidad\\/html\\/politicas-privacidad#entry:85:url\\\">Pol\\u00edtica de Privacidad.<\\/a><\\/p>\\r\\n<p>\\r\\n<\\/p>\\r\\n<p>\\r\\n<\\/p>\\r\\n<p><strong>SECCI\\u00d3N 11 - ERRORES, INEXACTITUDES Y OMISIONES.<\\/strong><\\/p>\\r\\n<p>De vez en cuando puede haber informaci\\u00f3n en nuestro sitio o en el Servicio que contiene errores tipogr\\u00e1ficos, inexactitudes u omisiones que puedan estar relacionadas con las descripciones de productos, precios, promociones, ofertas, gastos del producto o servicio, el tiempo de tr\\u00e1nsito y la disponibilidad. Nos reservamos el derecho de corregir los errores, inexactitudes u omisiones y de cambiar o actualizar la informaci\\u00f3n o cancelar pedidos si alguna informaci\\u00f3n en el Servicio o en cualquier sitio web relacionado es inexacta en cualquier momento sin previo aviso (incluso despu\\u00e9s de que hayas enviado tu orden) .<\\/p>\\r\\n<p>\\r\\n<\\/p>\\r\\n<p>No asumimos ninguna obligaci\\u00f3n de actualizar, corregir o aclarar la informaci\\u00f3n en el Servicio o en cualquier sitio web relacionado, incluyendo, sin limitaci\\u00f3n, la informaci\\u00f3n de precios, excepto cuando sea requerido por la ley. Ninguna especificaci\\u00f3n actualizada o fecha de actualizaci\\u00f3n aplicada en el Servicio o en cualquier sitio web relacionado, debe ser tomada para indicar que toda la informaci\\u00f3n en el Servicio o en cualquier sitio web relacionado ha sido modificado o actualizado.<\\/p>\\r\\n<p>\\r\\n<\\/p>\\r\\n<p>\\r\\n<\\/p>\\r\\n<p><strong>SECCI\\u00d3N 12 - USOS PROHIBIDOS.<\\/strong><\\/p>\\r\\n<p>En adici\\u00f3n a otras prohibiciones como se establece en los T\\u00e9rminos de Servicio, se prohibe el uso del sitio o su contenido: (a) para ning\\u00fan prop\\u00f3sito ilegal; (b) para pedirle a otros que realicen o participen en actos il\\u00edcitos; (c) para violar cualquier regulaci\\u00f3n, reglas, leyes internacionales, federales, provinciales o estatales, u ordenanzas locales; (d) para infringir o violar el derecho de propiedad intelectual nuestro o de terceras partes; (e) para acosar, abusar, insultar, da\\u00f1ar, difamar, calumniar, desprestigiar, intimidar o discriminar por razones de g\\u00e9nero, orientaci\\u00f3n sexual, religi\\u00f3n, etnia, raza, edad, nacionalidad o discapacidad; (f) para presentar informaci\\u00f3n falsa o enga\\u00f1osa; (g) para cargar o transmitir virus o cualquier otro tipo de c\\u00f3digo malicioso que sea o pueda ser utilizado en cualquier forma que pueda comprometer la funcionalidad o el funcionamiento del Servicio o de cualquier sitio web relacionado, otros sitios o Internet; (h) para recopilar o rastrear informaci\\u00f3n personal de otros; (i) para generar spam, phish, pharm, pretext, spider, crawl, or scrape; (j) para cualquier prop\\u00f3sito obsceno o inmoral; o (k) para interferir con o burlar los elementos de seguridad del Servicio o cualquier sitio web relacionado\\u00bf otros sitios o Internet. Nos reservamos el derecho de suspender el uso del Servicio o de cualquier sitio web relacionado por violar cualquiera de los \\u00edtems de los usos prohibidos.<\\/p>\\r\\n<p>\\r\\n<\\/p>\\r\\n<p>\\r\\n<\\/p>\\r\\n<p><strong>SECCI\\u00d3N 13 - EXCLUSI\\u00d3N DE GARANT\\u00cdAS; LIMITACI\\u00d3N DE RESPONSABILIDAD.<\\/strong><\\/p>\\r\\n<p>No garantizamos ni aseguramos que el uso de nuestro servicio ser\\u00e1 ininterrumpido, puntual, seguro o libre de errores.<\\/p>\\r\\n<p>\\r\\n<\\/p>\\r\\n<p>No garantizamos que los resultados que se puedan obtener del uso del servicio ser\\u00e1n exactos o confiables.<\\/p>\\r\\n<p>\\r\\n<\\/p>\\r\\n<p>Aceptas que de vez en cuando podemos quitar el servicio por per\\u00edodos de tiempo indefinidos o cancelar el servicio en cualquier momento sin previo aviso.<\\/p>\\r\\n<p>\\r\\n<\\/p>\\r\\n<p>Aceptas expresamente que el uso de, o la posibilidad de utilizar, el servicio es bajo tu propio riesgo.&nbsp; El servicio y todos los productos y servicios proporcionados a trav\\u00e9s del servicio son (salvo lo expresamente manifestado por nosotros) proporcionados \\\"tal cual\\\" y \\\"seg\\u00fan est\\u00e9 disponible\\\" para su uso, sin ning\\u00fan tipo de representaci\\u00f3n, garant\\u00edas o condiciones de ning\\u00fan tipo, ya sea expresa o impl\\u00edcita, incluidas todas las garant\\u00edas o condiciones impl\\u00edcitas de comercializaci\\u00f3n, calidad comercializable, la aptitud para un prop\\u00f3sito particular, durabilidad, t\\u00edtulo y no infracci\\u00f3n.<\\/p>\\r\\n<p>\\r\\n<\\/p>\\r\\n<p>En ning\\u00fan caso <strong>TURISMO M\\u00c9DICO DIGITAL, S.A.P.I. DE C.V.,<\\/strong> nuestros directores, funcionarios, empleados, afiliados, agentes, contratistas, internos, proveedores, prestadores de servicios o licenciantes ser\\u00e1n responsables por cualquier da\\u00f1o, p\\u00e9rdida, reclamo, o da\\u00f1os directos, indirectos, incidentales, punitivos, especiales o consecuentes de cualquier tipo, incluyendo, sin limitaci\\u00f3n, p\\u00e9rdida de beneficios, p\\u00e9rdida de ingresos, p\\u00e9rdida de ahorros, p\\u00e9rdida de datos, costos de reemplazo, o cualquier da\\u00f1o similar, ya sea basado en contrato, agravio (incluyendo negligencia), responsabilidad estricta o de otra manera, como consecuencia del uso de cualquiera de los servicios o productos adquiridos mediante el servicio, o por cualquier otro reclamo relacionado de alguna manera con el uso del servicio o cualquier producto, incluyendo pero no limitado, a cualquier error u omisi\\u00f3n en cualquier contenido, o cualquier p\\u00e9rdida o da\\u00f1o de cualquier tipo incurridos como resultados de la utilizaci\\u00f3n del servicio o cualquier contenido (o producto) publicado, transmitido, o que se pongan a disposici\\u00f3n a trav\\u00e9s del servicio, incluso si se avisa de su posibilidad.&nbsp; Debido a que algunos estados o jurisdicciones no permiten la exclusi\\u00f3n o la limitaci\\u00f3n de responsabilidad por da\\u00f1os consecuenciales o incidentales, en tales estados o jurisdicciones, nuestra responsabilidad se limitar\\u00e1 en la medida m\\u00e1xima permitida por la ley.<\\/p>\\r\\n<p>\\r\\n<\\/p>\\r\\n<p>\\r\\n<\\/p>\\r\\n<p><strong>SECCI\\u00d3N 14 - INDEMNIZACI\\u00d3N.<\\/strong><\\/p>\\r\\n<p>Aceptas indemnizar, defender y mantener indemne TURISMO M\\u00c9DICO DIGITAL, S.A.P.I. DE C.V. y nuestras matrices, subsidiarias, afiliados, socios, funcionarios, directores, agentes, contratistas, concesionarios, proveedores de servicios, subcontratistas, proveedores, internos y empleados, de cualquier reclamo o demanda, incluyendo honorarios razonables de abogados, hechos por cualquier tercero a causa o como resultado de tu incumplimiento de las Condiciones de Servicio o de los documentos que incorporan como referencia, o la violaci\\u00f3n de cualquier ley o de los derechos de u tercero.<\\/p>\\r\\n<p>\\r\\n<\\/p>\\r\\n<p><strong>SECCI\\u00d3N 15 - DIVISIBILIDAD.<\\/strong><\\/p>\\r\\n<p>En el caso de que se determine que cualquier disposici\\u00f3n de estas Condiciones de Servicio sea ilegal, nula o inejecutable, dicha disposici\\u00f3n ser\\u00e1, no obstante, efectiva a obtener la m\\u00e1xima medida permitida por la ley aplicable, y la parte no exigible se considerar\\u00e1 separada de estos T\\u00e9rminos de Servicio, dicha determinaci\\u00f3n no afectar\\u00e1 la validez de aplicabilidad de las dem\\u00e1s disposiciones restantes.<\\/p>\\r\\n<p>\\r\\n<\\/p>\\r\\n<p>\\r\\n<\\/p>\\r\\n<p><strong>SECCI\\u00d3N 16 - RESCISI\\u00d3N.<\\/strong><\\/p>\\r\\n<p>Las obligaciones y responsabilidades de las partes que hayan incurrido con anterioridad a la fecha de terminaci\\u00f3n sobrevivir\\u00e1n a la terminaci\\u00f3n de este acuerdo a todos los efectos.<\\/p>\\r\\n<p>\\r\\n<\\/p>\\r\\n<p>Estas Condiciones de servicio son efectivos a menos que y hasta que sea terminado por ti o nosotros. Puedes terminar estos T\\u00e9rminos de Servicio en cualquier momento por avisarnos que ya no deseas utilizar nuestros servicios, o cuando dejes de usar nuestro sitio.<\\/p>\\r\\n<p>\\r\\n<\\/p>\\r\\n<p>Si a nuestro juicio, fallas, o se sospecha que haz fallado, en el cumplimiento de cualquier t\\u00e9rmino o disposici\\u00f3n de estas Condiciones de Servicio, tambi\\u00e9n podemos terminar este acuerdo en cualquier momento sin previo aviso, y seguir\\u00e1s siendo responsable de todos los montos adeudados hasta incluida la fecha de terminaci\\u00f3n; y\\/o en consecuencia podemos negarte el acceso a nuestros servicios (o cualquier parte del mismo).<\\/p>\\r\\n<p>\\r\\n<\\/p>\\r\\n<p><strong>SECCI\\u00d3N 17 - ACUERDO COMPLETO.<\\/strong><\\/p>\\r\\n<p>Nuestra falla para ejercer o hacer valer cualquier derecho o disposici\\u00f3n de estas Condiciones de Servicio no constituir\\u00e1 una renuncia a tal derecho o disposici\\u00f3n.<\\/p>\\r\\n<p>\\r\\n<\\/p>\\r\\n<p>Estas Condiciones del servicio y las pol\\u00edticas o reglas de operaci\\u00f3n publicadas por nosotros en este sitio o con respecto al servicio constituyen el acuerdo completo y el entendimiento entre tu y nosotros y rigen el uso del Servicio y reemplaza cualquier acuerdo, comunicaciones y propuestas anteriores o contempor\\u00e1neas, ya sea oral o escrita, entre tu y nosotros (incluyendo, pero no limitado a, cualquier versi\\u00f3n previa de los T\\u00e9rminos de Servicio).<\\/p>\\r\\n<p>\\r\\n<\\/p>\\r\\n<p>Cualquier ambig\\u00fcedad en la interpretaci\\u00f3n de estas Condiciones del servicio no se interpretar\\u00e1n en contra del grupo de redacci\\u00f3n.<\\/p>\\r\\n<p>\\r\\n<\\/p>\\r\\n<p>\\r\\n<\\/p>\\r\\n<p><strong>SECCI\\u00d3N 18 - LEY.<\\/strong><\\/p>\\r\\n<p>Estas Condiciones del servicio y cualquier acuerdos aparte en el que te proporcionemos servicios se regir\\u00e1n e interpretar\\u00e1n en conformidad con las leyes de los Estados Unidos Mexicanos.<\\/p>\\r\\n<p>\\r\\n<\\/p>\\r\\n<p>\\r\\n<\\/p>\\r\\n<p><strong>SECCI\\u00d3N 19 - CAMBIOS EN LOS T\\u00c9RMINOS DE SERVICIO.<\\/strong><\\/p>\\r\\n<p>Puedes revisar la versi\\u00f3n m\\u00e1s actualizada de los T\\u00e9rminos de Servicio en cualquier momento en esta p\\u00e1gina.<\\/p>\\r\\n<p>\\r\\n<\\/p>\\r\\n<p>Nos reservamos el derecho, a nuestra sola discreci\\u00f3n, de actualizar, modificar o reemplazar cualquier parte de estas Condiciones del servicio mediante la publicaci\\u00f3n de las actualizaciones y los cambios en nuestro sitio web. Es tu responsabilidad revisar nuestro sitio web peri\\u00f3dicamente para verificar los cambios. El uso cont\\u00ednuo de o el acceso a nuestro sitio Web o el Servicio despu\\u00e9s de la publicaci\\u00f3n de cualquier cambio en estas Condiciones de servicio implica la aceptaci\\u00f3n de dichos cambios.<\\/p>\\r\\n<p>\\r\\n<\\/p>\\r\\n<p>\\r\\n<\\/p>\\r\\n<p><strong>SECCI\\u00d3N 20 - INFORMACI\\u00d3N DE CONTACTO.<\\/strong><\\/p>\\r\\n<p><strong>\\r\\n<\\/strong><\\/p>\\r\\n<p>Para cualquier duda o aclaraci\\u00f3n puedes comunicarte v\\u00eda correo electr\\u00f3nico a la siguiente direcci\\u00f3n info@turismomaternidad.com<\\/p>\",\"3\":{\"seoMainEntityCategory\":\"CreativeWork\",\"seoMainEntityOfPage\":\"WebPage\",\"seoTitleSource\":\"field\",\"seoTitleSourceField\":\"title\",\"seoTitleUnparsed\":\"T\\u00e9rminos y Condiciones\",\"seoDescriptionSource\":\"field\",\"seoDescriptionSourceField\":\"body\",\"seoDescriptionUnparsed\":\"\",\"seoKeywordsSource\":\"custom\",\"seoKeywordsSourceField\":\"tags\",\"seoKeywordsUnparsed\":\"nacionalidad, americana, bebe, estados unidos, nacimiento, proceso, parto, dar a luz, precios, paso a paso, proceso, migratorio, doctores, hospedaje, preguntas\",\"seoImageIdSource\":\"field\",\"seoImageIdSourceField\":\"featuredImage\",\"seoImageId\":\"\",\"seoImageTransform\":\"\",\"canonicalUrlOverride\":\"\",\"twitterCardType\":\"summary_large_image\",\"seoTwitterImageIdSource\":\"field\",\"seoTwitterImageIdSourceField\":\"featuredImage\",\"seoTwitterImageId\":\"\",\"seoTwitterImageTransform\":\"\",\"openGraphType\":\"website\",\"seoFacebookImageIdSource\":\"field\",\"seoFacebookImageIdSourceField\":\"featuredImage\",\"seoFacebookImageId\":\"\",\"seoFacebookImageTransform\":\"\",\"robots\":\"all\"},\"2\":\"\"}}','2018-12-28 15:59:31','2018-12-28 15:59:31','87c0923a-9137-4260-b209-ae71e1f36a2b'),
	(39,126,12,1,'es',7,'','{\"typeId\":null,\"authorId\":null,\"title\":\"T\\u00e9rminos y Condiciones\",\"slug\":\"t\\u00e9rminos-y-condiciones\",\"postDate\":1546011164,\"expiryDate\":null,\"enabled\":1,\"parentId\":null,\"fields\":{\"1\":\"\",\"4\":\"\",\"8\":\"<p><strong>SECCI\\u00d3N 1 - T\\u00c9RMINOS DE LA TIENDA EN L\\u00cdNEA.<\\/strong><\\/p><p><\\/p>\\r\\n<p>Al utilizar este sitio, declaras que tienes al menos la mayor\\u00eda de edad en tu estado, provincia de residencia o en tu pa\\u00eds, y que nos has dado tu consentimiento para permitir que cualquiera de tus dependientes menores use este sitio.<\\/p>\\r\\n<p>\\r\\n<\\/p>\\r\\n<p>No puedes usar nuestros productos con ning\\u00fan prop\\u00f3sito ilegal o no autorizado tampoco puedes, en el uso del Servicio, violar cualquier ley en tu jurisdicci\\u00f3n (incluyendo pero no limitado a las leyes de derecho de autor).<\\/p>\\r\\n<p>\\r\\n<\\/p>\\r\\n<p>El incumplimiento o violaci\\u00f3n de cualquiera de estos T\\u00e9rminos dar\\u00e1n lugar al cese inmediato de tus Servicios.<\\/p><p><\\/p>\\r\\n<p>\\r\\n<\\/p>\\r\\n<p>\\r\\n<\\/p>\\r\\n<p><strong>SECCI\\u00d3N 2 - CONDICIONES GENERALES.<\\/strong><\\/p>\\r\\n<p><\\/p>\\r\\n<p>Nos reservamos el derecho de rechazar la prestaci\\u00f3n de servicio a cualquier persona, por cualquier motivo y en cualquier momento.<\\/p>\\r\\n<p>\\r\\n<\\/p>\\r\\n<p>Entiendes que tu contenido (sin incluir la informaci\\u00f3n de tu tarjeta de cr\\u00e9dito), puede ser transferida sin encriptar e involucrar (a) transmisiones a trav\\u00e9s de varias redes; y (b) cambios para ajustarse o adaptarse a los requisitos t\\u00e9cnicos de conexi\\u00f3n de redes o dispositivos. La informaci\\u00f3n de tarjetas de cr\\u00e9dito est\\u00e1 siempre encriptada durante la transferencia a trav\\u00e9s de las redes.<\\/p>\\r\\n<p>\\r\\n<\\/p>\\r\\n<p>Est\\u00e1s de acuerdo con no reproducir, duplicar, copiar, vender, revender o explotar cualquier parte del Servicio, uso del Servicio, o acceso al Servicio o cualquier contacto en el sitio web a trav\\u00e9s del cual se presta el servicio, sin el expreso permiso por escrito de nuestra parte.<\\/p>\\r\\n<p>\\r\\n<\\/p>\\r\\n<p>Los t\\u00edtulos utilizados en este acuerdo se incluyen solo por conveniencia y no limita o afecta a estos T\\u00e9rminos.<\\/p><p><\\/p>\\r\\n<p>\\r\\n<\\/p>\\r\\n<p>\\r\\n<\\/p>\\r\\n<p><strong>SECCI\\u00d3N 3 - EXACTITUD, EXHAUSTIVIDAD Y ACTUALIDAD DE LA INFORMACI\\u00d3N.<\\/strong><\\/p><p><\\/p>\\r\\n<p>No nos hacemos responsables si la informaci\\u00f3n disponible en este sitio no es exacta, completa o actual.&nbsp; El material en este sitio es provisto s\\u00f3lo para informaci\\u00f3n general y no debe confiarse en ella o utilizarse como la \\u00fanica base para la toma de decisiones sin consultar primeramente, informaci\\u00f3n m\\u00e1s precisa, completa u oportuna. Cualquier dependencia en el materia de este sitio es bajo su propio riesgo.<\\/p>\\r\\n<p>\\r\\n<\\/p>\\r\\n<p>Este sitio puede contener cierta informaci\\u00f3n hist\\u00f3rica.&nbsp; La informaci\\u00f3n hist\\u00f3rica, no es necesariamente actual y es provista \\u00fanicamente para tu referencia.&nbsp; Nos reservamos el derecho de modificar los contenidos de este sitio en cualquier momento, pero no tenemos obligaci\\u00f3n de actualizar cualquier informaci\\u00f3n en nuestro sitio.&nbsp; Aceptas que es tu responsabilidad de monitorear los cambios en nuestro sitio.<\\/p><p><\\/p>\\r\\n<p>\\r\\n<\\/p>\\r\\n<p><strong>SECCI\\u00d3N 4 - MODIFICACIONES AL SERVICIO Y PRECIOS.<\\/strong><\\/p>\\r\\n<p><\\/p>\\r\\n<p>Los precios de nuestros productos est\\u00e1n sujetos a cambio sin aviso.<\\/p>\\r\\n<p>\\r\\n<\\/p>\\r\\n<p>Nos reservamos el derecho de modificar o discontinuar el Servicio (o cualquier parte del contenido) en cualquier momento sin aviso previo.<\\/p>\\r\\n<p>No seremos responsables ante ti o alguna tercera parte por cualquier modificaci\\u00f3n, cambio de precio, suspensi\\u00f3n o discontinuidad del Servicio.<\\/p><p><\\/p>\\r\\n<p>\\r\\n<\\/p>\\r\\n<p>\\r\\n<\\/p>\\r\\n<p><strong>SECCI\\u00d3N 5 - PRODUCTOS O SERVICIOS (si aplicable).<\\/strong><\\/p><p><\\/p>\\r\\n<p>Ciertos productos o servicios pueden estar disponibles exclusivamente en l\\u00ednea a trav\\u00e9s del sitio web. Estos productos o servicios pueden tener cantidades limitadas y estar sujetas a devoluci\\u00f3n o cambio de acuerdo a nuestra pol\\u00edtica de devoluci\\u00f3n solamente.<\\/p>\\r\\n<p>\\r\\n<\\/p>\\r\\n<p>Hemos hecho el esfuerzo de mostrar los colores y las im\\u00e1genes de nuestros productos, en la tienda, con la mayor precisi\\u00f3n de colores posible.&nbsp; No podemos garantizar que el monitor de tu computadora muestre los colores de manera exacta.<\\/p>\\r\\n<p>\\r\\n<\\/p>\\r\\n<p>Nos reservamos el derecho, pero no estamos obligados, para limitar las ventas de nuestros productos o servicios a cualquier persona, regi\\u00f3n geogr\\u00e1fica o jurisdicci\\u00f3n.&nbsp; Podemos ejercer este derecho basados en cada caso.&nbsp; Nos reservamos el derecho de limitar las cantidades de los productos o servicios que ofrecemos.&nbsp; Todas las descripciones de productos o precios de los productos est\\u00e1n sujetos a cambios en cualquier momento sin previo aviso, a nuestra sola discreci\\u00f3n.&nbsp; Nos reservamos el derecho de discontinuar cualquier producto en cualquier momento.&nbsp; Cualquier oferta de producto o servicio hecho en este sitio es nulo donde est\\u00e9 prohibido.<\\/p><p><\\/p>\\r\\n<p>\\r\\n<\\/p>\\r\\n<p>\\r\\n<\\/p>\\r\\n<p>\\r\\n<\\/p>\\r\\n<p><strong>SECCI\\u00d3N 6 - EXACTITUD DE FACTURACI\\u00d3N E INFORMACI\\u00d3N DE CUENTA.<\\/strong><\\/p><p><\\/p>\\r\\n<p>Nos reservamos el derecho de rechazar cualquier pedido que realice con nosotros. Podemos, a nuestra discreci\\u00f3n, limitar o cancelar las cantidades compradas por persona, por hogar o por pedido. Estas restricciones pueden incluir pedidos realizados por o bajo la misma cuenta de cliente, la misma tarjeta de cr\\u00e9dito, y\\/o pedidos que utilizan la misma facturaci\\u00f3n y\\/o direcci\\u00f3n de env\\u00edo.<\\/p>\\r\\n<p>\\r\\n<\\/p>\\r\\n<p>En el caso de que hagamos un cambio o cancelemos una orden, podemos intentar notificarte poni\\u00e9ndonos en contacto v\\u00eda correo electr\\u00f3nico y\\/o direcci\\u00f3n de facturaci\\u00f3n \\/ n\\u00famero de tel\\u00e9fono proporcionado en el momento que se hizo pedido. Nos reservamos el derecho de limitar o prohibir las \\u00f3rdenes que, a nuestro juicio, parecen ser colocado por los concesionarios, revendedores o distribuidores.<\\/p>\\r\\n<p>\\r\\n<\\/p>\\r\\n<p>Te comprometes a proporcionar informaci\\u00f3n actual, completa y precisa de la compra y cuenta utilizada para todas las compras realizadas en nuestra tienda.&nbsp; Te comprometes a actualizar r\\u00e1pidamente tu cuenta y otra informaci\\u00f3n, incluyendo tu direcci\\u00f3n de correo electr\\u00f3nico y n\\u00fameros de tarjetas de cr\\u00e9dito y fechas de vencimiento, para que podamos completar tus transacciones y contactarte cuando sea necesario.<\\/p>\\r\\n<p>\\r\\n<\\/p>\\r\\n<p>Para m\\u00e1s detalles, por favor revisa nuestra Pol\\u00edtica de Devoluciones.<\\/p><p><\\/p>\\r\\n<p>\\r\\n<\\/p>\\r\\n<p><strong>SECCI\\u00d3N 7 - HERRAMIENTAS OPCIONALES.<\\/strong><\\/p><p><\\/p>\\r\\n<p>Es posible que te proporcionemos acceso a herramientas de terceros a los cuales no monitoreamos y sobre los que no tenemos control ni entrada.<\\/p>\\r\\n<p>\\r\\n<\\/p>\\r\\n<p>Reconoces y aceptas que proporcionamos acceso a este tipo de herramientas \\\"tal cual\\\" y \\\"seg\\u00fan disponibilidad\\\" sin garant\\u00edas, representaciones o condiciones de ning\\u00fan tipo y sin ning\\u00fan respaldo.&nbsp; No tendremos responsabilidad alguna derivada de o relacionada con tu uso de herramientas proporcionadas por terceras partes.<\\/p>\\r\\n<p>\\r\\n<\\/p>\\r\\n<p>Cualquier uso que hagas de las herramientas opcionales que se ofrecen a trav\\u00e9s del sitio bajo tu propio riesgo y discreci\\u00f3n y debes asegurarte de estar familiarizado y aprobar los t\\u00e9rminos bajo los cuales estas herramientas son proporcionadas por el o los proveedores de terceros.<\\/p>\\r\\n<p>\\r\\n<\\/p>\\r\\n<p>Tambi\\u00e9n es posible que, en el futuro, te ofrezcamos nuevos servicios y\\/o caracter\\u00edsticas a trav\\u00e9s del sitio web (incluyendo el lanzamiento de nuevas herramientas y recursos).&nbsp; Estas nuevas caracter\\u00edsticas y\\/o servicios tambi\\u00e9n estar\\u00e1n sujetos a estos T\\u00e9rminos de Servicio.<\\/p><p><\\/p>\\r\\n<p>\\r\\n<\\/p>\\r\\n<p><strong>SECCI\\u00d3N 8 - ENLACES DE TERCERAS PARTES.<\\/strong><\\/p><p><\\/p>\\r\\n<p>Cierto contenido, productos y servicios disponibles v\\u00eda nuestro Servicio puede incluir material de terceras partes.<\\/p>\\r\\n<p>\\r\\n<\\/p>\\r\\n<p>Enlaces de terceras partes en este sitio pueden direccionarte a sitios web de terceras partes que no est\\u00e1n afiliadas con nosotros. No nos responsabilizamos de examinar o evaluar el contenido o exactitud y no garantizamos ni tendremos ninguna obligaci\\u00f3n o responsabilidad por cualquier material de terceros o sitios web, o de cualquier material, productos o servicios de terceros.<\\/p>\\r\\n<p>\\r\\n<\\/p>\\r\\n<p>No nos hacemos responsables de cualquier da\\u00f1o o da\\u00f1os relacionados con la adquisici\\u00f3n o utilizaci\\u00f3n de bienes, servicios, recursos, contenidos, o cualquier otra transacci\\u00f3n realizadas en conexi\\u00f3n con sitios web de terceros. Por favor revisa cuidadosamente las pol\\u00edticas y pr\\u00e1cticas de terceros y aseg\\u00farate de entenderlas antes de participar en cualquier transacci\\u00f3n. Quejas, reclamos, inquietudes o preguntas con respecto a productos de terceros deben ser dirigidas a la tercera parte.<\\/p><p><\\/p>\\r\\n<p>\\r\\n<\\/p>\\r\\n<p><strong>SECCI\\u00d3N 9 - COMENTARIOS DE USUARIO, CAPTACI\\u00d3N Y OTROS ENV\\u00cdOS.<\\/strong><\\/p><p><\\/p>\\r\\n<p>Si, a pedido nuestro, se env\\u00eda ciertas presentaciones espec\\u00edficas (por ejemplo la participaci\\u00f3n en concursos) o sin un pedido de nuestra parte env\\u00edas, sugerencias, proposiciones, planes, u otros materiales, ya sea en l\\u00ednea, por email, por correo postal, o de otra manera (colectivamente, \'comentarios\'), aceptas que podamos, en cualquier momento, sin restricci\\u00f3n, editar, copiar, publicar, distribuir, traducir o utilizar por cualquier medio comentarios que nos hayas enviado. No tenemos ni tendremos ninguna obligaci\\u00f3n (1) de mantener ning\\u00fan comentario confidencialmente; (2) de pagar compensaci\\u00f3n por comentarios; o (3) de responder a comentarios.<\\/p>\\r\\n<p>\\r\\n<\\/p>\\r\\n<p>Nosotros podemos, pero no tenemos obligaci\\u00f3n de, monitorear, editar o remover contenido que consideremos sea ileg\\u00edtimo, ofensivo, amenazante, calumnioso, difamatorio, pornogr\\u00e1fico, obsceno u objetable o viole la propiedad intelectual de cualquiera de las partes o los T\\u00e9rminos de Servicio.<\\/p>\\r\\n<p>\\r\\n<\\/p>\\r\\n<p>Aceptas que tus comentarios no violar\\u00e1n los derechos de terceras partes, incluyendo derechos de autor, marca, privacidad, personalidad u otro derechos personal o de propiedad. Asimismo, aceptas que tus comentarios no contienen material difamatorio o ilegal, abusivo u obsceno, o contienen virus inform\\u00e1ticos u otro malware que pudiera, de alguna manera, afectar el funcionamiento del Servicio o de cualquier sitio web relacionado.&nbsp; No puedes utilizar una direcci\\u00f3n de correo electr\\u00f3nico falsa, usar otra identidad que no sea leg\\u00edtima, o enga\\u00f1ar a terceras partes o a nosotros en cuanto al origen de tus comentarios.&nbsp; Tu eres el \\u00fanico responsable por los comentarios que haces y su precisi\\u00f3n.&nbsp; No nos hacemos responsables y no asumimos ninguna obligaci\\u00f3n con respecto a los comentarios publicados por ti o cualquier tercer parte.<\\/p><p><\\/p>\\r\\n<p>\\r\\n<\\/p>\\r\\n<p>\\r\\n<\\/p>\\r\\n<p><strong>SECCI\\u00d3N 10 - INFORMACI\\u00d3N PERSONAL.<\\/strong><\\/p><p><\\/p>\\r\\n<p>Tu presentaci\\u00f3n de informaci\\u00f3n personal a trav\\u00e9s del sitio se rige por nuestra Pol\\u00edtica de Privacidad. Para ver nuestra <a href=\\\"http:\\/\\/localhost:8888\\/turismo_maternidad\\/html\\/politicas-privacidad#entry:85:url\\\">Pol\\u00edtica de Privacidad.<\\/a><\\/p><p><\\/p>\\r\\n<p>\\r\\n<\\/p>\\r\\n<p>\\r\\n<\\/p>\\r\\n<p><strong>SECCI\\u00d3N 11 - ERRORES, INEXACTITUDES Y OMISIONES.<\\/strong><\\/p><p><\\/p>\\r\\n<p>De vez en cuando puede haber informaci\\u00f3n en nuestro sitio o en el Servicio que contiene errores tipogr\\u00e1ficos, inexactitudes u omisiones que puedan estar relacionadas con las descripciones de productos, precios, promociones, ofertas, gastos del producto o servicio, el tiempo de tr\\u00e1nsito y la disponibilidad. Nos reservamos el derecho de corregir los errores, inexactitudes u omisiones y de cambiar o actualizar la informaci\\u00f3n o cancelar pedidos si alguna informaci\\u00f3n en el Servicio o en cualquier sitio web relacionado es inexacta en cualquier momento sin previo aviso (incluso despu\\u00e9s de que hayas enviado tu orden) .<\\/p>\\r\\n<p>\\r\\n<\\/p>\\r\\n<p>No asumimos ninguna obligaci\\u00f3n de actualizar, corregir o aclarar la informaci\\u00f3n en el Servicio o en cualquier sitio web relacionado, incluyendo, sin limitaci\\u00f3n, la informaci\\u00f3n de precios, excepto cuando sea requerido por la ley. Ninguna especificaci\\u00f3n actualizada o fecha de actualizaci\\u00f3n aplicada en el Servicio o en cualquier sitio web relacionado, debe ser tomada para indicar que toda la informaci\\u00f3n en el Servicio o en cualquier sitio web relacionado ha sido modificado o actualizado.<\\/p><p><\\/p>\\r\\n<p>\\r\\n<\\/p>\\r\\n<p>\\r\\n<\\/p>\\r\\n<p><strong>SECCI\\u00d3N 12 - USOS PROHIBIDOS.<\\/strong><\\/p><p><\\/p>\\r\\n<p>En adici\\u00f3n a otras prohibiciones como se establece en los T\\u00e9rminos de Servicio, se prohibe el uso del sitio o su contenido: (a) para ning\\u00fan prop\\u00f3sito ilegal; (b) para pedirle a otros que realicen o participen en actos il\\u00edcitos; (c) para violar cualquier regulaci\\u00f3n, reglas, leyes internacionales, federales, provinciales o estatales, u ordenanzas locales; (d) para infringir o violar el derecho de propiedad intelectual nuestro o de terceras partes; (e) para acosar, abusar, insultar, da\\u00f1ar, difamar, calumniar, desprestigiar, intimidar o discriminar por razones de g\\u00e9nero, orientaci\\u00f3n sexual, religi\\u00f3n, etnia, raza, edad, nacionalidad o discapacidad; (f) para presentar informaci\\u00f3n falsa o enga\\u00f1osa; (g) para cargar o transmitir virus o cualquier otro tipo de c\\u00f3digo malicioso que sea o pueda ser utilizado en cualquier forma que pueda comprometer la funcionalidad o el funcionamiento del Servicio o de cualquier sitio web relacionado, otros sitios o Internet; (h) para recopilar o rastrear informaci\\u00f3n personal de otros; (i) para generar spam, phish, pharm, pretext, spider, crawl, or scrape; (j) para cualquier prop\\u00f3sito obsceno o inmoral; o (k) para interferir con o burlar los elementos de seguridad del Servicio o cualquier sitio web relacionado\\u00bf otros sitios o Internet. Nos reservamos el derecho de suspender el uso del Servicio o de cualquier sitio web relacionado por violar cualquiera de los \\u00edtems de los usos prohibidos.<\\/p><p><\\/p>\\r\\n<p>\\r\\n<\\/p>\\r\\n<p>\\r\\n<\\/p>\\r\\n<p><strong>SECCI\\u00d3N 13 - EXCLUSI\\u00d3N DE GARANT\\u00cdAS; LIMITACI\\u00d3N DE RESPONSABILIDAD.<\\/strong><\\/p><p><\\/p>\\r\\n<p>No garantizamos ni aseguramos que el uso de nuestro servicio ser\\u00e1 ininterrumpido, puntual, seguro o libre de errores.<\\/p>\\r\\n<p>\\r\\n<\\/p>\\r\\n<p>No garantizamos que los resultados que se puedan obtener del uso del servicio ser\\u00e1n exactos o confiables.<\\/p>\\r\\n<p>\\r\\n<\\/p>\\r\\n<p>Aceptas que de vez en cuando podemos quitar el servicio por per\\u00edodos de tiempo indefinidos o cancelar el servicio en cualquier momento sin previo aviso.<\\/p>\\r\\n<p>\\r\\n<\\/p>\\r\\n<p>Aceptas expresamente que el uso de, o la posibilidad de utilizar, el servicio es bajo tu propio riesgo.&nbsp; El servicio y todos los productos y servicios proporcionados a trav\\u00e9s del servicio son (salvo lo expresamente manifestado por nosotros) proporcionados \\\"tal cual\\\" y \\\"seg\\u00fan est\\u00e9 disponible\\\" para su uso, sin ning\\u00fan tipo de representaci\\u00f3n, garant\\u00edas o condiciones de ning\\u00fan tipo, ya sea expresa o impl\\u00edcita, incluidas todas las garant\\u00edas o condiciones impl\\u00edcitas de comercializaci\\u00f3n, calidad comercializable, la aptitud para un prop\\u00f3sito particular, durabilidad, t\\u00edtulo y no infracci\\u00f3n.<\\/p>\\r\\n<p>\\r\\n<\\/p>\\r\\n<p>En ning\\u00fan caso <strong>TURISMO M\\u00c9DICO DIGITAL, S.A.P.I. DE C.V.,<\\/strong> nuestros directores, funcionarios, empleados, afiliados, agentes, contratistas, internos, proveedores, prestadores de servicios o licenciantes ser\\u00e1n responsables por cualquier da\\u00f1o, p\\u00e9rdida, reclamo, o da\\u00f1os directos, indirectos, incidentales, punitivos, especiales o consecuentes de cualquier tipo, incluyendo, sin limitaci\\u00f3n, p\\u00e9rdida de beneficios, p\\u00e9rdida de ingresos, p\\u00e9rdida de ahorros, p\\u00e9rdida de datos, costos de reemplazo, o cualquier da\\u00f1o similar, ya sea basado en contrato, agravio (incluyendo negligencia), responsabilidad estricta o de otra manera, como consecuencia del uso de cualquiera de los servicios o productos adquiridos mediante el servicio, o por cualquier otro reclamo relacionado de alguna manera con el uso del servicio o cualquier producto, incluyendo pero no limitado, a cualquier error u omisi\\u00f3n en cualquier contenido, o cualquier p\\u00e9rdida o da\\u00f1o de cualquier tipo incurridos como resultados de la utilizaci\\u00f3n del servicio o cualquier contenido (o producto) publicado, transmitido, o que se pongan a disposici\\u00f3n a trav\\u00e9s del servicio, incluso si se avisa de su posibilidad.&nbsp; Debido a que algunos estados o jurisdicciones no permiten la exclusi\\u00f3n o la limitaci\\u00f3n de responsabilidad por da\\u00f1os consecuenciales o incidentales, en tales estados o jurisdicciones, nuestra responsabilidad se limitar\\u00e1 en la medida m\\u00e1xima permitida por la ley.<\\/p><p><\\/p>\\r\\n<p>\\r\\n<\\/p>\\r\\n<p>\\r\\n<\\/p>\\r\\n<p><strong>SECCI\\u00d3N 14 - INDEMNIZACI\\u00d3N.<\\/strong><\\/p><p><\\/p>\\r\\n<p>Aceptas indemnizar, defender y mantener indemne TURISMO M\\u00c9DICO DIGITAL, S.A.P.I. DE C.V. y nuestras matrices, subsidiarias, afiliados, socios, funcionarios, directores, agentes, contratistas, concesionarios, proveedores de servicios, subcontratistas, proveedores, internos y empleados, de cualquier reclamo o demanda, incluyendo honorarios razonables de abogados, hechos por cualquier tercero a causa o como resultado de tu incumplimiento de las Condiciones de Servicio o de los documentos que incorporan como referencia, o la violaci\\u00f3n de cualquier ley o de los derechos de u tercero.<\\/p><p><\\/p>\\r\\n<p>\\r\\n<\\/p>\\r\\n<p><strong>SECCI\\u00d3N 15 - DIVISIBILIDAD.<\\/strong><\\/p><p><\\/p>\\r\\n<p>En el caso de que se determine que cualquier disposici\\u00f3n de estas Condiciones de Servicio sea ilegal, nula o inejecutable, dicha disposici\\u00f3n ser\\u00e1, no obstante, efectiva a obtener la m\\u00e1xima medida permitida por la ley aplicable, y la parte no exigible se considerar\\u00e1 separada de estos T\\u00e9rminos de Servicio, dicha determinaci\\u00f3n no afectar\\u00e1 la validez de aplicabilidad de las dem\\u00e1s disposiciones restantes.<\\/p><p><\\/p>\\r\\n<p>\\r\\n<\\/p>\\r\\n<p>\\r\\n<\\/p>\\r\\n<p><strong>SECCI\\u00d3N 16 - RESCISI\\u00d3N.<\\/strong><\\/p><p><\\/p>\\r\\n<p>Las obligaciones y responsabilidades de las partes que hayan incurrido con anterioridad a la fecha de terminaci\\u00f3n sobrevivir\\u00e1n a la terminaci\\u00f3n de este acuerdo a todos los efectos.<\\/p>\\r\\n<p>\\r\\n<\\/p>\\r\\n<p>Estas Condiciones de servicio son efectivos a menos que y hasta que sea terminado por ti o nosotros. Puedes terminar estos T\\u00e9rminos de Servicio en cualquier momento por avisarnos que ya no deseas utilizar nuestros servicios, o cuando dejes de usar nuestro sitio.<\\/p>\\r\\n<p>\\r\\n<\\/p>\\r\\n<p>Si a nuestro juicio, fallas, o se sospecha que haz fallado, en el cumplimiento de cualquier t\\u00e9rmino o disposici\\u00f3n de estas Condiciones de Servicio, tambi\\u00e9n podemos terminar este acuerdo en cualquier momento sin previo aviso, y seguir\\u00e1s siendo responsable de todos los montos adeudados hasta incluida la fecha de terminaci\\u00f3n; y\\/o en consecuencia podemos negarte el acceso a nuestros servicios (o cualquier parte del mismo).<\\/p><p><\\/p>\\r\\n<p>\\r\\n<\\/p>\\r\\n<p><strong>SECCI\\u00d3N 17 - ACUERDO COMPLETO.<\\/strong><\\/p><p><\\/p>\\r\\n<p>Nuestra falla para ejercer o hacer valer cualquier derecho o disposici\\u00f3n de estas Condiciones de Servicio no constituir\\u00e1 una renuncia a tal derecho o disposici\\u00f3n.<\\/p>\\r\\n<p>\\r\\n<\\/p>\\r\\n<p>Estas Condiciones del servicio y las pol\\u00edticas o reglas de operaci\\u00f3n publicadas por nosotros en este sitio o con respecto al servicio constituyen el acuerdo completo y el entendimiento entre tu y nosotros y rigen el uso del Servicio y reemplaza cualquier acuerdo, comunicaciones y propuestas anteriores o contempor\\u00e1neas, ya sea oral o escrita, entre tu y nosotros (incluyendo, pero no limitado a, cualquier versi\\u00f3n previa de los T\\u00e9rminos de Servicio).<\\/p>\\r\\n<p>\\r\\n<\\/p>\\r\\n<p>Cualquier ambig\\u00fcedad en la interpretaci\\u00f3n de estas Condiciones del servicio no se interpretar\\u00e1n en contra del grupo de redacci\\u00f3n.<\\/p><p><\\/p>\\r\\n<p>\\r\\n<\\/p>\\r\\n<p>\\r\\n<\\/p>\\r\\n<p><strong>SECCI\\u00d3N 18 - LEY.<\\/strong><\\/p><p><\\/p>\\r\\n<p>Estas Condiciones del servicio y cualquier acuerdos aparte en el que te proporcionemos servicios se regir\\u00e1n e interpretar\\u00e1n en conformidad con las leyes de los Estados Unidos Mexicanos.<\\/p><p><\\/p>\\r\\n<p>\\r\\n<\\/p>\\r\\n<p>\\r\\n<\\/p>\\r\\n<p><strong>SECCI\\u00d3N 19 - CAMBIOS EN LOS T\\u00c9RMINOS DE SERVICIO.<\\/strong><\\/p><p><\\/p>\\r\\n<p>Puedes revisar la versi\\u00f3n m\\u00e1s actualizada de los T\\u00e9rminos de Servicio en cualquier momento en esta p\\u00e1gina.<\\/p>\\r\\n<p>\\r\\n<\\/p>\\r\\n<p>Nos reservamos el derecho, a nuestra sola discreci\\u00f3n, de actualizar, modificar o reemplazar cualquier parte de estas Condiciones del servicio mediante la publicaci\\u00f3n de las actualizaciones y los cambios en nuestro sitio web. Es tu responsabilidad revisar nuestro sitio web peri\\u00f3dicamente para verificar los cambios. El uso cont\\u00ednuo de o el acceso a nuestro sitio Web o el Servicio despu\\u00e9s de la publicaci\\u00f3n de cualquier cambio en estas Condiciones de servicio implica la aceptaci\\u00f3n de dichos cambios.<\\/p><p><\\/p>\\r\\n<p>\\r\\n<\\/p>\\r\\n<p>\\r\\n<\\/p>\\r\\n<p><strong>SECCI\\u00d3N 20 - INFORMACI\\u00d3N DE CONTACTO.<\\/strong><\\/p><p><\\/p>\\r\\n<p><strong>\\r\\n<\\/strong><\\/p>\\r\\n<p>Para cualquier duda o aclaraci\\u00f3n puedes comunicarte v\\u00eda correo electr\\u00f3nico a la siguiente direcci\\u00f3n info@turismomaternidad.com<\\/p>\",\"3\":{\"seoMainEntityCategory\":\"CreativeWork\",\"seoMainEntityOfPage\":\"WebPage\",\"seoTitleSource\":\"field\",\"seoTitleSourceField\":\"title\",\"seoTitleUnparsed\":\"T\\u00e9rminos y Condiciones\",\"seoDescriptionSource\":\"field\",\"seoDescriptionSourceField\":\"body\",\"seoDescriptionUnparsed\":\"\",\"seoKeywordsSource\":\"custom\",\"seoKeywordsSourceField\":\"tags\",\"seoKeywordsUnparsed\":\"nacionalidad, americana, bebe, estados unidos, nacimiento, proceso, parto, dar a luz, precios, paso a paso, proceso, migratorio, doctores, hospedaje, preguntas\",\"seoImageIdSource\":\"field\",\"seoImageIdSourceField\":\"featuredImage\",\"seoImageId\":\"\",\"seoImageTransform\":\"\",\"canonicalUrlOverride\":\"\",\"twitterCardType\":\"summary_large_image\",\"seoTwitterImageIdSource\":\"field\",\"seoTwitterImageIdSourceField\":\"featuredImage\",\"seoTwitterImageId\":\"\",\"seoTwitterImageTransform\":\"\",\"openGraphType\":\"website\",\"seoFacebookImageIdSource\":\"field\",\"seoFacebookImageIdSourceField\":\"featuredImage\",\"seoFacebookImageId\":\"\",\"seoFacebookImageTransform\":\"\",\"robots\":\"all\"},\"2\":\"\"}}','2018-12-28 16:01:45','2018-12-28 16:01:45','9d9b8198-7bae-4b6d-86a8-469782ee5f39'),
	(40,126,12,1,'es',8,'','{\"typeId\":null,\"authorId\":null,\"title\":\"T\\u00e9rminos y Condiciones\",\"slug\":\"t\\u00e9rminos-y-condiciones\",\"postDate\":1546011164,\"expiryDate\":null,\"enabled\":1,\"parentId\":null,\"fields\":{\"1\":\"\",\"4\":\"\",\"8\":\"<p><strong>&lt;h2&gt;SECCI\\u00d3N 1 - T\\u00c9RMINOS DE LA TIENDA EN L\\u00cdNEA.&lt;\\/h2&gt;<\\/strong><\\/p>\\r\\n<p><\\/p>\\r\\n<p>Al utilizar este sitio, declaras que tienes al menos la mayor\\u00eda de edad en tu estado, provincia de residencia o en tu pa\\u00eds, y que nos has dado tu consentimiento para permitir que cualquiera de tus dependientes menores use este sitio.<\\/p>\\r\\n<p>\\r\\n<\\/p>\\r\\n<p>No puedes usar nuestros productos con ning\\u00fan prop\\u00f3sito ilegal o no autorizado tampoco puedes, en el uso del Servicio, violar cualquier ley en tu jurisdicci\\u00f3n (incluyendo pero no limitado a las leyes de derecho de autor).<\\/p>\\r\\n<p>\\r\\n<\\/p>\\r\\n<p>El incumplimiento o violaci\\u00f3n de cualquiera de estos T\\u00e9rminos dar\\u00e1n lugar al cese inmediato de tus Servicios.<\\/p>\\r\\n<p><\\/p>\\r\\n<p>\\r\\n<\\/p>\\r\\n<p>\\r\\n<\\/p>\\r\\n<p><strong>SECCI\\u00d3N 2 - CONDICIONES GENERALES.<\\/strong><\\/p>\\r\\n<p><\\/p>\\r\\n<p>Nos reservamos el derecho de rechazar la prestaci\\u00f3n de servicio a cualquier persona, por cualquier motivo y en cualquier momento.<\\/p>\\r\\n<p>\\r\\n<\\/p>\\r\\n<p>Entiendes que tu contenido (sin incluir la informaci\\u00f3n de tu tarjeta de cr\\u00e9dito), puede ser transferida sin encriptar e involucrar (a) transmisiones a trav\\u00e9s de varias redes; y (b) cambios para ajustarse o adaptarse a los requisitos t\\u00e9cnicos de conexi\\u00f3n de redes o dispositivos. La informaci\\u00f3n de tarjetas de cr\\u00e9dito est\\u00e1 siempre encriptada durante la transferencia a trav\\u00e9s de las redes.<\\/p>\\r\\n<p>\\r\\n<\\/p>\\r\\n<p>Est\\u00e1s de acuerdo con no reproducir, duplicar, copiar, vender, revender o explotar cualquier parte del Servicio, uso del Servicio, o acceso al Servicio o cualquier contacto en el sitio web a trav\\u00e9s del cual se presta el servicio, sin el expreso permiso por escrito de nuestra parte.<\\/p>\\r\\n<p>\\r\\n<\\/p>\\r\\n<p>Los t\\u00edtulos utilizados en este acuerdo se incluyen solo por conveniencia y no limita o afecta a estos T\\u00e9rminos.<\\/p>\\r\\n<p><\\/p>\\r\\n<p>\\r\\n<\\/p>\\r\\n<p>\\r\\n<\\/p>\\r\\n<p><strong>SECCI\\u00d3N 3 - EXACTITUD, EXHAUSTIVIDAD Y ACTUALIDAD DE LA INFORMACI\\u00d3N.<\\/strong><\\/p>\\r\\n<p><\\/p>\\r\\n<p>No nos hacemos responsables si la informaci\\u00f3n disponible en este sitio no es exacta, completa o actual.&nbsp; El material en este sitio es provisto s\\u00f3lo para informaci\\u00f3n general y no debe confiarse en ella o utilizarse como la \\u00fanica base para la toma de decisiones sin consultar primeramente, informaci\\u00f3n m\\u00e1s precisa, completa u oportuna. Cualquier dependencia en el materia de este sitio es bajo su propio riesgo.<\\/p>\\r\\n<p>\\r\\n<\\/p>\\r\\n<p>Este sitio puede contener cierta informaci\\u00f3n hist\\u00f3rica.&nbsp; La informaci\\u00f3n hist\\u00f3rica, no es necesariamente actual y es provista \\u00fanicamente para tu referencia.&nbsp; Nos reservamos el derecho de modificar los contenidos de este sitio en cualquier momento, pero no tenemos obligaci\\u00f3n de actualizar cualquier informaci\\u00f3n en nuestro sitio.&nbsp; Aceptas que es tu responsabilidad de monitorear los cambios en nuestro sitio.<\\/p>\\r\\n<p><\\/p>\\r\\n<p>\\r\\n<\\/p>\\r\\n<p><strong>SECCI\\u00d3N 4 - MODIFICACIONES AL SERVICIO Y PRECIOS.<\\/strong><\\/p>\\r\\n<p><\\/p>\\r\\n<p>Los precios de nuestros productos est\\u00e1n sujetos a cambio sin aviso.<\\/p>\\r\\n<p>\\r\\n<\\/p>\\r\\n<p>Nos reservamos el derecho de modificar o discontinuar el Servicio (o cualquier parte del contenido) en cualquier momento sin aviso previo.<\\/p>\\r\\n<p>No seremos responsables ante ti o alguna tercera parte por cualquier modificaci\\u00f3n, cambio de precio, suspensi\\u00f3n o discontinuidad del Servicio.<\\/p>\\r\\n<p><\\/p>\\r\\n<p>\\r\\n<\\/p>\\r\\n<p>\\r\\n<\\/p>\\r\\n<p><strong>SECCI\\u00d3N 5 - PRODUCTOS O SERVICIOS (si aplicable).<\\/strong><\\/p>\\r\\n<p><\\/p>\\r\\n<p>Ciertos productos o servicios pueden estar disponibles exclusivamente en l\\u00ednea a trav\\u00e9s del sitio web. Estos productos o servicios pueden tener cantidades limitadas y estar sujetas a devoluci\\u00f3n o cambio de acuerdo a nuestra pol\\u00edtica de devoluci\\u00f3n solamente.<\\/p>\\r\\n<p>\\r\\n<\\/p>\\r\\n<p>Hemos hecho el esfuerzo de mostrar los colores y las im\\u00e1genes de nuestros productos, en la tienda, con la mayor precisi\\u00f3n de colores posible.&nbsp; No podemos garantizar que el monitor de tu computadora muestre los colores de manera exacta.<\\/p>\\r\\n<p>\\r\\n<\\/p>\\r\\n<p>Nos reservamos el derecho, pero no estamos obligados, para limitar las ventas de nuestros productos o servicios a cualquier persona, regi\\u00f3n geogr\\u00e1fica o jurisdicci\\u00f3n.&nbsp; Podemos ejercer este derecho basados en cada caso.&nbsp; Nos reservamos el derecho de limitar las cantidades de los productos o servicios que ofrecemos.&nbsp; Todas las descripciones de productos o precios de los productos est\\u00e1n sujetos a cambios en cualquier momento sin previo aviso, a nuestra sola discreci\\u00f3n.&nbsp; Nos reservamos el derecho de discontinuar cualquier producto en cualquier momento.&nbsp; Cualquier oferta de producto o servicio hecho en este sitio es nulo donde est\\u00e9 prohibido.<\\/p>\\r\\n<p><\\/p>\\r\\n<p>\\r\\n<\\/p>\\r\\n<p>\\r\\n<\\/p>\\r\\n<p>\\r\\n<\\/p>\\r\\n<p><strong>SECCI\\u00d3N 6 - EXACTITUD DE FACTURACI\\u00d3N E INFORMACI\\u00d3N DE CUENTA.<\\/strong><\\/p>\\r\\n<p><\\/p>\\r\\n<p>Nos reservamos el derecho de rechazar cualquier pedido que realice con nosotros. Podemos, a nuestra discreci\\u00f3n, limitar o cancelar las cantidades compradas por persona, por hogar o por pedido. Estas restricciones pueden incluir pedidos realizados por o bajo la misma cuenta de cliente, la misma tarjeta de cr\\u00e9dito, y\\/o pedidos que utilizan la misma facturaci\\u00f3n y\\/o direcci\\u00f3n de env\\u00edo.<\\/p>\\r\\n<p>\\r\\n<\\/p>\\r\\n<p>En el caso de que hagamos un cambio o cancelemos una orden, podemos intentar notificarte poni\\u00e9ndonos en contacto v\\u00eda correo electr\\u00f3nico y\\/o direcci\\u00f3n de facturaci\\u00f3n \\/ n\\u00famero de tel\\u00e9fono proporcionado en el momento que se hizo pedido. Nos reservamos el derecho de limitar o prohibir las \\u00f3rdenes que, a nuestro juicio, parecen ser colocado por los concesionarios, revendedores o distribuidores.<\\/p>\\r\\n<p>\\r\\n<\\/p>\\r\\n<p>Te comprometes a proporcionar informaci\\u00f3n actual, completa y precisa de la compra y cuenta utilizada para todas las compras realizadas en nuestra tienda.&nbsp; Te comprometes a actualizar r\\u00e1pidamente tu cuenta y otra informaci\\u00f3n, incluyendo tu direcci\\u00f3n de correo electr\\u00f3nico y n\\u00fameros de tarjetas de cr\\u00e9dito y fechas de vencimiento, para que podamos completar tus transacciones y contactarte cuando sea necesario.<\\/p>\\r\\n<p>\\r\\n<\\/p>\\r\\n<p>Para m\\u00e1s detalles, por favor revisa nuestra Pol\\u00edtica de Devoluciones.<\\/p>\\r\\n<p><\\/p>\\r\\n<p>\\r\\n<\\/p>\\r\\n<p><strong>SECCI\\u00d3N 7 - HERRAMIENTAS OPCIONALES.<\\/strong><\\/p>\\r\\n<p><\\/p>\\r\\n<p>Es posible que te proporcionemos acceso a herramientas de terceros a los cuales no monitoreamos y sobre los que no tenemos control ni entrada.<\\/p>\\r\\n<p>\\r\\n<\\/p>\\r\\n<p>Reconoces y aceptas que proporcionamos acceso a este tipo de herramientas \\\"tal cual\\\" y \\\"seg\\u00fan disponibilidad\\\" sin garant\\u00edas, representaciones o condiciones de ning\\u00fan tipo y sin ning\\u00fan respaldo.&nbsp; No tendremos responsabilidad alguna derivada de o relacionada con tu uso de herramientas proporcionadas por terceras partes.<\\/p>\\r\\n<p>\\r\\n<\\/p>\\r\\n<p>Cualquier uso que hagas de las herramientas opcionales que se ofrecen a trav\\u00e9s del sitio bajo tu propio riesgo y discreci\\u00f3n y debes asegurarte de estar familiarizado y aprobar los t\\u00e9rminos bajo los cuales estas herramientas son proporcionadas por el o los proveedores de terceros.<\\/p>\\r\\n<p>\\r\\n<\\/p>\\r\\n<p>Tambi\\u00e9n es posible que, en el futuro, te ofrezcamos nuevos servicios y\\/o caracter\\u00edsticas a trav\\u00e9s del sitio web (incluyendo el lanzamiento de nuevas herramientas y recursos).&nbsp; Estas nuevas caracter\\u00edsticas y\\/o servicios tambi\\u00e9n estar\\u00e1n sujetos a estos T\\u00e9rminos de Servicio.<\\/p>\\r\\n<p><\\/p>\\r\\n<p>\\r\\n<\\/p>\\r\\n<p><strong>SECCI\\u00d3N 8 - ENLACES DE TERCERAS PARTES.<\\/strong><\\/p>\\r\\n<p><\\/p>\\r\\n<p>Cierto contenido, productos y servicios disponibles v\\u00eda nuestro Servicio puede incluir material de terceras partes.<\\/p>\\r\\n<p>\\r\\n<\\/p>\\r\\n<p>Enlaces de terceras partes en este sitio pueden direccionarte a sitios web de terceras partes que no est\\u00e1n afiliadas con nosotros. No nos responsabilizamos de examinar o evaluar el contenido o exactitud y no garantizamos ni tendremos ninguna obligaci\\u00f3n o responsabilidad por cualquier material de terceros o sitios web, o de cualquier material, productos o servicios de terceros.<\\/p>\\r\\n<p>\\r\\n<\\/p>\\r\\n<p>No nos hacemos responsables de cualquier da\\u00f1o o da\\u00f1os relacionados con la adquisici\\u00f3n o utilizaci\\u00f3n de bienes, servicios, recursos, contenidos, o cualquier otra transacci\\u00f3n realizadas en conexi\\u00f3n con sitios web de terceros. Por favor revisa cuidadosamente las pol\\u00edticas y pr\\u00e1cticas de terceros y aseg\\u00farate de entenderlas antes de participar en cualquier transacci\\u00f3n. Quejas, reclamos, inquietudes o preguntas con respecto a productos de terceros deben ser dirigidas a la tercera parte.<\\/p>\\r\\n<p><\\/p>\\r\\n<p>\\r\\n<\\/p>\\r\\n<p><strong>SECCI\\u00d3N 9 - COMENTARIOS DE USUARIO, CAPTACI\\u00d3N Y OTROS ENV\\u00cdOS.<\\/strong><\\/p>\\r\\n<p><\\/p>\\r\\n<p>Si, a pedido nuestro, se env\\u00eda ciertas presentaciones espec\\u00edficas (por ejemplo la participaci\\u00f3n en concursos) o sin un pedido de nuestra parte env\\u00edas, sugerencias, proposiciones, planes, u otros materiales, ya sea en l\\u00ednea, por email, por correo postal, o de otra manera (colectivamente, \'comentarios\'), aceptas que podamos, en cualquier momento, sin restricci\\u00f3n, editar, copiar, publicar, distribuir, traducir o utilizar por cualquier medio comentarios que nos hayas enviado. No tenemos ni tendremos ninguna obligaci\\u00f3n (1) de mantener ning\\u00fan comentario confidencialmente; (2) de pagar compensaci\\u00f3n por comentarios; o (3) de responder a comentarios.<\\/p>\\r\\n<p>\\r\\n<\\/p>\\r\\n<p>Nosotros podemos, pero no tenemos obligaci\\u00f3n de, monitorear, editar o remover contenido que consideremos sea ileg\\u00edtimo, ofensivo, amenazante, calumnioso, difamatorio, pornogr\\u00e1fico, obsceno u objetable o viole la propiedad intelectual de cualquiera de las partes o los T\\u00e9rminos de Servicio.<\\/p>\\r\\n<p>\\r\\n<\\/p>\\r\\n<p>Aceptas que tus comentarios no violar\\u00e1n los derechos de terceras partes, incluyendo derechos de autor, marca, privacidad, personalidad u otro derechos personal o de propiedad. Asimismo, aceptas que tus comentarios no contienen material difamatorio o ilegal, abusivo u obsceno, o contienen virus inform\\u00e1ticos u otro malware que pudiera, de alguna manera, afectar el funcionamiento del Servicio o de cualquier sitio web relacionado.&nbsp; No puedes utilizar una direcci\\u00f3n de correo electr\\u00f3nico falsa, usar otra identidad que no sea leg\\u00edtima, o enga\\u00f1ar a terceras partes o a nosotros en cuanto al origen de tus comentarios.&nbsp; Tu eres el \\u00fanico responsable por los comentarios que haces y su precisi\\u00f3n.&nbsp; No nos hacemos responsables y no asumimos ninguna obligaci\\u00f3n con respecto a los comentarios publicados por ti o cualquier tercer parte.<\\/p>\\r\\n<p><\\/p>\\r\\n<p>\\r\\n<\\/p>\\r\\n<p>\\r\\n<\\/p>\\r\\n<p><strong>SECCI\\u00d3N 10 - INFORMACI\\u00d3N PERSONAL.<\\/strong><\\/p>\\r\\n<p><\\/p>\\r\\n<p>Tu presentaci\\u00f3n de informaci\\u00f3n personal a trav\\u00e9s del sitio se rige por nuestra Pol\\u00edtica de Privacidad. Para ver nuestra <a href=\\\"http:\\/\\/localhost:8888\\/turismo_maternidad\\/html\\/politicas-privacidad#entry:85:url\\\">Pol\\u00edtica de Privacidad.<\\/a><\\/p>\\r\\n<p><\\/p>\\r\\n<p>\\r\\n<\\/p>\\r\\n<p>\\r\\n<\\/p>\\r\\n<p><strong>SECCI\\u00d3N 11 - ERRORES, INEXACTITUDES Y OMISIONES.<\\/strong><\\/p>\\r\\n<p><\\/p>\\r\\n<p>De vez en cuando puede haber informaci\\u00f3n en nuestro sitio o en el Servicio que contiene errores tipogr\\u00e1ficos, inexactitudes u omisiones que puedan estar relacionadas con las descripciones de productos, precios, promociones, ofertas, gastos del producto o servicio, el tiempo de tr\\u00e1nsito y la disponibilidad. Nos reservamos el derecho de corregir los errores, inexactitudes u omisiones y de cambiar o actualizar la informaci\\u00f3n o cancelar pedidos si alguna informaci\\u00f3n en el Servicio o en cualquier sitio web relacionado es inexacta en cualquier momento sin previo aviso (incluso despu\\u00e9s de que hayas enviado tu orden) .<\\/p>\\r\\n<p>\\r\\n<\\/p>\\r\\n<p>No asumimos ninguna obligaci\\u00f3n de actualizar, corregir o aclarar la informaci\\u00f3n en el Servicio o en cualquier sitio web relacionado, incluyendo, sin limitaci\\u00f3n, la informaci\\u00f3n de precios, excepto cuando sea requerido por la ley. Ninguna especificaci\\u00f3n actualizada o fecha de actualizaci\\u00f3n aplicada en el Servicio o en cualquier sitio web relacionado, debe ser tomada para indicar que toda la informaci\\u00f3n en el Servicio o en cualquier sitio web relacionado ha sido modificado o actualizado.<\\/p>\\r\\n<p><\\/p>\\r\\n<p>\\r\\n<\\/p>\\r\\n<p>\\r\\n<\\/p>\\r\\n<p><strong>SECCI\\u00d3N 12 - USOS PROHIBIDOS.<\\/strong><\\/p>\\r\\n<p><\\/p>\\r\\n<p>En adici\\u00f3n a otras prohibiciones como se establece en los T\\u00e9rminos de Servicio, se prohibe el uso del sitio o su contenido: (a) para ning\\u00fan prop\\u00f3sito ilegal; (b) para pedirle a otros que realicen o participen en actos il\\u00edcitos; (c) para violar cualquier regulaci\\u00f3n, reglas, leyes internacionales, federales, provinciales o estatales, u ordenanzas locales; (d) para infringir o violar el derecho de propiedad intelectual nuestro o de terceras partes; (e) para acosar, abusar, insultar, da\\u00f1ar, difamar, calumniar, desprestigiar, intimidar o discriminar por razones de g\\u00e9nero, orientaci\\u00f3n sexual, religi\\u00f3n, etnia, raza, edad, nacionalidad o discapacidad; (f) para presentar informaci\\u00f3n falsa o enga\\u00f1osa; (g) para cargar o transmitir virus o cualquier otro tipo de c\\u00f3digo malicioso que sea o pueda ser utilizado en cualquier forma que pueda comprometer la funcionalidad o el funcionamiento del Servicio o de cualquier sitio web relacionado, otros sitios o Internet; (h) para recopilar o rastrear informaci\\u00f3n personal de otros; (i) para generar spam, phish, pharm, pretext, spider, crawl, or scrape; (j) para cualquier prop\\u00f3sito obsceno o inmoral; o (k) para interferir con o burlar los elementos de seguridad del Servicio o cualquier sitio web relacionado\\u00bf otros sitios o Internet. Nos reservamos el derecho de suspender el uso del Servicio o de cualquier sitio web relacionado por violar cualquiera de los \\u00edtems de los usos prohibidos.<\\/p>\\r\\n<p><\\/p>\\r\\n<p>\\r\\n<\\/p>\\r\\n<p>\\r\\n<\\/p>\\r\\n<p><strong>SECCI\\u00d3N 13 - EXCLUSI\\u00d3N DE GARANT\\u00cdAS; LIMITACI\\u00d3N DE RESPONSABILIDAD.<\\/strong><\\/p>\\r\\n<p><\\/p>\\r\\n<p>No garantizamos ni aseguramos que el uso de nuestro servicio ser\\u00e1 ininterrumpido, puntual, seguro o libre de errores.<\\/p>\\r\\n<p>\\r\\n<\\/p>\\r\\n<p>No garantizamos que los resultados que se puedan obtener del uso del servicio ser\\u00e1n exactos o confiables.<\\/p>\\r\\n<p>\\r\\n<\\/p>\\r\\n<p>Aceptas que de vez en cuando podemos quitar el servicio por per\\u00edodos de tiempo indefinidos o cancelar el servicio en cualquier momento sin previo aviso.<\\/p>\\r\\n<p>\\r\\n<\\/p>\\r\\n<p>Aceptas expresamente que el uso de, o la posibilidad de utilizar, el servicio es bajo tu propio riesgo.&nbsp; El servicio y todos los productos y servicios proporcionados a trav\\u00e9s del servicio son (salvo lo expresamente manifestado por nosotros) proporcionados \\\"tal cual\\\" y \\\"seg\\u00fan est\\u00e9 disponible\\\" para su uso, sin ning\\u00fan tipo de representaci\\u00f3n, garant\\u00edas o condiciones de ning\\u00fan tipo, ya sea expresa o impl\\u00edcita, incluidas todas las garant\\u00edas o condiciones impl\\u00edcitas de comercializaci\\u00f3n, calidad comercializable, la aptitud para un prop\\u00f3sito particular, durabilidad, t\\u00edtulo y no infracci\\u00f3n.<\\/p>\\r\\n<p>\\r\\n<\\/p>\\r\\n<p>En ning\\u00fan caso <strong>TURISMO M\\u00c9DICO DIGITAL, S.A.P.I. DE C.V.,<\\/strong> nuestros directores, funcionarios, empleados, afiliados, agentes, contratistas, internos, proveedores, prestadores de servicios o licenciantes ser\\u00e1n responsables por cualquier da\\u00f1o, p\\u00e9rdida, reclamo, o da\\u00f1os directos, indirectos, incidentales, punitivos, especiales o consecuentes de cualquier tipo, incluyendo, sin limitaci\\u00f3n, p\\u00e9rdida de beneficios, p\\u00e9rdida de ingresos, p\\u00e9rdida de ahorros, p\\u00e9rdida de datos, costos de reemplazo, o cualquier da\\u00f1o similar, ya sea basado en contrato, agravio (incluyendo negligencia), responsabilidad estricta o de otra manera, como consecuencia del uso de cualquiera de los servicios o productos adquiridos mediante el servicio, o por cualquier otro reclamo relacionado de alguna manera con el uso del servicio o cualquier producto, incluyendo pero no limitado, a cualquier error u omisi\\u00f3n en cualquier contenido, o cualquier p\\u00e9rdida o da\\u00f1o de cualquier tipo incurridos como resultados de la utilizaci\\u00f3n del servicio o cualquier contenido (o producto) publicado, transmitido, o que se pongan a disposici\\u00f3n a trav\\u00e9s del servicio, incluso si se avisa de su posibilidad.&nbsp; Debido a que algunos estados o jurisdicciones no permiten la exclusi\\u00f3n o la limitaci\\u00f3n de responsabilidad por da\\u00f1os consecuenciales o incidentales, en tales estados o jurisdicciones, nuestra responsabilidad se limitar\\u00e1 en la medida m\\u00e1xima permitida por la ley.<\\/p>\\r\\n<p><\\/p>\\r\\n<p>\\r\\n<\\/p>\\r\\n<p>\\r\\n<\\/p>\\r\\n<p><strong>SECCI\\u00d3N 14 - INDEMNIZACI\\u00d3N.<\\/strong><\\/p>\\r\\n<p><\\/p>\\r\\n<p>Aceptas indemnizar, defender y mantener indemne TURISMO M\\u00c9DICO DIGITAL, S.A.P.I. DE C.V. y nuestras matrices, subsidiarias, afiliados, socios, funcionarios, directores, agentes, contratistas, concesionarios, proveedores de servicios, subcontratistas, proveedores, internos y empleados, de cualquier reclamo o demanda, incluyendo honorarios razonables de abogados, hechos por cualquier tercero a causa o como resultado de tu incumplimiento de las Condiciones de Servicio o de los documentos que incorporan como referencia, o la violaci\\u00f3n de cualquier ley o de los derechos de u tercero.<\\/p>\\r\\n<p><\\/p>\\r\\n<p>\\r\\n<\\/p>\\r\\n<p><strong>SECCI\\u00d3N 15 - DIVISIBILIDAD.<\\/strong><\\/p>\\r\\n<p><\\/p>\\r\\n<p>En el caso de que se determine que cualquier disposici\\u00f3n de estas Condiciones de Servicio sea ilegal, nula o inejecutable, dicha disposici\\u00f3n ser\\u00e1, no obstante, efectiva a obtener la m\\u00e1xima medida permitida por la ley aplicable, y la parte no exigible se considerar\\u00e1 separada de estos T\\u00e9rminos de Servicio, dicha determinaci\\u00f3n no afectar\\u00e1 la validez de aplicabilidad de las dem\\u00e1s disposiciones restantes.<\\/p>\\r\\n<p><\\/p>\\r\\n<p>\\r\\n<\\/p>\\r\\n<p>\\r\\n<\\/p>\\r\\n<p><strong>SECCI\\u00d3N 16 - RESCISI\\u00d3N.<\\/strong><\\/p>\\r\\n<p><\\/p>\\r\\n<p>Las obligaciones y responsabilidades de las partes que hayan incurrido con anterioridad a la fecha de terminaci\\u00f3n sobrevivir\\u00e1n a la terminaci\\u00f3n de este acuerdo a todos los efectos.<\\/p>\\r\\n<p>\\r\\n<\\/p>\\r\\n<p>Estas Condiciones de servicio son efectivos a menos que y hasta que sea terminado por ti o nosotros. Puedes terminar estos T\\u00e9rminos de Servicio en cualquier momento por avisarnos que ya no deseas utilizar nuestros servicios, o cuando dejes de usar nuestro sitio.<\\/p>\\r\\n<p>\\r\\n<\\/p>\\r\\n<p>Si a nuestro juicio, fallas, o se sospecha que haz fallado, en el cumplimiento de cualquier t\\u00e9rmino o disposici\\u00f3n de estas Condiciones de Servicio, tambi\\u00e9n podemos terminar este acuerdo en cualquier momento sin previo aviso, y seguir\\u00e1s siendo responsable de todos los montos adeudados hasta incluida la fecha de terminaci\\u00f3n; y\\/o en consecuencia podemos negarte el acceso a nuestros servicios (o cualquier parte del mismo).<\\/p>\\r\\n<p><\\/p>\\r\\n<p>\\r\\n<\\/p>\\r\\n<p><strong>SECCI\\u00d3N 17 - ACUERDO COMPLETO.<\\/strong><\\/p>\\r\\n<p><\\/p>\\r\\n<p>Nuestra falla para ejercer o hacer valer cualquier derecho o disposici\\u00f3n de estas Condiciones de Servicio no constituir\\u00e1 una renuncia a tal derecho o disposici\\u00f3n.<\\/p>\\r\\n<p>\\r\\n<\\/p>\\r\\n<p>Estas Condiciones del servicio y las pol\\u00edticas o reglas de operaci\\u00f3n publicadas por nosotros en este sitio o con respecto al servicio constituyen el acuerdo completo y el entendimiento entre tu y nosotros y rigen el uso del Servicio y reemplaza cualquier acuerdo, comunicaciones y propuestas anteriores o contempor\\u00e1neas, ya sea oral o escrita, entre tu y nosotros (incluyendo, pero no limitado a, cualquier versi\\u00f3n previa de los T\\u00e9rminos de Servicio).<\\/p>\\r\\n<p>\\r\\n<\\/p>\\r\\n<p>Cualquier ambig\\u00fcedad en la interpretaci\\u00f3n de estas Condiciones del servicio no se interpretar\\u00e1n en contra del grupo de redacci\\u00f3n.<\\/p>\\r\\n<p><\\/p>\\r\\n<p>\\r\\n<\\/p>\\r\\n<p>\\r\\n<\\/p>\\r\\n<p><strong>SECCI\\u00d3N 18 - LEY.<\\/strong><\\/p>\\r\\n<p><\\/p>\\r\\n<p>Estas Condiciones del servicio y cualquier acuerdos aparte en el que te proporcionemos servicios se regir\\u00e1n e interpretar\\u00e1n en conformidad con las leyes de los Estados Unidos Mexicanos.<\\/p>\\r\\n<p><\\/p>\\r\\n<p>\\r\\n<\\/p>\\r\\n<p>\\r\\n<\\/p>\\r\\n<p><strong>SECCI\\u00d3N 19 - CAMBIOS EN LOS T\\u00c9RMINOS DE SERVICIO.<\\/strong><\\/p>\\r\\n<p><\\/p>\\r\\n<p>Puedes revisar la versi\\u00f3n m\\u00e1s actualizada de los T\\u00e9rminos de Servicio en cualquier momento en esta p\\u00e1gina.<\\/p>\\r\\n<p>\\r\\n<\\/p>\\r\\n<p>Nos reservamos el derecho, a nuestra sola discreci\\u00f3n, de actualizar, modificar o reemplazar cualquier parte de estas Condiciones del servicio mediante la publicaci\\u00f3n de las actualizaciones y los cambios en nuestro sitio web. Es tu responsabilidad revisar nuestro sitio web peri\\u00f3dicamente para verificar los cambios. El uso cont\\u00ednuo de o el acceso a nuestro sitio Web o el Servicio despu\\u00e9s de la publicaci\\u00f3n de cualquier cambio en estas Condiciones de servicio implica la aceptaci\\u00f3n de dichos cambios.<\\/p>\\r\\n<p><\\/p>\\r\\n<p>\\r\\n<\\/p>\\r\\n<p>\\r\\n<\\/p>\\r\\n<p><strong>SECCI\\u00d3N 20 - INFORMACI\\u00d3N DE CONTACTO.<\\/strong><\\/p>\\r\\n<p><\\/p>\\r\\n<p><strong>\\r\\n<\\/strong><\\/p>\\r\\n<p>Para cualquier duda o aclaraci\\u00f3n puedes comunicarte v\\u00eda correo electr\\u00f3nico a la siguiente direcci\\u00f3n info@turismomaternidad.com<\\/p>\",\"3\":{\"seoMainEntityCategory\":\"CreativeWork\",\"seoMainEntityOfPage\":\"WebPage\",\"seoTitleSource\":\"field\",\"seoTitleSourceField\":\"title\",\"seoTitleUnparsed\":\"T\\u00e9rminos y Condiciones\",\"seoDescriptionSource\":\"field\",\"seoDescriptionSourceField\":\"body\",\"seoDescriptionUnparsed\":\"\",\"seoKeywordsSource\":\"custom\",\"seoKeywordsSourceField\":\"tags\",\"seoKeywordsUnparsed\":\"nacionalidad, americana, bebe, estados unidos, nacimiento, proceso, parto, dar a luz, precios, paso a paso, proceso, migratorio, doctores, hospedaje, preguntas\",\"seoImageIdSource\":\"field\",\"seoImageIdSourceField\":\"featuredImage\",\"seoImageId\":\"\",\"seoImageTransform\":\"\",\"canonicalUrlOverride\":\"\",\"twitterCardType\":\"summary_large_image\",\"seoTwitterImageIdSource\":\"field\",\"seoTwitterImageIdSourceField\":\"featuredImage\",\"seoTwitterImageId\":\"\",\"seoTwitterImageTransform\":\"\",\"openGraphType\":\"website\",\"seoFacebookImageIdSource\":\"field\",\"seoFacebookImageIdSourceField\":\"featuredImage\",\"seoFacebookImageId\":\"\",\"seoFacebookImageTransform\":\"\",\"robots\":\"all\"},\"2\":\"\"}}','2018-12-28 16:02:50','2018-12-28 16:02:50','affabcd8-e43e-41ff-8180-e6ffdd8b2794'),
	(41,126,12,1,'es',9,'','{\"typeId\":null,\"authorId\":null,\"title\":\"T\\u00e9rminos y Condiciones\",\"slug\":\"t\\u00e9rminos-y-condiciones\",\"postDate\":1546011164,\"expiryDate\":null,\"enabled\":1,\"parentId\":null,\"fields\":{\"1\":\"\",\"4\":\"\",\"8\":\"<p><strong>SECCI&Oacute;N 1 - T&Eacute;RMINOS DE LA TIENDA EN L&Iacute;NEA.<\\/strong><\\/p><p><br><\\/p><p>Al utilizar este sitio, declaras que tienes al menos la mayor&iacute;a de edad en tu estado, provincia de residencia o en tu pa&iacute;s, y que nos has dado tu consentimiento para permitir que cualquiera de tus dependientes menores use este sitio.<\\/p><p>No puedes usar nuestros productos con ning&uacute;n prop&oacute;sito ilegal o no autorizado tampoco puedes, en el uso del Servicio, violar cualquier ley en tu jurisdicci&oacute;n (incluyendo pero no limitado a las leyes de derecho de autor).<\\/p><p>El incumplimiento o violaci&oacute;n de cualquiera de estos T&eacute;rminos dar&aacute;n lugar al cese inmediato de tus Servicios.<\\/p><p><br><\\/p><p><strong>SECCI&Oacute;N 2 - CONDICIONES GENERALES.<\\/strong><\\/p><p><br><\\/p><p>Nos reservamos el derecho de rechazar la prestaci&oacute;n de servicio a cualquier persona, por cualquier motivo y en cualquier momento.<\\/p><p>Entiendes que tu contenido (sin incluir la informaci&oacute;n de tu tarjeta de cr&eacute;dito), puede ser transferida sin encriptar e involucrar (a) transmisiones a trav&eacute;s de varias redes; y (b) cambios para ajustarse o adaptarse a los requisitos t&eacute;cnicos de conexi&oacute;n de redes o dispositivos. La informaci&oacute;n de tarjetas de cr&eacute;dito est&aacute; siempre encriptada durante la transferencia a trav&eacute;s de las redes.<\\/p><p>Est&aacute;s de acuerdo con no reproducir, duplicar, copiar, vender, revender o explotar cualquier parte del Servicio, uso del Servicio, o acceso al Servicio o cualquier contacto en el sitio web a trav&eacute;s del cual se presta el servicio, sin el expreso permiso por escrito de nuestra parte.<\\/p><p>Los t&iacute;tulos utilizados en este acuerdo se incluyen solo por conveniencia y no limita o afecta a estos T&eacute;rminos.<\\/p><p><br><\\/p><p><strong>SECCI&Oacute;N 3 - EXACTITUD, EXHAUSTIVIDAD Y ACTUALIDAD DE LA INFORMACI&Oacute;N.<\\/strong><\\/p><p><br><\\/p><p>No nos hacemos responsables si la informaci&oacute;n disponible en este sitio no es exacta, completa o actual.&nbsp; El material en este sitio es provisto s&oacute;lo para informaci&oacute;n general y no debe confiarse en ella o utilizarse como la &uacute;nica base para la toma de decisiones sin consultar primeramente, informaci&oacute;n m&aacute;s precisa, completa u oportuna. Cualquier dependencia en el materia de este sitio es bajo su propio riesgo.<\\/p><p>Este sitio puede contener cierta informaci&oacute;n hist&oacute;rica. &nbsp;La informaci&oacute;n hist&oacute;rica, no es necesariamente actual y es provista &uacute;nicamente para tu referencia. &nbsp;Nos reservamos el derecho de modificar los contenidos de este sitio en cualquier momento, pero no tenemos obligaci&oacute;n de actualizar cualquier informaci&oacute;n en nuestro sitio. &nbsp;Aceptas que es tu responsabilidad de monitorear los cambios en nuestro sitio.<\\/p><p><br><\\/p><p><strong>SECCI&Oacute;N 4 - MODIFICACIONES AL SERVICIO Y PRECIOS.<\\/strong><\\/p><p><br><\\/p><p>Los precios de nuestros productos est&aacute;n sujetos a cambio sin aviso.<\\/p><p>Nos reservamos el derecho de modificar o discontinuar el Servicio (o cualquier parte del contenido) en cualquier momento sin aviso previo.<\\/p><p>No seremos responsables ante ti o alguna tercera parte por cualquier modificaci&oacute;n, cambio de precio, suspensi&oacute;n o discontinuidad del Servicio.<\\/p><p><br><\\/p><p><strong>SECCI&Oacute;N 5 - PRODUCTOS O SERVICIOS (si aplicable).<\\/strong><\\/p><p><br><\\/p><p>Ciertos productos o servicios pueden estar disponibles exclusivamente en l&iacute;nea a trav&eacute;s del sitio web. Estos productos o servicios pueden tener cantidades limitadas y estar sujetas a devoluci&oacute;n o cambio de acuerdo a nuestra pol&iacute;tica de devoluci&oacute;n solamente.<\\/p><p>Hemos hecho el esfuerzo de mostrar los colores y las im&aacute;genes de nuestros productos, en la tienda, con la mayor precisi&oacute;n de colores posible. &nbsp;No podemos garantizar que el monitor de tu computadora muestre los colores de manera exacta.<\\/p><p>Nos reservamos el derecho, pero no estamos obligados, para limitar las ventas de nuestros productos o servicios a cualquier persona, regi&oacute;n geogr&aacute;fica o jurisdicci&oacute;n. &nbsp;Podemos ejercer este derecho basados en cada caso. &nbsp;Nos reservamos el derecho de limitar las cantidades de los productos o servicios que ofrecemos. &nbsp;Todas las descripciones de productos o precios de los productos est&aacute;n sujetos a cambios en cualquier momento sin previo aviso, a nuestra sola discreci&oacute;n. &nbsp;Nos reservamos el derecho de discontinuar cualquier producto en cualquier momento. &nbsp;Cualquier oferta de producto o servicio hecho en este sitio es nulo donde est&eacute; prohibido.<\\/p><p><br><\\/p><p><strong>SECCI&Oacute;N 6 - EXACTITUD DE FACTURACI&Oacute;N E INFORMACI&Oacute;N DE CUENTA.<\\/strong><\\/p><p><br><\\/p><p>Nos reservamos el derecho de rechazar cualquier pedido que realice con nosotros. Podemos, a nuestra discreci&oacute;n, limitar o cancelar las cantidades compradas por persona, por hogar o por pedido. Estas restricciones pueden incluir pedidos realizados por o bajo la misma cuenta de cliente, la misma tarjeta de cr&eacute;dito, y\\/o pedidos que utilizan la misma facturaci&oacute;n y\\/o direcci&oacute;n de env&iacute;o.<\\/p><p>En el caso de que hagamos un cambio o cancelemos una orden, podemos intentar notificarte poni&eacute;ndonos en contacto v&iacute;a correo electr&oacute;nico y\\/o direcci&oacute;n de facturaci&oacute;n \\/ n&uacute;mero de tel&eacute;fono proporcionado en el momento que se hizo pedido. Nos reservamos el derecho de limitar o prohibir las &oacute;rdenes que, a nuestro juicio, parecen ser colocado por los concesionarios, revendedores o distribuidores.<\\/p><p>Te comprometes a proporcionar informaci&oacute;n actual, completa y precisa de la compra y cuenta utilizada para todas las compras realizadas en nuestra tienda. &nbsp;Te comprometes a actualizar r&aacute;pidamente tu cuenta y otra informaci&oacute;n, incluyendo tu direcci&oacute;n de correo electr&oacute;nico y n&uacute;meros de tarjetas de cr&eacute;dito y fechas de vencimiento, para que podamos completar tus transacciones y contactarte cuando sea necesario.<\\/p><p>Para m&aacute;s detalles, por favor revisa nuestra Pol&iacute;tica de Devoluciones.<\\/p><p><br><\\/p><p><strong>SECCI&Oacute;N 7 - HERRAMIENTAS OPCIONALES.<\\/strong><\\/p><p><br><\\/p><p>Es posible que te proporcionemos acceso a herramientas de terceros a los cuales no monitoreamos y sobre los que no tenemos control ni entrada.<\\/p><p>Reconoces y aceptas que proporcionamos acceso a este tipo de herramientas &quot;tal cual&quot; y &quot;seg&uacute;n disponibilidad&quot; sin garant&iacute;as, representaciones o condiciones de ning&uacute;n tipo y sin ning&uacute;n respaldo. &nbsp;No tendremos responsabilidad alguna derivada de o relacionada con tu uso de herramientas proporcionadas por terceras partes.<\\/p><p>Cualquier uso que hagas de las herramientas opcionales que se ofrecen a trav&eacute;s del sitio bajo tu propio riesgo y discreci&oacute;n y debes asegurarte de estar familiarizado y aprobar los t&eacute;rminos bajo los cuales estas herramientas son proporcionadas por el o los proveedores de terceros.<\\/p><p>Tambi&eacute;n es posible que, en el futuro, te ofrezcamos nuevos servicios y\\/o caracter&iacute;sticas a trav&eacute;s del sitio web (incluyendo el lanzamiento de nuevas herramientas y recursos). &nbsp;Estas nuevas caracter&iacute;sticas y\\/o servicios tambi&eacute;n estar&aacute;n sujetos a estos T&eacute;rminos de Servicio.<\\/p><p><br><\\/p><p><strong>SECCI&Oacute;N 8 - ENLACES DE TERCERAS PARTES.<\\/strong><\\/p><p><br><\\/p><p>Cierto contenido, productos y servicios disponibles v&iacute;a nuestro Servicio puede incluir material de terceras partes.<\\/p><p>Enlaces de terceras partes en este sitio pueden direccionarte a sitios web de terceras partes que no est&aacute;n afiliadas con nosotros. No nos responsabilizamos de examinar o evaluar el contenido o exactitud y no garantizamos ni tendremos ninguna obligaci&oacute;n o responsabilidad por cualquier material de terceros o sitios web, o de cualquier material, productos o servicios de terceros.<\\/p><p>No nos hacemos responsables de cualquier da&ntilde;o o da&ntilde;os relacionados con la adquisici&oacute;n o utilizaci&oacute;n de bienes, servicios, recursos, contenidos, o cualquier otra transacci&oacute;n realizadas en conexi&oacute;n con sitios web de terceros. Por favor revisa cuidadosamente las pol&iacute;ticas y pr&aacute;cticas de terceros y aseg&uacute;rate de entenderlas antes de participar en cualquier transacci&oacute;n. Quejas, reclamos, inquietudes o preguntas con respecto a productos de terceros deben ser dirigidas a la tercera parte.<\\/p><p><br><\\/p><p><strong>SECCI&Oacute;N 9 - COMENTARIOS DE USUARIO, CAPTACI&Oacute;N Y OTROS ENV&Iacute;OS.<\\/strong><\\/p><p><br><\\/p><p>Si, a pedido nuestro, se env&iacute;a ciertas presentaciones espec&iacute;ficas (por ejemplo la participaci&oacute;n en concursos) o sin un pedido de nuestra parte env&iacute;as, sugerencias, proposiciones, planes, u otros materiales, ya sea en l&iacute;nea, por email, por correo postal, o de otra manera (colectivamente, &#39;comentarios&#39;), aceptas que podamos, en cualquier momento, sin restricci&oacute;n, editar, copiar, publicar, distribuir, traducir o utilizar por cualquier medio comentarios que nos hayas enviado. No tenemos ni tendremos ninguna obligaci&oacute;n (1) de mantener ning&uacute;n comentario confidencialmente; (2) de pagar compensaci&oacute;n por comentarios; o (3) de responder a comentarios.<\\/p><p>Nosotros podemos, pero no tenemos obligaci&oacute;n de, monitorear, editar o remover contenido que consideremos sea ileg&iacute;timo, ofensivo, amenazante, calumnioso, difamatorio, pornogr&aacute;fico, obsceno u objetable o viole la propiedad intelectual de cualquiera de las partes o los T&eacute;rminos de Servicio.<\\/p><p>Aceptas que tus comentarios no violar&aacute;n los derechos de terceras partes, incluyendo derechos de autor, marca, privacidad, personalidad u otro derechos personal o de propiedad. Asimismo, aceptas que tus comentarios no contienen material difamatorio o ilegal, abusivo u obsceno, o contienen virus inform&aacute;ticos u otro malware que pudiera, de alguna manera, afectar el funcionamiento del Servicio o de cualquier sitio web relacionado. &nbsp;No puedes utilizar una direcci&oacute;n de correo electr&oacute;nico falsa, usar otra identidad que no sea leg&iacute;tima, o enga&ntilde;ar a terceras partes o a nosotros en cuanto al origen de tus comentarios. &nbsp;Tu eres el &uacute;nico responsable por los comentarios que haces y su precisi&oacute;n. &nbsp;No nos hacemos responsables y no asumimos ninguna obligaci&oacute;n con respecto a los comentarios publicados por ti o cualquier tercer parte.<\\/p><p><br><\\/p><p><strong>SECCI&Oacute;N 10 - INFORMACI&Oacute;N PERSONAL.<\\/strong><\\/p><p><br><\\/p><p>Tu presentaci&oacute;n de informaci&oacute;n personal a trav&eacute;s del sitio se rige por nuestra Pol&iacute;tica de Privacidad. Para ver nuestra <a href=\\\"http:\\/\\/localhost:8888\\/turismo_maternidad\\/html\\/politicas-privacidad#entry:85:url\\\">Pol&iacute;tica de Privacidad.<\\/a><\\/p><p><br><\\/p><p><strong>SECCI&Oacute;N 11 - ERRORES, INEXACTITUDES Y OMISIONES.<\\/strong><\\/p><p><br><\\/p><p>De vez en cuando puede haber informaci&oacute;n en nuestro sitio o en el Servicio que contiene errores tipogr&aacute;ficos, inexactitudes u omisiones que puedan estar relacionadas con las descripciones de productos, precios, promociones, ofertas, gastos del producto o servicio, el tiempo de tr&aacute;nsito y la disponibilidad. Nos reservamos el derecho de corregir los errores, inexactitudes u omisiones y de cambiar o actualizar la informaci&oacute;n o cancelar pedidos si alguna informaci&oacute;n en el Servicio o en cualquier sitio web relacionado es inexacta en cualquier momento sin previo aviso (incluso despu&eacute;s de que hayas enviado tu orden) .<\\/p><p>No asumimos ninguna obligaci&oacute;n de actualizar, corregir o aclarar la informaci&oacute;n en el Servicio o en cualquier sitio web relacionado, incluyendo, sin limitaci&oacute;n, la informaci&oacute;n de precios, excepto cuando sea requerido por la ley. Ninguna especificaci&oacute;n actualizada o fecha de actualizaci&oacute;n aplicada en el Servicio o en cualquier sitio web relacionado, debe ser tomada para indicar que toda la informaci&oacute;n en el Servicio o en cualquier sitio web relacionado ha sido modificado o actualizado.<\\/p><p><br><\\/p><p><strong>SECCI&Oacute;N 12 - USOS PROHIBIDOS.<\\/strong><\\/p><p><br><\\/p><p>En adici&oacute;n a otras prohibiciones como se establece en los T&eacute;rminos de Servicio, se prohibe el uso del sitio o su contenido: (a) para ning&uacute;n prop&oacute;sito ilegal; (b) para pedirle a otros que realicen o participen en actos il&iacute;citos; (c) para violar cualquier regulaci&oacute;n, reglas, leyes internacionales, federales, provinciales o estatales, u ordenanzas locales; (d) para infringir o violar el derecho de propiedad intelectual nuestro o de terceras partes; (e) para acosar, abusar, insultar, da&ntilde;ar, difamar, calumniar, desprestigiar, intimidar o discriminar por razones de g&eacute;nero, orientaci&oacute;n sexual, religi&oacute;n, etnia, raza, edad, nacionalidad o discapacidad; (f) para presentar informaci&oacute;n falsa o enga&ntilde;osa; (g) para cargar o transmitir virus o cualquier otro tipo de c&oacute;digo malicioso que sea o pueda ser utilizado en cualquier forma que pueda comprometer la funcionalidad o el funcionamiento del Servicio o de cualquier sitio web relacionado, otros sitios o Internet; (h) para recopilar o rastrear informaci&oacute;n personal de otros; (i) para generar spam, phish, pharm, pretext, spider, crawl, or scrape; (j) para cualquier prop&oacute;sito obsceno o inmoral; o (k) para interferir con o burlar los elementos de seguridad del Servicio o cualquier sitio web relacionado&iquest; otros sitios o Internet. Nos reservamos el derecho de suspender el uso del Servicio o de cualquier sitio web relacionado por violar cualquiera de los &iacute;tems de los usos prohibidos.<\\/p><p><br><\\/p><p><strong>SECCI&Oacute;N 13 - EXCLUSI&Oacute;N DE GARANT&Iacute;AS; LIMITACI&Oacute;N DE RESPONSABILIDAD.<\\/strong><\\/p><p><br><\\/p><p>No garantizamos ni aseguramos que el uso de nuestro servicio ser&aacute; ininterrumpido, puntual, seguro o libre de errores.<\\/p><p>No garantizamos que los resultados que se puedan obtener del uso del servicio ser&aacute;n exactos o confiables.<\\/p><p>Aceptas que de vez en cuando podemos quitar el servicio por per&iacute;odos de tiempo indefinidos o cancelar el servicio en cualquier momento sin previo aviso.<\\/p><p>Aceptas expresamente que el uso de, o la posibilidad de utilizar, el servicio es bajo tu propio riesgo. &nbsp;El servicio y todos los productos y servicios proporcionados a trav&eacute;s del servicio son (salvo lo expresamente manifestado por nosotros) proporcionados &quot;tal cual&quot; y &quot;seg&uacute;n est&eacute; disponible&quot; para su uso, sin ning&uacute;n tipo de representaci&oacute;n, garant&iacute;as o condiciones de ning&uacute;n tipo, ya sea expresa o impl&iacute;cita, incluidas todas las garant&iacute;as o condiciones impl&iacute;citas de comercializaci&oacute;n, calidad comercializable, la aptitud para un prop&oacute;sito particular, durabilidad, t&iacute;tulo y no infracci&oacute;n.<\\/p><p>En ning&uacute;n caso <strong>TURISMO M&Eacute;DICO DIGITAL, S.A.P.I. DE C.V.,<\\/strong> nuestros directores, funcionarios, empleados, afiliados, agentes, contratistas, internos, proveedores, prestadores de servicios o licenciantes ser&aacute;n responsables por cualquier da&ntilde;o, p&eacute;rdida, reclamo, o da&ntilde;os directos, indirectos, incidentales, punitivos, especiales o consecuentes de cualquier tipo, incluyendo, sin limitaci&oacute;n, p&eacute;rdida de beneficios, p&eacute;rdida de ingresos, p&eacute;rdida de ahorros, p&eacute;rdida de datos, costos de reemplazo, o cualquier da&ntilde;o similar, ya sea basado en contrato, agravio (incluyendo negligencia), responsabilidad estricta o de otra manera, como consecuencia del uso de cualquiera de los servicios o productos adquiridos mediante el servicio, o por cualquier otro reclamo relacionado de alguna manera con el uso del servicio o cualquier producto, incluyendo pero no limitado, a cualquier error u omisi&oacute;n en cualquier contenido, o cualquier p&eacute;rdida o da&ntilde;o de cualquier tipo incurridos como resultados de la utilizaci&oacute;n del servicio o cualquier contenido (o producto) publicado, transmitido, o que se pongan a disposici&oacute;n a trav&eacute;s del servicio, incluso si se avisa de su posibilidad.&nbsp; Debido a que algunos estados o jurisdicciones no permiten la exclusi&oacute;n o la limitaci&oacute;n de responsabilidad por da&ntilde;os consecuenciales o incidentales, en tales estados o jurisdicciones, nuestra responsabilidad se limitar&aacute; en la medida m&aacute;xima permitida por la ley.<\\/p><p><br><\\/p><p><strong>SECCI&Oacute;N 14 - INDEMNIZACI&Oacute;N.<\\/strong><\\/p><p><br><\\/p><p>Aceptas indemnizar, defender y mantener indemne TURISMO M&Eacute;DICO DIGITAL, S.A.P.I. DE C.V. y nuestras matrices, subsidiarias, afiliados, socios, funcionarios, directores, agentes, contratistas, concesionarios, proveedores de servicios, subcontratistas, proveedores, internos y empleados, de cualquier reclamo o demanda, incluyendo honorarios razonables de abogados, hechos por cualquier tercero a causa o como resultado de tu incumplimiento de las Condiciones de Servicio o de los documentos que incorporan como referencia, o la violaci&oacute;n de cualquier ley o de los derechos de u tercero.<\\/p><p><br><\\/p><p><strong>SECCI&Oacute;N 15 - DIVISIBILIDAD.<\\/strong><\\/p><p><br><\\/p><p>En el caso de que se determine que cualquier disposici&oacute;n de estas Condiciones de Servicio sea ilegal, nula o inejecutable, dicha disposici&oacute;n ser&aacute;, no obstante, efectiva a obtener la m&aacute;xima medida permitida por la ley aplicable, y la parte no exigible se considerar&aacute; separada de estos T&eacute;rminos de Servicio, dicha determinaci&oacute;n no afectar&aacute; la validez de aplicabilidad de las dem&aacute;s disposiciones restantes.<\\/p><p><br><\\/p><p><strong>SECCI&Oacute;N 16 - RESCISI&Oacute;N.<\\/strong><\\/p><p><br><\\/p><p>Las obligaciones y responsabilidades de las partes que hayan incurrido con anterioridad a la fecha de terminaci&oacute;n sobrevivir&aacute;n a la terminaci&oacute;n de este acuerdo a todos los efectos.<\\/p><p>Estas Condiciones de servicio son efectivos a menos que y hasta que sea terminado por ti o nosotros. Puedes terminar estos T&eacute;rminos de Servicio en cualquier momento por avisarnos que ya no deseas utilizar nuestros servicios, o cuando dejes de usar nuestro sitio.<\\/p><p>Si a nuestro juicio, fallas, o se sospecha que haz fallado, en el cumplimiento de cualquier t&eacute;rmino o disposici&oacute;n de estas Condiciones de Servicio, tambi&eacute;n podemos terminar este acuerdo en cualquier momento sin previo aviso, y seguir&aacute;s siendo responsable de todos los montos adeudados hasta incluida la fecha de terminaci&oacute;n; y\\/o en consecuencia podemos negarte el acceso a nuestros servicios (o cualquier parte del mismo).<\\/p><p><br><\\/p><p><strong>SECCI&Oacute;N 17 - ACUERDO COMPLETO.<\\/strong><\\/p><p><br><\\/p><p>Nuestra falla para ejercer o hacer valer cualquier derecho o disposici&oacute;n de estas Condiciones de Servicio no constituir&aacute; una renuncia a tal derecho o disposici&oacute;n.<\\/p><p>Estas Condiciones del servicio y las pol&iacute;ticas o reglas de operaci&oacute;n publicadas por nosotros en este sitio o con respecto al servicio constituyen el acuerdo completo y el entendimiento entre tu y nosotros y rigen el uso del Servicio y reemplaza cualquier acuerdo, comunicaciones y propuestas anteriores o contempor&aacute;neas, ya sea oral o escrita, entre tu y nosotros (incluyendo, pero no limitado a, cualquier versi&oacute;n previa de los T&eacute;rminos de Servicio).<\\/p><p>Cualquier ambig&uuml;edad en la interpretaci&oacute;n de estas Condiciones del servicio no se interpretar&aacute;n en contra del grupo de redacci&oacute;n.<\\/p><p><br><\\/p><p><strong>SECCI&Oacute;N 18 - LEY.<\\/strong><\\/p><p><br><\\/p><p>Estas Condiciones del servicio y cualquier acuerdos aparte en el que te proporcionemos servicios se regir&aacute;n e interpretar&aacute;n en conformidad con las leyes de los Estados Unidos Mexicanos.<\\/p><p><br><\\/p><p><strong>SECCI&Oacute;N 19 - CAMBIOS EN LOS T&Eacute;RMINOS DE SERVICIO.<\\/strong><\\/p><p><br><\\/p><p>Puedes revisar la versi&oacute;n m&aacute;s actualizada de los T&eacute;rminos de Servicio en cualquier momento en esta p&aacute;gina.<\\/p><p>Nos reservamos el derecho, a nuestra sola discreci&oacute;n, de actualizar, modificar o reemplazar cualquier parte de estas Condiciones del servicio mediante la publicaci&oacute;n de las actualizaciones y los cambios en nuestro sitio web. Es tu responsabilidad revisar nuestro sitio web peri&oacute;dicamente para verificar los cambios. El uso cont&iacute;nuo de o el acceso a nuestro sitio Web o el Servicio despu&eacute;s de la publicaci&oacute;n de cualquier cambio en estas Condiciones de servicio implica la aceptaci&oacute;n de dichos cambios.<\\/p><p><br><\\/p><p><strong>SECCI&Oacute;N 20 - INFORMACI&Oacute;N DE CONTACTO.<\\/strong><\\/p><p><br><\\/p><p>Para cualquier duda o aclaraci&oacute;n puedes comunicarte v&iacute;a correo electr&oacute;nico a la siguiente direcci&oacute;n info@turismomaternidad.com<\\/p>\",\"3\":{\"seoMainEntityCategory\":\"CreativeWork\",\"seoMainEntityOfPage\":\"WebPage\",\"seoTitleSource\":\"field\",\"seoTitleSourceField\":\"title\",\"seoTitleUnparsed\":\"T\\u00e9rminos y Condiciones\",\"seoDescriptionSource\":\"field\",\"seoDescriptionSourceField\":\"body\",\"seoDescriptionUnparsed\":\"\",\"seoKeywordsSource\":\"custom\",\"seoKeywordsSourceField\":\"tags\",\"seoKeywordsUnparsed\":\"nacionalidad, americana, bebe, estados unidos, nacimiento, proceso, parto, dar a luz, precios, paso a paso, proceso, migratorio, doctores, hospedaje, preguntas\",\"seoImageIdSource\":\"field\",\"seoImageIdSourceField\":\"featuredImage\",\"seoImageId\":\"\",\"seoImageTransform\":\"\",\"canonicalUrlOverride\":\"\",\"twitterCardType\":\"summary_large_image\",\"seoTwitterImageIdSource\":\"field\",\"seoTwitterImageIdSourceField\":\"featuredImage\",\"seoTwitterImageId\":\"\",\"seoTwitterImageTransform\":\"\",\"openGraphType\":\"website\",\"seoFacebookImageIdSource\":\"field\",\"seoFacebookImageIdSourceField\":\"featuredImage\",\"seoFacebookImageId\":\"\",\"seoFacebookImageTransform\":\"\",\"robots\":\"all\"},\"2\":\"\"}}','2018-12-28 16:13:44','2018-12-28 16:13:44','91350890-af5c-4861-bff1-15d40e8830c1');

INSERT INTO `craft_entryversions` (`id`, `entryId`, `sectionId`, `creatorId`, `locale`, `num`, `notes`, `data`, `dateCreated`, `dateUpdated`, `uid`)
VALUES
	(42,126,12,1,'es',10,'','{\"typeId\":null,\"authorId\":null,\"title\":\"T\\u00e9rminos y Condiciones\",\"slug\":\"t\\u00e9rminos-y-condiciones\",\"postDate\":1546011164,\"expiryDate\":null,\"enabled\":1,\"parentId\":null,\"fields\":{\"1\":\"\",\"4\":\"\",\"8\":\"<p><strong>SECCI&Oacute;N 1 - T&Eacute;RMINOS DE LA TIENDA EN L&Iacute;NEA.<\\/strong><\\/p><p><br><\\/p><p>Al utilizar este sitio, declaras que tienes al menos la mayor&iacute;a de edad en tu estado, provincia de residencia o en tu pa&iacute;s, y que nos has dado tu consentimiento para permitir que cualquiera de tus dependientes menores use este sitio.<\\/p><p>No puedes usar nuestros productos con ning&uacute;n prop&oacute;sito ilegal o no autorizado tampoco puedes, en el uso del Servicio, violar cualquier ley en tu jurisdicci&oacute;n (incluyendo pero no limitado a las leyes de derecho de autor).<\\/p><p>El incumplimiento o violaci&oacute;n de cualquiera de estos T&eacute;rminos dar&aacute;n lugar al cese inmediato de tus Servicios.<\\/p><p><br><\\/p><p><strong>SECCI&Oacute;N 2 - CONDICIONES GENERALES AGHH.<\\/strong><\\/p><p><br><\\/p><p>Nos reservamos el derecho de rechazar la prestaci&oacute;n de servicio a cualquier persona, por cualquier motivo y en cualquier momento.<\\/p><p>Entiendes que tu contenido (sin incluir la informaci&oacute;n de tu tarjeta de cr&eacute;dito), puede ser transferida sin encriptar e involucrar (a) transmisiones a trav&eacute;s de varias redes; y (b) cambios para ajustarse o adaptarse a los requisitos t&eacute;cnicos de conexi&oacute;n de redes o dispositivos. La informaci&oacute;n de tarjetas de cr&eacute;dito est&aacute; siempre encriptada durante la transferencia a trav&eacute;s de las redes.<\\/p><p>Est&aacute;s de acuerdo con no reproducir, duplicar, copiar, vender, revender o explotar cualquier parte del Servicio, uso del Servicio, o acceso al Servicio o cualquier contacto en el sitio web a trav&eacute;s del cual se presta el servicio, sin el expreso permiso por escrito de nuestra parte.<\\/p><p>Los t&iacute;tulos utilizados en este acuerdo se incluyen solo por conveniencia y no limita o afecta a estos T&eacute;rminos.<\\/p><p><br><\\/p><p><strong>SECCI&Oacute;N 3 - EXACTITUD, EXHAUSTIVIDAD Y ACTUALIDAD DE LA INFORMACI&Oacute;N.<\\/strong><\\/p><p><br><\\/p><p>No nos hacemos responsables si la informaci&oacute;n disponible en este sitio no es exacta, completa o actual.&nbsp; El material en este sitio es provisto s&oacute;lo para informaci&oacute;n general y no debe confiarse en ella o utilizarse como la &uacute;nica base para la toma de decisiones sin consultar primeramente, informaci&oacute;n m&aacute;s precisa, completa u oportuna. Cualquier dependencia en el materia de este sitio es bajo su propio riesgo.<\\/p><p>Este sitio puede contener cierta informaci&oacute;n hist&oacute;rica. &nbsp;La informaci&oacute;n hist&oacute;rica, no es necesariamente actual y es provista &uacute;nicamente para tu referencia. &nbsp;Nos reservamos el derecho de modificar los contenidos de este sitio en cualquier momento, pero no tenemos obligaci&oacute;n de actualizar cualquier informaci&oacute;n en nuestro sitio. &nbsp;Aceptas que es tu responsabilidad de monitorear los cambios en nuestro sitio.<\\/p><p><br><\\/p><p><strong>SECCI&Oacute;N 4 - MODIFICACIONES AL SERVICIO Y PRECIOS.<\\/strong><\\/p><p><br><\\/p><p>Los precios de nuestros productos est&aacute;n sujetos a cambio sin aviso.<\\/p><p>Nos reservamos el derecho de modificar o discontinuar el Servicio (o cualquier parte del contenido) en cualquier momento sin aviso previo.<\\/p><p>No seremos responsables ante ti o alguna tercera parte por cualquier modificaci&oacute;n, cambio de precio, suspensi&oacute;n o discontinuidad del Servicio.<\\/p><p><br><\\/p><p><strong>SECCI&Oacute;N 5 - PRODUCTOS O SERVICIOS (si aplicable).<\\/strong><\\/p><p><br><\\/p><p>Ciertos productos o servicios pueden estar disponibles exclusivamente en l&iacute;nea a trav&eacute;s del sitio web. Estos productos o servicios pueden tener cantidades limitadas y estar sujetas a devoluci&oacute;n o cambio de acuerdo a nuestra pol&iacute;tica de devoluci&oacute;n solamente.<\\/p><p>Hemos hecho el esfuerzo de mostrar los colores y las im&aacute;genes de nuestros productos, en la tienda, con la mayor precisi&oacute;n de colores posible. &nbsp;No podemos garantizar que el monitor de tu computadora muestre los colores de manera exacta.<\\/p><p>Nos reservamos el derecho, pero no estamos obligados, para limitar las ventas de nuestros productos o servicios a cualquier persona, regi&oacute;n geogr&aacute;fica o jurisdicci&oacute;n. &nbsp;Podemos ejercer este derecho basados en cada caso. &nbsp;Nos reservamos el derecho de limitar las cantidades de los productos o servicios que ofrecemos. &nbsp;Todas las descripciones de productos o precios de los productos est&aacute;n sujetos a cambios en cualquier momento sin previo aviso, a nuestra sola discreci&oacute;n. &nbsp;Nos reservamos el derecho de discontinuar cualquier producto en cualquier momento. &nbsp;Cualquier oferta de producto o servicio hecho en este sitio es nulo donde est&eacute; prohibido.<\\/p><p><br><\\/p><p><strong>SECCI&Oacute;N 6 - EXACTITUD DE FACTURACI&Oacute;N E INFORMACI&Oacute;N DE CUENTA.<\\/strong><\\/p><p><br><\\/p><p>Nos reservamos el derecho de rechazar cualquier pedido que realice con nosotros. Podemos, a nuestra discreci&oacute;n, limitar o cancelar las cantidades compradas por persona, por hogar o por pedido. Estas restricciones pueden incluir pedidos realizados por o bajo la misma cuenta de cliente, la misma tarjeta de cr&eacute;dito, y\\/o pedidos que utilizan la misma facturaci&oacute;n y\\/o direcci&oacute;n de env&iacute;o.<\\/p><p>En el caso de que hagamos un cambio o cancelemos una orden, podemos intentar notificarte poni&eacute;ndonos en contacto v&iacute;a correo electr&oacute;nico y\\/o direcci&oacute;n de facturaci&oacute;n \\/ n&uacute;mero de tel&eacute;fono proporcionado en el momento que se hizo pedido. Nos reservamos el derecho de limitar o prohibir las &oacute;rdenes que, a nuestro juicio, parecen ser colocado por los concesionarios, revendedores o distribuidores.<\\/p><p>Te comprometes a proporcionar informaci&oacute;n actual, completa y precisa de la compra y cuenta utilizada para todas las compras realizadas en nuestra tienda. &nbsp;Te comprometes a actualizar r&aacute;pidamente tu cuenta y otra informaci&oacute;n, incluyendo tu direcci&oacute;n de correo electr&oacute;nico y n&uacute;meros de tarjetas de cr&eacute;dito y fechas de vencimiento, para que podamos completar tus transacciones y contactarte cuando sea necesario.<\\/p><p>Para m&aacute;s detalles, por favor revisa nuestra Pol&iacute;tica de Devoluciones.<\\/p><p><br><\\/p><p><strong>SECCI&Oacute;N 7 - HERRAMIENTAS OPCIONALES.<\\/strong><\\/p><p><br><\\/p><p>Es posible que te proporcionemos acceso a herramientas de terceros a los cuales no monitoreamos y sobre los que no tenemos control ni entrada.<\\/p><p>Reconoces y aceptas que proporcionamos acceso a este tipo de herramientas &quot;tal cual&quot; y &quot;seg&uacute;n disponibilidad&quot; sin garant&iacute;as, representaciones o condiciones de ning&uacute;n tipo y sin ning&uacute;n respaldo. &nbsp;No tendremos responsabilidad alguna derivada de o relacionada con tu uso de herramientas proporcionadas por terceras partes.<\\/p><p>Cualquier uso que hagas de las herramientas opcionales que se ofrecen a trav&eacute;s del sitio bajo tu propio riesgo y discreci&oacute;n y debes asegurarte de estar familiarizado y aprobar los t&eacute;rminos bajo los cuales estas herramientas son proporcionadas por el o los proveedores de terceros.<\\/p><p>Tambi&eacute;n es posible que, en el futuro, te ofrezcamos nuevos servicios y\\/o caracter&iacute;sticas a trav&eacute;s del sitio web (incluyendo el lanzamiento de nuevas herramientas y recursos). &nbsp;Estas nuevas caracter&iacute;sticas y\\/o servicios tambi&eacute;n estar&aacute;n sujetos a estos T&eacute;rminos de Servicio.<\\/p><p><br><\\/p><p><strong>SECCI&Oacute;N 8 - ENLACES DE TERCERAS PARTES.<\\/strong><\\/p><p><br><\\/p><p>Cierto contenido, productos y servicios disponibles v&iacute;a nuestro Servicio puede incluir material de terceras partes.<\\/p><p>Enlaces de terceras partes en este sitio pueden direccionarte a sitios web de terceras partes que no est&aacute;n afiliadas con nosotros. No nos responsabilizamos de examinar o evaluar el contenido o exactitud y no garantizamos ni tendremos ninguna obligaci&oacute;n o responsabilidad por cualquier material de terceros o sitios web, o de cualquier material, productos o servicios de terceros.<\\/p><p>No nos hacemos responsables de cualquier da&ntilde;o o da&ntilde;os relacionados con la adquisici&oacute;n o utilizaci&oacute;n de bienes, servicios, recursos, contenidos, o cualquier otra transacci&oacute;n realizadas en conexi&oacute;n con sitios web de terceros. Por favor revisa cuidadosamente las pol&iacute;ticas y pr&aacute;cticas de terceros y aseg&uacute;rate de entenderlas antes de participar en cualquier transacci&oacute;n. Quejas, reclamos, inquietudes o preguntas con respecto a productos de terceros deben ser dirigidas a la tercera parte.<\\/p><p><br><\\/p><p><strong>SECCI&Oacute;N 9 - COMENTARIOS DE USUARIO, CAPTACI&Oacute;N Y OTROS ENV&Iacute;OS.<\\/strong><\\/p><p><br><\\/p><p>Si, a pedido nuestro, se env&iacute;a ciertas presentaciones espec&iacute;ficas (por ejemplo la participaci&oacute;n en concursos) o sin un pedido de nuestra parte env&iacute;as, sugerencias, proposiciones, planes, u otros materiales, ya sea en l&iacute;nea, por email, por correo postal, o de otra manera (colectivamente, &#39;comentarios&#39;), aceptas que podamos, en cualquier momento, sin restricci&oacute;n, editar, copiar, publicar, distribuir, traducir o utilizar por cualquier medio comentarios que nos hayas enviado. No tenemos ni tendremos ninguna obligaci&oacute;n (1) de mantener ning&uacute;n comentario confidencialmente; (2) de pagar compensaci&oacute;n por comentarios; o (3) de responder a comentarios.<\\/p><p>Nosotros podemos, pero no tenemos obligaci&oacute;n de, monitorear, editar o remover contenido que consideremos sea ileg&iacute;timo, ofensivo, amenazante, calumnioso, difamatorio, pornogr&aacute;fico, obsceno u objetable o viole la propiedad intelectual de cualquiera de las partes o los T&eacute;rminos de Servicio.<\\/p><p>Aceptas que tus comentarios no violar&aacute;n los derechos de terceras partes, incluyendo derechos de autor, marca, privacidad, personalidad u otro derechos personal o de propiedad. Asimismo, aceptas que tus comentarios no contienen material difamatorio o ilegal, abusivo u obsceno, o contienen virus inform&aacute;ticos u otro malware que pudiera, de alguna manera, afectar el funcionamiento del Servicio o de cualquier sitio web relacionado. &nbsp;No puedes utilizar una direcci&oacute;n de correo electr&oacute;nico falsa, usar otra identidad que no sea leg&iacute;tima, o enga&ntilde;ar a terceras partes o a nosotros en cuanto al origen de tus comentarios. &nbsp;Tu eres el &uacute;nico responsable por los comentarios que haces y su precisi&oacute;n. &nbsp;No nos hacemos responsables y no asumimos ninguna obligaci&oacute;n con respecto a los comentarios publicados por ti o cualquier tercer parte.<\\/p><p><br><\\/p><p><strong>SECCI&Oacute;N 10 - INFORMACI&Oacute;N PERSONAL.<\\/strong><\\/p><p><br><\\/p><p>Tu presentaci&oacute;n de informaci&oacute;n personal a trav&eacute;s del sitio se rige por nuestra Pol&iacute;tica de Privacidad. Para ver nuestra <a href=\\\"http:\\/\\/localhost:8888\\/turismo_maternidad\\/html\\/politicas-privacidad#entry:85:url\\\">Pol&iacute;tica de Privacidad.<\\/a><\\/p><p><br><\\/p><p><strong>SECCI&Oacute;N 11 - ERRORES, INEXACTITUDES Y OMISIONES.<\\/strong><\\/p><p><br><\\/p><p>De vez en cuando puede haber informaci&oacute;n en nuestro sitio o en el Servicio que contiene errores tipogr&aacute;ficos, inexactitudes u omisiones que puedan estar relacionadas con las descripciones de productos, precios, promociones, ofertas, gastos del producto o servicio, el tiempo de tr&aacute;nsito y la disponibilidad. Nos reservamos el derecho de corregir los errores, inexactitudes u omisiones y de cambiar o actualizar la informaci&oacute;n o cancelar pedidos si alguna informaci&oacute;n en el Servicio o en cualquier sitio web relacionado es inexacta en cualquier momento sin previo aviso (incluso despu&eacute;s de que hayas enviado tu orden) .<\\/p><p>No asumimos ninguna obligaci&oacute;n de actualizar, corregir o aclarar la informaci&oacute;n en el Servicio o en cualquier sitio web relacionado, incluyendo, sin limitaci&oacute;n, la informaci&oacute;n de precios, excepto cuando sea requerido por la ley. Ninguna especificaci&oacute;n actualizada o fecha de actualizaci&oacute;n aplicada en el Servicio o en cualquier sitio web relacionado, debe ser tomada para indicar que toda la informaci&oacute;n en el Servicio o en cualquier sitio web relacionado ha sido modificado o actualizado.<\\/p><p><br><\\/p><p><strong>SECCI&Oacute;N 12 - USOS PROHIBIDOS.<\\/strong><\\/p><p><br><\\/p><p>En adici&oacute;n a otras prohibiciones como se establece en los T&eacute;rminos de Servicio, se prohibe el uso del sitio o su contenido: (a) para ning&uacute;n prop&oacute;sito ilegal; (b) para pedirle a otros que realicen o participen en actos il&iacute;citos; (c) para violar cualquier regulaci&oacute;n, reglas, leyes internacionales, federales, provinciales o estatales, u ordenanzas locales; (d) para infringir o violar el derecho de propiedad intelectual nuestro o de terceras partes; (e) para acosar, abusar, insultar, da&ntilde;ar, difamar, calumniar, desprestigiar, intimidar o discriminar por razones de g&eacute;nero, orientaci&oacute;n sexual, religi&oacute;n, etnia, raza, edad, nacionalidad o discapacidad; (f) para presentar informaci&oacute;n falsa o enga&ntilde;osa; (g) para cargar o transmitir virus o cualquier otro tipo de c&oacute;digo malicioso que sea o pueda ser utilizado en cualquier forma que pueda comprometer la funcionalidad o el funcionamiento del Servicio o de cualquier sitio web relacionado, otros sitios o Internet; (h) para recopilar o rastrear informaci&oacute;n personal de otros; (i) para generar spam, phish, pharm, pretext, spider, crawl, or scrape; (j) para cualquier prop&oacute;sito obsceno o inmoral; o (k) para interferir con o burlar los elementos de seguridad del Servicio o cualquier sitio web relacionado&iquest; otros sitios o Internet. Nos reservamos el derecho de suspender el uso del Servicio o de cualquier sitio web relacionado por violar cualquiera de los &iacute;tems de los usos prohibidos.<\\/p><p><br><\\/p><p><strong>SECCI&Oacute;N 13 - EXCLUSI&Oacute;N DE GARANT&Iacute;AS; LIMITACI&Oacute;N DE RESPONSABILIDAD.<\\/strong><\\/p><p><br><\\/p><p>No garantizamos ni aseguramos que el uso de nuestro servicio ser&aacute; ininterrumpido, puntual, seguro o libre de errores.<\\/p><p>No garantizamos que los resultados que se puedan obtener del uso del servicio ser&aacute;n exactos o confiables.<\\/p><p>Aceptas que de vez en cuando podemos quitar el servicio por per&iacute;odos de tiempo indefinidos o cancelar el servicio en cualquier momento sin previo aviso.<\\/p><p>Aceptas expresamente que el uso de, o la posibilidad de utilizar, el servicio es bajo tu propio riesgo. &nbsp;El servicio y todos los productos y servicios proporcionados a trav&eacute;s del servicio son (salvo lo expresamente manifestado por nosotros) proporcionados &quot;tal cual&quot; y &quot;seg&uacute;n est&eacute; disponible&quot; para su uso, sin ning&uacute;n tipo de representaci&oacute;n, garant&iacute;as o condiciones de ning&uacute;n tipo, ya sea expresa o impl&iacute;cita, incluidas todas las garant&iacute;as o condiciones impl&iacute;citas de comercializaci&oacute;n, calidad comercializable, la aptitud para un prop&oacute;sito particular, durabilidad, t&iacute;tulo y no infracci&oacute;n.<\\/p><p>En ning&uacute;n caso <strong>TURISMO M&Eacute;DICO DIGITAL, S.A.P.I. DE C.V.,<\\/strong> nuestros directores, funcionarios, empleados, afiliados, agentes, contratistas, internos, proveedores, prestadores de servicios o licenciantes ser&aacute;n responsables por cualquier da&ntilde;o, p&eacute;rdida, reclamo, o da&ntilde;os directos, indirectos, incidentales, punitivos, especiales o consecuentes de cualquier tipo, incluyendo, sin limitaci&oacute;n, p&eacute;rdida de beneficios, p&eacute;rdida de ingresos, p&eacute;rdida de ahorros, p&eacute;rdida de datos, costos de reemplazo, o cualquier da&ntilde;o similar, ya sea basado en contrato, agravio (incluyendo negligencia), responsabilidad estricta o de otra manera, como consecuencia del uso de cualquiera de los servicios o productos adquiridos mediante el servicio, o por cualquier otro reclamo relacionado de alguna manera con el uso del servicio o cualquier producto, incluyendo pero no limitado, a cualquier error u omisi&oacute;n en cualquier contenido, o cualquier p&eacute;rdida o da&ntilde;o de cualquier tipo incurridos como resultados de la utilizaci&oacute;n del servicio o cualquier contenido (o producto) publicado, transmitido, o que se pongan a disposici&oacute;n a trav&eacute;s del servicio, incluso si se avisa de su posibilidad.&nbsp; Debido a que algunos estados o jurisdicciones no permiten la exclusi&oacute;n o la limitaci&oacute;n de responsabilidad por da&ntilde;os consecuenciales o incidentales, en tales estados o jurisdicciones, nuestra responsabilidad se limitar&aacute; en la medida m&aacute;xima permitida por la ley.<\\/p><p><br><\\/p><p><strong>SECCI&Oacute;N 14 - INDEMNIZACI&Oacute;N.<\\/strong><\\/p><p><br><\\/p><p>Aceptas indemnizar, defender y mantener indemne TURISMO M&Eacute;DICO DIGITAL, S.A.P.I. DE C.V. y nuestras matrices, subsidiarias, afiliados, socios, funcionarios, directores, agentes, contratistas, concesionarios, proveedores de servicios, subcontratistas, proveedores, internos y empleados, de cualquier reclamo o demanda, incluyendo honorarios razonables de abogados, hechos por cualquier tercero a causa o como resultado de tu incumplimiento de las Condiciones de Servicio o de los documentos que incorporan como referencia, o la violaci&oacute;n de cualquier ley o de los derechos de u tercero.<\\/p><p><br><\\/p><p><strong>SECCI&Oacute;N 15 - DIVISIBILIDAD.<\\/strong><\\/p><p><br><\\/p><p>En el caso de que se determine que cualquier disposici&oacute;n de estas Condiciones de Servicio sea ilegal, nula o inejecutable, dicha disposici&oacute;n ser&aacute;, no obstante, efectiva a obtener la m&aacute;xima medida permitida por la ley aplicable, y la parte no exigible se considerar&aacute; separada de estos T&eacute;rminos de Servicio, dicha determinaci&oacute;n no afectar&aacute; la validez de aplicabilidad de las dem&aacute;s disposiciones restantes.<\\/p><p><br><\\/p><p><strong>SECCI&Oacute;N 16 - RESCISI&Oacute;N.<\\/strong><\\/p><p><br><\\/p><p>Las obligaciones y responsabilidades de las partes que hayan incurrido con anterioridad a la fecha de terminaci&oacute;n sobrevivir&aacute;n a la terminaci&oacute;n de este acuerdo a todos los efectos.<\\/p><p>Estas Condiciones de servicio son efectivos a menos que y hasta que sea terminado por ti o nosotros. Puedes terminar estos T&eacute;rminos de Servicio en cualquier momento por avisarnos que ya no deseas utilizar nuestros servicios, o cuando dejes de usar nuestro sitio.<\\/p><p>Si a nuestro juicio, fallas, o se sospecha que haz fallado, en el cumplimiento de cualquier t&eacute;rmino o disposici&oacute;n de estas Condiciones de Servicio, tambi&eacute;n podemos terminar este acuerdo en cualquier momento sin previo aviso, y seguir&aacute;s siendo responsable de todos los montos adeudados hasta incluida la fecha de terminaci&oacute;n; y\\/o en consecuencia podemos negarte el acceso a nuestros servicios (o cualquier parte del mismo).<\\/p><p><br><\\/p><p><strong>SECCI&Oacute;N 17 - ACUERDO COMPLETO.<\\/strong><\\/p><p><br><\\/p><p>Nuestra falla para ejercer o hacer valer cualquier derecho o disposici&oacute;n de estas Condiciones de Servicio no constituir&aacute; una renuncia a tal derecho o disposici&oacute;n.<\\/p><p>Estas Condiciones del servicio y las pol&iacute;ticas o reglas de operaci&oacute;n publicadas por nosotros en este sitio o con respecto al servicio constituyen el acuerdo completo y el entendimiento entre tu y nosotros y rigen el uso del Servicio y reemplaza cualquier acuerdo, comunicaciones y propuestas anteriores o contempor&aacute;neas, ya sea oral o escrita, entre tu y nosotros (incluyendo, pero no limitado a, cualquier versi&oacute;n previa de los T&eacute;rminos de Servicio).<\\/p><p>Cualquier ambig&uuml;edad en la interpretaci&oacute;n de estas Condiciones del servicio no se interpretar&aacute;n en contra del grupo de redacci&oacute;n.<\\/p><p><br><\\/p><p><strong>SECCI&Oacute;N 18 - LEY.<\\/strong><\\/p><p><br><\\/p><p>Estas Condiciones del servicio y cualquier acuerdos aparte en el que te proporcionemos servicios se regir&aacute;n e interpretar&aacute;n en conformidad con las leyes de los Estados Unidos Mexicanos.<\\/p><p><br><\\/p><p><strong>SECCI&Oacute;N 19 - CAMBIOS EN LOS T&Eacute;RMINOS DE SERVICIO.<\\/strong><\\/p><p><br><\\/p><p>Puedes revisar la versi&oacute;n m&aacute;s actualizada de los T&eacute;rminos de Servicio en cualquier momento en esta p&aacute;gina.<\\/p><p>Nos reservamos el derecho, a nuestra sola discreci&oacute;n, de actualizar, modificar o reemplazar cualquier parte de estas Condiciones del servicio mediante la publicaci&oacute;n de las actualizaciones y los cambios en nuestro sitio web. Es tu responsabilidad revisar nuestro sitio web peri&oacute;dicamente para verificar los cambios. El uso cont&iacute;nuo de o el acceso a nuestro sitio Web o el Servicio despu&eacute;s de la publicaci&oacute;n de cualquier cambio en estas Condiciones de servicio implica la aceptaci&oacute;n de dichos cambios.<\\/p><p><br><\\/p><p><strong>SECCI&Oacute;N 20 - INFORMACI&Oacute;N DE CONTACTO.<\\/strong><\\/p><p><br><\\/p><p>Para cualquier duda o aclaraci&oacute;n puedes comunicarte v&iacute;a correo electr&oacute;nico a la siguiente direcci&oacute;n info@turismomaternidad.com<\\/p>\",\"3\":{\"seoMainEntityCategory\":\"CreativeWork\",\"seoMainEntityOfPage\":\"WebPage\",\"seoTitleSource\":\"field\",\"seoTitleSourceField\":\"title\",\"seoTitleUnparsed\":\"T\\u00e9rminos y Condiciones\",\"seoDescriptionSource\":\"field\",\"seoDescriptionSourceField\":\"body\",\"seoDescriptionUnparsed\":\"\",\"seoKeywordsSource\":\"custom\",\"seoKeywordsSourceField\":\"tags\",\"seoKeywordsUnparsed\":\"nacionalidad, americana, bebe, estados unidos, nacimiento, proceso, parto, dar a luz, precios, paso a paso, proceso, migratorio, doctores, hospedaje, preguntas\",\"seoImageIdSource\":\"field\",\"seoImageIdSourceField\":\"featuredImage\",\"seoImageId\":\"\",\"seoImageTransform\":\"\",\"canonicalUrlOverride\":\"\",\"twitterCardType\":\"summary_large_image\",\"seoTwitterImageIdSource\":\"field\",\"seoTwitterImageIdSourceField\":\"featuredImage\",\"seoTwitterImageId\":\"\",\"seoTwitterImageTransform\":\"\",\"openGraphType\":\"website\",\"seoFacebookImageIdSource\":\"field\",\"seoFacebookImageIdSourceField\":\"featuredImage\",\"seoFacebookImageId\":\"\",\"seoFacebookImageTransform\":\"\",\"robots\":\"all\"},\"2\":\"\"}}','2018-12-28 16:14:16','2018-12-28 16:14:16','5309bfe3-6ea4-4e9f-ab14-9fdaa318951d'),
	(43,126,12,1,'es',11,'','{\"typeId\":null,\"authorId\":null,\"title\":\"T\\u00e9rminos y Condiciones\",\"slug\":\"t\\u00e9rminos-y-condiciones\",\"postDate\":1546011164,\"expiryDate\":null,\"enabled\":1,\"parentId\":null,\"fields\":{\"1\":\"\",\"4\":\"\",\"8\":\"<p><strong>SECCI&Oacute;N 1 - T&Eacute;RMINOS DE LA TIENDA EN L&Iacute;NEA.<\\/strong><\\/p><p><br><\\/p><p>Al utilizar este sitio, declaras que tienes al menos la mayor&iacute;a de edad en tu estado, provincia de residencia o en tu pa&iacute;s, y que nos has dado tu consentimiento para permitir que cualquiera de tus dependientes menores use este sitio.<\\/p><p>No puedes usar nuestros productos con ning&uacute;n prop&oacute;sito ilegal o no autorizado tampoco puedes, en el uso del Servicio, violar cualquier ley en tu jurisdicci&oacute;n (incluyendo pero no limitado a las leyes de derecho de autor).<\\/p><p>El incumplimiento o violaci&oacute;n de cualquiera de estos T&eacute;rminos dar&aacute;n lugar al cese inmediato de tus Servicios.<\\/p><p><br><\\/p><p><strong>SECCI&Oacute;N 2 - CONDICIONES GENERALES .<\\/strong><\\/p><p><br><\\/p><p>Nos reservamos el derecho de rechazar la prestaci&oacute;n de servicio a cualquier persona, por cualquier motivo y en cualquier momento.<\\/p><p>Entiendes que tu contenido (sin incluir la informaci&oacute;n de tu tarjeta de cr&eacute;dito), puede ser transferida sin encriptar e involucrar (a) transmisiones a trav&eacute;s de varias redes; y (b) cambios para ajustarse o adaptarse a los requisitos t&eacute;cnicos de conexi&oacute;n de redes o dispositivos. La informaci&oacute;n de tarjetas de cr&eacute;dito est&aacute; siempre encriptada durante la transferencia a trav&eacute;s de las redes.<\\/p><p>Est&aacute;s de acuerdo con no reproducir, duplicar, copiar, vender, revender o explotar cualquier parte del Servicio, uso del Servicio, o acceso al Servicio o cualquier contacto en el sitio web a trav&eacute;s del cual se presta el servicio, sin el expreso permiso por escrito de nuestra parte.<\\/p><p>Los t&iacute;tulos utilizados en este acuerdo se incluyen solo por conveniencia y no limita o afecta a estos T&eacute;rminos.<\\/p><p><br><\\/p><p><strong>SECCI&Oacute;N 3 - EXACTITUD, EXHAUSTIVIDAD Y ACTUALIDAD DE LA INFORMACI&Oacute;N.<\\/strong><\\/p><p><br><\\/p><p>No nos hacemos responsables si la informaci&oacute;n disponible en este sitio no es exacta, completa o actual. &nbsp;El material en este sitio es provisto s&oacute;lo para informaci&oacute;n general y no debe confiarse en ella o utilizarse como la &uacute;nica base para la toma de decisiones sin consultar primeramente, informaci&oacute;n m&aacute;s precisa, completa u oportuna. Cualquier dependencia en el materia de este sitio es bajo su propio riesgo.<\\/p><p>Este sitio puede contener cierta informaci&oacute;n hist&oacute;rica. &nbsp;La informaci&oacute;n hist&oacute;rica, no es necesariamente actual y es provista &uacute;nicamente para tu referencia. &nbsp;Nos reservamos el derecho de modificar los contenidos de este sitio en cualquier momento, pero no tenemos obligaci&oacute;n de actualizar cualquier informaci&oacute;n en nuestro sitio. &nbsp;Aceptas que es tu responsabilidad de monitorear los cambios en nuestro sitio.<\\/p><p><br><\\/p><p><strong>SECCI&Oacute;N 4 - MODIFICACIONES AL SERVICIO Y PRECIOS.<\\/strong><\\/p><p>Los precios de nuestros productos est&aacute;n sujetos a cambio sin aviso.<\\/p><p>Nos reservamos el derecho de modificar o discontinuar el Servicio (o cualquier parte del contenido) en cualquier momento sin aviso previo.<\\/p><p>No seremos responsables ante ti o alguna tercera parte por cualquier modificaci&oacute;n, cambio de precio, suspensi&oacute;n o discontinuidad del Servicio.<\\/p><p><br><\\/p><p><strong>SECCI&Oacute;N 5 - PRODUCTOS O SERVICIOS (si aplicable).<\\/strong><\\/p><p><br><\\/p><p>Ciertos productos o servicios pueden estar disponibles exclusivamente en l&iacute;nea a trav&eacute;s del sitio web. Estos productos o servicios pueden tener cantidades limitadas y estar sujetas a devoluci&oacute;n o cambio de acuerdo a nuestra pol&iacute;tica de devoluci&oacute;n solamente.<\\/p><p>Hemos hecho el esfuerzo de mostrar los colores y las im&aacute;genes de nuestros productos, en la tienda, con la mayor precisi&oacute;n de colores posible. &nbsp;No podemos garantizar que el monitor de tu computadora muestre los colores de manera exacta.<\\/p><p>Nos reservamos el derecho, pero no estamos obligados, para limitar las ventas de nuestros productos o servicios a cualquier persona, regi&oacute;n geogr&aacute;fica o jurisdicci&oacute;n. &nbsp;Podemos ejercer este derecho basados en cada caso. &nbsp;Nos reservamos el derecho de limitar las cantidades de los productos o servicios que ofrecemos. &nbsp;Todas las descripciones de productos o precios de los productos est&aacute;n sujetos a cambios en cualquier momento sin previo aviso, a nuestra sola discreci&oacute;n. &nbsp;Nos reservamos el derecho de discontinuar cualquier producto en cualquier momento. &nbsp;Cualquier oferta de producto o servicio hecho en este sitio es nulo donde est&eacute; prohibido.<\\/p><p><br><\\/p><p><strong>SECCI&Oacute;N 6 - EXACTITUD DE FACTURACI&Oacute;N E INFORMACI&Oacute;N DE CUENTA.<\\/strong><\\/p><p><br><\\/p><p>Nos reservamos el derecho de rechazar cualquier pedido que realice con nosotros. Podemos, a nuestra discreci&oacute;n, limitar o cancelar las cantidades compradas por persona, por hogar o por pedido. Estas restricciones pueden incluir pedidos realizados por o bajo la misma cuenta de cliente, la misma tarjeta de cr&eacute;dito, y\\/o pedidos que utilizan la misma facturaci&oacute;n y\\/o direcci&oacute;n de env&iacute;o.<\\/p><p>En el caso de que hagamos un cambio o cancelemos una orden, podemos intentar notificarte poni&eacute;ndonos en contacto v&iacute;a correo electr&oacute;nico y\\/o direcci&oacute;n de facturaci&oacute;n \\/ n&uacute;mero de tel&eacute;fono proporcionado en el momento que se hizo pedido. Nos reservamos el derecho de limitar o prohibir las &oacute;rdenes que, a nuestro juicio, parecen ser colocado por los concesionarios, revendedores o distribuidores.<\\/p><p>Te comprometes a proporcionar informaci&oacute;n actual, completa y precisa de la compra y cuenta utilizada para todas las compras realizadas en nuestra tienda. &nbsp;Te comprometes a actualizar r&aacute;pidamente tu cuenta y otra informaci&oacute;n, incluyendo tu direcci&oacute;n de correo electr&oacute;nico y n&uacute;meros de tarjetas de cr&eacute;dito y fechas de vencimiento, para que podamos completar tus transacciones y contactarte cuando sea necesario.<\\/p><p>Para m&aacute;s detalles, por favor revisa nuestra Pol&iacute;tica de Devoluciones.<\\/p><p><br><\\/p><p><strong>SECCI&Oacute;N 7 - HERRAMIENTAS OPCIONALES.<\\/strong><\\/p><p><br><\\/p><p>Es posible que te proporcionemos acceso a herramientas de terceros a los cuales no monitoreamos y sobre los que no tenemos control ni entrada.<\\/p><p>Reconoces y aceptas que proporcionamos acceso a este tipo de herramientas &quot;tal cual&quot; y &quot;seg&uacute;n disponibilidad&quot; sin garant&iacute;as, representaciones o condiciones de ning&uacute;n tipo y sin ning&uacute;n respaldo. &nbsp;No tendremos responsabilidad alguna derivada de o relacionada con tu uso de herramientas proporcionadas por terceras partes.<\\/p><p>Cualquier uso que hagas de las herramientas opcionales que se ofrecen a trav&eacute;s del sitio bajo tu propio riesgo y discreci&oacute;n y debes asegurarte de estar familiarizado y aprobar los t&eacute;rminos bajo los cuales estas herramientas son proporcionadas por el o los proveedores de terceros.<\\/p><p>Tambi&eacute;n es posible que, en el futuro, te ofrezcamos nuevos servicios y\\/o caracter&iacute;sticas a trav&eacute;s del sitio web (incluyendo el lanzamiento de nuevas herramientas y recursos). &nbsp;Estas nuevas caracter&iacute;sticas y\\/o servicios tambi&eacute;n estar&aacute;n sujetos a estos T&eacute;rminos de Servicio.<\\/p><p><br><\\/p><p><strong>SECCI&Oacute;N 8 - ENLACES DE TERCERAS PARTES.<\\/strong><\\/p><p><br><\\/p><p>Cierto contenido, productos y servicios disponibles v&iacute;a nuestro Servicio puede incluir material de terceras partes.<\\/p><p>Enlaces de terceras partes en este sitio pueden direccionarte a sitios web de terceras partes que no est&aacute;n afiliadas con nosotros. No nos responsabilizamos de examinar o evaluar el contenido o exactitud y no garantizamos ni tendremos ninguna obligaci&oacute;n o responsabilidad por cualquier material de terceros o sitios web, o de cualquier material, productos o servicios de terceros.<\\/p><p>No nos hacemos responsables de cualquier da&ntilde;o o da&ntilde;os relacionados con la adquisici&oacute;n o utilizaci&oacute;n de bienes, servicios, recursos, contenidos, o cualquier otra transacci&oacute;n realizadas en conexi&oacute;n con sitios web de terceros. Por favor revisa cuidadosamente las pol&iacute;ticas y pr&aacute;cticas de terceros y aseg&uacute;rate de entenderlas antes de participar en cualquier transacci&oacute;n. Quejas, reclamos, inquietudes o preguntas con respecto a productos de terceros deben ser dirigidas a la tercera parte.<\\/p><p><br><\\/p><p><strong>SECCI&Oacute;N 9 - COMENTARIOS DE USUARIO, CAPTACI&Oacute;N Y OTROS ENV&Iacute;OS.<\\/strong><\\/p><p><br><\\/p><p>Si, a pedido nuestro, se env&iacute;a ciertas presentaciones espec&iacute;ficas (por ejemplo la participaci&oacute;n en concursos) o sin un pedido de nuestra parte env&iacute;as, sugerencias, proposiciones, planes, u otros materiales, ya sea en l&iacute;nea, por email, por correo postal, o de otra manera (colectivamente, &#39;comentarios&#39;), aceptas que podamos, en cualquier momento, sin restricci&oacute;n, editar, copiar, publicar, distribuir, traducir o utilizar por cualquier medio comentarios que nos hayas enviado. No tenemos ni tendremos ninguna obligaci&oacute;n (1) de mantener ning&uacute;n comentario confidencialmente; (2) de pagar compensaci&oacute;n por comentarios; o (3) de responder a comentarios.<\\/p><p>Nosotros podemos, pero no tenemos obligaci&oacute;n de, monitorear, editar o remover contenido que consideremos sea ileg&iacute;timo, ofensivo, amenazante, calumnioso, difamatorio, pornogr&aacute;fico, obsceno u objetable o viole la propiedad intelectual de cualquiera de las partes o los T&eacute;rminos de Servicio.<\\/p><p>Aceptas que tus comentarios no violar&aacute;n los derechos de terceras partes, incluyendo derechos de autor, marca, privacidad, personalidad u otro derechos personal o de propiedad. Asimismo, aceptas que tus comentarios no contienen material difamatorio o ilegal, abusivo u obsceno, o contienen virus inform&aacute;ticos u otro malware que pudiera, de alguna manera, afectar el funcionamiento del Servicio o de cualquier sitio web relacionado. &nbsp;No puedes utilizar una direcci&oacute;n de correo electr&oacute;nico falsa, usar otra identidad que no sea leg&iacute;tima, o enga&ntilde;ar a terceras partes o a nosotros en cuanto al origen de tus comentarios. &nbsp;Tu eres el &uacute;nico responsable por los comentarios que haces y su precisi&oacute;n. &nbsp;No nos hacemos responsables y no asumimos ninguna obligaci&oacute;n con respecto a los comentarios publicados por ti o cualquier tercer parte.<\\/p><p><br><\\/p><p><strong>SECCI&Oacute;N 10 - INFORMACI&Oacute;N PERSONAL.<\\/strong><\\/p><p><br><\\/p><p>Tu presentaci&oacute;n de informaci&oacute;n personal a trav&eacute;s del sitio se rige por nuestra Pol&iacute;tica de Privacidad. Para ver nuestra <a href=\\\"http:\\/\\/localhost:8888\\/turismo_maternidad\\/html\\/politicas-privacidad#entry:85:url\\\">Pol&iacute;tica de Privacidad.<\\/a><\\/p><p><br><\\/p><p><strong>SECCI&Oacute;N 11 - ERRORES, INEXACTITUDES Y OMISIONES.<\\/strong><\\/p><p><br><\\/p><p>De vez en cuando puede haber informaci&oacute;n en nuestro sitio o en el Servicio que contiene errores tipogr&aacute;ficos, inexactitudes u omisiones que puedan estar relacionadas con las descripciones de productos, precios, promociones, ofertas, gastos del producto o servicio, el tiempo de tr&aacute;nsito y la disponibilidad. Nos reservamos el derecho de corregir los errores, inexactitudes u omisiones y de cambiar o actualizar la informaci&oacute;n o cancelar pedidos si alguna informaci&oacute;n en el Servicio o en cualquier sitio web relacionado es inexacta en cualquier momento sin previo aviso (incluso despu&eacute;s de que hayas enviado tu orden) .<\\/p><p>No asumimos ninguna obligaci&oacute;n de actualizar, corregir o aclarar la informaci&oacute;n en el Servicio o en cualquier sitio web relacionado, incluyendo, sin limitaci&oacute;n, la informaci&oacute;n de precios, excepto cuando sea requerido por la ley. Ninguna especificaci&oacute;n actualizada o fecha de actualizaci&oacute;n aplicada en el Servicio o en cualquier sitio web relacionado, debe ser tomada para indicar que toda la informaci&oacute;n en el Servicio o en cualquier sitio web relacionado ha sido modificado o actualizado.<\\/p><p><br><\\/p><p><strong>SECCI&Oacute;N 12 - USOS PROHIBIDOS.<\\/strong><\\/p><p><br><\\/p><p>En adici&oacute;n a otras prohibiciones como se establece en los T&eacute;rminos de Servicio, se prohibe el uso del sitio o su contenido: (a) para ning&uacute;n prop&oacute;sito ilegal; (b) para pedirle a otros que realicen o participen en actos il&iacute;citos; (c) para violar cualquier regulaci&oacute;n, reglas, leyes internacionales, federales, provinciales o estatales, u ordenanzas locales; (d) para infringir o violar el derecho de propiedad intelectual nuestro o de terceras partes; (e) para acosar, abusar, insultar, da&ntilde;ar, difamar, calumniar, desprestigiar, intimidar o discriminar por razones de g&eacute;nero, orientaci&oacute;n sexual, religi&oacute;n, etnia, raza, edad, nacionalidad o discapacidad; (f) para presentar informaci&oacute;n falsa o enga&ntilde;osa; (g) para cargar o transmitir virus o cualquier otro tipo de c&oacute;digo malicioso que sea o pueda ser utilizado en cualquier forma que pueda comprometer la funcionalidad o el funcionamiento del Servicio o de cualquier sitio web relacionado, otros sitios o Internet; (h) para recopilar o rastrear informaci&oacute;n personal de otros; (i) para generar spam, phish, pharm, pretext, spider, crawl, or scrape; (j) para cualquier prop&oacute;sito obsceno o inmoral; o (k) para interferir con o burlar los elementos de seguridad del Servicio o cualquier sitio web relacionado&iquest; otros sitios o Internet. Nos reservamos el derecho de suspender el uso del Servicio o de cualquier sitio web relacionado por violar cualquiera de los &iacute;tems de los usos prohibidos.<\\/p><p><br><\\/p><p><strong>SECCI&Oacute;N 13 - EXCLUSI&Oacute;N DE GARANT&Iacute;AS; LIMITACI&Oacute;N DE RESPONSABILIDAD.<\\/strong><\\/p><p><br><\\/p><p>No garantizamos ni aseguramos que el uso de nuestro servicio ser&aacute; ininterrumpido, puntual, seguro o libre de errores.<\\/p><p>No garantizamos que los resultados que se puedan obtener del uso del servicio ser&aacute;n exactos o confiables.<\\/p><p>Aceptas que de vez en cuando podemos quitar el servicio por per&iacute;odos de tiempo indefinidos o cancelar el servicio en cualquier momento sin previo aviso.<\\/p><p>Aceptas expresamente que el uso de, o la posibilidad de utilizar, el servicio es bajo tu propio riesgo. &nbsp;El servicio y todos los productos y servicios proporcionados a trav&eacute;s del servicio son (salvo lo expresamente manifestado por nosotros) proporcionados &quot;tal cual&quot; y &quot;seg&uacute;n est&eacute; disponible&quot; para su uso, sin ning&uacute;n tipo de representaci&oacute;n, garant&iacute;as o condiciones de ning&uacute;n tipo, ya sea expresa o impl&iacute;cita, incluidas todas las garant&iacute;as o condiciones impl&iacute;citas de comercializaci&oacute;n, calidad comercializable, la aptitud para un prop&oacute;sito particular, durabilidad, t&iacute;tulo y no infracci&oacute;n.<\\/p><p>En ning&uacute;n caso <strong>TURISMO M&Eacute;DICO DIGITAL, S.A.P.I. DE C.V.,<\\/strong> nuestros directores, funcionarios, empleados, afiliados, agentes, contratistas, internos, proveedores, prestadores de servicios o licenciantes ser&aacute;n responsables por cualquier da&ntilde;o, p&eacute;rdida, reclamo, o da&ntilde;os directos, indirectos, incidentales, punitivos, especiales o consecuentes de cualquier tipo, incluyendo, sin limitaci&oacute;n, p&eacute;rdida de beneficios, p&eacute;rdida de ingresos, p&eacute;rdida de ahorros, p&eacute;rdida de datos, costos de reemplazo, o cualquier da&ntilde;o similar, ya sea basado en contrato, agravio (incluyendo negligencia), responsabilidad estricta o de otra manera, como consecuencia del uso de cualquiera de los servicios o productos adquiridos mediante el servicio, o por cualquier otro reclamo relacionado de alguna manera con el uso del servicio o cualquier producto, incluyendo pero no limitado, a cualquier error u omisi&oacute;n en cualquier contenido, o cualquier p&eacute;rdida o da&ntilde;o de cualquier tipo incurridos como resultados de la utilizaci&oacute;n del servicio o cualquier contenido (o producto) publicado, transmitido, o que se pongan a disposici&oacute;n a trav&eacute;s del servicio, incluso si se avisa de su posibilidad. &nbsp;Debido a que algunos estados o jurisdicciones no permiten la exclusi&oacute;n o la limitaci&oacute;n de responsabilidad por da&ntilde;os consecuenciales o incidentales, en tales estados o jurisdicciones, nuestra responsabilidad se limitar&aacute; en la medida m&aacute;xima permitida por la ley.<\\/p><p><br><\\/p><p><strong>SECCI&Oacute;N 14 - INDEMNIZACI&Oacute;N.<\\/strong><\\/p><p><br><\\/p><p>Aceptas indemnizar, defender y mantener indemne TURISMO M&Eacute;DICO DIGITAL, S.A.P.I. DE C.V. y nuestras matrices, subsidiarias, afiliados, socios, funcionarios, directores, agentes, contratistas, concesionarios, proveedores de servicios, subcontratistas, proveedores, internos y empleados, de cualquier reclamo o demanda, incluyendo honorarios razonables de abogados, hechos por cualquier tercero a causa o como resultado de tu incumplimiento de las Condiciones de Servicio o de los documentos que incorporan como referencia, o la violaci&oacute;n de cualquier ley o de los derechos de u tercero.<\\/p><p><br><\\/p><p><strong>SECCI&Oacute;N 15 - DIVISIBILIDAD.<\\/strong><\\/p><p><br><\\/p><p>En el caso de que se determine que cualquier disposici&oacute;n de estas Condiciones de Servicio sea ilegal, nula o inejecutable, dicha disposici&oacute;n ser&aacute;, no obstante, efectiva a obtener la m&aacute;xima medida permitida por la ley aplicable, y la parte no exigible se considerar&aacute; separada de estos T&eacute;rminos de Servicio, dicha determinaci&oacute;n no afectar&aacute; la validez de aplicabilidad de las dem&aacute;s disposiciones restantes.<\\/p><p><br><\\/p><p><strong>SECCI&Oacute;N 16 - RESCISI&Oacute;N.<\\/strong><\\/p><p><br><\\/p><p>Las obligaciones y responsabilidades de las partes que hayan incurrido con anterioridad a la fecha de terminaci&oacute;n sobrevivir&aacute;n a la terminaci&oacute;n de este acuerdo a todos los efectos.<\\/p><p>Estas Condiciones de servicio son efectivos a menos que y hasta que sea terminado por ti o nosotros. Puedes terminar estos T&eacute;rminos de Servicio en cualquier momento por avisarnos que ya no deseas utilizar nuestros servicios, o cuando dejes de usar nuestro sitio.<\\/p><p>Si a nuestro juicio, fallas, o se sospecha que haz fallado, en el cumplimiento de cualquier t&eacute;rmino o disposici&oacute;n de estas Condiciones de Servicio, tambi&eacute;n podemos terminar este acuerdo en cualquier momento sin previo aviso, y seguir&aacute;s siendo responsable de todos los montos adeudados hasta incluida la fecha de terminaci&oacute;n; y\\/o en consecuencia podemos negarte el acceso a nuestros servicios (o cualquier parte del mismo).<\\/p><p><br><\\/p><p><strong>SECCI&Oacute;N 17 - ACUERDO COMPLETO.<\\/strong><\\/p><p><br><\\/p><p>Nuestra falla para ejercer o hacer valer cualquier derecho o disposici&oacute;n de estas Condiciones de Servicio no constituir&aacute; una renuncia a tal derecho o disposici&oacute;n.<\\/p><p>Estas Condiciones del servicio y las pol&iacute;ticas o reglas de operaci&oacute;n publicadas por nosotros en este sitio o con respecto al servicio constituyen el acuerdo completo y el entendimiento entre tu y nosotros y rigen el uso del Servicio y reemplaza cualquier acuerdo, comunicaciones y propuestas anteriores o contempor&aacute;neas, ya sea oral o escrita, entre tu y nosotros (incluyendo, pero no limitado a, cualquier versi&oacute;n previa de los T&eacute;rminos de Servicio).<\\/p><p>Cualquier ambig&uuml;edad en la interpretaci&oacute;n de estas Condiciones del servicio no se interpretar&aacute;n en contra del grupo de redacci&oacute;n.<\\/p><p><br><\\/p><p><strong>SECCI&Oacute;N 18 - LEY.<\\/strong><\\/p><p><br><\\/p><p>Estas Condiciones del servicio y cualquier acuerdos aparte en el que te proporcionemos servicios se regir&aacute;n e interpretar&aacute;n en conformidad con las leyes de los Estados Unidos Mexicanos.<\\/p><p><br><\\/p><p><strong>SECCI&Oacute;N 19 - CAMBIOS EN LOS T&Eacute;RMINOS DE SERVICIO.<\\/strong><\\/p><p><br><\\/p><p>Puedes revisar la versi&oacute;n m&aacute;s actualizada de los T&eacute;rminos de Servicio en cualquier momento en esta p&aacute;gina.<\\/p><p>Nos reservamos el derecho, a nuestra sola discreci&oacute;n, de actualizar, modificar o reemplazar cualquier parte de estas Condiciones del servicio mediante la publicaci&oacute;n de las actualizaciones y los cambios en nuestro sitio web. Es tu responsabilidad revisar nuestro sitio web peri&oacute;dicamente para verificar los cambios. El uso cont&iacute;nuo de o el acceso a nuestro sitio Web o el Servicio despu&eacute;s de la publicaci&oacute;n de cualquier cambio en estas Condiciones de servicio implica la aceptaci&oacute;n de dichos cambios.<\\/p><p><br><\\/p><p><strong>SECCI&Oacute;N 20 - INFORMACI&Oacute;N DE CONTACTO.<\\/strong><\\/p><p><br><\\/p><p>Para cualquier duda o aclaraci&oacute;n puedes comunicarte v&iacute;a correo electr&oacute;nico a la siguiente direcci&oacute;n info@turismomaternidad.com<\\/p>\",\"3\":{\"seoMainEntityCategory\":\"CreativeWork\",\"seoMainEntityOfPage\":\"WebPage\",\"seoTitleSource\":\"field\",\"seoTitleSourceField\":\"title\",\"seoTitleUnparsed\":\"T\\u00e9rminos y Condiciones\",\"seoDescriptionSource\":\"field\",\"seoDescriptionSourceField\":\"body\",\"seoDescriptionUnparsed\":\"\",\"seoKeywordsSource\":\"custom\",\"seoKeywordsSourceField\":\"tags\",\"seoKeywordsUnparsed\":\"nacionalidad, americana, bebe, estados unidos, nacimiento, proceso, parto, dar a luz, precios, paso a paso, proceso, migratorio, doctores, hospedaje, preguntas\",\"seoImageIdSource\":\"field\",\"seoImageIdSourceField\":\"featuredImage\",\"seoImageId\":\"\",\"seoImageTransform\":\"\",\"canonicalUrlOverride\":\"\",\"twitterCardType\":\"summary_large_image\",\"seoTwitterImageIdSource\":\"field\",\"seoTwitterImageIdSourceField\":\"featuredImage\",\"seoTwitterImageId\":\"\",\"seoTwitterImageTransform\":\"\",\"openGraphType\":\"website\",\"seoFacebookImageIdSource\":\"field\",\"seoFacebookImageIdSourceField\":\"featuredImage\",\"seoFacebookImageId\":\"\",\"seoFacebookImageTransform\":\"\",\"robots\":\"all\"},\"2\":\"\"}}','2018-12-28 16:16:16','2018-12-28 16:16:16','d01f893a-53ab-4c72-ab7c-8300f30dd142'),
	(44,126,12,1,'es',12,'','{\"typeId\":null,\"authorId\":null,\"title\":\"T\\u00e9rminos y Condiciones\",\"slug\":\"t\\u00e9rminos-y-condiciones\",\"postDate\":1546011164,\"expiryDate\":null,\"enabled\":1,\"parentId\":null,\"fields\":{\"1\":\"\",\"4\":\"\",\"8\":\"<p><strong>SECCI&Oacute;N 1 - T&Eacute;RMINOS DE LA TIENDA EN L&Iacute;NEA.<\\/strong><\\/p><p><br><\\/p><p>Al utilizar este sitio, declaras que tienes al menos la mayor&iacute;a de edad en tu estado, provincia de residencia o en tu pa&iacute;s, y que nos has dado tu consentimiento para permitir que cualquiera de tus dependientes menores use este sitio.<\\/p><p>No puedes usar nuestros productos con ning&uacute;n prop&oacute;sito ilegal o no autorizado tampoco puedes, en el uso del Servicio, violar cualquier ley en tu jurisdicci&oacute;n (incluyendo pero no limitado a las leyes de derecho de autor).<\\/p><p>El incumplimiento o violaci&oacute;n de cualquiera de estos T&eacute;rminos dar&aacute;n lugar al cese inmediato de tus Servicios.<\\/p><p><br><\\/p><p><strong>SECCI&Oacute;N 2 - CONDICIONES GENERALES .<\\/strong><\\/p><p><br><\\/p><p>Nos reservamos el derecho de rechazar la prestaci&oacute;n de servicio a cualquier persona, por cualquier motivo y en cualquier momento.<\\/p><p>Entiendes que tu contenido (sin incluir la informaci&oacute;n de tu tarjeta de cr&eacute;dito), puede ser transferida sin encriptar e involucrar (a) transmisiones a trav&eacute;s de varias redes; y (b) cambios para ajustarse o adaptarse a los requisitos t&eacute;cnicos de conexi&oacute;n de redes o dispositivos. La informaci&oacute;n de tarjetas de cr&eacute;dito est&aacute; siempre encriptada durante la transferencia a trav&eacute;s de las redes.<\\/p><p>Est&aacute;s de acuerdo con no reproducir, duplicar, copiar, vender, revender o explotar cualquier parte del Servicio, uso del Servicio, o acceso al Servicio o cualquier contacto en el sitio web a trav&eacute;s del cual se presta el servicio, sin el expreso permiso por escrito de nuestra parte.<\\/p><p>Los t&iacute;tulos utilizados en este acuerdo se incluyen solo por conveniencia y no limita o afecta a estos T&eacute;rminos.<\\/p><p><br><\\/p><p><strong>SECCI&Oacute;N 3 - EXACTITUD, EXHAUSTIVIDAD Y ACTUALIDAD DE LA INFORMACI&Oacute;N.<\\/strong><\\/p><p><br><\\/p><p>No nos hacemos responsables si la informaci&oacute;n disponible en este sitio no es exacta, completa o actual. &nbsp;El material en este sitio es provisto s&oacute;lo para informaci&oacute;n general y no debe confiarse en ella o utilizarse como la &uacute;nica base para la toma de decisiones sin consultar primeramente, informaci&oacute;n m&aacute;s precisa, completa u oportuna. Cualquier dependencia en el materia de este sitio es bajo su propio riesgo.<\\/p><p>Este sitio puede contener cierta informaci&oacute;n hist&oacute;rica. &nbsp;La informaci&oacute;n hist&oacute;rica, no es necesariamente actual y es provista &uacute;nicamente para tu referencia. &nbsp;Nos reservamos el derecho de modificar los contenidos de este sitio en cualquier momento, pero no tenemos obligaci&oacute;n de actualizar cualquier informaci&oacute;n en nuestro sitio. &nbsp;Aceptas que es tu responsabilidad de monitorear los cambios en nuestro sitio.<\\/p><p><br><\\/p><p><strong>SECCI&Oacute;N 4 - MODIFICACIONES AL SERVICIO Y PRECIOS.<\\/strong><\\/p><p><br><\\/p><p>Los precios de nuestros productos est&aacute;n sujetos a cambio sin aviso.<\\/p><p>Nos reservamos el derecho de modificar o discontinuar el Servicio (o cualquier parte del contenido) en cualquier momento sin aviso previo.<\\/p><p>No seremos responsables ante ti o alguna tercera parte por cualquier modificaci&oacute;n, cambio de precio, suspensi&oacute;n o discontinuidad del Servicio.<\\/p><p><br><\\/p><p><strong>SECCI&Oacute;N 5 - PRODUCTOS O SERVICIOS (si aplicable).<\\/strong><\\/p><p><br><\\/p><p>Ciertos productos o servicios pueden estar disponibles exclusivamente en l&iacute;nea a trav&eacute;s del sitio web. Estos productos o servicios pueden tener cantidades limitadas y estar sujetas a devoluci&oacute;n o cambio de acuerdo a nuestra pol&iacute;tica de devoluci&oacute;n solamente.<\\/p><p>Hemos hecho el esfuerzo de mostrar los colores y las im&aacute;genes de nuestros productos, en la tienda, con la mayor precisi&oacute;n de colores posible. &nbsp;No podemos garantizar que el monitor de tu computadora muestre los colores de manera exacta.<\\/p><p>Nos reservamos el derecho, pero no estamos obligados, para limitar las ventas de nuestros productos o servicios a cualquier persona, regi&oacute;n geogr&aacute;fica o jurisdicci&oacute;n. &nbsp;Podemos ejercer este derecho basados en cada caso. &nbsp;Nos reservamos el derecho de limitar las cantidades de los productos o servicios que ofrecemos. &nbsp;Todas las descripciones de productos o precios de los productos est&aacute;n sujetos a cambios en cualquier momento sin previo aviso, a nuestra sola discreci&oacute;n. &nbsp;Nos reservamos el derecho de discontinuar cualquier producto en cualquier momento. &nbsp;Cualquier oferta de producto o servicio hecho en este sitio es nulo donde est&eacute; prohibido.<\\/p><p><br><\\/p><p><strong>SECCI&Oacute;N 6 - EXACTITUD DE FACTURACI&Oacute;N E INFORMACI&Oacute;N DE CUENTA.<\\/strong><\\/p><p><br><\\/p><p>Nos reservamos el derecho de rechazar cualquier pedido que realice con nosotros. Podemos, a nuestra discreci&oacute;n, limitar o cancelar las cantidades compradas por persona, por hogar o por pedido. Estas restricciones pueden incluir pedidos realizados por o bajo la misma cuenta de cliente, la misma tarjeta de cr&eacute;dito, y\\/o pedidos que utilizan la misma facturaci&oacute;n y\\/o direcci&oacute;n de env&iacute;o.<\\/p><p>En el caso de que hagamos un cambio o cancelemos una orden, podemos intentar notificarte poni&eacute;ndonos en contacto v&iacute;a correo electr&oacute;nico y\\/o direcci&oacute;n de facturaci&oacute;n \\/ n&uacute;mero de tel&eacute;fono proporcionado en el momento que se hizo pedido. Nos reservamos el derecho de limitar o prohibir las &oacute;rdenes que, a nuestro juicio, parecen ser colocado por los concesionarios, revendedores o distribuidores.<\\/p><p>Te comprometes a proporcionar informaci&oacute;n actual, completa y precisa de la compra y cuenta utilizada para todas las compras realizadas en nuestra tienda. &nbsp;Te comprometes a actualizar r&aacute;pidamente tu cuenta y otra informaci&oacute;n, incluyendo tu direcci&oacute;n de correo electr&oacute;nico y n&uacute;meros de tarjetas de cr&eacute;dito y fechas de vencimiento, para que podamos completar tus transacciones y contactarte cuando sea necesario.<\\/p><p>Para m&aacute;s detalles, por favor revisa nuestra Pol&iacute;tica de Devoluciones.<\\/p><p><br><\\/p><p><strong>SECCI&Oacute;N 7 - HERRAMIENTAS OPCIONALES.<\\/strong><\\/p><p><br><\\/p><p>Es posible que te proporcionemos acceso a herramientas de terceros a los cuales no monitoreamos y sobre los que no tenemos control ni entrada.<\\/p><p>Reconoces y aceptas que proporcionamos acceso a este tipo de herramientas &quot;tal cual&quot; y &quot;seg&uacute;n disponibilidad&quot; sin garant&iacute;as, representaciones o condiciones de ning&uacute;n tipo y sin ning&uacute;n respaldo. &nbsp;No tendremos responsabilidad alguna derivada de o relacionada con tu uso de herramientas proporcionadas por terceras partes.<\\/p><p>Cualquier uso que hagas de las herramientas opcionales que se ofrecen a trav&eacute;s del sitio bajo tu propio riesgo y discreci&oacute;n y debes asegurarte de estar familiarizado y aprobar los t&eacute;rminos bajo los cuales estas herramientas son proporcionadas por el o los proveedores de terceros.<\\/p><p>Tambi&eacute;n es posible que, en el futuro, te ofrezcamos nuevos servicios y\\/o caracter&iacute;sticas a trav&eacute;s del sitio web (incluyendo el lanzamiento de nuevas herramientas y recursos). &nbsp;Estas nuevas caracter&iacute;sticas y\\/o servicios tambi&eacute;n estar&aacute;n sujetos a estos T&eacute;rminos de Servicio.<\\/p><p><br><\\/p><p><strong>SECCI&Oacute;N 8 - ENLACES DE TERCERAS PARTES.<\\/strong><\\/p><p><br><\\/p><p>Cierto contenido, productos y servicios disponibles v&iacute;a nuestro Servicio puede incluir material de terceras partes.<\\/p><p>Enlaces de terceras partes en este sitio pueden direccionarte a sitios web de terceras partes que no est&aacute;n afiliadas con nosotros. No nos responsabilizamos de examinar o evaluar el contenido o exactitud y no garantizamos ni tendremos ninguna obligaci&oacute;n o responsabilidad por cualquier material de terceros o sitios web, o de cualquier material, productos o servicios de terceros.<\\/p><p>No nos hacemos responsables de cualquier da&ntilde;o o da&ntilde;os relacionados con la adquisici&oacute;n o utilizaci&oacute;n de bienes, servicios, recursos, contenidos, o cualquier otra transacci&oacute;n realizadas en conexi&oacute;n con sitios web de terceros. Por favor revisa cuidadosamente las pol&iacute;ticas y pr&aacute;cticas de terceros y aseg&uacute;rate de entenderlas antes de participar en cualquier transacci&oacute;n. Quejas, reclamos, inquietudes o preguntas con respecto a productos de terceros deben ser dirigidas a la tercera parte.<\\/p><p><br><\\/p><p><strong>SECCI&Oacute;N 9 - COMENTARIOS DE USUARIO, CAPTACI&Oacute;N Y OTROS ENV&Iacute;OS.<\\/strong><\\/p><p><br><\\/p><p>Si, a pedido nuestro, se env&iacute;a ciertas presentaciones espec&iacute;ficas (por ejemplo la participaci&oacute;n en concursos) o sin un pedido de nuestra parte env&iacute;as, sugerencias, proposiciones, planes, u otros materiales, ya sea en l&iacute;nea, por email, por correo postal, o de otra manera (colectivamente, &#39;comentarios&#39;), aceptas que podamos, en cualquier momento, sin restricci&oacute;n, editar, copiar, publicar, distribuir, traducir o utilizar por cualquier medio comentarios que nos hayas enviado. No tenemos ni tendremos ninguna obligaci&oacute;n (1) de mantener ning&uacute;n comentario confidencialmente; (2) de pagar compensaci&oacute;n por comentarios; o (3) de responder a comentarios.<\\/p><p>Nosotros podemos, pero no tenemos obligaci&oacute;n de, monitorear, editar o remover contenido que consideremos sea ileg&iacute;timo, ofensivo, amenazante, calumnioso, difamatorio, pornogr&aacute;fico, obsceno u objetable o viole la propiedad intelectual de cualquiera de las partes o los T&eacute;rminos de Servicio.<\\/p><p>Aceptas que tus comentarios no violar&aacute;n los derechos de terceras partes, incluyendo derechos de autor, marca, privacidad, personalidad u otro derechos personal o de propiedad. Asimismo, aceptas que tus comentarios no contienen material difamatorio o ilegal, abusivo u obsceno, o contienen virus inform&aacute;ticos u otro malware que pudiera, de alguna manera, afectar el funcionamiento del Servicio o de cualquier sitio web relacionado. &nbsp;No puedes utilizar una direcci&oacute;n de correo electr&oacute;nico falsa, usar otra identidad que no sea leg&iacute;tima, o enga&ntilde;ar a terceras partes o a nosotros en cuanto al origen de tus comentarios. &nbsp;Tu eres el &uacute;nico responsable por los comentarios que haces y su precisi&oacute;n. &nbsp;No nos hacemos responsables y no asumimos ninguna obligaci&oacute;n con respecto a los comentarios publicados por ti o cualquier tercer parte.<\\/p><p><br><\\/p><p><strong>SECCI&Oacute;N 10 - INFORMACI&Oacute;N PERSONAL.<\\/strong><\\/p><p><br><\\/p><p>Tu presentaci&oacute;n de informaci&oacute;n personal a trav&eacute;s del sitio se rige por nuestra Pol&iacute;tica de Privacidad. Para ver nuestra <a href=\\\"http:\\/\\/localhost:8888\\/turismo_maternidad\\/html\\/politicas-privacidad#entry:85:url\\\">Pol&iacute;tica de Privacidad.<\\/a><\\/p><p><br><\\/p><p><strong>SECCI&Oacute;N 11 - ERRORES, INEXACTITUDES Y OMISIONES.<\\/strong><\\/p><p><br><\\/p><p>De vez en cuando puede haber informaci&oacute;n en nuestro sitio o en el Servicio que contiene errores tipogr&aacute;ficos, inexactitudes u omisiones que puedan estar relacionadas con las descripciones de productos, precios, promociones, ofertas, gastos del producto o servicio, el tiempo de tr&aacute;nsito y la disponibilidad. Nos reservamos el derecho de corregir los errores, inexactitudes u omisiones y de cambiar o actualizar la informaci&oacute;n o cancelar pedidos si alguna informaci&oacute;n en el Servicio o en cualquier sitio web relacionado es inexacta en cualquier momento sin previo aviso (incluso despu&eacute;s de que hayas enviado tu orden) .<\\/p><p>No asumimos ninguna obligaci&oacute;n de actualizar, corregir o aclarar la informaci&oacute;n en el Servicio o en cualquier sitio web relacionado, incluyendo, sin limitaci&oacute;n, la informaci&oacute;n de precios, excepto cuando sea requerido por la ley. Ninguna especificaci&oacute;n actualizada o fecha de actualizaci&oacute;n aplicada en el Servicio o en cualquier sitio web relacionado, debe ser tomada para indicar que toda la informaci&oacute;n en el Servicio o en cualquier sitio web relacionado ha sido modificado o actualizado.<\\/p><p><br><\\/p><p><strong>SECCI&Oacute;N 12 - USOS PROHIBIDOS.<\\/strong><\\/p><p><br><\\/p><p>En adici&oacute;n a otras prohibiciones como se establece en los T&eacute;rminos de Servicio, se prohibe el uso del sitio o su contenido: (a) para ning&uacute;n prop&oacute;sito ilegal; (b) para pedirle a otros que realicen o participen en actos il&iacute;citos; (c) para violar cualquier regulaci&oacute;n, reglas, leyes internacionales, federales, provinciales o estatales, u ordenanzas locales; (d) para infringir o violar el derecho de propiedad intelectual nuestro o de terceras partes; (e) para acosar, abusar, insultar, da&ntilde;ar, difamar, calumniar, desprestigiar, intimidar o discriminar por razones de g&eacute;nero, orientaci&oacute;n sexual, religi&oacute;n, etnia, raza, edad, nacionalidad o discapacidad; (f) para presentar informaci&oacute;n falsa o enga&ntilde;osa; (g) para cargar o transmitir virus o cualquier otro tipo de c&oacute;digo malicioso que sea o pueda ser utilizado en cualquier forma que pueda comprometer la funcionalidad o el funcionamiento del Servicio o de cualquier sitio web relacionado, otros sitios o Internet; (h) para recopilar o rastrear informaci&oacute;n personal de otros; (i) para generar spam, phish, pharm, pretext, spider, crawl, or scrape; (j) para cualquier prop&oacute;sito obsceno o inmoral; o (k) para interferir con o burlar los elementos de seguridad del Servicio o cualquier sitio web relacionado&iquest; otros sitios o Internet. Nos reservamos el derecho de suspender el uso del Servicio o de cualquier sitio web relacionado por violar cualquiera de los &iacute;tems de los usos prohibidos.<\\/p><p><br><\\/p><p><strong>SECCI&Oacute;N 13 - EXCLUSI&Oacute;N DE GARANT&Iacute;AS; LIMITACI&Oacute;N DE RESPONSABILIDAD.<\\/strong><\\/p><p><br><\\/p><p>No garantizamos ni aseguramos que el uso de nuestro servicio ser&aacute; ininterrumpido, puntual, seguro o libre de errores.<\\/p><p>No garantizamos que los resultados que se puedan obtener del uso del servicio ser&aacute;n exactos o confiables.<\\/p><p>Aceptas que de vez en cuando podemos quitar el servicio por per&iacute;odos de tiempo indefinidos o cancelar el servicio en cualquier momento sin previo aviso.<\\/p><p>Aceptas expresamente que el uso de, o la posibilidad de utilizar, el servicio es bajo tu propio riesgo. &nbsp;El servicio y todos los productos y servicios proporcionados a trav&eacute;s del servicio son (salvo lo expresamente manifestado por nosotros) proporcionados &quot;tal cual&quot; y &quot;seg&uacute;n est&eacute; disponible&quot; para su uso, sin ning&uacute;n tipo de representaci&oacute;n, garant&iacute;as o condiciones de ning&uacute;n tipo, ya sea expresa o impl&iacute;cita, incluidas todas las garant&iacute;as o condiciones impl&iacute;citas de comercializaci&oacute;n, calidad comercializable, la aptitud para un prop&oacute;sito particular, durabilidad, t&iacute;tulo y no infracci&oacute;n.<\\/p><p>En ning&uacute;n caso <strong>TURISMO M&Eacute;DICO DIGITAL, S.A.P.I. DE C.V.,<\\/strong> nuestros directores, funcionarios, empleados, afiliados, agentes, contratistas, internos, proveedores, prestadores de servicios o licenciantes ser&aacute;n responsables por cualquier da&ntilde;o, p&eacute;rdida, reclamo, o da&ntilde;os directos, indirectos, incidentales, punitivos, especiales o consecuentes de cualquier tipo, incluyendo, sin limitaci&oacute;n, p&eacute;rdida de beneficios, p&eacute;rdida de ingresos, p&eacute;rdida de ahorros, p&eacute;rdida de datos, costos de reemplazo, o cualquier da&ntilde;o similar, ya sea basado en contrato, agravio (incluyendo negligencia), responsabilidad estricta o de otra manera, como consecuencia del uso de cualquiera de los servicios o productos adquiridos mediante el servicio, o por cualquier otro reclamo relacionado de alguna manera con el uso del servicio o cualquier producto, incluyendo pero no limitado, a cualquier error u omisi&oacute;n en cualquier contenido, o cualquier p&eacute;rdida o da&ntilde;o de cualquier tipo incurridos como resultados de la utilizaci&oacute;n del servicio o cualquier contenido (o producto) publicado, transmitido, o que se pongan a disposici&oacute;n a trav&eacute;s del servicio, incluso si se avisa de su posibilidad. &nbsp;Debido a que algunos estados o jurisdicciones no permiten la exclusi&oacute;n o la limitaci&oacute;n de responsabilidad por da&ntilde;os consecuenciales o incidentales, en tales estados o jurisdicciones, nuestra responsabilidad se limitar&aacute; en la medida m&aacute;xima permitida por la ley.<\\/p><p><br><\\/p><p><strong>SECCI&Oacute;N 14 - INDEMNIZACI&Oacute;N.<\\/strong><\\/p><p><br><\\/p><p>Aceptas indemnizar, defender y mantener indemne TURISMO M&Eacute;DICO DIGITAL, S.A.P.I. DE C.V. y nuestras matrices, subsidiarias, afiliados, socios, funcionarios, directores, agentes, contratistas, concesionarios, proveedores de servicios, subcontratistas, proveedores, internos y empleados, de cualquier reclamo o demanda, incluyendo honorarios razonables de abogados, hechos por cualquier tercero a causa o como resultado de tu incumplimiento de las Condiciones de Servicio o de los documentos que incorporan como referencia, o la violaci&oacute;n de cualquier ley o de los derechos de u tercero.<\\/p><p><br><\\/p><p><strong>SECCI&Oacute;N 15 - DIVISIBILIDAD.<\\/strong><\\/p><p><br><\\/p><p>En el caso de que se determine que cualquier disposici&oacute;n de estas Condiciones de Servicio sea ilegal, nula o inejecutable, dicha disposici&oacute;n ser&aacute;, no obstante, efectiva a obtener la m&aacute;xima medida permitida por la ley aplicable, y la parte no exigible se considerar&aacute; separada de estos T&eacute;rminos de Servicio, dicha determinaci&oacute;n no afectar&aacute; la validez de aplicabilidad de las dem&aacute;s disposiciones restantes.<\\/p><p><br><\\/p><p><strong>SECCI&Oacute;N 16 - RESCISI&Oacute;N.<\\/strong><\\/p><p><br><\\/p><p>Las obligaciones y responsabilidades de las partes que hayan incurrido con anterioridad a la fecha de terminaci&oacute;n sobrevivir&aacute;n a la terminaci&oacute;n de este acuerdo a todos los efectos.<\\/p><p>Estas Condiciones de servicio son efectivos a menos que y hasta que sea terminado por ti o nosotros. Puedes terminar estos T&eacute;rminos de Servicio en cualquier momento por avisarnos que ya no deseas utilizar nuestros servicios, o cuando dejes de usar nuestro sitio.<\\/p><p>Si a nuestro juicio, fallas, o se sospecha que haz fallado, en el cumplimiento de cualquier t&eacute;rmino o disposici&oacute;n de estas Condiciones de Servicio, tambi&eacute;n podemos terminar este acuerdo en cualquier momento sin previo aviso, y seguir&aacute;s siendo responsable de todos los montos adeudados hasta incluida la fecha de terminaci&oacute;n; y\\/o en consecuencia podemos negarte el acceso a nuestros servicios (o cualquier parte del mismo).<\\/p><p><br><\\/p><p><strong>SECCI&Oacute;N 17 - ACUERDO COMPLETO.<\\/strong><\\/p><p><br><\\/p><p>Nuestra falla para ejercer o hacer valer cualquier derecho o disposici&oacute;n de estas Condiciones de Servicio no constituir&aacute; una renuncia a tal derecho o disposici&oacute;n.<\\/p><p>Estas Condiciones del servicio y las pol&iacute;ticas o reglas de operaci&oacute;n publicadas por nosotros en este sitio o con respecto al servicio constituyen el acuerdo completo y el entendimiento entre tu y nosotros y rigen el uso del Servicio y reemplaza cualquier acuerdo, comunicaciones y propuestas anteriores o contempor&aacute;neas, ya sea oral o escrita, entre tu y nosotros (incluyendo, pero no limitado a, cualquier versi&oacute;n previa de los T&eacute;rminos de Servicio).<\\/p><p>Cualquier ambig&uuml;edad en la interpretaci&oacute;n de estas Condiciones del servicio no se interpretar&aacute;n en contra del grupo de redacci&oacute;n.<\\/p><p><br><\\/p><p><strong>SECCI&Oacute;N 18 - LEY.<\\/strong><\\/p><p><br><\\/p><p>Estas Condiciones del servicio y cualquier acuerdos aparte en el que te proporcionemos servicios se regir&aacute;n e interpretar&aacute;n en conformidad con las leyes de los Estados Unidos Mexicanos.<\\/p><p><br><\\/p><p><strong>SECCI&Oacute;N 19 - CAMBIOS EN LOS T&Eacute;RMINOS DE SERVICIO.<\\/strong><\\/p><p><br><\\/p><p>Puedes revisar la versi&oacute;n m&aacute;s actualizada de los T&eacute;rminos de Servicio en cualquier momento en esta p&aacute;gina.<\\/p><p>Nos reservamos el derecho, a nuestra sola discreci&oacute;n, de actualizar, modificar o reemplazar cualquier parte de estas Condiciones del servicio mediante la publicaci&oacute;n de las actualizaciones y los cambios en nuestro sitio web. Es tu responsabilidad revisar nuestro sitio web peri&oacute;dicamente para verificar los cambios. El uso cont&iacute;nuo de o el acceso a nuestro sitio Web o el Servicio despu&eacute;s de la publicaci&oacute;n de cualquier cambio en estas Condiciones de servicio implica la aceptaci&oacute;n de dichos cambios.<\\/p><p><br><\\/p><p><strong>SECCI&Oacute;N 20 - INFORMACI&Oacute;N DE CONTACTO.<\\/strong><\\/p><p><br><\\/p><p>Para cualquier duda o aclaraci&oacute;n puedes comunicarte v&iacute;a correo electr&oacute;nico a la siguiente direcci&oacute;n info@turismomaternidad.com<\\/p>\",\"3\":{\"seoMainEntityCategory\":\"CreativeWork\",\"seoMainEntityOfPage\":\"WebPage\",\"seoTitleSource\":\"field\",\"seoTitleSourceField\":\"title\",\"seoTitleUnparsed\":\"T\\u00e9rminos y Condiciones\",\"seoDescriptionSource\":\"field\",\"seoDescriptionSourceField\":\"body\",\"seoDescriptionUnparsed\":\"\",\"seoKeywordsSource\":\"custom\",\"seoKeywordsSourceField\":\"tags\",\"seoKeywordsUnparsed\":\"nacionalidad, americana, bebe, estados unidos, nacimiento, proceso, parto, dar a luz, precios, paso a paso, proceso, migratorio, doctores, hospedaje, preguntas\",\"seoImageIdSource\":\"field\",\"seoImageIdSourceField\":\"featuredImage\",\"seoImageId\":\"\",\"seoImageTransform\":\"\",\"canonicalUrlOverride\":\"\",\"twitterCardType\":\"summary_large_image\",\"seoTwitterImageIdSource\":\"field\",\"seoTwitterImageIdSourceField\":\"featuredImage\",\"seoTwitterImageId\":\"\",\"seoTwitterImageTransform\":\"\",\"openGraphType\":\"website\",\"seoFacebookImageIdSource\":\"field\",\"seoFacebookImageIdSourceField\":\"featuredImage\",\"seoFacebookImageId\":\"\",\"seoFacebookImageTransform\":\"\",\"robots\":\"all\"},\"2\":\"\"}}','2018-12-28 16:17:12','2018-12-28 16:17:12','00a939b3-5340-4b78-9753-d143bc805f69'),
	(45,126,12,1,'es',13,'','{\"typeId\":null,\"authorId\":null,\"title\":\"T\\u00e9rminos y Condiciones\",\"slug\":\"t\\u00e9rminos-y-condiciones\",\"postDate\":1546011164,\"expiryDate\":null,\"enabled\":1,\"parentId\":null,\"fields\":{\"1\":\"\",\"4\":\"\",\"8\":\"<p>T&Eacute;RMINOS Y CONDICIONES<\\/p><p><br><\\/p><p><br><\\/p><p><br><\\/p><p>INFORMACI&Oacute;N GENERAL<\\/p><p>Este sitio web es operado por TURISMO M&Eacute;DICO DIGITAL, S.A.P.I. DE C.V.. En todo el sitio, los t&eacute;rminos &ldquo;nosotros&rdquo;, &ldquo;nos&rdquo; y &ldquo;nuestro&rdquo; se refieren a TURISMO M&Eacute;DICO DIGITAL, S.A.P.I. DE C.V..<\\/p><p><br><\\/p><p>TURISMO M&Eacute;DICO DIGITAL, S.A.P.I. DE C.V. ofrece este sitio web, incluyendo toda la informaci&oacute;n, herramientas y servicios disponibles para ti en este sitio, el usuario, est&aacute; condicionado a la aceptaci&oacute;n de todos los t&eacute;rminos, condiciones, pol&iacute;ticas y notificaciones aqu&iacute; establecidos.<\\/p><p><br><\\/p><p>Al visitar nuestro sitio y\\/o comprar algo de nosotros, participas en nuestro &ldquo;Servicio&rdquo; y aceptas los siguientes t&eacute;rminos y condiciones (&ldquo;T&eacute;rminos de Servicio&rdquo;, &ldquo;T&eacute;rminos&rdquo;), incluidos todos los t&eacute;rminos y condiciones adicionales y las pol&iacute;ticas a las que se hace referencia en el presente documento y\\/o disponible a trav&eacute;s de hiperv&iacute;nculos. Estas Condiciones de Servicio se aplican a todos los usuarios del sitio, incluyendo su limitaci&oacute;n a usuarios que sean navegadores, proveedores, clientes, comerciantes, y\\/o colaboradores de contenido.<\\/p><p><br><\\/p><p>Por favor, lee estos T&eacute;rminos de Servicio cuidadosamente antes de acceder o utilizar nuestro sitio web. Al acceder o utilizar cualquier parte del sitio, est&aacute;s aceptando los T&eacute;rminos de Servicio. Si no est&aacute;s de acuerdo con todos los t&eacute;rminos y condiciones de este acuerdo, entonces no deber&iacute;as acceder a la p&aacute;gina web o usar cualquiera de los servicios. Si los T&eacute;rminos de Servicio son considerados una oferta, la aceptaci&oacute;n est&aacute; expresamente limitada a estos T&eacute;rminos de Servicio.<\\/p><p><br><\\/p><p>Cualquier funci&oacute;n nueva o herramienta que se a&ntilde;adan a la p&aacute;gina actual, tambi&eacute;n estar&aacute;n sujetas a estos T&eacute;rminos de Servicio. Puedes revisar la versi&oacute;n actualizada de los T&eacute;rminos de Servicio, en cualquier momento en esta p&aacute;gina. Nos reservamos el derecho de actualizar, cambiar o reemplazar cualquier parte de los T&eacute;rminos de Servicio mediante la publicaci&oacute;n de actualizaciones y\\/o cambios en nuestro sitio web. Es tu responsabilidad checar esta p&aacute;gina peri&oacute;dicamente para verificar cambios. Tu uso contin&uacute;o o el acceso al sitio web despu&eacute;s de la publicaci&oacute;n de cualquier cambio constituye la aceptaci&oacute;n de dichos cambios.<\\/p><p><br><\\/p><p>Nuestro portal de pagos se encuentra alojado en &copy; Conekta, Inc. ellos nos proporcionan la plataforma de comercio electr&oacute;nico en l&iacute;nea, que nos permite venderte nuestros productos y servicios.<\\/p><p><br><\\/p><p><br><\\/p><p>SECCI&Oacute;N 1 - T&Eacute;RMINOS DE LA TIENDA EN L&Iacute;NEA<\\/p><p>Al utilizar este sitio, declaras que tienes al menos la mayor&iacute;a de edad en tu estado, provincia de residencia o en tu pa&iacute;s, y que nos has dado tu consentimiento para permitir que cualquiera de tus dependientes menores use este sitio.<\\/p><p><br><\\/p><p>No puedes usar nuestros productos con ning&uacute;n prop&oacute;sito ilegal o no autorizado tampoco puedes, en el uso del Servicio, violar cualquier ley en tu jurisdicci&oacute;n (incluyendo pero no limitado a las leyes de derecho de autor).<\\/p><p><br><\\/p><p>El incumplimiento o violaci&oacute;n de cualquiera de estos T&eacute;rminos dar&aacute;n lugar al cese inmediato de tus Servicios.<\\/p><p><br><\\/p><p><br><\\/p><p>SECCI&Oacute;N 2 - CONDICIONES GENERALES<\\/p><p>Nos reservamos el derecho de rechazar la prestaci&oacute;n de servicio a cualquier persona, por cualquier motivo y en cualquier momento.<\\/p><p><br><\\/p><p>Entiendes que tu contenido (sin incluir la informaci&oacute;n de tu tarjeta de cr&eacute;dito), puede ser transferida sin encriptar e involucrar (a) transmisiones a trav&eacute;s de varias redes; y (b) cambios para ajustarse o adaptarse a los requisitos t&eacute;cnicos de conexi&oacute;n de redes o dispositivos. La informaci&oacute;n de tarjetas de cr&eacute;dito est&aacute; siempre encriptada durante la transferencia a trav&eacute;s de las redes.<\\/p><p><br><\\/p><p>Est&aacute;s de acuerdo con no reproducir, duplicar, copiar, vender, revender o explotar cualquier parte del Servicio, uso del Servicio, o acceso al Servicio o cualquier contacto en el sitio web a trav&eacute;s del cual se presta el servicio, sin el expreso permiso por escrito de nuestra parte.<\\/p><p><br><\\/p><p>Los t&iacute;tulos utilizados en este acuerdo se incluyen solo por conveniencia y no limita o afecta a estos T&eacute;rminos.<\\/p><p><br><\\/p><p><br><\\/p><p>SECCI&Oacute;N 3 - EXACTITUD, EXHAUSTIVIDAD Y ACTUALIDAD DE LA INFORMACI&Oacute;N<\\/p><p>No nos hacemos responsables si la informaci&oacute;n disponible en este sitio no es exacta, completa o actual.&nbsp;&nbsp;El material en este sitio es provisto s&oacute;lo para informaci&oacute;n general y no debe confiarse en ella o utilizarse como la &uacute;nica base para la toma de decisiones sin consultar primeramente, informaci&oacute;n m&aacute;s precisa, completa u oportuna. Cualquier dependencia en el materia de este sitio es bajo su propio riesgo.<\\/p><p><br><\\/p><p>Este sitio puede contener cierta informaci&oacute;n hist&oacute;rica.&nbsp;&nbsp;La informaci&oacute;n hist&oacute;rica, no es necesariamente actual y es provista &uacute;nicamente para tu referencia.&nbsp;&nbsp;Nos reservamos el derecho de modificar los contenidos de este sitio en cualquier momento, pero no tenemos obligaci&oacute;n de actualizar cualquier informaci&oacute;n en nuestro sitio.&nbsp;&nbsp;Aceptas que es tu responsabilidad de monitorear los cambios en nuestro sitio.<\\/p><p><br><\\/p><p>SECTION 4 - MODIFICACIONES AL SERVICIO Y PRECIOS<\\/p><p>Los precios de nuestros productos est&aacute;n sujetos a cambio sin aviso.<\\/p><p><br><\\/p><p>Nos reservamos el derecho de modificar o discontinuar el Servicio (o cualquier parte del contenido) en cualquier momento sin aviso previo.<\\/p><p><br><\\/p><p>No seremos responsables ante ti o alguna tercera parte por cualquier modificaci&oacute;n, cambio de precio, suspensi&oacute;n o discontinuidad del Servicio.<\\/p><p><br><\\/p><p><br><\\/p><p>SECCI&Oacute;N 5 - PRODUCTOS O SERVICIOS (si aplicable)<\\/p><p>Ciertos productos o servicios pueden estar disponibles exclusivamente en l&iacute;nea a trav&eacute;s del sitio web. Estos productos o servicios pueden tener cantidades limitadas y estar sujetas a devoluci&oacute;n o cambio de acuerdo a nuestra pol&iacute;tica de devoluci&oacute;n solamente.<\\/p><p><br><\\/p><p>Hemos hecho el esfuerzo de mostrar los colores y las im&aacute;genes de nuestros productos, en la tienda, con la mayor precisi&oacute;n de colores posible.&nbsp;&nbsp;No podemos garantizar que el monitor de tu computadora muestre los colores de manera exacta.<\\/p><p><br><\\/p><p>Nos reservamos el derecho, pero no estamos obligados, para limitar las ventas de nuestros productos o servicios a cualquier persona, regi&oacute;n geogr&aacute;fica o jurisdicci&oacute;n.&nbsp;&nbsp;Podemos ejercer este derecho basados en cada caso.&nbsp;&nbsp;Nos reservamos el derecho de limitar las cantidades de los productos o servicios que ofrecemos.&nbsp;&nbsp;Todas las descripciones de productos o precios de los productos est&aacute;n sujetos a cambios en cualquier momento sin previo aviso, a nuestra sola discreci&oacute;n.&nbsp;&nbsp;Nos reservamos el derecho de discontinuar cualquier producto en cualquier momento.&nbsp;&nbsp;Cualquier oferta de producto o servicio hecho en este sitio es nulo donde est&eacute; prohibido.<\\/p><p><br><\\/p><p><br><\\/p><p><br><\\/p><p>SECCI&Oacute;N 6 - EXACTITUD DE FACTURACI&Oacute;N E INFORMACI&Oacute;N DE CUENTA<\\/p><p>Nos reservamos el derecho de rechazar cualquier pedido que realice con nosotros. Podemos, a nuestra discreci&oacute;n, limitar o cancelar las cantidades compradas por persona, por hogar o por pedido. Estas restricciones pueden incluir pedidos realizados por o bajo la misma cuenta de cliente, la misma tarjeta de cr&eacute;dito, y\\/o pedidos que utilizan la misma facturaci&oacute;n y\\/o direcci&oacute;n de env&iacute;o.<\\/p><p><br><\\/p><p>En el caso de que hagamos un cambio o cancelemos una orden, podemos intentar notificarte poni&eacute;ndonos en contacto v&iacute;a correo electr&oacute;nico y\\/o direcci&oacute;n de facturaci&oacute;n \\/ n&uacute;mero de tel&eacute;fono proporcionado en el momento que se hizo pedido. Nos reservamos el derecho de limitar o prohibir las &oacute;rdenes que, a nuestro juicio, parecen ser colocado por los concesionarios, revendedores o distribuidores.<\\/p><p><br><\\/p><p>Te comprometes a proporcionar informaci&oacute;n actual, completa y precisa de la compra y cuenta utilizada para todas las compras realizadas en nuestra tienda.&nbsp;&nbsp;Te comprometes a actualizar r&aacute;pidamente tu cuenta y otra informaci&oacute;n, incluyendo tu direcci&oacute;n de correo electr&oacute;nico y n&uacute;meros de tarjetas de cr&eacute;dito y fechas de vencimiento, para que podamos completar tus transacciones y contactarte cuando sea necesario.<\\/p><p><br><\\/p><p>Para m&aacute;s detalles, por favor revisa nuestra Pol&iacute;tica de Devoluciones.<\\/p><p><br><\\/p><p>SECCI&Oacute;N 7 - HERRAMIENTAS OPCIONALES<\\/p><p>Es posible que te proporcionemos acceso a herramientas de terceros a los cuales no monitoreamos y sobre los que no tenemos control ni entrada.<\\/p><p><br><\\/p><p>Reconoces y aceptas que proporcionamos acceso a este tipo de herramientas &quot;tal cual&quot; y &quot;seg&uacute;n disponibilidad&quot; sin garant&iacute;as, representaciones o condiciones de ning&uacute;n tipo y sin ning&uacute;n respaldo.&nbsp;&nbsp;No tendremos responsabilidad alguna derivada de o relacionada con tu uso de herramientas proporcionadas por terceras partes.<\\/p><p><br><\\/p><p>Cualquier uso que hagas de las herramientas opcionales que se ofrecen a trav&eacute;s del sitio bajo tu propio riesgo y discreci&oacute;n y debes asegurarte de estar familiarizado y aprobar los t&eacute;rminos bajo los cuales estas herramientas son proporcionadas por el o los proveedores de terceros.<\\/p><p><br><\\/p><p>Tambi&eacute;n es posible que, en el futuro, te ofrezcamos nuevos servicios y\\/o caracter&iacute;sticas a trav&eacute;s del sitio web (incluyendo el lanzamiento de nuevas herramientas y recursos).&nbsp;&nbsp;Estas nuevas caracter&iacute;sticas y\\/o servicios tambi&eacute;n estar&aacute;n sujetos a estos T&eacute;rminos de Servicio.<\\/p><p><br><\\/p><p>SECCI&Oacute;N 8 - ENLACES DE TERCERAS PARTES<\\/p><p>Cierto contenido, productos y servicios disponibles v&iacute;a nuestro Servicio puede incluir material de terceras partes.<\\/p><p><br><\\/p><p>Enlaces de terceras partes en este sitio pueden direccionarte a sitios web de terceras partes que no est&aacute;n afiliadas con nosotros. No nos responsabilizamos de examinar o evaluar el contenido o exactitud y no garantizamos ni tendremos ninguna obligaci&oacute;n o responsabilidad por cualquier material de terceros o sitios web, o de cualquier material, productos o servicios de terceros.<\\/p><p><br><\\/p><p>No nos hacemos responsables de cualquier da&ntilde;o o da&ntilde;os relacionados con la adquisici&oacute;n o utilizaci&oacute;n de bienes, servicios, recursos, contenidos, o cualquier otra transacci&oacute;n realizadas en conexi&oacute;n con sitios web de terceros. Por favor revisa cuidadosamente las pol&iacute;ticas y pr&aacute;cticas de terceros y aseg&uacute;rate de entenderlas antes de participar en cualquier transacci&oacute;n. Quejas, reclamos, inquietudes o preguntas con respecto a productos de terceros deben ser dirigidas a la tercera parte.<\\/p><p><br><\\/p><p>SECCI&Oacute;N 9 - COMENTARIOS DE USUARIO, CAPTACI&Oacute;N Y OTROS ENV&Iacute;OS<\\/p><p>Si, a pedido nuestro, se env&iacute;a ciertas presentaciones espec&iacute;ficas (por ejemplo la participaci&oacute;n en concursos) o sin un pedido de nuestra parte env&iacute;as, sugerencias, proposiciones, planes, u otros materiales, ya sea en l&iacute;nea, por email, por correo postal, o de otra manera (colectivamente, &#39;comentarios&#39;), aceptas que podamos, en cualquier momento, sin restricci&oacute;n, editar, copiar, publicar, distribuir, traducir o utilizar por cualquier medio comentarios que nos hayas enviado. No tenemos ni tendremos ninguna obligaci&oacute;n (1) de mantener ning&uacute;n comentario confidencialmente; (2) de pagar compensaci&oacute;n por comentarios; o (3) de responder a comentarios.<\\/p><p><br><\\/p><p>Nosotros podemos, pero no tenemos obligaci&oacute;n de, monitorear, editar o remover contenido que consideremos sea ileg&iacute;timo, ofensivo, amenazante, calumnioso, difamatorio, pornogr&aacute;fico, obsceno u objetable o viole la propiedad intelectual de cualquiera de las partes o los T&eacute;rminos de Servicio.<\\/p><p><br><\\/p><p>Aceptas que tus comentarios no violar&aacute;n los derechos de terceras partes, incluyendo derechos de autor, marca, privacidad, personalidad u otro derechos personal o de propiedad. Asimismo, aceptas que tus comentarios no contienen material difamatorio o ilegal, abusivo u obsceno, o contienen virus inform&aacute;ticos u otro malware que pudiera, de alguna manera, afectar el funcionamiento del Servicio o de cualquier sitio web relacionado.&nbsp;&nbsp;No puedes utilizar una direcci&oacute;n de correo electr&oacute;nico falsa, usar otra identidad que no sea leg&iacute;tima, o enga&ntilde;ar a terceras partes o a nosotros en cuanto al origen de tus comentarios.&nbsp;&nbsp;Tu eres el &uacute;nico responsable por los comentarios que haces y su precisi&oacute;n.&nbsp;&nbsp;No nos hacemos responsables y no asumimos ninguna obligaci&oacute;n con respecto a los comentarios publicados por ti o cualquier tercer parte.<\\/p><p><br><\\/p><p><br><\\/p><p>SECCI&Oacute;N 10 - INFORMACI&Oacute;N PERSONAL<\\/p><p>Tu presentaci&oacute;n de informaci&oacute;n personal a trav&eacute;s del sitio se rige por nuestra Pol&iacute;tica de Privacidad. Para ver nuestra Pol&iacute;tica de Privacidad.&nbsp;Hacer hipervinculo<\\/p><p><br><\\/p><p><br><\\/p><p>SECCI&Oacute;N 11 - ERRORES, INEXACTITUDES Y OMISIONES<\\/p><p>De vez en cuando puede haber informaci&oacute;n en nuestro sitio o en el Servicio que contiene errores tipogr&aacute;ficos, inexactitudes u omisiones que puedan estar relacionadas con las descripciones de productos, precios, promociones, ofertas, gastos del producto o servicio, el tiempo de tr&aacute;nsito y la disponibilidad. Nos reservamos el derecho de corregir los errores, inexactitudes u omisiones y de cambiar o actualizar la informaci&oacute;n o cancelar pedidos si alguna informaci&oacute;n en el Servicio o en cualquier sitio web relacionado es inexacta en cualquier momento sin previo aviso (incluso despu&eacute;s de que hayas enviado tu orden) .<\\/p><p><br><\\/p><p>No asumimos ninguna obligaci&oacute;n de actualizar, corregir o aclarar la informaci&oacute;n en el Servicio o en cualquier sitio web relacionado, incluyendo, sin limitaci&oacute;n, la informaci&oacute;n de precios, excepto cuando sea requerido por la ley. Ninguna especificaci&oacute;n actualizada o fecha de actualizaci&oacute;n aplicada en el Servicio o en cualquier sitio web relacionado, debe ser tomada para indicar que toda la informaci&oacute;n en el Servicio o en cualquier sitio web relacionado ha sido modificado o actualizado.<\\/p><p><br><\\/p><p><br><\\/p><p>SECCI&Oacute;N 12 - USOS PROHIBIDOS<\\/p><p>En adici&oacute;n a otras prohibiciones como se establece en los T&eacute;rminos de Servicio, se prohibe el uso del sitio o su contenido: (a) para ning&uacute;n prop&oacute;sito ilegal; (b) para pedirle a otros que realicen o participen en actos il&iacute;citos; (c) para violar cualquier regulaci&oacute;n, reglas, leyes internacionales, federales, provinciales o estatales, u ordenanzas locales; (d) para infringir o violar el derecho de propiedad intelectual nuestro o de terceras partes; (e) para acosar, abusar, insultar, da&ntilde;ar, difamar, calumniar, desprestigiar, intimidar o discriminar por razones de g&eacute;nero, orientaci&oacute;n sexual, religi&oacute;n, etnia, raza, edad, nacionalidad o discapacidad; (f) para presentar informaci&oacute;n falsa o enga&ntilde;osa; (g) para cargar o transmitir virus o cualquier otro tipo de c&oacute;digo malicioso que sea o pueda ser utilizado en cualquier forma que pueda comprometer la funcionalidad o el funcionamiento del Servicio o de cualquier sitio web relacionado, otros sitios o Internet; (h) para recopilar o rastrear informaci&oacute;n personal de otros; (i) para generar spam, phish, pharm, pretext, spider, crawl, or scrape; (j) para cualquier prop&oacute;sito obsceno o inmoral; o (k) para interferir con o burlar los elementos de seguridad del Servicio o cualquier sitio web relacionado&iquest; otros sitios o Internet. Nos reservamos el derecho de suspender el uso del Servicio o de cualquier sitio web relacionado por violar cualquiera de los &iacute;tems de los usos prohibidos.<\\/p><p><br><\\/p><p><br><\\/p><p>SECCI&Oacute;N 13 - EXCLUSI&Oacute;N DE GARANT&Iacute;AS; LIMITACI&Oacute;N DE RESPONSABILIDAD<\\/p><p>No garantizamos ni aseguramos que el uso de nuestro servicio ser&aacute; ininterrumpido, puntual, seguro o libre de errores.<\\/p><p><br><\\/p><p>No garantizamos que los resultados que se puedan obtener del uso del servicio ser&aacute;n exactos o confiables.<\\/p><p><br><\\/p><p>Aceptas que de vez en cuando podemos quitar el servicio por per&iacute;odos de tiempo indefinidos o cancelar el servicio en cualquier momento sin previo aviso.<\\/p><p><br><\\/p><p>Aceptas expresamente que el uso de, o la posibilidad de utilizar, el servicio es bajo tu propio riesgo.&nbsp;&nbsp;El servicio y todos los productos y servicios proporcionados a trav&eacute;s del servicio son (salvo lo expresamente manifestado por nosotros) proporcionados &quot;tal cual&quot; y &quot;seg&uacute;n est&eacute; disponible&quot; para su uso, sin ning&uacute;n tipo de representaci&oacute;n, garant&iacute;as o condiciones de ning&uacute;n tipo, ya sea expresa o impl&iacute;cita, incluidas todas las garant&iacute;as o condiciones impl&iacute;citas de comercializaci&oacute;n, calidad comercializable, la aptitud para un prop&oacute;sito particular, durabilidad, t&iacute;tulo y no infracci&oacute;n.<\\/p><p><br><\\/p><p>En ning&uacute;n caso TURISMO M&Eacute;DICO DIGITAL, S.A.P.I. DE C.V., nuestros directores, funcionarios, empleados, afiliados, agentes, contratistas, internos, proveedores, prestadores de servicios o licenciantes ser&aacute;n responsables por cualquier da&ntilde;o, p&eacute;rdida, reclamo, o da&ntilde;os directos, indirectos, incidentales, punitivos, especiales o consecuentes de cualquier tipo, incluyendo, sin limitaci&oacute;n, p&eacute;rdida de beneficios, p&eacute;rdida de ingresos, p&eacute;rdida de ahorros, p&eacute;rdida de datos, costos de reemplazo, o cualquier da&ntilde;o similar, ya sea basado en contrato, agravio (incluyendo negligencia), responsabilidad estricta o de otra manera, como consecuencia del uso de cualquiera de los servicios o productos adquiridos mediante el servicio, o por cualquier otro reclamo relacionado de alguna manera con el uso del servicio o cualquier producto, incluyendo pero no limitado, a cualquier error u omisi&oacute;n en cualquier contenido, o cualquier p&eacute;rdida o da&ntilde;o de cualquier tipo incurridos como resultados de la utilizaci&oacute;n del servicio o cualquier contenido (o producto) publicado, transmitido, o que se pongan a disposici&oacute;n a trav&eacute;s del servicio, incluso si se avisa de su posibilidad.&nbsp;&nbsp;Debido a que algunos estados o jurisdicciones no permiten la exclusi&oacute;n o la limitaci&oacute;n de responsabilidad por da&ntilde;os consecuenciales o incidentales, en tales estados o jurisdicciones, nuestra responsabilidad se limitar&aacute; en la medida m&aacute;xima permitida por la ley.<\\/p><p><br><\\/p><p><br><\\/p><p>SECCI&Oacute;N 14 - INDEMNIZACI&Oacute;N<\\/p><p>Aceptas indemnizar, defender y mantener indemne TURISMO M&Eacute;DICO DIGITAL, S.A.P.I. DE C.V. y nuestras matrices, subsidiarias, afiliados, socios, funcionarios, directores, agentes, contratistas, concesionarios, proveedores de servicios, subcontratistas, proveedores, internos y empleados, de cualquier reclamo o demanda, incluyendo honorarios razonables de abogados, hechos por cualquier tercero a causa o como resultado de tu incumplimiento de las Condiciones de Servicio o de los documentos que incorporan como referencia, o la violaci&oacute;n de cualquier ley o de los derechos de u tercero.<\\/p><p><br><\\/p><p>SECCI&Oacute;N 15 - DIVISIBILIDAD<\\/p><p>En el caso de que se determine que cualquier disposici&oacute;n de estas Condiciones de Servicio sea ilegal, nula o inejecutable, dicha disposici&oacute;n ser&aacute;, no obstante, efectiva a obtener la m&aacute;xima medida permitida por la ley aplicable, y la parte no exigible se considerar&aacute; separada de estos T&eacute;rminos de Servicio, dicha determinaci&oacute;n no afectar&aacute; la validez de aplicabilidad de las dem&aacute;s disposiciones restantes.<\\/p><p><br><\\/p><p><br><\\/p><p>SECCI&Oacute;N 16 - RESCISI&Oacute;N<\\/p><p>Las obligaciones y responsabilidades de las partes que hayan incurrido con anterioridad a la fecha de terminaci&oacute;n sobrevivir&aacute;n a la terminaci&oacute;n de este acuerdo a todos los efectos.<\\/p><p><br><\\/p><p>Estas Condiciones de servicio son efectivos a menos que y hasta que sea terminado por ti o nosotros. Puedes terminar estos T&eacute;rminos de Servicio en cualquier momento por avisarnos que ya no deseas utilizar nuestros servicios, o cuando dejes de usar nuestro sitio.<\\/p><p><br><\\/p><p>Si a nuestro juicio, fallas, o se sospecha que haz fallado, en el cumplimiento de cualquier t&eacute;rmino o disposici&oacute;n de estas Condiciones de Servicio, tambi&eacute;n podemos terminar este acuerdo en cualquier momento sin previo aviso, y seguir&aacute;s siendo responsable de todos los montos adeudados hasta incluida la fecha de terminaci&oacute;n; y\\/o en consecuencia podemos negarte el acceso a nuestros servicios (o cualquier parte del mismo).<\\/p><p><br><\\/p><p>SECCI&Oacute;N 17 - ACUERDO COMPLETO<\\/p><p>Nuestra falla para ejercer o hacer valer cualquier derecho o disposici&oacute;n de estas Condiciones de Servicio no constituir&aacute; una renuncia a tal derecho o disposici&oacute;n.<\\/p><p><br><\\/p><p>Estas Condiciones del servicio y las pol&iacute;ticas o reglas de operaci&oacute;n publicadas por nosotros en este sitio o con respecto al servicio constituyen el acuerdo completo y el entendimiento entre tu y nosotros y rigen el uso del Servicio y reemplaza cualquier acuerdo, comunicaciones y propuestas anteriores o contempor&aacute;neas, ya sea oral o escrita, entre tu y nosotros (incluyendo, pero no limitado a, cualquier versi&oacute;n previa de los T&eacute;rminos de Servicio).<\\/p><p><br><\\/p><p>Cualquier ambig&uuml;edad en la interpretaci&oacute;n de estas Condiciones del servicio no se interpretar&aacute;n en contra del grupo de redacci&oacute;n.<\\/p><p><br><\\/p><p><br><\\/p><p>SECCI&Oacute;N 18 - LEY<\\/p><p>Estas Condiciones del servicio y cualquier acuerdos aparte en el que te proporcionemos servicios se regir&aacute;n e interpretar&aacute;n en conformidad con las leyes de los Estados Unidos Mexicanos.<\\/p><p><br><\\/p><p><br><\\/p><p>SECCI&Oacute;N 19 - CAMBIOS EN LOS T&Eacute;RMINOS DE SERVICIO<\\/p><p>Puedes revisar la versi&oacute;n m&aacute;s actualizada de los T&eacute;rminos de Servicio en cualquier momento en esta p&aacute;gina.<\\/p><p><br><\\/p><p>Nos reservamos el derecho, a nuestra sola discreci&oacute;n, de actualizar, modificar o reemplazar cualquier parte de estas Condiciones del servicio mediante la publicaci&oacute;n de las actualizaciones y los cambios en nuestro sitio web. Es tu responsabilidad revisar nuestro sitio web peri&oacute;dicamente para verificar los cambios. El uso cont&iacute;nuo de o el acceso a nuestro sitio Web o el Servicio despu&eacute;s de la publicaci&oacute;n de cualquier cambio en estas Condiciones de servicio implica la aceptaci&oacute;n de dichos cambios.<\\/p><p><br><\\/p><p><br><\\/p><p>SECCI&Oacute;N 20 - INFORMACI&Oacute;N DE CONTACTO<\\/p><p><br><\\/p><p>Para cualquier duda o aclaraci&oacute;n puedes comunicarte v&iacute;a correo electr&oacute;nico a la siguiente direcci&oacute;n ______________<\\/p><p><br><\\/p>\",\"3\":{\"seoMainEntityCategory\":\"CreativeWork\",\"seoMainEntityOfPage\":\"WebPage\",\"seoTitleSource\":\"field\",\"seoTitleSourceField\":\"title\",\"seoTitleUnparsed\":\"T\\u00e9rminos y Condiciones\",\"seoDescriptionSource\":\"field\",\"seoDescriptionSourceField\":\"body\",\"seoDescriptionUnparsed\":\"\",\"seoKeywordsSource\":\"custom\",\"seoKeywordsSourceField\":\"tags\",\"seoKeywordsUnparsed\":\"nacionalidad, americana, bebe, estados unidos, nacimiento, proceso, parto, dar a luz, precios, paso a paso, proceso, migratorio, doctores, hospedaje, preguntas\",\"seoImageIdSource\":\"field\",\"seoImageIdSourceField\":\"featuredImage\",\"seoImageId\":\"\",\"seoImageTransform\":\"\",\"canonicalUrlOverride\":\"\",\"twitterCardType\":\"summary_large_image\",\"seoTwitterImageIdSource\":\"field\",\"seoTwitterImageIdSourceField\":\"featuredImage\",\"seoTwitterImageId\":\"\",\"seoTwitterImageTransform\":\"\",\"openGraphType\":\"website\",\"seoFacebookImageIdSource\":\"field\",\"seoFacebookImageIdSourceField\":\"featuredImage\",\"seoFacebookImageId\":\"\",\"seoFacebookImageTransform\":\"\",\"robots\":\"all\"},\"2\":\"\"}}','2018-12-28 16:18:01','2018-12-28 16:18:01','46334e46-daa3-497e-ab24-ff6ed4c09af0');

/*!40000 ALTER TABLE `craft_entryversions` ENABLE KEYS */;
UNLOCK TABLES;


# Dump of table craft_fieldgroups
# ------------------------------------------------------------

DROP TABLE IF EXISTS `craft_fieldgroups`;

CREATE TABLE `craft_fieldgroups` (
  `id` int(11) NOT NULL AUTO_INCREMENT,
  `name` varchar(255) COLLATE utf8_unicode_ci NOT NULL,
  `dateCreated` datetime NOT NULL,
  `dateUpdated` datetime NOT NULL,
  `uid` char(36) COLLATE utf8_unicode_ci NOT NULL DEFAULT '0',
  PRIMARY KEY (`id`),
  UNIQUE KEY `craft_fieldgroups_name_unq_idx` (`name`)
) ENGINE=InnoDB DEFAULT CHARSET=utf8 COLLATE=utf8_unicode_ci;

LOCK TABLES `craft_fieldgroups` WRITE;
/*!40000 ALTER TABLE `craft_fieldgroups` DISABLE KEYS */;

INSERT INTO `craft_fieldgroups` (`id`, `name`, `dateCreated`, `dateUpdated`, `uid`)
VALUES
	(1,'Default','2017-12-24 03:05:19','2017-12-24 03:05:19','13ff1d67-2593-4e25-ae99-1a14c7dcfea1');

/*!40000 ALTER TABLE `craft_fieldgroups` ENABLE KEYS */;
UNLOCK TABLES;


# Dump of table craft_fieldlayoutfields
# ------------------------------------------------------------

DROP TABLE IF EXISTS `craft_fieldlayoutfields`;

CREATE TABLE `craft_fieldlayoutfields` (
  `id` int(11) NOT NULL AUTO_INCREMENT,
  `layoutId` int(11) NOT NULL,
  `tabId` int(11) NOT NULL,
  `fieldId` int(11) NOT NULL,
  `required` tinyint(1) unsigned NOT NULL DEFAULT '0',
  `sortOrder` smallint(6) unsigned DEFAULT NULL,
  `dateCreated` datetime NOT NULL,
  `dateUpdated` datetime NOT NULL,
  `uid` char(36) COLLATE utf8_unicode_ci NOT NULL DEFAULT '0',
  PRIMARY KEY (`id`),
  UNIQUE KEY `craft_fieldlayoutfields_layoutId_fieldId_unq_idx` (`layoutId`,`fieldId`),
  KEY `craft_fieldlayoutfields_sortOrder_idx` (`sortOrder`),
  KEY `craft_fieldlayoutfields_tabId_fk` (`tabId`),
  KEY `craft_fieldlayoutfields_fieldId_fk` (`fieldId`),
  CONSTRAINT `craft_fieldlayoutfields_fieldId_fk` FOREIGN KEY (`fieldId`) REFERENCES `craft_fields` (`id`) ON DELETE CASCADE,
  CONSTRAINT `craft_fieldlayoutfields_layoutId_fk` FOREIGN KEY (`layoutId`) REFERENCES `craft_fieldlayouts` (`id`) ON DELETE CASCADE,
  CONSTRAINT `craft_fieldlayoutfields_tabId_fk` FOREIGN KEY (`tabId`) REFERENCES `craft_fieldlayouttabs` (`id`) ON DELETE CASCADE
) ENGINE=InnoDB DEFAULT CHARSET=utf8 COLLATE=utf8_unicode_ci;

LOCK TABLES `craft_fieldlayoutfields` WRITE;
/*!40000 ALTER TABLE `craft_fieldlayoutfields` DISABLE KEYS */;

INSERT INTO `craft_fieldlayoutfields` (`id`, `layoutId`, `tabId`, `fieldId`, `required`, `sortOrder`, `dateCreated`, `dateUpdated`, `uid`)
VALUES
	(2,5,2,1,1,1,'2017-12-24 03:05:20','2017-12-24 03:05:20','a6f3e07f-b80b-465f-a3c5-f1443217fcdb'),
	(3,5,2,2,0,2,'2017-12-24 03:05:20','2017-12-24 03:05:20','f91d143a-0d58-45dd-9263-7fb651e9ab39'),
	(55,33,22,1,0,1,'2017-12-31 03:57:58','2017-12-31 03:57:58','59f9c9f5-af38-4d46-91bd-0f2cd824f533'),
	(56,33,22,4,0,2,'2017-12-31 03:57:58','2017-12-31 03:57:58','fe493e24-821f-4681-853f-5179de1bf405'),
	(57,33,22,3,0,3,'2017-12-31 03:57:58','2017-12-31 03:57:58','320e7526-ae53-4f24-838f-d67887883871'),
	(58,34,23,1,1,1,'2017-12-31 03:58:07','2017-12-31 03:58:07','e458aa7e-12fd-465f-8048-0716de1e4461'),
	(59,34,23,4,0,2,'2017-12-31 03:58:07','2017-12-31 03:58:07','dff0b2eb-f779-4780-933e-fef7d3c6de04'),
	(60,34,23,3,0,3,'2017-12-31 03:58:07','2017-12-31 03:58:07','214f1b13-257d-43f3-b7a7-a13f6f332a41'),
	(61,35,24,1,0,1,'2017-12-31 03:58:16','2017-12-31 03:58:16','337f0f24-b0df-4c76-b274-46c615003857'),
	(62,35,24,4,0,2,'2017-12-31 03:58:16','2017-12-31 03:58:16','6c2af7db-eb36-4d36-aad5-003edf8a53ed'),
	(63,35,24,3,0,3,'2017-12-31 03:58:16','2017-12-31 03:58:16','5e0348ed-adf4-4f7f-ba6d-fac829fcca99'),
	(64,36,25,1,0,1,'2017-12-31 03:58:26','2017-12-31 03:58:26','62edec60-7580-4bec-a659-258c4b70645b'),
	(65,36,25,4,0,2,'2017-12-31 03:58:26','2017-12-31 03:58:26','022ba779-117f-478e-84f2-31a32f0dfb94'),
	(66,36,25,3,0,3,'2017-12-31 03:58:26','2017-12-31 03:58:26','f652f71a-9baa-470f-8d2c-a6b379647b72'),
	(67,37,26,1,0,1,'2017-12-31 03:58:36','2017-12-31 03:58:36','eaefccbb-3bb4-4bc9-8835-d94582179364'),
	(68,37,26,4,0,2,'2017-12-31 03:58:36','2017-12-31 03:58:36','4b1a138d-69d2-4663-abcb-3fb76f4e884c'),
	(69,37,26,3,0,3,'2017-12-31 03:58:36','2017-12-31 03:58:36','69bc9c16-0935-4910-8640-e60264fbcfc8'),
	(70,38,27,1,0,1,'2017-12-31 03:58:44','2017-12-31 03:58:44','4e36415e-6d5c-477a-bee5-e4e1272a9c9a'),
	(71,38,27,4,0,2,'2017-12-31 03:58:44','2017-12-31 03:58:44','04dc7ade-6f94-478c-ba9e-75ef73d7b9be'),
	(72,38,27,3,0,3,'2017-12-31 03:58:44','2017-12-31 03:58:44','ec614628-6ebe-44c6-b289-07c1c8d80051'),
	(76,41,29,6,1,1,'2018-07-30 20:46:37','2018-07-30 20:46:37','73bec765-af55-4884-ab3b-4fb077c7585f'),
	(77,41,29,7,1,2,'2018-07-30 20:46:37','2018-07-30 20:46:37','fb13ff81-130b-434e-8736-0913c05344d4'),
	(78,42,30,1,0,1,'2018-07-30 20:46:58','2018-07-30 20:46:58','450f0a61-ed68-49a1-abc2-516166374aeb'),
	(79,42,30,4,0,2,'2018-07-30 20:46:58','2018-07-30 20:46:58','99508e08-f05e-4756-89a3-74c366c117eb'),
	(80,42,30,5,0,3,'2018-07-30 20:46:58','2018-07-30 20:46:58','71d794f7-6c60-4237-88f5-060f63ee8353'),
	(81,42,30,3,0,4,'2018-07-30 20:46:58','2018-07-30 20:46:58','7f56077c-281a-4a51-8657-7479c3d887b7'),
	(87,47,32,9,1,1,'2018-12-28 15:35:34','2018-12-28 15:35:34','b809704a-0bcf-4921-9217-688c0348d60c'),
	(88,47,32,10,1,2,'2018-12-28 15:35:34','2018-12-28 15:35:34','0cc2201b-1ff9-4329-89da-d1e80e4252cb'),
	(89,48,33,1,0,1,'2018-12-28 15:35:55','2018-12-28 15:35:55','f58847ab-3b74-421e-a4e2-ea3758a5245c'),
	(90,48,33,4,0,2,'2018-12-28 15:35:55','2018-12-28 15:35:55','2d97f21f-832c-4d4f-8bdf-b9fa04ea5efc'),
	(92,48,33,3,0,4,'2018-12-28 15:35:55','2018-12-28 15:35:55','2aac1faf-f00f-4e94-a537-a760901f280a'),
	(93,48,33,2,0,5,'2018-12-28 15:35:55','2018-12-28 15:35:55','5bb4f7eb-4409-479c-ae32-a6da5f6d417c');

/*!40000 ALTER TABLE `craft_fieldlayoutfields` ENABLE KEYS */;
UNLOCK TABLES;


# Dump of table craft_fieldlayouts
# ------------------------------------------------------------

DROP TABLE IF EXISTS `craft_fieldlayouts`;

CREATE TABLE `craft_fieldlayouts` (
  `id` int(11) NOT NULL AUTO_INCREMENT,
  `type` varchar(150) COLLATE utf8_unicode_ci NOT NULL,
  `dateCreated` datetime NOT NULL,
  `dateUpdated` datetime NOT NULL,
  `uid` char(36) COLLATE utf8_unicode_ci NOT NULL DEFAULT '0',
  PRIMARY KEY (`id`),
  KEY `craft_fieldlayouts_type_idx` (`type`)
) ENGINE=InnoDB DEFAULT CHARSET=utf8 COLLATE=utf8_unicode_ci;

LOCK TABLES `craft_fieldlayouts` WRITE;
/*!40000 ALTER TABLE `craft_fieldlayouts` DISABLE KEYS */;

INSERT INTO `craft_fieldlayouts` (`id`, `type`, `dateCreated`, `dateUpdated`, `uid`)
VALUES
	(1,'Tag','2017-12-24 03:05:19','2017-12-24 03:05:19','689cd0fb-398e-421d-aba6-ef1688dde45b'),
	(5,'Entry','2017-12-24 03:05:20','2017-12-24 03:05:20','f2e12ca8-be54-4eb7-8701-97e5d82aecc5'),
	(33,'Entry','2017-12-31 03:57:58','2017-12-31 03:57:58','44523434-22c3-42c7-9b54-52832c7794af'),
	(34,'Entry','2017-12-31 03:58:07','2017-12-31 03:58:07','99cfe10b-117b-4196-ad7d-15f3602460f7'),
	(35,'Entry','2017-12-31 03:58:16','2017-12-31 03:58:16','7f91b92f-fd48-48bf-8934-012f3c57630d'),
	(36,'Entry','2017-12-31 03:58:26','2017-12-31 03:58:26','83f6869c-ae2b-406f-924e-20de6b3ecb4a'),
	(37,'Entry','2017-12-31 03:58:36','2017-12-31 03:58:36','642a6384-0861-4cb8-a471-d1de393cd971'),
	(38,'Entry','2017-12-31 03:58:44','2017-12-31 03:58:44','03d89a47-3cd2-4553-aa4e-dd5bd94194ec'),
	(40,'Entry','2018-01-05 16:32:50','2018-01-05 16:32:50','4b2ae527-a6de-47f8-89eb-fca795fac753'),
	(41,'MatrixBlock','2018-07-30 20:46:37','2018-07-30 20:46:37','3aa6ff00-0e76-47cc-b314-fad387085086'),
	(42,'Entry','2018-07-30 20:46:58','2018-07-30 20:46:58','43991f44-933a-4c5c-8d19-8f1cdbf27abd'),
	(43,'Entry','2018-12-21 21:27:31','2018-12-21 21:27:31','79d387be-5338-4d89-9f83-8807957dd15f'),
	(44,'Asset','2018-12-24 16:20:01','2018-12-24 16:20:01','4a2c8aa7-70cf-43e9-bb4e-b5764f7405d2'),
	(47,'MatrixBlock','2018-12-28 15:35:34','2018-12-28 15:35:34','10b76dfc-672a-47f2-a538-bb761b355456'),
	(48,'Entry','2018-12-28 15:35:55','2018-12-28 15:35:55','6719d4fb-aaf3-411d-96e2-de4aa3016e61');

/*!40000 ALTER TABLE `craft_fieldlayouts` ENABLE KEYS */;
UNLOCK TABLES;


# Dump of table craft_fieldlayouttabs
# ------------------------------------------------------------

DROP TABLE IF EXISTS `craft_fieldlayouttabs`;

CREATE TABLE `craft_fieldlayouttabs` (
  `id` int(11) NOT NULL AUTO_INCREMENT,
  `layoutId` int(11) NOT NULL,
  `name` varchar(255) COLLATE utf8_unicode_ci NOT NULL,
  `sortOrder` smallint(6) unsigned DEFAULT NULL,
  `dateCreated` datetime NOT NULL,
  `dateUpdated` datetime NOT NULL,
  `uid` char(36) COLLATE utf8_unicode_ci NOT NULL DEFAULT '0',
  PRIMARY KEY (`id`),
  KEY `craft_fieldlayouttabs_sortOrder_idx` (`sortOrder`),
  KEY `craft_fieldlayouttabs_layoutId_fk` (`layoutId`),
  CONSTRAINT `craft_fieldlayouttabs_layoutId_fk` FOREIGN KEY (`layoutId`) REFERENCES `craft_fieldlayouts` (`id`) ON DELETE CASCADE
) ENGINE=InnoDB DEFAULT CHARSET=utf8 COLLATE=utf8_unicode_ci;

LOCK TABLES `craft_fieldlayouttabs` WRITE;
/*!40000 ALTER TABLE `craft_fieldlayouttabs` DISABLE KEYS */;

INSERT INTO `craft_fieldlayouttabs` (`id`, `layoutId`, `name`, `sortOrder`, `dateCreated`, `dateUpdated`, `uid`)
VALUES
	(2,5,'Content',1,'2017-12-24 03:05:20','2017-12-24 03:05:20','d89a5b0d-426c-44fc-804e-f299de064dc3'),
	(22,33,'Tab 1',1,'2017-12-31 03:57:58','2017-12-31 03:57:58','93de457d-b0d1-4061-8e2e-4b97230ce7a0'),
	(23,34,'Content',1,'2017-12-31 03:58:07','2017-12-31 03:58:07','105f1917-5872-4bb1-83c2-65da90161f89'),
	(24,35,'Tab 1',1,'2017-12-31 03:58:16','2017-12-31 03:58:16','63a400d0-89ec-4422-a5b5-939517ed7258'),
	(25,36,'Tab 1',1,'2017-12-31 03:58:26','2017-12-31 03:58:26','f3cf30e5-0fa5-42df-9f3c-80605b0e8ab5'),
	(26,37,'Tab 1',1,'2017-12-31 03:58:36','2017-12-31 03:58:36','5e17bed6-bb59-467a-9e16-85ae5ccbe07d'),
	(27,38,'Tab 1',1,'2017-12-31 03:58:44','2017-12-31 03:58:44','d29d6dca-ce35-470f-87fc-0745655e485e'),
	(29,41,'Content',1,'2018-07-30 20:46:37','2018-07-30 20:46:37','49212c3b-0a39-4e4e-b7e0-6e185821796a'),
	(30,42,'Tab 1',1,'2018-07-30 20:46:58','2018-07-30 20:46:58','ebc3a447-0b04-421a-b086-4273e2bfcebd'),
	(32,47,'Content',1,'2018-12-28 15:35:34','2018-12-28 15:35:34','c744b4a0-1210-4d34-abef-6dc2b454dc08'),
	(33,48,'Default',1,'2018-12-28 15:35:55','2018-12-28 15:35:55','9b9250ad-3645-4672-a9eb-6e5bd3b8f996');

/*!40000 ALTER TABLE `craft_fieldlayouttabs` ENABLE KEYS */;
UNLOCK TABLES;


# Dump of table craft_fields
# ------------------------------------------------------------

DROP TABLE IF EXISTS `craft_fields`;

CREATE TABLE `craft_fields` (
  `id` int(11) NOT NULL AUTO_INCREMENT,
  `groupId` int(11) DEFAULT NULL,
  `name` varchar(255) COLLATE utf8_unicode_ci NOT NULL,
  `handle` varchar(58) COLLATE utf8_unicode_ci NOT NULL,
  `context` varchar(255) COLLATE utf8_unicode_ci NOT NULL DEFAULT 'global',
  `instructions` text COLLATE utf8_unicode_ci,
  `translatable` tinyint(1) unsigned NOT NULL DEFAULT '0',
  `type` varchar(150) COLLATE utf8_unicode_ci NOT NULL,
  `settings` text COLLATE utf8_unicode_ci,
  `dateCreated` datetime NOT NULL,
  `dateUpdated` datetime NOT NULL,
  `uid` char(36) COLLATE utf8_unicode_ci NOT NULL DEFAULT '0',
  PRIMARY KEY (`id`),
  UNIQUE KEY `craft_fields_handle_context_unq_idx` (`handle`,`context`),
  KEY `craft_fields_context_idx` (`context`),
  KEY `craft_fields_groupId_fk` (`groupId`),
  CONSTRAINT `craft_fields_groupId_fk` FOREIGN KEY (`groupId`) REFERENCES `craft_fieldgroups` (`id`) ON DELETE CASCADE
) ENGINE=InnoDB DEFAULT CHARSET=utf8 COLLATE=utf8_unicode_ci;

LOCK TABLES `craft_fields` WRITE;
/*!40000 ALTER TABLE `craft_fields` DISABLE KEYS */;

INSERT INTO `craft_fields` (`id`, `groupId`, `name`, `handle`, `context`, `instructions`, `translatable`, `type`, `settings`, `dateCreated`, `dateUpdated`, `uid`)
VALUES
	(1,1,'Body','body','global',NULL,1,'RichText','{\"configFile\":\"Standard.json\",\"columnType\":\"text\"}','2017-12-24 03:05:19','2017-12-24 03:05:19','e733591d-3ada-4ff5-aa94-6c0932013648'),
	(2,1,'Tags','tags','global',NULL,0,'Tags','{\"source\":\"taggroup:1\"}','2017-12-24 03:05:19','2017-12-24 03:05:19','25ab684c-45cf-4f06-b7ec-791b2f570824'),
	(3,1,'SEO Página','seoPagina','global','SEO para páginas únicas',0,'Seomatic_Meta','{\"assetSources\":\"*\",\"seoMainEntityCategory\":\"CreativeWork\",\"seoMainEntityOfPage\":\"WebPage\",\"seoTitleSource\":\"field\",\"seoTitleSourceField\":\"title\",\"seoTitle\":\"\",\"seoTitleSourceChangeable\":\"1\",\"seoDescriptionSource\":\"field\",\"seoDescriptionSourceField\":\"body\",\"seoDescription\":\"\",\"seoDescriptionSourceChangeable\":\"1\",\"seoKeywordsSource\":\"custom\",\"seoKeywordsSourceField\":\"tags\",\"seoKeywords\":\"nacionalidad, americana, bebe, estados unidos, nacimiento, proceso, parto, dar a luz, precios, paso a paso, proceso, migratorio, doctores, hospedaje, preguntas\",\"seoKeywordsSourceChangeable\":\"1\",\"seoImageIdSource\":\"field\",\"seoImageIdSourceField\":\"featuredImage\",\"seoImageIdSourceChangeable\":\"1\",\"seoImageTransform\":\"\",\"twitterCardType\":\"summary_large_image\",\"twitterCardTypeChangeable\":\"1\",\"seoTwitterImageIdSource\":\"field\",\"seoTwitterImageIdSourceField\":\"featuredImage\",\"seoTwitterImageIdSourceChangeable\":\"1\",\"seoTwitterImageTransform\":\"\",\"openGraphType\":\"website\",\"openGraphTypeChangeable\":\"1\",\"seoFacebookImageIdSource\":\"field\",\"seoFacebookImageIdSourceField\":\"featuredImage\",\"seoFacebookImageIdSourceChangeable\":\"1\",\"seoFacebookImageTransform\":\"\",\"robots\":\"all\",\"robotsChangeable\":\"1\"}','2017-12-31 03:35:39','2017-12-31 04:00:26','013ab68c-e26e-4118-8d18-23fc689f034d'),
	(4,1,'Featured Image','featuredImage','global','Imagen para SEO',0,'Assets','{\"useSingleFolder\":\"\",\"sources\":\"*\",\"defaultUploadLocationSource\":\"1\",\"defaultUploadLocationSubpath\":\"\",\"singleUploadLocationSource\":\"1\",\"singleUploadLocationSubpath\":\"\",\"restrictFiles\":\"\",\"limit\":\"1\",\"viewMode\":\"large\",\"selectionLabel\":\"\"}','2017-12-31 03:56:44','2017-12-31 03:56:44','69aa50ea-f34a-47e3-8b4d-dd0b1e308808'),
	(5,1,'Pregunta frecuentes','preguntaFrecuentes','global','',0,'Matrix','{\"maxBlocks\":null}','2018-07-30 20:46:37','2018-07-30 20:46:37','9dd4755f-51ab-454a-8777-c550c3f93393'),
	(6,NULL,'Pregunta','pregunta','matrixBlockType:1','',0,'PlainText','{\"placeholder\":\"\",\"maxLength\":\"\",\"multiline\":\"1\",\"initialRows\":\"2\"}','2018-07-30 20:46:37','2018-07-30 20:46:37','91e11124-64af-47d7-a49d-ea2ebdfec86d'),
	(7,NULL,'Respuesta','respuesta','matrixBlockType:1','',0,'PlainText','{\"placeholder\":\"\",\"maxLength\":\"\",\"multiline\":\"1\",\"initialRows\":\"4\"}','2018-07-30 20:46:37','2018-07-30 20:46:37','51d14a37-7c54-4605-a42e-e1862d5a3ce2'),
	(9,NULL,'titulo-termino','tituloTermino','matrixBlockType:2','',0,'PlainText','{\"placeholder\":\"\",\"maxLength\":\"\",\"multiline\":\"\",\"initialRows\":\"4\"}','2018-12-28 15:35:34','2018-12-28 15:35:34','13467fe6-22dd-41d5-a237-5eca83b9d5b6'),
	(10,NULL,'contenido-termino','contenidoTermino','matrixBlockType:2','',0,'PlainText','{\"placeholder\":\"\",\"maxLength\":\"\",\"multiline\":\"\",\"initialRows\":\"4\"}','2018-12-28 15:35:34','2018-12-28 15:35:34','909c9625-bf47-4bfd-9c23-8f2b823df9aa');

/*!40000 ALTER TABLE `craft_fields` ENABLE KEYS */;
UNLOCK TABLES;


# Dump of table craft_globalsets
# ------------------------------------------------------------

DROP TABLE IF EXISTS `craft_globalsets`;

CREATE TABLE `craft_globalsets` (
  `id` int(11) NOT NULL,
  `name` varchar(255) COLLATE utf8_unicode_ci NOT NULL,
  `handle` varchar(255) COLLATE utf8_unicode_ci NOT NULL,
  `fieldLayoutId` int(10) DEFAULT NULL,
  `dateCreated` datetime NOT NULL,
  `dateUpdated` datetime NOT NULL,
  `uid` char(36) COLLATE utf8_unicode_ci NOT NULL DEFAULT '0',
  PRIMARY KEY (`id`),
  UNIQUE KEY `craft_globalsets_name_unq_idx` (`name`),
  UNIQUE KEY `craft_globalsets_handle_unq_idx` (`handle`),
  KEY `craft_globalsets_fieldLayoutId_fk` (`fieldLayoutId`),
  CONSTRAINT `craft_globalsets_fieldLayoutId_fk` FOREIGN KEY (`fieldLayoutId`) REFERENCES `craft_fieldlayouts` (`id`) ON DELETE SET NULL,
  CONSTRAINT `craft_globalsets_id_fk` FOREIGN KEY (`id`) REFERENCES `craft_elements` (`id`) ON DELETE CASCADE
) ENGINE=InnoDB DEFAULT CHARSET=utf8 COLLATE=utf8_unicode_ci;



# Dump of table craft_info
# ------------------------------------------------------------

DROP TABLE IF EXISTS `craft_info`;

CREATE TABLE `craft_info` (
  `id` int(11) NOT NULL AUTO_INCREMENT,
  `version` varchar(50) COLLATE utf8_unicode_ci NOT NULL,
  `schemaVersion` varchar(15) COLLATE utf8_unicode_ci NOT NULL,
  `edition` tinyint(1) unsigned NOT NULL DEFAULT '0',
  `siteName` varchar(100) COLLATE utf8_unicode_ci NOT NULL,
  `siteUrl` varchar(255) COLLATE utf8_unicode_ci NOT NULL,
  `timezone` varchar(30) COLLATE utf8_unicode_ci DEFAULT NULL,
  `on` tinyint(1) unsigned NOT NULL DEFAULT '0',
  `maintenance` tinyint(1) unsigned NOT NULL DEFAULT '0',
  `dateCreated` datetime NOT NULL,
  `dateUpdated` datetime NOT NULL,
  `uid` char(36) COLLATE utf8_unicode_ci NOT NULL DEFAULT '0',
  PRIMARY KEY (`id`)
) ENGINE=InnoDB DEFAULT CHARSET=utf8 COLLATE=utf8_unicode_ci;

LOCK TABLES `craft_info` WRITE;
/*!40000 ALTER TABLE `craft_info` DISABLE KEYS */;

INSERT INTO `craft_info` (`id`, `version`, `schemaVersion`, `edition`, `siteName`, `siteUrl`, `timezone`, `on`, `maintenance`, `dateCreated`, `dateUpdated`, `uid`)
VALUES
	(1,'2.6.3002','2.6.13',0,'Turismo de Maternidad','https://turismomaternidad.com/','America/Mexico_City',1,0,'2017-12-24 03:05:17','2018-05-24 21:18:48','0459d14b-7f23-4555-a7ed-5a239a80fecb');

/*!40000 ALTER TABLE `craft_info` ENABLE KEYS */;
UNLOCK TABLES;


# Dump of table craft_locales
# ------------------------------------------------------------

DROP TABLE IF EXISTS `craft_locales`;

CREATE TABLE `craft_locales` (
  `locale` char(12) COLLATE utf8_unicode_ci NOT NULL,
  `sortOrder` smallint(6) unsigned DEFAULT NULL,
  `dateCreated` datetime NOT NULL,
  `dateUpdated` datetime NOT NULL,
  `uid` char(36) COLLATE utf8_unicode_ci NOT NULL DEFAULT '0',
  PRIMARY KEY (`locale`),
  KEY `craft_locales_sortOrder_idx` (`sortOrder`)
) ENGINE=InnoDB DEFAULT CHARSET=utf8 COLLATE=utf8_unicode_ci;

LOCK TABLES `craft_locales` WRITE;
/*!40000 ALTER TABLE `craft_locales` DISABLE KEYS */;

INSERT INTO `craft_locales` (`locale`, `sortOrder`, `dateCreated`, `dateUpdated`, `uid`)
VALUES
	('es',1,'2017-12-24 03:05:17','2017-12-24 03:05:17','93ce4a42-28e7-4ba9-9099-f6a695d92a65');

/*!40000 ALTER TABLE `craft_locales` ENABLE KEYS */;
UNLOCK TABLES;


# Dump of table craft_matrixblocks
# ------------------------------------------------------------

DROP TABLE IF EXISTS `craft_matrixblocks`;

CREATE TABLE `craft_matrixblocks` (
  `id` int(11) NOT NULL,
  `ownerId` int(11) NOT NULL,
  `fieldId` int(11) NOT NULL,
  `typeId` int(11) DEFAULT NULL,
  `sortOrder` smallint(6) unsigned DEFAULT NULL,
  `ownerLocale` char(12) COLLATE utf8_unicode_ci DEFAULT NULL,
  `dateCreated` datetime NOT NULL,
  `dateUpdated` datetime NOT NULL,
  `uid` char(36) COLLATE utf8_unicode_ci NOT NULL DEFAULT '0',
  PRIMARY KEY (`id`),
  KEY `craft_matrixblocks_ownerId_idx` (`ownerId`),
  KEY `craft_matrixblocks_fieldId_idx` (`fieldId`),
  KEY `craft_matrixblocks_typeId_idx` (`typeId`),
  KEY `craft_matrixblocks_sortOrder_idx` (`sortOrder`),
  KEY `craft_matrixblocks_ownerLocale_fk` (`ownerLocale`),
  CONSTRAINT `craft_matrixblocks_fieldId_fk` FOREIGN KEY (`fieldId`) REFERENCES `craft_fields` (`id`) ON DELETE CASCADE,
  CONSTRAINT `craft_matrixblocks_id_fk` FOREIGN KEY (`id`) REFERENCES `craft_elements` (`id`) ON DELETE CASCADE,
  CONSTRAINT `craft_matrixblocks_ownerId_fk` FOREIGN KEY (`ownerId`) REFERENCES `craft_elements` (`id`) ON DELETE CASCADE,
  CONSTRAINT `craft_matrixblocks_ownerLocale_fk` FOREIGN KEY (`ownerLocale`) REFERENCES `craft_locales` (`locale`) ON DELETE CASCADE ON UPDATE CASCADE,
  CONSTRAINT `craft_matrixblocks_typeId_fk` FOREIGN KEY (`typeId`) REFERENCES `craft_matrixblocktypes` (`id`) ON DELETE CASCADE
) ENGINE=InnoDB DEFAULT CHARSET=utf8 COLLATE=utf8_unicode_ci;

LOCK TABLES `craft_matrixblocks` WRITE;
/*!40000 ALTER TABLE `craft_matrixblocks` DISABLE KEYS */;

INSERT INTO `craft_matrixblocks` (`id`, `ownerId`, `fieldId`, `typeId`, `sortOrder`, `ownerLocale`, `dateCreated`, `dateUpdated`, `uid`)
VALUES
	(96,73,5,1,1,NULL,'2018-07-30 20:52:54','2018-08-10 17:30:13','9b50a122-c512-49f0-ab7b-fffc83cead9c'),
	(97,73,5,1,2,NULL,'2018-07-30 20:52:54','2018-08-10 17:30:13','33427cbc-99d9-4a59-b13c-a847a063e683'),
	(98,73,5,1,3,NULL,'2018-07-30 20:52:54','2018-08-10 17:30:13','2a7e9cfd-ab2d-4f5a-bc95-66762cfce183'),
	(99,73,5,1,4,NULL,'2018-07-30 20:52:54','2018-08-10 17:30:13','4a6aed6f-8289-4386-acae-a16c8315e707'),
	(100,73,5,1,5,NULL,'2018-07-30 20:52:54','2018-08-10 17:30:13','12b0cb39-0b47-403e-991b-cd735830c0a3'),
	(101,73,5,1,6,NULL,'2018-07-30 20:52:54','2018-08-10 17:30:13','61025f84-c8a2-491f-bdd0-2934c2aa2a35'),
	(102,73,5,1,7,NULL,'2018-07-30 20:52:54','2018-08-10 17:30:13','57261a36-c4bc-4dc4-bb4b-142dc3fef52e'),
	(103,73,5,1,8,NULL,'2018-07-30 20:52:54','2018-08-10 17:30:13','01ed2705-1351-495c-97dd-e2a904c017c0'),
	(104,73,5,1,9,NULL,'2018-07-30 20:52:54','2018-08-10 17:30:13','0c139727-aefe-4baf-b4c6-c2de4050e5ba'),
	(105,73,5,1,10,NULL,'2018-07-30 20:52:54','2018-08-10 17:30:13','36dd8571-f4b3-4ad1-8341-a27b99c05611'),
	(106,73,5,1,11,NULL,'2018-07-30 20:52:54','2018-08-10 17:30:13','abd75b80-d2d9-47c2-a091-8b18c5997da5'),
	(107,73,5,1,12,NULL,'2018-07-30 20:52:54','2018-08-10 17:30:13','6ea43561-33fc-452d-86fb-7267a7106227'),
	(108,73,5,1,13,NULL,'2018-07-30 20:52:54','2018-08-10 17:30:13','67fc33e9-2937-48ee-a556-f0eec03515b2'),
	(109,73,5,1,14,NULL,'2018-07-30 20:52:54','2018-08-10 17:30:13','3d838495-488e-44b6-b80b-2b8fbf15ed28'),
	(110,73,5,1,15,NULL,'2018-07-30 20:52:54','2018-08-10 17:30:13','24a99d3f-6e7b-472a-a7a2-086f7687c8d8'),
	(111,73,5,1,16,NULL,'2018-07-30 20:52:54','2018-08-10 17:30:13','f2af7f64-8de0-4290-a776-5a978c007da0'),
	(112,73,5,1,17,NULL,'2018-07-30 20:52:54','2018-08-10 17:30:13','e7b88ca7-ed32-4441-b36d-e70fc429c189'),
	(113,73,5,1,18,NULL,'2018-07-30 20:52:54','2018-08-10 17:30:13','3ee04e79-52fe-4e2b-8e71-44310960fff9');

/*!40000 ALTER TABLE `craft_matrixblocks` ENABLE KEYS */;
UNLOCK TABLES;


# Dump of table craft_matrixblocktypes
# ------------------------------------------------------------

DROP TABLE IF EXISTS `craft_matrixblocktypes`;

CREATE TABLE `craft_matrixblocktypes` (
  `id` int(11) NOT NULL AUTO_INCREMENT,
  `fieldId` int(11) NOT NULL,
  `fieldLayoutId` int(11) DEFAULT NULL,
  `name` varchar(255) COLLATE utf8_unicode_ci NOT NULL,
  `handle` varchar(255) COLLATE utf8_unicode_ci NOT NULL,
  `sortOrder` smallint(6) unsigned DEFAULT NULL,
  `dateCreated` datetime NOT NULL,
  `dateUpdated` datetime NOT NULL,
  `uid` char(36) COLLATE utf8_unicode_ci NOT NULL DEFAULT '0',
  PRIMARY KEY (`id`),
  UNIQUE KEY `craft_matrixblocktypes_name_fieldId_unq_idx` (`name`,`fieldId`),
  UNIQUE KEY `craft_matrixblocktypes_handle_fieldId_unq_idx` (`handle`,`fieldId`),
  KEY `craft_matrixblocktypes_fieldId_fk` (`fieldId`),
  KEY `craft_matrixblocktypes_fieldLayoutId_fk` (`fieldLayoutId`),
  CONSTRAINT `craft_matrixblocktypes_fieldId_fk` FOREIGN KEY (`fieldId`) REFERENCES `craft_fields` (`id`) ON DELETE CASCADE,
  CONSTRAINT `craft_matrixblocktypes_fieldLayoutId_fk` FOREIGN KEY (`fieldLayoutId`) REFERENCES `craft_fieldlayouts` (`id`) ON DELETE SET NULL
) ENGINE=InnoDB DEFAULT CHARSET=utf8 COLLATE=utf8_unicode_ci;

LOCK TABLES `craft_matrixblocktypes` WRITE;
/*!40000 ALTER TABLE `craft_matrixblocktypes` DISABLE KEYS */;

INSERT INTO `craft_matrixblocktypes` (`id`, `fieldId`, `fieldLayoutId`, `name`, `handle`, `sortOrder`, `dateCreated`, `dateUpdated`, `uid`)
VALUES
	(1,5,41,'pregunta','pregunta',1,'2018-07-30 20:46:37','2018-07-30 20:46:37','522259d1-44cf-400c-b9b3-4402937dd368');

/*!40000 ALTER TABLE `craft_matrixblocktypes` ENABLE KEYS */;
UNLOCK TABLES;


# Dump of table craft_matrixcontent_listaterminos
# ------------------------------------------------------------

DROP TABLE IF EXISTS `craft_matrixcontent_listaterminos`;

CREATE TABLE `craft_matrixcontent_listaterminos` (
  `id` int(11) NOT NULL AUTO_INCREMENT,
  `elementId` int(11) NOT NULL,
  `locale` char(12) COLLATE utf8_unicode_ci NOT NULL,
  `field_terminoSeccion_tituloTermino` text COLLATE utf8_unicode_ci,
  `field_terminoSeccion_contenidoTermino` text COLLATE utf8_unicode_ci,
  `dateCreated` datetime NOT NULL,
  `dateUpdated` datetime NOT NULL,
  `uid` char(36) COLLATE utf8_unicode_ci NOT NULL DEFAULT '0',
  PRIMARY KEY (`id`),
  UNIQUE KEY `craft_matrixcontent_listaterminos_elementId_locale_unq_idx` (`elementId`,`locale`),
  KEY `craft_matrixcontent_listaterminos_locale_fk` (`locale`),
  CONSTRAINT `craft_matrixcontent_listaterminos_elementId_fk` FOREIGN KEY (`elementId`) REFERENCES `craft_elements` (`id`) ON DELETE CASCADE,
  CONSTRAINT `craft_matrixcontent_listaterminos_locale_fk` FOREIGN KEY (`locale`) REFERENCES `craft_locales` (`locale`) ON DELETE CASCADE ON UPDATE CASCADE
) ENGINE=InnoDB DEFAULT CHARSET=utf8 COLLATE=utf8_unicode_ci;



# Dump of table craft_matrixcontent_preguntafrecuentes
# ------------------------------------------------------------

DROP TABLE IF EXISTS `craft_matrixcontent_preguntafrecuentes`;

CREATE TABLE `craft_matrixcontent_preguntafrecuentes` (
  `id` int(11) NOT NULL AUTO_INCREMENT,
  `elementId` int(11) NOT NULL,
  `locale` char(12) COLLATE utf8_unicode_ci NOT NULL,
  `field_pregunta_pregunta` text COLLATE utf8_unicode_ci,
  `field_pregunta_respuesta` text COLLATE utf8_unicode_ci,
  `dateCreated` datetime NOT NULL,
  `dateUpdated` datetime NOT NULL,
  `uid` char(36) COLLATE utf8_unicode_ci NOT NULL DEFAULT '0',
  PRIMARY KEY (`id`),
  UNIQUE KEY `craft_matrixcontent_preguntafrecuentes_elementId_locale_unq_idx` (`elementId`,`locale`),
  KEY `craft_matrixcontent_preguntafrecuentes_locale_fk` (`locale`),
  CONSTRAINT `craft_matrixcontent_preguntafrecuentes_elementId_fk` FOREIGN KEY (`elementId`) REFERENCES `craft_elements` (`id`) ON DELETE CASCADE,
  CONSTRAINT `craft_matrixcontent_preguntafrecuentes_locale_fk` FOREIGN KEY (`locale`) REFERENCES `craft_locales` (`locale`) ON DELETE CASCADE ON UPDATE CASCADE
) ENGINE=InnoDB DEFAULT CHARSET=utf8 COLLATE=utf8_unicode_ci;

LOCK TABLES `craft_matrixcontent_preguntafrecuentes` WRITE;
/*!40000 ALTER TABLE `craft_matrixcontent_preguntafrecuentes` DISABLE KEYS */;

INSERT INTO `craft_matrixcontent_preguntafrecuentes` (`id`, `elementId`, `locale`, `field_pregunta_pregunta`, `field_pregunta_respuesta`, `dateCreated`, `dateUpdated`, `uid`)
VALUES
	(1,96,'es','¿Qué necesito para ser candidata?','Únicamente necesitas tener VISA vigente al momento del parto (No importa que tipo de VISA sea).','2018-07-30 20:52:54','2018-08-10 17:30:13','e9b682e2-9876-4904-91cd-34d63be50d81'),
	(2,97,'es','¿Puedo viajar embarazada?','Si. Si pasa de la semana 38 es recomendable viajar en auto.','2018-07-30 20:52:54','2018-08-10 17:30:13','7955d005-936a-4836-ba8a-ca647d89edd1'),
	(3,98,'es','¿Es legal tener a mi bebé en EUA para que tenga la ciudadanía?','Es totalmente legal. Es importante identificar que existe una diferencia entre un extranjero ilegal (sin documentación y que permanece en los Estados Unidos) y un extranjero legal (una persona que cuenta con documentación para internación -permiso o visa- a los Estados Unidos). Si bien hay reformas migratorias enfocadas en limitar los derechos de extranjeros indocumentados o \"ilegales\", la ciudadanía por nacimiento jus soli es un derecho constitucional.','2018-07-30 20:52:54','2018-08-10 17:30:13','b0441a7f-151b-4c2b-b310-1fdf90b09725'),
	(4,99,'es','¿Puedo perder mi visa o tener algún problema para la renovación si tengo a mi bebé en EUA?','Nuestro programa es 100% legal, sin repercusiones migratorias a tu visa. Es importante declarar honestamente tu embarazo y parto como el motivo de tu visita al ingresar a los Estados Unidos.','2018-07-30 20:52:54','2018-08-10 17:30:13','5816c1bb-f5db-4d40-959b-2ff459030464'),
	(5,100,'es','¿Se necesita tener algún visado o permiso de internamiento para hacer mi parto en EUA?','Ninguno, nada mas el permiso si permanece mas de 60 días en el país.','2018-07-30 20:52:54','2018-08-10 17:30:13','5fcb38f9-d629-44e2-9ec6-6a6c7fc5a96e'),
	(6,101,'es','¿Qué debo decir al oficial de migración al ser cuestionada sobre el propósito de mi visita a los Estados Unidos?','Nunca mientas sobre tu propósito de dar a luz en los Estados Unidos. Es muy importante siempre decir la verdad, contar con tu documentación, carta de cita   médica y comprobante de pago (documentos que nosotros te otorgaremos).','2018-07-30 20:52:54','2018-08-10 17:30:13','8c046d2d-a02c-4290-97a6-2cb5e0d60b33'),
	(7,102,'es','¿Me dan algún documento para mostrar en migración?','Sí, nosotros te proporcionamos tu carta de cita y un comprobante de pago por la contratación del servicio.','2018-07-30 20:52:54','2018-08-10 17:30:13','4e49bc3b-f940-4fae-8627-45c56872c2ec'),
	(8,103,'es','¿Cuál es el primer paso?','El primer paso a seguir es realizar tu registro vía telefónica con nosotros. Toma 5 minutos.','2018-07-30 20:52:54','2018-08-10 17:30:13','4501e56e-9c55-4c58-87c1-590b8105df6a'),
	(9,104,'es','¿Necesito asistir a alguna consulta con el doctor antes del parto?','No es necesario, dentro del paquete ya se incluyen los chequeos necesarios.','2018-07-30 20:52:54','2018-08-10 17:30:13','fdc246ac-cbe4-4987-ac95-02e267b3943d'),
	(10,105,'es','¿Qué información/ documentos necesito llevar al doctor en la primera cita?','Trae todos los estudios prenatales que te hayas realizado.','2018-07-30 20:52:54','2018-08-10 17:30:13','ae60e125-b8a2-4828-ba88-947bc28e9170'),
	(11,106,'es','¿Cuánto dura el procedimiento?','La labor de parto varia para cada paciente y depende de si es parto vaginal o cesárea. Gracias a la experiencia de nuestros obstetras nuestros procedimientos no exceden las 12 horas.','2018-07-30 20:52:54','2018-08-10 17:30:13','1faa76ae-c935-4a67-9474-6674e2a2d5f0'),
	(12,107,'es','¿Cuánto tiempo debo permanecer en el hospital después del parto?','La estancia es de 24 a 36 horas, dependiendo el procedimiento. ','2018-07-30 20:52:54','2018-08-10 17:30:13','cd03ca2e-a36e-44a7-a2b3-d1864000033a'),
	(13,108,'es','¿Si tengo alguna condición médica, hay algún impedimento?','Ninguno, se trata de acuerdo a la condición de cada paciente.','2018-07-30 20:52:54','2018-08-10 17:30:13','9b68daac-a418-4de2-a878-8ab18075e76d'),
	(14,109,'es','¿Cuáles son los riesgos del procedimiento?','Son los mismos riegos de un parto normal, infección, sangrado, etc.','2018-07-30 20:52:54','2018-08-10 17:30:13','bd36f818-5617-4e1e-a5d2-424de3640816'),
	(15,110,'es','¿Qué sucede si tengo complicaciones en el parto?','En caso de cualquier tipo de complicación que pueda surgir contamos con especialistas capacitados para resolverla.','2018-07-30 20:52:54','2018-08-10 17:30:13','ce91cc1e-87fa-40f2-be27-1950f416ec57'),
	(16,111,'es','¿En caso de tener una complicación en mi parto los costos adicionales van incluidos dentro del paquete que contraté?','Los costos adicionales no están incluidos dentro de ningún paquete. Los mismos corren por cuenta del paciente. ','2018-07-30 20:52:54','2018-08-10 17:30:13','4f9d7645-e1c6-4b14-b994-095f50c4ce8a'),
	(17,112,'es','¿Qué costo tiene si es embarazo gemelar?','Únicamente se suman 800 dólares al costo original de cada paquete.','2018-07-30 20:52:54','2018-08-10 17:30:13','0c30984b-554e-44f1-8f1b-86ac926a044e'),
	(18,113,'es','¿Tienen convenio con algún hotel o medio de trasporte?','Como tal nosotros no nos encargamos del hospedaje ni del transporte durante la estancia. Sin embargo, como parte del servicio te proporcionamos un directorio de proveedores recomendados.','2018-07-30 20:52:54','2018-08-10 17:30:13','bb15bb5f-ab38-45a6-8f86-a5e626ef5bf0');

/*!40000 ALTER TABLE `craft_matrixcontent_preguntafrecuentes` ENABLE KEYS */;
UNLOCK TABLES;


# Dump of table craft_migrations
# ------------------------------------------------------------

DROP TABLE IF EXISTS `craft_migrations`;

CREATE TABLE `craft_migrations` (
  `id` int(11) NOT NULL AUTO_INCREMENT,
  `pluginId` int(11) DEFAULT NULL,
  `version` varchar(255) COLLATE utf8_unicode_ci NOT NULL,
  `applyTime` datetime NOT NULL,
  `dateCreated` datetime NOT NULL,
  `dateUpdated` datetime NOT NULL,
  `uid` char(36) COLLATE utf8_unicode_ci NOT NULL DEFAULT '0',
  PRIMARY KEY (`id`),
  UNIQUE KEY `craft_migrations_version_unq_idx` (`version`),
  KEY `craft_migrations_pluginId_fk` (`pluginId`),
  CONSTRAINT `craft_migrations_pluginId_fk` FOREIGN KEY (`pluginId`) REFERENCES `craft_plugins` (`id`) ON DELETE CASCADE
) ENGINE=InnoDB DEFAULT CHARSET=utf8 COLLATE=utf8_unicode_ci;

LOCK TABLES `craft_migrations` WRITE;
/*!40000 ALTER TABLE `craft_migrations` DISABLE KEYS */;

INSERT INTO `craft_migrations` (`id`, `pluginId`, `version`, `applyTime`, `dateCreated`, `dateUpdated`, `uid`)
VALUES
	(1,NULL,'m000000_000000_base','2017-12-24 03:05:17','2017-12-24 03:05:17','2017-12-24 03:05:17','12ecd09d-2fd0-4535-8d23-b36b2024ff79'),
	(2,NULL,'m140730_000001_add_filename_and_format_to_transformindex','2017-12-24 03:05:17','2017-12-24 03:05:17','2017-12-24 03:05:17','27a0e930-4217-4dd6-be9b-138fc4deca5e'),
	(3,NULL,'m140815_000001_add_format_to_transforms','2017-12-24 03:05:17','2017-12-24 03:05:17','2017-12-24 03:05:17','7e08b28c-488e-4dbe-8686-4f467ca1c168'),
	(4,NULL,'m140822_000001_allow_more_than_128_items_per_field','2017-12-24 03:05:17','2017-12-24 03:05:17','2017-12-24 03:05:17','a39814a5-7e06-45f8-92cb-379f1f0319f8'),
	(5,NULL,'m140829_000001_single_title_formats','2017-12-24 03:05:17','2017-12-24 03:05:17','2017-12-24 03:05:17','a28266a9-85bd-4e45-aae4-4a8dd19cb54c'),
	(6,NULL,'m140831_000001_extended_cache_keys','2017-12-24 03:05:17','2017-12-24 03:05:17','2017-12-24 03:05:17','eb73f07b-28d6-4845-9f8c-ab6010d800b0'),
	(7,NULL,'m140922_000001_delete_orphaned_matrix_blocks','2017-12-24 03:05:17','2017-12-24 03:05:17','2017-12-24 03:05:17','a8d0d769-cdfd-43b1-90fa-bf31d6edac21'),
	(8,NULL,'m141008_000001_elements_index_tune','2017-12-24 03:05:17','2017-12-24 03:05:17','2017-12-24 03:05:17','fb03a541-ae4c-4634-9c12-7106411bc4a6'),
	(9,NULL,'m141009_000001_assets_source_handle','2017-12-24 03:05:17','2017-12-24 03:05:17','2017-12-24 03:05:17','3e3bb935-01cc-4c07-bcb4-2d378a47a9ec'),
	(10,NULL,'m141024_000001_field_layout_tabs','2017-12-24 03:05:17','2017-12-24 03:05:17','2017-12-24 03:05:17','e094ff15-55e9-42bf-9a1b-6ba76f4c514c'),
	(11,NULL,'m141030_000000_plugin_schema_versions','2017-12-24 03:05:17','2017-12-24 03:05:17','2017-12-24 03:05:17','58914697-00d0-4a47-ada9-3d0b5438677c'),
	(12,NULL,'m141030_000001_drop_structure_move_permission','2017-12-24 03:05:17','2017-12-24 03:05:17','2017-12-24 03:05:17','6cbfa9ea-a142-4d17-b390-ba544e9e9876'),
	(13,NULL,'m141103_000001_tag_titles','2017-12-24 03:05:17','2017-12-24 03:05:17','2017-12-24 03:05:17','cfdb0e3a-e841-4035-9ae7-cd1b50e357ad'),
	(14,NULL,'m141109_000001_user_status_shuffle','2017-12-24 03:05:17','2017-12-24 03:05:17','2017-12-24 03:05:17','98c639f3-cf52-46b1-96fd-4a28a476379d'),
	(15,NULL,'m141126_000001_user_week_start_day','2017-12-24 03:05:17','2017-12-24 03:05:17','2017-12-24 03:05:17','d23edff9-54ea-4df6-a2c6-188b65ae7068'),
	(16,NULL,'m150210_000001_adjust_user_photo_size','2017-12-24 03:05:17','2017-12-24 03:05:17','2017-12-24 03:05:17','26df805e-d5ed-4632-8cb2-d889f3060ef3'),
	(17,NULL,'m150724_000001_adjust_quality_settings','2017-12-24 03:05:17','2017-12-24 03:05:17','2017-12-24 03:05:17','118e1838-931b-40b1-b7bc-a1a154cfaa69'),
	(18,NULL,'m150827_000000_element_index_settings','2017-12-24 03:05:17','2017-12-24 03:05:17','2017-12-24 03:05:17','26b2899e-cafe-4f8f-ba7c-bc81982115d9'),
	(19,NULL,'m150918_000001_add_colspan_to_widgets','2017-12-24 03:05:17','2017-12-24 03:05:17','2017-12-24 03:05:17','9e1bdd94-cc30-46ba-b821-5c242be9b7a3'),
	(20,NULL,'m151007_000000_clear_asset_caches','2017-12-24 03:05:17','2017-12-24 03:05:17','2017-12-24 03:05:17','12f6f74c-1a60-4ba0-93d1-88a3ecfda6a4'),
	(21,NULL,'m151109_000000_text_url_formats','2017-12-24 03:05:17','2017-12-24 03:05:17','2017-12-24 03:05:17','656ffa89-b237-408d-9664-150d98d2a083'),
	(22,NULL,'m151110_000000_move_logo','2017-12-24 03:05:17','2017-12-24 03:05:17','2017-12-24 03:05:17','7e0a7246-843d-4385-a921-08a68a7f537f'),
	(23,NULL,'m151117_000000_adjust_image_widthheight','2017-12-24 03:05:17','2017-12-24 03:05:17','2017-12-24 03:05:17','e0539c38-dabd-4088-b092-3988a5f22a53'),
	(24,NULL,'m151127_000000_clear_license_key_status','2017-12-24 03:05:17','2017-12-24 03:05:17','2017-12-24 03:05:17','86b13f0c-ec65-4858-a662-32ebe8b648f0'),
	(25,NULL,'m151127_000000_plugin_license_keys','2017-12-24 03:05:17','2017-12-24 03:05:17','2017-12-24 03:05:17','00417590-0261-452b-9f68-24f556a444fd'),
	(26,NULL,'m151130_000000_update_pt_widget_feeds','2017-12-24 03:05:17','2017-12-24 03:05:17','2017-12-24 03:05:17','17903db8-e9be-4089-9abb-0d51030cab7c'),
	(27,NULL,'m160114_000000_asset_sources_public_url_default_true','2017-12-24 03:05:17','2017-12-24 03:05:17','2017-12-24 03:05:17','059fabdc-e6ee-42df-8cc0-30eb89e1d1ac'),
	(28,NULL,'m160223_000000_sortorder_to_smallint','2017-12-24 03:05:17','2017-12-24 03:05:17','2017-12-24 03:05:17','c4337c37-96ea-4555-b131-fb65e3d1032a'),
	(29,NULL,'m160229_000000_set_default_entry_statuses','2017-12-24 03:05:17','2017-12-24 03:05:17','2017-12-24 03:05:17','cd0a7c50-7a44-4a25-a80e-7493d81b1ddf'),
	(30,NULL,'m160304_000000_client_permissions','2017-12-24 03:05:17','2017-12-24 03:05:17','2017-12-24 03:05:17','8cc7fc1f-3ec8-4ac6-8d35-016930ec07e6'),
	(31,NULL,'m160322_000000_asset_filesize','2017-12-24 03:05:17','2017-12-24 03:05:17','2017-12-24 03:05:17','971fcbe7-1b59-43d6-ae7e-4ffa1dcd0f29'),
	(32,NULL,'m160503_000000_orphaned_fieldlayouts','2017-12-24 03:05:17','2017-12-24 03:05:17','2017-12-24 03:05:17','8bbbf201-f219-490b-8b34-1e0bf4614565'),
	(33,NULL,'m160510_000000_tasksettings','2017-12-24 03:05:17','2017-12-24 03:05:17','2017-12-24 03:05:17','4b90df8a-24a8-4b8c-9ad1-3361bf1e9d67'),
	(34,NULL,'m160829_000000_pending_user_content_cleanup','2017-12-24 03:05:17','2017-12-24 03:05:17','2017-12-24 03:05:17','21725626-d14e-41f5-8196-ea30ba2e92c3'),
	(35,NULL,'m160830_000000_asset_index_uri_increase','2017-12-24 03:05:17','2017-12-24 03:05:17','2017-12-24 03:05:17','2a723446-3486-4fa6-a924-4bcdd81aae00'),
	(36,NULL,'m160919_000000_usergroup_handle_title_unique','2017-12-24 03:05:17','2017-12-24 03:05:17','2017-12-24 03:05:17','9760d4f1-0e41-4bd3-a9c8-8e8d7725405e'),
	(37,NULL,'m161108_000000_new_version_format','2017-12-24 03:05:17','2017-12-24 03:05:17','2017-12-24 03:05:17','faa599cb-db45-4b5e-b5c3-2603abaa8bd5'),
	(38,NULL,'m161109_000000_index_shuffle','2017-12-24 03:05:17','2017-12-24 03:05:17','2017-12-24 03:05:17','d3dddffc-05bd-40ee-8c87-2c09574cf75b'),
	(39,NULL,'m170612_000000_route_index_shuffle','2017-12-24 03:05:17','2017-12-24 03:05:17','2017-12-24 03:05:17','ffa9f528-0063-47ad-b4bb-c458f013fee4'),
	(40,NULL,'m171107_000000_assign_group_permissions','2017-12-24 03:05:17','2017-12-24 03:05:17','2017-12-24 03:05:17','540caba8-6ed0-4c66-ba38-cfe95296760c'),
	(41,NULL,'m171117_000001_templatecache_index_tune','2017-12-24 03:05:17','2017-12-24 03:05:17','2017-12-24 03:05:17','fb77c2da-1af8-492b-a9e8-58691b1adac2'),
	(42,NULL,'m171204_000001_templatecache_index_tune_deux','2017-12-24 03:05:17','2017-12-24 03:05:17','2017-12-24 03:05:17','e1516aaf-1d1c-42e5-b347-c18c084e933d'),
	(43,3,'m151225_000000_seomatic_addHumansField','2017-12-31 03:24:52','2017-12-31 03:24:52','2017-12-31 03:24:52','27d497e5-6add-419d-934f-37499c56941a'),
	(44,3,'m151226_000000_seomatic_addTwitterFacebookFields','2017-12-31 03:24:52','2017-12-31 03:24:52','2017-12-31 03:24:52','8513cf97-533d-4ed9-8678-e68d5c2da082'),
	(45,3,'m160101_000000_seomatic_addRobotsFields','2017-12-31 03:24:52','2017-12-31 03:24:52','2017-12-31 03:24:52','26ca4a95-db33-4996-9f02-91827d446737'),
	(46,3,'m160111_000000_seomatic_addTitleFields','2017-12-31 03:24:52','2017-12-31 03:24:52','2017-12-31 03:24:52','a7871a7b-2511-4778-b0b5-de007977b79f'),
	(47,3,'m160122_000000_seomatic_addTypeFields','2017-12-31 03:24:52','2017-12-31 03:24:52','2017-12-31 03:24:52','948ba98d-283c-43e3-a26c-1fa77f7f2b4f'),
	(48,3,'m160123_000000_seomatic_addOpeningHours','2017-12-31 03:24:52','2017-12-31 03:24:52','2017-12-31 03:24:52','7c9faae3-cc48-471c-bc81-bda8da0b1eef'),
	(49,3,'m160202_000000_seomatic_addSocialHandles','2017-12-31 03:24:52','2017-12-31 03:24:52','2017-12-31 03:24:52','cefb6589-7f81-4b72-82f7-2933b6b34b19'),
	(50,3,'m160204_000000_seomatic_addGoogleAnalytics','2017-12-31 03:24:52','2017-12-31 03:24:52','2017-12-31 03:24:52','623f0ae6-f7e4-4172-954c-271370894e8a'),
	(51,3,'m160205_000000_seomatic_addResturantMenu','2017-12-31 03:24:52','2017-12-31 03:24:52','2017-12-31 03:24:52','14d3a5f4-a45f-4a67-93ae-e79625c5e436'),
	(52,3,'m160206_000000_seomatic_addGoogleAnalyticsPlugins','2017-12-31 03:24:52','2017-12-31 03:24:52','2017-12-31 03:24:52','41dbc2d3-1310-4683-9c87-4bf134d7247e'),
	(53,3,'m160206_000000_seomatic_addGoogleAnalyticsSendPageView','2017-12-31 03:24:52','2017-12-31 03:24:52','2017-12-31 03:24:52','fd6882d6-b786-41b8-8e4d-8bfe37c6d62c'),
	(54,3,'m160209_000000_seomatic_alterDescriptionsColumns','2017-12-31 03:24:52','2017-12-31 03:24:52','2017-12-31 03:24:52','d5b92f0a-7a0c-42ce-bb08-43f7b02d9ea0'),
	(55,3,'m160209_000001_seomatic_addRobotsTxt','2017-12-31 03:24:52','2017-12-31 03:24:52','2017-12-31 03:24:52','adfda653-fb84-462b-8497-204fb2734bf3'),
	(56,3,'m160227_000000_seomatic_addFacebookAppId','2017-12-31 03:24:52','2017-12-31 03:24:52','2017-12-31 03:24:52','afaa5703-7ec3-469d-934e-49f838024952'),
	(57,3,'m160416_000000_seomatic_addContactPoints','2017-12-31 03:24:52','2017-12-31 03:24:52','2017-12-31 03:24:52','d229ea5a-07df-4a3e-b063-a341a2ae5cb0'),
	(58,3,'m160509_000000_seomatic_addSiteLinksBing','2017-12-31 03:24:52','2017-12-31 03:24:52','2017-12-31 03:24:52','56223bc9-9a0f-4561-91cd-3df72e4cee77'),
	(59,3,'m160707_000000_seomatic_addGoogleTagManager','2017-12-31 03:24:52','2017-12-31 03:24:52','2017-12-31 03:24:52','a1469440-6191-4894-a2d8-4330e20bbac5'),
	(60,3,'m160715_000000_seomatic_addSeoImageTransforms','2017-12-31 03:24:52','2017-12-31 03:24:52','2017-12-31 03:24:52','8c3fd752-f610-4703-b64b-9cc698d1b50a'),
	(61,3,'m160723_000000_seomatic_addSeoMainEntityOfPage','2017-12-31 03:24:52','2017-12-31 03:24:52','2017-12-31 03:24:52','a4246e10-5a53-43a5-84b2-943dcd194d3a'),
	(62,3,'m160724_000000_seomatic_addSeoMainEntityCategory','2017-12-31 03:24:52','2017-12-31 03:24:52','2017-12-31 03:24:52','a12e8322-2a9f-4087-90ee-5227423c7f15'),
	(63,3,'m160811_000000_seomatic_addVimeo','2017-12-31 03:24:52','2017-12-31 03:24:52','2017-12-31 03:24:52','a4aba4aa-fe6e-41ac-995e-6201c2678cbc'),
	(64,3,'m160904_000000_seomatic_addTwitterFacebookImages','2017-12-31 03:24:52','2017-12-31 03:24:52','2017-12-31 03:24:52','e5465ecb-4583-45e1-a4e7-967bece8e722'),
	(65,3,'m161220_000000_seomatic_addPriceRange','2017-12-31 03:24:52','2017-12-31 03:24:52','2017-12-31 03:24:52','0a5d3762-b4f1-4e39-a2e1-19c48eeb83e7'),
	(66,3,'m170212_000000_seomatic_addGoogleAnalyticsAnonymizeIp','2017-12-31 03:24:52','2017-12-31 03:24:52','2017-12-31 03:24:52','686778c6-51a2-4733-9a20-0572f1600dd9'),
	(67,3,'m170212_000000_seomatic_addWikipedia','2017-12-31 03:24:52','2017-12-31 03:24:52','2017-12-31 03:24:52','327c7bab-a1f0-4f35-9dcb-f19ff3ea2695'),
	(68,4,'m140713_000000_minimee_ChangeTagToReturnSettingsFieldNames','2017-12-31 08:29:38','2017-12-31 08:29:38','2017-12-31 08:29:38','32dac6ab-b7aa-4b7c-8f46-9f6ed5e837e4'),
	(69,13,'m150324_000002_comments_addVotesAndFlagsTable','2018-12-27 19:12:34','2018-12-27 19:12:34','2018-12-27 19:12:34','076aa9d3-2b90-43d8-a39b-a7a5a03c3c6c'),
	(70,13,'m150324_000004_comments_supportElements','2018-12-27 19:12:34','2018-12-27 19:12:34','2018-12-27 19:12:34','f637e337-b9a9-4e50-bdea-ebc33055c5de'),
	(71,13,'m171130_000000_comments_addCommentDateColumn','2018-12-27 19:12:34','2018-12-27 19:12:34','2018-12-27 19:12:34','9a55c04d-9efc-4e40-93c8-b7097cd72278'),
	(72,13,'m171130_000000_comments_addElementForeignKey','2018-12-27 19:12:34','2018-12-27 19:12:34','2018-12-27 19:12:34','5d5421e0-5561-4f7d-8091-321536a511ce');

/*!40000 ALTER TABLE `craft_migrations` ENABLE KEYS */;
UNLOCK TABLES;


# Dump of table craft_nutispays_client
# ------------------------------------------------------------

DROP TABLE IF EXISTS `craft_nutispays_client`;

CREATE TABLE `craft_nutispays_client` (
  `id` int(11) NOT NULL AUTO_INCREMENT,
  `pay_id` varchar(255) COLLATE utf8_unicode_ci NOT NULL DEFAULT '',
  `name` varchar(255) COLLATE utf8_unicode_ci NOT NULL,
  `email` varchar(255) COLLATE utf8_unicode_ci NOT NULL,
  `address` varchar(255) COLLATE utf8_unicode_ci NOT NULL DEFAULT '',
  `state` varchar(255) COLLATE utf8_unicode_ci NOT NULL,
  `zip` varchar(255) COLLATE utf8_unicode_ci NOT NULL,
  `country` varchar(255) COLLATE utf8_unicode_ci NOT NULL,
  `periodEndDate` date NOT NULL,
  `dateCreated` datetime NOT NULL,
  `dateUpdated` datetime NOT NULL,
  `uid` char(36) COLLATE utf8_unicode_ci NOT NULL DEFAULT '0',
  PRIMARY KEY (`id`),
  UNIQUE KEY `craft_nutispays_client_conekta_id_unq_idx` (`pay_id`)
) ENGINE=InnoDB DEFAULT CHARSET=utf8 COLLATE=utf8_unicode_ci;

LOCK TABLES `craft_nutispays_client` WRITE;
/*!40000 ALTER TABLE `craft_nutispays_client` DISABLE KEYS */;

INSERT INTO `craft_nutispays_client` (`id`, `pay_id`, `name`, `email`, `address`, `state`, `zip`, `country`, `periodEndDate`, `dateCreated`, `dateUpdated`, `uid`)
VALUES
	(15,'avbjwofag9eygu4dpwi5','katherine','katherine@test.com','dsfmasñfm','lnnklsn','999','mx','2019-02-02','2019-01-03 19:08:03','2019-01-03 19:08:03','6aec9b14-ffe3-4563-8aba-093950c3fbb6'),
	(16,'a1l2f33hjytvqbihkzhi','Karla','karla@test.com','sdfas','sgf','999','mx','2019-02-02','2019-01-03 19:15:07','2019-01-03 19:15:07','0a6609d5-85dc-4054-bd23-71d6d5818499'),
	(17,'agfvrmqb9607oassadsr','hikari','hikari@test.com','sdf','sdf','999','mx','2019-02-03','2019-01-04 16:23:41','2019-01-04 16:23:41','b368a1e4-091b-41e4-a262-6ecfa73676e5'),
	(18,'a4vxlfk3gmsf8s0vxfkm','Lucy','lucy@test.com','sdf','sdf','999','mx','2019-02-03','2019-01-04 16:27:26','2019-01-04 16:27:26','ba9d6cba-f56b-47bd-bd66-6b2a95347301'),
	(19,'a8evzgc8gp5frzl68ctg','Ana','ana@test.com','sdfsdf','sdf','999','mx','2019-02-03','2019-01-04 16:36:01','2019-01-04 16:36:01','925ce3fb-cc6d-4a78-9694-d4c3c7a973d5');

/*!40000 ALTER TABLE `craft_nutispays_client` ENABLE KEYS */;
UNLOCK TABLES;


# Dump of table craft_nutispays_client_pays
# ------------------------------------------------------------

DROP TABLE IF EXISTS `craft_nutispays_client_pays`;

CREATE TABLE `craft_nutispays_client_pays` (
  `id` int(11) NOT NULL AUTO_INCREMENT,
  `clientId` int(10) NOT NULL,
  `order_id` varchar(255) COLLATE utf8_unicode_ci NOT NULL,
  `product` varchar(255) COLLATE utf8_unicode_ci NOT NULL,
  `quantity` int(10) NOT NULL,
  `unit_price` int(10) NOT NULL,
  `amount` int(10) NOT NULL,
  `currency` enum('USD','MXN') COLLATE utf8_unicode_ci NOT NULL,
  `payment_method` varchar(100) COLLATE utf8_unicode_ci NOT NULL DEFAULT '',
  `status` varchar(100) COLLATE utf8_unicode_ci NOT NULL DEFAULT '',
  `dateCreated` datetime NOT NULL,
  `dateUpdated` datetime NOT NULL,
  `uid` char(36) COLLATE utf8_unicode_ci NOT NULL DEFAULT '0',
  PRIMARY KEY (`id`),
  UNIQUE KEY `craft_nutispays_client_pays_order_id_unq_idx` (`order_id`),
  KEY `clientId` (`clientId`),
  CONSTRAINT `craft_nutispays_client_pays_ibfk_1` FOREIGN KEY (`clientId`) REFERENCES `craft_nutispays_client` (`id`)
) ENGINE=InnoDB DEFAULT CHARSET=utf8 COLLATE=utf8_unicode_ci;

LOCK TABLES `craft_nutispays_client_pays` WRITE;
/*!40000 ALTER TABLE `craft_nutispays_client_pays` DISABLE KEYS */;

INSERT INTO `craft_nutispays_client_pays` (`id`, `clientId`, `order_id`, `product`, `quantity`, `unit_price`, `amount`, `currency`, `payment_method`, `status`, `dateCreated`, `dateUpdated`, `uid`)
VALUES
	(15,15,'trwortgwka6zpubgd6xi','Suscripción al contenido',1,99,99,'MXN','mastercard','completed','2019-01-03 19:08:03','2019-01-03 19:08:03','cdbedb42-9279-4f14-bc33-babb4f0e448a'),
	(16,16,'trofmmdkaviu80mxxb8k','Suscripción al contenido',1,99,99,'MXN','mastercard','completed','2019-01-03 19:15:07','2019-01-03 19:15:07','df3afd77-be76-4f71-8a43-589db0142857'),
	(17,17,'tr4mttpp2wdcm7poxdoq','Suscripción al contenido',1,99,99,'MXN','visa','completed','2019-01-04 16:23:41','2019-01-04 16:23:41','f51a3304-cc05-4ebe-ba0a-95988c626bf9'),
	(18,18,'trgydgbjcy1kyvzc4eax','Suscripción al contenido',1,99,99,'MXN','visa','completed','2019-01-04 16:27:26','2019-01-04 16:27:26','926403b2-971e-4b6e-bfbc-1c9c65f8deee'),
	(19,19,'trty7ax9rttsoq5r4ilx','Suscripción al contenido',1,99,99,'MXN','american_express','completed','2019-01-04 16:36:01','2019-01-04 16:36:01','8d896e3f-532f-40de-8cde-a02c89b99e7c');

/*!40000 ALTER TABLE `craft_nutispays_client_pays` ENABLE KEYS */;
UNLOCK TABLES;


# Dump of table craft_plugins
# ------------------------------------------------------------

DROP TABLE IF EXISTS `craft_plugins`;

CREATE TABLE `craft_plugins` (
  `id` int(11) NOT NULL AUTO_INCREMENT,
  `class` varchar(150) COLLATE utf8_unicode_ci NOT NULL,
  `version` varchar(15) COLLATE utf8_unicode_ci NOT NULL,
  `schemaVersion` varchar(15) COLLATE utf8_unicode_ci DEFAULT NULL,
  `licenseKey` char(24) COLLATE utf8_unicode_ci DEFAULT NULL,
  `licenseKeyStatus` enum('valid','invalid','mismatched','unknown') COLLATE utf8_unicode_ci NOT NULL DEFAULT 'unknown',
  `enabled` tinyint(1) unsigned NOT NULL DEFAULT '0',
  `settings` text COLLATE utf8_unicode_ci,
  `installDate` datetime NOT NULL,
  `dateCreated` datetime NOT NULL,
  `dateUpdated` datetime NOT NULL,
  `uid` char(36) COLLATE utf8_unicode_ci NOT NULL DEFAULT '0',
  PRIMARY KEY (`id`)
) ENGINE=InnoDB DEFAULT CHARSET=utf8 COLLATE=utf8_unicode_ci;

LOCK TABLES `craft_plugins` WRITE;
/*!40000 ALTER TABLE `craft_plugins` DISABLE KEYS */;

INSERT INTO `craft_plugins` (`id`, `class`, `version`, `schemaVersion`, `licenseKey`, `licenseKeyStatus`, `enabled`, `settings`, `installDate`, `dateCreated`, `dateUpdated`, `uid`)
VALUES
	(1,'MailchimpSubscribe','1.1.3','1.0.0',NULL,'unknown',1,'{\"mcsubApikey\":\"31edd76ff71d731f9144de1bcfb44ee3-us11\",\"mcsubListId\":\"28013d1205\",\"mcsubDoubleOptIn\":\"1\"}','2017-12-31 03:08:49','2017-12-31 03:08:49','2019-01-03 19:19:04','5a9dbafb-b94c-4066-a8aa-d448df1443ba'),
	(2,'UptimeRobot','1.0.1','1.0.0',NULL,'unknown',1,'{\"apiKey\":\"m779809933-43788f42eaac4e67bb5532e3\",\"accessKey\":\"0DBXrIa0zGpk5wKqO5u5RIAL0uBjkPNZ0Whm\"}','2017-12-31 03:16:03','2017-12-31 03:16:03','2019-01-03 19:19:04','7121f803-84da-47a2-b093-b2cd08f47a70'),
	(3,'Seomatic','1.1.56','1.1.25',NULL,'unknown',1,NULL,'2017-12-31 03:24:52','2017-12-31 03:24:52','2019-01-03 19:19:04','3cfcba14-7b40-45c5-9ad9-5ebe547b8dde'),
	(4,'Minimee','0.9.9','1.0.0',NULL,'unknown',1,NULL,'2017-12-31 08:29:38','2017-12-31 08:29:38','2019-01-03 19:19:04','e93c6876-d38e-4f05-b45b-1cf069ed7e9e'),
	(6,'CacheClear','1.0.1',NULL,NULL,'unknown',1,'{\"key\":\"12014712\"}','2017-12-31 09:48:39','2017-12-31 09:48:39','2019-01-03 19:19:04','70f18da7-6ed2-42b9-8554-048dc625fffc'),
	(7,'ContactForm','1.9.2','1.0.0',NULL,'unknown',1,'{\"toEmail\":\"amandujano@dood.mx, info@turismomaternidad.com\",\"prependSender\":\"De\",\"prependSubject\":\"Mensaje sitio web Dr. Nutis\",\"allowAttachments\":\"\",\"honeypotField\":\"\",\"successFlashMessage\":\"Tu mensaje ha sido enviado\"}','2018-01-05 19:40:02','2018-01-05 19:40:02','2019-01-03 19:19:04','edd0f3d9-ed63-4fbf-ad07-c05e5aad80bb'),
	(11,'Nutis','1.0.0',NULL,NULL,'unknown',1,NULL,'2018-12-27 15:28:14','2018-12-27 15:28:14','2018-12-27 15:28:14','1e261d68-e2da-4fcf-9da4-164b280f78a8'),
	(13,'Comments','0.5.1','1.0.5.0',NULL,'unknown',1,'{\"structureId\":\"1\",\"permissions\":null,\"closed\":null,\"allowAnonymous\":0,\"requireModeration\":1,\"autoCloseDays\":\"\",\"allowVoting\":1,\"flaggedCommentLimit\":\"5\",\"allowFlagging\":1,\"downvoteCommentLimit\":\"5\",\"templateFolderOverride\":null,\"enableSpamChecks\":0,\"securityFlooding\":null,\"securityModeration\":null,\"securityBlacklist\":null,\"securityBanned\":null,\"notificationAuthorEnabled\":1,\"notificationReplyEnabled\":1}','2018-12-27 19:12:34','2018-12-27 19:12:34','2019-01-03 19:19:04','c593a228-cf96-40c6-8ceb-15b6cf8ad361'),
	(14,'CommentsRating','1.0.3','1.0.3',NULL,'unknown',1,NULL,'2018-12-27 19:12:37','2018-12-27 19:12:37','2019-01-03 19:19:04','329765d6-67da-473f-875a-e8eb8714d06f'),
	(16,'CocktailRecipes','1.0',NULL,NULL,'unknown',1,NULL,'2018-12-28 17:12:30','2018-12-28 17:12:30','2018-12-28 17:38:16','933c4bff-2a8e-4306-8239-376f286642f0'),
	(18,'NutisPays','1.0.0',NULL,NULL,'unknown',1,'{\"ID\":\"mxqd0md6sxov3pmg4xew\",\"publicKey\":\"pk_aed17224750f45a5adbf03bc95961e36\",\"privateKey\":\"sk_3fce417709534c979f76eb6f06339d1a\"}','2018-12-28 17:38:37','2018-12-28 17:38:37','2019-01-03 19:19:04','91914d71-bd98-41cf-b3e8-b818c8eb812a');

/*!40000 ALTER TABLE `craft_plugins` ENABLE KEYS */;
UNLOCK TABLES;


# Dump of table craft_rackspaceaccess
# ------------------------------------------------------------

DROP TABLE IF EXISTS `craft_rackspaceaccess`;

CREATE TABLE `craft_rackspaceaccess` (
  `id` int(11) NOT NULL AUTO_INCREMENT,
  `connectionKey` varchar(255) COLLATE utf8_unicode_ci NOT NULL,
  `token` varchar(255) COLLATE utf8_unicode_ci NOT NULL,
  `storageUrl` varchar(255) COLLATE utf8_unicode_ci NOT NULL,
  `cdnUrl` varchar(255) COLLATE utf8_unicode_ci NOT NULL,
  `dateCreated` datetime NOT NULL,
  `dateUpdated` datetime NOT NULL,
  `uid` char(36) COLLATE utf8_unicode_ci NOT NULL DEFAULT '0',
  PRIMARY KEY (`id`),
  UNIQUE KEY `craft_rackspaceaccess_connectionKey_unq_idx` (`connectionKey`)
) ENGINE=InnoDB DEFAULT CHARSET=utf8 COLLATE=utf8_unicode_ci;



# Dump of table craft_relations
# ------------------------------------------------------------

DROP TABLE IF EXISTS `craft_relations`;

CREATE TABLE `craft_relations` (
  `id` int(11) NOT NULL AUTO_INCREMENT,
  `fieldId` int(11) NOT NULL,
  `sourceId` int(11) NOT NULL,
  `sourceLocale` char(12) COLLATE utf8_unicode_ci DEFAULT NULL,
  `targetId` int(11) NOT NULL,
  `sortOrder` smallint(6) DEFAULT NULL,
  `dateCreated` datetime NOT NULL,
  `dateUpdated` datetime NOT NULL,
  `uid` char(36) COLLATE utf8_unicode_ci NOT NULL DEFAULT '0',
  PRIMARY KEY (`id`),
  UNIQUE KEY `craft_relations_fieldId_sourceId_sourceLocale_targetId_unq_idx` (`fieldId`,`sourceId`,`sourceLocale`,`targetId`),
  KEY `craft_relations_sourceId_fk` (`sourceId`),
  KEY `craft_relations_sourceLocale_fk` (`sourceLocale`),
  KEY `craft_relations_targetId_fk` (`targetId`),
  CONSTRAINT `craft_relations_fieldId_fk` FOREIGN KEY (`fieldId`) REFERENCES `craft_fields` (`id`) ON DELETE CASCADE,
  CONSTRAINT `craft_relations_sourceId_fk` FOREIGN KEY (`sourceId`) REFERENCES `craft_elements` (`id`) ON DELETE CASCADE,
  CONSTRAINT `craft_relations_sourceLocale_fk` FOREIGN KEY (`sourceLocale`) REFERENCES `craft_locales` (`locale`) ON DELETE CASCADE ON UPDATE CASCADE,
  CONSTRAINT `craft_relations_targetId_fk` FOREIGN KEY (`targetId`) REFERENCES `craft_elements` (`id`) ON DELETE CASCADE
) ENGINE=InnoDB DEFAULT CHARSET=utf8 COLLATE=utf8_unicode_ci;

LOCK TABLES `craft_relations` WRITE;
/*!40000 ALTER TABLE `craft_relations` DISABLE KEYS */;

INSERT INTO `craft_relations` (`id`, `fieldId`, `sourceId`, `sourceLocale`, `targetId`, `sortOrder`, `dateCreated`, `dateUpdated`, `uid`)
VALUES
	(6,4,37,NULL,74,1,'2017-12-31 04:07:53','2017-12-31 04:07:53','e1a7ea94-352a-4e8d-8d71-72eb78eb8bbd'),
	(7,4,54,NULL,75,1,'2017-12-31 04:14:20','2017-12-31 04:14:20','a2e72605-9e91-4838-94e1-b68163858460'),
	(8,4,55,NULL,76,1,'2017-12-31 04:16:10','2017-12-31 04:16:10','e1550df5-d71a-4e71-8bde-9c33020fe1f6'),
	(9,4,56,NULL,77,1,'2017-12-31 04:17:25','2017-12-31 04:17:25','1318d0d3-f364-4b30-93e9-371a23752d65'),
	(10,4,72,NULL,78,1,'2017-12-31 04:18:58','2017-12-31 04:18:58','f1911011-6b0a-4cc9-b471-0d5301873cbb'),
	(12,4,2,NULL,71,1,'2018-01-04 19:25:27','2018-01-04 19:25:27','5579c780-a4a6-4bfc-ad4c-a1a095c27ce3'),
	(18,4,73,NULL,79,1,'2018-08-10 17:30:13','2018-08-10 17:30:13','fa15253f-40c9-4875-bf0b-701681d5151e');

/*!40000 ALTER TABLE `craft_relations` ENABLE KEYS */;
UNLOCK TABLES;


# Dump of table craft_routes
# ------------------------------------------------------------

DROP TABLE IF EXISTS `craft_routes`;

CREATE TABLE `craft_routes` (
  `id` int(11) NOT NULL AUTO_INCREMENT,
  `locale` char(12) COLLATE utf8_unicode_ci DEFAULT NULL,
  `urlParts` varchar(255) COLLATE utf8_unicode_ci NOT NULL,
  `urlPattern` varchar(255) COLLATE utf8_unicode_ci NOT NULL,
  `template` varchar(255) COLLATE utf8_unicode_ci NOT NULL,
  `sortOrder` smallint(6) unsigned DEFAULT NULL,
  `dateCreated` datetime NOT NULL,
  `dateUpdated` datetime NOT NULL,
  `uid` char(36) COLLATE utf8_unicode_ci NOT NULL DEFAULT '0',
  PRIMARY KEY (`id`),
  KEY `craft_routes_locale_idx` (`locale`),
  KEY `craft_routes_urlPattern_idx` (`urlPattern`),
  CONSTRAINT `craft_routes_locale_fk` FOREIGN KEY (`locale`) REFERENCES `craft_locales` (`locale`) ON DELETE CASCADE ON UPDATE CASCADE
) ENGINE=InnoDB DEFAULT CHARSET=utf8 COLLATE=utf8_unicode_ci;



# Dump of table craft_searchindex
# ------------------------------------------------------------

DROP TABLE IF EXISTS `craft_searchindex`;

CREATE TABLE `craft_searchindex` (
  `elementId` int(11) NOT NULL,
  `attribute` varchar(25) COLLATE utf8_unicode_ci NOT NULL,
  `fieldId` int(11) NOT NULL,
  `locale` char(12) COLLATE utf8_unicode_ci NOT NULL,
  `keywords` text COLLATE utf8_unicode_ci NOT NULL,
  PRIMARY KEY (`elementId`,`attribute`,`fieldId`,`locale`),
  FULLTEXT KEY `craft_searchindex_keywords_idx` (`keywords`)
) ENGINE=MyISAM DEFAULT CHARSET=utf8 COLLATE=utf8_unicode_ci;

LOCK TABLES `craft_searchindex` WRITE;
/*!40000 ALTER TABLE `craft_searchindex` DISABLE KEYS */;

INSERT INTO `craft_searchindex` (`elementId`, `attribute`, `fieldId`, `locale`, `keywords`)
VALUES
	(1,'username',0,'es',' dood '),
	(1,'firstname',0,'es',''),
	(1,'lastname',0,'es',''),
	(1,'fullname',0,'es',''),
	(1,'email',0,'es',' jjaime dmsc mx '),
	(1,'slug',0,'es',''),
	(2,'slug',0,'es',' homepage '),
	(2,'title',0,'es',' homepage '),
	(2,'field',1,'es',' ten a tu bebe en estados unidos nuestro programa es 100% legal sin repercusiones migratorias a tu visa te damos el seguimiento y herramientas necesarias '),
	(37,'title',0,'es',' precios '),
	(38,'filename',0,'es',' precios jpg '),
	(38,'extension',0,'es',' jpg '),
	(38,'kind',0,'es',' image '),
	(38,'slug',0,'es',' precios '),
	(38,'title',0,'es',' precios '),
	(39,'filename',0,'es',' dr nutis small jpg '),
	(37,'slug',0,'es',' precios '),
	(3,'field',1,'es',' craft is the cms that s powering 165 227 214 220 it s beautiful powerful flexible and easy to use and it s made by pixel tonic we can t wait to dive in and see what it s capable of this is even more captivating content which you couldn t see on the news index page because it was entered after a page break and the news index template only likes to show the content on the first page craft a nice alternative to word if you re making a website '),
	(3,'field',2,'es',''),
	(3,'slug',0,'es',' we just installed craft '),
	(3,'title',0,'es',' we just installed craft '),
	(4,'filename',0,'es',' pink wave svg '),
	(4,'extension',0,'es',' svg '),
	(4,'kind',0,'es',' image '),
	(4,'slug',0,'es',' pink wave '),
	(4,'title',0,'es',' pink wave '),
	(10,'title',0,'es',' main cover '),
	(10,'filename',0,'es',' main cover jpg '),
	(10,'extension',0,'es',' jpg '),
	(10,'kind',0,'es',' image '),
	(6,'filename',0,'es',' logo color svg '),
	(6,'extension',0,'es',' svg '),
	(6,'kind',0,'es',' image '),
	(6,'slug',0,'es',' logo color '),
	(6,'title',0,'es',' logo color '),
	(10,'slug',0,'es',' main cover '),
	(8,'filename',0,'es',' logo blanco svg '),
	(8,'extension',0,'es',' svg '),
	(8,'kind',0,'es',' image '),
	(8,'slug',0,'es',' logo blanco '),
	(8,'title',0,'es',' logo blanco '),
	(11,'filename',0,'es',' us logo jpg '),
	(11,'extension',0,'es',' jpg '),
	(11,'kind',0,'es',' image '),
	(11,'slug',0,'es',' us logo '),
	(11,'title',0,'es',' us logo '),
	(12,'filename',0,'es',' white wave svg '),
	(12,'extension',0,'es',' svg '),
	(12,'kind',0,'es',' image '),
	(12,'slug',0,'es',' white wave '),
	(12,'title',0,'es',' white wave '),
	(16,'extension',0,'es',' svg '),
	(16,'kind',0,'es',' image '),
	(16,'slug',0,'es',' iso logo '),
	(16,'title',0,'es',' iso logo '),
	(16,'filename',0,'es',' iso logo svg '),
	(17,'filename',0,'es',' doctor nutis jpg '),
	(17,'extension',0,'es',' jpg '),
	(17,'kind',0,'es',' image '),
	(17,'slug',0,'es',' doctor nutis '),
	(17,'title',0,'es',' doctor nutis '),
	(19,'kind',0,'es',' image '),
	(19,'slug',0,'es',' preparacion '),
	(19,'extension',0,'es',' svg '),
	(19,'filename',0,'es',' preparacion svg '),
	(19,'title',0,'es',' preparacion '),
	(20,'filename',0,'es',' avion svg '),
	(20,'extension',0,'es',' svg '),
	(20,'kind',0,'es',' image '),
	(20,'slug',0,'es',' avion '),
	(20,'title',0,'es',' avion '),
	(21,'filename',0,'es',' espera svg '),
	(21,'extension',0,'es',' svg '),
	(21,'kind',0,'es',' image '),
	(21,'slug',0,'es',' espera '),
	(21,'title',0,'es',' espera '),
	(22,'filename',0,'es',' nacimiento svg '),
	(22,'extension',0,'es',' svg '),
	(22,'kind',0,'es',' image '),
	(22,'slug',0,'es',' nacimiento '),
	(22,'title',0,'es',' nacimiento '),
	(23,'filename',0,'es',' parto svg '),
	(23,'extension',0,'es',' svg '),
	(23,'kind',0,'es',' image '),
	(23,'slug',0,'es',' parto '),
	(23,'title',0,'es',' parto '),
	(24,'filename',0,'es',' preparacion jpg '),
	(24,'extension',0,'es',' jpg '),
	(24,'kind',0,'es',' image '),
	(24,'slug',0,'es',' preparacion '),
	(24,'title',0,'es',' preparacion '),
	(26,'kind',0,'es',' image '),
	(26,'slug',0,'es',' espera '),
	(26,'extension',0,'es',' jpg '),
	(26,'filename',0,'es',' espera jpg '),
	(26,'title',0,'es',' espera '),
	(27,'filename',0,'es',' llegada jpg '),
	(27,'extension',0,'es',' jpg '),
	(27,'kind',0,'es',' image '),
	(27,'slug',0,'es',' llegada '),
	(27,'title',0,'es',' llegada '),
	(28,'filename',0,'es',' nacimiento jpg '),
	(28,'extension',0,'es',' jpg '),
	(28,'kind',0,'es',' image '),
	(28,'slug',0,'es',' nacimiento '),
	(28,'title',0,'es',' nacimiento '),
	(29,'filename',0,'es',' parto jpg '),
	(29,'extension',0,'es',' jpg '),
	(29,'kind',0,'es',' image '),
	(29,'slug',0,'es',' parto '),
	(29,'title',0,'es',' parto '),
	(30,'filename',0,'es',' regreso jpg '),
	(30,'extension',0,'es',' jpg '),
	(30,'kind',0,'es',' image '),
	(30,'slug',0,'es',' regreso '),
	(30,'title',0,'es',' regreso '),
	(31,'filename',0,'es',' las palmas jpg '),
	(31,'extension',0,'es',' jpg '),
	(31,'kind',0,'es',' image '),
	(31,'slug',0,'es',' las palmas '),
	(31,'title',0,'es',' las palmas '),
	(33,'kind',0,'es',' image '),
	(33,'slug',0,'es',' las palmas logo '),
	(33,'extension',0,'es',' png '),
	(33,'filename',0,'es',' las palmas logo png '),
	(33,'title',0,'es',' las palmas logo '),
	(39,'kind',0,'es',' image '),
	(39,'slug',0,'es',' dr nutis small '),
	(39,'title',0,'es',' dr nutis small '),
	(40,'filename',0,'es',' pediatra small jpg '),
	(39,'extension',0,'es',' jpg '),
	(40,'extension',0,'es',' jpg '),
	(40,'kind',0,'es',' image '),
	(40,'slug',0,'es',' pediatra '),
	(40,'title',0,'es',' pediatra '),
	(41,'filename',0,'es',' anestesiologo small jpg '),
	(41,'extension',0,'es',' jpg '),
	(41,'kind',0,'es',' image '),
	(41,'slug',0,'es',' anestesiologo small '),
	(41,'title',0,'es',' anestesiologo small '),
	(42,'filename',0,'es',' del sol small jpg '),
	(42,'extension',0,'es',' jpg '),
	(42,'kind',0,'es',' image '),
	(42,'slug',0,'es',' del sol small '),
	(42,'title',0,'es',' del sol small '),
	(43,'filename',0,'es',' financiamiento back jpg '),
	(43,'extension',0,'es',' jpg '),
	(43,'kind',0,'es',' image '),
	(43,'slug',0,'es',' financiamiento back '),
	(43,'title',0,'es',' financiamiento back '),
	(45,'kind',0,'es',' image '),
	(45,'slug',0,'es',' financiamiento '),
	(45,'extension',0,'es',' jpg '),
	(45,'filename',0,'es',' facturacion jpg '),
	(45,'title',0,'es',' financiamiento '),
	(46,'filename',0,'es',' paso paso back jpg '),
	(46,'extension',0,'es',' jpg '),
	(46,'kind',0,'es',' image '),
	(46,'slug',0,'es',' paso paso back '),
	(46,'title',0,'es',' paso paso back '),
	(47,'filename',0,'es',' proceso migratorio back jpg '),
	(47,'extension',0,'es',' jpg '),
	(47,'kind',0,'es',' image '),
	(47,'slug',0,'es',' proceso migratorio back '),
	(47,'title',0,'es',' proceso migratorio back '),
	(48,'filename',0,'es',' proceso legal jpg '),
	(48,'extension',0,'es',' jpg '),
	(48,'kind',0,'es',' image '),
	(48,'slug',0,'es',' proceso legal '),
	(48,'title',0,'es',' proceso legal '),
	(50,'kind',0,'es',' image '),
	(50,'slug',0,'es',' proceso legal back '),
	(50,'extension',0,'es',' jpg '),
	(50,'filename',0,'es',' proceso legal back jpg '),
	(50,'title',0,'es',' proceso legal back '),
	(51,'filename',0,'es',' familia jpg '),
	(51,'extension',0,'es',' jpg '),
	(51,'kind',0,'es',' image '),
	(51,'slug',0,'es',' familia '),
	(51,'title',0,'es',' familia '),
	(52,'filename',0,'es',' universidades jpg '),
	(52,'extension',0,'es',' jpg '),
	(52,'kind',0,'es',' image '),
	(52,'slug',0,'es',' universidades '),
	(52,'title',0,'es',' universidades '),
	(53,'filename',0,'es',' doctores jpg '),
	(53,'extension',0,'es',' jpg '),
	(53,'kind',0,'es',' image '),
	(53,'slug',0,'es',' doctores '),
	(53,'title',0,'es',' doctores '),
	(54,'slug',0,'es',' paso a paso '),
	(54,'title',0,'es',' paso a paso '),
	(55,'slug',0,'es',' proceso migratorio '),
	(55,'title',0,'es',' proceso migratorio '),
	(56,'slug',0,'es',' doctores '),
	(56,'title',0,'es',' doctores '),
	(58,'kind',0,'es',' image '),
	(58,'slug',0,'es',' dr nutis fact '),
	(58,'extension',0,'es',' jpg '),
	(58,'filename',0,'es',' dr nutis fact jpg '),
	(58,'title',0,'es',' dr nutis fact '),
	(59,'filename',0,'es',' el paso back jpg '),
	(59,'extension',0,'es',' jpg '),
	(59,'kind',0,'es',' image '),
	(59,'slug',0,'es',' el paso back '),
	(59,'title',0,'es',' el paso back '),
	(60,'filename',0,'es',' in town jpg '),
	(60,'extension',0,'es',' jpg '),
	(60,'kind',0,'es',' image '),
	(60,'slug',0,'es',' in town '),
	(60,'title',0,'es',' in town '),
	(61,'filename',0,'es',' independence america jpg '),
	(61,'extension',0,'es',' jpg '),
	(61,'kind',0,'es',' image '),
	(61,'slug',0,'es',' independence america '),
	(61,'title',0,'es',' independence america '),
	(62,'filename',0,'es',' ramada svg '),
	(62,'extension',0,'es',' svg '),
	(62,'kind',0,'es',' image '),
	(62,'slug',0,'es',' ramada '),
	(62,'title',0,'es',' ramada '),
	(63,'filename',0,'es',' stay america jpg '),
	(63,'extension',0,'es',' jpg '),
	(63,'kind',0,'es',' image '),
	(63,'slug',0,'es',' stay america '),
	(63,'title',0,'es',' stay america '),
	(64,'filename',0,'es',' studio6 jpg '),
	(64,'extension',0,'es',' jpg '),
	(64,'kind',0,'es',' image '),
	(64,'slug',0,'es',' studio6 '),
	(64,'title',0,'es',' studio6 '),
	(65,'filename',0,'es',' woodsprings jpg '),
	(65,'extension',0,'es',' jpg '),
	(65,'kind',0,'es',' image '),
	(65,'slug',0,'es',' woodsprings '),
	(65,'title',0,'es',' woodsprings '),
	(66,'filename',0,'es',' chase suites jpg '),
	(66,'extension',0,'es',' jpg '),
	(66,'kind',0,'es',' image '),
	(66,'slug',0,'es',' chase suites '),
	(66,'title',0,'es',' chase suites '),
	(67,'filename',0,'es',' primer corporate jpg '),
	(67,'extension',0,'es',' jpg '),
	(67,'kind',0,'es',' image '),
	(67,'slug',0,'es',' primer corporate '),
	(67,'title',0,'es',' primer corporate '),
	(68,'filename',0,'es',' airbnb svg '),
	(68,'extension',0,'es',' svg '),
	(68,'kind',0,'es',' image '),
	(68,'slug',0,'es',' airbnb '),
	(68,'title',0,'es',' airbnb '),
	(69,'filename',0,'es',' uber svg '),
	(69,'extension',0,'es',' svg '),
	(69,'kind',0,'es',' image '),
	(69,'slug',0,'es',' uber '),
	(69,'title',0,'es',' uber '),
	(70,'filename',0,'es',' faqs jpg '),
	(70,'extension',0,'es',' jpg '),
	(70,'kind',0,'es',' image '),
	(70,'slug',0,'es',' faqs '),
	(70,'title',0,'es',' faqs '),
	(71,'filename',0,'es',' cover jpg '),
	(71,'extension',0,'es',' jpg '),
	(71,'kind',0,'es',' image '),
	(71,'slug',0,'es',' cover '),
	(71,'title',0,'es',' cover '),
	(72,'slug',0,'es',' hospedaje '),
	(72,'title',0,'es',' hospedaje '),
	(73,'slug',0,'es',' faqs '),
	(73,'title',0,'es',' faqs '),
	(2,'field',3,'es',' 1 es 1 0 template creativework webpage da a luz en estados unidos ten a tu bebe en estados unidos nuestro programa es 100% legal sin repercusiones migratorias a tu visa te damos el seguimiento y herramientas necesarias nacionalidad americana bebe estados unidos nacimiento proceso parto dar a luz precios paso a paso proceso migratorio doctores hospedaje preguntas summary_large_image website all 71 71 71 da a luz en estados unidos ten a tu bebe en estados unidos nuestro programa es 100% legal sin repercusiones migratorias a tu visa te damos el seguimiento y herramientas necesarias nacionalidad americana bebe estados unidos nacimiento proceso parto dar a luz precios paso a paso proceso migratorio doctores hospedaje preguntas custom title field body custom title custom featuredimage field featuredimage field featuredimage '),
	(2,'field',4,'es',' cover '),
	(74,'filename',0,'es',' precios cover jpg '),
	(74,'extension',0,'es',' jpg '),
	(74,'kind',0,'es',' image '),
	(74,'slug',0,'es',' precios cover '),
	(74,'title',0,'es',' precios cover '),
	(37,'field',1,'es',' conoce los precios para tener a tu bebe en estados unidos nuestro programa es 100% legal sin repercusiones migratorias a tu visa '),
	(37,'field',4,'es',' precios cover '),
	(37,'field',3,'es',' 1 es 1 0 template creativework webpage precios conoce los precios para tener a tu bebe en estados unidos nuestro programa es 100% legal sin repercusiones migratorias a tu visa nacionalidad americana bebe estados unidos nacimiento proceso parto dar a luz precios paso a paso proceso migratorio doctores hospedaje preguntas summary_large_image website all 74 74 74 precios conoce los precios para tener a tu bebe en estados unidos nuestro programa es 100% legal sin repercusiones migratorias a tu visa nacionalidad americana bebe estados unidos nacimiento proceso parto dar a luz precios paso a paso proceso migratorio doctores hospedaje preguntas field title field body custom title field featuredimage field featuredimage field featuredimage '),
	(75,'filename',0,'es',' paso paso cover jpg '),
	(75,'extension',0,'es',' jpg '),
	(75,'kind',0,'es',' image '),
	(75,'slug',0,'es',' paso paso cover '),
	(75,'title',0,'es',' paso paso cover '),
	(54,'field',1,'es',' el paso a paso para tener a tu bebe en estados unidos nuestro programa es 100% legal sin repercusiones migratorias a tu visa '),
	(54,'field',4,'es',' paso paso cover '),
	(54,'field',3,'es',' 1 es 1 0 template creativework webpage paso a paso el paso a paso para tener a tu bebe en estados unidos nuestro programa es 100% legal sin repercusiones migratorias a tu visa nacionalidad americana bebe estados unidos nacimiento proceso parto dar a luz precios paso a paso proceso migratorio doctores hospedaje preguntas summary_large_image website all 75 75 75 nacionalidad americana bebe estados unidos nacimiento proceso parto dar a luz precios paso a paso proceso migratorio doctores hospedaje preguntas field title field body custom title field featuredimage field featuredimage field featuredimage '),
	(76,'filename',0,'es',' proceso migratorio cover jpg '),
	(76,'extension',0,'es',' jpg '),
	(76,'kind',0,'es',' image '),
	(76,'slug',0,'es',' proceso migratorio cover '),
	(76,'title',0,'es',' proceso migratorio cover '),
	(55,'field',1,'es',' conoce el proceso migratorio para tener a tu bebe en estados unidos nuestro programa es 100% legal sin repercusiones migratorias a tu visa '),
	(55,'field',4,'es',' proceso migratorio cover '),
	(55,'field',3,'es',' 1 es 1 0 template creativework webpage proceso migratorio conoce el proceso migratorio para tener a tu bebe en estados unidos nuestro programa es 100% legal sin repercusiones migratorias a tu visa nacionalidad americana bebe estados unidos nacimiento proceso parto dar a luz precios paso a paso proceso migratorio doctores hospedaje preguntas summary_large_image website all 76 76 76 nacionalidad americana bebe estados unidos nacimiento proceso parto dar a luz precios paso a paso proceso migratorio doctores hospedaje preguntas field title field body custom title field featuredimage field featuredimage field featuredimage '),
	(77,'filename',0,'es',' doctores cover jpg '),
	(77,'extension',0,'es',' jpg '),
	(77,'kind',0,'es',' image '),
	(77,'slug',0,'es',' doctores cover '),
	(77,'title',0,'es',' doctores cover '),
	(56,'field',1,'es',' conoce al equipo de doctores para tener a tu bebe en estados unidos nuestro programa es 100% legal sin repercusiones migratorias a tu visa '),
	(56,'field',4,'es',' doctores cover '),
	(56,'field',3,'es',' 1 es 1 0 template creativework webpage doctores conoce al equipo de doctores para tener a tu bebe en estados unidos nuestro programa es 100% legal sin repercusiones migratorias a tu visa nacionalidad americana bebe estados unidos nacimiento proceso parto dar a luz precios paso a paso proceso migratorio doctores hospedaje preguntas summary_large_image website all 77 77 77 nacionalidad americana bebe estados unidos nacimiento proceso parto dar a luz precios paso a paso proceso migratorio doctores hospedaje preguntas field title field body custom title field featuredimage field featuredimage field featuredimage '),
	(78,'filename',0,'es',' hospedaje cover jpg '),
	(78,'extension',0,'es',' jpg '),
	(78,'kind',0,'es',' image '),
	(78,'slug',0,'es',' hospedaje cover '),
	(78,'title',0,'es',' hospedaje cover '),
	(72,'field',1,'es',' donde hospedarte para tener a tu bebe en estados unidos nuestro programa es 100% legal sin repercusiones migratorias a tu visa '),
	(72,'field',4,'es',' hospedaje cover '),
	(72,'field',3,'es',' 1 es 1 0 template creativework webpage hospedaje donde hospedarte para tener a tu bebe en estados unidos nuestro programa es 100% legal sin repercusiones migratorias a tu visa nacionalidad americana bebe estados unidos nacimiento proceso parto dar a luz precios paso a paso proceso migratorio doctores hospedaje preguntas summary_large_image website all 78 78 78 nacionalidad americana bebe estados unidos nacimiento proceso parto dar a luz precios paso a paso proceso migratorio doctores hospedaje preguntas field title field body custom title field featuredimage field featuredimage field featuredimage '),
	(79,'filename',0,'es',' faqs cover jpg '),
	(79,'extension',0,'es',' jpg '),
	(79,'kind',0,'es',' image '),
	(79,'slug',0,'es',' faqs cover '),
	(79,'title',0,'es',' faqs cover '),
	(73,'field',1,'es',' las preguntas mas frecuentes para tener a tu bebe en estados unidos nuestro programa es 100% legal sin repercusiones migratorias a tu visa '),
	(73,'field',4,'es',' faqs cover '),
	(73,'field',3,'es',' 1 es 1 0 template creativework webpage faqs las preguntas mas frecuentes para tener a tu bebe en estados unidos nuestro programa es 100% legal sin repercusiones migratorias a tu visa nacionalidad americana bebe estados unidos nacimiento proceso parto dar a luz precios paso a paso proceso migratorio doctores hospedaje preguntas summary_large_image website all 79 79 79 faqs las preguntas mas frecuentes para tener a tu bebe en estados unidos nuestro programa es 100% legal sin repercusiones migratorias a tu visa nacionalidad americana bebe estados unidos nacimiento proceso parto dar a luz precios paso a paso proceso migratorio doctores hospedaje preguntas field title field body custom title field featuredimage field featuredimage field featuredimage '),
	(80,'filename',0,'es',' car jpg '),
	(80,'extension',0,'es',' jpg '),
	(80,'kind',0,'es',' image '),
	(80,'slug',0,'es',' car '),
	(80,'title',0,'es',' car '),
	(82,'kind',0,'es',' image '),
	(82,'slug',0,'es',' 404 cover '),
	(82,'extension',0,'es',' jpg '),
	(82,'filename',0,'es',' 404 cover jpg '),
	(82,'title',0,'es',' 404 cover '),
	(86,'kind',0,'es',' image '),
	(85,'title',0,'es',' politicas de privacidad '),
	(86,'filename',0,'es',' prodanovic jpg '),
	(86,'extension',0,'es',' jpg '),
	(85,'slug',0,'es',' politicas de privacidad '),
	(86,'slug',0,'es',' prodanovic '),
	(86,'title',0,'es',' prodanovic '),
	(92,'slug',0,'es',' main cover 1 '),
	(92,'title',0,'es',' main cover 1 '),
	(93,'filename',0,'es',' familia 1 jpg '),
	(93,'extension',0,'es',' jpg '),
	(93,'kind',0,'es',' image '),
	(93,'slug',0,'es',' familia 1 '),
	(92,'kind',0,'es',' image '),
	(92,'extension',0,'es',' jpg '),
	(92,'filename',0,'es',' main cover 1 jpg '),
	(93,'title',0,'es',' familia 1 '),
	(94,'filename',0,'es',' universidades 1 jpg '),
	(94,'extension',0,'es',' jpg '),
	(94,'kind',0,'es',' image '),
	(94,'slug',0,'es',' universidades 1 '),
	(94,'title',0,'es',' universidades 1 '),
	(95,'filename',0,'es',' doctora jpg '),
	(95,'extension',0,'es',' jpg '),
	(95,'kind',0,'es',' image '),
	(95,'slug',0,'es',' doctora '),
	(95,'title',0,'es',' doctora '),
	(73,'field',5,'es',' que necesito para ser candidata unicamente necesitas tener visa vigente al momento del parto no importa que tipo de visa sea puedo viajar embarazada si si pasa de la semana 38 es recomendable viajar en auto es legal tener a mi bebe en eua para que tenga la ciudadania es totalmente legal es importante identificar que existe una diferencia entre un extranjero ilegal sin documentacion y que permanece en los estados unidos y un extranjero legal una persona que cuenta con documentacion para internacion permiso o visa a los estados unidos si bien hay reformas migratorias enfocadas en limitar los derechos de extranjeros indocumentados o ilegales la ciudadania por nacimiento jus soli es un derecho constitucional puedo perder mi visa o tener algun problema para la renovacion si tengo a mi bebe en eua nuestro programa es 100% legal sin repercusiones migratorias a tu visa es importante declarar honestamente tu embarazo y parto como el motivo de tu visita al ingresar a los estados unidos se necesita tener algun visado o permiso de internamiento para hacer mi parto en eua ninguno nada mas el permiso si permanece mas de 60 dias en el pais que debo decir al oficial de migracion al ser cuestionada sobre el proposito de mi visita a los estados unidos nunca mientas sobre tu proposito de dar a luz en los estados unidos es muy importante siempre decir la verdad contar con tu documentacion carta de cita medica y comprobante de pago documentos que nosotros te otorgaremos me dan algun documento para mostrar en migracion si nosotros te proporcionamos tu carta de cita y un comprobante de pago por la contratacion del servicio cual es el primer paso el primer paso a seguir es realizar tu registro via telefonica con nosotros toma 5 minutos necesito asistir a alguna consulta con el doctor antes del parto no es necesario dentro del paquete ya se incluyen los chequeos necesarios que informacion documentos necesito llevar al doctor en la primera cita trae todos los estudios prenatales que te hayas realizado cuanto dura el procedimiento la labor de parto varia para cada paciente y depende de si es parto vaginal o cesarea gracias a la experiencia de nuestros obstetras nuestros procedimientos no exceden las 12 horas cuanto tiempo debo permanecer en el hospital despues del parto la estancia es de 24 a 36 horas dependiendo el procedimiento si tengo alguna condicion medica hay algun impedimento ninguno se trata de acuerdo a la condicion de cada paciente cuales son los riesgos del procedimiento son los mismos riegos de un parto normal infeccion sangrado etc que sucede si tengo complicaciones en el parto en caso de cualquier tipo de complicacion que pueda surgir contamos con especialistas capacitados para resolverla en caso de tener una complicacion en mi parto los costos adicionales van incluidos dentro del paquete que contrate los costos adicionales no estan incluidos dentro de ningun paquete los mismos corren por cuenta del paciente que costo tiene si es embarazo gemelar unicamente se suman 800 dolares al costo original de cada paquete tienen convenio con algun hotel o medio de trasporte como tal nosotros no nos encargamos del hospedaje ni del transporte durante la estancia sin embargo como parte del servicio te proporcionamos un directorio de proveedores recomendados '),
	(96,'field',6,'es',' que necesito para ser candidata '),
	(96,'field',7,'es',' unicamente necesitas tener visa vigente al momento del parto no importa que tipo de visa sea '),
	(96,'slug',0,'es',''),
	(97,'field',6,'es',' puedo viajar embarazada '),
	(97,'field',7,'es',' si si pasa de la semana 38 es recomendable viajar en auto '),
	(97,'slug',0,'es',''),
	(98,'field',6,'es',' es legal tener a mi bebe en eua para que tenga la ciudadania '),
	(98,'field',7,'es',' es totalmente legal es importante identificar que existe una diferencia entre un extranjero ilegal sin documentacion y que permanece en los estados unidos y un extranjero legal una persona que cuenta con documentacion para internacion permiso o visa a los estados unidos si bien hay reformas migratorias enfocadas en limitar los derechos de extranjeros indocumentados o ilegales la ciudadania por nacimiento jus soli es un derecho constitucional '),
	(98,'slug',0,'es',''),
	(99,'field',6,'es',' puedo perder mi visa o tener algun problema para la renovacion si tengo a mi bebe en eua '),
	(99,'field',7,'es',' nuestro programa es 100% legal sin repercusiones migratorias a tu visa es importante declarar honestamente tu embarazo y parto como el motivo de tu visita al ingresar a los estados unidos '),
	(99,'slug',0,'es',''),
	(100,'field',6,'es',' se necesita tener algun visado o permiso de internamiento para hacer mi parto en eua '),
	(100,'field',7,'es',' ninguno nada mas el permiso si permanece mas de 60 dias en el pais '),
	(100,'slug',0,'es',''),
	(101,'field',6,'es',' que debo decir al oficial de migracion al ser cuestionada sobre el proposito de mi visita a los estados unidos '),
	(101,'field',7,'es',' nunca mientas sobre tu proposito de dar a luz en los estados unidos es muy importante siempre decir la verdad contar con tu documentacion carta de cita medica y comprobante de pago documentos que nosotros te otorgaremos '),
	(101,'slug',0,'es',''),
	(102,'field',6,'es',' me dan algun documento para mostrar en migracion '),
	(102,'field',7,'es',' si nosotros te proporcionamos tu carta de cita y un comprobante de pago por la contratacion del servicio '),
	(102,'slug',0,'es',''),
	(103,'field',6,'es',' cual es el primer paso '),
	(103,'field',7,'es',' el primer paso a seguir es realizar tu registro via telefonica con nosotros toma 5 minutos '),
	(103,'slug',0,'es',''),
	(104,'field',6,'es',' necesito asistir a alguna consulta con el doctor antes del parto '),
	(104,'field',7,'es',' no es necesario dentro del paquete ya se incluyen los chequeos necesarios '),
	(104,'slug',0,'es',''),
	(105,'field',6,'es',' que informacion documentos necesito llevar al doctor en la primera cita '),
	(105,'field',7,'es',' trae todos los estudios prenatales que te hayas realizado '),
	(105,'slug',0,'es',''),
	(106,'field',6,'es',' cuanto dura el procedimiento '),
	(106,'field',7,'es',' la labor de parto varia para cada paciente y depende de si es parto vaginal o cesarea gracias a la experiencia de nuestros obstetras nuestros procedimientos no exceden las 12 horas '),
	(106,'slug',0,'es',''),
	(107,'field',6,'es',' cuanto tiempo debo permanecer en el hospital despues del parto '),
	(107,'field',7,'es',' la estancia es de 24 a 36 horas dependiendo el procedimiento '),
	(107,'slug',0,'es',''),
	(108,'field',6,'es',' si tengo alguna condicion medica hay algun impedimento '),
	(108,'field',7,'es',' ninguno se trata de acuerdo a la condicion de cada paciente '),
	(108,'slug',0,'es',''),
	(109,'field',6,'es',' cuales son los riesgos del procedimiento '),
	(109,'field',7,'es',' son los mismos riegos de un parto normal infeccion sangrado etc '),
	(109,'slug',0,'es',''),
	(110,'field',6,'es',' que sucede si tengo complicaciones en el parto '),
	(110,'field',7,'es',' en caso de cualquier tipo de complicacion que pueda surgir contamos con especialistas capacitados para resolverla '),
	(110,'slug',0,'es',''),
	(111,'field',6,'es',' en caso de tener una complicacion en mi parto los costos adicionales van incluidos dentro del paquete que contrate '),
	(111,'field',7,'es',' los costos adicionales no estan incluidos dentro de ningun paquete los mismos corren por cuenta del paciente '),
	(111,'slug',0,'es',''),
	(112,'field',6,'es',' que costo tiene si es embarazo gemelar '),
	(112,'field',7,'es',' unicamente se suman 800 dolares al costo original de cada paquete '),
	(112,'slug',0,'es',''),
	(113,'field',6,'es',' tienen convenio con algun hotel o medio de trasporte '),
	(113,'field',7,'es',' como tal nosotros no nos encargamos del hospedaje ni del transporte durante la estancia sin embargo como parte del servicio te proporcionamos un directorio de proveedores recomendados '),
	(113,'slug',0,'es',''),
	(115,'kind',0,'es',' image '),
	(115,'slug',0,'es',' cita '),
	(115,'extension',0,'es',' svg '),
	(115,'filename',0,'es',' cita svg '),
	(115,'title',0,'es',' cita '),
	(116,'filename',0,'es',' registro svg '),
	(116,'extension',0,'es',' svg '),
	(116,'kind',0,'es',' image '),
	(116,'slug',0,'es',' registro '),
	(116,'title',0,'es',' registro '),
	(117,'filename',0,'es',' cita jpg '),
	(117,'extension',0,'es',' jpg '),
	(117,'kind',0,'es',' image '),
	(117,'slug',0,'es',' cita '),
	(117,'title',0,'es',' cita '),
	(118,'filename',0,'es',' soy doctor jpg '),
	(118,'extension',0,'es',' jpg '),
	(118,'kind',0,'es',' image '),
	(118,'slug',0,'es',' soy doctor '),
	(118,'title',0,'es',' soy doctor '),
	(119,'filename',0,'es',' logo blanco png '),
	(119,'extension',0,'es',' png '),
	(119,'kind',0,'es',' image '),
	(119,'slug',0,'es',' logo blanco '),
	(119,'title',0,'es',' logo blanco '),
	(120,'slug',0,'es',' suscripcion '),
	(120,'title',0,'es',' suscripcion '),
	(126,'slug',0,'es',' terminos y condiciones '),
	(126,'title',0,'es',' terminos y condiciones '),
	(123,'filename',0,'es',' visa svg '),
	(123,'extension',0,'es',' svg '),
	(123,'kind',0,'es',' image '),
	(123,'slug',0,'es',' visa '),
	(123,'title',0,'es',' visa '),
	(124,'filename',0,'es',' mastercard svg '),
	(124,'extension',0,'es',' svg '),
	(124,'kind',0,'es',' image '),
	(124,'slug',0,'es',' mastercard '),
	(124,'title',0,'es',' mastercard '),
	(125,'filename',0,'es',' amex svg '),
	(125,'extension',0,'es',' svg '),
	(125,'kind',0,'es',' image '),
	(125,'slug',0,'es',' amex '),
	(125,'title',0,'es',' amex '),
	(126,'field',1,'es',''),
	(126,'field',4,'es',''),
	(126,'field',8,'es',' terminos y condicionesinformacion generaleste sitio web es operado por turismo medico digital s a p i de c v en todo el sitio los terminos nosotros nos y nuestro se refieren a turismo medico digital s a p i de c v turismo medico digital s a p i de c v ofrece este sitio web incluyendo toda la informacion herramientas y servicios disponibles para ti en este sitio el usuario esta condicionado a la aceptacion de todos los terminos condiciones politicas y notificaciones aqui establecidos al visitar nuestro sitio y o comprar algo de nosotros participas en nuestro servicio y aceptas los siguientes terminos y condiciones terminos de servicio terminos incluidos todos los terminos y condiciones adicionales y las politicas a las que se hace referencia en el presente documento y o disponible a traves de hipervinculos estas condiciones de servicio se aplican a todos los usuarios del sitio incluyendo su limitacion a usuarios que sean navegadores proveedores clientes comerciantes y o colaboradores de contenido por favor lee estos terminos de servicio cuidadosamente antes de acceder o utilizar nuestro sitio web al acceder o utilizar cualquier parte del sitio estas aceptando los terminos de servicio si no estas de acuerdo con todos los terminos y condiciones de este acuerdo entonces no deberias acceder a la pagina web o usar cualquiera de los servicios si los terminos de servicio son considerados una oferta la aceptacion esta expresamente limitada a estos terminos de servicio cualquier funcion nueva o herramienta que se anadan a la pagina actual tambien estaran sujetas a estos terminos de servicio puedes revisar la version actualizada de los terminos de servicio en cualquier momento en esta pagina nos reservamos el derecho de actualizar cambiar o reemplazar cualquier parte de los terminos de servicio mediante la publicacion de actualizaciones y o cambios en nuestro sitio web es tu responsabilidad checar esta pagina periodicamente para verificar cambios tu uso continuo o el acceso al sitio web despues de la publicacion de cualquier cambio constituye la aceptacion de dichos cambios nuestro portal de pagos se encuentra alojado en conekta inc ellos nos proporcionan la plataforma de comercio electronico en linea que nos permite venderte nuestros productos y servicios seccion 1 terminos de la tienda en lineaal utilizar este sitio declaras que tienes al menos la mayoria de edad en tu estado provincia de residencia o en tu pais y que nos has dado tu consentimiento para permitir que cualquiera de tus dependientes menores use este sitio no puedes usar nuestros productos con ningun proposito ilegal o no autorizado tampoco puedes en el uso del servicio violar cualquier ley en tu jurisdiccion incluyendo pero no limitado a las leyes de derecho de autor el incumplimiento o violacion de cualquiera de estos terminos daran lugar al cese inmediato de tus servicios seccion 2 condiciones generalesnos reservamos el derecho de rechazar la prestacion de servicio a cualquier persona por cualquier motivo y en cualquier momento entiendes que tu contenido sin incluir la informacion de tu tarjeta de credito puede ser transferida sin encriptar e involucrar a transmisiones a traves de varias redes y b cambios para ajustarse o adaptarse a los requisitos tecnicos de conexion de redes o dispositivos la informacion de tarjetas de credito esta siempre encriptada durante la transferencia a traves de las redes estas de acuerdo con no reproducir duplicar copiar vender revender o explotar cualquier parte del servicio uso del servicio o acceso al servicio o cualquier contacto en el sitio web a traves del cual se presta el servicio sin el expreso permiso por escrito de nuestra parte los titulos utilizados en este acuerdo se incluyen solo por conveniencia y no limita o afecta a estos terminos seccion 3 exactitud exhaustividad y actualidad de la informacionno nos hacemos responsables si la informacion disponible en este sitio no es exacta completa o actual el material en este sitio es provisto solo para informacion general y no debe confiarse en ella o utilizarse como la unica base para la toma de decisiones sin consultar primeramente informacion mas precisa completa u oportuna cualquier dependencia en el materia de este sitio es bajo su propio riesgo este sitio puede contener cierta informacion historica la informacion historica no es necesariamente actual y es provista unicamente para tu referencia nos reservamos el derecho de modificar los contenidos de este sitio en cualquier momento pero no tenemos obligacion de actualizar cualquier informacion en nuestro sitio aceptas que es tu responsabilidad de monitorear los cambios en nuestro sitio section 4 modificaciones al servicio y precioslos precios de nuestros productos estan sujetos a cambio sin aviso nos reservamos el derecho de modificar o discontinuar el servicio o cualquier parte del contenido en cualquier momento sin aviso previo no seremos responsables ante ti o alguna tercera parte por cualquier modificacion cambio de precio suspension o discontinuidad del servicio seccion 5 productos o servicios si aplicable ciertos productos o servicios pueden estar disponibles exclusivamente en linea a traves del sitio web estos productos o servicios pueden tener cantidades limitadas y estar sujetas a devolucion o cambio de acuerdo a nuestra politica de devolucion solamente hemos hecho el esfuerzo de mostrar los colores y las imagenes de nuestros productos en la tienda con la mayor precision de colores posible no podemos garantizar que el monitor de tu computadora muestre los colores de manera exacta nos reservamos el derecho pero no estamos obligados para limitar las ventas de nuestros productos o servicios a cualquier persona region geografica o jurisdiccion podemos ejercer este derecho basados en cada caso nos reservamos el derecho de limitar las cantidades de los productos o servicios que ofrecemos todas las descripciones de productos o precios de los productos estan sujetos a cambios en cualquier momento sin previo aviso a nuestra sola discrecion nos reservamos el derecho de discontinuar cualquier producto en cualquier momento cualquier oferta de producto o servicio hecho en este sitio es nulo donde este prohibido seccion 6 exactitud de facturacion e informacion de cuentanos reservamos el derecho de rechazar cualquier pedido que realice con nosotros podemos a nuestra discrecion limitar o cancelar las cantidades compradas por persona por hogar o por pedido estas restricciones pueden incluir pedidos realizados por o bajo la misma cuenta de cliente la misma tarjeta de credito y o pedidos que utilizan la misma facturacion y o direccion de envio en el caso de que hagamos un cambio o cancelemos una orden podemos intentar notificarte poniendonos en contacto via correo electronico y o direccion de facturacion numero de telefono proporcionado en el momento que se hizo pedido nos reservamos el derecho de limitar o prohibir las ordenes que a nuestro juicio parecen ser colocado por los concesionarios revendedores o distribuidores te comprometes a proporcionar informacion actual completa y precisa de la compra y cuenta utilizada para todas las compras realizadas en nuestra tienda te comprometes a actualizar rapidamente tu cuenta y otra informacion incluyendo tu direccion de correo electronico y numeros de tarjetas de credito y fechas de vencimiento para que podamos completar tus transacciones y contactarte cuando sea necesario para mas detalles por favor revisa nuestra politica de devoluciones seccion 7 herramientas opcionaleses posible que te proporcionemos acceso a herramientas de terceros a los cuales no monitoreamos y sobre los que no tenemos control ni entrada reconoces y aceptas que proporcionamos acceso a este tipo de herramientas tal cual y segun disponibilidad sin garantias representaciones o condiciones de ningun tipo y sin ningun respaldo no tendremos responsabilidad alguna derivada de o relacionada con tu uso de herramientas proporcionadas por terceras partes cualquier uso que hagas de las herramientas opcionales que se ofrecen a traves del sitio bajo tu propio riesgo y discrecion y debes asegurarte de estar familiarizado y aprobar los terminos bajo los cuales estas herramientas son proporcionadas por el o los proveedores de terceros tambien es posible que en el futuro te ofrezcamos nuevos servicios y o caracteristicas a traves del sitio web incluyendo el lanzamiento de nuevas herramientas y recursos estas nuevas caracteristicas y o servicios tambien estaran sujetos a estos terminos de servicio seccion 8 enlaces de terceras partescierto contenido productos y servicios disponibles via nuestro servicio puede incluir material de terceras partes enlaces de terceras partes en este sitio pueden direccionarte a sitios web de terceras partes que no estan afiliadas con nosotros no nos responsabilizamos de examinar o evaluar el contenido o exactitud y no garantizamos ni tendremos ninguna obligacion o responsabilidad por cualquier material de terceros o sitios web o de cualquier material productos o servicios de terceros no nos hacemos responsables de cualquier dano o danos relacionados con la adquisicion o utilizacion de bienes servicios recursos contenidos o cualquier otra transaccion realizadas en conexion con sitios web de terceros por favor revisa cuidadosamente las politicas y practicas de terceros y asegurate de entenderlas antes de participar en cualquier transaccion quejas reclamos inquietudes o preguntas con respecto a productos de terceros deben ser dirigidas a la tercera parte seccion 9 comentarios de usuario captacion y otros enviossi a pedido nuestro se envia ciertas presentaciones especificas por ejemplo la participacion en concursos o sin un pedido de nuestra parte envias sugerencias proposiciones planes u otros materiales ya sea en linea por email por correo postal o de otra manera colectivamente comentarios aceptas que podamos en cualquier momento sin restriccion editar copiar publicar distribuir traducir o utilizar por cualquier medio comentarios que nos hayas enviado no tenemos ni tendremos ninguna obligacion 1 de mantener ningun comentario confidencialmente 2 de pagar compensacion por comentarios o 3 de responder a comentarios nosotros podemos pero no tenemos obligacion de monitorear editar o remover contenido que consideremos sea ilegitimo ofensivo amenazante calumnioso difamatorio pornografico obsceno u objetable o viole la propiedad intelectual de cualquiera de las partes o los terminos de servicio aceptas que tus comentarios no violaran los derechos de terceras partes incluyendo derechos de autor marca privacidad personalidad u otro derechos personal o de propiedad asimismo aceptas que tus comentarios no contienen material difamatorio o ilegal abusivo u obsceno o contienen virus informaticos u otro malware que pudiera de alguna manera afectar el funcionamiento del servicio o de cualquier sitio web relacionado no puedes utilizar una direccion de correo electronico falsa usar otra identidad que no sea legitima o enganar a terceras partes o a nosotros en cuanto al origen de tus comentarios tu eres el unico responsable por los comentarios que haces y su precision no nos hacemos responsables y no asumimos ninguna obligacion con respecto a los comentarios publicados por ti o cualquier tercer parte seccion 10 informacion personaltu presentacion de informacion personal a traves del sitio se rige por nuestra politica de privacidad para ver nuestra politica de privacidad hacer hipervinculoseccion 11 errores inexactitudes y omisionesde vez en cuando puede haber informacion en nuestro sitio o en el servicio que contiene errores tipograficos inexactitudes u omisiones que puedan estar relacionadas con las descripciones de productos precios promociones ofertas gastos del producto o servicio el tiempo de transito y la disponibilidad nos reservamos el derecho de corregir los errores inexactitudes u omisiones y de cambiar o actualizar la informacion o cancelar pedidos si alguna informacion en el servicio o en cualquier sitio web relacionado es inexacta en cualquier momento sin previo aviso incluso despues de que hayas enviado tu orden no asumimos ninguna obligacion de actualizar corregir o aclarar la informacion en el servicio o en cualquier sitio web relacionado incluyendo sin limitacion la informacion de precios excepto cuando sea requerido por la ley ninguna especificacion actualizada o fecha de actualizacion aplicada en el servicio o en cualquier sitio web relacionado debe ser tomada para indicar que toda la informacion en el servicio o en cualquier sitio web relacionado ha sido modificado o actualizado seccion 12 usos prohibidosen adicion a otras prohibiciones como se establece en los terminos de servicio se prohibe el uso del sitio o su contenido a para ningun proposito ilegal b para pedirle a otros que realicen o participen en actos ilicitos c para violar cualquier regulacion reglas leyes internacionales federales provinciales o estatales u ordenanzas locales d para infringir o violar el derecho de propiedad intelectual nuestro o de terceras partes e para acosar abusar insultar danar difamar calumniar desprestigiar intimidar o discriminar por razones de genero orientacion sexual religion etnia raza edad nacionalidad o discapacidad f para presentar informacion falsa o enganosa g para cargar o transmitir virus o cualquier otro tipo de codigo malicioso que sea o pueda ser utilizado en cualquier forma que pueda comprometer la funcionalidad o el funcionamiento del servicio o de cualquier sitio web relacionado otros sitios o internet h para recopilar o rastrear informacion personal de otros i para generar spam phish pharm pretext spider crawl or scrape j para cualquier proposito obsceno o inmoral o k para interferir con o burlar los elementos de seguridad del servicio o cualquier sitio web relacionado otros sitios o internet nos reservamos el derecho de suspender el uso del servicio o de cualquier sitio web relacionado por violar cualquiera de los items de los usos prohibidos seccion 13 exclusion de garantias limitacion de responsabilidadno garantizamos ni aseguramos que el uso de nuestro servicio sera ininterrumpido puntual seguro o libre de errores no garantizamos que los resultados que se puedan obtener del uso del servicio seran exactos o confiables aceptas que de vez en cuando podemos quitar el servicio por periodos de tiempo indefinidos o cancelar el servicio en cualquier momento sin previo aviso aceptas expresamente que el uso de o la posibilidad de utilizar el servicio es bajo tu propio riesgo el servicio y todos los productos y servicios proporcionados a traves del servicio son salvo lo expresamente manifestado por nosotros proporcionados tal cual y segun este disponible para su uso sin ningun tipo de representacion garantias o condiciones de ningun tipo ya sea expresa o implicita incluidas todas las garantias o condiciones implicitas de comercializacion calidad comercializable la aptitud para un proposito particular durabilidad titulo y no infraccion en ningun caso turismo medico digital s a p i de c v nuestros directores funcionarios empleados afiliados agentes contratistas internos proveedores prestadores de servicios o licenciantes seran responsables por cualquier dano perdida reclamo o danos directos indirectos incidentales punitivos especiales o consecuentes de cualquier tipo incluyendo sin limitacion perdida de beneficios perdida de ingresos perdida de ahorros perdida de datos costos de reemplazo o cualquier dano similar ya sea basado en contrato agravio incluyendo negligencia responsabilidad estricta o de otra manera como consecuencia del uso de cualquiera de los servicios o productos adquiridos mediante el servicio o por cualquier otro reclamo relacionado de alguna manera con el uso del servicio o cualquier producto incluyendo pero no limitado a cualquier error u omision en cualquier contenido o cualquier perdida o dano de cualquier tipo incurridos como resultados de la utilizacion del servicio o cualquier contenido o producto publicado transmitido o que se pongan a disposicion a traves del servicio incluso si se avisa de su posibilidad debido a que algunos estados o jurisdicciones no permiten la exclusion o la limitacion de responsabilidad por danos consecuenciales o incidentales en tales estados o jurisdicciones nuestra responsabilidad se limitara en la medida maxima permitida por la ley seccion 14 indemnizacionaceptas indemnizar defender y mantener indemne turismo medico digital s a p i de c v y nuestras matrices subsidiarias afiliados socios funcionarios directores agentes contratistas concesionarios proveedores de servicios subcontratistas proveedores internos y empleados de cualquier reclamo o demanda incluyendo honorarios razonables de abogados hechos por cualquier tercero a causa o como resultado de tu incumplimiento de las condiciones de servicio o de los documentos que incorporan como referencia o la violacion de cualquier ley o de los derechos de u tercero seccion 15 divisibilidaden el caso de que se determine que cualquier disposicion de estas condiciones de servicio sea ilegal nula o inejecutable dicha disposicion sera no obstante efectiva a obtener la maxima medida permitida por la ley aplicable y la parte no exigible se considerara separada de estos terminos de servicio dicha determinacion no afectara la validez de aplicabilidad de las demas disposiciones restantes seccion 16 rescisionlas obligaciones y responsabilidades de las partes que hayan incurrido con anterioridad a la fecha de terminacion sobreviviran a la terminacion de este acuerdo a todos los efectos estas condiciones de servicio son efectivos a menos que y hasta que sea terminado por ti o nosotros puedes terminar estos terminos de servicio en cualquier momento por avisarnos que ya no deseas utilizar nuestros servicios o cuando dejes de usar nuestro sitio si a nuestro juicio fallas o se sospecha que haz fallado en el cumplimiento de cualquier termino o disposicion de estas condiciones de servicio tambien podemos terminar este acuerdo en cualquier momento sin previo aviso y seguiras siendo responsable de todos los montos adeudados hasta incluida la fecha de terminacion y o en consecuencia podemos negarte el acceso a nuestros servicios o cualquier parte del mismo seccion 17 acuerdo completonuestra falla para ejercer o hacer valer cualquier derecho o disposicion de estas condiciones de servicio no constituira una renuncia a tal derecho o disposicion estas condiciones del servicio y las politicas o reglas de operacion publicadas por nosotros en este sitio o con respecto al servicio constituyen el acuerdo completo y el entendimiento entre tu y nosotros y rigen el uso del servicio y reemplaza cualquier acuerdo comunicaciones y propuestas anteriores o contemporaneas ya sea oral o escrita entre tu y nosotros incluyendo pero no limitado a cualquier version previa de los terminos de servicio cualquier ambigueedad en la interpretacion de estas condiciones del servicio no se interpretaran en contra del grupo de redaccion seccion 18 leyestas condiciones del servicio y cualquier acuerdos aparte en el que te proporcionemos servicios se regiran e interpretaran en conformidad con las leyes de los estados unidos mexicanos seccion 19 cambios en los terminos de serviciopuedes revisar la version mas actualizada de los terminos de servicio en cualquier momento en esta pagina nos reservamos el derecho a nuestra sola discrecion de actualizar modificar o reemplazar cualquier parte de estas condiciones del servicio mediante la publicacion de las actualizaciones y los cambios en nuestro sitio web es tu responsabilidad revisar nuestro sitio web periodicamente para verificar los cambios el uso continuo de o el acceso a nuestro sitio web o el servicio despues de la publicacion de cualquier cambio en estas condiciones de servicio implica la aceptacion de dichos cambios seccion 20 informacion de contactopara cualquier duda o aclaracion puedes comunicarte via correo electronico a la siguiente direccion ______________ '),
	(126,'field',3,'es',' 1 es 1 0 template creativework webpage terminos y condiciones nacionalidad americana bebe estados unidos nacimiento proceso parto dar a luz precios paso a paso proceso migratorio doctores hospedaje preguntas summary_large_image website all terminos y condiciones nacionalidad americana bebe estados unidos nacimiento proceso parto dar a luz precios paso a paso proceso migratorio doctores hospedaje preguntas field title field body custom tags field featuredimage field featuredimage field featuredimage '),
	(126,'field',2,'es',''),
	(157,'kind',0,'es',' image '),
	(157,'slug',0,'es',' bg benefits '),
	(157,'extension',0,'es',' jpg '),
	(157,'filename',0,'es',' bg benefits jpg '),
	(129,'filename',0,'es',' bg suscripcion general jpg '),
	(129,'extension',0,'es',' jpg '),
	(129,'kind',0,'es',' image '),
	(129,'slug',0,'es',' bg suscripcion general '),
	(129,'title',0,'es',' bg suscripcion general '),
	(130,'filename',0,'es',' doctor1 jpeg '),
	(130,'extension',0,'es',' jpeg '),
	(130,'kind',0,'es',' image '),
	(130,'slug',0,'es',' doctor1 '),
	(130,'title',0,'es',' doctor1 '),
	(131,'filename',0,'es',' doctor2 png '),
	(131,'extension',0,'es',' png '),
	(131,'kind',0,'es',' image '),
	(131,'slug',0,'es',' doctor2 '),
	(131,'title',0,'es',' doctor2 '),
	(132,'filename',0,'es',' apple touch icon 114x114 png '),
	(132,'extension',0,'es',' png '),
	(132,'kind',0,'es',' image '),
	(132,'slug',0,'es',' apple touch icon 114x114 '),
	(132,'title',0,'es',' apple touch icon 114x114 '),
	(133,'filename',0,'es',' apple touch icon 120x120 png '),
	(133,'extension',0,'es',' png '),
	(133,'kind',0,'es',' image '),
	(133,'slug',0,'es',' apple touch icon 120x120 '),
	(133,'title',0,'es',' apple touch icon 120x120 '),
	(134,'filename',0,'es',' apple touch icon 144x144 png '),
	(134,'extension',0,'es',' png '),
	(134,'kind',0,'es',' image '),
	(134,'slug',0,'es',' apple touch icon 144x144 '),
	(134,'title',0,'es',' apple touch icon 144x144 '),
	(135,'filename',0,'es',' apple touch icon 152x152 png '),
	(135,'extension',0,'es',' png '),
	(135,'kind',0,'es',' image '),
	(135,'slug',0,'es',' apple touch icon 152x152 '),
	(135,'title',0,'es',' apple touch icon 152x152 '),
	(136,'filename',0,'es',' apple touch icon 57x57 png '),
	(136,'extension',0,'es',' png '),
	(136,'kind',0,'es',' image '),
	(136,'slug',0,'es',' apple touch icon 57x57 '),
	(136,'title',0,'es',' apple touch icon 57x57 '),
	(137,'filename',0,'es',' apple touch icon 60x60 png '),
	(137,'extension',0,'es',' png '),
	(137,'kind',0,'es',' image '),
	(137,'slug',0,'es',' apple touch icon 60x60 '),
	(137,'title',0,'es',' apple touch icon 60x60 '),
	(138,'filename',0,'es',' apple touch icon 72x72 png '),
	(138,'extension',0,'es',' png '),
	(138,'kind',0,'es',' image '),
	(138,'slug',0,'es',' apple touch icon 72x72 '),
	(138,'title',0,'es',' apple touch icon 72x72 '),
	(139,'filename',0,'es',' apple touch icon 76x76 png '),
	(139,'extension',0,'es',' png '),
	(139,'kind',0,'es',' image '),
	(139,'slug',0,'es',' apple touch icon 76x76 '),
	(139,'title',0,'es',' apple touch icon 76x76 '),
	(140,'filename',0,'es',' code txt '),
	(140,'extension',0,'es',' txt '),
	(140,'kind',0,'es',' text '),
	(140,'slug',0,'es',' code '),
	(140,'title',0,'es',' code '),
	(141,'filename',0,'es',' favicon 128 png '),
	(141,'extension',0,'es',' png '),
	(141,'kind',0,'es',' image '),
	(141,'slug',0,'es',' favicon 128 '),
	(141,'title',0,'es',' favicon 128 '),
	(142,'filename',0,'es',' favicon 16x16 png '),
	(142,'extension',0,'es',' png '),
	(142,'kind',0,'es',' image '),
	(142,'slug',0,'es',' favicon 16x16 '),
	(142,'title',0,'es',' favicon 16x16 '),
	(143,'filename',0,'es',' favicon 196x196 png '),
	(143,'extension',0,'es',' png '),
	(143,'kind',0,'es',' image '),
	(143,'slug',0,'es',' favicon 196x196 '),
	(143,'title',0,'es',' favicon 196x196 '),
	(144,'filename',0,'es',' favicon 32x32 png '),
	(144,'extension',0,'es',' png '),
	(144,'kind',0,'es',' image '),
	(144,'slug',0,'es',' favicon 32x32 '),
	(144,'title',0,'es',' favicon 32x32 '),
	(145,'filename',0,'es',' favicon 96x96 png '),
	(145,'extension',0,'es',' png '),
	(145,'kind',0,'es',' image '),
	(145,'slug',0,'es',' favicon 96x96 '),
	(145,'title',0,'es',' favicon 96x96 '),
	(146,'filename',0,'es',' mstile 144x144 png '),
	(146,'extension',0,'es',' png '),
	(146,'kind',0,'es',' image '),
	(146,'slug',0,'es',' mstile 144x144 '),
	(146,'title',0,'es',' mstile 144x144 '),
	(147,'filename',0,'es',' mstile 150x150 png '),
	(147,'extension',0,'es',' png '),
	(147,'kind',0,'es',' image '),
	(147,'slug',0,'es',' mstile 150x150 '),
	(147,'title',0,'es',' mstile 150x150 '),
	(148,'filename',0,'es',' mstile 310x150 png '),
	(148,'extension',0,'es',' png '),
	(148,'kind',0,'es',' image '),
	(148,'slug',0,'es',' mstile 310x150 '),
	(148,'title',0,'es',' mstile 310x150 '),
	(149,'filename',0,'es',' mstile 310x310 png '),
	(149,'extension',0,'es',' png '),
	(149,'kind',0,'es',' image '),
	(149,'slug',0,'es',' mstile 310x310 '),
	(149,'title',0,'es',' mstile 310x310 '),
	(150,'filename',0,'es',' mstile 70x70 png '),
	(150,'extension',0,'es',' png '),
	(150,'kind',0,'es',' image '),
	(150,'slug',0,'es',' mstile 70x70 '),
	(150,'title',0,'es',' mstile 70x70 '),
	(151,'filename',0,'es',' hospital1 jpg '),
	(151,'extension',0,'es',' jpg '),
	(151,'kind',0,'es',' image '),
	(151,'slug',0,'es',' hospital1 '),
	(151,'title',0,'es',' hospital1 '),
	(152,'filename',0,'es',' loader svg '),
	(152,'extension',0,'es',' svg '),
	(152,'kind',0,'es',' image '),
	(152,'slug',0,'es',' loader '),
	(152,'title',0,'es',' loader '),
	(153,'filename',0,'es',' map icon png '),
	(153,'extension',0,'es',' png '),
	(153,'kind',0,'es',' image '),
	(153,'slug',0,'es',' map icon '),
	(153,'title',0,'es',' map icon '),
	(154,'filename',0,'es',' doctor sub png '),
	(154,'extension',0,'es',' png '),
	(154,'kind',0,'es',' image '),
	(154,'slug',0,'es',' doctor sub '),
	(154,'title',0,'es',' doctor sub '),
	(155,'filename',0,'es',' logo_baby png '),
	(155,'extension',0,'es',' png '),
	(155,'kind',0,'es',' image '),
	(155,'slug',0,'es',' logo baby '),
	(155,'title',0,'es',' logo baby '),
	(156,'filename',0,'es',' logo_icon png '),
	(156,'extension',0,'es',' png '),
	(156,'kind',0,'es',' image '),
	(156,'slug',0,'es',' icon '),
	(156,'title',0,'es',' icon '),
	(157,'title',0,'es',' bg benefits '),
	(158,'kind',0,'es',' image '),
	(158,'slug',0,'es',' security '),
	(158,'extension',0,'es',' png '),
	(158,'filename',0,'es',' security png '),
	(158,'title',0,'es',' security '),
	(159,'filename',0,'es',' radio_on png '),
	(159,'extension',0,'es',' png '),
	(159,'kind',0,'es',' image '),
	(159,'slug',0,'es',' radio on '),
	(159,'title',0,'es',' radio on '),
	(160,'filename',0,'es',' openpay png '),
	(160,'extension',0,'es',' png '),
	(160,'kind',0,'es',' image '),
	(160,'slug',0,'es',' openpay '),
	(160,'title',0,'es',' openpay '),
	(161,'filename',0,'es',' cvv png '),
	(161,'extension',0,'es',' png '),
	(161,'kind',0,'es',' image '),
	(161,'slug',0,'es',' cvv '),
	(161,'title',0,'es',' cvv '),
	(162,'filename',0,'es',' cards2 png '),
	(162,'extension',0,'es',' png '),
	(162,'kind',0,'es',' image '),
	(162,'slug',0,'es',' cards2 '),
	(162,'title',0,'es',' cards2 '),
	(163,'filename',0,'es',' cards1 png '),
	(163,'extension',0,'es',' png '),
	(163,'kind',0,'es',' image '),
	(163,'slug',0,'es',' cards1 '),
	(163,'title',0,'es',' cards1 ');

/*!40000 ALTER TABLE `craft_searchindex` ENABLE KEYS */;
UNLOCK TABLES;


# Dump of table craft_sections
# ------------------------------------------------------------

DROP TABLE IF EXISTS `craft_sections`;

CREATE TABLE `craft_sections` (
  `id` int(11) NOT NULL AUTO_INCREMENT,
  `structureId` int(11) DEFAULT NULL,
  `name` varchar(255) COLLATE utf8_unicode_ci NOT NULL,
  `handle` varchar(255) COLLATE utf8_unicode_ci NOT NULL,
  `type` enum('single','channel','structure') COLLATE utf8_unicode_ci NOT NULL DEFAULT 'channel',
  `hasUrls` tinyint(1) unsigned NOT NULL DEFAULT '1',
  `template` varchar(500) COLLATE utf8_unicode_ci DEFAULT NULL,
  `enableVersioning` tinyint(1) unsigned NOT NULL DEFAULT '0',
  `dateCreated` datetime NOT NULL,
  `dateUpdated` datetime NOT NULL,
  `uid` char(36) COLLATE utf8_unicode_ci NOT NULL DEFAULT '0',
  PRIMARY KEY (`id`),
  UNIQUE KEY `craft_sections_name_unq_idx` (`name`),
  UNIQUE KEY `craft_sections_handle_unq_idx` (`handle`),
  KEY `craft_sections_structureId_fk` (`structureId`),
  CONSTRAINT `craft_sections_structureId_fk` FOREIGN KEY (`structureId`) REFERENCES `craft_structures` (`id`) ON DELETE SET NULL
) ENGINE=InnoDB DEFAULT CHARSET=utf8 COLLATE=utf8_unicode_ci;

LOCK TABLES `craft_sections` WRITE;
/*!40000 ALTER TABLE `craft_sections` DISABLE KEYS */;

INSERT INTO `craft_sections` (`id`, `structureId`, `name`, `handle`, `type`, `hasUrls`, `template`, `enableVersioning`, `dateCreated`, `dateUpdated`, `uid`)
VALUES
	(1,NULL,'Homepage','homepage','single',1,'index',1,'2017-12-24 03:05:19','2017-12-27 21:22:36','4cfd000d-4299-41ca-a4b6-21c42eb1ac32'),
	(2,NULL,'News','news','channel',1,'news/_entry',1,'2017-12-24 03:05:19','2017-12-24 03:05:19','2bd4e5a2-8a28-47f1-b903-85ffaeed8584'),
	(4,NULL,'Precios','precios','single',1,'precios',1,'2017-12-27 21:32:28','2017-12-27 21:32:28','9151759e-2300-4b60-9496-88c405493e92'),
	(5,NULL,'Paso a Paso','pasoAPaso','single',1,'paso-paso',1,'2017-12-28 21:47:14','2017-12-28 21:47:14','3dc0e558-a9b4-4206-adce-2a1be9ad1bef'),
	(6,NULL,'Proceso Migratorio','procesoMigratorio','single',1,'proceso-migratorio',1,'2017-12-28 21:47:27','2017-12-28 21:47:27','67c31c78-2963-433c-9008-7f6ffe28c9c8'),
	(7,NULL,'Doctores','doctores','single',1,'doctores',1,'2017-12-28 21:47:40','2017-12-28 21:47:40','ca2ef22a-6b77-46bc-8f34-db02d4718097'),
	(8,NULL,'Hospedaje','hospedaje','single',1,'hospedaje',1,'2017-12-31 03:32:38','2017-12-31 03:32:38','005727c4-48e8-4145-a4e7-c01fa86de0e2'),
	(9,NULL,'FAQS','faqs','single',1,'faqs',1,'2017-12-31 03:33:00','2017-12-31 03:33:00','63190533-0f20-44c7-aa83-78c471a11f9b'),
	(10,NULL,'Políticas de Privacidad','politicasDePrivacidad','single',1,'politicas-privacidad',1,'2018-01-05 16:32:50','2018-01-05 16:32:50','01ae3594-09ad-455a-9272-97efad48a0a2'),
	(11,NULL,'suscripcion','suscripcion','single',1,'suscripcion',1,'2018-12-21 21:27:31','2018-12-21 21:27:31','cb0ac4a0-ca55-4968-9f25-7940c9d9d22e'),
	(12,NULL,'Términos y Condiciones','terminos','single',1,'terminos',1,'2018-12-28 15:32:44','2018-12-28 15:32:44','83c60194-fb8a-4fdb-962b-82f02b811a79');

/*!40000 ALTER TABLE `craft_sections` ENABLE KEYS */;
UNLOCK TABLES;


# Dump of table craft_sections_i18n
# ------------------------------------------------------------

DROP TABLE IF EXISTS `craft_sections_i18n`;

CREATE TABLE `craft_sections_i18n` (
  `id` int(11) NOT NULL AUTO_INCREMENT,
  `sectionId` int(11) NOT NULL,
  `locale` char(12) COLLATE utf8_unicode_ci NOT NULL,
  `enabledByDefault` tinyint(1) unsigned NOT NULL DEFAULT '1',
  `urlFormat` text COLLATE utf8_unicode_ci,
  `nestedUrlFormat` text COLLATE utf8_unicode_ci,
  `dateCreated` datetime NOT NULL,
  `dateUpdated` datetime NOT NULL,
  `uid` char(36) COLLATE utf8_unicode_ci NOT NULL DEFAULT '0',
  PRIMARY KEY (`id`),
  UNIQUE KEY `craft_sections_i18n_sectionId_locale_unq_idx` (`sectionId`,`locale`),
  KEY `craft_sections_i18n_locale_fk` (`locale`),
  CONSTRAINT `craft_sections_i18n_locale_fk` FOREIGN KEY (`locale`) REFERENCES `craft_locales` (`locale`) ON DELETE CASCADE ON UPDATE CASCADE,
  CONSTRAINT `craft_sections_i18n_sectionId_fk` FOREIGN KEY (`sectionId`) REFERENCES `craft_sections` (`id`) ON DELETE CASCADE
) ENGINE=InnoDB DEFAULT CHARSET=utf8 COLLATE=utf8_unicode_ci;

LOCK TABLES `craft_sections_i18n` WRITE;
/*!40000 ALTER TABLE `craft_sections_i18n` DISABLE KEYS */;

INSERT INTO `craft_sections_i18n` (`id`, `sectionId`, `locale`, `enabledByDefault`, `urlFormat`, `nestedUrlFormat`, `dateCreated`, `dateUpdated`, `uid`)
VALUES
	(1,1,'es',1,'__home__',NULL,'2017-12-24 03:05:19','2017-12-24 03:05:19','85117026-ba9c-472c-a254-fa9d29af2494'),
	(2,2,'es',1,'news/{postDate.year}/{slug}',NULL,'2017-12-24 03:05:19','2017-12-24 03:05:19','ed822dcb-de55-494e-8c42-00f8214ea10e'),
	(4,4,'es',1,'precios',NULL,'2017-12-27 21:32:28','2017-12-27 21:32:28','0ca27c29-6ad1-48b4-acdb-7020e8fef7a2'),
	(5,5,'es',1,'paso-paso',NULL,'2017-12-28 21:47:14','2017-12-28 21:47:14','04e3e9f5-7363-4a4a-b14e-36d61ccc6e37'),
	(6,6,'es',1,'proceso-migratorio',NULL,'2017-12-28 21:47:27','2017-12-28 21:47:27','68438706-b968-41d9-ad30-38536f164ac2'),
	(7,7,'es',1,'doctores',NULL,'2017-12-28 21:47:40','2017-12-28 21:47:40','8b784926-b2eb-4533-b267-5c4944cc49ae'),
	(8,8,'es',1,'hospedaje',NULL,'2017-12-31 03:32:38','2017-12-31 03:32:38','d9a7d972-bd72-4b66-a8ef-7978727047e2'),
	(9,9,'es',1,'faqs',NULL,'2017-12-31 03:33:00','2017-12-31 03:33:00','3b07dddc-e27a-4469-b663-0f6b59bfd719'),
	(10,10,'es',1,'politicas-privacidad',NULL,'2018-01-05 16:32:50','2018-01-05 16:32:50','83ddafd6-3bdf-431c-bbd3-9e3c040e3282'),
	(11,11,'es',1,'suscripcion',NULL,'2018-12-21 21:27:31','2018-12-21 21:27:31','01f15219-0545-4242-80a9-b3e9371a34f0'),
	(12,12,'es',1,'terminos-y-condiciones',NULL,'2018-12-28 15:32:44','2018-12-28 15:32:44','f189098b-4c02-4241-bc05-d2a7dccc50ba');

/*!40000 ALTER TABLE `craft_sections_i18n` ENABLE KEYS */;
UNLOCK TABLES;


# Dump of table craft_seomatic_meta
# ------------------------------------------------------------

DROP TABLE IF EXISTS `craft_seomatic_meta`;

CREATE TABLE `craft_seomatic_meta` (
  `id` int(11) NOT NULL,
  `seoImageId` int(11) DEFAULT NULL,
  `seoTwitterImageId` int(11) DEFAULT NULL,
  `seoFacebookImageId` int(11) DEFAULT NULL,
  `locale` varchar(255) COLLATE utf8_unicode_ci DEFAULT 'es',
  `elementId` int(10) DEFAULT '0',
  `metaType` enum('default','template') COLLATE utf8_unicode_ci DEFAULT 'template',
  `metaPath` varchar(255) COLLATE utf8_unicode_ci DEFAULT '',
  `seoMainEntityCategory` varchar(255) COLLATE utf8_unicode_ci DEFAULT '',
  `seoMainEntityOfPage` varchar(255) COLLATE utf8_unicode_ci DEFAULT '',
  `seoTitle` varchar(255) COLLATE utf8_unicode_ci DEFAULT '',
  `seoDescription` varchar(255) COLLATE utf8_unicode_ci DEFAULT '',
  `seoKeywords` varchar(255) COLLATE utf8_unicode_ci DEFAULT '',
  `seoImageTransform` varchar(255) COLLATE utf8_unicode_ci DEFAULT '',
  `seoFacebookImageTransform` varchar(255) COLLATE utf8_unicode_ci DEFAULT '',
  `seoTwitterImageTransform` varchar(255) COLLATE utf8_unicode_ci DEFAULT '',
  `twitterCardType` varchar(255) COLLATE utf8_unicode_ci DEFAULT 'summary',
  `openGraphType` varchar(255) COLLATE utf8_unicode_ci DEFAULT 'website',
  `robots` varchar(255) COLLATE utf8_unicode_ci DEFAULT '',
  `dateCreated` datetime NOT NULL,
  `dateUpdated` datetime NOT NULL,
  `uid` char(36) COLLATE utf8_unicode_ci NOT NULL DEFAULT '0',
  PRIMARY KEY (`id`),
  KEY `craft_seomatic_meta_seoImageId_fk` (`seoImageId`),
  KEY `craft_seomatic_meta_seoTwitterImageId_fk` (`seoTwitterImageId`),
  KEY `craft_seomatic_meta_seoFacebookImageId_fk` (`seoFacebookImageId`),
  CONSTRAINT `craft_seomatic_meta_id_fk` FOREIGN KEY (`id`) REFERENCES `craft_elements` (`id`) ON DELETE CASCADE,
  CONSTRAINT `craft_seomatic_meta_seoFacebookImageId_fk` FOREIGN KEY (`seoFacebookImageId`) REFERENCES `craft_assetfiles` (`id`) ON DELETE SET NULL,
  CONSTRAINT `craft_seomatic_meta_seoImageId_fk` FOREIGN KEY (`seoImageId`) REFERENCES `craft_assetfiles` (`id`) ON DELETE SET NULL,
  CONSTRAINT `craft_seomatic_meta_seoTwitterImageId_fk` FOREIGN KEY (`seoTwitterImageId`) REFERENCES `craft_assetfiles` (`id`) ON DELETE SET NULL
) ENGINE=InnoDB DEFAULT CHARSET=utf8 COLLATE=utf8_unicode_ci;



# Dump of table craft_seomatic_settings
# ------------------------------------------------------------

DROP TABLE IF EXISTS `craft_seomatic_settings`;

CREATE TABLE `craft_seomatic_settings` (
  `id` int(11) NOT NULL AUTO_INCREMENT,
  `siteSeoImageId` int(11) DEFAULT NULL,
  `siteSeoTwitterImageId` int(11) DEFAULT NULL,
  `siteSeoFacebookImageId` int(11) DEFAULT NULL,
  `genericOwnerImageId` int(11) DEFAULT NULL,
  `genericCreatorImageId` int(11) DEFAULT NULL,
  `locale` varchar(255) COLLATE utf8_unicode_ci DEFAULT '',
  `siteSeoName` varchar(255) COLLATE utf8_unicode_ci DEFAULT '',
  `siteSeoTitle` varchar(255) COLLATE utf8_unicode_ci DEFAULT '',
  `siteSeoTitleSeparator` varchar(10) COLLATE utf8_unicode_ci DEFAULT '|',
  `siteSeoTitlePlacement` enum('before','after','none') COLLATE utf8_unicode_ci DEFAULT 'after',
  `siteSeoDescription` varchar(255) COLLATE utf8_unicode_ci DEFAULT '',
  `siteSeoKeywords` varchar(255) COLLATE utf8_unicode_ci DEFAULT '',
  `siteSeoImageTransform` varchar(100) COLLATE utf8_unicode_ci DEFAULT '',
  `siteSeoFacebookImageTransform` varchar(100) COLLATE utf8_unicode_ci DEFAULT '',
  `siteSeoTwitterImageTransform` varchar(100) COLLATE utf8_unicode_ci DEFAULT '',
  `siteTwitterCardType` varchar(50) COLLATE utf8_unicode_ci DEFAULT '',
  `siteOpenGraphType` varchar(50) COLLATE utf8_unicode_ci DEFAULT '',
  `siteRobots` varchar(50) COLLATE utf8_unicode_ci DEFAULT '',
  `siteRobotsTxt` text COLLATE utf8_unicode_ci,
  `siteLinksSearchTargets` text COLLATE utf8_unicode_ci,
  `siteLinksQueryInput` varchar(50) COLLATE utf8_unicode_ci DEFAULT '',
  `googleSiteVerification` varchar(100) COLLATE utf8_unicode_ci DEFAULT '',
  `bingSiteVerification` varchar(100) COLLATE utf8_unicode_ci DEFAULT '',
  `googleAnalyticsUID` varchar(50) COLLATE utf8_unicode_ci DEFAULT '',
  `googleTagManagerID` varchar(50) COLLATE utf8_unicode_ci DEFAULT '',
  `googleAnalyticsSendPageview` tinyint(1) unsigned NOT NULL DEFAULT '1',
  `googleAnalyticsAdvertising` tinyint(1) unsigned NOT NULL DEFAULT '0',
  `googleAnalyticsEcommerce` tinyint(1) unsigned NOT NULL DEFAULT '0',
  `googleAnalyticsEEcommerce` tinyint(1) unsigned NOT NULL DEFAULT '0',
  `googleAnalyticsLinkAttribution` tinyint(1) unsigned NOT NULL DEFAULT '0',
  `googleAnalyticsLinker` tinyint(1) unsigned NOT NULL DEFAULT '0',
  `googleAnalyticsAnonymizeIp` tinyint(1) unsigned NOT NULL DEFAULT '0',
  `siteOwnerType` varchar(50) COLLATE utf8_unicode_ci DEFAULT '',
  `siteOwnerSubType` varchar(50) COLLATE utf8_unicode_ci DEFAULT '',
  `siteOwnerSpecificType` varchar(50) COLLATE utf8_unicode_ci DEFAULT '',
  `genericOwnerName` varchar(255) COLLATE utf8_unicode_ci DEFAULT '',
  `genericOwnerAlternateName` varchar(255) COLLATE utf8_unicode_ci DEFAULT '',
  `genericOwnerDescription` varchar(1024) COLLATE utf8_unicode_ci DEFAULT '',
  `genericOwnerUrl` varchar(255) COLLATE utf8_unicode_ci DEFAULT '',
  `genericOwnerTelephone` varchar(255) COLLATE utf8_unicode_ci DEFAULT '',
  `genericOwnerEmail` varchar(255) COLLATE utf8_unicode_ci DEFAULT '',
  `genericOwnerStreetAddress` varchar(255) COLLATE utf8_unicode_ci DEFAULT '',
  `genericOwnerAddressLocality` varchar(255) COLLATE utf8_unicode_ci DEFAULT '',
  `genericOwnerAddressRegion` varchar(255) COLLATE utf8_unicode_ci DEFAULT '',
  `genericOwnerPostalCode` varchar(255) COLLATE utf8_unicode_ci DEFAULT '',
  `genericOwnerAddressCountry` varchar(255) COLLATE utf8_unicode_ci DEFAULT '',
  `genericOwnerGeoLatitude` varchar(255) COLLATE utf8_unicode_ci DEFAULT '',
  `genericOwnerGeoLongitude` varchar(255) COLLATE utf8_unicode_ci DEFAULT '',
  `organizationOwnerDuns` varchar(255) COLLATE utf8_unicode_ci DEFAULT '',
  `organizationOwnerFounder` varchar(255) COLLATE utf8_unicode_ci DEFAULT '',
  `organizationOwnerFoundingDate` varchar(255) COLLATE utf8_unicode_ci DEFAULT '',
  `organizationOwnerFoundingLocation` varchar(255) COLLATE utf8_unicode_ci DEFAULT '',
  `organizationOwnerContactPoints` text COLLATE utf8_unicode_ci,
  `localBusinessPriceRange` varchar(10) COLLATE utf8_unicode_ci DEFAULT '$$$',
  `localBusinessOwnerOpeningHours` text COLLATE utf8_unicode_ci,
  `corporationOwnerTickerSymbol` varchar(255) COLLATE utf8_unicode_ci DEFAULT '',
  `restaurantOwnerServesCuisine` varchar(255) COLLATE utf8_unicode_ci DEFAULT '',
  `restaurantOwnerMenuUrl` varchar(255) COLLATE utf8_unicode_ci DEFAULT '',
  `restaurantOwnerReservationsUrl` varchar(255) COLLATE utf8_unicode_ci DEFAULT '',
  `personOwnerGender` varchar(255) COLLATE utf8_unicode_ci DEFAULT '',
  `personOwnerBirthPlace` varchar(255) COLLATE utf8_unicode_ci DEFAULT '',
  `twitterHandle` varchar(50) COLLATE utf8_unicode_ci DEFAULT '',
  `facebookHandle` varchar(50) COLLATE utf8_unicode_ci DEFAULT '',
  `facebookProfileId` varchar(50) COLLATE utf8_unicode_ci DEFAULT '',
  `facebookAppId` varchar(50) COLLATE utf8_unicode_ci DEFAULT '',
  `linkedInHandle` varchar(50) COLLATE utf8_unicode_ci DEFAULT '',
  `googlePlusHandle` varchar(50) COLLATE utf8_unicode_ci DEFAULT '',
  `youtubeHandle` varchar(50) COLLATE utf8_unicode_ci DEFAULT '',
  `youtubeChannelHandle` varchar(50) COLLATE utf8_unicode_ci DEFAULT '',
  `instagramHandle` varchar(50) COLLATE utf8_unicode_ci DEFAULT '',
  `pinterestHandle` varchar(50) COLLATE utf8_unicode_ci DEFAULT '',
  `githubHandle` varchar(50) COLLATE utf8_unicode_ci DEFAULT '',
  `vimeoHandle` varchar(50) COLLATE utf8_unicode_ci DEFAULT '',
  `wikipediaUrl` varchar(100) COLLATE utf8_unicode_ci DEFAULT '',
  `siteCreatorType` varchar(255) COLLATE utf8_unicode_ci DEFAULT '',
  `siteCreatorSubType` varchar(255) COLLATE utf8_unicode_ci DEFAULT '',
  `siteCreatorSpecificType` varchar(255) COLLATE utf8_unicode_ci DEFAULT '',
  `genericCreatorName` varchar(255) COLLATE utf8_unicode_ci DEFAULT '',
  `genericCreatorAlternateName` varchar(255) COLLATE utf8_unicode_ci DEFAULT '',
  `genericCreatorDescription` varchar(1024) COLLATE utf8_unicode_ci DEFAULT '',
  `genericCreatorUrl` varchar(255) COLLATE utf8_unicode_ci DEFAULT '',
  `genericCreatorTelephone` varchar(255) COLLATE utf8_unicode_ci DEFAULT '',
  `genericCreatorEmail` varchar(255) COLLATE utf8_unicode_ci DEFAULT '',
  `genericCreatorStreetAddress` varchar(255) COLLATE utf8_unicode_ci DEFAULT '',
  `genericCreatorAddressLocality` varchar(255) COLLATE utf8_unicode_ci DEFAULT '',
  `genericCreatorAddressRegion` varchar(255) COLLATE utf8_unicode_ci DEFAULT '',
  `genericCreatorPostalCode` varchar(255) COLLATE utf8_unicode_ci DEFAULT '',
  `genericCreatorAddressCountry` varchar(255) COLLATE utf8_unicode_ci DEFAULT '',
  `genericCreatorGeoLatitude` varchar(255) COLLATE utf8_unicode_ci DEFAULT '',
  `genericCreatorGeoLongitude` varchar(255) COLLATE utf8_unicode_ci DEFAULT '',
  `organizationCreatorDuns` varchar(255) COLLATE utf8_unicode_ci DEFAULT '',
  `organizationCreatorFounder` varchar(255) COLLATE utf8_unicode_ci DEFAULT '',
  `organizationCreatorFoundingDate` varchar(255) COLLATE utf8_unicode_ci DEFAULT '',
  `organizationCreatorFoundingLocation` varchar(255) COLLATE utf8_unicode_ci DEFAULT '',
  `organizationCreatorContactPoints` text COLLATE utf8_unicode_ci,
  `localBusinessCreatorOpeningHours` text COLLATE utf8_unicode_ci,
  `corporationCreatorTickerSymbol` varchar(255) COLLATE utf8_unicode_ci DEFAULT '',
  `restaurantCreatorServesCuisine` varchar(255) COLLATE utf8_unicode_ci DEFAULT '',
  `restaurantCreatorMenuUrl` varchar(255) COLLATE utf8_unicode_ci DEFAULT '',
  `restaurantCreatorReservationsUrl` varchar(255) COLLATE utf8_unicode_ci DEFAULT '',
  `personCreatorGender` varchar(255) COLLATE utf8_unicode_ci DEFAULT '',
  `personCreatorBirthPlace` varchar(255) COLLATE utf8_unicode_ci DEFAULT '',
  `genericCreatorHumansTxt` text COLLATE utf8_unicode_ci,
  `dateCreated` datetime NOT NULL,
  `dateUpdated` datetime NOT NULL,
  `uid` char(36) COLLATE utf8_unicode_ci NOT NULL DEFAULT '0',
  PRIMARY KEY (`id`),
  KEY `craft_seomatic_settings_siteSeoImageId_fk` (`siteSeoImageId`),
  KEY `craft_seomatic_settings_siteSeoTwitterImageId_fk` (`siteSeoTwitterImageId`),
  KEY `craft_seomatic_settings_siteSeoFacebookImageId_fk` (`siteSeoFacebookImageId`),
  KEY `craft_seomatic_settings_genericOwnerImageId_fk` (`genericOwnerImageId`),
  KEY `craft_seomatic_settings_genericCreatorImageId_fk` (`genericCreatorImageId`),
  CONSTRAINT `craft_seomatic_settings_genericCreatorImageId_fk` FOREIGN KEY (`genericCreatorImageId`) REFERENCES `craft_assetfiles` (`id`) ON DELETE SET NULL,
  CONSTRAINT `craft_seomatic_settings_genericOwnerImageId_fk` FOREIGN KEY (`genericOwnerImageId`) REFERENCES `craft_assetfiles` (`id`) ON DELETE SET NULL,
  CONSTRAINT `craft_seomatic_settings_siteSeoFacebookImageId_fk` FOREIGN KEY (`siteSeoFacebookImageId`) REFERENCES `craft_assetfiles` (`id`) ON DELETE SET NULL,
  CONSTRAINT `craft_seomatic_settings_siteSeoImageId_fk` FOREIGN KEY (`siteSeoImageId`) REFERENCES `craft_assetfiles` (`id`) ON DELETE SET NULL,
  CONSTRAINT `craft_seomatic_settings_siteSeoTwitterImageId_fk` FOREIGN KEY (`siteSeoTwitterImageId`) REFERENCES `craft_assetfiles` (`id`) ON DELETE SET NULL
) ENGINE=InnoDB DEFAULT CHARSET=utf8 COLLATE=utf8_unicode_ci;

LOCK TABLES `craft_seomatic_settings` WRITE;
/*!40000 ALTER TABLE `craft_seomatic_settings` DISABLE KEYS */;

INSERT INTO `craft_seomatic_settings` (`id`, `siteSeoImageId`, `siteSeoTwitterImageId`, `siteSeoFacebookImageId`, `genericOwnerImageId`, `genericCreatorImageId`, `locale`, `siteSeoName`, `siteSeoTitle`, `siteSeoTitleSeparator`, `siteSeoTitlePlacement`, `siteSeoDescription`, `siteSeoKeywords`, `siteSeoImageTransform`, `siteSeoFacebookImageTransform`, `siteSeoTwitterImageTransform`, `siteTwitterCardType`, `siteOpenGraphType`, `siteRobots`, `siteRobotsTxt`, `siteLinksSearchTargets`, `siteLinksQueryInput`, `googleSiteVerification`, `bingSiteVerification`, `googleAnalyticsUID`, `googleTagManagerID`, `googleAnalyticsSendPageview`, `googleAnalyticsAdvertising`, `googleAnalyticsEcommerce`, `googleAnalyticsEEcommerce`, `googleAnalyticsLinkAttribution`, `googleAnalyticsLinker`, `googleAnalyticsAnonymizeIp`, `siteOwnerType`, `siteOwnerSubType`, `siteOwnerSpecificType`, `genericOwnerName`, `genericOwnerAlternateName`, `genericOwnerDescription`, `genericOwnerUrl`, `genericOwnerTelephone`, `genericOwnerEmail`, `genericOwnerStreetAddress`, `genericOwnerAddressLocality`, `genericOwnerAddressRegion`, `genericOwnerPostalCode`, `genericOwnerAddressCountry`, `genericOwnerGeoLatitude`, `genericOwnerGeoLongitude`, `organizationOwnerDuns`, `organizationOwnerFounder`, `organizationOwnerFoundingDate`, `organizationOwnerFoundingLocation`, `organizationOwnerContactPoints`, `localBusinessPriceRange`, `localBusinessOwnerOpeningHours`, `corporationOwnerTickerSymbol`, `restaurantOwnerServesCuisine`, `restaurantOwnerMenuUrl`, `restaurantOwnerReservationsUrl`, `personOwnerGender`, `personOwnerBirthPlace`, `twitterHandle`, `facebookHandle`, `facebookProfileId`, `facebookAppId`, `linkedInHandle`, `googlePlusHandle`, `youtubeHandle`, `youtubeChannelHandle`, `instagramHandle`, `pinterestHandle`, `githubHandle`, `vimeoHandle`, `wikipediaUrl`, `siteCreatorType`, `siteCreatorSubType`, `siteCreatorSpecificType`, `genericCreatorName`, `genericCreatorAlternateName`, `genericCreatorDescription`, `genericCreatorUrl`, `genericCreatorTelephone`, `genericCreatorEmail`, `genericCreatorStreetAddress`, `genericCreatorAddressLocality`, `genericCreatorAddressRegion`, `genericCreatorPostalCode`, `genericCreatorAddressCountry`, `genericCreatorGeoLatitude`, `genericCreatorGeoLongitude`, `organizationCreatorDuns`, `organizationCreatorFounder`, `organizationCreatorFoundingDate`, `organizationCreatorFoundingLocation`, `organizationCreatorContactPoints`, `localBusinessCreatorOpeningHours`, `corporationCreatorTickerSymbol`, `restaurantCreatorServesCuisine`, `restaurantCreatorMenuUrl`, `restaurantCreatorReservationsUrl`, `personCreatorGender`, `personCreatorBirthPlace`, `genericCreatorHumansTxt`, `dateCreated`, `dateUpdated`, `uid`)
VALUES
	(1,71,71,71,NULL,NULL,'es','Turismo de Maternidad','Da a luz en Estados Unidos','|','after','Ten a tu bebé en Estados Unidos. Nuestro programa es 100% legal, sin repercusiones migratorias a tu visa. Te damos el seguimiento y herramientas necesarias. ','nacionalidad, americana, bebe, estados unidos, nacimiento, proceso, parto, dar a luz, precios, paso a paso, proceso, migratorio, doctores, hospedaje, preguntas','','','','summary','website','all','# robots.txt for {{ siteUrl }}\r\n# For a multi-environment setup, see: https://nystudio107.com/blog/prevent-google-from-indexing-staging-sites\r\n\r\nSitemap: {{ siteUrl |trim(\'/\') }}/sitemap.xml\r\n\r\n{% if craft.config.devMode %}\r\n# devMode - disallow all\r\n\r\nUser-agent: *\r\nDisallow: /\r\n{% else %}\r\n# Live - Don\'t allow web crawlers to index Craft\r\n\r\nUser-agent: *\r\nDisallow: /craft/\r\n{% endif %}','[]','','','','UA-64215208-62','',1,0,0,0,0,0,0,'Organization','Corporation','','Dr. Nutis','','','https://turismomaternidad.com','','','','','','','','','','','','','','[]','$$$','[{\"open\":\"\",\"close\":\"\"},{\"open\":\"\",\"close\":\"\"},{\"open\":\"\",\"close\":\"\"},{\"open\":\"\",\"close\":\"\"},{\"open\":\"\",\"close\":\"\"},{\"open\":\"\",\"close\":\"\"},{\"open\":\"\",\"close\":\"\"}]','','','','','Male','','','MarioNutisMD','363302100401774','','','100396589339798709694','','','','','','','','Organization','Corporation','','','','','','','','','','','','','','','','','','','','','','','','','','','/* TEAM */\n\n{% if seomaticCreator.name is defined and seomaticCreator.name %}\nCreator: {{ seomaticCreator.name }}\n{% endif %}\n{% if seomaticCreator.url is defined and seomaticCreator.url %}\nURL: {{ seomaticCreator.url }}\n{% endif %}\n{% if seomaticCreator.description is defined and seomaticCreator.description %}\nDescription: {{ seomaticCreator.description }}\n{% endif %}\n\n/* THANKS */\n\nPixel & Tonic - https://pixelandtonic.com\n\n/* SITE */\n\nStandards: HTML5, CSS3\nComponents: Craft CMS, Yii, PHP, Javascript, SEOmatic','2017-12-31 03:24:56','2018-05-24 21:20:30','5ab41027-31bb-496a-9150-3fd4dfe52d33');

/*!40000 ALTER TABLE `craft_seomatic_settings` ENABLE KEYS */;
UNLOCK TABLES;


# Dump of table craft_sessions
# ------------------------------------------------------------

DROP TABLE IF EXISTS `craft_sessions`;

CREATE TABLE `craft_sessions` (
  `id` int(11) NOT NULL AUTO_INCREMENT,
  `userId` int(11) NOT NULL,
  `token` char(100) COLLATE utf8_unicode_ci NOT NULL,
  `dateCreated` datetime NOT NULL,
  `dateUpdated` datetime NOT NULL,
  `uid` char(36) COLLATE utf8_unicode_ci NOT NULL DEFAULT '0',
  PRIMARY KEY (`id`),
  KEY `craft_sessions_uid_idx` (`uid`),
  KEY `craft_sessions_token_idx` (`token`),
  KEY `craft_sessions_dateUpdated_idx` (`dateUpdated`),
  KEY `craft_sessions_userId_fk` (`userId`),
  CONSTRAINT `craft_sessions_userId_fk` FOREIGN KEY (`userId`) REFERENCES `craft_users` (`id`) ON DELETE CASCADE
) ENGINE=InnoDB DEFAULT CHARSET=utf8 COLLATE=utf8_unicode_ci;

LOCK TABLES `craft_sessions` WRITE;
/*!40000 ALTER TABLE `craft_sessions` DISABLE KEYS */;

INSERT INTO `craft_sessions` (`id`, `userId`, `token`, `dateCreated`, `dateUpdated`, `uid`)
VALUES
	(1,1,'721ca124d1e0d902e0d420af5a3c5f2d811e38fbczozMjoiUERzNWdwRHdNZU01SH5BQnRWbWVPcUVRRG5uQWgybVoiOw==','2017-12-24 03:05:19','2017-12-24 03:05:19','7b0108a6-0238-4313-b241-4826ad73979f'),
	(2,1,'ff5c68cf0be5fa527240c18fffeb2e7a1bbe46c9czozMjoiVThFTUI4R2R6T0NjcWtBVWdjTHlBekdKd0FvenNBVGYiOw==','2017-12-24 14:50:18','2017-12-24 14:50:18','330b2211-e253-468d-8ab2-d453c4f33213'),
	(3,1,'9b2c0c3aa51b06ec497b27245078698ab2f4312bczozMjoiMH5CZ0JxcHp1Ylp2dVV3MWNvMjlnfnRHTDZOeXRGZmgiOw==','2017-12-25 18:46:37','2017-12-25 18:46:37','0b2d1bc4-5d00-4ee1-837f-d97c263e542b'),
	(6,1,'88f3eda12c438b16e0d48f4413523ea927633252czozMjoiUXlBaWl0c1JDajJPYzE5N3Y3eG9nTFlqOU1NZ1JYRUsiOw==','2017-12-26 07:07:52','2017-12-26 07:07:52','2137ec0b-347f-4817-b778-5090103e6850'),
	(8,1,'12eaab9a4be01a9ca6f40b815a558983d4f897beczozMjoiU2hMWWg3WTR1SXJYZl9rSXlpd3BFSFhrZTBkSkROc28iOw==','2017-12-28 07:22:44','2017-12-28 07:22:44','54a37387-5f71-4fe1-960a-fdd96e196f51'),
	(9,1,'533607331fa042f6c0210d136eb2170353c30c2fczozMjoiTDdReTVFaUFGZjFVN0N5ZkZPVVNoZDRlTjRBT0o4alMiOw==','2017-12-28 19:06:29','2017-12-28 19:06:29','5d6bf34a-ab26-4a18-ba6b-8928dc8101c4'),
	(10,1,'c43771b9a849b83c0e518fa870bccaa8ee14cae5czozMjoib2ZkdU00TkJzdGFOd0s4Y3d5cmFWOFlsQ0thWHd1SmsiOw==','2017-12-28 21:26:52','2017-12-28 21:26:52','66772e5b-08e9-4317-960a-99e80ee3dae3'),
	(11,1,'5d89f00131228f1cfb99258982bf252680f0e70fczozMjoiRlBUbG1WQk1mSG9KSXdVVGd+MWtJSlJfWEZESXlOZFEiOw==','2017-12-29 09:11:46','2017-12-29 09:11:46','545b2994-bc4e-4e79-8dfc-05fe8f05bed4'),
	(12,1,'193c7d78d66b409e4a84bbf5fc83a551913d01bfczozMjoiT0RBX3doeUNSeHQ4Mjk5ZWJzUlRIeUE0THM3bTJIQVAiOw==','2017-12-31 02:26:37','2017-12-31 02:26:37','d14c4ea0-f6af-4ac5-91d2-dd4a3cb1c877'),
	(13,1,'d12e51bcd6abb01b1e06e1d64f69d2f9e11092e0czozMjoiUHlhYzRzVUZWekpFWmphRW5OUWhwU2ZrWjdBUU0waDUiOw==','2017-12-31 17:34:05','2017-12-31 17:34:05','d34eae25-e901-4650-90d6-8823657abc34'),
	(14,1,'4f1960cc7cc2aed87cc2f696982a3bdcb6befb00czozMjoic1pxdjVEb3QwaHpwSzBBcnI2eEswR3VXN3JMb040enYiOw==','2018-01-03 05:30:02','2018-01-03 05:30:02','ff4cd75a-96b3-4d53-85b9-2623885c53e9'),
	(15,1,'75f577d586c8601351824344a62e8fdabaa8cdf8czozMjoiX0NVUDRfQ3EwfjZrT0R4WlN0TnRxRGN1VE9ySXpYM0wiOw==','2018-01-04 07:21:10','2018-01-04 07:21:10','5ff8bee9-2fe1-4991-a0ca-d869d29fb68a'),
	(16,1,'b228bc874fbcc64d3a30e1208710bbf35b3329bfczozMjoicHNxOTlKSUtZWENWQVdYek5pdG5zUkFffmJXcFlUb2ciOw==','2018-01-04 19:04:01','2018-01-04 19:04:01','0c9e37ab-16fa-4ac9-99ae-d435cf008f40'),
	(17,1,'67a630703ffa0970e3e8092bc42a07b012e868c6czozMjoiOEc3TWhjekpDb1ZYYn5od2JiZkZDcVFleGY1bzZJeFYiOw==','2018-01-05 02:01:25','2018-01-05 02:01:25','e2b1b4df-b784-4f52-98b6-907af80fe641'),
	(18,1,'438c46882397e76282305400103e2fd965782229czozMjoiQUdrfmxHZW1rbE9YdDdQZXRSTEpiclpvaDBaa2NrcEwiOw==','2018-01-05 02:38:22','2018-01-05 02:38:22','1335c192-2b37-4f81-bcc2-582c32a08e66'),
	(20,1,'0269939f365d520389940703741af1f4d55031eaczozMjoiRE9saHVVakh6dDV1RTNYQ3hadDFXbmcwYVVDTDNYTlIiOw==','2018-01-05 19:19:00','2018-01-05 19:19:00','1e9df1a5-e658-413a-bda8-3f3fdc47b100'),
	(21,1,'3d8426352f51aed48b486b7ada6bee400c26d12aczozMjoiYTRRczJsU2Y1MzJDQ3dNVnR1d1phaTlpQzNSVWwzZ3UiOw==','2018-01-09 17:07:24','2018-01-09 17:07:24','a2feb713-136c-4674-aada-9f0d8be59b7d'),
	(22,1,'c6ecc4c80f3350cd38fe4d8289c799ed7538cdb5czozMjoiTllTdEZQbWFaSF9nb1U3QjBLek9zdmV2N21laGo5UVIiOw==','2018-01-09 21:01:12','2018-01-09 21:01:12','883cacda-ab55-42e0-bd06-9b9defcde28e'),
	(23,1,'c0e0e96f9ec42a64f8a4eb9fe1b6f71cd95bc012czozMjoiWGRoM05rN1Z0Q0JGcFNhRUQ5X2VVcE82SWI4NDR1M18iOw==','2018-01-09 22:31:30','2018-01-09 22:31:30','023430bb-74e6-440f-8fd1-d641fb116e1c'),
	(24,1,'d9cce721d6c01753b1405872cdcfb71485bd1a0bczozMjoiOEdSejVhckdLaVN3NTJBTk1tV0JpMHNFZDJ2TTE0dnQiOw==','2018-01-10 16:38:49','2018-01-10 16:38:49','cc6bb5d1-50c8-4121-8f76-db12d156faff'),
	(25,1,'3ad4f88b4be157bb535db06056e0a26c33f048b4czozMjoiQkpRdGpMRGxPOVg1d19IWFB6cHhKQThqQVlzMEtTODQiOw==','2018-01-15 22:53:41','2018-01-15 22:53:41','3a3d01b6-6ca7-4a09-a36c-ae2a40c0e88b'),
	(26,1,'d2f16427f09f800ab0e94b01fb2bf02ec00e9d27czozMjoidE5Dd34wX3k5bVdEVk44RGJEOXBhclpWaWJITjVKTU0iOw==','2018-01-18 19:00:01','2018-01-18 19:00:01','085b5bd7-a624-477f-9c61-b3e0d677e6ad'),
	(27,1,'e13108c445f201cbae19930b3496c289b7f6171cczozMjoiRDhUQVJfbF9HR3lEd3ZoNGNaRU1GU0w4cEgwMTJPZGMiOw==','2018-01-23 19:39:47','2018-01-23 19:39:47','a39bd154-b8c2-4ef4-a844-8481658f685b'),
	(28,1,'bdf8ef5a11792bb750c367f7c03b237b24763d07czozMjoiSWg2QVpzaWpSeHFVTXV3TTNLYkt6VE5BNEh4eDBDWUgiOw==','2018-02-07 02:39:46','2018-02-07 02:39:46','242d0e0b-4f0d-4171-8ed5-89d9ea5d19e9'),
	(29,1,'89508b66c1e58b3908f1d494104ebae41f30326eczozMjoiTHR+Qk02ek5fZ000TDVhVGxUY2YxdVM3QklEa3FuVDgiOw==','2018-04-19 06:11:22','2018-04-19 06:11:22','eb18028f-4cea-4e35-aae9-d73452e66229'),
	(30,1,'382f7b4a5b06d48580a0a35104636af8e3422ec5czozMjoidGpXZk41djh2U24waGxucjFSWmN+S2JaRUZVdW9ub1QiOw==','2018-04-19 22:27:24','2018-04-19 22:27:24','641ca2f6-cb08-4df1-81f6-a719d0070377'),
	(31,1,'5e5b549c4fb01fbe1038596b3d9b199ed482dfadczozMjoiTzRLQjZwN1Fma2sySFdzSF8wdnk5NW1md0hQaG4wYTMiOw==','2018-05-24 21:17:16','2018-05-24 21:17:16','3578894d-b12e-4cce-b42d-79eaee667622'),
	(32,1,'67524c224b1f0052dc6690009d49e236452d639fczozMjoiTllwcTR3S0hJM2hoZDlPY3F6VTBGQWhqcm9fdmxkTnEiOw==','2018-05-25 20:43:03','2018-05-25 20:43:03','c3f472df-21ce-4c1f-b71a-c8a205313b7b'),
	(33,1,'465ca598f90421e05055ab1556009d8e28cf1933czozMjoiZk1rZmRwV0pVQWNDTHM1eVQxRnlqcUVyZUoyQzhFNlciOw==','2018-07-30 15:34:42','2018-07-30 15:34:42','c4ffc9c9-598f-4ab5-89b2-00d3601241e8'),
	(34,1,'3ccaf34f5ac97e37196176d80fe4f4329d3fbc72czozMjoiaDJ1TVZqNjZSSHViNnJlTTZ5dlVHYnVYanFpaUF4YmEiOw==','2018-07-30 17:36:50','2018-07-30 17:36:50','130fb40b-d33d-47b2-a0fd-af92c0aebf6c'),
	(35,1,'926f7c82c9f3860d1b5532b94125e50c92505e3eczozMjoiU1RhdjdiQlZRTFlKQXNudm1uODZLaEFYR1hxMncwZ18iOw==','2018-07-30 20:40:12','2018-07-30 20:40:12','7053f182-fcb6-4bfc-95e9-83325cbe16f3'),
	(36,1,'fd8740e0e06664c7fa98dde578d2ed834be06210czozMjoib2s5S29jYzVaZjJ3UlBZUlVWM2FNdXYzQlAyRE9oRDAiOw==','2018-07-31 22:22:34','2018-07-31 22:22:34','593bb392-bcd2-455a-b67d-07f1d669350e'),
	(37,1,'f542d1f249889fdda069e03b38a48ba458f3ede1czozMjoiRmpKdX5iOWEwRjZhOU9ycnVZcmoxazl5b3pGTzduTU0iOw==','2018-08-03 15:00:45','2018-08-03 15:00:45','82dc8ee0-b2a6-46dd-b679-acfaf993512b'),
	(38,1,'360063f7a799d0d6c6f24c07e34cd9c5d20084d1czozMjoic2xrdmlzZTZ6TDluSVhMY2libH4wTnRiYX5rcGFzTVAiOw==','2018-08-05 19:32:16','2018-08-05 19:32:16','39ccf719-f9b9-4b38-91c0-d667b707e93e'),
	(39,1,'e6da085202ec52688bb799e85db9f0db702f0875czozMjoielBoMEhLRUliRndzZlVyQjJOVUdJT3RyY0xRcWdIcksiOw==','2018-08-10 17:26:27','2018-08-10 17:26:27','5bfafc2d-6683-4f34-aa3f-6c9623b8c17c'),
	(40,1,'a6d7078ce6419dea1f4ba8f2a4dcaeb931183353czozMjoiYWdnMVdGWmZ3am1OREl3M2tDR3h1WkVJRlZkfklNbTUiOw==','2018-08-30 22:44:22','2018-08-30 22:44:22','6fcc5284-acc6-400e-8999-207fd8e278b0'),
	(41,1,'a3b99eef30e80c6b481d7dc49c73ba2d3c86ad6aczozMjoidXcxdnlESW1zQ05xQU1xUjZ6TTVLWnlsSzJINEgyRDYiOw==','2018-09-07 17:43:04','2018-09-07 17:43:04','8a0d403a-6dfd-4a2a-93ea-ffbd6ba72ed6'),
	(42,1,'640ba1e89734b6ada8d96f1dfe1bb2b782682a76czozMjoibVIzOGtUaEx4SDdINm1QdG1rb1NJRUpFYURUV1Fsa04iOw==','2018-09-10 04:22:03','2018-09-10 04:22:03','359ce4d3-ef22-4497-af3a-29cb5cfba325'),
	(43,1,'3a127ffc6f743c13024fac03196fee0a757f5c35czozMjoiekFBdkR6b3NjdX5LVjJwdHhFMHdyTkd3dDM4Tmw3R2kiOw==','2018-10-03 17:34:53','2018-10-03 17:34:53','45ac0f54-0e76-45a4-976e-166699701f87'),
	(44,1,'7008a8019b601461f7237071cffdbe756a5f76b7czozMjoiYXh+TGpPZ3ZCVkt4cDd4Z2hSZ3N2ZFhvN2R2T3l+YXIiOw==','2018-10-04 15:13:24','2018-10-04 15:13:24','9137e91a-48bb-4845-93be-94a958610355'),
	(46,1,'8b813d68f04aeb3a5a8a63c0f65450894ecca66bczozMjoiVk1aRDVpTE52TURLbE5jaTRzbHA0ZWhDemNmRG9sZWgiOw==','2018-10-09 03:11:57','2018-10-09 03:11:57','477a34ae-98ce-42d7-97da-93149fe913b4'),
	(47,1,'1ebb4569c411da6aae94d29138b0fec3d24e5fc8czozMjoiVnVEcl9WSFA1fnhnQXFibUJVRmt3UUg0OHdLMXVOU3oiOw==','2018-10-09 15:19:07','2018-10-09 15:19:07','992ec1b2-1d35-490c-bf2a-41940e8ab7fe'),
	(49,1,'1fb742728d5ffa8b91874a93cf9d11db224acc33czozMjoiN0ZHV3FYaFdwN0hBc0x6V2FzQnJRZzhwSlhYbnFManAiOw==','2018-12-26 16:13:10','2018-12-26 16:13:10','2e872262-6eee-43c2-8823-e08a64552cb6'),
	(50,1,'a78c43a811eebd6815bbd145158ed00277ae8f92czozMjoiTEVRZXh4UTZCamxrVVl6b2p4VWRCZkV1azk0XzdqVjYiOw==','2018-12-27 15:07:44','2018-12-27 15:07:44','be0c2dd9-ffea-41bf-b338-564cb0c9c2e1'),
	(51,1,'13d01638127d3b576e32b43b0c64e366cfe85450czozMjoiRDYyUGRFRVVEZEpudlRTZUk5RGJUZEJDbldFWmd0WE4iOw==','2018-12-28 15:14:13','2018-12-28 15:14:13','fd7fec3e-dd82-445c-aa6a-214e9d6b82f8'),
	(52,1,'e22e7f120bf03ca5703b50774f0178c7c55f2aa9czozMjoib2dzSGpZUHNMTGQ0ZzI4RzhKT3Z2fjRVRENVSHNsZn4iOw==','2018-12-28 21:18:32','2018-12-28 21:18:32','6e9fad04-34b1-45b6-ae56-7830b2e3d8a1'),
	(54,1,'2014e6321a4e914f1c32c924d2c267e6e70e9ceeczozMjoiZk9sejFtUG1Fa0ZFeHJqQ1dnZ1BJM1RoZV9OalNIWXkiOw==','2018-12-31 16:52:49','2018-12-31 16:52:49','47218b68-4e9e-483e-a244-3e6766c7a33f'),
	(56,1,'87e3a55b9238858d86a5b2cda4458aa63f137a1fczozMjoidUI4RnY4c0YyaUZRWkRQa0NPaWI0Ml9QVmIwbzFfOFoiOw==','2019-01-02 21:30:10','2019-01-02 21:30:10','d6fdd99d-1964-4cba-bea8-047df8feb801'),
	(57,1,'c27a955e731fea2277eb17a1333fa11fab8fffd1czozMjoiZVVXdnZIcldUYUhzeEx0akoxcTBwbXBLYlhJZ3dBMVUiOw==','2019-01-03 14:52:55','2019-01-03 14:52:55','54500819-b7be-43db-b4d0-c9f0c3b9d2a6'),
	(58,1,'8c4e5aadc839d4755e36cfaf6bb9ba16cffa139eczozMjoiaUx3bnJRcWtZN1ZjbGE5UG8zamtKOU50QVk1VXA1WWMiOw==','2019-01-04 14:49:06','2019-01-04 14:49:06','ce786280-3d49-45da-9c30-a1855dbf58b5');

/*!40000 ALTER TABLE `craft_sessions` ENABLE KEYS */;
UNLOCK TABLES;


# Dump of table craft_shunnedmessages
# ------------------------------------------------------------

DROP TABLE IF EXISTS `craft_shunnedmessages`;

CREATE TABLE `craft_shunnedmessages` (
  `id` int(11) NOT NULL AUTO_INCREMENT,
  `userId` int(11) NOT NULL,
  `message` varchar(255) COLLATE utf8_unicode_ci NOT NULL,
  `expiryDate` datetime DEFAULT NULL,
  `dateCreated` datetime NOT NULL,
  `dateUpdated` datetime NOT NULL,
  `uid` char(36) COLLATE utf8_unicode_ci NOT NULL DEFAULT '0',
  PRIMARY KEY (`id`),
  UNIQUE KEY `craft_shunnedmessages_userId_message_unq_idx` (`userId`,`message`),
  CONSTRAINT `craft_shunnedmessages_userId_fk` FOREIGN KEY (`userId`) REFERENCES `craft_users` (`id`) ON DELETE CASCADE
) ENGINE=InnoDB DEFAULT CHARSET=utf8 COLLATE=utf8_unicode_ci;



# Dump of table craft_structureelements
# ------------------------------------------------------------

DROP TABLE IF EXISTS `craft_structureelements`;

CREATE TABLE `craft_structureelements` (
  `id` int(11) NOT NULL AUTO_INCREMENT,
  `structureId` int(11) NOT NULL,
  `elementId` int(11) DEFAULT NULL,
  `root` int(11) unsigned DEFAULT NULL,
  `lft` int(11) unsigned NOT NULL,
  `rgt` int(11) unsigned NOT NULL,
  `level` smallint(6) unsigned NOT NULL,
  `dateCreated` datetime NOT NULL,
  `dateUpdated` datetime NOT NULL,
  `uid` char(36) COLLATE utf8_unicode_ci NOT NULL DEFAULT '0',
  PRIMARY KEY (`id`),
  UNIQUE KEY `craft_structureelements_structureId_elementId_unq_idx` (`structureId`,`elementId`),
  KEY `craft_structureelements_root_idx` (`root`),
  KEY `craft_structureelements_lft_idx` (`lft`),
  KEY `craft_structureelements_rgt_idx` (`rgt`),
  KEY `craft_structureelements_level_idx` (`level`),
  KEY `craft_structureelements_elementId_fk` (`elementId`),
  CONSTRAINT `craft_structureelements_elementId_fk` FOREIGN KEY (`elementId`) REFERENCES `craft_elements` (`id`) ON DELETE CASCADE,
  CONSTRAINT `craft_structureelements_structureId_fk` FOREIGN KEY (`structureId`) REFERENCES `craft_structures` (`id`) ON DELETE CASCADE
) ENGINE=InnoDB DEFAULT CHARSET=utf8 COLLATE=utf8_unicode_ci;



# Dump of table craft_structures
# ------------------------------------------------------------

DROP TABLE IF EXISTS `craft_structures`;

CREATE TABLE `craft_structures` (
  `id` int(11) NOT NULL AUTO_INCREMENT,
  `maxLevels` smallint(6) unsigned DEFAULT NULL,
  `dateCreated` datetime NOT NULL,
  `dateUpdated` datetime NOT NULL,
  `uid` char(36) COLLATE utf8_unicode_ci NOT NULL DEFAULT '0',
  PRIMARY KEY (`id`)
) ENGINE=InnoDB DEFAULT CHARSET=utf8 COLLATE=utf8_unicode_ci;

LOCK TABLES `craft_structures` WRITE;
/*!40000 ALTER TABLE `craft_structures` DISABLE KEYS */;

INSERT INTO `craft_structures` (`id`, `maxLevels`, `dateCreated`, `dateUpdated`, `uid`)
VALUES
	(1,NULL,'2018-12-27 19:12:35','2018-12-27 19:12:35','9c64d230-f90c-4abf-8ffc-751555f0ad99');

/*!40000 ALTER TABLE `craft_structures` ENABLE KEYS */;
UNLOCK TABLES;


# Dump of table craft_systemsettings
# ------------------------------------------------------------

DROP TABLE IF EXISTS `craft_systemsettings`;

CREATE TABLE `craft_systemsettings` (
  `id` int(11) NOT NULL AUTO_INCREMENT,
  `category` varchar(15) COLLATE utf8_unicode_ci NOT NULL,
  `settings` text COLLATE utf8_unicode_ci,
  `dateCreated` datetime NOT NULL,
  `dateUpdated` datetime NOT NULL,
  `uid` char(36) COLLATE utf8_unicode_ci NOT NULL DEFAULT '0',
  PRIMARY KEY (`id`),
  UNIQUE KEY `craft_systemsettings_category_unq_idx` (`category`)
) ENGINE=InnoDB DEFAULT CHARSET=utf8 COLLATE=utf8_unicode_ci;

LOCK TABLES `craft_systemsettings` WRITE;
/*!40000 ALTER TABLE `craft_systemsettings` DISABLE KEYS */;

INSERT INTO `craft_systemsettings` (`id`, `category`, `settings`, `dateCreated`, `dateUpdated`, `uid`)
VALUES
	(1,'email','{\"protocol\":\"gmail\",\"emailAddress\":\"amandujano@dood.mx\",\"senderName\":\"Dr. Nutis\",\"host\":\"smtp.gmail.com\",\"smtpAuth\":1,\"smtpSecureTransportType\":\"ssl\",\"username\":\"dood.mailing@gmail.com\",\"password\":\"ThisisDOOD\",\"port\":\"465\",\"timeout\":\"30\"}','2017-12-24 03:05:19','2018-01-05 19:41:53','58176b62-4b3c-4c08-8a0f-788cec17cd22');

/*!40000 ALTER TABLE `craft_systemsettings` ENABLE KEYS */;
UNLOCK TABLES;


# Dump of table craft_taggroups
# ------------------------------------------------------------

DROP TABLE IF EXISTS `craft_taggroups`;

CREATE TABLE `craft_taggroups` (
  `id` int(11) NOT NULL AUTO_INCREMENT,
  `name` varchar(255) COLLATE utf8_unicode_ci NOT NULL,
  `handle` varchar(255) COLLATE utf8_unicode_ci NOT NULL,
  `fieldLayoutId` int(10) DEFAULT NULL,
  `dateCreated` datetime NOT NULL,
  `dateUpdated` datetime NOT NULL,
  `uid` char(36) COLLATE utf8_unicode_ci NOT NULL DEFAULT '0',
  PRIMARY KEY (`id`),
  UNIQUE KEY `craft_taggroups_name_unq_idx` (`name`),
  UNIQUE KEY `craft_taggroups_handle_unq_idx` (`handle`),
  KEY `craft_taggroups_fieldLayoutId_fk` (`fieldLayoutId`),
  CONSTRAINT `craft_taggroups_fieldLayoutId_fk` FOREIGN KEY (`fieldLayoutId`) REFERENCES `craft_fieldlayouts` (`id`) ON DELETE SET NULL
) ENGINE=InnoDB DEFAULT CHARSET=utf8 COLLATE=utf8_unicode_ci;

LOCK TABLES `craft_taggroups` WRITE;
/*!40000 ALTER TABLE `craft_taggroups` DISABLE KEYS */;

INSERT INTO `craft_taggroups` (`id`, `name`, `handle`, `fieldLayoutId`, `dateCreated`, `dateUpdated`, `uid`)
VALUES
	(1,'Default','default',1,'2017-12-24 03:05:19','2017-12-24 03:05:19','f710d4c6-0f98-46c4-b5ea-3372a7f68e9a');

/*!40000 ALTER TABLE `craft_taggroups` ENABLE KEYS */;
UNLOCK TABLES;


# Dump of table craft_tags
# ------------------------------------------------------------

DROP TABLE IF EXISTS `craft_tags`;

CREATE TABLE `craft_tags` (
  `id` int(11) NOT NULL,
  `groupId` int(11) NOT NULL,
  `dateCreated` datetime NOT NULL,
  `dateUpdated` datetime NOT NULL,
  `uid` char(36) COLLATE utf8_unicode_ci NOT NULL DEFAULT '0',
  PRIMARY KEY (`id`),
  KEY `craft_tags_groupId_fk` (`groupId`),
  CONSTRAINT `craft_tags_groupId_fk` FOREIGN KEY (`groupId`) REFERENCES `craft_taggroups` (`id`) ON DELETE CASCADE,
  CONSTRAINT `craft_tags_id_fk` FOREIGN KEY (`id`) REFERENCES `craft_elements` (`id`) ON DELETE CASCADE
) ENGINE=InnoDB DEFAULT CHARSET=utf8 COLLATE=utf8_unicode_ci;



# Dump of table craft_tasks
# ------------------------------------------------------------

DROP TABLE IF EXISTS `craft_tasks`;

CREATE TABLE `craft_tasks` (
  `id` int(11) NOT NULL AUTO_INCREMENT,
  `root` int(11) unsigned DEFAULT NULL,
  `lft` int(11) unsigned NOT NULL,
  `rgt` int(11) unsigned NOT NULL,
  `level` smallint(6) unsigned NOT NULL,
  `currentStep` int(11) unsigned DEFAULT NULL,
  `totalSteps` int(11) unsigned DEFAULT NULL,
  `status` enum('pending','error','running') COLLATE utf8_unicode_ci DEFAULT NULL,
  `type` varchar(150) COLLATE utf8_unicode_ci NOT NULL,
  `description` varchar(255) COLLATE utf8_unicode_ci DEFAULT NULL,
  `settings` mediumtext COLLATE utf8_unicode_ci,
  `dateCreated` datetime NOT NULL,
  `dateUpdated` datetime NOT NULL,
  `uid` char(36) COLLATE utf8_unicode_ci NOT NULL DEFAULT '0',
  PRIMARY KEY (`id`),
  KEY `craft_tasks_root_idx` (`root`),
  KEY `craft_tasks_lft_idx` (`lft`),
  KEY `craft_tasks_rgt_idx` (`rgt`),
  KEY `craft_tasks_level_idx` (`level`)
) ENGINE=InnoDB DEFAULT CHARSET=utf8 COLLATE=utf8_unicode_ci;



# Dump of table craft_templatecachecriteria
# ------------------------------------------------------------

DROP TABLE IF EXISTS `craft_templatecachecriteria`;

CREATE TABLE `craft_templatecachecriteria` (
  `id` int(11) NOT NULL AUTO_INCREMENT,
  `cacheId` int(11) NOT NULL,
  `type` varchar(150) COLLATE utf8_unicode_ci NOT NULL,
  `criteria` text COLLATE utf8_unicode_ci NOT NULL,
  PRIMARY KEY (`id`),
  KEY `craft_templatecachecriteria_cacheId_fk` (`cacheId`),
  KEY `craft_templatecachecriteria_type_idx` (`type`),
  CONSTRAINT `craft_templatecachecriteria_cacheId_fk` FOREIGN KEY (`cacheId`) REFERENCES `craft_templatecaches` (`id`) ON DELETE CASCADE
) ENGINE=InnoDB DEFAULT CHARSET=utf8 COLLATE=utf8_unicode_ci;



# Dump of table craft_templatecacheelements
# ------------------------------------------------------------

DROP TABLE IF EXISTS `craft_templatecacheelements`;

CREATE TABLE `craft_templatecacheelements` (
  `cacheId` int(11) NOT NULL,
  `elementId` int(11) NOT NULL,
  KEY `craft_templatecacheelements_cacheId_fk` (`cacheId`),
  KEY `craft_templatecacheelements_elementId_fk` (`elementId`),
  CONSTRAINT `craft_templatecacheelements_cacheId_fk` FOREIGN KEY (`cacheId`) REFERENCES `craft_templatecaches` (`id`) ON DELETE CASCADE,
  CONSTRAINT `craft_templatecacheelements_elementId_fk` FOREIGN KEY (`elementId`) REFERENCES `craft_elements` (`id`) ON DELETE CASCADE
) ENGINE=InnoDB DEFAULT CHARSET=utf8 COLLATE=utf8_unicode_ci;



# Dump of table craft_templatecaches
# ------------------------------------------------------------

DROP TABLE IF EXISTS `craft_templatecaches`;

CREATE TABLE `craft_templatecaches` (
  `id` int(11) NOT NULL AUTO_INCREMENT,
  `cacheKey` varchar(255) COLLATE utf8_unicode_ci NOT NULL,
  `locale` char(12) COLLATE utf8_unicode_ci NOT NULL,
  `path` varchar(255) COLLATE utf8_unicode_ci DEFAULT NULL,
  `expiryDate` datetime NOT NULL,
  `body` mediumtext COLLATE utf8_unicode_ci NOT NULL,
  PRIMARY KEY (`id`),
  KEY `craft_templatecaches_cacheKey_locale_expiryDate_path_idx` (`cacheKey`,`locale`,`expiryDate`,`path`),
  KEY `craft_templatecaches_cacheKey_locale_expiryDate_idx` (`cacheKey`,`locale`,`expiryDate`),
  KEY `craft_templatecaches_locale_fk` (`locale`),
  CONSTRAINT `craft_templatecaches_locale_fk` FOREIGN KEY (`locale`) REFERENCES `craft_locales` (`locale`) ON DELETE CASCADE ON UPDATE CASCADE
) ENGINE=InnoDB DEFAULT CHARSET=utf8 COLLATE=utf8_unicode_ci;

LOCK TABLES `craft_templatecaches` WRITE;
/*!40000 ALTER TABLE `craft_templatecaches` DISABLE KEYS */;

INSERT INTO `craft_templatecaches` (`id`, `cacheKey`, `locale`, `path`, `expiryDate`, `body`)
VALUES
	(63950,'w38dV7FKPmZZFdKe94FvkqofmZXZmqVvzXa8','es','site:suscripcion','2019-01-04 19:26:36','    <link\n      rel=\"apple-touch-icon-precomposed\"\n      sizes=\"57x57\"\n      href=\"http://localhost:8888/turismo_maternidad/html/assets/img/favicon/apple-touch-icon-57x57.png\"\n    />\n    <link\n      rel=\"apple-touch-icon-precomposed\"\n      sizes=\"114x114\"\n      href=\"http://localhost:8888/turismo_maternidad/html/assets/img/favicon/apple-touch-icon-114x114.png\"\n    />\n    <link\n      rel=\"apple-touch-icon-precomposed\"\n      sizes=\"72x72\"\n      href=\"http://localhost:8888/turismo_maternidad/html/assets/img/favicon/apple-touch-icon-72x72.png\"\n    />\n    <link\n      rel=\"apple-touch-icon-precomposed\"\n      sizes=\"144x144\"\n      href=\"http://localhost:8888/turismo_maternidad/html/assets/img/favicon/apple-touch-icon-144x144.png\"\n    />\n    <link\n      rel=\"apple-touch-icon-precomposed\"\n      sizes=\"60x60\"\n      href=\"http://localhost:8888/turismo_maternidad/html/assets/img/favicon/apple-touch-icon-60x60.png\"\n    />\n    <link\n      rel=\"apple-touch-icon-precomposed\"\n      sizes=\"120x120\"\n      href=\"http://localhost:8888/turismo_maternidad/html/assets/img/favicon/apple-touch-icon-120x120.png\"\n    />\n    <link\n      rel=\"apple-touch-icon-precomposed\"\n      sizes=\"76x76\"\n      href=\"http://localhost:8888/turismo_maternidad/html/assets/img/favicon/apple-touch-icon-76x76.png\"\n    />\n    <link\n      rel=\"apple-touch-icon-precomposed\"\n      sizes=\"152x152\"\n      href=\"http://localhost:8888/turismo_maternidad/html/assets/img/favicon/apple-touch-icon-152x152.png\"\n    />\n    <link\n      rel=\"icon\"\n      type=\"image/x-icon\"\n      href=\"http://localhost:8888/turismo_maternidad/html/assets/img/favicon/favicon-196x196.png\"\n      sizes=\"196x196\"\n    />\n    <link\n      rel=\"icon\"\n      type=\"image/x-icon\"\n      href=\"http://localhost:8888/turismo_maternidad/html/assets/img/favicon/favicon-96x96.png\"\n      sizes=\"96x96\"\n    />\n    <link\n      rel=\"icon\"\n      type=\"image/x-icon\"\n      href=\"http://localhost:8888/turismo_maternidad/html/assets/img/favicon/favicon-32x32.png\"\n      sizes=\"32x32\"\n    />\n    <link\n      rel=\"icon\"\n      type=\"image/x-icon\"\n      href=\"http://localhost:8888/turismo_maternidad/html/assets/img/favicon/favicon-128.png\"\n      sizes=\"128x128\"\n    />\n    <meta name=\"application-name\" content=\"&nbsp;\" />\n    <meta name=\"msapplication-TileColor\" content=\"#FFFFFF\" />\n    <meta name=\"msapplication-TileImage\" content=\"mstile-144x144.png\" />\n    <meta name=\"msapplication-square70x70logo\" content=\"mstile-70x70.png\" />\n    <meta name=\"msapplication-square150x150logo\" content=\"mstile-150x150.png\" />\n    <meta name=\"msapplication-wide310x150logo\" content=\"mstile-310x150.png\" />\n    <meta name=\"msapplication-square310x310logo\" content=\"mstile-310x310.png\" />\n    '),
	(63951,'kuqUpmOi2a8ZB7HR2kJTBXZv8SXpe3A4Stly','es','site:suscripcion','2019-01-05 15:44:58','    <link\n      rel=\"apple-touch-icon-precomposed\"\n      sizes=\"57x57\"\n      href=\"http://localhost:8888/turismo_maternidad/html/assets/img/favicon/apple-touch-icon-57x57.png\"\n    />\n    <link\n      rel=\"apple-touch-icon-precomposed\"\n      sizes=\"114x114\"\n      href=\"http://localhost:8888/turismo_maternidad/html/assets/img/favicon/apple-touch-icon-114x114.png\"\n    />\n    <link\n      rel=\"apple-touch-icon-precomposed\"\n      sizes=\"72x72\"\n      href=\"http://localhost:8888/turismo_maternidad/html/assets/img/favicon/apple-touch-icon-72x72.png\"\n    />\n    <link\n      rel=\"apple-touch-icon-precomposed\"\n      sizes=\"144x144\"\n      href=\"http://localhost:8888/turismo_maternidad/html/assets/img/favicon/apple-touch-icon-144x144.png\"\n    />\n    <link\n      rel=\"apple-touch-icon-precomposed\"\n      sizes=\"60x60\"\n      href=\"http://localhost:8888/turismo_maternidad/html/assets/img/favicon/apple-touch-icon-60x60.png\"\n    />\n    <link\n      rel=\"apple-touch-icon-precomposed\"\n      sizes=\"120x120\"\n      href=\"http://localhost:8888/turismo_maternidad/html/assets/img/favicon/apple-touch-icon-120x120.png\"\n    />\n    <link\n      rel=\"apple-touch-icon-precomposed\"\n      sizes=\"76x76\"\n      href=\"http://localhost:8888/turismo_maternidad/html/assets/img/favicon/apple-touch-icon-76x76.png\"\n    />\n    <link\n      rel=\"apple-touch-icon-precomposed\"\n      sizes=\"152x152\"\n      href=\"http://localhost:8888/turismo_maternidad/html/assets/img/favicon/apple-touch-icon-152x152.png\"\n    />\n    <link\n      rel=\"icon\"\n      type=\"image/x-icon\"\n      href=\"http://localhost:8888/turismo_maternidad/html/assets/img/favicon/favicon-196x196.png\"\n      sizes=\"196x196\"\n    />\n    <link\n      rel=\"icon\"\n      type=\"image/x-icon\"\n      href=\"http://localhost:8888/turismo_maternidad/html/assets/img/favicon/favicon-96x96.png\"\n      sizes=\"96x96\"\n    />\n    <link\n      rel=\"icon\"\n      type=\"image/x-icon\"\n      href=\"http://localhost:8888/turismo_maternidad/html/assets/img/favicon/favicon-32x32.png\"\n      sizes=\"32x32\"\n    />\n    <link\n      rel=\"icon\"\n      type=\"image/x-icon\"\n      href=\"http://localhost:8888/turismo_maternidad/html/assets/img/favicon/favicon-128.png\"\n      sizes=\"128x128\"\n    />\n    <meta name=\"application-name\" content=\"&nbsp;\" />\n    <meta name=\"msapplication-TileColor\" content=\"#FFFFFF\" />\n    <meta name=\"msapplication-TileImage\" content=\"mstile-144x144.png\" />\n    <meta name=\"msapplication-square70x70logo\" content=\"mstile-70x70.png\" />\n    <meta name=\"msapplication-square150x150logo\" content=\"mstile-150x150.png\" />\n    <meta name=\"msapplication-wide310x150logo\" content=\"mstile-310x150.png\" />\n    <meta name=\"msapplication-square310x310logo\" content=\"mstile-310x310.png\" />\n    '),
	(63952,'HzIeKwovuDNLE4d4reRGmk8g1AIe5xyYlfYk','es','site:','2019-01-05 15:49:36','	<link rel=\"apple-touch-icon-precomposed\" sizes=\"57x57\" href=\"http://192.168.100.13:8888/turismo_maternidad/html/assets/img/favicon/apple-touch-icon-57x57.png\" />\n	<link rel=\"apple-touch-icon-precomposed\" sizes=\"114x114\" href=\"http://192.168.100.13:8888/turismo_maternidad/html/assets/img/favicon/apple-touch-icon-114x114.png\" />\n	<link rel=\"apple-touch-icon-precomposed\" sizes=\"72x72\" href=\"http://192.168.100.13:8888/turismo_maternidad/html/assets/img/favicon/apple-touch-icon-72x72.png\" />\n	<link rel=\"apple-touch-icon-precomposed\" sizes=\"144x144\" href=\"http://192.168.100.13:8888/turismo_maternidad/html/assets/img/favicon/apple-touch-icon-144x144.png\" />\n	<link rel=\"apple-touch-icon-precomposed\" sizes=\"60x60\" href=\"http://192.168.100.13:8888/turismo_maternidad/html/assets/img/favicon/apple-touch-icon-60x60.png\" />\n	<link rel=\"apple-touch-icon-precomposed\" sizes=\"120x120\" href=\"http://192.168.100.13:8888/turismo_maternidad/html/assets/img/favicon/apple-touch-icon-120x120.png\" />\n	<link rel=\"apple-touch-icon-precomposed\" sizes=\"76x76\" href=\"http://192.168.100.13:8888/turismo_maternidad/html/assets/img/favicon/apple-touch-icon-76x76.png\" />\n	<link rel=\"apple-touch-icon-precomposed\" sizes=\"152x152\" href=\"http://192.168.100.13:8888/turismo_maternidad/html/assets/img/favicon/apple-touch-icon-152x152.png\" />\n	<link rel=\"icon\" type=\"image/x-icon\" href=\"http://192.168.100.13:8888/turismo_maternidad/html/assets/img/favicon/favicon-196x196.png\" sizes=\"196x196\" />\n	<link rel=\"icon\" type=\"image/x-icon\" href=\"http://192.168.100.13:8888/turismo_maternidad/html/assets/img/favicon/favicon-96x96.png\" sizes=\"96x96\" />\n	<link rel=\"icon\" type=\"image/x-icon\" href=\"http://192.168.100.13:8888/turismo_maternidad/html/assets/img/favicon/favicon-32x32.png\" sizes=\"32x32\" />\n	<link rel=\"icon\" type=\"image/x-icon\"  href=\"http://192.168.100.13:8888/turismo_maternidad/html/assets/img/favicon/favicon-128.png\" sizes=\"128x128\" />\n	<meta name=\"application-name\" content=\"&nbsp;\" />\n	<meta name=\"msapplication-TileColor\" content=\"#FFFFFF\" />\n	<meta name=\"msapplication-TileImage\" content=\"mstile-144x144.png\" />\n	<meta name=\"msapplication-square70x70logo\" content=\"mstile-70x70.png\" />\n	<meta name=\"msapplication-square150x150logo\" content=\"mstile-150x150.png\" />\n	<meta name=\"msapplication-wide310x150logo\" content=\"mstile-310x150.png\" />\n	<meta name=\"msapplication-square310x310logo\" content=\"mstile-310x310.png\" />\n	'),
	(63953,'JkNbilIhAY2a9BtzOxpdhAKWnR216aK0Hlak','es','site:','2019-01-05 15:49:36','	<div class=\"loader\">\n		<svg id=\"Layer_1\" data-name=\"Layer 1\" xmlns=\"http://www.w3.org/2000/svg\" viewBox=\"0 0 254.46 45.17\">\n			<defs>\n				<style>.cls-1{fill:#ffffff;}.cls-2{fill:#ffffff;}</style>\n			</defs>\n			<title>Turismo Maternidad Logo</title>\n			<path class=\"cls-1\" d=\"M35.32,32.13a28.32,28.32,0,0,0-1.26-5.25c-.1-.32-.22-.63-.34-.94l-.06-.18a2.38,2.38,0,0,0-.2-.39l.87-1.81a1.94,1.94,0,0,0,0-1.63A75.81,75.81,0,0,0,26,7.3a33.82,33.82,0,0,0-5.59-5.46A9.38,9.38,0,0,0,13,.15,11.46,11.46,0,0,0,11.13.6c-.17.05-1,.45-1,.45-.27.16-.54.34-.81.53A12.1,12.1,0,0,0,6.51,4.27,8.13,8.13,0,0,0,5,7.63a8.63,8.63,0,0,0,1.29,5.86c.22.42,1.07,1.91.87,2.5-.14.39-.29.82-.38,1.09a.64.64,0,0,0,.06.54,3.07,3.07,0,0,0,1.71,1.19l1,1.13c.12.09.62,1,1.06,1.4A19,19,0,0,0,5.76,24c-.37.29-.74.61-1.18,1l0,.05c-.34.34-.69.69-1,1,0,0,0,0,0,0a19.35,19.35,0,0,0-1.87,2.41,10.18,10.18,0,0,0-.94,9.1c1.2,3,4.25,4.75,7.16,5.86a27.11,27.11,0,0,0,9.73,1.62h.3a25.18,25.18,0,0,0,10-1.91,16.34,16.34,0,0,0,4.38-2.72,8.14,8.14,0,0,0,3.23-5.93A14.79,14.79,0,0,0,35.32,32.13Zm-4.58,6.75a14.3,14.3,0,0,1-3.8,2.35A23.18,23.18,0,0,1,17.84,43a25.31,25.31,0,0,1-9.22-1.47,15.37,15.37,0,0,1-3.95-2.18c-7-5.42,1.11-14.33,7-16.18a17.37,17.37,0,0,1,2.68-.62,16.47,16.47,0,0,1,2.7-.18l.63,0L18,21.9a2.53,2.53,0,0,1,.23-.26l.4-.36a4.59,4.59,0,0,1,.81-.52,4.58,4.58,0,0,1,5.61,1c.91,1.35.67,2.68.19,4.09a4.23,4.23,0,0,1-.22.42c-.39.27-.8.87-1.57.87a2.29,2.29,0,0,1-1.39,1.12,7.21,7.21,0,0,1-1,0,2.14,2.14,0,0,1-.41-.1l-1.18-.35a4.54,4.54,0,0,1-.62,1.54c-.15.36-.3.68-.43.93l0,.07a1.6,1.6,0,0,1-.11.19,2.21,2.21,0,0,1-.14.26,1.21,1.21,0,0,1,.48.69.14.14,0,0,0,0,.06A3,3,0,0,0,19.9,33a1.25,1.25,0,0,1,.43,0,1.7,1.7,0,0,1,.83.32,2,2,0,0,1,.34.3.33.33,0,0,1,.1.19h0c0,.18-.19,1-2.09.54a9.17,9.17,0,0,1-3.12-1.23h0a2.43,2.43,0,0,1-.81-.7,11.53,11.53,0,0,1-1.3-2l-.08-.15a6.92,6.92,0,0,0,.6,2.57l0,0h0a22.82,22.82,0,0,0-3.09,2.43c.23-.06,4.07-1.34,4.07-1.34a6.61,6.61,0,0,0,1,.7s3.64,1.76,5.42-.1a1.92,1.92,0,0,0,.22-.35,1.15,1.15,0,0,0,.1-.5,1.27,1.27,0,0,0-.36-.78,3.39,3.39,0,0,0-.49-.45A3.22,3.22,0,0,0,20.51,32a3.08,3.08,0,0,0-.68-.08h-.08s0,0,0-.06a3.93,3.93,0,0,0-.3-.62,2,2,0,0,0-.26-.34c.06-.08.13-.15.19-.22a7.79,7.79,0,0,0,.79-1.32l.22.1a3.22,3.22,0,0,0,1,.24,3.13,3.13,0,0,0,1.08-.17c4.57-.82,5.32-5.55,4.25-8-1.35-3.06-5.11-3.94-8-2.59a7.31,7.31,0,0,0-1.18.7l-.64.57s-1.82,0-2.63.05c-.49.06-1.13.24-1.47,0a3.91,3.91,0,0,1-1.54-1.33l-.95-1.4-.35,0a1.3,1.3,0,0,1-.69-.32,2.24,2.24,0,0,1-.28-.3,3,3,0,0,0,.27-1.42,5.58,5.58,0,0,0-.35-1.59,9.67,9.67,0,0,0-.62-1.41c-.23-.41-.48-.81-.71-1.18a6.69,6.69,0,0,1-.45-1.55l0,0a43.09,43.09,0,0,0,7.13,6l.92.67-.14-.14.8.54L11.17,12A18.51,18.51,0,0,1,7.62,6.73c.17-.8.15-.44.67-1.15a10,10,0,0,1,2.28-2.2c.22-.15.44-.3.66-.43,0,0,.46-.21.58-.25a10.82,10.82,0,0,1,1.54-.37,7.78,7.78,0,0,1,5.92,1.18,34,34,0,0,1,5,5.14,73.09,73.09,0,0,1,8,14.07l-3.92,8.14-.09.19.14-.16S31.75,27,31.76,27a26,26,0,0,1,1.05,3.8C33.45,34,33.38,36.57,30.74,38.88Z\" />\n			<path class=\"cls-1\" d=\"M66.17,18.53a4.85,4.85,0,0,1-1.92.32,4.3,4.3,0,0,0-.81-2.31,2.39,2.39,0,0,0-1.9-.72H60.7V26.74a4.92,4.92,0,0,0,.17,1.49,1.1,1.1,0,0,0,.6.68,3.93,3.93,0,0,0,1.37.26A4.08,4.08,0,0,1,63,30.65c-.93,0-2.26-.07-4-.07-2,0-3.52,0-4.49.07a4.76,4.76,0,0,1,.21-1.48,4.31,4.31,0,0,0,1.41-.26,1.18,1.18,0,0,0,.66-.69A4.27,4.27,0,0,0,57,26.74V15.82h-.55a2.58,2.58,0,0,0-2,.71,5.26,5.26,0,0,0-1,2.32,4.26,4.26,0,0,1-1.89-.32c.14-.68.26-1.41.36-2.18a18,18,0,0,0,.14-2.06c1.15,0,3.45.07,6.89.07,2.86,0,5.14,0,6.84-.07A21.66,21.66,0,0,0,66.17,18.53Z\" />\n			<path class=\"cls-1\" d=\"M76.14,28.38a3,3,0,0,1-.77,1.43,4,4,0,0,1-2.87.92,6.22,6.22,0,0,1-2.56-.43A2.67,2.67,0,0,1,68.6,29a5.69,5.69,0,0,1-.4-2.34V22a4.38,4.38,0,0,0-.09-1.05.72.72,0,0,0-.29-.47,1.56,1.56,0,0,0-.68-.21,4.53,4.53,0,0,1-.1-1c.45,0,1.16.05,2.13.05,1.35,0,2.28,0,2.81-.05a4.74,4.74,0,0,1-.1,1,1.9,1.9,0,0,0-.73.2.75.75,0,0,0-.3.47A5.26,5.26,0,0,0,70.77,22v4.42a4.34,4.34,0,0,0,.54,2.39,2,2,0,0,0,1.78.81,2.43,2.43,0,0,0,.87-.16,1.79,1.79,0,0,0,.72-.51,2.59,2.59,0,0,0,.45-1A10,10,0,0,0,75.27,26V22.42a6.09,6.09,0,0,0-.1-1.29,1.15,1.15,0,0,0-.34-.64,1.26,1.26,0,0,0-.7-.27,5.83,5.83,0,0,1-.09-1c.42,0,1,.05,1.75.05s1.27,0,1.7-.05a5.16,5.16,0,0,1-.1,1,1.25,1.25,0,0,0-.66.26,1.13,1.13,0,0,0-.3.62,6.52,6.52,0,0,0-.08,1.23V26A10.65,10.65,0,0,1,76.14,28.38Z\" />\n			<path class=\"cls-1\" d=\"M87.32,29.24a1.76,1.76,0,0,0,1,.3,3.64,3.64,0,0,1-.14,1,24.2,24.2,0,0,0-3.26.15c-.31-.58-.64-1.26-1-2.05l-.19-.42A8.58,8.58,0,0,0,83,26.88a5.63,5.63,0,0,0-.87-1l-.44,0-.44,0v1.93a5.19,5.19,0,0,0,.09,1.13.76.76,0,0,0,.28.5,1.25,1.25,0,0,0,.59.17,3.42,3.42,0,0,1,.1,1c-.67,0-1.51-.05-2.52-.05s-1.69,0-2.33.05a4.3,4.3,0,0,1,.1-1,1.48,1.48,0,0,0,.7-.18.77.77,0,0,0,.34-.48,3.89,3.89,0,0,0,.1-1v-6a4.21,4.21,0,0,0-.09-1,.7.7,0,0,0-.33-.47,1.85,1.85,0,0,0-.72-.19,3.72,3.72,0,0,1-.1-1c1,0,1.87.05,2.48.05l1.25,0,2,0a4.44,4.44,0,0,1,2.94.84,2.69,2.69,0,0,1,1,2.17,3.23,3.23,0,0,1-.7,2.15,3.57,3.57,0,0,1-1.9,1.16,3.52,3.52,0,0,1,1,.89,16.7,16.7,0,0,1,1.07,1.83A4.25,4.25,0,0,0,87.32,29.24Zm-3.62-5a2.18,2.18,0,0,0,.73-1.75,2.34,2.34,0,0,0-.56-1.67,2.11,2.11,0,0,0-1.63-.6,3.14,3.14,0,0,0-1,.13v4.42a3.1,3.1,0,0,0,.63.07A2.71,2.71,0,0,0,83.7,24.22Z\" />\n			<path class=\"cls-1\" d=\"M90.41,20.88a.83.83,0,0,0-.32-.47,1.75,1.75,0,0,0-.72-.19,3.62,3.62,0,0,1-.11-1c.57,0,1.42.05,2.57.05,1,0,1.79,0,2.47-.05,0,.19,0,.37,0,.55a1.85,1.85,0,0,1-.1.49,1.82,1.82,0,0,0-.71.18.81.81,0,0,0-.33.47,4.36,4.36,0,0,0-.09,1v6a4.35,4.35,0,0,0,.1,1,.77.77,0,0,0,.34.48,1.51,1.51,0,0,0,.7.18,3.86,3.86,0,0,1,.11,1c-.58,0-1.37-.05-2.39-.05s-2,0-2.65.05a4,4,0,0,1,.11-1,1.52,1.52,0,0,0,.71-.18.76.76,0,0,0,.33-.48,4.46,4.46,0,0,0,.09-1v-6A4.21,4.21,0,0,0,90.41,20.88Z\" />\n			<path class=\"cls-1\" d=\"M97.45,30.48a8.69,8.69,0,0,1-1.84-.75,14.78,14.78,0,0,0,.2-2.64,5.8,5.8,0,0,1,1.54-.17A3.89,3.89,0,0,0,97.9,29a1.84,1.84,0,0,0,1.57.61,2,2,0,0,0,1.39-.4A1.31,1.31,0,0,0,101,27.4a2.31,2.31,0,0,0-.71-.59c-.28-.16-.68-.36-1.18-.6a13.76,13.76,0,0,1-1.72-.91,4,4,0,0,1-1.14-1.15,3.26,3.26,0,0,1-.47-1.8,2.92,2.92,0,0,1,1.05-2.44,4.2,4.2,0,0,1,2.73-.84,7.93,7.93,0,0,1,1.81.22,4.73,4.73,0,0,1,1.37.52,17.8,17.8,0,0,0,.12,2.41,2.62,2.62,0,0,1-.68.2,5.76,5.76,0,0,1-.82.06,3.79,3.79,0,0,0-.7-1.83,1.6,1.6,0,0,0-1.23-.5,1.79,1.79,0,0,0-1.13.33,1.13,1.13,0,0,0-.42.95,1.39,1.39,0,0,0,.31.88A2.94,2.94,0,0,0,99,23c.31.17.73.39,1.27.63a17.29,17.29,0,0,1,1.74.93,3.83,3.83,0,0,1,1.15,1.12,3.33,3.33,0,0,1-.62,4.17,4.66,4.66,0,0,1-3.13.92A7.28,7.28,0,0,1,97.45,30.48Z\" />\n			<path class=\"cls-1\" d=\"M120,30.63c-.48,0-1.38-.05-2.73-.05-.61,0-1.39,0-2.33.05a5,5,0,0,1,.12-1,1.46,1.46,0,0,0,.84-.28,1.12,1.12,0,0,0,.21-.79q0-.19-.06-1l-.54-5.14-3.29,8.18a2.9,2.9,0,0,1-1,.13l-3.71-8.28L107,27a10.83,10.83,0,0,0-.06,1.09,1.93,1.93,0,0,0,.25,1.16,1.12,1.12,0,0,0,.85.37,4.19,4.19,0,0,1,.1,1c-.41,0-1-.05-1.81-.05-.51,0-1.16,0-1.93.05a4.07,4.07,0,0,1,.12-1,1.22,1.22,0,0,0,.72-.26,1.58,1.58,0,0,0,.43-.78,10.56,10.56,0,0,0,.26-1.61l.43-4.93c0-.29,0-.49,0-.6a1.36,1.36,0,0,0-.25-.93,1.15,1.15,0,0,0-.86-.26,3.57,3.57,0,0,1-.12-1c.44,0,1.07.05,1.88.05s1.44,0,1.83-.05l3.57,8.16,3.07-8.16c.5,0,1.15.05,1.93.05s1.35,0,1.83-.05a4.24,4.24,0,0,1-.11,1,1.16,1.16,0,0,0-.88.28,1.47,1.47,0,0,0-.27,1,5.59,5.59,0,0,0,0,.56l.53,5.29a9.88,9.88,0,0,0,.23,1.38,1.21,1.21,0,0,0,.35.62,1.44,1.44,0,0,0,.68.21A4.25,4.25,0,0,1,120,30.63Z\" />\n			<path class=\"cls-1\" d=\"M123.23,30a5.18,5.18,0,0,1-2-2.09,6.53,6.53,0,0,1-.7-3,6.24,6.24,0,0,1,.73-3,5.19,5.19,0,0,1,2-2,5.88,5.88,0,0,1,2.92-.72,6.16,6.16,0,0,1,3,.71,5,5,0,0,1,2,2,6,6,0,0,1,.72,3,6.52,6.52,0,0,1-.71,3.09,5.31,5.31,0,0,1-2,2.13,5.66,5.66,0,0,1-3,.77A6,6,0,0,1,123.23,30Zm5.29-1.59a6.4,6.4,0,0,0,.74-3.28,7.24,7.24,0,0,0-.42-2.52,4.23,4.23,0,0,0-1.16-1.8,2.52,2.52,0,0,0-1.72-.67,2.26,2.26,0,0,0-2,1.15,5.83,5.83,0,0,0-.74,3.15,8.71,8.71,0,0,0,.37,2.61,4.42,4.42,0,0,0,1.1,1.9,2.49,2.49,0,0,0,1.79.7A2.23,2.23,0,0,0,128.52,28.4Z\" />\n			<path class=\"cls-1\" d=\"M160.65,30.65c-.67,0-2-.07-3.89-.07-.88,0-2,0-3.33.07a6.6,6.6,0,0,1,.17-1.48,2.16,2.16,0,0,0,1.2-.4,1.62,1.62,0,0,0,.31-1.14c0-.18,0-.63-.1-1.37l-.77-7.34-4.7,11.69a4.3,4.3,0,0,1-1.44.19L142.8,19l-.65,6.45a12.57,12.57,0,0,0-.1,1.56,2.81,2.81,0,0,0,.36,1.66,1.69,1.69,0,0,0,1.23.53,6.38,6.38,0,0,1,.14,1.48c-.59,0-1.46-.07-2.59-.07-.74,0-1.66,0-2.76.07a5.53,5.53,0,0,1,.17-1.48,1.8,1.8,0,0,0,1-.38,2.22,2.22,0,0,0,.61-1.11,14.26,14.26,0,0,0,.37-2.31l.62-7c0-.41.05-.7.05-.86a1.91,1.91,0,0,0-.36-1.33,1.65,1.65,0,0,0-1.22-.37,5.25,5.25,0,0,1-.17-1.49c.62,0,1.52.07,2.69.07s2.05,0,2.62-.07L149.92,26l4.39-11.66c.72,0,1.64.07,2.77.07s1.92,0,2.61-.07a5.17,5.17,0,0,1-.17,1.49,1.68,1.68,0,0,0-1.25.4,2.14,2.14,0,0,0-.38,1.44c0,.15,0,.41.05.79l.77,7.56a12.26,12.26,0,0,0,.32,2,1.57,1.57,0,0,0,.51.88,2,2,0,0,0,1,.31A6.67,6.67,0,0,1,160.65,30.65Z\" />\n			<path class=\"cls-1\" d=\"M172,30.65c-.54,0-1.32,0-2.32,0-1.16,0-2,0-2.49,0a3.57,3.57,0,0,1,.12-1,1.53,1.53,0,0,0,.59-.21.4.4,0,0,0,.18-.36,2.25,2.25,0,0,0-.22-.72l-.38-.91c-1.49,0-2.86,0-4.1.12l-.22.55a2.48,2.48,0,0,0-.17.74c0,.46.27.72.81.79a4.24,4.24,0,0,1,.11,1c-.38,0-1,0-1.79,0s-1.2,0-1.52,0a3.44,3.44,0,0,1,.14-1,1,1,0,0,0,.68-.41,6.78,6.78,0,0,0,.66-1.34l3.53-8.63a4,4,0,0,1,.48-.07h.53l3.85,8.61a11.92,11.92,0,0,0,.56,1.16,1.87,1.87,0,0,0,.39.52,1,1,0,0,0,.44.17A3.64,3.64,0,0,1,172,30.65Zm-4.94-4.18-.91-2.12a17.9,17.9,0,0,1-.79-2.15c-.23.74-.47,1.45-.74,2.14l-.84,2.13Z\" />\n			<path class=\"cls-1\" d=\"M181.17,22.15a3.59,3.59,0,0,1-1.35.22,3.06,3.06,0,0,0-.57-1.62,1.68,1.68,0,0,0-1.33-.5h-.58v7.64a3.84,3.84,0,0,0,.11,1.05.78.78,0,0,0,.42.47,2.54,2.54,0,0,0,1,.18,2.86,2.86,0,0,1,.14,1c-.65,0-1.58-.05-2.79-.05-1.42,0-2.46,0-3.15.05a3.29,3.29,0,0,1,.16-1,2.8,2.8,0,0,0,1-.18.81.81,0,0,0,.46-.48,3.06,3.06,0,0,0,.13-1V20.25h-.38a1.82,1.82,0,0,0-1.43.5,3.73,3.73,0,0,0-.69,1.62,3.17,3.17,0,0,1-1.33-.22c.11-.48.19-1,.26-1.53a13.43,13.43,0,0,0,.1-1.44c.8,0,2.41.05,4.82.05,2,0,3.6,0,4.79-.05A13.63,13.63,0,0,0,181.17,22.15Z\" />\n			<path class=\"cls-1\" d=\"M191.05,27.83a13.85,13.85,0,0,0-.53,2.79c-1.12,0-2.46,0-4,0s-3.22,0-4.8.05a4.09,4.09,0,0,1,.1-1,1.56,1.56,0,0,0,.71-.18.76.76,0,0,0,.34-.5,4.94,4.94,0,0,0,.09-1.1V21.9a4.21,4.21,0,0,0-.09-1,.76.76,0,0,0-.33-.47,1.85,1.85,0,0,0-.72-.19,3.74,3.74,0,0,1-.1-1c.87,0,2.13.05,3.78.05,2.28,0,3.82,0,4.62-.05,0,.47.06,1,.12,1.51a9.27,9.27,0,0,0,.23,1.32,2.83,2.83,0,0,1-1.28.26,2.66,2.66,0,0,0-.69-1.52,2.55,2.55,0,0,0-1.83-.53h-1.16v4.16H186a2.05,2.05,0,0,0,1.24-.26,1.28,1.28,0,0,0,.34-1,3.85,3.85,0,0,1,1.19-.16c0,.73-.06,1.37-.06,1.91s0,1.27.06,2a3.75,3.75,0,0,1-1.16-.14,1.43,1.43,0,0,0-.4-1,2,2,0,0,0-1.21-.27h-.49v2.35a3.78,3.78,0,0,0,.13,1.1.85.85,0,0,0,.42.53,2,2,0,0,0,.87.15h.2a3.16,3.16,0,0,0,1.34-.23,1.75,1.75,0,0,0,.79-.68,5.81,5.81,0,0,0,.54-1.29A2.29,2.29,0,0,1,191.05,27.83Z\" />\n			<path class=\"cls-1\" d=\"M201.87,29.24a1.75,1.75,0,0,0,1,.3,3.65,3.65,0,0,1-.13,1,24.2,24.2,0,0,0-3.26.15c-.31-.58-.64-1.26-1-2.05l-.19-.42a10.57,10.57,0,0,0-.72-1.38,6.06,6.06,0,0,0-.87-1l-.44,0-.44,0v1.93a5.19,5.19,0,0,0,.09,1.13.76.76,0,0,0,.28.5,1.25,1.25,0,0,0,.59.17,3.42,3.42,0,0,1,.1,1c-.67,0-1.51-.05-2.52-.05s-1.7,0-2.33.05a4.3,4.3,0,0,1,.1-1,1.48,1.48,0,0,0,.7-.18.77.77,0,0,0,.34-.48,3.89,3.89,0,0,0,.1-1v-6a4.21,4.21,0,0,0-.09-1,.7.7,0,0,0-.33-.47,1.85,1.85,0,0,0-.72-.19,3.72,3.72,0,0,1-.1-1c1,0,1.87.05,2.48.05l1.25,0,1.94,0a4.47,4.47,0,0,1,2.95.84,2.69,2.69,0,0,1,1,2.17,3.23,3.23,0,0,1-.7,2.15,3.57,3.57,0,0,1-1.9,1.16,3.52,3.52,0,0,1,1,.89,16.7,16.7,0,0,1,1.07,1.83A4.25,4.25,0,0,0,201.87,29.24Zm-3.62-5a2.17,2.17,0,0,0,.72-1.75,2.34,2.34,0,0,0-.55-1.67,2.11,2.11,0,0,0-1.63-.6,3.14,3.14,0,0,0-1,.13v4.42a3,3,0,0,0,.62.07A2.72,2.72,0,0,0,198.25,24.22Z\" />\n			<path class=\"cls-1\" d=\"M213.83,19.13a4.25,4.25,0,0,1-.1,1,1.07,1.07,0,0,0-.64.24,1.23,1.23,0,0,0-.3.69,10.73,10.73,0,0,0-.08,1.48v8a4.27,4.27,0,0,1-1.18.13l-6.26-8.33v4.77a7.91,7.91,0,0,0,.1,1.48,1.12,1.12,0,0,0,.36.71,1.41,1.41,0,0,0,.78.25,3.3,3.3,0,0,1,.12,1c-.48,0-1.11-.05-1.88-.05s-1.53,0-1.95.05a3.71,3.71,0,0,1,.11-1,1.39,1.39,0,0,0,.78-.26,1.18,1.18,0,0,0,.38-.72,6.66,6.66,0,0,0,.12-1.46V20.89l-.17-.21a1,1,0,0,0-.4-.36,3,3,0,0,0-.71-.15,4.36,4.36,0,0,1-.11-1c.4,0,1,.05,1.79.05s1.31,0,1.57-.05l5.46,7.38V22.58a8.66,8.66,0,0,0-.1-1.47,1.15,1.15,0,0,0-.38-.69,1.81,1.81,0,0,0-.83-.25,4.77,4.77,0,0,1-.1-1c.49,0,1.13.05,1.93.05S213.42,19.16,213.83,19.13Z\" />\n			<path class=\"cls-1\" d=\"M215.84,20.88a.78.78,0,0,0-.32-.47,1.75,1.75,0,0,0-.71-.19,3.57,3.57,0,0,1-.12-1c.57,0,1.43.05,2.57.05,1,0,1.8,0,2.47-.05,0,.19,0,.37,0,.55a1.53,1.53,0,0,1-.1.49,1.76,1.76,0,0,0-.7.18.73.73,0,0,0-.33.47,4.36,4.36,0,0,0-.09,1v6a3.89,3.89,0,0,0,.1,1,.76.76,0,0,0,.33.48,1.56,1.56,0,0,0,.71.18,3.93,3.93,0,0,1,.1,1c-.57,0-1.37-.05-2.38-.05s-2,0-2.66.05a4,4,0,0,1,.12-1,1.48,1.48,0,0,0,.7-.18.73.73,0,0,0,.33-.48,4.46,4.46,0,0,0,.09-1v-6A4.21,4.21,0,0,0,215.84,20.88Z\" />\n			<path class=\"cls-1\" d=\"M230.33,20.34c1.13.77,1.7,2.2,1.7,4.28a5.85,5.85,0,0,1-1.09,3.8,5.2,5.2,0,0,1-2.48,1.74,9.27,9.27,0,0,1-2.68.42c-1.63,0-3.23,0-4.81.05a4.6,4.6,0,0,1,.1-1,1.57,1.57,0,0,0,.72-.18.75.75,0,0,0,.33-.5,4.3,4.3,0,0,0,.1-1.1V21.9a3.67,3.67,0,0,0-.1-1,.78.78,0,0,0-.32-.47,1.86,1.86,0,0,0-.73-.19,4.87,4.87,0,0,1-.1-1c.68,0,1.67.05,3,.05l.83,0,1,0A7.94,7.94,0,0,1,230.33,20.34Zm-1.86,8.22c.6-.66.9-1.87.9-3.66a5.21,5.21,0,0,0-1-3.61,3.44,3.44,0,0,0-2.63-1.11,2.35,2.35,0,0,0-.92.15v7.43a4.32,4.32,0,0,0,.11,1.1.85.85,0,0,0,.42.53,1.92,1.92,0,0,0,.86.15A3,3,0,0,0,228.47,28.56Z\" />\n			<path class=\"cls-1\" d=\"M243.41,30.63c-.54,0-1.31-.05-2.32-.05s-2,0-2.49.05a3.57,3.57,0,0,1,.12-1,1.47,1.47,0,0,0,.59-.21.41.41,0,0,0,.19-.36,2.56,2.56,0,0,0-.22-.72l-.39-.91c-1.49,0-2.86,0-4.1.12l-.22.55a2.48,2.48,0,0,0-.17.74c0,.46.27.72.81.79a3.76,3.76,0,0,1,.12,1c-.38,0-1-.05-1.8-.05s-1.2,0-1.51.05a3.47,3.47,0,0,1,.13-1,1,1,0,0,0,.68-.41,6.15,6.15,0,0,0,.67-1.34L237,19.21a3.54,3.54,0,0,1,.47-.07l.53,0,3.85,8.62c.24.53.42.92.56,1.16a2.4,2.4,0,0,0,.52.61c.12.1.15.06.32.08A4,4,0,0,1,243.41,30.63Zm-4.94-4.18-.91-2.12a19.8,19.8,0,0,1-.79-2.15c-.22.74-.47,1.45-.74,2.14l-.84,2.13Z\" />\n			<path class=\"cls-1\" d=\"M252.77,20.34c1.13.77,1.69,2.2,1.69,4.28a5.8,5.8,0,0,1-1.09,3.8,5.15,5.15,0,0,1-2.48,1.74,9.17,9.17,0,0,1-2.68.42c-1.62,0-3.22,0-4.8.05a4.09,4.09,0,0,1,.1-1,1.56,1.56,0,0,0,.71-.18.72.72,0,0,0,.34-.5,4.94,4.94,0,0,0,.09-1.1V21.9a4.21,4.21,0,0,0-.09-1,.76.76,0,0,0-.33-.47,1.8,1.8,0,0,0-.72-.19,4.3,4.3,0,0,1-.1-1c.67,0,1.67.05,3,.05l.82,0,1,0A8,8,0,0,1,252.77,20.34Zm-1.87,8.22c.61-.66.91-1.87.91-3.66a5.26,5.26,0,0,0-1-3.61,3.44,3.44,0,0,0-2.63-1.11,2.44,2.44,0,0,0-.93.15v7.43a3.84,3.84,0,0,0,.12,1.1.87.87,0,0,0,.41.53,2,2,0,0,0,.87.15A3,3,0,0,0,250.9,28.56Z\" />\n			<path class=\"cls-1\" d=\"M77.39,20.22a1.66,1.66,0,0,1,.51,0l.2-.44-.61-.63-.24.52Z\" />\n			<path class=\"cls-1\" d=\"M243.28,29.59a1.5,1.5,0,0,0,.23,0l.16.25-.26.79-.35-.13s-.45-.41-.42-.44l.34-.29Z\" />\n			<polygon class=\"cls-1\" points=\"202.72 30.58 203.24 30.56 203.3 30.06 202.91 29.55 202.85 29.54 202.48 29.72 202.21 29.98 202.72 30.58\" />\n			<path class=\"cls-2\" d=\"M77.47,20.21a1.32,1.32,0,0,0-.88.27,1.81,1.81,0,0,0-.23,1.16c0,.82.82.18.82.18S77.74,20.21,77.47,20.21Z\" />\n		</svg>\n	</div>\n		<header class=\"headroom\">\n		<div class=\"helper-nav py-2\">\n			<div class=\"container d-flex\">\n				<div class=\"helper-nav__contact-links\">\n					<ul class=\"list-unstyled m-0 list-inline d-none d-md-block\">\n						<li class=\"list-inline-item\"><i class=\"fa fa-envelope-o mr-2\"></i><a href=\"mailto:info@turismomaternidad.com\">info@turismomaternidad.com</a></li>\n					</ul>\n				</div>\n				<div class=\"helper-nav__social-links ml-auto \">\n					<ul class=\"list-unstyled m-0 list-inline\">\n						<li class=\"list-inline-item mx-2\"><a href=\"https://www.facebook.com/Turismo-Maternidad-212574079290183/\" target=\"_blank\"><i\n								 class=\"fa fa-facebook\" aria-hidden=\"true\"></i></a></li>\n						<!-- <li class=\"list-inline-item mx-2\"><a href=\"#\" target=\"_blank\"><i class=\"fa fa-linkedin\" aria-hidden=\"true\"></i></a></li>\n							<li class=\"list-inline-item mx-2\"><a href=\"#\" target=\"_blank\"><i class=\"fa fa-twitter\" aria-hidden=\"true\"></i></a></li> -->\n						<li class=\"list-inline-item mx-2\"><a href=\"https://plus.google.com/100396589339798709694\" target=\"_blank\"><i\n								 class=\"fa fa-google-plus\" aria-hidden=\"true\"></i></a></li>\n					</ul>\n				</div>\n			</div>\n		</div>\n		<div class=\"container\">\n			<nav class=\"main-navbar navbar navbar-expand-lg navbar-light p-0 align-items-center flex-row flex-wrap\">\n\n				<a class=\"navbar-brand py-2\" href=\"http://192.168.100.13:8888/turismo_maternidad/html/\">\n					<img class=\"logo-menu d-none d-md-block\" src=\"http://192.168.100.13:8888/turismo_maternidad/html/assets/img/logo-color.svg\" alt=\"Turismo de Maternidad\">\n					<img class=\"logo-menu-responsive d-block d-md-none\" src=\"http://192.168.100.13:8888/turismo_maternidad/html/assets/img/iso-logo.svg\" alt=\"Turismo de Maternidad\">\n				</a>\n				<button class=\"navbar-toggler navbar-toggler-right ml-3 order-1\" type=\"button\" data-toggle=\"collapse\" data-target=\"#navbarNavDropdown\"\n				 aria-controls=\"navbarNavDropdown\" aria-expanded=\"false\" aria-label=\"Toggle navigation\">\n					<span class=\"navbar-toggler-icon\"></span>\n				</button>\n				<a data-chat=\"open\" class=\"btn btn-purple d-lg-none d-block ml-auto\">Chatea ahora</a>\n				<div class=\"d-block d-lg-none responsive-nav order-2\">\n					<div class=\"collapse navbar-collapse align-items-center\" id=\"navbarNavDropdown\">\n						<ul class=\"navbar-nav ml-0 ml-lg-4 h-100 my-2 my-lg-0\">\n							<li class=\"nav-item active\">\n								<a class=\"nav-link menu-link mx-2 mx-xl-3 h-100 d-flex align-items-center\" href=\"http://192.168.100.13:8888/turismo_maternidad/html/\">\n									Inicio\n								</a>\n							</li>\n							<li class=\"nav-item \">\n								<a class=\"nav-link menu-link mx-2 mx-xl-3 h-100 d-flex align-items-center\" href=\"http://192.168.100.13:8888/turismo_maternidad/html/precios\">\n									Precios\n								</a>\n							</li>\n							<li class=\"nav-item  hidden-md-down\">\n								<a class=\"nav-link menu-link mx-2 mx-xl-3 h-100 d-flex align-items-center\" href=\"http://192.168.100.13:8888/turismo_maternidad/html/paso-paso\">\n									Paso a Paso\n								</a>\n							</li>\n							<li class=\"nav-item \">\n								<a class=\"nav-link menu-link mx-2 mx-xl-3 h-100 d-flex align-items-center\" href=\"http://192.168.100.13:8888/turismo_maternidad/html/proceso-migratorio\">\n									Proceso Migratorio\n								</a>\n							</li>\n							<li class=\"nav-item \">\n								<a class=\"nav-link menu-link mx-2 mx-xl-3 h-100 d-flex align-items-center\" href=\"http://192.168.100.13:8888/turismo_maternidad/html/doctores\">\n									Doctores\n								</a>\n							</li>\n														<li class=\"nav-item \">\n								<a class=\"nav-link menu-link mx-2 mx-xl-3 h-100 d-flex align-items-center\" href=\"http://192.168.100.13:8888/turismo_maternidad/html/faqs\">\n									Preguntas Frecuentes\n								</a>\n							</li>\n							<li class=\"py-3 nav-item \">\n								<a class=\"nav-link p-0 px-4 menu-link mx-2 mx-xl-3 h-100 d-flex align-items-center\" href=\"http://192.168.100.13:8888/turismo_maternidad/html/soy-doctor\">\n									¿Eres doctor?\n								</a>\n							</li>\n						</ul>\n					</div>\n				</div>\n				<div class=\"d-lg-block d-none ml-auto\">\n					<div class=\"d-flex align-items-center justify-content-end ml-auto py-lg-4 py-0\">\n						<a href=\"tel:018000440189\">\n							<h3 class=\"h3 mb-0\"><i class=\"fa fa-phone mr-2 pink\"></i>01 800 044 0189</h3>\n							<p class=\"mt-0 text-center light-gray mb-0\"><small>Contáctanos de Lu-Vi de 9am-5pm</small></p>\n						</a>\n						<p class=\"mx-5 my-0\">ó</p>\n						<a data-chat=\"open\" class=\"btn btn-purple\">Chatea con nosotros</a>\n					</div>\n				</div>\n			</nav>\n		</div>\n		<div class=\"container-fluid pink-nav d-lg-block d-none\">\n			<nav class=\"navbar navbar-expand-lg navbar-light p-0 align-items-center flex-row flex-wrap justify-content-center\">\n				<div class=\"align-items-center\">\n					<ul class=\"navbar-nav ml-0 ml-lg-4 h-100 my-2 my-lg-0\">\n						<li class=\"py-3 nav-item active\">\n							<a class=\"nav-link p-0 px-4 menu-link mx-2 mx-xl-3 h-100 d-flex align-items-center\" href=\"http://192.168.100.13:8888/turismo_maternidad/html/\">\n								Inicio\n							</a>\n						</li>\n						<li class=\"py-3 nav-item \">\n							<a class=\"nav-link p-0 px-4 menu-link mx-2 mx-xl-3 h-100 d-flex align-items-center\" href=\"http://192.168.100.13:8888/turismo_maternidad/html/precios\">\n								Precios\n							</a>\n						</li>\n						<li class=\"py-3 nav-item  hidden-md-down\">\n							<a class=\"nav-link p-0 px-4 menu-link mx-2 mx-xl-3 h-100 d-flex align-items-center\" href=\"http://192.168.100.13:8888/turismo_maternidad/html/paso-paso\">\n								Paso a Paso\n							</a>\n						</li>\n						<li class=\"py-3 nav-item \">\n							<a class=\"nav-link p-0 px-4 menu-link mx-2 mx-xl-3 h-100 d-flex align-items-center\" href=\"http://192.168.100.13:8888/turismo_maternidad/html/proceso-migratorio\">\n								Proceso Migratorio\n							</a>\n						</li>\n						<li class=\"py-3 nav-item \">\n							<a class=\"nav-link p-0 px-4 menu-link mx-2 mx-xl-3 h-100 d-flex align-items-center\" href=\"http://192.168.100.13:8888/turismo_maternidad/html/doctores\">\n								Doctores\n							</a>\n						</li>\n												<li class=\"py-3 nav-item \">\n							<a class=\"nav-link p-0 px-4 menu-link mx-2 mx-xl-3 h-100 d-flex align-items-center\" href=\"http://192.168.100.13:8888/turismo_maternidad/html/faqs\">\n								Preguntas Frecuentes\n							</a>\n						</li>\n						<li class=\"py-3 nav-item \">\n							<a class=\"nav-link p-0 px-4 menu-link mx-2 mx-xl-3 h-100 d-flex align-items-center\" href=\"http://192.168.100.13:8888/turismo_maternidad/html/soy-doctor\">\n								¿Eres doctor?\n							</a>\n						</li>\n					</ul>\n				</div>\n			</nav>\n		</div>\n		'),
	(63954,'HzIeKwovuDNLE4d4reRGmk8g1AIe5xyYlfYk','es','site:politicas-privacidad','2019-01-05 16:36:53','	<link rel=\"apple-touch-icon-precomposed\" sizes=\"57x57\" href=\"http://192.168.100.13:8888/turismo_maternidad/html/assets/img/favicon/apple-touch-icon-57x57.png\" />\n	<link rel=\"apple-touch-icon-precomposed\" sizes=\"114x114\" href=\"http://192.168.100.13:8888/turismo_maternidad/html/assets/img/favicon/apple-touch-icon-114x114.png\" />\n	<link rel=\"apple-touch-icon-precomposed\" sizes=\"72x72\" href=\"http://192.168.100.13:8888/turismo_maternidad/html/assets/img/favicon/apple-touch-icon-72x72.png\" />\n	<link rel=\"apple-touch-icon-precomposed\" sizes=\"144x144\" href=\"http://192.168.100.13:8888/turismo_maternidad/html/assets/img/favicon/apple-touch-icon-144x144.png\" />\n	<link rel=\"apple-touch-icon-precomposed\" sizes=\"60x60\" href=\"http://192.168.100.13:8888/turismo_maternidad/html/assets/img/favicon/apple-touch-icon-60x60.png\" />\n	<link rel=\"apple-touch-icon-precomposed\" sizes=\"120x120\" href=\"http://192.168.100.13:8888/turismo_maternidad/html/assets/img/favicon/apple-touch-icon-120x120.png\" />\n	<link rel=\"apple-touch-icon-precomposed\" sizes=\"76x76\" href=\"http://192.168.100.13:8888/turismo_maternidad/html/assets/img/favicon/apple-touch-icon-76x76.png\" />\n	<link rel=\"apple-touch-icon-precomposed\" sizes=\"152x152\" href=\"http://192.168.100.13:8888/turismo_maternidad/html/assets/img/favicon/apple-touch-icon-152x152.png\" />\n	<link rel=\"icon\" type=\"image/x-icon\" href=\"http://192.168.100.13:8888/turismo_maternidad/html/assets/img/favicon/favicon-196x196.png\" sizes=\"196x196\" />\n	<link rel=\"icon\" type=\"image/x-icon\" href=\"http://192.168.100.13:8888/turismo_maternidad/html/assets/img/favicon/favicon-96x96.png\" sizes=\"96x96\" />\n	<link rel=\"icon\" type=\"image/x-icon\" href=\"http://192.168.100.13:8888/turismo_maternidad/html/assets/img/favicon/favicon-32x32.png\" sizes=\"32x32\" />\n	<link rel=\"icon\" type=\"image/x-icon\"  href=\"http://192.168.100.13:8888/turismo_maternidad/html/assets/img/favicon/favicon-128.png\" sizes=\"128x128\" />\n	<meta name=\"application-name\" content=\"&nbsp;\" />\n	<meta name=\"msapplication-TileColor\" content=\"#FFFFFF\" />\n	<meta name=\"msapplication-TileImage\" content=\"mstile-144x144.png\" />\n	<meta name=\"msapplication-square70x70logo\" content=\"mstile-70x70.png\" />\n	<meta name=\"msapplication-square150x150logo\" content=\"mstile-150x150.png\" />\n	<meta name=\"msapplication-wide310x150logo\" content=\"mstile-310x150.png\" />\n	<meta name=\"msapplication-square310x310logo\" content=\"mstile-310x310.png\" />\n	'),
	(63955,'JkNbilIhAY2a9BtzOxpdhAKWnR216aK0Hlak','es','site:politicas-privacidad','2019-01-05 16:36:53','	<div class=\"loader\">\n		<svg id=\"Layer_1\" data-name=\"Layer 1\" xmlns=\"http://www.w3.org/2000/svg\" viewBox=\"0 0 254.46 45.17\">\n			<defs>\n				<style>.cls-1{fill:#ffffff;}.cls-2{fill:#ffffff;}</style>\n			</defs>\n			<title>Turismo Maternidad Logo</title>\n			<path class=\"cls-1\" d=\"M35.32,32.13a28.32,28.32,0,0,0-1.26-5.25c-.1-.32-.22-.63-.34-.94l-.06-.18a2.38,2.38,0,0,0-.2-.39l.87-1.81a1.94,1.94,0,0,0,0-1.63A75.81,75.81,0,0,0,26,7.3a33.82,33.82,0,0,0-5.59-5.46A9.38,9.38,0,0,0,13,.15,11.46,11.46,0,0,0,11.13.6c-.17.05-1,.45-1,.45-.27.16-.54.34-.81.53A12.1,12.1,0,0,0,6.51,4.27,8.13,8.13,0,0,0,5,7.63a8.63,8.63,0,0,0,1.29,5.86c.22.42,1.07,1.91.87,2.5-.14.39-.29.82-.38,1.09a.64.64,0,0,0,.06.54,3.07,3.07,0,0,0,1.71,1.19l1,1.13c.12.09.62,1,1.06,1.4A19,19,0,0,0,5.76,24c-.37.29-.74.61-1.18,1l0,.05c-.34.34-.69.69-1,1,0,0,0,0,0,0a19.35,19.35,0,0,0-1.87,2.41,10.18,10.18,0,0,0-.94,9.1c1.2,3,4.25,4.75,7.16,5.86a27.11,27.11,0,0,0,9.73,1.62h.3a25.18,25.18,0,0,0,10-1.91,16.34,16.34,0,0,0,4.38-2.72,8.14,8.14,0,0,0,3.23-5.93A14.79,14.79,0,0,0,35.32,32.13Zm-4.58,6.75a14.3,14.3,0,0,1-3.8,2.35A23.18,23.18,0,0,1,17.84,43a25.31,25.31,0,0,1-9.22-1.47,15.37,15.37,0,0,1-3.95-2.18c-7-5.42,1.11-14.33,7-16.18a17.37,17.37,0,0,1,2.68-.62,16.47,16.47,0,0,1,2.7-.18l.63,0L18,21.9a2.53,2.53,0,0,1,.23-.26l.4-.36a4.59,4.59,0,0,1,.81-.52,4.58,4.58,0,0,1,5.61,1c.91,1.35.67,2.68.19,4.09a4.23,4.23,0,0,1-.22.42c-.39.27-.8.87-1.57.87a2.29,2.29,0,0,1-1.39,1.12,7.21,7.21,0,0,1-1,0,2.14,2.14,0,0,1-.41-.1l-1.18-.35a4.54,4.54,0,0,1-.62,1.54c-.15.36-.3.68-.43.93l0,.07a1.6,1.6,0,0,1-.11.19,2.21,2.21,0,0,1-.14.26,1.21,1.21,0,0,1,.48.69.14.14,0,0,0,0,.06A3,3,0,0,0,19.9,33a1.25,1.25,0,0,1,.43,0,1.7,1.7,0,0,1,.83.32,2,2,0,0,1,.34.3.33.33,0,0,1,.1.19h0c0,.18-.19,1-2.09.54a9.17,9.17,0,0,1-3.12-1.23h0a2.43,2.43,0,0,1-.81-.7,11.53,11.53,0,0,1-1.3-2l-.08-.15a6.92,6.92,0,0,0,.6,2.57l0,0h0a22.82,22.82,0,0,0-3.09,2.43c.23-.06,4.07-1.34,4.07-1.34a6.61,6.61,0,0,0,1,.7s3.64,1.76,5.42-.1a1.92,1.92,0,0,0,.22-.35,1.15,1.15,0,0,0,.1-.5,1.27,1.27,0,0,0-.36-.78,3.39,3.39,0,0,0-.49-.45A3.22,3.22,0,0,0,20.51,32a3.08,3.08,0,0,0-.68-.08h-.08s0,0,0-.06a3.93,3.93,0,0,0-.3-.62,2,2,0,0,0-.26-.34c.06-.08.13-.15.19-.22a7.79,7.79,0,0,0,.79-1.32l.22.1a3.22,3.22,0,0,0,1,.24,3.13,3.13,0,0,0,1.08-.17c4.57-.82,5.32-5.55,4.25-8-1.35-3.06-5.11-3.94-8-2.59a7.31,7.31,0,0,0-1.18.7l-.64.57s-1.82,0-2.63.05c-.49.06-1.13.24-1.47,0a3.91,3.91,0,0,1-1.54-1.33l-.95-1.4-.35,0a1.3,1.3,0,0,1-.69-.32,2.24,2.24,0,0,1-.28-.3,3,3,0,0,0,.27-1.42,5.58,5.58,0,0,0-.35-1.59,9.67,9.67,0,0,0-.62-1.41c-.23-.41-.48-.81-.71-1.18a6.69,6.69,0,0,1-.45-1.55l0,0a43.09,43.09,0,0,0,7.13,6l.92.67-.14-.14.8.54L11.17,12A18.51,18.51,0,0,1,7.62,6.73c.17-.8.15-.44.67-1.15a10,10,0,0,1,2.28-2.2c.22-.15.44-.3.66-.43,0,0,.46-.21.58-.25a10.82,10.82,0,0,1,1.54-.37,7.78,7.78,0,0,1,5.92,1.18,34,34,0,0,1,5,5.14,73.09,73.09,0,0,1,8,14.07l-3.92,8.14-.09.19.14-.16S31.75,27,31.76,27a26,26,0,0,1,1.05,3.8C33.45,34,33.38,36.57,30.74,38.88Z\" />\n			<path class=\"cls-1\" d=\"M66.17,18.53a4.85,4.85,0,0,1-1.92.32,4.3,4.3,0,0,0-.81-2.31,2.39,2.39,0,0,0-1.9-.72H60.7V26.74a4.92,4.92,0,0,0,.17,1.49,1.1,1.1,0,0,0,.6.68,3.93,3.93,0,0,0,1.37.26A4.08,4.08,0,0,1,63,30.65c-.93,0-2.26-.07-4-.07-2,0-3.52,0-4.49.07a4.76,4.76,0,0,1,.21-1.48,4.31,4.31,0,0,0,1.41-.26,1.18,1.18,0,0,0,.66-.69A4.27,4.27,0,0,0,57,26.74V15.82h-.55a2.58,2.58,0,0,0-2,.71,5.26,5.26,0,0,0-1,2.32,4.26,4.26,0,0,1-1.89-.32c.14-.68.26-1.41.36-2.18a18,18,0,0,0,.14-2.06c1.15,0,3.45.07,6.89.07,2.86,0,5.14,0,6.84-.07A21.66,21.66,0,0,0,66.17,18.53Z\" />\n			<path class=\"cls-1\" d=\"M76.14,28.38a3,3,0,0,1-.77,1.43,4,4,0,0,1-2.87.92,6.22,6.22,0,0,1-2.56-.43A2.67,2.67,0,0,1,68.6,29a5.69,5.69,0,0,1-.4-2.34V22a4.38,4.38,0,0,0-.09-1.05.72.72,0,0,0-.29-.47,1.56,1.56,0,0,0-.68-.21,4.53,4.53,0,0,1-.1-1c.45,0,1.16.05,2.13.05,1.35,0,2.28,0,2.81-.05a4.74,4.74,0,0,1-.1,1,1.9,1.9,0,0,0-.73.2.75.75,0,0,0-.3.47A5.26,5.26,0,0,0,70.77,22v4.42a4.34,4.34,0,0,0,.54,2.39,2,2,0,0,0,1.78.81,2.43,2.43,0,0,0,.87-.16,1.79,1.79,0,0,0,.72-.51,2.59,2.59,0,0,0,.45-1A10,10,0,0,0,75.27,26V22.42a6.09,6.09,0,0,0-.1-1.29,1.15,1.15,0,0,0-.34-.64,1.26,1.26,0,0,0-.7-.27,5.83,5.83,0,0,1-.09-1c.42,0,1,.05,1.75.05s1.27,0,1.7-.05a5.16,5.16,0,0,1-.1,1,1.25,1.25,0,0,0-.66.26,1.13,1.13,0,0,0-.3.62,6.52,6.52,0,0,0-.08,1.23V26A10.65,10.65,0,0,1,76.14,28.38Z\" />\n			<path class=\"cls-1\" d=\"M87.32,29.24a1.76,1.76,0,0,0,1,.3,3.64,3.64,0,0,1-.14,1,24.2,24.2,0,0,0-3.26.15c-.31-.58-.64-1.26-1-2.05l-.19-.42A8.58,8.58,0,0,0,83,26.88a5.63,5.63,0,0,0-.87-1l-.44,0-.44,0v1.93a5.19,5.19,0,0,0,.09,1.13.76.76,0,0,0,.28.5,1.25,1.25,0,0,0,.59.17,3.42,3.42,0,0,1,.1,1c-.67,0-1.51-.05-2.52-.05s-1.69,0-2.33.05a4.3,4.3,0,0,1,.1-1,1.48,1.48,0,0,0,.7-.18.77.77,0,0,0,.34-.48,3.89,3.89,0,0,0,.1-1v-6a4.21,4.21,0,0,0-.09-1,.7.7,0,0,0-.33-.47,1.85,1.85,0,0,0-.72-.19,3.72,3.72,0,0,1-.1-1c1,0,1.87.05,2.48.05l1.25,0,2,0a4.44,4.44,0,0,1,2.94.84,2.69,2.69,0,0,1,1,2.17,3.23,3.23,0,0,1-.7,2.15,3.57,3.57,0,0,1-1.9,1.16,3.52,3.52,0,0,1,1,.89,16.7,16.7,0,0,1,1.07,1.83A4.25,4.25,0,0,0,87.32,29.24Zm-3.62-5a2.18,2.18,0,0,0,.73-1.75,2.34,2.34,0,0,0-.56-1.67,2.11,2.11,0,0,0-1.63-.6,3.14,3.14,0,0,0-1,.13v4.42a3.1,3.1,0,0,0,.63.07A2.71,2.71,0,0,0,83.7,24.22Z\" />\n			<path class=\"cls-1\" d=\"M90.41,20.88a.83.83,0,0,0-.32-.47,1.75,1.75,0,0,0-.72-.19,3.62,3.62,0,0,1-.11-1c.57,0,1.42.05,2.57.05,1,0,1.79,0,2.47-.05,0,.19,0,.37,0,.55a1.85,1.85,0,0,1-.1.49,1.82,1.82,0,0,0-.71.18.81.81,0,0,0-.33.47,4.36,4.36,0,0,0-.09,1v6a4.35,4.35,0,0,0,.1,1,.77.77,0,0,0,.34.48,1.51,1.51,0,0,0,.7.18,3.86,3.86,0,0,1,.11,1c-.58,0-1.37-.05-2.39-.05s-2,0-2.65.05a4,4,0,0,1,.11-1,1.52,1.52,0,0,0,.71-.18.76.76,0,0,0,.33-.48,4.46,4.46,0,0,0,.09-1v-6A4.21,4.21,0,0,0,90.41,20.88Z\" />\n			<path class=\"cls-1\" d=\"M97.45,30.48a8.69,8.69,0,0,1-1.84-.75,14.78,14.78,0,0,0,.2-2.64,5.8,5.8,0,0,1,1.54-.17A3.89,3.89,0,0,0,97.9,29a1.84,1.84,0,0,0,1.57.61,2,2,0,0,0,1.39-.4A1.31,1.31,0,0,0,101,27.4a2.31,2.31,0,0,0-.71-.59c-.28-.16-.68-.36-1.18-.6a13.76,13.76,0,0,1-1.72-.91,4,4,0,0,1-1.14-1.15,3.26,3.26,0,0,1-.47-1.8,2.92,2.92,0,0,1,1.05-2.44,4.2,4.2,0,0,1,2.73-.84,7.93,7.93,0,0,1,1.81.22,4.73,4.73,0,0,1,1.37.52,17.8,17.8,0,0,0,.12,2.41,2.62,2.62,0,0,1-.68.2,5.76,5.76,0,0,1-.82.06,3.79,3.79,0,0,0-.7-1.83,1.6,1.6,0,0,0-1.23-.5,1.79,1.79,0,0,0-1.13.33,1.13,1.13,0,0,0-.42.95,1.39,1.39,0,0,0,.31.88A2.94,2.94,0,0,0,99,23c.31.17.73.39,1.27.63a17.29,17.29,0,0,1,1.74.93,3.83,3.83,0,0,1,1.15,1.12,3.33,3.33,0,0,1-.62,4.17,4.66,4.66,0,0,1-3.13.92A7.28,7.28,0,0,1,97.45,30.48Z\" />\n			<path class=\"cls-1\" d=\"M120,30.63c-.48,0-1.38-.05-2.73-.05-.61,0-1.39,0-2.33.05a5,5,0,0,1,.12-1,1.46,1.46,0,0,0,.84-.28,1.12,1.12,0,0,0,.21-.79q0-.19-.06-1l-.54-5.14-3.29,8.18a2.9,2.9,0,0,1-1,.13l-3.71-8.28L107,27a10.83,10.83,0,0,0-.06,1.09,1.93,1.93,0,0,0,.25,1.16,1.12,1.12,0,0,0,.85.37,4.19,4.19,0,0,1,.1,1c-.41,0-1-.05-1.81-.05-.51,0-1.16,0-1.93.05a4.07,4.07,0,0,1,.12-1,1.22,1.22,0,0,0,.72-.26,1.58,1.58,0,0,0,.43-.78,10.56,10.56,0,0,0,.26-1.61l.43-4.93c0-.29,0-.49,0-.6a1.36,1.36,0,0,0-.25-.93,1.15,1.15,0,0,0-.86-.26,3.57,3.57,0,0,1-.12-1c.44,0,1.07.05,1.88.05s1.44,0,1.83-.05l3.57,8.16,3.07-8.16c.5,0,1.15.05,1.93.05s1.35,0,1.83-.05a4.24,4.24,0,0,1-.11,1,1.16,1.16,0,0,0-.88.28,1.47,1.47,0,0,0-.27,1,5.59,5.59,0,0,0,0,.56l.53,5.29a9.88,9.88,0,0,0,.23,1.38,1.21,1.21,0,0,0,.35.62,1.44,1.44,0,0,0,.68.21A4.25,4.25,0,0,1,120,30.63Z\" />\n			<path class=\"cls-1\" d=\"M123.23,30a5.18,5.18,0,0,1-2-2.09,6.53,6.53,0,0,1-.7-3,6.24,6.24,0,0,1,.73-3,5.19,5.19,0,0,1,2-2,5.88,5.88,0,0,1,2.92-.72,6.16,6.16,0,0,1,3,.71,5,5,0,0,1,2,2,6,6,0,0,1,.72,3,6.52,6.52,0,0,1-.71,3.09,5.31,5.31,0,0,1-2,2.13,5.66,5.66,0,0,1-3,.77A6,6,0,0,1,123.23,30Zm5.29-1.59a6.4,6.4,0,0,0,.74-3.28,7.24,7.24,0,0,0-.42-2.52,4.23,4.23,0,0,0-1.16-1.8,2.52,2.52,0,0,0-1.72-.67,2.26,2.26,0,0,0-2,1.15,5.83,5.83,0,0,0-.74,3.15,8.71,8.71,0,0,0,.37,2.61,4.42,4.42,0,0,0,1.1,1.9,2.49,2.49,0,0,0,1.79.7A2.23,2.23,0,0,0,128.52,28.4Z\" />\n			<path class=\"cls-1\" d=\"M160.65,30.65c-.67,0-2-.07-3.89-.07-.88,0-2,0-3.33.07a6.6,6.6,0,0,1,.17-1.48,2.16,2.16,0,0,0,1.2-.4,1.62,1.62,0,0,0,.31-1.14c0-.18,0-.63-.1-1.37l-.77-7.34-4.7,11.69a4.3,4.3,0,0,1-1.44.19L142.8,19l-.65,6.45a12.57,12.57,0,0,0-.1,1.56,2.81,2.81,0,0,0,.36,1.66,1.69,1.69,0,0,0,1.23.53,6.38,6.38,0,0,1,.14,1.48c-.59,0-1.46-.07-2.59-.07-.74,0-1.66,0-2.76.07a5.53,5.53,0,0,1,.17-1.48,1.8,1.8,0,0,0,1-.38,2.22,2.22,0,0,0,.61-1.11,14.26,14.26,0,0,0,.37-2.31l.62-7c0-.41.05-.7.05-.86a1.91,1.91,0,0,0-.36-1.33,1.65,1.65,0,0,0-1.22-.37,5.25,5.25,0,0,1-.17-1.49c.62,0,1.52.07,2.69.07s2.05,0,2.62-.07L149.92,26l4.39-11.66c.72,0,1.64.07,2.77.07s1.92,0,2.61-.07a5.17,5.17,0,0,1-.17,1.49,1.68,1.68,0,0,0-1.25.4,2.14,2.14,0,0,0-.38,1.44c0,.15,0,.41.05.79l.77,7.56a12.26,12.26,0,0,0,.32,2,1.57,1.57,0,0,0,.51.88,2,2,0,0,0,1,.31A6.67,6.67,0,0,1,160.65,30.65Z\" />\n			<path class=\"cls-1\" d=\"M172,30.65c-.54,0-1.32,0-2.32,0-1.16,0-2,0-2.49,0a3.57,3.57,0,0,1,.12-1,1.53,1.53,0,0,0,.59-.21.4.4,0,0,0,.18-.36,2.25,2.25,0,0,0-.22-.72l-.38-.91c-1.49,0-2.86,0-4.1.12l-.22.55a2.48,2.48,0,0,0-.17.74c0,.46.27.72.81.79a4.24,4.24,0,0,1,.11,1c-.38,0-1,0-1.79,0s-1.2,0-1.52,0a3.44,3.44,0,0,1,.14-1,1,1,0,0,0,.68-.41,6.78,6.78,0,0,0,.66-1.34l3.53-8.63a4,4,0,0,1,.48-.07h.53l3.85,8.61a11.92,11.92,0,0,0,.56,1.16,1.87,1.87,0,0,0,.39.52,1,1,0,0,0,.44.17A3.64,3.64,0,0,1,172,30.65Zm-4.94-4.18-.91-2.12a17.9,17.9,0,0,1-.79-2.15c-.23.74-.47,1.45-.74,2.14l-.84,2.13Z\" />\n			<path class=\"cls-1\" d=\"M181.17,22.15a3.59,3.59,0,0,1-1.35.22,3.06,3.06,0,0,0-.57-1.62,1.68,1.68,0,0,0-1.33-.5h-.58v7.64a3.84,3.84,0,0,0,.11,1.05.78.78,0,0,0,.42.47,2.54,2.54,0,0,0,1,.18,2.86,2.86,0,0,1,.14,1c-.65,0-1.58-.05-2.79-.05-1.42,0-2.46,0-3.15.05a3.29,3.29,0,0,1,.16-1,2.8,2.8,0,0,0,1-.18.81.81,0,0,0,.46-.48,3.06,3.06,0,0,0,.13-1V20.25h-.38a1.82,1.82,0,0,0-1.43.5,3.73,3.73,0,0,0-.69,1.62,3.17,3.17,0,0,1-1.33-.22c.11-.48.19-1,.26-1.53a13.43,13.43,0,0,0,.1-1.44c.8,0,2.41.05,4.82.05,2,0,3.6,0,4.79-.05A13.63,13.63,0,0,0,181.17,22.15Z\" />\n			<path class=\"cls-1\" d=\"M191.05,27.83a13.85,13.85,0,0,0-.53,2.79c-1.12,0-2.46,0-4,0s-3.22,0-4.8.05a4.09,4.09,0,0,1,.1-1,1.56,1.56,0,0,0,.71-.18.76.76,0,0,0,.34-.5,4.94,4.94,0,0,0,.09-1.1V21.9a4.21,4.21,0,0,0-.09-1,.76.76,0,0,0-.33-.47,1.85,1.85,0,0,0-.72-.19,3.74,3.74,0,0,1-.1-1c.87,0,2.13.05,3.78.05,2.28,0,3.82,0,4.62-.05,0,.47.06,1,.12,1.51a9.27,9.27,0,0,0,.23,1.32,2.83,2.83,0,0,1-1.28.26,2.66,2.66,0,0,0-.69-1.52,2.55,2.55,0,0,0-1.83-.53h-1.16v4.16H186a2.05,2.05,0,0,0,1.24-.26,1.28,1.28,0,0,0,.34-1,3.85,3.85,0,0,1,1.19-.16c0,.73-.06,1.37-.06,1.91s0,1.27.06,2a3.75,3.75,0,0,1-1.16-.14,1.43,1.43,0,0,0-.4-1,2,2,0,0,0-1.21-.27h-.49v2.35a3.78,3.78,0,0,0,.13,1.1.85.85,0,0,0,.42.53,2,2,0,0,0,.87.15h.2a3.16,3.16,0,0,0,1.34-.23,1.75,1.75,0,0,0,.79-.68,5.81,5.81,0,0,0,.54-1.29A2.29,2.29,0,0,1,191.05,27.83Z\" />\n			<path class=\"cls-1\" d=\"M201.87,29.24a1.75,1.75,0,0,0,1,.3,3.65,3.65,0,0,1-.13,1,24.2,24.2,0,0,0-3.26.15c-.31-.58-.64-1.26-1-2.05l-.19-.42a10.57,10.57,0,0,0-.72-1.38,6.06,6.06,0,0,0-.87-1l-.44,0-.44,0v1.93a5.19,5.19,0,0,0,.09,1.13.76.76,0,0,0,.28.5,1.25,1.25,0,0,0,.59.17,3.42,3.42,0,0,1,.1,1c-.67,0-1.51-.05-2.52-.05s-1.7,0-2.33.05a4.3,4.3,0,0,1,.1-1,1.48,1.48,0,0,0,.7-.18.77.77,0,0,0,.34-.48,3.89,3.89,0,0,0,.1-1v-6a4.21,4.21,0,0,0-.09-1,.7.7,0,0,0-.33-.47,1.85,1.85,0,0,0-.72-.19,3.72,3.72,0,0,1-.1-1c1,0,1.87.05,2.48.05l1.25,0,1.94,0a4.47,4.47,0,0,1,2.95.84,2.69,2.69,0,0,1,1,2.17,3.23,3.23,0,0,1-.7,2.15,3.57,3.57,0,0,1-1.9,1.16,3.52,3.52,0,0,1,1,.89,16.7,16.7,0,0,1,1.07,1.83A4.25,4.25,0,0,0,201.87,29.24Zm-3.62-5a2.17,2.17,0,0,0,.72-1.75,2.34,2.34,0,0,0-.55-1.67,2.11,2.11,0,0,0-1.63-.6,3.14,3.14,0,0,0-1,.13v4.42a3,3,0,0,0,.62.07A2.72,2.72,0,0,0,198.25,24.22Z\" />\n			<path class=\"cls-1\" d=\"M213.83,19.13a4.25,4.25,0,0,1-.1,1,1.07,1.07,0,0,0-.64.24,1.23,1.23,0,0,0-.3.69,10.73,10.73,0,0,0-.08,1.48v8a4.27,4.27,0,0,1-1.18.13l-6.26-8.33v4.77a7.91,7.91,0,0,0,.1,1.48,1.12,1.12,0,0,0,.36.71,1.41,1.41,0,0,0,.78.25,3.3,3.3,0,0,1,.12,1c-.48,0-1.11-.05-1.88-.05s-1.53,0-1.95.05a3.71,3.71,0,0,1,.11-1,1.39,1.39,0,0,0,.78-.26,1.18,1.18,0,0,0,.38-.72,6.66,6.66,0,0,0,.12-1.46V20.89l-.17-.21a1,1,0,0,0-.4-.36,3,3,0,0,0-.71-.15,4.36,4.36,0,0,1-.11-1c.4,0,1,.05,1.79.05s1.31,0,1.57-.05l5.46,7.38V22.58a8.66,8.66,0,0,0-.1-1.47,1.15,1.15,0,0,0-.38-.69,1.81,1.81,0,0,0-.83-.25,4.77,4.77,0,0,1-.1-1c.49,0,1.13.05,1.93.05S213.42,19.16,213.83,19.13Z\" />\n			<path class=\"cls-1\" d=\"M215.84,20.88a.78.78,0,0,0-.32-.47,1.75,1.75,0,0,0-.71-.19,3.57,3.57,0,0,1-.12-1c.57,0,1.43.05,2.57.05,1,0,1.8,0,2.47-.05,0,.19,0,.37,0,.55a1.53,1.53,0,0,1-.1.49,1.76,1.76,0,0,0-.7.18.73.73,0,0,0-.33.47,4.36,4.36,0,0,0-.09,1v6a3.89,3.89,0,0,0,.1,1,.76.76,0,0,0,.33.48,1.56,1.56,0,0,0,.71.18,3.93,3.93,0,0,1,.1,1c-.57,0-1.37-.05-2.38-.05s-2,0-2.66.05a4,4,0,0,1,.12-1,1.48,1.48,0,0,0,.7-.18.73.73,0,0,0,.33-.48,4.46,4.46,0,0,0,.09-1v-6A4.21,4.21,0,0,0,215.84,20.88Z\" />\n			<path class=\"cls-1\" d=\"M230.33,20.34c1.13.77,1.7,2.2,1.7,4.28a5.85,5.85,0,0,1-1.09,3.8,5.2,5.2,0,0,1-2.48,1.74,9.27,9.27,0,0,1-2.68.42c-1.63,0-3.23,0-4.81.05a4.6,4.6,0,0,1,.1-1,1.57,1.57,0,0,0,.72-.18.75.75,0,0,0,.33-.5,4.3,4.3,0,0,0,.1-1.1V21.9a3.67,3.67,0,0,0-.1-1,.78.78,0,0,0-.32-.47,1.86,1.86,0,0,0-.73-.19,4.87,4.87,0,0,1-.1-1c.68,0,1.67.05,3,.05l.83,0,1,0A7.94,7.94,0,0,1,230.33,20.34Zm-1.86,8.22c.6-.66.9-1.87.9-3.66a5.21,5.21,0,0,0-1-3.61,3.44,3.44,0,0,0-2.63-1.11,2.35,2.35,0,0,0-.92.15v7.43a4.32,4.32,0,0,0,.11,1.1.85.85,0,0,0,.42.53,1.92,1.92,0,0,0,.86.15A3,3,0,0,0,228.47,28.56Z\" />\n			<path class=\"cls-1\" d=\"M243.41,30.63c-.54,0-1.31-.05-2.32-.05s-2,0-2.49.05a3.57,3.57,0,0,1,.12-1,1.47,1.47,0,0,0,.59-.21.41.41,0,0,0,.19-.36,2.56,2.56,0,0,0-.22-.72l-.39-.91c-1.49,0-2.86,0-4.1.12l-.22.55a2.48,2.48,0,0,0-.17.74c0,.46.27.72.81.79a3.76,3.76,0,0,1,.12,1c-.38,0-1-.05-1.8-.05s-1.2,0-1.51.05a3.47,3.47,0,0,1,.13-1,1,1,0,0,0,.68-.41,6.15,6.15,0,0,0,.67-1.34L237,19.21a3.54,3.54,0,0,1,.47-.07l.53,0,3.85,8.62c.24.53.42.92.56,1.16a2.4,2.4,0,0,0,.52.61c.12.1.15.06.32.08A4,4,0,0,1,243.41,30.63Zm-4.94-4.18-.91-2.12a19.8,19.8,0,0,1-.79-2.15c-.22.74-.47,1.45-.74,2.14l-.84,2.13Z\" />\n			<path class=\"cls-1\" d=\"M252.77,20.34c1.13.77,1.69,2.2,1.69,4.28a5.8,5.8,0,0,1-1.09,3.8,5.15,5.15,0,0,1-2.48,1.74,9.17,9.17,0,0,1-2.68.42c-1.62,0-3.22,0-4.8.05a4.09,4.09,0,0,1,.1-1,1.56,1.56,0,0,0,.71-.18.72.72,0,0,0,.34-.5,4.94,4.94,0,0,0,.09-1.1V21.9a4.21,4.21,0,0,0-.09-1,.76.76,0,0,0-.33-.47,1.8,1.8,0,0,0-.72-.19,4.3,4.3,0,0,1-.1-1c.67,0,1.67.05,3,.05l.82,0,1,0A8,8,0,0,1,252.77,20.34Zm-1.87,8.22c.61-.66.91-1.87.91-3.66a5.26,5.26,0,0,0-1-3.61,3.44,3.44,0,0,0-2.63-1.11,2.44,2.44,0,0,0-.93.15v7.43a3.84,3.84,0,0,0,.12,1.1.87.87,0,0,0,.41.53,2,2,0,0,0,.87.15A3,3,0,0,0,250.9,28.56Z\" />\n			<path class=\"cls-1\" d=\"M77.39,20.22a1.66,1.66,0,0,1,.51,0l.2-.44-.61-.63-.24.52Z\" />\n			<path class=\"cls-1\" d=\"M243.28,29.59a1.5,1.5,0,0,0,.23,0l.16.25-.26.79-.35-.13s-.45-.41-.42-.44l.34-.29Z\" />\n			<polygon class=\"cls-1\" points=\"202.72 30.58 203.24 30.56 203.3 30.06 202.91 29.55 202.85 29.54 202.48 29.72 202.21 29.98 202.72 30.58\" />\n			<path class=\"cls-2\" d=\"M77.47,20.21a1.32,1.32,0,0,0-.88.27,1.81,1.81,0,0,0-.23,1.16c0,.82.82.18.82.18S77.74,20.21,77.47,20.21Z\" />\n		</svg>\n	</div>\n		<header class=\"headroom\">\n		<div class=\"helper-nav py-2\">\n			<div class=\"container d-flex\">\n				<div class=\"helper-nav__contact-links\">\n					<ul class=\"list-unstyled m-0 list-inline d-none d-md-block\">\n						<li class=\"list-inline-item\"><i class=\"fa fa-envelope-o mr-2\"></i><a href=\"mailto:info@turismomaternidad.com\">info@turismomaternidad.com</a></li>\n					</ul>\n				</div>\n				<div class=\"helper-nav__social-links ml-auto \">\n					<ul class=\"list-unstyled m-0 list-inline\">\n						<li class=\"list-inline-item mx-2\"><a href=\"https://www.facebook.com/Turismo-Maternidad-212574079290183/\" target=\"_blank\"><i\n								 class=\"fa fa-facebook\" aria-hidden=\"true\"></i></a></li>\n						<!-- <li class=\"list-inline-item mx-2\"><a href=\"#\" target=\"_blank\"><i class=\"fa fa-linkedin\" aria-hidden=\"true\"></i></a></li>\n							<li class=\"list-inline-item mx-2\"><a href=\"#\" target=\"_blank\"><i class=\"fa fa-twitter\" aria-hidden=\"true\"></i></a></li> -->\n						<li class=\"list-inline-item mx-2\"><a href=\"https://plus.google.com/100396589339798709694\" target=\"_blank\"><i\n								 class=\"fa fa-google-plus\" aria-hidden=\"true\"></i></a></li>\n					</ul>\n				</div>\n			</div>\n		</div>\n		<div class=\"container\">\n			<nav class=\"main-navbar navbar navbar-expand-lg navbar-light p-0 align-items-center flex-row flex-wrap\">\n\n				<a class=\"navbar-brand py-2\" href=\"http://192.168.100.13:8888/turismo_maternidad/html/\">\n					<img class=\"logo-menu d-none d-md-block\" src=\"http://192.168.100.13:8888/turismo_maternidad/html/assets/img/logo-color.svg\" alt=\"Turismo de Maternidad\">\n					<img class=\"logo-menu-responsive d-block d-md-none\" src=\"http://192.168.100.13:8888/turismo_maternidad/html/assets/img/iso-logo.svg\" alt=\"Turismo de Maternidad\">\n				</a>\n				<button class=\"navbar-toggler navbar-toggler-right ml-3 order-1\" type=\"button\" data-toggle=\"collapse\" data-target=\"#navbarNavDropdown\"\n				 aria-controls=\"navbarNavDropdown\" aria-expanded=\"false\" aria-label=\"Toggle navigation\">\n					<span class=\"navbar-toggler-icon\"></span>\n				</button>\n				<a data-chat=\"open\" class=\"btn btn-purple d-lg-none d-block ml-auto\">Chatea ahora</a>\n				<div class=\"d-block d-lg-none responsive-nav order-2\">\n					<div class=\"collapse navbar-collapse align-items-center\" id=\"navbarNavDropdown\">\n						<ul class=\"navbar-nav ml-0 ml-lg-4 h-100 my-2 my-lg-0\">\n							<li class=\"nav-item \">\n								<a class=\"nav-link menu-link mx-2 mx-xl-3 h-100 d-flex align-items-center\" href=\"http://192.168.100.13:8888/turismo_maternidad/html/\">\n									Inicio\n								</a>\n							</li>\n							<li class=\"nav-item \">\n								<a class=\"nav-link menu-link mx-2 mx-xl-3 h-100 d-flex align-items-center\" href=\"http://192.168.100.13:8888/turismo_maternidad/html/precios\">\n									Precios\n								</a>\n							</li>\n							<li class=\"nav-item  hidden-md-down\">\n								<a class=\"nav-link menu-link mx-2 mx-xl-3 h-100 d-flex align-items-center\" href=\"http://192.168.100.13:8888/turismo_maternidad/html/paso-paso\">\n									Paso a Paso\n								</a>\n							</li>\n							<li class=\"nav-item \">\n								<a class=\"nav-link menu-link mx-2 mx-xl-3 h-100 d-flex align-items-center\" href=\"http://192.168.100.13:8888/turismo_maternidad/html/proceso-migratorio\">\n									Proceso Migratorio\n								</a>\n							</li>\n							<li class=\"nav-item \">\n								<a class=\"nav-link menu-link mx-2 mx-xl-3 h-100 d-flex align-items-center\" href=\"http://192.168.100.13:8888/turismo_maternidad/html/doctores\">\n									Doctores\n								</a>\n							</li>\n														<li class=\"nav-item \">\n								<a class=\"nav-link menu-link mx-2 mx-xl-3 h-100 d-flex align-items-center\" href=\"http://192.168.100.13:8888/turismo_maternidad/html/faqs\">\n									Preguntas Frecuentes\n								</a>\n							</li>\n							<li class=\"py-3 nav-item \">\n								<a class=\"nav-link p-0 px-4 menu-link mx-2 mx-xl-3 h-100 d-flex align-items-center\" href=\"http://192.168.100.13:8888/turismo_maternidad/html/soy-doctor\">\n									¿Eres doctor?\n								</a>\n							</li>\n						</ul>\n					</div>\n				</div>\n				<div class=\"d-lg-block d-none ml-auto\">\n					<div class=\"d-flex align-items-center justify-content-end ml-auto py-lg-4 py-0\">\n						<a href=\"tel:018000440189\">\n							<h3 class=\"h3 mb-0\"><i class=\"fa fa-phone mr-2 pink\"></i>01 800 044 0189</h3>\n							<p class=\"mt-0 text-center light-gray mb-0\"><small>Contáctanos de Lu-Vi de 9am-5pm</small></p>\n						</a>\n						<p class=\"mx-5 my-0\">ó</p>\n						<a data-chat=\"open\" class=\"btn btn-purple\">Chatea con nosotros</a>\n					</div>\n				</div>\n			</nav>\n		</div>\n		<div class=\"container-fluid pink-nav d-lg-block d-none\">\n			<nav class=\"navbar navbar-expand-lg navbar-light p-0 align-items-center flex-row flex-wrap justify-content-center\">\n				<div class=\"align-items-center\">\n					<ul class=\"navbar-nav ml-0 ml-lg-4 h-100 my-2 my-lg-0\">\n						<li class=\"py-3 nav-item \">\n							<a class=\"nav-link p-0 px-4 menu-link mx-2 mx-xl-3 h-100 d-flex align-items-center\" href=\"http://192.168.100.13:8888/turismo_maternidad/html/\">\n								Inicio\n							</a>\n						</li>\n						<li class=\"py-3 nav-item \">\n							<a class=\"nav-link p-0 px-4 menu-link mx-2 mx-xl-3 h-100 d-flex align-items-center\" href=\"http://192.168.100.13:8888/turismo_maternidad/html/precios\">\n								Precios\n							</a>\n						</li>\n						<li class=\"py-3 nav-item  hidden-md-down\">\n							<a class=\"nav-link p-0 px-4 menu-link mx-2 mx-xl-3 h-100 d-flex align-items-center\" href=\"http://192.168.100.13:8888/turismo_maternidad/html/paso-paso\">\n								Paso a Paso\n							</a>\n						</li>\n						<li class=\"py-3 nav-item \">\n							<a class=\"nav-link p-0 px-4 menu-link mx-2 mx-xl-3 h-100 d-flex align-items-center\" href=\"http://192.168.100.13:8888/turismo_maternidad/html/proceso-migratorio\">\n								Proceso Migratorio\n							</a>\n						</li>\n						<li class=\"py-3 nav-item \">\n							<a class=\"nav-link p-0 px-4 menu-link mx-2 mx-xl-3 h-100 d-flex align-items-center\" href=\"http://192.168.100.13:8888/turismo_maternidad/html/doctores\">\n								Doctores\n							</a>\n						</li>\n												<li class=\"py-3 nav-item \">\n							<a class=\"nav-link p-0 px-4 menu-link mx-2 mx-xl-3 h-100 d-flex align-items-center\" href=\"http://192.168.100.13:8888/turismo_maternidad/html/faqs\">\n								Preguntas Frecuentes\n							</a>\n						</li>\n						<li class=\"py-3 nav-item \">\n							<a class=\"nav-link p-0 px-4 menu-link mx-2 mx-xl-3 h-100 d-flex align-items-center\" href=\"http://192.168.100.13:8888/turismo_maternidad/html/soy-doctor\">\n								¿Eres doctor?\n							</a>\n						</li>\n					</ul>\n				</div>\n			</nav>\n		</div>\n		'),
	(63956,'HzIeKwovuDNLE4d4reRGmk8g1AIe5xyYlfYk','es','site:terminos-y-condiciones','2019-01-05 16:37:20','	<link rel=\"apple-touch-icon-precomposed\" sizes=\"57x57\" href=\"http://192.168.100.13:8888/turismo_maternidad/html/assets/img/favicon/apple-touch-icon-57x57.png\" />\n	<link rel=\"apple-touch-icon-precomposed\" sizes=\"114x114\" href=\"http://192.168.100.13:8888/turismo_maternidad/html/assets/img/favicon/apple-touch-icon-114x114.png\" />\n	<link rel=\"apple-touch-icon-precomposed\" sizes=\"72x72\" href=\"http://192.168.100.13:8888/turismo_maternidad/html/assets/img/favicon/apple-touch-icon-72x72.png\" />\n	<link rel=\"apple-touch-icon-precomposed\" sizes=\"144x144\" href=\"http://192.168.100.13:8888/turismo_maternidad/html/assets/img/favicon/apple-touch-icon-144x144.png\" />\n	<link rel=\"apple-touch-icon-precomposed\" sizes=\"60x60\" href=\"http://192.168.100.13:8888/turismo_maternidad/html/assets/img/favicon/apple-touch-icon-60x60.png\" />\n	<link rel=\"apple-touch-icon-precomposed\" sizes=\"120x120\" href=\"http://192.168.100.13:8888/turismo_maternidad/html/assets/img/favicon/apple-touch-icon-120x120.png\" />\n	<link rel=\"apple-touch-icon-precomposed\" sizes=\"76x76\" href=\"http://192.168.100.13:8888/turismo_maternidad/html/assets/img/favicon/apple-touch-icon-76x76.png\" />\n	<link rel=\"apple-touch-icon-precomposed\" sizes=\"152x152\" href=\"http://192.168.100.13:8888/turismo_maternidad/html/assets/img/favicon/apple-touch-icon-152x152.png\" />\n	<link rel=\"icon\" type=\"image/x-icon\" href=\"http://192.168.100.13:8888/turismo_maternidad/html/assets/img/favicon/favicon-196x196.png\" sizes=\"196x196\" />\n	<link rel=\"icon\" type=\"image/x-icon\" href=\"http://192.168.100.13:8888/turismo_maternidad/html/assets/img/favicon/favicon-96x96.png\" sizes=\"96x96\" />\n	<link rel=\"icon\" type=\"image/x-icon\" href=\"http://192.168.100.13:8888/turismo_maternidad/html/assets/img/favicon/favicon-32x32.png\" sizes=\"32x32\" />\n	<link rel=\"icon\" type=\"image/x-icon\"  href=\"http://192.168.100.13:8888/turismo_maternidad/html/assets/img/favicon/favicon-128.png\" sizes=\"128x128\" />\n	<meta name=\"application-name\" content=\"&nbsp;\" />\n	<meta name=\"msapplication-TileColor\" content=\"#FFFFFF\" />\n	<meta name=\"msapplication-TileImage\" content=\"mstile-144x144.png\" />\n	<meta name=\"msapplication-square70x70logo\" content=\"mstile-70x70.png\" />\n	<meta name=\"msapplication-square150x150logo\" content=\"mstile-150x150.png\" />\n	<meta name=\"msapplication-wide310x150logo\" content=\"mstile-310x150.png\" />\n	<meta name=\"msapplication-square310x310logo\" content=\"mstile-310x310.png\" />\n	'),
	(63957,'JkNbilIhAY2a9BtzOxpdhAKWnR216aK0Hlak','es','site:terminos-y-condiciones','2019-01-05 16:37:20','	<div class=\"loader\">\n		<svg id=\"Layer_1\" data-name=\"Layer 1\" xmlns=\"http://www.w3.org/2000/svg\" viewBox=\"0 0 254.46 45.17\">\n			<defs>\n				<style>.cls-1{fill:#ffffff;}.cls-2{fill:#ffffff;}</style>\n			</defs>\n			<title>Turismo Maternidad Logo</title>\n			<path class=\"cls-1\" d=\"M35.32,32.13a28.32,28.32,0,0,0-1.26-5.25c-.1-.32-.22-.63-.34-.94l-.06-.18a2.38,2.38,0,0,0-.2-.39l.87-1.81a1.94,1.94,0,0,0,0-1.63A75.81,75.81,0,0,0,26,7.3a33.82,33.82,0,0,0-5.59-5.46A9.38,9.38,0,0,0,13,.15,11.46,11.46,0,0,0,11.13.6c-.17.05-1,.45-1,.45-.27.16-.54.34-.81.53A12.1,12.1,0,0,0,6.51,4.27,8.13,8.13,0,0,0,5,7.63a8.63,8.63,0,0,0,1.29,5.86c.22.42,1.07,1.91.87,2.5-.14.39-.29.82-.38,1.09a.64.64,0,0,0,.06.54,3.07,3.07,0,0,0,1.71,1.19l1,1.13c.12.09.62,1,1.06,1.4A19,19,0,0,0,5.76,24c-.37.29-.74.61-1.18,1l0,.05c-.34.34-.69.69-1,1,0,0,0,0,0,0a19.35,19.35,0,0,0-1.87,2.41,10.18,10.18,0,0,0-.94,9.1c1.2,3,4.25,4.75,7.16,5.86a27.11,27.11,0,0,0,9.73,1.62h.3a25.18,25.18,0,0,0,10-1.91,16.34,16.34,0,0,0,4.38-2.72,8.14,8.14,0,0,0,3.23-5.93A14.79,14.79,0,0,0,35.32,32.13Zm-4.58,6.75a14.3,14.3,0,0,1-3.8,2.35A23.18,23.18,0,0,1,17.84,43a25.31,25.31,0,0,1-9.22-1.47,15.37,15.37,0,0,1-3.95-2.18c-7-5.42,1.11-14.33,7-16.18a17.37,17.37,0,0,1,2.68-.62,16.47,16.47,0,0,1,2.7-.18l.63,0L18,21.9a2.53,2.53,0,0,1,.23-.26l.4-.36a4.59,4.59,0,0,1,.81-.52,4.58,4.58,0,0,1,5.61,1c.91,1.35.67,2.68.19,4.09a4.23,4.23,0,0,1-.22.42c-.39.27-.8.87-1.57.87a2.29,2.29,0,0,1-1.39,1.12,7.21,7.21,0,0,1-1,0,2.14,2.14,0,0,1-.41-.1l-1.18-.35a4.54,4.54,0,0,1-.62,1.54c-.15.36-.3.68-.43.93l0,.07a1.6,1.6,0,0,1-.11.19,2.21,2.21,0,0,1-.14.26,1.21,1.21,0,0,1,.48.69.14.14,0,0,0,0,.06A3,3,0,0,0,19.9,33a1.25,1.25,0,0,1,.43,0,1.7,1.7,0,0,1,.83.32,2,2,0,0,1,.34.3.33.33,0,0,1,.1.19h0c0,.18-.19,1-2.09.54a9.17,9.17,0,0,1-3.12-1.23h0a2.43,2.43,0,0,1-.81-.7,11.53,11.53,0,0,1-1.3-2l-.08-.15a6.92,6.92,0,0,0,.6,2.57l0,0h0a22.82,22.82,0,0,0-3.09,2.43c.23-.06,4.07-1.34,4.07-1.34a6.61,6.61,0,0,0,1,.7s3.64,1.76,5.42-.1a1.92,1.92,0,0,0,.22-.35,1.15,1.15,0,0,0,.1-.5,1.27,1.27,0,0,0-.36-.78,3.39,3.39,0,0,0-.49-.45A3.22,3.22,0,0,0,20.51,32a3.08,3.08,0,0,0-.68-.08h-.08s0,0,0-.06a3.93,3.93,0,0,0-.3-.62,2,2,0,0,0-.26-.34c.06-.08.13-.15.19-.22a7.79,7.79,0,0,0,.79-1.32l.22.1a3.22,3.22,0,0,0,1,.24,3.13,3.13,0,0,0,1.08-.17c4.57-.82,5.32-5.55,4.25-8-1.35-3.06-5.11-3.94-8-2.59a7.31,7.31,0,0,0-1.18.7l-.64.57s-1.82,0-2.63.05c-.49.06-1.13.24-1.47,0a3.91,3.91,0,0,1-1.54-1.33l-.95-1.4-.35,0a1.3,1.3,0,0,1-.69-.32,2.24,2.24,0,0,1-.28-.3,3,3,0,0,0,.27-1.42,5.58,5.58,0,0,0-.35-1.59,9.67,9.67,0,0,0-.62-1.41c-.23-.41-.48-.81-.71-1.18a6.69,6.69,0,0,1-.45-1.55l0,0a43.09,43.09,0,0,0,7.13,6l.92.67-.14-.14.8.54L11.17,12A18.51,18.51,0,0,1,7.62,6.73c.17-.8.15-.44.67-1.15a10,10,0,0,1,2.28-2.2c.22-.15.44-.3.66-.43,0,0,.46-.21.58-.25a10.82,10.82,0,0,1,1.54-.37,7.78,7.78,0,0,1,5.92,1.18,34,34,0,0,1,5,5.14,73.09,73.09,0,0,1,8,14.07l-3.92,8.14-.09.19.14-.16S31.75,27,31.76,27a26,26,0,0,1,1.05,3.8C33.45,34,33.38,36.57,30.74,38.88Z\" />\n			<path class=\"cls-1\" d=\"M66.17,18.53a4.85,4.85,0,0,1-1.92.32,4.3,4.3,0,0,0-.81-2.31,2.39,2.39,0,0,0-1.9-.72H60.7V26.74a4.92,4.92,0,0,0,.17,1.49,1.1,1.1,0,0,0,.6.68,3.93,3.93,0,0,0,1.37.26A4.08,4.08,0,0,1,63,30.65c-.93,0-2.26-.07-4-.07-2,0-3.52,0-4.49.07a4.76,4.76,0,0,1,.21-1.48,4.31,4.31,0,0,0,1.41-.26,1.18,1.18,0,0,0,.66-.69A4.27,4.27,0,0,0,57,26.74V15.82h-.55a2.58,2.58,0,0,0-2,.71,5.26,5.26,0,0,0-1,2.32,4.26,4.26,0,0,1-1.89-.32c.14-.68.26-1.41.36-2.18a18,18,0,0,0,.14-2.06c1.15,0,3.45.07,6.89.07,2.86,0,5.14,0,6.84-.07A21.66,21.66,0,0,0,66.17,18.53Z\" />\n			<path class=\"cls-1\" d=\"M76.14,28.38a3,3,0,0,1-.77,1.43,4,4,0,0,1-2.87.92,6.22,6.22,0,0,1-2.56-.43A2.67,2.67,0,0,1,68.6,29a5.69,5.69,0,0,1-.4-2.34V22a4.38,4.38,0,0,0-.09-1.05.72.72,0,0,0-.29-.47,1.56,1.56,0,0,0-.68-.21,4.53,4.53,0,0,1-.1-1c.45,0,1.16.05,2.13.05,1.35,0,2.28,0,2.81-.05a4.74,4.74,0,0,1-.1,1,1.9,1.9,0,0,0-.73.2.75.75,0,0,0-.3.47A5.26,5.26,0,0,0,70.77,22v4.42a4.34,4.34,0,0,0,.54,2.39,2,2,0,0,0,1.78.81,2.43,2.43,0,0,0,.87-.16,1.79,1.79,0,0,0,.72-.51,2.59,2.59,0,0,0,.45-1A10,10,0,0,0,75.27,26V22.42a6.09,6.09,0,0,0-.1-1.29,1.15,1.15,0,0,0-.34-.64,1.26,1.26,0,0,0-.7-.27,5.83,5.83,0,0,1-.09-1c.42,0,1,.05,1.75.05s1.27,0,1.7-.05a5.16,5.16,0,0,1-.1,1,1.25,1.25,0,0,0-.66.26,1.13,1.13,0,0,0-.3.62,6.52,6.52,0,0,0-.08,1.23V26A10.65,10.65,0,0,1,76.14,28.38Z\" />\n			<path class=\"cls-1\" d=\"M87.32,29.24a1.76,1.76,0,0,0,1,.3,3.64,3.64,0,0,1-.14,1,24.2,24.2,0,0,0-3.26.15c-.31-.58-.64-1.26-1-2.05l-.19-.42A8.58,8.58,0,0,0,83,26.88a5.63,5.63,0,0,0-.87-1l-.44,0-.44,0v1.93a5.19,5.19,0,0,0,.09,1.13.76.76,0,0,0,.28.5,1.25,1.25,0,0,0,.59.17,3.42,3.42,0,0,1,.1,1c-.67,0-1.51-.05-2.52-.05s-1.69,0-2.33.05a4.3,4.3,0,0,1,.1-1,1.48,1.48,0,0,0,.7-.18.77.77,0,0,0,.34-.48,3.89,3.89,0,0,0,.1-1v-6a4.21,4.21,0,0,0-.09-1,.7.7,0,0,0-.33-.47,1.85,1.85,0,0,0-.72-.19,3.72,3.72,0,0,1-.1-1c1,0,1.87.05,2.48.05l1.25,0,2,0a4.44,4.44,0,0,1,2.94.84,2.69,2.69,0,0,1,1,2.17,3.23,3.23,0,0,1-.7,2.15,3.57,3.57,0,0,1-1.9,1.16,3.52,3.52,0,0,1,1,.89,16.7,16.7,0,0,1,1.07,1.83A4.25,4.25,0,0,0,87.32,29.24Zm-3.62-5a2.18,2.18,0,0,0,.73-1.75,2.34,2.34,0,0,0-.56-1.67,2.11,2.11,0,0,0-1.63-.6,3.14,3.14,0,0,0-1,.13v4.42a3.1,3.1,0,0,0,.63.07A2.71,2.71,0,0,0,83.7,24.22Z\" />\n			<path class=\"cls-1\" d=\"M90.41,20.88a.83.83,0,0,0-.32-.47,1.75,1.75,0,0,0-.72-.19,3.62,3.62,0,0,1-.11-1c.57,0,1.42.05,2.57.05,1,0,1.79,0,2.47-.05,0,.19,0,.37,0,.55a1.85,1.85,0,0,1-.1.49,1.82,1.82,0,0,0-.71.18.81.81,0,0,0-.33.47,4.36,4.36,0,0,0-.09,1v6a4.35,4.35,0,0,0,.1,1,.77.77,0,0,0,.34.48,1.51,1.51,0,0,0,.7.18,3.86,3.86,0,0,1,.11,1c-.58,0-1.37-.05-2.39-.05s-2,0-2.65.05a4,4,0,0,1,.11-1,1.52,1.52,0,0,0,.71-.18.76.76,0,0,0,.33-.48,4.46,4.46,0,0,0,.09-1v-6A4.21,4.21,0,0,0,90.41,20.88Z\" />\n			<path class=\"cls-1\" d=\"M97.45,30.48a8.69,8.69,0,0,1-1.84-.75,14.78,14.78,0,0,0,.2-2.64,5.8,5.8,0,0,1,1.54-.17A3.89,3.89,0,0,0,97.9,29a1.84,1.84,0,0,0,1.57.61,2,2,0,0,0,1.39-.4A1.31,1.31,0,0,0,101,27.4a2.31,2.31,0,0,0-.71-.59c-.28-.16-.68-.36-1.18-.6a13.76,13.76,0,0,1-1.72-.91,4,4,0,0,1-1.14-1.15,3.26,3.26,0,0,1-.47-1.8,2.92,2.92,0,0,1,1.05-2.44,4.2,4.2,0,0,1,2.73-.84,7.93,7.93,0,0,1,1.81.22,4.73,4.73,0,0,1,1.37.52,17.8,17.8,0,0,0,.12,2.41,2.62,2.62,0,0,1-.68.2,5.76,5.76,0,0,1-.82.06,3.79,3.79,0,0,0-.7-1.83,1.6,1.6,0,0,0-1.23-.5,1.79,1.79,0,0,0-1.13.33,1.13,1.13,0,0,0-.42.95,1.39,1.39,0,0,0,.31.88A2.94,2.94,0,0,0,99,23c.31.17.73.39,1.27.63a17.29,17.29,0,0,1,1.74.93,3.83,3.83,0,0,1,1.15,1.12,3.33,3.33,0,0,1-.62,4.17,4.66,4.66,0,0,1-3.13.92A7.28,7.28,0,0,1,97.45,30.48Z\" />\n			<path class=\"cls-1\" d=\"M120,30.63c-.48,0-1.38-.05-2.73-.05-.61,0-1.39,0-2.33.05a5,5,0,0,1,.12-1,1.46,1.46,0,0,0,.84-.28,1.12,1.12,0,0,0,.21-.79q0-.19-.06-1l-.54-5.14-3.29,8.18a2.9,2.9,0,0,1-1,.13l-3.71-8.28L107,27a10.83,10.83,0,0,0-.06,1.09,1.93,1.93,0,0,0,.25,1.16,1.12,1.12,0,0,0,.85.37,4.19,4.19,0,0,1,.1,1c-.41,0-1-.05-1.81-.05-.51,0-1.16,0-1.93.05a4.07,4.07,0,0,1,.12-1,1.22,1.22,0,0,0,.72-.26,1.58,1.58,0,0,0,.43-.78,10.56,10.56,0,0,0,.26-1.61l.43-4.93c0-.29,0-.49,0-.6a1.36,1.36,0,0,0-.25-.93,1.15,1.15,0,0,0-.86-.26,3.57,3.57,0,0,1-.12-1c.44,0,1.07.05,1.88.05s1.44,0,1.83-.05l3.57,8.16,3.07-8.16c.5,0,1.15.05,1.93.05s1.35,0,1.83-.05a4.24,4.24,0,0,1-.11,1,1.16,1.16,0,0,0-.88.28,1.47,1.47,0,0,0-.27,1,5.59,5.59,0,0,0,0,.56l.53,5.29a9.88,9.88,0,0,0,.23,1.38,1.21,1.21,0,0,0,.35.62,1.44,1.44,0,0,0,.68.21A4.25,4.25,0,0,1,120,30.63Z\" />\n			<path class=\"cls-1\" d=\"M123.23,30a5.18,5.18,0,0,1-2-2.09,6.53,6.53,0,0,1-.7-3,6.24,6.24,0,0,1,.73-3,5.19,5.19,0,0,1,2-2,5.88,5.88,0,0,1,2.92-.72,6.16,6.16,0,0,1,3,.71,5,5,0,0,1,2,2,6,6,0,0,1,.72,3,6.52,6.52,0,0,1-.71,3.09,5.31,5.31,0,0,1-2,2.13,5.66,5.66,0,0,1-3,.77A6,6,0,0,1,123.23,30Zm5.29-1.59a6.4,6.4,0,0,0,.74-3.28,7.24,7.24,0,0,0-.42-2.52,4.23,4.23,0,0,0-1.16-1.8,2.52,2.52,0,0,0-1.72-.67,2.26,2.26,0,0,0-2,1.15,5.83,5.83,0,0,0-.74,3.15,8.71,8.71,0,0,0,.37,2.61,4.42,4.42,0,0,0,1.1,1.9,2.49,2.49,0,0,0,1.79.7A2.23,2.23,0,0,0,128.52,28.4Z\" />\n			<path class=\"cls-1\" d=\"M160.65,30.65c-.67,0-2-.07-3.89-.07-.88,0-2,0-3.33.07a6.6,6.6,0,0,1,.17-1.48,2.16,2.16,0,0,0,1.2-.4,1.62,1.62,0,0,0,.31-1.14c0-.18,0-.63-.1-1.37l-.77-7.34-4.7,11.69a4.3,4.3,0,0,1-1.44.19L142.8,19l-.65,6.45a12.57,12.57,0,0,0-.1,1.56,2.81,2.81,0,0,0,.36,1.66,1.69,1.69,0,0,0,1.23.53,6.38,6.38,0,0,1,.14,1.48c-.59,0-1.46-.07-2.59-.07-.74,0-1.66,0-2.76.07a5.53,5.53,0,0,1,.17-1.48,1.8,1.8,0,0,0,1-.38,2.22,2.22,0,0,0,.61-1.11,14.26,14.26,0,0,0,.37-2.31l.62-7c0-.41.05-.7.05-.86a1.91,1.91,0,0,0-.36-1.33,1.65,1.65,0,0,0-1.22-.37,5.25,5.25,0,0,1-.17-1.49c.62,0,1.52.07,2.69.07s2.05,0,2.62-.07L149.92,26l4.39-11.66c.72,0,1.64.07,2.77.07s1.92,0,2.61-.07a5.17,5.17,0,0,1-.17,1.49,1.68,1.68,0,0,0-1.25.4,2.14,2.14,0,0,0-.38,1.44c0,.15,0,.41.05.79l.77,7.56a12.26,12.26,0,0,0,.32,2,1.57,1.57,0,0,0,.51.88,2,2,0,0,0,1,.31A6.67,6.67,0,0,1,160.65,30.65Z\" />\n			<path class=\"cls-1\" d=\"M172,30.65c-.54,0-1.32,0-2.32,0-1.16,0-2,0-2.49,0a3.57,3.57,0,0,1,.12-1,1.53,1.53,0,0,0,.59-.21.4.4,0,0,0,.18-.36,2.25,2.25,0,0,0-.22-.72l-.38-.91c-1.49,0-2.86,0-4.1.12l-.22.55a2.48,2.48,0,0,0-.17.74c0,.46.27.72.81.79a4.24,4.24,0,0,1,.11,1c-.38,0-1,0-1.79,0s-1.2,0-1.52,0a3.44,3.44,0,0,1,.14-1,1,1,0,0,0,.68-.41,6.78,6.78,0,0,0,.66-1.34l3.53-8.63a4,4,0,0,1,.48-.07h.53l3.85,8.61a11.92,11.92,0,0,0,.56,1.16,1.87,1.87,0,0,0,.39.52,1,1,0,0,0,.44.17A3.64,3.64,0,0,1,172,30.65Zm-4.94-4.18-.91-2.12a17.9,17.9,0,0,1-.79-2.15c-.23.74-.47,1.45-.74,2.14l-.84,2.13Z\" />\n			<path class=\"cls-1\" d=\"M181.17,22.15a3.59,3.59,0,0,1-1.35.22,3.06,3.06,0,0,0-.57-1.62,1.68,1.68,0,0,0-1.33-.5h-.58v7.64a3.84,3.84,0,0,0,.11,1.05.78.78,0,0,0,.42.47,2.54,2.54,0,0,0,1,.18,2.86,2.86,0,0,1,.14,1c-.65,0-1.58-.05-2.79-.05-1.42,0-2.46,0-3.15.05a3.29,3.29,0,0,1,.16-1,2.8,2.8,0,0,0,1-.18.81.81,0,0,0,.46-.48,3.06,3.06,0,0,0,.13-1V20.25h-.38a1.82,1.82,0,0,0-1.43.5,3.73,3.73,0,0,0-.69,1.62,3.17,3.17,0,0,1-1.33-.22c.11-.48.19-1,.26-1.53a13.43,13.43,0,0,0,.1-1.44c.8,0,2.41.05,4.82.05,2,0,3.6,0,4.79-.05A13.63,13.63,0,0,0,181.17,22.15Z\" />\n			<path class=\"cls-1\" d=\"M191.05,27.83a13.85,13.85,0,0,0-.53,2.79c-1.12,0-2.46,0-4,0s-3.22,0-4.8.05a4.09,4.09,0,0,1,.1-1,1.56,1.56,0,0,0,.71-.18.76.76,0,0,0,.34-.5,4.94,4.94,0,0,0,.09-1.1V21.9a4.21,4.21,0,0,0-.09-1,.76.76,0,0,0-.33-.47,1.85,1.85,0,0,0-.72-.19,3.74,3.74,0,0,1-.1-1c.87,0,2.13.05,3.78.05,2.28,0,3.82,0,4.62-.05,0,.47.06,1,.12,1.51a9.27,9.27,0,0,0,.23,1.32,2.83,2.83,0,0,1-1.28.26,2.66,2.66,0,0,0-.69-1.52,2.55,2.55,0,0,0-1.83-.53h-1.16v4.16H186a2.05,2.05,0,0,0,1.24-.26,1.28,1.28,0,0,0,.34-1,3.85,3.85,0,0,1,1.19-.16c0,.73-.06,1.37-.06,1.91s0,1.27.06,2a3.75,3.75,0,0,1-1.16-.14,1.43,1.43,0,0,0-.4-1,2,2,0,0,0-1.21-.27h-.49v2.35a3.78,3.78,0,0,0,.13,1.1.85.85,0,0,0,.42.53,2,2,0,0,0,.87.15h.2a3.16,3.16,0,0,0,1.34-.23,1.75,1.75,0,0,0,.79-.68,5.81,5.81,0,0,0,.54-1.29A2.29,2.29,0,0,1,191.05,27.83Z\" />\n			<path class=\"cls-1\" d=\"M201.87,29.24a1.75,1.75,0,0,0,1,.3,3.65,3.65,0,0,1-.13,1,24.2,24.2,0,0,0-3.26.15c-.31-.58-.64-1.26-1-2.05l-.19-.42a10.57,10.57,0,0,0-.72-1.38,6.06,6.06,0,0,0-.87-1l-.44,0-.44,0v1.93a5.19,5.19,0,0,0,.09,1.13.76.76,0,0,0,.28.5,1.25,1.25,0,0,0,.59.17,3.42,3.42,0,0,1,.1,1c-.67,0-1.51-.05-2.52-.05s-1.7,0-2.33.05a4.3,4.3,0,0,1,.1-1,1.48,1.48,0,0,0,.7-.18.77.77,0,0,0,.34-.48,3.89,3.89,0,0,0,.1-1v-6a4.21,4.21,0,0,0-.09-1,.7.7,0,0,0-.33-.47,1.85,1.85,0,0,0-.72-.19,3.72,3.72,0,0,1-.1-1c1,0,1.87.05,2.48.05l1.25,0,1.94,0a4.47,4.47,0,0,1,2.95.84,2.69,2.69,0,0,1,1,2.17,3.23,3.23,0,0,1-.7,2.15,3.57,3.57,0,0,1-1.9,1.16,3.52,3.52,0,0,1,1,.89,16.7,16.7,0,0,1,1.07,1.83A4.25,4.25,0,0,0,201.87,29.24Zm-3.62-5a2.17,2.17,0,0,0,.72-1.75,2.34,2.34,0,0,0-.55-1.67,2.11,2.11,0,0,0-1.63-.6,3.14,3.14,0,0,0-1,.13v4.42a3,3,0,0,0,.62.07A2.72,2.72,0,0,0,198.25,24.22Z\" />\n			<path class=\"cls-1\" d=\"M213.83,19.13a4.25,4.25,0,0,1-.1,1,1.07,1.07,0,0,0-.64.24,1.23,1.23,0,0,0-.3.69,10.73,10.73,0,0,0-.08,1.48v8a4.27,4.27,0,0,1-1.18.13l-6.26-8.33v4.77a7.91,7.91,0,0,0,.1,1.48,1.12,1.12,0,0,0,.36.71,1.41,1.41,0,0,0,.78.25,3.3,3.3,0,0,1,.12,1c-.48,0-1.11-.05-1.88-.05s-1.53,0-1.95.05a3.71,3.71,0,0,1,.11-1,1.39,1.39,0,0,0,.78-.26,1.18,1.18,0,0,0,.38-.72,6.66,6.66,0,0,0,.12-1.46V20.89l-.17-.21a1,1,0,0,0-.4-.36,3,3,0,0,0-.71-.15,4.36,4.36,0,0,1-.11-1c.4,0,1,.05,1.79.05s1.31,0,1.57-.05l5.46,7.38V22.58a8.66,8.66,0,0,0-.1-1.47,1.15,1.15,0,0,0-.38-.69,1.81,1.81,0,0,0-.83-.25,4.77,4.77,0,0,1-.1-1c.49,0,1.13.05,1.93.05S213.42,19.16,213.83,19.13Z\" />\n			<path class=\"cls-1\" d=\"M215.84,20.88a.78.78,0,0,0-.32-.47,1.75,1.75,0,0,0-.71-.19,3.57,3.57,0,0,1-.12-1c.57,0,1.43.05,2.57.05,1,0,1.8,0,2.47-.05,0,.19,0,.37,0,.55a1.53,1.53,0,0,1-.1.49,1.76,1.76,0,0,0-.7.18.73.73,0,0,0-.33.47,4.36,4.36,0,0,0-.09,1v6a3.89,3.89,0,0,0,.1,1,.76.76,0,0,0,.33.48,1.56,1.56,0,0,0,.71.18,3.93,3.93,0,0,1,.1,1c-.57,0-1.37-.05-2.38-.05s-2,0-2.66.05a4,4,0,0,1,.12-1,1.48,1.48,0,0,0,.7-.18.73.73,0,0,0,.33-.48,4.46,4.46,0,0,0,.09-1v-6A4.21,4.21,0,0,0,215.84,20.88Z\" />\n			<path class=\"cls-1\" d=\"M230.33,20.34c1.13.77,1.7,2.2,1.7,4.28a5.85,5.85,0,0,1-1.09,3.8,5.2,5.2,0,0,1-2.48,1.74,9.27,9.27,0,0,1-2.68.42c-1.63,0-3.23,0-4.81.05a4.6,4.6,0,0,1,.1-1,1.57,1.57,0,0,0,.72-.18.75.75,0,0,0,.33-.5,4.3,4.3,0,0,0,.1-1.1V21.9a3.67,3.67,0,0,0-.1-1,.78.78,0,0,0-.32-.47,1.86,1.86,0,0,0-.73-.19,4.87,4.87,0,0,1-.1-1c.68,0,1.67.05,3,.05l.83,0,1,0A7.94,7.94,0,0,1,230.33,20.34Zm-1.86,8.22c.6-.66.9-1.87.9-3.66a5.21,5.21,0,0,0-1-3.61,3.44,3.44,0,0,0-2.63-1.11,2.35,2.35,0,0,0-.92.15v7.43a4.32,4.32,0,0,0,.11,1.1.85.85,0,0,0,.42.53,1.92,1.92,0,0,0,.86.15A3,3,0,0,0,228.47,28.56Z\" />\n			<path class=\"cls-1\" d=\"M243.41,30.63c-.54,0-1.31-.05-2.32-.05s-2,0-2.49.05a3.57,3.57,0,0,1,.12-1,1.47,1.47,0,0,0,.59-.21.41.41,0,0,0,.19-.36,2.56,2.56,0,0,0-.22-.72l-.39-.91c-1.49,0-2.86,0-4.1.12l-.22.55a2.48,2.48,0,0,0-.17.74c0,.46.27.72.81.79a3.76,3.76,0,0,1,.12,1c-.38,0-1-.05-1.8-.05s-1.2,0-1.51.05a3.47,3.47,0,0,1,.13-1,1,1,0,0,0,.68-.41,6.15,6.15,0,0,0,.67-1.34L237,19.21a3.54,3.54,0,0,1,.47-.07l.53,0,3.85,8.62c.24.53.42.92.56,1.16a2.4,2.4,0,0,0,.52.61c.12.1.15.06.32.08A4,4,0,0,1,243.41,30.63Zm-4.94-4.18-.91-2.12a19.8,19.8,0,0,1-.79-2.15c-.22.74-.47,1.45-.74,2.14l-.84,2.13Z\" />\n			<path class=\"cls-1\" d=\"M252.77,20.34c1.13.77,1.69,2.2,1.69,4.28a5.8,5.8,0,0,1-1.09,3.8,5.15,5.15,0,0,1-2.48,1.74,9.17,9.17,0,0,1-2.68.42c-1.62,0-3.22,0-4.8.05a4.09,4.09,0,0,1,.1-1,1.56,1.56,0,0,0,.71-.18.72.72,0,0,0,.34-.5,4.94,4.94,0,0,0,.09-1.1V21.9a4.21,4.21,0,0,0-.09-1,.76.76,0,0,0-.33-.47,1.8,1.8,0,0,0-.72-.19,4.3,4.3,0,0,1-.1-1c.67,0,1.67.05,3,.05l.82,0,1,0A8,8,0,0,1,252.77,20.34Zm-1.87,8.22c.61-.66.91-1.87.91-3.66a5.26,5.26,0,0,0-1-3.61,3.44,3.44,0,0,0-2.63-1.11,2.44,2.44,0,0,0-.93.15v7.43a3.84,3.84,0,0,0,.12,1.1.87.87,0,0,0,.41.53,2,2,0,0,0,.87.15A3,3,0,0,0,250.9,28.56Z\" />\n			<path class=\"cls-1\" d=\"M77.39,20.22a1.66,1.66,0,0,1,.51,0l.2-.44-.61-.63-.24.52Z\" />\n			<path class=\"cls-1\" d=\"M243.28,29.59a1.5,1.5,0,0,0,.23,0l.16.25-.26.79-.35-.13s-.45-.41-.42-.44l.34-.29Z\" />\n			<polygon class=\"cls-1\" points=\"202.72 30.58 203.24 30.56 203.3 30.06 202.91 29.55 202.85 29.54 202.48 29.72 202.21 29.98 202.72 30.58\" />\n			<path class=\"cls-2\" d=\"M77.47,20.21a1.32,1.32,0,0,0-.88.27,1.81,1.81,0,0,0-.23,1.16c0,.82.82.18.82.18S77.74,20.21,77.47,20.21Z\" />\n		</svg>\n	</div>\n		<header class=\"headroom\">\n		<div class=\"helper-nav py-2\">\n			<div class=\"container d-flex\">\n				<div class=\"helper-nav__contact-links\">\n					<ul class=\"list-unstyled m-0 list-inline d-none d-md-block\">\n						<li class=\"list-inline-item\"><i class=\"fa fa-envelope-o mr-2\"></i><a href=\"mailto:info@turismomaternidad.com\">info@turismomaternidad.com</a></li>\n					</ul>\n				</div>\n				<div class=\"helper-nav__social-links ml-auto \">\n					<ul class=\"list-unstyled m-0 list-inline\">\n						<li class=\"list-inline-item mx-2\"><a href=\"https://www.facebook.com/Turismo-Maternidad-212574079290183/\" target=\"_blank\"><i\n								 class=\"fa fa-facebook\" aria-hidden=\"true\"></i></a></li>\n						<!-- <li class=\"list-inline-item mx-2\"><a href=\"#\" target=\"_blank\"><i class=\"fa fa-linkedin\" aria-hidden=\"true\"></i></a></li>\n							<li class=\"list-inline-item mx-2\"><a href=\"#\" target=\"_blank\"><i class=\"fa fa-twitter\" aria-hidden=\"true\"></i></a></li> -->\n						<li class=\"list-inline-item mx-2\"><a href=\"https://plus.google.com/100396589339798709694\" target=\"_blank\"><i\n								 class=\"fa fa-google-plus\" aria-hidden=\"true\"></i></a></li>\n					</ul>\n				</div>\n			</div>\n		</div>\n		<div class=\"container\">\n			<nav class=\"main-navbar navbar navbar-expand-lg navbar-light p-0 align-items-center flex-row flex-wrap\">\n\n				<a class=\"navbar-brand py-2\" href=\"http://192.168.100.13:8888/turismo_maternidad/html/\">\n					<img class=\"logo-menu d-none d-md-block\" src=\"http://192.168.100.13:8888/turismo_maternidad/html/assets/img/logo-color.svg\" alt=\"Turismo de Maternidad\">\n					<img class=\"logo-menu-responsive d-block d-md-none\" src=\"http://192.168.100.13:8888/turismo_maternidad/html/assets/img/iso-logo.svg\" alt=\"Turismo de Maternidad\">\n				</a>\n				<button class=\"navbar-toggler navbar-toggler-right ml-3 order-1\" type=\"button\" data-toggle=\"collapse\" data-target=\"#navbarNavDropdown\"\n				 aria-controls=\"navbarNavDropdown\" aria-expanded=\"false\" aria-label=\"Toggle navigation\">\n					<span class=\"navbar-toggler-icon\"></span>\n				</button>\n				<a data-chat=\"open\" class=\"btn btn-purple d-lg-none d-block ml-auto\">Chatea ahora</a>\n				<div class=\"d-block d-lg-none responsive-nav order-2\">\n					<div class=\"collapse navbar-collapse align-items-center\" id=\"navbarNavDropdown\">\n						<ul class=\"navbar-nav ml-0 ml-lg-4 h-100 my-2 my-lg-0\">\n							<li class=\"nav-item \">\n								<a class=\"nav-link menu-link mx-2 mx-xl-3 h-100 d-flex align-items-center\" href=\"http://192.168.100.13:8888/turismo_maternidad/html/\">\n									Inicio\n								</a>\n							</li>\n							<li class=\"nav-item \">\n								<a class=\"nav-link menu-link mx-2 mx-xl-3 h-100 d-flex align-items-center\" href=\"http://192.168.100.13:8888/turismo_maternidad/html/precios\">\n									Precios\n								</a>\n							</li>\n							<li class=\"nav-item  hidden-md-down\">\n								<a class=\"nav-link menu-link mx-2 mx-xl-3 h-100 d-flex align-items-center\" href=\"http://192.168.100.13:8888/turismo_maternidad/html/paso-paso\">\n									Paso a Paso\n								</a>\n							</li>\n							<li class=\"nav-item \">\n								<a class=\"nav-link menu-link mx-2 mx-xl-3 h-100 d-flex align-items-center\" href=\"http://192.168.100.13:8888/turismo_maternidad/html/proceso-migratorio\">\n									Proceso Migratorio\n								</a>\n							</li>\n							<li class=\"nav-item \">\n								<a class=\"nav-link menu-link mx-2 mx-xl-3 h-100 d-flex align-items-center\" href=\"http://192.168.100.13:8888/turismo_maternidad/html/doctores\">\n									Doctores\n								</a>\n							</li>\n														<li class=\"nav-item \">\n								<a class=\"nav-link menu-link mx-2 mx-xl-3 h-100 d-flex align-items-center\" href=\"http://192.168.100.13:8888/turismo_maternidad/html/faqs\">\n									Preguntas Frecuentes\n								</a>\n							</li>\n							<li class=\"py-3 nav-item \">\n								<a class=\"nav-link p-0 px-4 menu-link mx-2 mx-xl-3 h-100 d-flex align-items-center\" href=\"http://192.168.100.13:8888/turismo_maternidad/html/soy-doctor\">\n									¿Eres doctor?\n								</a>\n							</li>\n						</ul>\n					</div>\n				</div>\n				<div class=\"d-lg-block d-none ml-auto\">\n					<div class=\"d-flex align-items-center justify-content-end ml-auto py-lg-4 py-0\">\n						<a href=\"tel:018000440189\">\n							<h3 class=\"h3 mb-0\"><i class=\"fa fa-phone mr-2 pink\"></i>01 800 044 0189</h3>\n							<p class=\"mt-0 text-center light-gray mb-0\"><small>Contáctanos de Lu-Vi de 9am-5pm</small></p>\n						</a>\n						<p class=\"mx-5 my-0\">ó</p>\n						<a data-chat=\"open\" class=\"btn btn-purple\">Chatea con nosotros</a>\n					</div>\n				</div>\n			</nav>\n		</div>\n		<div class=\"container-fluid pink-nav d-lg-block d-none\">\n			<nav class=\"navbar navbar-expand-lg navbar-light p-0 align-items-center flex-row flex-wrap justify-content-center\">\n				<div class=\"align-items-center\">\n					<ul class=\"navbar-nav ml-0 ml-lg-4 h-100 my-2 my-lg-0\">\n						<li class=\"py-3 nav-item \">\n							<a class=\"nav-link p-0 px-4 menu-link mx-2 mx-xl-3 h-100 d-flex align-items-center\" href=\"http://192.168.100.13:8888/turismo_maternidad/html/\">\n								Inicio\n							</a>\n						</li>\n						<li class=\"py-3 nav-item \">\n							<a class=\"nav-link p-0 px-4 menu-link mx-2 mx-xl-3 h-100 d-flex align-items-center\" href=\"http://192.168.100.13:8888/turismo_maternidad/html/precios\">\n								Precios\n							</a>\n						</li>\n						<li class=\"py-3 nav-item  hidden-md-down\">\n							<a class=\"nav-link p-0 px-4 menu-link mx-2 mx-xl-3 h-100 d-flex align-items-center\" href=\"http://192.168.100.13:8888/turismo_maternidad/html/paso-paso\">\n								Paso a Paso\n							</a>\n						</li>\n						<li class=\"py-3 nav-item \">\n							<a class=\"nav-link p-0 px-4 menu-link mx-2 mx-xl-3 h-100 d-flex align-items-center\" href=\"http://192.168.100.13:8888/turismo_maternidad/html/proceso-migratorio\">\n								Proceso Migratorio\n							</a>\n						</li>\n						<li class=\"py-3 nav-item \">\n							<a class=\"nav-link p-0 px-4 menu-link mx-2 mx-xl-3 h-100 d-flex align-items-center\" href=\"http://192.168.100.13:8888/turismo_maternidad/html/doctores\">\n								Doctores\n							</a>\n						</li>\n												<li class=\"py-3 nav-item \">\n							<a class=\"nav-link p-0 px-4 menu-link mx-2 mx-xl-3 h-100 d-flex align-items-center\" href=\"http://192.168.100.13:8888/turismo_maternidad/html/faqs\">\n								Preguntas Frecuentes\n							</a>\n						</li>\n						<li class=\"py-3 nav-item \">\n							<a class=\"nav-link p-0 px-4 menu-link mx-2 mx-xl-3 h-100 d-flex align-items-center\" href=\"http://192.168.100.13:8888/turismo_maternidad/html/soy-doctor\">\n								¿Eres doctor?\n							</a>\n						</li>\n					</ul>\n				</div>\n			</nav>\n		</div>\n		'),
	(63958,'MvVWSXdxVziuNG1txnxS2sWk8KkKL5OgIkYg','es','site:suscripcion','2019-01-05 16:37:34','    <link\n      rel=\"apple-touch-icon-precomposed\"\n      sizes=\"57x57\"\n      href=\"http://192.168.100.13:8888/turismo_maternidad/html/assets/img/favicon/apple-touch-icon-57x57.png\"\n    />\n    <link\n      rel=\"apple-touch-icon-precomposed\"\n      sizes=\"114x114\"\n      href=\"http://192.168.100.13:8888/turismo_maternidad/html/assets/img/favicon/apple-touch-icon-114x114.png\"\n    />\n    <link\n      rel=\"apple-touch-icon-precomposed\"\n      sizes=\"72x72\"\n      href=\"http://192.168.100.13:8888/turismo_maternidad/html/assets/img/favicon/apple-touch-icon-72x72.png\"\n    />\n    <link\n      rel=\"apple-touch-icon-precomposed\"\n      sizes=\"144x144\"\n      href=\"http://192.168.100.13:8888/turismo_maternidad/html/assets/img/favicon/apple-touch-icon-144x144.png\"\n    />\n    <link\n      rel=\"apple-touch-icon-precomposed\"\n      sizes=\"60x60\"\n      href=\"http://192.168.100.13:8888/turismo_maternidad/html/assets/img/favicon/apple-touch-icon-60x60.png\"\n    />\n    <link\n      rel=\"apple-touch-icon-precomposed\"\n      sizes=\"120x120\"\n      href=\"http://192.168.100.13:8888/turismo_maternidad/html/assets/img/favicon/apple-touch-icon-120x120.png\"\n    />\n    <link\n      rel=\"apple-touch-icon-precomposed\"\n      sizes=\"76x76\"\n      href=\"http://192.168.100.13:8888/turismo_maternidad/html/assets/img/favicon/apple-touch-icon-76x76.png\"\n    />\n    <link\n      rel=\"apple-touch-icon-precomposed\"\n      sizes=\"152x152\"\n      href=\"http://192.168.100.13:8888/turismo_maternidad/html/assets/img/favicon/apple-touch-icon-152x152.png\"\n    />\n    <link\n      rel=\"icon\"\n      type=\"image/x-icon\"\n      href=\"http://192.168.100.13:8888/turismo_maternidad/html/assets/img/favicon/favicon-196x196.png\"\n      sizes=\"196x196\"\n    />\n    <link\n      rel=\"icon\"\n      type=\"image/x-icon\"\n      href=\"http://192.168.100.13:8888/turismo_maternidad/html/assets/img/favicon/favicon-96x96.png\"\n      sizes=\"96x96\"\n    />\n    <link\n      rel=\"icon\"\n      type=\"image/x-icon\"\n      href=\"http://192.168.100.13:8888/turismo_maternidad/html/assets/img/favicon/favicon-32x32.png\"\n      sizes=\"32x32\"\n    />\n    <link\n      rel=\"icon\"\n      type=\"image/x-icon\"\n      href=\"http://192.168.100.13:8888/turismo_maternidad/html/assets/img/favicon/favicon-128.png\"\n      sizes=\"128x128\"\n    />\n    <meta name=\"application-name\" content=\"&nbsp;\" />\n    <meta name=\"msapplication-TileColor\" content=\"#FFFFFF\" />\n    <meta name=\"msapplication-TileImage\" content=\"mstile-144x144.png\" />\n    <meta name=\"msapplication-square70x70logo\" content=\"mstile-70x70.png\" />\n    <meta name=\"msapplication-square150x150logo\" content=\"mstile-150x150.png\" />\n    <meta name=\"msapplication-wide310x150logo\" content=\"mstile-310x150.png\" />\n    <meta name=\"msapplication-square310x310logo\" content=\"mstile-310x310.png\" />\n    '),
	(63959,'JExjDU9FGSK2PHJvMPm4KPBb9MhsT0YicXN9','es','site:suscripcion','2019-01-05 16:37:50','    <link\n      rel=\"apple-touch-icon-precomposed\"\n      sizes=\"57x57\"\n      href=\"http://192.168.100.13:8888/turismo_maternidad/html/assets/img/favicon/apple-touch-icon-57x57.png\"\n    />\n    <link\n      rel=\"apple-touch-icon-precomposed\"\n      sizes=\"114x114\"\n      href=\"http://192.168.100.13:8888/turismo_maternidad/html/assets/img/favicon/apple-touch-icon-114x114.png\"\n    />\n    <link\n      rel=\"apple-touch-icon-precomposed\"\n      sizes=\"72x72\"\n      href=\"http://192.168.100.13:8888/turismo_maternidad/html/assets/img/favicon/apple-touch-icon-72x72.png\"\n    />\n    <link\n      rel=\"apple-touch-icon-precomposed\"\n      sizes=\"144x144\"\n      href=\"http://192.168.100.13:8888/turismo_maternidad/html/assets/img/favicon/apple-touch-icon-144x144.png\"\n    />\n    <link\n      rel=\"apple-touch-icon-precomposed\"\n      sizes=\"60x60\"\n      href=\"http://192.168.100.13:8888/turismo_maternidad/html/assets/img/favicon/apple-touch-icon-60x60.png\"\n    />\n    <link\n      rel=\"apple-touch-icon-precomposed\"\n      sizes=\"120x120\"\n      href=\"http://192.168.100.13:8888/turismo_maternidad/html/assets/img/favicon/apple-touch-icon-120x120.png\"\n    />\n    <link\n      rel=\"apple-touch-icon-precomposed\"\n      sizes=\"76x76\"\n      href=\"http://192.168.100.13:8888/turismo_maternidad/html/assets/img/favicon/apple-touch-icon-76x76.png\"\n    />\n    <link\n      rel=\"apple-touch-icon-precomposed\"\n      sizes=\"152x152\"\n      href=\"http://192.168.100.13:8888/turismo_maternidad/html/assets/img/favicon/apple-touch-icon-152x152.png\"\n    />\n    <link\n      rel=\"icon\"\n      type=\"image/x-icon\"\n      href=\"http://192.168.100.13:8888/turismo_maternidad/html/assets/img/favicon/favicon-196x196.png\"\n      sizes=\"196x196\"\n    />\n    <link\n      rel=\"icon\"\n      type=\"image/x-icon\"\n      href=\"http://192.168.100.13:8888/turismo_maternidad/html/assets/img/favicon/favicon-96x96.png\"\n      sizes=\"96x96\"\n    />\n    <link\n      rel=\"icon\"\n      type=\"image/x-icon\"\n      href=\"http://192.168.100.13:8888/turismo_maternidad/html/assets/img/favicon/favicon-32x32.png\"\n      sizes=\"32x32\"\n    />\n    <link\n      rel=\"icon\"\n      type=\"image/x-icon\"\n      href=\"http://192.168.100.13:8888/turismo_maternidad/html/assets/img/favicon/favicon-128.png\"\n      sizes=\"128x128\"\n    />\n    <meta name=\"application-name\" content=\"&nbsp;\" />\n    <meta name=\"msapplication-TileColor\" content=\"#FFFFFF\" />\n    <meta name=\"msapplication-TileImage\" content=\"mstile-144x144.png\" />\n    <meta name=\"msapplication-square70x70logo\" content=\"mstile-70x70.png\" />\n    <meta name=\"msapplication-square150x150logo\" content=\"mstile-150x150.png\" />\n    <meta name=\"msapplication-wide310x150logo\" content=\"mstile-310x150.png\" />\n    <meta name=\"msapplication-square310x310logo\" content=\"mstile-310x310.png\" />\n    ');

/*!40000 ALTER TABLE `craft_templatecaches` ENABLE KEYS */;
UNLOCK TABLES;


# Dump of table craft_tokens
# ------------------------------------------------------------

DROP TABLE IF EXISTS `craft_tokens`;

CREATE TABLE `craft_tokens` (
  `id` int(11) NOT NULL AUTO_INCREMENT,
  `token` char(32) COLLATE utf8_unicode_ci NOT NULL,
  `route` text COLLATE utf8_unicode_ci,
  `usageLimit` tinyint(3) unsigned DEFAULT NULL,
  `usageCount` tinyint(3) unsigned DEFAULT NULL,
  `expiryDate` datetime NOT NULL,
  `dateCreated` datetime NOT NULL,
  `dateUpdated` datetime NOT NULL,
  `uid` char(36) COLLATE utf8_unicode_ci NOT NULL DEFAULT '0',
  PRIMARY KEY (`id`),
  UNIQUE KEY `craft_tokens_token_unq_idx` (`token`),
  KEY `craft_tokens_expiryDate_idx` (`expiryDate`)
) ENGINE=InnoDB DEFAULT CHARSET=utf8 COLLATE=utf8_unicode_ci;



# Dump of table craft_usergroups
# ------------------------------------------------------------

DROP TABLE IF EXISTS `craft_usergroups`;

CREATE TABLE `craft_usergroups` (
  `id` int(11) NOT NULL AUTO_INCREMENT,
  `name` varchar(255) COLLATE utf8_unicode_ci NOT NULL,
  `handle` varchar(255) COLLATE utf8_unicode_ci NOT NULL,
  `dateCreated` datetime NOT NULL,
  `dateUpdated` datetime NOT NULL,
  `uid` char(36) COLLATE utf8_unicode_ci NOT NULL DEFAULT '0',
  PRIMARY KEY (`id`),
  UNIQUE KEY `craft_usergroups_name_unq_idx` (`name`),
  UNIQUE KEY `craft_usergroups_handle_unq_idx` (`handle`)
) ENGINE=InnoDB DEFAULT CHARSET=utf8 COLLATE=utf8_unicode_ci;



# Dump of table craft_usergroups_users
# ------------------------------------------------------------

DROP TABLE IF EXISTS `craft_usergroups_users`;

CREATE TABLE `craft_usergroups_users` (
  `id` int(11) NOT NULL AUTO_INCREMENT,
  `groupId` int(11) NOT NULL,
  `userId` int(11) NOT NULL,
  `dateCreated` datetime NOT NULL,
  `dateUpdated` datetime NOT NULL,
  `uid` char(36) COLLATE utf8_unicode_ci NOT NULL DEFAULT '0',
  PRIMARY KEY (`id`),
  UNIQUE KEY `craft_usergroups_users_groupId_userId_unq_idx` (`groupId`,`userId`),
  KEY `craft_usergroups_users_userId_fk` (`userId`),
  CONSTRAINT `craft_usergroups_users_groupId_fk` FOREIGN KEY (`groupId`) REFERENCES `craft_usergroups` (`id`) ON DELETE CASCADE,
  CONSTRAINT `craft_usergroups_users_userId_fk` FOREIGN KEY (`userId`) REFERENCES `craft_users` (`id`) ON DELETE CASCADE
) ENGINE=InnoDB DEFAULT CHARSET=utf8 COLLATE=utf8_unicode_ci;



# Dump of table craft_userpermissions
# ------------------------------------------------------------

DROP TABLE IF EXISTS `craft_userpermissions`;

CREATE TABLE `craft_userpermissions` (
  `id` int(11) NOT NULL AUTO_INCREMENT,
  `name` varchar(255) COLLATE utf8_unicode_ci NOT NULL,
  `dateCreated` datetime NOT NULL,
  `dateUpdated` datetime NOT NULL,
  `uid` char(36) COLLATE utf8_unicode_ci NOT NULL DEFAULT '0',
  PRIMARY KEY (`id`),
  UNIQUE KEY `craft_userpermissions_name_unq_idx` (`name`)
) ENGINE=InnoDB DEFAULT CHARSET=utf8 COLLATE=utf8_unicode_ci;



# Dump of table craft_userpermissions_usergroups
# ------------------------------------------------------------

DROP TABLE IF EXISTS `craft_userpermissions_usergroups`;

CREATE TABLE `craft_userpermissions_usergroups` (
  `id` int(11) NOT NULL AUTO_INCREMENT,
  `permissionId` int(11) NOT NULL,
  `groupId` int(11) NOT NULL,
  `dateCreated` datetime NOT NULL,
  `dateUpdated` datetime NOT NULL,
  `uid` char(36) COLLATE utf8_unicode_ci NOT NULL DEFAULT '0',
  PRIMARY KEY (`id`),
  UNIQUE KEY `craft_userpermissions_usergroups_permissionId_groupId_unq_idx` (`permissionId`,`groupId`),
  KEY `craft_userpermissions_usergroups_groupId_fk` (`groupId`),
  CONSTRAINT `craft_userpermissions_usergroups_groupId_fk` FOREIGN KEY (`groupId`) REFERENCES `craft_usergroups` (`id`) ON DELETE CASCADE,
  CONSTRAINT `craft_userpermissions_usergroups_permissionId_fk` FOREIGN KEY (`permissionId`) REFERENCES `craft_userpermissions` (`id`) ON DELETE CASCADE
) ENGINE=InnoDB DEFAULT CHARSET=utf8 COLLATE=utf8_unicode_ci;



# Dump of table craft_userpermissions_users
# ------------------------------------------------------------

DROP TABLE IF EXISTS `craft_userpermissions_users`;

CREATE TABLE `craft_userpermissions_users` (
  `id` int(11) NOT NULL AUTO_INCREMENT,
  `permissionId` int(11) NOT NULL,
  `userId` int(11) NOT NULL,
  `dateCreated` datetime NOT NULL,
  `dateUpdated` datetime NOT NULL,
  `uid` char(36) COLLATE utf8_unicode_ci NOT NULL DEFAULT '0',
  PRIMARY KEY (`id`),
  UNIQUE KEY `craft_userpermissions_users_permissionId_userId_unq_idx` (`permissionId`,`userId`),
  KEY `craft_userpermissions_users_userId_fk` (`userId`),
  CONSTRAINT `craft_userpermissions_users_permissionId_fk` FOREIGN KEY (`permissionId`) REFERENCES `craft_userpermissions` (`id`) ON DELETE CASCADE,
  CONSTRAINT `craft_userpermissions_users_userId_fk` FOREIGN KEY (`userId`) REFERENCES `craft_users` (`id`) ON DELETE CASCADE
) ENGINE=InnoDB DEFAULT CHARSET=utf8 COLLATE=utf8_unicode_ci;



# Dump of table craft_users
# ------------------------------------------------------------

DROP TABLE IF EXISTS `craft_users`;

CREATE TABLE `craft_users` (
  `id` int(11) NOT NULL,
  `username` varchar(100) COLLATE utf8_unicode_ci NOT NULL,
  `photo` varchar(100) COLLATE utf8_unicode_ci DEFAULT NULL,
  `firstName` varchar(100) COLLATE utf8_unicode_ci DEFAULT NULL,
  `lastName` varchar(100) COLLATE utf8_unicode_ci DEFAULT NULL,
  `email` varchar(255) COLLATE utf8_unicode_ci NOT NULL,
  `password` char(255) COLLATE utf8_unicode_ci DEFAULT NULL,
  `preferredLocale` char(12) COLLATE utf8_unicode_ci DEFAULT NULL,
  `weekStartDay` tinyint(1) unsigned NOT NULL DEFAULT '0',
  `admin` tinyint(1) unsigned NOT NULL DEFAULT '0',
  `client` tinyint(1) unsigned NOT NULL DEFAULT '0',
  `locked` tinyint(1) unsigned NOT NULL DEFAULT '0',
  `suspended` tinyint(1) unsigned NOT NULL DEFAULT '0',
  `pending` tinyint(1) unsigned NOT NULL DEFAULT '0',
  `archived` tinyint(1) unsigned NOT NULL DEFAULT '0',
  `lastLoginDate` datetime DEFAULT NULL,
  `lastLoginAttemptIPAddress` varchar(45) COLLATE utf8_unicode_ci DEFAULT NULL,
  `invalidLoginWindowStart` datetime DEFAULT NULL,
  `invalidLoginCount` tinyint(4) unsigned DEFAULT NULL,
  `lastInvalidLoginDate` datetime DEFAULT NULL,
  `lockoutDate` datetime DEFAULT NULL,
  `verificationCode` char(100) COLLATE utf8_unicode_ci DEFAULT NULL,
  `verificationCodeIssuedDate` datetime DEFAULT NULL,
  `unverifiedEmail` varchar(255) COLLATE utf8_unicode_ci DEFAULT NULL,
  `passwordResetRequired` tinyint(1) unsigned NOT NULL DEFAULT '0',
  `lastPasswordChangeDate` datetime DEFAULT NULL,
  `dateCreated` datetime NOT NULL,
  `dateUpdated` datetime NOT NULL,
  `uid` char(36) COLLATE utf8_unicode_ci NOT NULL DEFAULT '0',
  PRIMARY KEY (`id`),
  UNIQUE KEY `craft_users_username_unq_idx` (`username`),
  UNIQUE KEY `craft_users_email_unq_idx` (`email`),
  KEY `craft_users_verificationCode_idx` (`verificationCode`),
  KEY `craft_users_uid_idx` (`uid`),
  KEY `craft_users_preferredLocale_fk` (`preferredLocale`),
  CONSTRAINT `craft_users_id_fk` FOREIGN KEY (`id`) REFERENCES `craft_elements` (`id`) ON DELETE CASCADE,
  CONSTRAINT `craft_users_preferredLocale_fk` FOREIGN KEY (`preferredLocale`) REFERENCES `craft_locales` (`locale`) ON DELETE SET NULL ON UPDATE CASCADE
) ENGINE=InnoDB DEFAULT CHARSET=utf8 COLLATE=utf8_unicode_ci;

LOCK TABLES `craft_users` WRITE;
/*!40000 ALTER TABLE `craft_users` DISABLE KEYS */;

INSERT INTO `craft_users` (`id`, `username`, `photo`, `firstName`, `lastName`, `email`, `password`, `preferredLocale`, `weekStartDay`, `admin`, `client`, `locked`, `suspended`, `pending`, `archived`, `lastLoginDate`, `lastLoginAttemptIPAddress`, `invalidLoginWindowStart`, `invalidLoginCount`, `lastInvalidLoginDate`, `lockoutDate`, `verificationCode`, `verificationCodeIssuedDate`, `unverifiedEmail`, `passwordResetRequired`, `lastPasswordChangeDate`, `dateCreated`, `dateUpdated`, `uid`)
VALUES
	(1,'dood',NULL,'','','jjaime@dmsc.mx','$2y$13$ArAJKQq4S5Km3p.BFl.ANuYTAZBvf9JoEropS1dZzW7afAdXA0rmS',NULL,0,1,0,0,0,0,0,'2019-01-04 14:49:06','::1',NULL,NULL,'2018-10-09 03:11:50',NULL,NULL,NULL,NULL,0,'2018-10-05 17:54:11','2017-12-24 03:05:18','2019-01-04 14:49:06','677a658f-25bd-4d0e-82f3-b8c5d8069fe2');

/*!40000 ALTER TABLE `craft_users` ENABLE KEYS */;
UNLOCK TABLES;


# Dump of table craft_widgets
# ------------------------------------------------------------

DROP TABLE IF EXISTS `craft_widgets`;

CREATE TABLE `craft_widgets` (
  `id` int(11) NOT NULL AUTO_INCREMENT,
  `userId` int(11) NOT NULL,
  `type` varchar(150) COLLATE utf8_unicode_ci NOT NULL,
  `sortOrder` smallint(6) unsigned DEFAULT NULL,
  `colspan` tinyint(4) unsigned DEFAULT NULL,
  `settings` text COLLATE utf8_unicode_ci,
  `enabled` tinyint(1) unsigned NOT NULL DEFAULT '1',
  `dateCreated` datetime NOT NULL,
  `dateUpdated` datetime NOT NULL,
  `uid` char(36) COLLATE utf8_unicode_ci NOT NULL DEFAULT '0',
  PRIMARY KEY (`id`),
  KEY `craft_widgets_userId_fk` (`userId`),
  CONSTRAINT `craft_widgets_userId_fk` FOREIGN KEY (`userId`) REFERENCES `craft_users` (`id`) ON DELETE CASCADE
) ENGINE=InnoDB DEFAULT CHARSET=utf8 COLLATE=utf8_unicode_ci;

LOCK TABLES `craft_widgets` WRITE;
/*!40000 ALTER TABLE `craft_widgets` DISABLE KEYS */;

INSERT INTO `craft_widgets` (`id`, `userId`, `type`, `sortOrder`, `colspan`, `settings`, `enabled`, `dateCreated`, `dateUpdated`, `uid`)
VALUES
	(1,1,'RecentEntries',1,NULL,NULL,1,'2017-12-24 03:05:22','2017-12-24 03:05:22','43c297ee-44d6-4f29-8f04-e8318a21391f'),
	(2,1,'GetHelp',2,NULL,NULL,1,'2017-12-24 03:05:22','2017-12-24 03:05:22','462b3504-0cc4-497c-a71b-3da20afe96f0'),
	(3,1,'Updates',3,NULL,NULL,1,'2017-12-24 03:05:22','2017-12-24 03:05:22','b989beef-71a7-4ee6-996c-8b058c40e92c'),
	(4,1,'Feed',4,NULL,'{\"url\":\"https:\\/\\/craftcms.com\\/news.rss\",\"title\":\"Craft News\"}',1,'2017-12-24 03:05:22','2017-12-24 03:05:22','6a4973a6-43dd-44b5-8316-1b9227aa28b1'),
	(5,1,'UptimeRobot',5,NULL,NULL,1,'2018-01-05 19:38:38','2018-01-05 19:38:38','d0b6f2d0-73ee-43e2-a599-40aca2bdbe67');

/*!40000 ALTER TABLE `craft_widgets` ENABLE KEYS */;
UNLOCK TABLES;



/*!40111 SET SQL_NOTES=@OLD_SQL_NOTES */;
/*!40101 SET SQL_MODE=@OLD_SQL_MODE */;
/*!40014 SET FOREIGN_KEY_CHECKS=@OLD_FOREIGN_KEY_CHECKS */;
/*!40101 SET CHARACTER_SET_CLIENT=@OLD_CHARACTER_SET_CLIENT */;
/*!40101 SET CHARACTER_SET_RESULTS=@OLD_CHARACTER_SET_RESULTS */;
/*!40101 SET COLLATION_CONNECTION=@OLD_COLLATION_CONNECTION */;
