-- SQLBook: Code
-- Active: 1701280042876@@127.0.0.1@3308


-- --------------------------- GESTION DE LOCKERS --------------------------- --

DROP DATABASE CodeWave;

CREATE DATABASE CodeWave;

use CodeWave;

-- * Tabla: CARRERAS
CREATE TABLE CARRERAS (
    Codigo CHAR(4) PRIMARY KEY,
    Nombre VARCHAR(64) NOT NULL
);

-- * Tabla: GRUPOS
CREATE TABLE GRUPOS (
    Codigo CHAR(2) PRIMARY KEY,
    Grado INT NOT NULL,
    Grupo CHAR(1) NOT NULL
);

-- * Tabla: CARRERA-GRUPOS
CREATE TABLE CARRERA_GRUPOS (
    Carrera CHAR(4),
    Grupo CHAR(2),
    PRIMARY KEY (Carrera, Grupo),
    FOREIGN KEY (Carrera) REFERENCES CARRERAS(Codigo),
    FOREIGN KEY (Grupo) REFERENCES GRUPOS(Codigo)
);

-- * Tabla: ALUMNOS
CREATE TABLE ALUMNOS (
    Matricula INT PRIMARY KEY AUTO_INCREMENT,
    Grupo CHAR(2) NOT NULL,
    Carrera CHAR(4) NOT NULL,
    FOREIGN KEY (Grupo) REFERENCES GRUPOS(Codigo),
    FOREIGN KEY (Carrera) REFERENCES CARRERAS(Codigo)
);

-- * Tabla: PUESTOS
CREATE TABLE PUESTOS (
    Codigo CHAR(4) PRIMARY KEY,
    Nombre VARCHAR(64) NOT NULL
);

-- * Tabla: DEPARTAMENTOS
CREATE TABLE DEPARTAMENTOS (
    Codigo CHAR(4) PRIMARY KEY,
    Nombre VARCHAR(64) NOT NULL
);

-- * Tabla: PUESTO-DEPTO
CREATE TABLE PUESTO_DEPTO (
    Puesto CHAR(4),
    Departamento CHAR(4),
    PRIMARY KEY (Puesto, Departamento),
    FOREIGN KEY (Puesto) REFERENCES PUESTOS(Codigo),
    FOREIGN KEY (Departamento) REFERENCES DEPARTAMENTOS(Codigo)
);

-- * Tabla: ADMINISTRATIVOS
CREATE TABLE ADMINISTRATIVOS (
    Numero INT PRIMARY KEY AUTO_INCREMENT,
    Puesto CHAR(4) NOT NULL,
    Departamento CHAR(4) NOT NULL,
    FOREIGN KEY (Puesto) REFERENCES PUESTOS(Codigo),
    FOREIGN KEY (Departamento) REFERENCES DEPARTAMENTOS(Codigo)
);

-- * Tabla: DOCENTES
CREATE TABLE DOCENTES (
    Numero INT PRIMARY KEY AUTO_INCREMENT
);

-- * Tabla: CARRERA_DOCENTE
CREATE TABLE CARRERA_DOCENTE (
    Docente INT,
    Carrera CHAR(4),
    PRIMARY KEY (Docente, Carrera),
    FOREIGN KEY (Docente) REFERENCES DOCENTES(Numero),
    FOREIGN KEY (Carrera) REFERENCES CARRERAS(Codigo)
);

-- * Tabla: GENEROS
CREATE TABLE GENEROS (
    Codigo CHAR(4) PRIMARY KEY,
    Genero VARCHAR(32) NOT NULL
);

-- * Tabla: ESTADOS
CREATE TABLE ESTADOS (
    Codigo CHAR(4) PRIMARY KEY,
    Estado VARCHAR(32) NOT NULL
);

-- * Tabla: USUARIOS
CREATE TABLE USUARIOS (
    Numero INT PRIMARY KEY AUTO_INCREMENT,
    -- Datos personales:
    HuellaDigital VARBINARY(256),
    NombrePila VARCHAR(128) NOT NULL,
    ApPaterno VARCHAR(64) NOT NULL,
    ApMaterno VARCHAR(64),
    Genero CHAR(4) NOT NULL,
    FechaNacimiento DATE NOT NULL,
    NumTel VARCHAR(16) NOT NULL,
    Email VARCHAR(128) NOT NULL UNIQUE,
    Calle VARCHAR(128) NOT NULL,
    Colonia VARCHAR(128) NOT NULL,
    NumExterior CHAR(4) NOT NULL,
    Alumno INT,
    Docente INT,
    Administrativo INT,
    EstadoActual CHAR(4) NOT NULL,
    FechaRegistro DATE DEFAULT(CURRENT_DATE),
    FOREIGN KEY(Genero) REFERENCES GENEROS(Codigo),
    FOREIGN KEY(EstadoActual) REFERENCES ESTADOS(Codigo),
    FOREIGN KEY(Alumno) REFERENCES ALUMNOS(Matricula),
    FOREIGN KEY(Docente) REFERENCES DOCENTES(Numero),
    FOREIGN KEY(Administrativo) REFERENCES ADMINISTRATIVOS(Numero)
);

-- * Tabla: DOCENCIAS
CREATE TABLE DOCENCIAS (
    Codigo CHAR(4) PRIMARY KEY,
    Nombre VARCHAR(64) NOT NULL
);

-- * Tabla: UBICACIONES
CREATE TABLE UBICACIONES (
    Codigo CHAR(4) PRIMARY KEY,
    Piso CHAR(1) NOT NULL,
    Seccion CHAR(1) NOT NULL,
    Docencia CHAR(4) NOT NULL,
    FOREIGN KEY (Docencia) REFERENCES DOCENCIAS(Codigo)
);

-- * Tabla: TAMAÑOS
CREATE TABLE TAMANOS (
    Codigo CHAR(4) PRIMARY KEY,
    Descripcion VARCHAR(64) NOT NULL,
    Dimensiones VARCHAR(16) NOT NULL,
    Precio DECIMAL NOT NULL
);

-- * Tabla: DISPONIBILIDAD
CREATE TABLE DISPONIBILIDAD (
    Codigo CHAR(4) PRIMARY KEY,
    Descripcion VARCHAR(16) NOT NULL
);

-- * Tabla: CASILLEROS
CREATE TABLE CASILLEROS (
    Numero INT PRIMARY KEY AUTO_INCREMENT,
    Disponibilidad CHAR(4) NOT NULL,
    Ubicacion CHAR(4) NOT NULL,
    Tamano CHAR(4) NOT NULL,
    FOREIGN KEY (Disponibilidad) REFERENCES DISPONIBILIDAD(Codigo),
    FOREIGN KEY (Ubicacion) REFERENCES UBICACIONES(Codigo),
    FOREIGN KEY (Tamano) REFERENCES TAMANOS(Codigo)
);

-- * Tabla: PERIODOS
CREATE TABLE PERIODOS (
    Folio CHAR(8) PRIMARY KEY,
    Meses VARCHAR(32) NOT NULL
);

-- * Tabla: RENTAS
CREATE TABLE RENTAS (
    Referencia CHAR(16) PRIMARY KEY,
    FechaInicio DATE NOT NULL,
    FechaFinal DATE NOT NULL,
    Usuario INT NOT NULL,
    Casillero INT NOT NULL,
    Periodo CHAR(8) NOT NULL,
    Estado CHAR(4) NOT NULL,
    FOREIGN KEY(Usuario) REFERENCES USUARIOS(Numero),
    FOREIGN KEY(Casillero) REFERENCES CASILLEROS(Numero),
    FOREIGN KEY(Periodo) REFERENCES PERIODOS(Folio),
    FOREIGN KEY(Estado) REFERENCES ESTADOS(Codigo)
);

-- * Tabla: PAGOS
CREATE TABLE PAGOS (
    Folio INT PRIMARY KEY AUTO_INCREMENT,
    FechaPago DATE NOT NULL,
    Total DECIMAL NOT NULL,
    Renta CHAR(16) NOT NULL,
    FOREIGN KEY(Renta) REFERENCES RENTAS(Referencia)
);
-- -------------------------------------------------------------------------- --


-- --------------------------- GESTION DE LOCKERS --------------------------- --

-- * Tabla: CARRERAS
INSERT INTO CARRERAS VALUES
    ('TIAT', 'Tecnología Ambiental'),
    ('ENRV', 'Energías Renovables'),
    ('MFAR', 'Manufactura Aeronáutica'),
    ('MECT', 'Mecatrónica'),
    ('EVND', 'Entornos Virtuales & Negocios Digitales'),
    ('DGSW', 'Desarrollo & Gestión de Software'),
    ('RICS', 'Redes Inteligentes & Ciberseguridad'),
    ('POIT', 'Procesos & Operaciones Industriales'),
    ('EMIT', 'Electromecánica Industrial'),
    ('LCGL', 'Logística Comercial Global'),
    ('CNTD', 'Contaduría'),
    ('GRLT', 'Gestión de Redes Logísticas'),
    ('INMT', 'Innovación de Negocios & Mercadotecnia');

-- * Tabla: GRUPOS
INSERT INTO GRUPOS VALUES
    ('2A', 2, 'A'),
    ('2B', 2, 'B'),
    ('2C', 2, 'C'),
    ('4A', 4, 'A'),
    ('4B', 4, 'B'),
    ('4C', 4, 'C'),
    ('6A', 6, 'A'),
    ('6B', 6, 'B'),
    ('6C', 6, 'C');

-- * Tabla: CARRERA_GRUPOS
INSERT INTO CARRERA_GRUPOS VALUES
    ('TIAT', '2A'),
    ('TIAT', '2B'),
    ('TIAT', '2C'),
    ('TIAT', '4A'),
    ('TIAT', '4B'),
    ('TIAT', '4C'),
    ('TIAT', '6A'),
    ('TIAT', '6B'),
    ('TIAT', '6C'),
    ('ENRV', '2A'),
    ('ENRV', '2B'),
    ('ENRV', '2C'),
    ('ENRV', '4A'),
    ('ENRV', '4B'),
    ('ENRV', '4C'),
    ('ENRV', '6A'),
    ('ENRV', '6B'),
    ('ENRV', '6C'),
    ('MFAR', '2A'),
    ('MFAR', '2B'),
    ('MFAR', '2C'),
    ('MFAR', '4A'),
    ('MFAR', '4B'),
    ('MFAR', '4C'),
    ('MFAR', '6A'),
    ('MFAR', '6B'),
    ('MFAR', '6C'),
    ('MECT', '2A'),
    ('MECT', '2B'),
    ('MECT', '2C'),
    ('MECT', '4A'),
    ('MECT', '4B'),
    ('MECT', '4C'),
    ('MECT', '6A'),
    ('MECT', '6B'),
    ('MECT', '6C'),
    ('EVND', '2A'),
    ('EVND', '2B'),
    ('EVND', '2C'),
    ('EVND', '4A'),
    ('EVND', '4B'),
    ('EVND', '4C'),
    ('EVND', '6A'),
    ('EVND', '6B'),
    ('EVND', '6C'),
    ('DGSW', '2A'),
    ('DGSW', '2B'),
    ('DGSW', '2C'),
    ('DGSW', '4A'),
    ('DGSW', '4B'),
    ('DGSW', '4C'),
    ('DGSW', '6A'),
    ('DGSW', '6B'),
    ('DGSW', '6C'),
    ('RICS', '2A'),
    ('RICS', '2B'),
    ('RICS', '2C'),
    ('RICS', '4A'),
    ('RICS', '4B'),
    ('RICS', '4C'),
    ('RICS', '6A'),
    ('RICS', '6B'),
    ('RICS', '6C'),
    ('POIT', '2A'),
    ('POIT', '2B'),
    ('POIT', '2C'),
    ('POIT', '4A'),
    ('POIT', '4B'),
    ('POIT', '4C'),
    ('POIT', '6A'),
    ('POIT', '6B'),
    ('POIT', '6C'),
    ('EMIT', '2A'),
    ('EMIT', '2B'),
    ('EMIT', '2C'),
    ('EMIT', '4A'),
    ('EMIT', '4B'),
    ('EMIT', '4C'),
    ('EMIT', '6A'),
    ('EMIT', '6B'),
    ('EMIT', '6C'),
    ('LCGL', '2A'),
    ('LCGL', '2B'),
    ('LCGL', '2C'),
    ('LCGL', '4A'),
    ('LCGL', '4B'),
    ('LCGL', '4C'),
    ('LCGL', '6A'),
    ('LCGL', '6B'),
    ('LCGL', '6C'),
    ('CNTD', '2A'),
    ('CNTD', '2B'),
    ('CNTD', '2C'),
    ('CNTD', '4A'),
    ('CNTD', '4B'),
    ('CNTD', '4C'),
    ('CNTD', '6A'),
    ('CNTD', '6B'),
    ('CNTD', '6C'),
    ('GRLT', '2A'),
    ('GRLT', '2B'),
    ('GRLT', '2C'),
    ('GRLT', '4A'),
    ('GRLT', '4B'),
    ('GRLT', '4C'),
    ('GRLT', '6A'),
    ('GRLT', '6B'),
    ('GRLT', '6C'),
    ('INMT', '2A'),
    ('INMT', '2B'),
    ('INMT', '2C'),
    ('INMT', '4A'),
    ('INMT', '4B'),
    ('INMT', '4C'),
    ('INMT', '6A'),
    ('INMT', '6B'),
    ('INMT', '6C');

-- * Tabla: ALUMNOS
INSERT INTO ALUMNOS (Carrera, Grupo) VALUES
    ('TIAT', '2A'),
    ('TIAT', '2B'),
    ('TIAT', '2C'),
    ('TIAT', '4A'),
    ('TIAT', '4B'),
    ('TIAT', '4C'),
    ('TIAT', '6A'),
    ('TIAT', '6B'),
    ('TIAT', '6C'),
    ('ENRV', '2A'),
    ('ENRV', '2B'),
    ('ENRV', '2C'),
    ('ENRV', '4A'),
    ('ENRV', '4B'),
    ('ENRV', '4C'),
    ('ENRV', '6A'),
    ('ENRV', '6B'),
    ('ENRV', '6C'),
    ('MFAR', '2A'),
    ('MFAR', '2B'),
    ('MFAR', '2C'),
    ('MFAR', '4A'),
    ('MFAR', '4B'),
    ('MFAR', '4C'),
    ('MFAR', '6A'),
    ('MFAR', '6B'),
    ('MFAR', '6C'),
    ('MECT', '2A'),
    ('MECT', '2B'),
    ('MECT', '2C'),
    ('MECT', '4A'),
    ('MECT', '4B'),
    ('MECT', '4C'),
    ('MECT', '6A'),
    ('MECT', '6B'),
    ('MECT', '6C'),
    ('EVND', '2A'),
    ('EVND', '2B'),
    ('EVND', '2C'),
    ('EVND', '4A'),
    ('EVND', '4B'),
    ('EVND', '4C'),
    ('EVND', '6A'),
    ('EVND', '6B'),
    ('EVND', '6C'),
    ('DGSW', '2A'),
    ('DGSW', '2B'),
    ('DGSW', '2C'),
    ('DGSW', '4A'),
    ('DGSW', '4B'),
    ('DGSW', '4C'),
    ('DGSW', '6A'),
    ('DGSW', '6B'),
    ('DGSW', '6C'),
    ('RICS', '2A'),
    ('RICS', '2B'),
    ('RICS', '2C'),
    ('RICS', '4A'),
    ('RICS', '4B'),
    ('RICS', '4C'),
    ('RICS', '6A'),
    ('RICS', '6B'),
    ('RICS', '6C'),
    ('POIT', '2A'),
    ('POIT', '2B'),
    ('POIT', '2C'),
    ('POIT', '4A'),
    ('POIT', '4B'),
    ('POIT', '4C'),
    ('POIT', '6A'),
    ('POIT', '6B'),
    ('POIT', '6C'),
    ('EMIT', '2A'),
    ('EMIT', '2B'),
    ('EMIT', '2C'),
    ('EMIT', '4A'),
    ('EMIT', '4B'),
    ('EMIT', '4C'),
    ('EMIT', '6A'),
    ('EMIT', '6B'),
    ('EMIT', '6C'),
    ('LCGL', '2A'),
    ('LCGL', '2B'),
    ('LCGL', '2C'),
    ('LCGL', '4A'),
    ('LCGL', '4B'),
    ('LCGL', '4C'),
    ('LCGL', '6A'),
    ('LCGL', '6B'),
    ('LCGL', '6C'),
    ('CNTD', '2A'),
    ('CNTD', '2B'),
    ('CNTD', '2C'),
    ('CNTD', '4A'),
    ('CNTD', '4B'),
    ('CNTD', '4C'),
    ('CNTD', '6A'),
    ('CNTD', '6B'),
    ('CNTD', '6C'),
    ('GRLT', '2A'),
    ('GRLT', '2B'),
    ('GRLT', '2C'),
    ('GRLT', '4A'),
    ('GRLT', '4B'),
    ('GRLT', '4C'),
    ('GRLT', '6A'),
    ('GRLT', '6B'),
    ('GRLT', '6C'),
    ('INMT', '2A'),
    ('INMT', '2B'),
    ('INMT', '2C'),
    ('INMT', '4A'),
    ('INMT', '4B'),
    ('INMT', '4C'),
    ('INMT', '6A'),
    ('INMT', '6B'),
    ('INMT', '6C'),
    ('TIAT', '2A'),
    ('TIAT', '2B'),
    ('TIAT', '2C'),
    ('TIAT', '4A'),
    ('TIAT', '4B'),
    ('TIAT', '4C'),
    ('TIAT', '6A'),
    ('TIAT', '6B'),
    ('TIAT', '6C'),
    ('ENRV', '2A'),
    ('ENRV', '2B'),
    ('ENRV', '2C'),
    ('ENRV', '4A'),
    ('ENRV', '4B'),
    ('ENRV', '4C'),
    ('ENRV', '6A'),
    ('ENRV', '6B'),
    ('ENRV', '6C'),
    ('MFAR', '2A'),
    ('MFAR', '2B'),
    ('MFAR', '2C'),
    ('MFAR', '4A'),
    ('MFAR', '4B'),
    ('MFAR', '4C'),
    ('MFAR', '6A'),
    ('MFAR', '6B'),
    ('MFAR', '6C'),
    ('MECT', '2A'),
    ('MECT', '2B'),
    ('MECT', '2C'),
    ('MECT', '4A'),
    ('MECT', '4B'),
    ('MECT', '4C'),
    ('MECT', '6A'),
    ('MECT', '6B'),
    ('MECT', '6C'),
    ('EVND', '2A'),
    ('EVND', '2B'),
    ('EVND', '2C'),
    ('EVND', '4A'),
    ('EVND', '4B'),
    ('EVND', '4C'),
    ('EVND', '6A'),
    ('EVND', '6B'),
    ('EVND', '6C'),
    ('DGSW', '2A'),
    ('DGSW', '2B'),
    ('DGSW', '2C'),
    ('DGSW', '4A'),
    ('DGSW', '4B'),
    ('DGSW', '4C'),
    ('DGSW', '6A'),
    ('DGSW', '6B'),
    ('DGSW', '6C'),
    ('RICS', '2A'),
    ('RICS', '2B'),
    ('RICS', '2C'),
    ('RICS', '4A'),
    ('RICS', '4B'),
    ('RICS', '4C'),
    ('RICS', '6A'),
    ('RICS', '6B'),
    ('RICS', '6C'),
    ('POIT', '2A'),
    ('POIT', '2B'),
    ('POIT', '2C'),
    ('POIT', '4A'),
    ('POIT', '4B'),
    ('POIT', '4C'),
    ('POIT', '6A'),
    ('POIT', '6B'),
    ('POIT', '6C'),
    ('EMIT', '2A'),
    ('EMIT', '2B'),
    ('EMIT', '2C'),
    ('EMIT', '4A'),
    ('EMIT', '4B'),
    ('EMIT', '4C'),
    ('EMIT', '6A'),
    ('EMIT', '6B'),
    ('EMIT', '6C'),
    ('LCGL', '2A'),
    ('LCGL', '2B'),
    ('LCGL', '2C'),
    ('LCGL', '4A'),
    ('LCGL', '4B'),
    ('LCGL', '4C'),
    ('LCGL', '6A'),
    ('LCGL', '6B'),
    ('LCGL', '6C'),
    ('CNTD', '2A'),
    ('CNTD', '2B'),
    ('CNTD', '2C'),
    ('CNTD', '4A'),
    ('CNTD', '4B'),
    ('CNTD', '4C'),
    ('CNTD', '6A'),
    ('CNTD', '6B'),
    ('CNTD', '6C'),
    ('GRLT', '2A'),
    ('GRLT', '2B'),
    ('GRLT', '2C'),
    ('GRLT', '4A'),
    ('GRLT', '4B'),
    ('GRLT', '4C'),
    ('GRLT', '6A'),
    ('GRLT', '6B'),
    ('GRLT', '6C'),
    ('INMT', '2A'),
    ('INMT', '2B'),
    ('INMT', '2C'),
    ('INMT', '4A'),
    ('INMT', '4B'),
    ('INMT', '4C'),
    ('INMT', '6A'),
    ('INMT', '6B'),
    ('INMT', '6C'),
    ('TIAT', '2A'),
    ('TIAT', '2B'),
    ('TIAT', '2C'),
    ('TIAT', '4A'),
    ('TIAT', '4B'),
    ('TIAT', '4C'),
    ('TIAT', '6A'),
    ('TIAT', '6B'),
    ('TIAT', '6C'),
    ('ENRV', '2A'),
    ('ENRV', '2B'),
    ('ENRV', '2C'),
    ('ENRV', '4A'),
    ('ENRV', '4B'),
    ('ENRV', '4C'),
    ('ENRV', '6A'),
    ('ENRV', '6B'),
    ('ENRV', '6C'),
    ('MFAR', '2A'),
    ('MFAR', '2B'),
    ('MFAR', '2C'),
    ('MFAR', '4A'),
    ('MFAR', '4B'),
    ('MFAR', '4C'),
    ('MFAR', '6A'),
    ('MFAR', '6B'),
    ('MFAR', '6C'),
    ('MECT', '2A'),
    ('MECT', '2B'),
    ('MECT', '2C'),
    ('MECT', '4A'),
    ('MECT', '4B'),
    ('MECT', '4C'),
    ('MECT', '6A'),
    ('MECT', '6B'),
    ('MECT', '6C'),
    ('EVND', '2A'),
    ('EVND', '2B'),
    ('EVND', '2C'),
    ('EVND', '4A'),
    ('EVND', '4B'),
    ('EVND', '4C'),
    ('EVND', '6A'),
    ('EVND', '6B'),
    ('EVND', '6C'),
    ('DGSW', '2A'),
    ('DGSW', '2B'),
    ('DGSW', '2C'),
    ('DGSW', '4A'),
    ('DGSW', '4B'),
    ('DGSW', '4C'),
    ('DGSW', '6A'),
    ('DGSW', '6B'),
    ('DGSW', '6C'),
    ('RICS', '2A'),
    ('RICS', '2B'),
    ('RICS', '2C'),
    ('RICS', '4A'),
    ('RICS', '4B'),
    ('RICS', '4C'),
    ('RICS', '6A'),
    ('RICS', '6B'),
    ('RICS', '6C'),
    ('POIT', '2A'),
    ('POIT', '2B'),
    ('POIT', '2C'),
    ('POIT', '4A'),
    ('POIT', '4B'),
    ('POIT', '4C'),
    ('POIT', '6A'),
    ('POIT', '6B'),
    ('POIT', '6C'),
    ('EMIT', '2A'),
    ('EMIT', '2B'),
    ('EMIT', '2C'),
    ('EMIT', '4A'),
    ('EMIT', '4B'),
    ('EMIT', '4C'),
    ('EMIT', '6A'),
    ('EMIT', '6B'),
    ('EMIT', '6C'),
    ('LCGL', '2A'),
    ('LCGL', '2B'),
    ('LCGL', '2C'),
    ('LCGL', '4A'),
    ('LCGL', '4B'),
    ('LCGL', '4C'),
    ('LCGL', '6A'),
    ('LCGL', '6B'),
    ('LCGL', '6C'),
    ('CNTD', '2A'),
    ('CNTD', '2B'),
    ('CNTD', '2C'),
    ('CNTD', '4A'),
    ('CNTD', '4B'),
    ('CNTD', '4C'),
    ('CNTD', '6A'),
    ('CNTD', '6B'),
    ('CNTD', '6C'),
    ('GRLT', '2A'),
    ('GRLT', '2B'),
    ('GRLT', '2C'),
    ('GRLT', '4A'),
    ('GRLT', '4B'),
    ('GRLT', '4C'),
    ('GRLT', '6A'),
    ('GRLT', '6B'),
    ('GRLT', '6C'),
    ('INMT', '2A'),
    ('INMT', '2B'),
    ('INMT', '2C'),
    ('INMT', '4A'),
    ('INMT', '4B'),
    ('INMT', '4C'),
    ('INMT', '6A'),
    ('INMT', '6B'),
    ('INMT', '6C');

-- * Tabla: PUESTOS
INSERT INTO PUESTOS VALUES
    ('DRCT', 'Director'),
    ('COOR', 'Coordinador Académico'),
    ('JEFD', 'Jefe de Departamento'),
    ('SECR', 'Secretario Administrativo'),
    ('ENRH', 'Encargado de Recursos Humanos'),
    ('COFI', 'Contador de Finanzas'),
    ('ASAD', 'Asistente Administrativo'),
    ('COCO', 'Coordinador de Comunicación'),
    ('ENAD', 'Encargado de Admisiones'),
    ('COAE', 'Coordinador de Actividades Estudiantiles');

-- * Tabla: DEPARTAMENTOS
INSERT INTO DEPARTAMENTOS VALUES
    ('DIRD', 'Dirección'),
    ('CDAD', 'Coordinación Académica'),
    ('RRHH', 'Recursos Humanos'),
    ('ADMN', 'Administración'),
    ('FNZS', 'Finanzas'),
    ('CMCN', 'Comunicación'),
    ('ADMS', 'Admisiones'),
    ('ACED', 'Actividades Estudiantiles'),
    ('SVAT', 'Servicios Administrativos'),
    ('DSED', 'Desarrollo Estudiantil');

-- * Tabla: PUESTO-DEPTO
INSERT INTO PUESTO_DEPTO (Departamento, Puesto) VALUES
    ('DIRD', 'DRCT'),
    ('CDAD', 'COOR'),
    ('RRHH', 'JEFD'),
    ('ADMN', 'SECR'),
    ('FNZS', 'ENRH'),
    ('CMCN', 'COFI'),
    ('ADMS', 'ASAD'),
    ('ACED', 'COCO'),
    ('SVAT', 'ENAD'),
    ('DSED', 'COAE');

-- * Tabla: ADMINISTRATIVOS
INSERT INTO ADMINISTRATIVOS (Departamento, Puesto) VALUES
    ('DIRD', 'DRCT'),
    ('CDAD', 'COOR'),
    ('RRHH', 'JEFD'),
    ('ADMN', 'SECR'),
    ('FNZS', 'ENRH'),
    ('CMCN', 'COFI'),
    ('ADMS', 'ASAD'),
    ('ACED', 'COCO'),
    ('SVAT', 'ENAD'),
    ('DSED', 'COAE'),
    ('DIRD', 'DRCT'),
    ('CDAD', 'COOR'),
    ('RRHH', 'JEFD'),
    ('ADMN', 'SECR'),
    ('FNZS', 'ENRH'),
    ('CMCN', 'COFI'),
    ('ADMS', 'ASAD'),
    ('ACED', 'COCO'),
    ('SVAT', 'ENAD'),
    ('DSED', 'COAE'),
    ('DIRD', 'DRCT'),
    ('CDAD', 'COOR'),
    ('RRHH', 'JEFD'),
    ('ADMN', 'SECR'),
    ('FNZS', 'ENRH'),
    ('CMCN', 'COFI'),
    ('ADMS', 'ASAD'),
    ('ACED', 'COCO'),
    ('SVAT', 'ENAD'),
    ('DSED', 'COAE');

-- * Tabla: DOCENTES
INSERT INTO DOCENTES VALUES
    (1),
    (2),
    (3),
    (4),
    (5),
    (6),
    (7),
    (8),
    (9),
    (10),
    (11),
    (12),
    (13),
    (14),
    (15),
    (16),
    (17),
    (18),
    (19),
    (20),
    (21),
    (22),
    (23),
    (24),
    (25),
    (26),
    (27),
    (28),
    (29),
    (30),
    (31),
    (32),
    (33),
    (34),
    (35),
    (36),
    (37),
    (38),
    (39);

-- * Tabla: CARRERA_DOCENTE
INSERT INTO CARRERA_DOCENTE (Carrera, Docente) VALUES
    ('TIAT', 1),
    ('ENRV', 2),
    ('MFAR', 3),
    ('MECT', 4),
    ('EVND', 5),
    ('DGSW', 6),
    ('RICS', 7),
    ('POIT', 8),
    ('EMIT', 9),
    ('LCGL', 10),
    ('CNTD', 11),
    ('GRLT', 12),
    ('INMT', 13),
    ('TIAT', 14),
    ('ENRV', 15),
    ('MFAR', 16),
    ('MECT', 17),
    ('EVND', 18),
    ('DGSW', 19),
    ('RICS', 20),
    ('POIT', 21),
    ('EMIT', 22),
    ('LCGL', 23),
    ('CNTD', 24),
    ('GRLT', 25),
    ('INMT', 26),
    ('TIAT', 27),
    ('ENRV', 28),
    ('MFAR', 29),
    ('MECT', 30),
    ('EVND', 31),
    ('DGSW', 32),
    ('RICS', 33),
    ('POIT', 34),
    ('EMIT', 35),
    ('LCGL', 36),
    ('CNTD', 37),
    ('GRLT', 38),
    ('INMT', 39);

-- * Tabla: GENEROS
INSERT INTO GENEROS VALUES
    ('MSCL', 'Masculino'),
    ('FMNN', 'Femenino');

-- * Tabla: ESTADOS
INSERT INTO ESTADOS VALUES
    ('ACTV', 'Activo'),
    ('NCTV', 'Inactivo');

-- * Tabla: USUARIOS
INSERT INTO USUARIOS (NombrePila, ApPaterno, ApMaterno, Genero, FechaNacimiento, NumTel, Email, Calle, Colonia, NumExterior, Alumno, Administrativo, Docente, EstadoActual, FechaRegistro) VALUES
    ('Quinn', 'Smith', 'Davis', 'FMNN', '1975-09-25', '(244) 677-8624', 'quinn.smith57@hotmail.com', 'Pine Street', 'Sunnydale', '136', 1, null, null, 'ACTV', '2022-02-17'),
    ('Jamie', 'Brown', 'Davis', 'MSCL', '1984-03-05', '(535) 401-4562', 'jamie.brown85@outlook.es', 'Pine Street', 'Shadow Brook', '880', 2, null, null, 'ACTV', '2022-02-17'),
    ('Riley', 'Davis', 'Miller', 'MSCL', '1990-01-23', '(973) 655-8004', 'riley.davis57@outlook.es', 'Elm Street', 'Sunnydale', '544', 3, null, null, 'ACTV', '2022-02-17'),
    ('Riley', 'Williams', 'Johnson', 'FMNN', '1973-03-29', '(620) 403-5948', 'riley.williams60@hotmail.com', 'Pine Street', 'Shadow Brook', '25', 4, null, null, 'ACTV', '2022-02-17'),
    ('Robin', 'Garcia', 'Williams', 'FMNN', '1960-08-07', '(754) 711-6002', 'robin.garcia67@outlook.com', 'Pine Street', 'Greenwood', '629', 5, null, null, 'ACTV', '2022-02-17'),
    ('Taylor', 'Johnson', 'Jones', 'FMNN', '1968-12-23', '(966) 792-8972', 'taylor.johnson40@gmail.com', 'Elm Street', 'Eagle Ridge', '393', 6, null, null, 'ACTV', '2022-02-17'),
    ('Avery', 'Miller', 'Jones', 'FMNN', '1985-09-30', '(827) 686-7938', 'avery.miller38@gmail.com', 'Cedar Street', 'Shadow Brook', '471', 7, null, null, 'ACTV', '2022-02-17'),
    ('Taylor', 'Brown', 'Johnson', 'FMNN', '1965-10-05', '(698) 245-7988', 'taylor.brown72@outlook.es', 'Oak Street', 'Greenwood', '363', 8, null, null, 'ACTV', '2022-02-17'),
    ('Taylor', 'Williams', 'Garcia', 'MSCL', '1953-01-26', '(997) 900-4295', 'taylor.williams78@outlook.com', 'Pine Street', 'Shadow Brook', '416', 9, null, null, 'ACTV', '2022-02-17'),
    ('Jordan', 'Williams', 'Brown', 'FMNN', '2003-11-07', '(240) 455-8926', 'jordan.williams7@outlook.es', 'Maple Street', 'Greenwood', '438', 10, null, null, 'ACTV', '2022-02-17'),
    ('Taylor', 'Garcia', 'Davis', 'FMNN', '1979-11-02', '(973) 118-4494', 'taylor.garcia17@outlook.es', 'Oak Street', 'Shadow Brook', '647', 11, null, null, 'ACTV', '2022-02-17'),
    ('Quinn', 'Smith', 'Garcia', 'MSCL', '1972-08-06', '(214) 987-7362', 'quinn.smith34@outlook.com', 'Elm Street', 'Shadow Brook', '25', 12, null, null, 'ACTV', '2022-02-17'),
    ('Alex', 'Smith', 'Smith', 'FMNN', '1969-07-04', '(101) 894-1939', 'alex.smith13@outlook.com', 'Oak Street', 'Sunnydale', '861', 13, null, null, 'ACTV', '2022-02-17'),
    ('Quinn', 'Williams', 'Smith', 'MSCL', '1989-01-01', '(249) 447-9437', 'quinn.williams99@gmail.com', 'Pine Street', 'Eagle Ridge', '91', 14, null, null, 'ACTV', '2022-02-17'),
    ('Morgan', 'Jones', 'Davis', 'MSCL', '1978-11-20', '(444) 933-5632', 'morgan.jones1@hotmail.com', 'Elm Street', 'Eagle Ridge', '847', 15, null, null, 'ACTV', '2022-02-17'),
    ('Casey', 'Miller', 'Smith', 'FMNN', '1964-06-15', '(419) 326-6138', 'casey.miller50@gmail.com', 'Elm Street', 'Shadow Brook', '243', 16, null, null, 'ACTV', '2022-02-17'),
    ('Casey', 'Smith', 'Williams', 'MSCL', '1998-12-16', '(306) 245-1110', 'casey.smith61@gmail.com', 'Maple Street', 'Pleasant Park', '689', 17, null, null, 'ACTV', '2022-02-17'),
    ('Avery', 'Garcia', 'Williams', 'MSCL', '1980-12-05', '(218) 624-7439', 'avery.garcia79@outlook.es', 'Oak Street', 'Pleasant Park', '805', 18, null, null, 'ACTV', '2022-02-17'),
    ('Avery', 'Williams', 'Miller', 'MSCL', '1983-05-20', '(646) 678-4035', 'avery.williams27@outlook.com', 'Cedar Street', 'Eagle Ridge', '488', 19, null, null, 'ACTV', '2022-02-17'),
    ('Taylor', 'Jones', 'Garcia', 'MSCL', '2004-05-27', '(718) 107-9520', 'taylor.jones73@gmail.com', 'Oak Street', 'Eagle Ridge', '162', 20, null, null, 'ACTV', '2022-02-17'),
    ('Morgan', 'Johnson', 'Johnson', 'MSCL', '1993-03-15', '(367) 876-9045', 'morgan.johnson51@outlook.es', 'Elm Street', 'Eagle Ridge', '813', 21, null, null, 'ACTV', '2022-02-17'),
    ('Taylor', 'Jones', 'Smith', 'MSCL', '2005-10-25', '(475) 841-3918', 'taylor.jones19@gmail.com', 'Elm Street', 'Shadow Brook', '166', 22, null, null, 'ACTV', '2022-02-17'),
    ('Taylor', 'Davis', 'Miller', 'MSCL', '1957-07-17', '(253) 994-5551', 'taylor.davis69@hotmail.com', 'Pine Street', 'Eagle Ridge', '97', 23, null, null, 'ACTV', '2022-02-17'),
    ('Alex', 'Williams', 'Johnson', 'FMNN', '1969-10-19', '(391) 783-6171', 'alex.williams67@outlook.com', 'Elm Street', 'Pleasant Park', '246', 24, null, null, 'ACTV', '2022-02-17'),
    ('Jamie', 'Brown', 'Smith', 'MSCL', '1971-01-28', '(572) 107-9933', 'jamie.brown99@gmail.com', 'Maple Street', 'Sunnydale', '791', 25, null, null, 'ACTV', '2022-02-17'),
    ('Quinn', 'Williams', 'Brown', 'FMNN', '1972-07-01', '(432) 249-1860', 'quinn.williams94@gmail.com', 'Cedar Street', 'Sunnydale', '127', 26, null, null, 'ACTV', '2022-02-17'),
    ('Morgan', 'Brown', 'Brown', 'FMNN', '2001-10-23', '(161) 812-5927', 'morgan.brown97@outlook.com', 'Pine Street', 'Sunnydale', '809', 27, null, null, 'ACTV', '2022-02-17'),
    ('Morgan', 'Jones', 'Jones', 'FMNN', '1972-07-17', '(185) 584-6841', 'morgan.jones11@outlook.com', 'Maple Street', 'Pleasant Park', '868', 28, null, null, 'ACTV', '2022-02-17'),
    ('Taylor', 'Williams', 'Jones', 'MSCL', '1995-06-19', '(336) 921-4920', 'taylor.williams54@outlook.es', 'Cedar Street', 'Pleasant Park', '946', 29, null, null, 'ACTV', '2022-02-17'),
    ('Jamie', 'Jones', 'Garcia', 'MSCL', '1980-01-11', '(532) 763-9163', 'jamie.jones56@outlook.com', 'Pine Street', 'Pleasant Park', '796', 30, null, null, 'ACTV', '2022-02-17'),
    ('Alex', 'Smith', 'Smith', 'MSCL', '1982-06-13', '(108) 620-4586', 'alex.smith56@outlook.com', 'Cedar Street', 'Sunnydale', '134', 31, null, null, 'ACTV', '2022-02-17'),
    ('Robin', 'Garcia', 'Smith', 'MSCL', '1954-06-10', '(738) 297-9409', 'robin.garcia38@hotmail.com', 'Cedar Street', 'Sunnydale', '439', 32, null, null, 'ACTV', '2022-02-17'),
    ('Quinn', 'Jones', 'Jones', 'FMNN', '1958-02-26', '(519) 618-8743', 'quinn.jones4@outlook.com', 'Maple Street', 'Eagle Ridge', '149', 33, null, null, 'ACTV', '2022-02-17'),
    ('Avery', 'Garcia', 'Miller', 'FMNN', '1967-05-13', '(800) 916-4742', 'avery.garcia1@gmail.com', 'Maple Street', 'Greenwood', '493', 34, null, null, 'ACTV', '2022-02-17'),
    ('Taylor', 'Brown', 'Davis', 'FMNN', '1954-03-22', '(787) 551-1114', 'taylor.brown21@outlook.com', 'Cedar Street', 'Pleasant Park', '324', 35, null, null, 'ACTV', '2022-02-17'),
    ('Taylor', 'Smith', 'Williams', 'MSCL', '1993-05-03', '(428) 853-7631', 'taylor.smith97@gmail.com', 'Cedar Street', 'Sunnydale', '648', 36, null, null, 'ACTV', '2022-02-17'),
    ('Casey', 'Miller', 'Garcia', 'FMNN', '1996-09-09', '(233) 787-3412', 'casey.miller35@hotmail.com', 'Maple Street', 'Pleasant Park', '882', 37, null, null, 'ACTV', '2022-02-17'),
    ('Jordan', 'Jones', 'Miller', 'MSCL', '1961-06-09', '(278) 204-1426', 'jordan.jones73@hotmail.com', 'Oak Street', 'Eagle Ridge', '873', 38, null, null, 'ACTV', '2022-02-17'),
    ('Morgan', 'Williams', 'Johnson', 'MSCL', '1980-10-01', '(156) 824-8907', 'morgan.williams9@hotmail.com', 'Cedar Street', 'Eagle Ridge', '466', 39, null, null, 'ACTV', '2022-02-17'),
    ('Quinn', 'Miller', 'Jones', 'MSCL', '1956-04-13', '(800) 542-8768', 'quinn.miller80@outlook.com', 'Oak Street', 'Sunnydale', '271', 40, null, null, 'ACTV', '2022-02-17'),
    ('Quinn', 'Garcia', 'Smith', 'FMNN', '1955-05-05', '(364) 597-4943', 'quinn.garcia6@outlook.com', 'Cedar Street', 'Greenwood', '297', 41, null, null, 'ACTV', '2022-02-17'),
    ('Robin', 'Smith', 'Garcia', 'MSCL', '1985-04-05', '(558) 313-4699', 'robin.smith16@outlook.com', 'Maple Street', 'Greenwood', '230', 42, null, null, 'ACTV', '2022-02-17'),
    ('Taylor', 'Johnson', 'Jones', 'FMNN', '1976-08-07', '(339) 667-3540', 'taylor.johnson43@hotmail.com', 'Maple Street', 'Shadow Brook', '416', 43, null, null, 'ACTV', '2022-02-17'),
    ('Riley', 'Jones', 'Jones', 'FMNN', '1983-05-23', '(619) 732-9653', 'riley.jones69@outlook.es', 'Maple Street', 'Eagle Ridge', '864', 44, null, null, 'ACTV', '2022-02-17'),
    ('Robin', 'Garcia', 'Brown', 'MSCL', '1986-08-08', '(146) 740-7536', 'robin.garcia92@hotmail.com', 'Cedar Street', 'Shadow Brook', '635', 45, null, null, 'ACTV', '2022-02-17'),
    ('Jordan', 'Jones', 'Smith', 'FMNN', '1992-01-09', '(455) 607-2270', 'jordan.jones10@outlook.es', 'Elm Street', 'Eagle Ridge', '542', 46, null, null, 'ACTV', '2022-02-17'),
    ('Morgan', 'Miller', 'Jones', 'MSCL', '1965-06-15', '(251) 389-5649', 'morgan.miller59@hotmail.com', 'Cedar Street', 'Shadow Brook', '142', 47, null, null, 'ACTV', '2022-02-17'),
    ('Casey', 'Garcia', 'Smith', 'FMNN', '1987-03-01', '(155) 890-1188', 'casey.garcia8@gmail.com', 'Cedar Street', 'Greenwood', '488', 48, null, null, 'ACTV', '2022-02-17'),
    ('Jamie', 'Jones', 'Johnson', 'FMNN', '1988-04-28', '(640) 289-2020', 'jamie.jones97@outlook.com', 'Cedar Street', 'Shadow Brook', '381', 49, null, null, 'ACTV', '2022-02-17'),
    ('Morgan', 'Brown', 'Smith', 'FMNN', '2005-06-14', '(914) 610-6331', 'morgan.brown62@gmail.com', 'Pine Street', 'Pleasant Park', '818', 50, null, null, 'ACTV', '2022-02-17'),
    ('Taylor', 'Davis', 'Jones', 'MSCL', '1987-05-22', '(517) 216-1746', 'taylor.davis74@gmail.com', 'Maple Street', 'Sunnydale', '611', 51, null, null, 'ACTV', '2022-02-17'),
    ('Jamie', 'Williams', 'Garcia', 'MSCL', '1975-01-12', '(421) 165-9970', 'jamie.williams70@gmail.com', 'Oak Street', 'Eagle Ridge', '135', 52, null, null, 'ACTV', '2022-02-17'),
    ('Alex', 'Smith', 'Smith', 'MSCL', '2003-05-30', '(633) 607-1469', 'alex.smith90@outlook.es', 'Cedar Street', 'Sunnydale', '681', 53, null, null, 'ACTV', '2022-02-17'),
    ('Avery', 'Miller', 'Smith', 'FMNN', '2004-04-27', '(143) 918-4045', 'avery.miller55@outlook.com', 'Cedar Street', 'Greenwood', '953', 54, null, null, 'ACTV', '2022-02-17'),
    ('Riley', 'Miller', 'Jones', 'MSCL', '1993-03-16', '(802) 908-3686', 'riley.miller32@outlook.com', 'Elm Street', 'Shadow Brook', '473', 55, null, null, 'ACTV', '2022-02-17'),
    ('Jordan', 'Miller', 'Davis', 'MSCL', '1954-08-09', '(519) 338-9963', 'jordan.miller52@outlook.com', 'Pine Street', 'Sunnydale', '678', 56, null, null, 'ACTV', '2022-02-17'),
    ('Jamie', 'Jones', 'Davis', 'FMNN', '1951-04-08', '(703) 477-9091', 'jamie.jones70@gmail.com', 'Pine Street', 'Sunnydale', '205', 57, null, null, 'ACTV', '2022-02-17'),
    ('Robin', 'Smith', 'Davis', 'FMNN', '2005-02-19', '(200) 115-4249', 'robin.smith47@outlook.es', 'Maple Street', 'Greenwood', '579', 58, null, null, 'ACTV', '2022-02-17'),
    ('Casey', 'Jones', 'Miller', 'MSCL', '1958-09-16', '(959) 219-4516', 'casey.jones23@hotmail.com', 'Pine Street', 'Greenwood', '291', 59, null, null, 'ACTV', '2022-02-17'),
    ('Morgan', 'Garcia', 'Davis', 'FMNN', '1983-10-14', '(295) 957-9024', 'morgan.garcia22@hotmail.com', 'Maple Street', 'Greenwood', '313', 60, null, null, 'ACTV', '2022-02-17'),
    ('Avery', 'Garcia', 'Williams', 'MSCL', '1970-09-21', '(314) 560-9863', 'avery.garcia35@gmail.com', 'Pine Street', 'Greenwood', '200', 61, null, null, 'ACTV', '2022-02-17'),
    ('Jordan', 'Johnson', 'Brown', 'MSCL', '1989-01-27', '(709) 691-3913', 'jordan.johnson95@outlook.com', 'Cedar Street', 'Greenwood', '949', 62, null, null, 'ACTV', '2022-02-17'),
    ('Jordan', 'Smith', 'Davis', 'FMNN', '1965-10-20', '(847) 603-4277', 'jordan.smith31@gmail.com', 'Pine Street', 'Greenwood', '348', 63, null, null, 'ACTV', '2022-02-17'),
    ('Quinn', 'Davis', 'Williams', 'MSCL', '1962-08-09', '(455) 323-5710', 'quinn.davis3@gmail.com', 'Pine Street', 'Sunnydale', '65', 64, null, null, 'ACTV', '2022-02-17'),
    ('Robin', 'Williams', 'Davis', 'FMNN', '1960-07-04', '(693) 479-3645', 'robin.williams84@outlook.com', 'Oak Street', 'Sunnydale', '48', 65, null, null, 'ACTV', '2022-02-17'),
    ('Taylor', 'Brown', 'Brown', 'MSCL', '1980-08-17', '(933) 903-7274', 'taylor.brown51@outlook.com', 'Oak Street', 'Pleasant Park', '440', 66, null, null, 'ACTV', '2022-02-17'),
    ('Avery', 'Davis', 'Williams', 'MSCL', '1953-03-11', '(923) 697-1206', 'avery.davis58@outlook.es', 'Elm Street', 'Eagle Ridge', '362', 67, null, null, 'ACTV', '2022-02-17'),
    ('Quinn', 'Garcia', 'Williams', 'FMNN', '1985-02-11', '(597) 643-3344', 'quinn.garcia40@outlook.com', 'Elm Street', 'Shadow Brook', '590', 68, null, null, 'ACTV', '2022-02-17'),
    ('Riley', 'Williams', 'Brown', 'FMNN', '2001-09-28', '(858) 424-4384', 'riley.williams19@gmail.com', 'Cedar Street', 'Eagle Ridge', '118', 69, null, null, 'ACTV', '2022-02-17'),
    ('Avery', 'Jones', 'Garcia', 'MSCL', '1983-02-01', '(535) 349-8832', 'avery.jones86@outlook.com', 'Maple Street', 'Greenwood', '935', 70, null, null, 'ACTV', '2022-02-17'),
    ('Alex', 'Smith', 'Davis', 'FMNN', '1974-04-20', '(495) 618-2986', 'alex.smith53@gmail.com', 'Oak Street', 'Shadow Brook', '33', 71, null, null, 'ACTV', '2022-02-17'),
    ('Alex', 'Davis', 'Jones', 'FMNN', '1991-05-11', '(925) 943-5757', 'alex.davis60@hotmail.com', 'Pine Street', 'Shadow Brook', '448', 72, null, null, 'ACTV', '2022-02-17'),
    ('Robin', 'Jones', 'Garcia', 'MSCL', '1952-11-01', '(555) 574-3980', 'robin.jones65@hotmail.com', 'Maple Street', 'Pleasant Park', '825', 73, null, null, 'ACTV', '2022-02-17'),
    ('Jordan', 'Miller', 'Williams', 'FMNN', '1996-03-27', '(233) 527-3385', 'jordan.miller88@outlook.es', 'Elm Street', 'Eagle Ridge', '905', 74, null, null, 'ACTV', '2022-02-17'),
    ('Robin', 'Miller', 'Davis', 'MSCL', '1970-05-26', '(852) 312-8985', 'robin.miller47@hotmail.com', 'Cedar Street', 'Pleasant Park', '369', 75, null, null, 'ACTV', '2022-02-17'),
    ('Casey', 'Davis', 'Brown', 'MSCL', '1988-08-06', '(797) 905-6117', 'casey.davis66@outlook.com', 'Pine Street', 'Shadow Brook', '551', 76, null, null, 'ACTV', '2022-02-17'),
    ('Casey', 'Smith', 'Brown', 'FMNN', '2002-10-08', '(315) 778-8011', 'casey.smith81@gmail.com', 'Elm Street', 'Greenwood', '312', 77, null, null, 'ACTV', '2022-02-17'),
    ('Casey', 'Miller', 'Jones', 'MSCL', '1952-01-26', '(671) 584-3934', 'casey.miller15@outlook.com', 'Cedar Street', 'Sunnydale', '716', 78, null, null, 'ACTV', '2022-02-17'),
    ('Robin', 'Smith', 'Garcia', 'FMNN', '1972-07-22', '(795) 501-5920', 'robin.smith45@outlook.es', 'Cedar Street', 'Eagle Ridge', '749', 79, null, null, 'ACTV', '2022-02-17'),
    ('Morgan', 'Smith', 'Davis', 'MSCL', '1967-04-06', '(368) 511-7556', 'morgan.smith80@gmail.com', 'Maple Street', 'Eagle Ridge', '138', 80, null, null, 'ACTV', '2022-02-17'),
    ('Jamie', 'Miller', 'Garcia', 'MSCL', '1987-10-26', '(624) 819-1688', 'jamie.miller78@outlook.com', 'Oak Street', 'Eagle Ridge', '295', 81, null, null, 'ACTV', '2022-02-17'),
    ('Jordan', 'Garcia', 'Johnson', 'MSCL', '1989-10-03', '(282) 166-8632', 'jordan.garcia28@outlook.es', 'Elm Street', 'Pleasant Park', '558', 82, null, null, 'ACTV', '2022-02-17'),
    ('Casey', 'Jones', 'Garcia', 'MSCL', '1999-02-04', '(266) 123-4398', 'casey.jones56@gmail.com', 'Cedar Street', 'Eagle Ridge', '218', 83, null, null, 'ACTV', '2022-02-17'),
    ('Casey', 'Johnson', 'Brown', 'FMNN', '1969-12-12', '(533) 126-6286', 'casey.johnson46@hotmail.com', 'Pine Street', 'Greenwood', '685', 84, null, null, 'ACTV', '2022-02-17'),
    ('Jamie', 'Johnson', 'Smith', 'FMNN', '1972-03-25', '(525) 477-1535', 'jamie.johnson93@outlook.es', 'Pine Street', 'Greenwood', '408', 85, null, null, 'ACTV', '2022-02-17'),
    ('Riley', 'Smith', 'Davis', 'FMNN', '1984-01-30', '(295) 615-7229', 'riley.smith65@outlook.com', 'Oak Street', 'Shadow Brook', '753', 86, null, null, 'ACTV', '2022-02-17'),
    ('Riley', 'Brown', 'Davis', 'MSCL', '1959-12-30', '(305) 341-4571', 'riley.brown59@outlook.com', 'Maple Street', 'Sunnydale', '709', 87, null, null, 'ACTV', '2022-02-17'),
    ('Jordan', 'Smith', 'Garcia', 'FMNN', '1986-03-20', '(571) 444-8596', 'jordan.smith94@gmail.com', 'Oak Street', 'Pleasant Park', '389', 88, null, null, 'ACTV', '2022-02-17'),
    ('Avery', 'Johnson', 'Jones', 'MSCL', '2003-11-08', '(530) 935-1682', 'avery.johnson85@hotmail.com', 'Elm Street', 'Greenwood', '284', 89, null, null, 'ACTV', '2022-02-17'),
    ('Avery', 'Johnson', 'Johnson', 'FMNN', '1961-01-13', '(280) 392-6385', 'avery.johnson90@hotmail.com', 'Elm Street', 'Shadow Brook', '540', 90, null, null, 'ACTV', '2022-02-17'),
    ('Riley', 'Williams', 'Williams', 'MSCL', '1963-02-19', '(444) 229-1964', 'riley.williams95@outlook.es', 'Oak Street', 'Greenwood', '218', 91, null, null, 'ACTV', '2022-02-17'),
    ('Alex', 'Garcia', 'Smith', 'MSCL', '1977-05-17', '(563) 859-7439', 'alex.garcia87@gmail.com', 'Pine Street', 'Greenwood', '248', 92, null, null, 'ACTV', '2022-02-17'),
    ('Casey', 'Garcia', 'Jones', 'FMNN', '1998-04-30', '(379) 935-6021', 'casey.garcia9@outlook.es', 'Elm Street', 'Shadow Brook', '214', 93, null, null, 'ACTV', '2022-02-17'),
    ('Jamie', 'Davis', 'Garcia', 'FMNN', '1981-05-06', '(796) 674-5641', 'jamie.davis48@gmail.com', 'Elm Street', 'Pleasant Park', '146', 94, null, null, 'ACTV', '2022-02-17'),
    ('Riley', 'Garcia', 'Jones', 'MSCL', '1960-11-03', '(794) 747-6387', 'riley.garcia13@hotmail.com', 'Elm Street', 'Pleasant Park', '672', 95, null, null, 'ACTV', '2022-02-17'),
    ('Robin', 'Brown', 'Brown', 'FMNN', '1972-07-23', '(948) 572-2340', 'robin.brown82@outlook.com', 'Oak Street', 'Sunnydale', '365', 96, null, null, 'ACTV', '2022-02-17'),
    ('Jamie', 'Johnson', 'Jones', 'MSCL', '1966-11-05', '(870) 634-2049', 'jamie.johnson53@outlook.com', 'Pine Street', 'Pleasant Park', '392', 97, null, null, 'ACTV', '2022-02-17'),
    ('Avery', 'Garcia', 'Miller', 'FMNN', '1980-07-20', '(519) 886-8812', 'avery.garcia88@outlook.com', 'Oak Street', 'Pleasant Park', '717', 98, null, null, 'ACTV', '2022-02-17'),
    ('Morgan', 'Miller', 'Miller', 'FMNN', '1978-05-03', '(655) 936-4600', 'morgan.miller87@outlook.es', 'Pine Street', 'Sunnydale', '900', 99, null, null, 'ACTV', '2022-02-17'),
    ('Riley', 'Johnson', 'Brown', 'FMNN', '1980-06-21', '(279) 570-3944', 'riley.johnson27@outlook.com', 'Maple Street', 'Shadow Brook', '786', 100, null, null, 'ACTV', '2022-02-17'),
    ('Alex', 'Garcia', 'Smith', 'MSCL', '1994-01-13', '(311) 563-8554', 'alex.garcia58@outlook.com', 'Cedar Street', 'Shadow Brook', '501', 101, null, null, 'ACTV', '2022-02-17'),
    ('Riley', 'Smith', 'Miller', 'MSCL', '1990-09-19', '(233) 482-4692', 'riley.smith86@gmail.com', 'Pine Street', 'Sunnydale', '237', 102, null, null, 'ACTV', '2022-02-17'),
    ('Quinn', 'Smith', 'Jones', 'MSCL', '1958-06-24', '(280) 481-4518', 'quinn.smith54@outlook.com', 'Elm Street', 'Shadow Brook', '493', 103, null, null, 'ACTV', '2022-02-17'),
    ('Avery', 'Smith', 'Jones', 'FMNN', '1973-10-23', '(712) 123-8540', 'avery.smith61@hotmail.com', 'Pine Street', 'Greenwood', '858', 104, null, null, 'ACTV', '2022-02-17'),
    ('Morgan', 'Miller', 'Garcia', 'FMNN', '1977-05-17', '(546) 274-1794', 'morgan.miller3@hotmail.com', 'Elm Street', 'Greenwood', '418', 105, null, null, 'ACTV', '2022-02-17'),
    ('Riley', 'Davis', 'Jones', 'MSCL', '1998-10-20', '(883) 885-3069', 'riley.davis46@outlook.com', 'Oak Street', 'Greenwood', '362', 106, null, null, 'ACTV', '2022-02-17'),
    ('Riley', 'Smith', 'Davis', 'FMNN', '1969-07-04', '(694) 422-7772', 'riley.smith18@outlook.com', 'Cedar Street', 'Eagle Ridge', '3', 107, null, null, 'ACTV', '2022-02-17'),
    ('Avery', 'Williams', 'Davis', 'FMNN', '1986-10-17', '(679) 767-2723', 'avery.williams18@outlook.com', 'Elm Street', 'Greenwood', '694', 108, null, null, 'ACTV', '2022-02-17'),
    ('Robin', 'Brown', 'Johnson', 'MSCL', '1962-03-31', '(430) 983-9562', 'robin.brown37@outlook.com', 'Cedar Street', 'Greenwood', '135', 109, null, null, 'ACTV', '2022-02-17'),
    ('Jordan', 'Davis', 'Jones', 'FMNN', '1952-04-16', '(216) 976-2917', 'jordan.davis53@hotmail.com', 'Pine Street', 'Pleasant Park', '979', 110, null, null, 'ACTV', '2022-02-17'),
    ('Alex', 'Johnson', 'Garcia', 'MSCL', '1984-09-20', '(298) 226-5805', 'alex.johnson87@outlook.com', 'Maple Street', 'Shadow Brook', '609', 111, null, null, 'ACTV', '2022-02-17'),
    ('Taylor', 'Smith', 'Jones', 'FMNN', '2004-08-15', '(362) 398-1378', 'taylor.smith60@outlook.com', 'Elm Street', 'Eagle Ridge', '568', 112, null, null, 'ACTV', '2022-02-17'),
    ('Casey', 'Smith', 'Miller', 'MSCL', '1989-08-13', '(536) 837-2071', 'casey.smith42@gmail.com', 'Elm Street', 'Greenwood', '822', 113, null, null, 'ACTV', '2022-02-17'),
    ('Quinn', 'Garcia', 'Miller', 'MSCL', '1998-09-21', '(506) 207-2562', 'quinn.garcia90@outlook.com', 'Cedar Street', 'Greenwood', '490', 114, null, null, 'ACTV', '2022-02-17'),
    ('Riley', 'Garcia', 'Smith', 'FMNN', '1979-07-02', '(327) 719-4166', 'riley.garcia34@hotmail.com', 'Oak Street', 'Greenwood', '553', 115, null, null, 'ACTV', '2022-02-17'),
    ('Quinn', 'Williams', 'Miller', 'MSCL', '2004-08-20', '(836) 256-4321', 'quinn.williams29@outlook.com', 'Oak Street', 'Greenwood', '193', 116, null, null, 'ACTV', '2022-02-17'),
    ('Jordan', 'Johnson', 'Miller', 'MSCL', '1981-06-27', '(301) 737-5601', 'jordan.johnson83@outlook.com', 'Oak Street', 'Shadow Brook', '826', 117, null, null, 'ACTV', '2022-02-17'),
    ('Riley', 'Brown', 'Williams', 'MSCL', '2005-08-03', '(522) 624-3833', 'riley.brown19@outlook.com', 'Pine Street', 'Pleasant Park', '460', 118, null, null, 'ACTV', '2022-02-17'),
    ('Alex', 'Davis', 'Williams', 'FMNN', '1989-10-25', '(664) 959-5610', 'alex.davis27@hotmail.com', 'Cedar Street', 'Greenwood', '216', 119, null, null, 'ACTV', '2022-02-17'),
    ('Quinn', 'Davis', 'Smith', 'FMNN', '1968-04-15', '(477) 199-3905', 'quinn.davis23@gmail.com', 'Elm Street', 'Eagle Ridge', '166', 120, null, null, 'ACTV', '2022-02-17'),
    ('Taylor', 'Davis', 'Davis', 'FMNN', '1980-04-06', '(258) 685-3370', 'taylor.davis95@hotmail.com', 'Cedar Street', 'Sunnydale', '497', 121, null, null, 'ACTV', '2022-02-17'),
    ('Quinn', 'Williams', 'Miller', 'MSCL', '1964-02-22', '(503) 622-2542', 'quinn.williams85@gmail.com', 'Maple Street', 'Shadow Brook', '956', 122, null, null, 'ACTV', '2022-02-17'),
    ('Robin', 'Jones', 'Brown', 'MSCL', '1988-09-22', '(221) 278-7329', 'robin.jones85@gmail.com', 'Oak Street', 'Eagle Ridge', '262', 123, null, null, 'ACTV', '2022-02-17'),
    ('Avery', 'Johnson', 'Miller', 'MSCL', '1994-10-31', '(744) 103-5032', 'avery.johnson21@outlook.es', 'Cedar Street', 'Shadow Brook', '225', 124, null, null, 'ACTV', '2022-02-17'),
    ('Taylor', 'Johnson', 'Miller', 'FMNN', '1959-02-09', '(754) 861-1620', 'taylor.johnson27@outlook.es', 'Elm Street', 'Eagle Ridge', '338', 125, null, null, 'ACTV', '2022-02-17'),
    ('Taylor', 'Miller', 'Smith', 'MSCL', '1957-04-25', '(375) 734-4555', 'taylor.miller89@outlook.es', 'Maple Street', 'Sunnydale', '120', 126, null, null, 'ACTV', '2022-02-17'),
    ('Morgan', 'Jones', 'Miller', 'MSCL', '1975-02-19', '(282) 645-6334', 'morgan.jones25@outlook.com', 'Cedar Street', 'Shadow Brook', '178', 127, null, null, 'ACTV', '2022-02-17'),
    ('Quinn', 'Garcia', 'Brown', 'MSCL', '1975-10-03', '(492) 286-7446', 'quinn.garcia33@outlook.com', 'Cedar Street', 'Shadow Brook', '722', 128, null, null, 'ACTV', '2022-02-17'),
    ('Quinn', 'Jones', 'Miller', 'FMNN', '1953-03-11', '(467) 856-8871', 'quinn.jones75@gmail.com', 'Oak Street', 'Eagle Ridge', '626', 129, null, null, 'ACTV', '2022-02-17'),
    ('Riley', 'Smith', 'Jones', 'FMNN', '1989-05-09', '(665) 418-4180', 'riley.smith19@gmail.com', 'Cedar Street', 'Greenwood', '546', 130, null, null, 'ACTV', '2022-02-17'),
    ('Riley', 'Miller', 'Jones', 'FMNN', '1976-06-22', '(394) 929-7417', 'riley.miller2@outlook.com', 'Cedar Street', 'Shadow Brook', '944', 131, null, null, 'ACTV', '2022-02-17'),
    ('Jamie', 'Garcia', 'Smith', 'FMNN', '2004-03-01', '(123) 938-9222', 'jamie.garcia91@hotmail.com', 'Pine Street', 'Pleasant Park', '337', 132, null, null, 'ACTV', '2022-02-17'),
    ('Alex', 'Smith', 'Miller', 'FMNN', '1972-08-25', '(191) 718-3536', 'alex.smith81@outlook.com', 'Pine Street', 'Shadow Brook', '468', 133, null, null, 'ACTV', '2022-02-17'),
    ('Avery', 'Garcia', 'Garcia', 'FMNN', '1965-01-31', '(240) 378-7092', 'avery.garcia48@hotmail.com', 'Maple Street', 'Shadow Brook', '729', 134, null, null, 'ACTV', '2022-02-17'),
    ('Taylor', 'Miller', 'Jones', 'MSCL', '1969-09-08', '(456) 355-1076', 'taylor.miller22@outlook.com', 'Pine Street', 'Pleasant Park', '426', 135, null, null, 'ACTV', '2022-02-17'),
    ('Taylor', 'Brown', 'Johnson', 'FMNN', '1982-12-11', '(608) 641-1864', 'taylor.brown3@gmail.com', 'Pine Street', 'Sunnydale', '432', 136, null, null, 'ACTV', '2022-02-17'),
    ('Jordan', 'Garcia', 'Garcia', 'FMNN', '1968-05-25', '(924) 889-2475', 'jordan.garcia84@hotmail.com', 'Maple Street', 'Sunnydale', '669', 137, null, null, 'ACTV', '2022-02-17'),
    ('Casey', 'Johnson', 'Brown', 'MSCL', '2002-05-18', '(171) 988-8615', 'casey.johnson58@hotmail.com', 'Oak Street', 'Pleasant Park', '845', 138, null, null, 'ACTV', '2022-02-17'),
    ('Riley', 'Smith', 'Jones', 'FMNN', '1999-03-29', '(423) 182-6675', 'riley.smith4@outlook.com', 'Elm Street', 'Shadow Brook', '308', 139, null, null, 'ACTV', '2022-02-17'),
    ('Riley', 'Jones', 'Miller', 'MSCL', '1951-03-01', '(221) 881-1068', 'riley.jones71@hotmail.com', 'Elm Street', 'Pleasant Park', '352', 140, null, null, 'ACTV', '2022-02-17'),
    ('Avery', 'Miller', 'Williams', 'FMNN', '1969-03-28', '(128) 289-9367', 'avery.miller13@hotmail.com', 'Oak Street', 'Pleasant Park', '561', 141, null, null, 'ACTV', '2022-02-17'),
    ('Jamie', 'Smith', 'Jones', 'FMNN', '1954-06-21', '(454) 330-4922', 'jamie.smith3@outlook.com', 'Cedar Street', 'Sunnydale', '241', 142, null, null, 'ACTV', '2022-02-17'),
    ('Taylor', 'Johnson', 'Jones', 'FMNN', '1971-11-10', '(337) 169-1605', 'taylor.johnson29@outlook.es', 'Oak Street', 'Greenwood', '775', 143, null, null, 'ACTV', '2022-02-17'),
    ('Jamie', 'Brown', 'Williams', 'FMNN', '1984-11-18', '(731) 198-4381', 'jamie.brown51@outlook.es', 'Maple Street', 'Sunnydale', '940', 144, null, null, 'ACTV', '2022-02-17'),
    ('Riley', 'Brown', 'Davis', 'FMNN', '1969-08-27', '(340) 478-1236', 'riley.brown96@outlook.es', 'Cedar Street', 'Eagle Ridge', '138', 145, null, null, 'ACTV', '2022-02-17'),
    ('Avery', 'Johnson', 'Davis', 'MSCL', '1985-02-20', '(686) 556-6558', 'avery.johnson86@gmail.com', 'Elm Street', 'Shadow Brook', '119', 146, null, null, 'ACTV', '2022-02-17'),
    ('Avery', 'Miller', 'Smith', 'MSCL', '1992-04-22', '(217) 767-4776', 'avery.miller19@outlook.com', 'Cedar Street', 'Greenwood', '614', 147, null, null, 'ACTV', '2022-02-17'),
    ('Riley', 'Smith', 'Brown', 'FMNN', '1968-12-30', '(377) 858-7459', 'riley.smith7@hotmail.com', 'Elm Street', 'Sunnydale', '720', 148, null, null, 'ACTV', '2022-02-17'),
    ('Taylor', 'Davis', 'Jones', 'MSCL', '1982-04-28', '(179) 289-5355', 'taylor.davis14@outlook.es', 'Maple Street', 'Pleasant Park', '944', 149, null, null, 'ACTV', '2022-02-17'),
    ('Morgan', 'Johnson', 'Brown', 'FMNN', '1952-03-19', '(164) 535-5525', 'morgan.johnson7@hotmail.com', 'Pine Street', 'Eagle Ridge', '928', 150, null, null, 'ACTV', '2022-02-17'),
    ('Robin', 'Davis', 'Jones', 'FMNN', '1960-08-28', '(524) 938-9278', 'robin.davis75@outlook.com', 'Maple Street', 'Pleasant Park', '359', 151, null, null, 'ACTV', '2022-02-17'),
    ('Casey', 'Brown', 'Smith', 'FMNN', '1983-01-10', '(132) 376-4043', 'casey.brown1@gmail.com', 'Maple Street', 'Eagle Ridge', '396', 152, null, null, 'ACTV', '2022-02-17'),
    ('Alex', 'Davis', 'Davis', 'MSCL', '1966-08-01', '(704) 531-2919', 'alex.davis72@hotmail.com', 'Oak Street', 'Shadow Brook', '231', 153, null, null, 'ACTV', '2022-02-17'),
    ('Quinn', 'Williams', 'Jones', 'FMNN', '1954-01-28', '(239) 330-4801', 'quinn.williams11@outlook.es', 'Maple Street', 'Eagle Ridge', '438', 154, null, null, 'ACTV', '2022-02-17'),
    ('Casey', 'Johnson', 'Miller', 'MSCL', '1989-12-04', '(714) 831-2908', 'casey.johnson3@outlook.com', 'Cedar Street', 'Shadow Brook', '775', 155, null, null, 'ACTV', '2022-02-17'),
    ('Jordan', 'Williams', 'Miller', 'FMNN', '1976-05-27', '(138) 939-8549', 'jordan.williams54@hotmail.com', 'Elm Street', 'Greenwood', '901', 156, null, null, 'ACTV', '2022-02-17'),
    ('Alex', 'Johnson', 'Davis', 'MSCL', '1973-10-15', '(111) 751-8974', 'alex.johnson55@hotmail.com', 'Cedar Street', 'Sunnydale', '116', 157, null, null, 'ACTV', '2022-02-17'),
    ('Avery', 'Smith', 'Smith', 'FMNN', '1978-05-11', '(495) 544-4323', 'avery.smith10@outlook.com', 'Pine Street', 'Sunnydale', '772', 158, null, null, 'ACTV', '2022-02-17'),
    ('Quinn', 'Garcia', 'Garcia', 'MSCL', '1973-11-07', '(707) 909-3343', 'quinn.garcia51@gmail.com', 'Pine Street', 'Pleasant Park', '460', 159, null, null, 'ACTV', '2022-02-17'),
    ('Quinn', 'Johnson', 'Garcia', 'MSCL', '2002-01-09', '(966) 768-3375', 'quinn.johnson97@outlook.es', 'Cedar Street', 'Sunnydale', '21', 160, null, null, 'ACTV', '2022-02-17'),
    ('Jordan', 'Williams', 'Williams', 'FMNN', '1967-02-05', '(656) 513-4758', 'jordan.williams99@hotmail.com', 'Maple Street', 'Sunnydale', '848', 161, null, null, 'ACTV', '2022-02-17'),
    ('Alex', 'Davis', 'Williams', 'MSCL', '1959-02-11', '(847) 216-9725', 'alex.davis2@gmail.com', 'Maple Street', 'Pleasant Park', '416', 162, null, null, 'ACTV', '2022-02-17'),
    ('Jordan', 'Jones', 'Miller', 'FMNN', '1993-03-19', '(170) 958-1576', 'jordan.jones7@gmail.com', 'Pine Street', 'Shadow Brook', '419', 163, null, null, 'ACTV', '2022-02-17'),
    ('Taylor', 'Jones', 'Davis', 'MSCL', '1999-07-04', '(764) 958-8699', 'taylor.jones74@outlook.es', 'Oak Street', 'Eagle Ridge', '687', 164, null, null, 'ACTV', '2022-02-17'),
    ('Robin', 'Garcia', 'Smith', 'FMNN', '1976-04-23', '(852) 470-3253', 'robin.garcia74@outlook.es', 'Pine Street', 'Pleasant Park', '328', 165, null, null, 'ACTV', '2022-02-17'),
    ('Morgan', 'Garcia', 'Davis', 'MSCL', '1976-07-21', '(850) 279-3606', 'morgan.garcia48@hotmail.com', 'Cedar Street', 'Greenwood', '263', 166, null, null, 'ACTV', '2022-02-17'),
    ('Taylor', 'Johnson', 'Williams', 'MSCL', '1954-08-06', '(835) 261-7162', 'taylor.johnson35@outlook.es', 'Maple Street', 'Greenwood', '595', 167, null, null, 'ACTV', '2022-02-17'),
    ('Quinn', 'Miller', 'Davis', 'MSCL', '1997-07-15', '(910) 343-9096', 'quinn.miller31@outlook.com', 'Pine Street', 'Shadow Brook', '409', 168, null, null, 'ACTV', '2022-02-17'),
    ('Jordan', 'Brown', 'Williams', 'FMNN', '1972-12-12', '(677) 960-3157', 'jordan.brown46@hotmail.com', 'Oak Street', 'Shadow Brook', '821', 169, null, null, 'ACTV', '2022-02-17'),
    ('Casey', 'Smith', 'Smith', 'FMNN', '1965-10-27', '(302) 707-1090', 'casey.smith52@outlook.com', 'Elm Street', 'Greenwood', '962', 170, null, null, 'ACTV', '2022-02-17'),
    ('Quinn', 'Garcia', 'Jones', 'MSCL', '1993-04-12', '(949) 203-9820', 'quinn.garcia51@hotmail.com', 'Pine Street', 'Shadow Brook', '199', 171, null, null, 'ACTV', '2022-02-17'),
    ('Quinn', 'Miller', 'Johnson', 'MSCL', '1951-11-14', '(138) 469-9904', 'quinn.miller99@hotmail.com', 'Oak Street', 'Sunnydale', '381', 172, null, null, 'ACTV', '2022-02-17'),
    ('Jordan', 'Jones', 'Miller', 'MSCL', '1954-11-10', '(109) 126-6843', 'jordan.jones38@outlook.com', 'Oak Street', 'Pleasant Park', '666', 173, null, null, 'ACTV', '2022-02-17'),
    ('Casey', 'Johnson', 'Miller', 'FMNN', '1951-05-31', '(178) 172-9234', 'casey.johnson21@outlook.com', 'Elm Street', 'Pleasant Park', '504', 174, null, null, 'ACTV', '2022-02-17'),
    ('Robin', 'Johnson', 'Miller', 'FMNN', '1960-09-18', '(139) 806-9890', 'robin.johnson67@gmail.com', 'Maple Street', 'Pleasant Park', '300', 175, null, null, 'ACTV', '2022-02-17'),
    ('Avery', 'Williams', 'Miller', 'FMNN', '1970-01-11', '(579) 921-7652', 'avery.williams40@outlook.es', 'Elm Street', 'Shadow Brook', '17', 176, null, null, 'ACTV', '2022-02-17'),
    ('Alex', 'Garcia', 'Smith', 'MSCL', '1997-08-26', '(498) 630-9537', 'alex.garcia17@outlook.es', 'Maple Street', 'Sunnydale', '213', 177, null, null, 'ACTV', '2022-02-17'),
    ('Avery', 'Davis', 'Davis', 'MSCL', '1957-06-05', '(431) 173-9214', 'avery.davis39@gmail.com', 'Cedar Street', 'Shadow Brook', '230', 178, null, null, 'ACTV', '2022-02-17'),
    ('Jamie', 'Williams', 'Johnson', 'FMNN', '1994-07-10', '(442) 718-3133', 'jamie.williams10@outlook.es', 'Maple Street', 'Sunnydale', '282', 179, null, null, 'ACTV', '2022-02-17'),
    ('Jordan', 'Smith', 'Johnson', 'MSCL', '1985-08-01', '(743) 907-1201', 'jordan.smith94@outlook.com', 'Pine Street', 'Sunnydale', '398', 180, null, null, 'ACTV', '2022-02-17'),
    ('Jordan', 'Garcia', 'Davis', 'MSCL', '1989-04-14', '(245) 390-3835', 'jordan.garcia96@outlook.com', 'Pine Street', 'Pleasant Park', '703', 181, null, null, 'ACTV', '2022-02-17'),
    ('Casey', 'Williams', 'Garcia', 'MSCL', '1998-04-23', '(432) 959-4122', 'casey.williams52@hotmail.com', 'Maple Street', 'Eagle Ridge', '298', 182, null, null, 'ACTV', '2022-02-17'),
    ('Riley', 'Garcia', 'Smith', 'MSCL', '1986-11-08', '(515) 497-4794', 'riley.garcia6@gmail.com', 'Maple Street', 'Greenwood', '482', 183, null, null, 'ACTV', '2022-02-17'),
    ('Riley', 'Johnson', 'Brown', 'FMNN', '1973-09-15', '(536) 301-3862', 'riley.johnson52@gmail.com', 'Pine Street', 'Greenwood', '770', 184, null, null, 'ACTV', '2022-02-17'),
    ('Quinn', 'Williams', 'Davis', 'MSCL', '1988-02-08', '(685) 297-7846', 'quinn.williams53@outlook.com', 'Maple Street', 'Pleasant Park', '884', 185, null, null, 'ACTV', '2022-02-17'),
    ('Riley', 'Jones', 'Brown', 'FMNN', '1956-08-30', '(318) 155-7308', 'riley.jones5@outlook.com', 'Cedar Street', 'Pleasant Park', '210', 186, null, null, 'ACTV', '2022-02-17'),
    ('Morgan', 'Brown', 'Garcia', 'MSCL', '1998-10-06', '(928) 824-8419', 'morgan.brown51@outlook.com', 'Maple Street', 'Eagle Ridge', '608', 187, null, null, 'ACTV', '2022-02-17'),
    ('Robin', 'Jones', 'Johnson', 'MSCL', '1997-11-22', '(376) 151-8630', 'robin.jones22@hotmail.com', 'Maple Street', 'Eagle Ridge', '472', 188, null, null, 'ACTV', '2022-02-17'),
    ('Robin', 'Smith', 'Garcia', 'MSCL', '1952-09-27', '(161) 512-3779', 'robin.smith94@outlook.es', 'Oak Street', 'Sunnydale', '72', 189, null, null, 'ACTV', '2022-02-17'),
    ('Avery', 'Williams', 'Miller', 'FMNN', '1993-11-10', '(169) 794-5635', 'avery.williams1@hotmail.com', 'Maple Street', 'Pleasant Park', '915', 190, null, null, 'ACTV', '2022-02-17'),
    ('Avery', 'Jones', 'Brown', 'MSCL', '1999-02-18', '(457) 993-7158', 'avery.jones94@gmail.com', 'Cedar Street', 'Eagle Ridge', '81', 191, null, null, 'ACTV', '2022-02-17'),
    ('Casey', 'Garcia', 'Garcia', 'FMNN', '1980-03-15', '(204) 132-3340', 'casey.garcia25@hotmail.com', 'Pine Street', 'Sunnydale', '582', 192, null, null, 'ACTV', '2022-02-17'),
    ('Jamie', 'Garcia', 'Williams', 'FMNN', '1973-02-28', '(505) 174-1008', 'jamie.garcia30@outlook.com', 'Elm Street', 'Greenwood', '874', 193, null, null, 'ACTV', '2022-02-17'),
    ('Quinn', 'Williams', 'Garcia', 'MSCL', '1976-09-19', '(747) 512-8145', 'quinn.williams81@outlook.com', 'Pine Street', 'Greenwood', '907', 194, null, null, 'ACTV', '2022-02-17'),
    ('Quinn', 'Brown', 'Jones', 'FMNN', '1978-01-23', '(951) 121-8892', 'quinn.brown79@gmail.com', 'Elm Street', 'Pleasant Park', '308', 195, null, null, 'ACTV', '2022-02-17'),
    ('Morgan', 'Jones', 'Johnson', 'MSCL', '1972-10-25', '(530) 646-5138', 'morgan.jones7@outlook.com', 'Elm Street', 'Pleasant Park', '454', 196, null, null, 'ACTV', '2022-02-17'),
    ('Jordan', 'Williams', 'Miller', 'FMNN', '1988-04-19', '(667) 515-6678', 'jordan.williams93@outlook.es', 'Cedar Street', 'Eagle Ridge', '738', 197, null, null, 'ACTV', '2022-02-17'),
    ('Riley', 'Johnson', 'Brown', 'FMNN', '2001-02-04', '(971) 407-1352', 'riley.johnson82@hotmail.com', 'Cedar Street', 'Shadow Brook', '508', 198, null, null, 'ACTV', '2022-02-17'),
    ('Avery', 'Johnson', 'Johnson', 'FMNN', '1972-09-23', '(218) 421-2354', 'avery.johnson90@outlook.com', 'Cedar Street', 'Sunnydale', '516', 199, null, null, 'ACTV', '2022-02-17'),
    ('Jamie', 'Jones', 'Williams', 'MSCL', '1999-05-30', '(348) 794-1425', 'jamie.jones73@outlook.com', 'Elm Street', 'Greenwood', '519', 200, null, null, 'ACTV', '2022-02-17'),
    ('Avery', 'Johnson', 'Davis', 'FMNN', '1953-08-02', '(846) 713-4099', 'avery.johnson66@outlook.es', 'Maple Street', 'Shadow Brook', '922', 201, null, null, 'ACTV', '2022-02-17'),
    ('Alex', 'Smith', 'Williams', 'MSCL', '1958-02-02', '(229) 394-7799', 'alex.smith29@outlook.com', 'Maple Street', 'Eagle Ridge', '825', 202, null, null, 'ACTV', '2022-02-17'),
    ('Alex', 'Smith', 'Brown', 'FMNN', '1999-09-09', '(985) 877-2026', 'alex.smith28@gmail.com', 'Maple Street', 'Pleasant Park', '120', 203, null, null, 'ACTV', '2022-02-17'),
    ('Robin', 'Davis', 'Smith', 'FMNN', '1965-04-18', '(127) 659-6439', 'robin.davis46@hotmail.com', 'Elm Street', 'Eagle Ridge', '300', 204, null, null, 'ACTV', '2022-02-17'),
    ('Jamie', 'Garcia', 'Johnson', 'MSCL', '2003-11-23', '(631) 535-5088', 'jamie.garcia92@hotmail.com', 'Oak Street', 'Shadow Brook', '488', 205, null, null, 'ACTV', '2022-02-17'),
    ('Robin', 'Smith', 'Johnson', 'FMNN', '1978-09-07', '(907) 158-3880', 'robin.smith47@outlook.com', 'Cedar Street', 'Greenwood', '285', 206, null, null, 'ACTV', '2022-02-17'),
    ('Taylor', 'Miller', 'Johnson', 'FMNN', '1993-05-15', '(803) 168-1510', 'taylor.miller12@outlook.com', 'Oak Street', 'Shadow Brook', '432', 207, null, null, 'ACTV', '2022-02-17'),
    ('Riley', 'Smith', 'Jones', 'MSCL', '1959-07-25', '(602) 944-5897', 'riley.smith58@gmail.com', 'Cedar Street', 'Pleasant Park', '439', 208, null, null, 'ACTV', '2022-02-17'),
    ('Robin', 'Garcia', 'Williams', 'FMNN', '1957-04-14', '(989) 935-1688', 'robin.garcia24@outlook.com', 'Pine Street', 'Shadow Brook', '376', 209, null, null, 'ACTV', '2022-02-17'),
    ('Quinn', 'Garcia', 'Garcia', 'MSCL', '1960-05-23', '(556) 324-4023', 'quinn.garcia77@outlook.com', 'Cedar Street', 'Eagle Ridge', '150', 210, null, null, 'ACTV', '2022-02-17'),
    ('Casey', 'Johnson', 'Jones', 'FMNN', '1989-12-20', '(491) 726-8657', 'casey.johnson25@outlook.es', 'Maple Street', 'Greenwood', '743', 211, null, null, 'ACTV', '2022-02-17'),
    ('Alex', 'Brown', 'Johnson', 'MSCL', '1964-01-03', '(993) 402-2593', 'alex.brown5@outlook.com', 'Pine Street', 'Sunnydale', '944', 212, null, null, 'ACTV', '2022-02-17'),
    ('Morgan', 'Johnson', 'Johnson', 'MSCL', '1963-02-26', '(116) 951-5041', 'morgan.johnson22@hotmail.com', 'Oak Street', 'Shadow Brook', '301', 213, null, null, 'ACTV', '2022-02-17'),
    ('Quinn', 'Davis', 'Garcia', 'MSCL', '2000-04-04', '(327) 746-6538', 'quinn.davis48@outlook.com', 'Oak Street', 'Eagle Ridge', '571', 214, null, null, 'ACTV', '2022-02-17'),
    ('Riley', 'Williams', 'Smith', 'MSCL', '1998-05-14', '(539) 156-6661', 'riley.williams41@hotmail.com', 'Pine Street', 'Sunnydale', '573', 215, null, null, 'ACTV', '2022-02-17'),
    ('Jamie', 'Miller', 'Brown', 'MSCL', '1974-08-26', '(671) 126-9588', 'jamie.miller29@gmail.com', 'Elm Street', 'Eagle Ridge', '904', 216, null, null, 'ACTV', '2022-02-17'),
    ('Casey', 'Williams', 'Smith', 'MSCL', '2000-12-12', '(766) 321-5066', 'casey.williams94@outlook.es', 'Oak Street', 'Eagle Ridge', '242', 217, null, null, 'ACTV', '2022-02-17'),
    ('Riley', 'Johnson', 'Davis', 'FMNN', '2005-07-22', '(269) 193-6697', 'riley.johnson99@outlook.es', 'Cedar Street', 'Pleasant Park', '503', 218, null, null, 'ACTV', '2022-02-17'),
    ('Jamie', 'Brown', 'Miller', 'MSCL', '1958-05-30', '(788) 832-1884', 'jamie.brown57@hotmail.com', 'Maple Street', 'Pleasant Park', '593', 219, null, null, 'ACTV', '2022-02-17'),
    ('Alex', 'Smith', 'Jones', 'MSCL', '1985-07-15', '(329) 120-8605', 'alex.smith52@outlook.es', 'Elm Street', 'Pleasant Park', '328', 220, null, null, 'ACTV', '2022-02-17'),
    ('Avery', 'Johnson', 'Smith', 'FMNN', '1990-04-21', '(695) 729-8131', 'avery.johnson72@outlook.com', 'Pine Street', 'Sunnydale', '520', 221, null, null, 'ACTV', '2022-02-17'),
    ('Riley', 'Davis', 'Johnson', 'FMNN', '2000-01-30', '(426) 631-6991', 'riley.davis21@outlook.es', 'Cedar Street', 'Sunnydale', '829', 222, null, null, 'ACTV', '2022-02-17'),
    ('Alex', 'Williams', 'Jones', 'MSCL', '1976-05-05', '(441) 171-8339', 'alex.williams13@hotmail.com', 'Maple Street', 'Greenwood', '680', 223, null, null, 'ACTV', '2022-02-17'),
    ('Casey', 'Johnson', 'Williams', 'FMNN', '1951-10-21', '(820) 202-8010', 'casey.johnson80@hotmail.com', 'Pine Street', 'Pleasant Park', '21', 224, null, null, 'ACTV', '2022-02-17'),
    ('Jamie', 'Davis', 'Miller', 'FMNN', '1986-07-14', '(159) 774-6888', 'jamie.davis12@hotmail.com', 'Oak Street', 'Shadow Brook', '798', 225, null, null, 'ACTV', '2022-02-17'),
    ('Riley', 'Smith', 'Johnson', 'MSCL', '1972-12-13', '(317) 286-2724', 'riley.smith44@outlook.com', 'Oak Street', 'Pleasant Park', '45', 226, null, null, 'ACTV', '2022-02-17'),
    ('Quinn', 'Williams', 'Johnson', 'FMNN', '1977-03-24', '(594) 230-5424', 'quinn.williams91@outlook.com', 'Maple Street', 'Shadow Brook', '415', 227, null, null, 'ACTV', '2022-02-17'),
    ('Jamie', 'Williams', 'Jones', 'MSCL', '1956-02-17', '(103) 264-6401', 'jamie.williams93@hotmail.com', 'Pine Street', 'Shadow Brook', '61', 228, null, null, 'ACTV', '2022-02-17'),
    ('Casey', 'Garcia', 'Brown', 'MSCL', '1954-10-28', '(834) 143-2413', 'casey.garcia55@outlook.com', 'Pine Street', 'Pleasant Park', '692', 229, null, null, 'ACTV', '2022-02-17'),
    ('Robin', 'Johnson', 'Davis', 'FMNN', '1950-10-17', '(314) 598-8833', 'robin.johnson27@hotmail.com', 'Pine Street', 'Pleasant Park', '885', 230, null, null, 'ACTV', '2022-02-17'),
    ('Riley', 'Davis', 'Garcia', 'FMNN', '1967-07-30', '(528) 459-6415', 'riley.davis8@gmail.com', 'Pine Street', 'Pleasant Park', '744', 231, null, null, 'ACTV', '2022-02-17'),
    ('Jamie', 'Smith', 'Johnson', 'FMNN', '1982-10-15', '(884) 170-4718', 'jamie.smith49@outlook.com', 'Maple Street', 'Pleasant Park', '281', 232, null, null, 'ACTV', '2022-02-17'),
    ('Robin', 'Miller', 'Smith', 'FMNN', '2004-11-25', '(449) 795-2520', 'robin.miller24@gmail.com', 'Maple Street', 'Eagle Ridge', '511', 233, null, null, 'ACTV', '2022-02-17'),
    ('Morgan', 'Davis', 'Jones', 'MSCL', '1981-04-20', '(792) 160-6555', 'morgan.davis33@outlook.com', 'Oak Street', 'Shadow Brook', '913', 234, null, null, 'ACTV', '2022-02-17'),
    ('Robin', 'Smith', 'Williams', 'FMNN', '1989-09-07', '(290) 262-5650', 'robin.smith99@gmail.com', 'Elm Street', 'Pleasant Park', '113', 235, null, null, 'ACTV', '2022-02-17'),
    ('Avery', 'Brown', 'Miller', 'FMNN', '1982-02-01', '(702) 153-4910', 'avery.brown19@gmail.com', 'Maple Street', 'Greenwood', '424', 236, null, null, 'ACTV', '2022-02-17'),
    ('Jamie', 'Jones', 'Johnson', 'MSCL', '1977-03-30', '(720) 188-8883', 'jamie.jones60@outlook.es', 'Cedar Street', 'Sunnydale', '685', 237, null, null, 'ACTV', '2022-02-17'),
    ('Casey', 'Jones', 'Davis', 'MSCL', '1970-08-13', '(887) 267-8026', 'casey.jones91@gmail.com', 'Cedar Street', 'Pleasant Park', '822', 238, null, null, 'ACTV', '2022-02-17'),
    ('Casey', 'Smith', 'Brown', 'MSCL', '1990-08-25', '(382) 187-3759', 'casey.smith97@outlook.com', 'Pine Street', 'Shadow Brook', '576', 239, null, null, 'ACTV', '2022-02-17'),
    ('Avery', 'Jones', 'Smith', 'FMNN', '1984-01-23', '(274) 478-8995', 'avery.jones78@outlook.com', 'Cedar Street', 'Pleasant Park', '179', 240, null, null, 'ACTV', '2022-02-17'),
    ('Avery', 'Davis', 'Williams', 'MSCL', '1961-02-13', '(697) 174-8660', 'avery.davis88@hotmail.com', 'Maple Street', 'Greenwood', '285', 241, null, null, 'ACTV', '2022-02-17'),
    ('Jamie', 'Williams', 'Williams', 'MSCL', '1999-04-24', '(922) 418-2091', 'jamie.williams64@gmail.com', 'Oak Street', 'Shadow Brook', '802', 242, null, null, 'ACTV', '2022-02-17'),
    ('Avery', 'Johnson', 'Williams', 'MSCL', '1969-09-17', '(498) 710-5197', 'avery.johnson32@hotmail.com', 'Cedar Street', 'Sunnydale', '735', 243, null, null, 'ACTV', '2022-02-17'),
    ('Quinn', 'Davis', 'Miller', 'MSCL', '1994-07-16', '(829) 909-8640', 'quinn.davis45@outlook.com', 'Elm Street', 'Sunnydale', '653', 244, null, null, 'ACTV', '2022-02-17'),
    ('Jamie', 'Jones', 'Miller', 'MSCL', '2005-08-17', '(516) 766-2000', 'jamie.jones44@outlook.com', 'Maple Street', 'Greenwood', '462', 245, null, null, 'ACTV', '2022-02-17'),
    ('Jordan', 'Jones', 'Miller', 'MSCL', '1979-04-09', '(521) 569-4844', 'jordan.jones58@outlook.com', 'Cedar Street', 'Greenwood', '273', 246, null, null, 'ACTV', '2022-02-17'),
    ('Avery', 'Davis', 'Smith', 'FMNN', '1961-09-02', '(174) 510-5167', 'avery.davis83@gmail.com', 'Pine Street', 'Eagle Ridge', '795', 247, null, null, 'ACTV', '2022-02-17'),
    ('Quinn', 'Smith', 'Johnson', 'MSCL', '1952-03-28', '(390) 324-9593', 'quinn.smith30@hotmail.com', 'Cedar Street', 'Eagle Ridge', '467', 248, null, null, 'ACTV', '2022-02-17'),
    ('Robin', 'Davis', 'Miller', 'MSCL', '1978-12-23', '(572) 696-9307', 'robin.davis82@gmail.com', 'Cedar Street', 'Pleasant Park', '998', 249, null, null, 'ACTV', '2022-02-17'),
    ('Jamie', 'Johnson', 'Smith', 'MSCL', '1986-08-19', '(457) 170-1502', 'jamie.johnson56@hotmail.com', 'Pine Street', 'Eagle Ridge', '867', 250, null, null, 'ACTV', '2022-02-17'),
    ('Jamie', 'Garcia', 'Garcia', 'MSCL', '1978-03-28', '(348) 678-6889', 'jamie.garcia14@outlook.es', 'Maple Street', 'Greenwood', '832', 251, null, null, 'ACTV', '2022-02-17'),
    ('Alex', 'Smith', 'Brown', 'FMNN', '1958-01-20', '(286) 467-9905', 'alex.smith88@outlook.es', 'Maple Street', 'Sunnydale', '376', 252, null, null, 'ACTV', '2022-02-17'),
    ('Avery', 'Garcia', 'Johnson', 'MSCL', '1970-01-26', '(997) 743-7685', 'avery.garcia39@gmail.com', 'Pine Street', 'Pleasant Park', '325', 253, null, null, 'ACTV', '2022-02-17'),
    ('Jordan', 'Williams', 'Miller', 'MSCL', '1985-05-03', '(731) 911-7480', 'jordan.williams23@hotmail.com', 'Maple Street', 'Eagle Ridge', '517', 254, null, null, 'ACTV', '2022-02-17'),
    ('Riley', 'Brown', 'Johnson', 'FMNN', '1964-05-26', '(573) 158-5327', 'riley.brown7@gmail.com', 'Pine Street', 'Pleasant Park', '168', 255, null, null, 'ACTV', '2022-02-17'),
    ('Jordan', 'Smith', 'Jones', 'FMNN', '1969-05-20', '(576) 229-1010', 'jordan.smith39@outlook.com', 'Cedar Street', 'Eagle Ridge', '839', 256, null, null, 'ACTV', '2022-02-17'),
    ('Jamie', 'Johnson', 'Johnson', 'MSCL', '1974-08-07', '(901) 230-5626', 'jamie.johnson76@outlook.com', 'Elm Street', 'Eagle Ridge', '947', 257, null, null, 'ACTV', '2022-02-17'),
    ('Alex', 'Smith', 'Smith', 'MSCL', '1992-06-30', '(302) 760-3621', 'alex.smith65@outlook.com', 'Maple Street', 'Sunnydale', '622', 258, null, null, 'ACTV', '2022-02-17'),
    ('Quinn', 'Williams', 'Davis', 'FMNN', '1955-02-10', '(605) 247-8591', 'quinn.williams7@gmail.com', 'Cedar Street', 'Sunnydale', '75', 259, null, null, 'ACTV', '2022-02-17'),
    ('Jamie', 'Garcia', 'Johnson', 'MSCL', '1952-06-22', '(495) 292-2526', 'jamie.garcia16@outlook.es', 'Elm Street', 'Shadow Brook', '296', 260, null, null, 'ACTV', '2022-02-17'),
    ('Morgan', 'Jones', 'Davis', 'FMNN', '1985-10-12', '(271) 815-7184', 'morgan.jones25@gmail.com', 'Cedar Street', 'Pleasant Park', '327', 261, null, null, 'ACTV', '2022-02-17'),
    ('Avery', 'Smith', 'Johnson', 'FMNN', '1977-10-16', '(533) 302-4474', 'avery.smith54@outlook.com', 'Pine Street', 'Pleasant Park', '129', 262, null, null, 'ACTV', '2022-02-17'),
    ('Jordan', 'Johnson', 'Brown', 'MSCL', '1954-03-21', '(822) 965-4344', 'jordan.johnson13@gmail.com', 'Elm Street', 'Pleasant Park', '652', 263, null, null, 'ACTV', '2022-02-17'),
    ('Alex', 'Jones', 'Smith', 'MSCL', '1989-11-26', '(885) 593-9931', 'alex.jones22@gmail.com', 'Pine Street', 'Greenwood', '576', 264, null, null, 'ACTV', '2022-02-17'),
    ('Riley', 'Johnson', 'Miller', 'FMNN', '1958-01-09', '(890) 597-1186', 'riley.johnson82@outlook.es', 'Pine Street', 'Pleasant Park', '912', 265, null, null, 'ACTV', '2022-02-17'),
    ('Morgan', 'Johnson', 'Smith', 'MSCL', '1994-10-27', '(293) 514-2550', 'morgan.johnson90@outlook.es', 'Cedar Street', 'Shadow Brook', '172', 266, null, null, 'ACTV', '2022-02-17'),
    ('Avery', 'Jones', 'Brown', 'FMNN', '2004-11-08', '(611) 579-4334', 'avery.jones37@outlook.com', 'Oak Street', 'Sunnydale', '963', 267, null, null, 'ACTV', '2022-02-17'),
    ('Jamie', 'Jones', 'Jones', 'MSCL', '1955-08-17', '(480) 559-9099', 'jamie.jones34@outlook.es', 'Cedar Street', 'Eagle Ridge', '842', 268, null, null, 'ACTV', '2022-02-17'),
    ('Morgan', 'Johnson', 'Smith', 'FMNN', '1978-03-24', '(704) 868-8601', 'morgan.johnson27@outlook.com', 'Cedar Street', 'Pleasant Park', '544', 269, null, null, 'ACTV', '2022-02-17'),
    ('Taylor', 'Williams', 'Brown', 'MSCL', '1981-10-24', '(344) 569-4973', 'taylor.williams77@outlook.com', 'Maple Street', 'Shadow Brook', '767', 270, null, null, 'ACTV', '2022-02-17'),
    ('Jamie', 'Jones', 'Miller', 'MSCL', '1966-09-13', '(106) 538-4315', 'jamie.jones99@outlook.com', 'Cedar Street', 'Eagle Ridge', '373', 271, null, null, 'ACTV', '2022-02-17'),
    ('Avery', 'Smith', 'Davis', 'MSCL', '1970-02-22', '(569) 369-5830', 'avery.smith86@outlook.es', 'Cedar Street', 'Shadow Brook', '878', 272, null, null, 'ACTV', '2022-02-17'),
    ('Alex', 'Davis', 'Miller', 'FMNN', '1955-02-07', '(763) 663-2817', 'alex.davis95@hotmail.com', 'Cedar Street', 'Eagle Ridge', '453', 273, null, null, 'ACTV', '2022-02-17'),
    ('Jamie', 'Davis', 'Garcia', 'MSCL', '1991-04-21', '(644) 273-5340', 'jamie.davis68@gmail.com', 'Pine Street', 'Shadow Brook', '121', 274, null, null, 'ACTV', '2022-02-17'),
    ('Alex', 'Jones', 'Davis', 'FMNN', '1972-02-23', '(322) 619-9937', 'alex.jones77@hotmail.com', 'Pine Street', 'Sunnydale', '62', 275, null, null, 'ACTV', '2022-02-17'),
    ('Casey', 'Davis', 'Williams', 'FMNN', '1976-02-19', '(530) 414-9946', 'casey.davis49@hotmail.com', 'Pine Street', 'Pleasant Park', '902', 276, null, null, 'ACTV', '2022-02-17'),
    ('Robin', 'Davis', 'Johnson', 'MSCL', '1994-08-09', '(750) 795-3087', 'robin.davis56@outlook.es', 'Pine Street', 'Eagle Ridge', '320', 277, null, null, 'ACTV', '2022-02-17'),
    ('Riley', 'Smith', 'Brown', 'FMNN', '1990-01-17', '(272) 210-8933', 'riley.smith24@outlook.com', 'Maple Street', 'Sunnydale', '212', 278, null, null, 'ACTV', '2022-02-17'),
    ('Avery', 'Garcia', 'Garcia', 'FMNN', '1966-12-04', '(229) 615-9253', 'avery.garcia44@gmail.com', 'Maple Street', 'Pleasant Park', '853', 279, null, null, 'ACTV', '2022-02-17'),
    ('Casey', 'Johnson', 'Miller', 'MSCL', '1977-01-27', '(543) 924-4295', 'casey.johnson8@outlook.com', 'Pine Street', 'Sunnydale', '278', 280, null, null, 'ACTV', '2022-02-17'),
    ('Quinn', 'Smith', 'Davis', 'FMNN', '1964-03-07', '(728) 637-1400', 'quinn.smith73@outlook.com', 'Pine Street', 'Shadow Brook', '268', 281, null, null, 'ACTV', '2022-02-17'),
    ('Taylor', 'Williams', 'Smith', 'MSCL', '1963-06-27', '(500) 357-1768', 'taylor.williams73@outlook.com', 'Oak Street', 'Eagle Ridge', '952', 282, null, null, 'ACTV', '2022-02-17'),
    ('Alex', 'Williams', 'Miller', 'FMNN', '1962-08-03', '(175) 488-8331', 'alex.williams75@outlook.es', 'Oak Street', 'Pleasant Park', '167', 283, null, null, 'ACTV', '2022-02-17'),
    ('Alex', 'Williams', 'Jones', 'MSCL', '1997-10-05', '(900) 977-7238', 'alex.williams24@gmail.com', 'Oak Street', 'Greenwood', '8', 284, null, null, 'ACTV', '2022-02-17'),
    ('Alex', 'Davis', 'Smith', 'MSCL', '1958-03-09', '(188) 147-6541', 'alex.davis78@outlook.com', 'Elm Street', 'Eagle Ridge', '7', 285, null, null, 'ACTV', '2022-02-17'),
    ('Quinn', 'Davis', 'Brown', 'FMNN', '1992-02-19', '(975) 933-7193', 'quinn.davis40@outlook.es', 'Cedar Street', 'Greenwood', '488', 286, null, null, 'ACTV', '2022-02-17'),
    ('Morgan', 'Smith', 'Smith', 'FMNN', '1985-09-01', '(797) 503-9019', 'morgan.smith33@hotmail.com', 'Maple Street', 'Greenwood', '416', 287, null, null, 'ACTV', '2022-02-17'),
    ('Riley', 'Garcia', 'Brown', 'MSCL', '1983-07-06', '(484) 132-5590', 'riley.garcia74@outlook.com', 'Pine Street', 'Shadow Brook', '251', 288, null, null, 'ACTV', '2022-02-17'),
    ('Morgan', 'Brown', 'Garcia', 'FMNN', '1974-11-15', '(438) 685-9124', 'morgan.brown52@outlook.es', 'Cedar Street', 'Sunnydale', '383', 289, null, null, 'ACTV', '2022-02-17'),
    ('Jordan', 'Jones', 'Brown', 'FMNN', '1981-05-16', '(907) 818-2072', 'jordan.jones15@hotmail.com', 'Oak Street', 'Sunnydale', '741', 290, null, null, 'ACTV', '2022-02-17'),
    ('Jamie', 'Williams', 'Brown', 'MSCL', '1984-03-23', '(147) 763-4353', 'jamie.williams36@outlook.com', 'Pine Street', 'Shadow Brook', '188', 291, null, null, 'ACTV', '2022-02-17'),
    ('Taylor', 'Miller', 'Brown', 'FMNN', '2000-03-01', '(994) 281-9417', 'taylor.miller71@hotmail.com', 'Cedar Street', 'Sunnydale', '906', 292, null, null, 'ACTV', '2022-02-17'),
    ('Avery', 'Jones', 'Jones', 'MSCL', '1963-04-06', '(175) 585-6032', 'avery.jones45@outlook.com', 'Pine Street', 'Greenwood', '547', 293, null, null, 'ACTV', '2022-02-17'),
    ('Robin', 'Smith', 'Smith', 'FMNN', '1968-11-23', '(762) 291-3206', 'robin.smith96@gmail.com', 'Pine Street', 'Pleasant Park', '404', 294, null, null, 'ACTV', '2022-02-17'),
    ('Jordan', 'Miller', 'Jones', 'FMNN', '1979-11-03', '(423) 479-2378', 'jordan.miller5@outlook.com', 'Pine Street', 'Eagle Ridge', '89', 295, null, null, 'ACTV', '2022-02-17'),
    ('Robin', 'Smith', 'Smith', 'FMNN', '1965-03-29', '(595) 354-8352', 'robin.smith20@outlook.com', 'Pine Street', 'Greenwood', '308', 296, null, null, 'ACTV', '2022-02-17'),
    ('Casey', 'Johnson', 'Smith', 'FMNN', '1961-08-06', '(100) 423-8599', 'casey.johnson77@outlook.com', 'Cedar Street', 'Pleasant Park', '171', 297, null, null, 'ACTV', '2022-02-17'),
    ('Robin', 'Brown', 'Miller', 'FMNN', '1959-03-10', '(132) 760-8223', 'robin.brown92@outlook.es', 'Elm Street', 'Eagle Ridge', '334', 298, null, null, 'ACTV', '2022-02-17'),
    ('Taylor', 'Smith', 'Miller', 'MSCL', '1978-03-15', '(953) 844-8024', 'taylor.smith95@hotmail.com', 'Cedar Street', 'Greenwood', '600', 299, null, null, 'ACTV', '2022-02-17'),
    ('Quinn', 'Johnson', 'Garcia', 'FMNN', '1976-07-26', '(190) 769-6361', 'quinn.johnson42@outlook.com', 'Cedar Street', 'Eagle Ridge', '407', 300, null, null, 'ACTV', '2022-02-17'),
    ('Jordan', 'Brown', 'Williams', 'MSCL', '1965-11-23', '(289) 493-7723', 'jordan.brown67@outlook.com', 'Elm Street', 'Pleasant Park', '387', 301, null, null, 'ACTV', '2022-02-17'),
    ('Taylor', 'Garcia', 'Smith', 'MSCL', '1992-07-28', '(140) 809-3345', 'taylor.garcia82@outlook.com', 'Oak Street', 'Greenwood', '511', 302, null, null, 'ACTV', '2022-02-17'),
    ('Jamie', 'Johnson', 'Garcia', 'MSCL', '1995-03-25', '(409) 309-9826', 'jamie.johnson2@outlook.com', 'Oak Street', 'Pleasant Park', '356', 303, null, null, 'ACTV', '2022-02-17'),
    ('Morgan', 'Williams', 'Williams', 'MSCL', '1962-08-11', '(751) 746-1097', 'morgan.williams84@outlook.com', 'Maple Street', 'Shadow Brook', '24', 304, null, null, 'ACTV', '2022-02-17'),
    ('Jordan', 'Garcia', 'Davis', 'FMNN', '2003-11-07', '(100) 998-2719', 'jordan.garcia3@outlook.com', 'Oak Street', 'Pleasant Park', '486', 305, null, null, 'ACTV', '2022-02-17'),
    ('Quinn', 'Garcia', 'Jones', 'MSCL', '1984-07-29', '(556) 334-3892', 'quinn.garcia56@outlook.es', 'Maple Street', 'Greenwood', '441', 306, null, null, 'ACTV', '2022-02-17'),
    ('Avery', 'Jones', 'Brown', 'MSCL', '1963-10-03', '(870) 950-2325', 'avery.jones44@outlook.com', 'Maple Street', 'Pleasant Park', '723', 307, null, null, 'ACTV', '2022-02-17'),
    ('Taylor', 'Jones', 'Garcia', 'FMNN', '1975-08-09', '(335) 253-6733', 'taylor.jones53@gmail.com', 'Elm Street', 'Eagle Ridge', '839', 308, null, null, 'ACTV', '2022-02-17'),
    ('Robin', 'Williams', 'Williams', 'FMNN', '1956-03-17', '(771) 146-4062', 'robin.williams77@gmail.com', 'Cedar Street', 'Eagle Ridge', '605', 309, null, null, 'ACTV', '2022-02-17'),
    ('Riley', 'Miller', 'Miller', 'FMNN', '1951-06-23', '(718) 671-5677', 'riley.miller88@gmail.com', 'Pine Street', 'Sunnydale', '322', 310, null, null, 'ACTV', '2022-02-17'),
    ('Quinn', 'Jones', 'Garcia', 'FMNN', '1962-10-07', '(313) 886-2767', 'quinn.jones48@outlook.com', 'Elm Street', 'Greenwood', '633', 311, null, null, 'ACTV', '2022-02-17'),
    ('Jordan', 'Williams', 'Garcia', 'FMNN', '2000-10-23', '(799) 299-1520', 'jordan.williams11@hotmail.com', 'Cedar Street', 'Greenwood', '853', 312, null, null, 'ACTV', '2022-02-17'),
    ('Riley', 'Johnson', 'Miller', 'MSCL', '1951-06-25', '(501) 435-5908', 'riley.johnson26@outlook.com', 'Elm Street', 'Pleasant Park', '964', 313, null, null, 'ACTV', '2022-02-17'),
    ('Morgan', 'Williams', 'Johnson', 'MSCL', '1973-01-03', '(117) 404-1764', 'morgan.williams30@outlook.es', 'Elm Street', 'Eagle Ridge', '949', 314, null, null, 'ACTV', '2022-02-17'),
    ('Taylor', 'Smith', 'Garcia', 'MSCL', '1969-02-11', '(186) 634-8579', 'taylor.smith47@hotmail.com', 'Oak Street', 'Sunnydale', '284', 315, null, null, 'ACTV', '2022-02-17'),
    ('Riley', 'Johnson', 'Davis', 'MSCL', '1952-05-04', '(288) 688-3595', 'riley.johnson13@outlook.es', 'Maple Street', 'Sunnydale', '904', 316, null, null, 'ACTV', '2022-02-17'),
    ('Quinn', 'Garcia', 'Smith', 'FMNN', '1960-03-16', '(664) 170-9482', 'quinn.garcia9@outlook.es', 'Oak Street', 'Greenwood', '80', 317, null, null, 'ACTV', '2022-02-17'),
    ('Avery', 'Williams', 'Jones', 'MSCL', '1985-04-11', '(941) 157-9401', 'avery.williams36@outlook.com', 'Elm Street', 'Greenwood', '363', 318, null, null, 'ACTV', '2022-02-17'),
    ('Alex', 'Davis', 'Smith', 'MSCL', '1965-07-03', '(629) 872-8491', 'alex.davis65@outlook.es', 'Oak Street', 'Greenwood', '772', 319, null, null, 'ACTV', '2022-02-17'),
    ('Jordan', 'Smith', 'Miller', 'MSCL', '1998-02-13', '(124) 355-8714', 'jordan.smith83@outlook.com', 'Elm Street', 'Sunnydale', '516', 320, null, null, 'ACTV', '2022-02-17'),
    ('Taylor', 'Johnson', 'Jones', 'FMNN', '1999-01-25', '(266) 128-9230', 'taylor.johnson22@outlook.com', 'Oak Street', 'Eagle Ridge', '861', 321, null, null, 'ACTV', '2022-02-17'),
    ('Robin', 'Jones', 'Miller', 'FMNN', '1981-12-11', '(634) 642-8476', 'robin.jones35@gmail.com', 'Elm Street', 'Eagle Ridge', '905', 322, null, null, 'ACTV', '2022-02-17'),
    ('Morgan', 'Davis', 'Johnson', 'FMNN', '1991-02-15', '(677) 606-2898', 'morgan.davis22@hotmail.com', 'Elm Street', 'Sunnydale', '295', 323, null, null, 'ACTV', '2022-02-17'),
    ('Robin', 'Brown', 'Garcia', 'FMNN', '1999-06-17', '(172) 467-5442', 'robin.brown98@hotmail.com', 'Oak Street', 'Pleasant Park', '398', 324, null, null, 'ACTV', '2022-02-17'),
    ('Avery', 'Johnson', 'Williams', 'MSCL', '1968-10-23', '(474) 882-6816', 'avery.johnson22@outlook.es', 'Oak Street', 'Pleasant Park', '982', 325, null, null, 'ACTV', '2022-02-17'),
    ('Morgan', 'Smith', 'Jones', 'FMNN', '2005-06-24', '(906) 655-3660', 'morgan.smith75@outlook.com', 'Maple Street', 'Pleasant Park', '179', 326, null, null, 'ACTV', '2022-02-17'),
    ('Alex', 'Miller', 'Jones', 'MSCL', '1972-01-24', '(965) 568-1946', 'alex.miller15@gmail.com', 'Pine Street', 'Greenwood', '260', 327, null, null, 'ACTV', '2022-02-17'),
    ('Alex', 'Jones', 'Williams', 'FMNN', '1991-02-26', '(818) 547-2931', 'alex.jones60@gmail.com', 'Elm Street', 'Sunnydale', '216', 328, null, null, 'ACTV', '2022-02-17'),
    ('Avery', 'Miller', 'Smith', 'MSCL', '1984-10-03', '(637) 309-5815', 'avery.miller47@outlook.es', 'Pine Street', 'Eagle Ridge', '108', 329, null, null, 'ACTV', '2022-02-17'),
    ('Avery', 'Jones', 'Garcia', 'FMNN', '1984-09-01', '(498) 519-3857', 'avery.jones38@outlook.es', 'Cedar Street', 'Greenwood', '542', 330, null, null, 'ACTV', '2022-02-17'),
    ('Riley', 'Garcia', 'Smith', 'MSCL', '2000-08-02', '(537) 892-5009', 'riley.garcia31@gmail.com', 'Maple Street', 'Greenwood', '920', 331, null, null, 'ACTV', '2022-02-17'),
    ('Taylor', 'Miller', 'Garcia', 'FMNN', '1975-06-26', '(361) 956-7987', 'taylor.miller24@outlook.es', 'Oak Street', 'Shadow Brook', '274', 332, null, null, 'ACTV', '2022-02-17'),
    ('Taylor', 'Garcia', 'Smith', 'FMNN', '1966-03-05', '(777) 957-1829', 'taylor.garcia82@gmail.com', 'Oak Street', 'Pleasant Park', '62', 333, null, null, 'ACTV', '2022-02-17'),
    ('Riley', 'Brown', 'Garcia', 'MSCL', '1999-07-11', '(677) 293-4049', 'riley.brown93@outlook.com', 'Oak Street', 'Greenwood', '377', 334, null, null, 'ACTV', '2022-02-17'),
    ('Morgan', 'Brown', 'Johnson', 'MSCL', '1996-08-01', '(667) 213-7666', 'morgan.brown71@outlook.com', 'Cedar Street', 'Pleasant Park', '677', 335, null, null, 'ACTV', '2022-02-17'),
    ('Quinn', 'Davis', 'Williams', 'MSCL', '1988-02-27', '(355) 348-4427', 'quinn.davis13@hotmail.com', 'Cedar Street', 'Greenwood', '137', 336, null, null, 'ACTV', '2022-02-17'),
    ('Riley', 'Miller', 'Jones', 'FMNN', '1961-05-18', '(862) 221-5292', 'riley.miller18@outlook.es', 'Cedar Street', 'Eagle Ridge', '506', 337, null, null, 'ACTV', '2022-02-17'),
    ('Morgan', 'Jones', 'Johnson', 'FMNN', '1953-10-11', '(173) 693-5681', 'morgan.jones60@outlook.es', 'Cedar Street', 'Eagle Ridge', '620', 338, null, null, 'ACTV', '2022-02-17'),
    ('Alex', 'Williams', 'Brown', 'FMNN', '1975-03-21', '(580) 107-9007', 'alex.williams66@outlook.es', 'Pine Street', 'Eagle Ridge', '313', 339, null, null, 'ACTV', '2022-02-17'),
    ('Jamie', 'Miller', 'Davis', 'FMNN', '1972-11-24', '(976) 311-4006', 'jamie.miller76@outlook.es', 'Maple Street', 'Eagle Ridge', '712', 340, null, null, 'ACTV', '2022-02-17'),
    ('Quinn', 'Brown', 'Garcia', 'MSCL', '1989-08-21', '(177) 715-6818', 'quinn.brown98@outlook.es', 'Oak Street', 'Shadow Brook', '657', 341, null, null, 'ACTV', '2022-02-17'),
    ('Robin', 'Brown', 'Garcia', 'MSCL', '1996-11-20', '(414) 979-6241', 'robin.brown96@hotmail.com', 'Elm Street', 'Pleasant Park', '893', 342, null, null, 'ACTV', '2022-02-17'),
    ('Robin', 'Jones', 'Davis', 'MSCL', '2000-01-11', '(569) 757-8321', 'robin.jones88@outlook.es', 'Cedar Street', 'Greenwood', '297', 343, null, null, 'ACTV', '2022-02-17'),
    ('Jordan', 'Davis', 'Jones', 'MSCL', '1976-07-26', '(798) 970-8522', 'jordan.davis25@outlook.es', 'Cedar Street', 'Eagle Ridge', '947', 344, null, null, 'ACTV', '2022-02-17'),
    ('Quinn', 'Miller', 'Johnson', 'MSCL', '1997-02-24', '(527) 990-7089', 'quinn.miller12@outlook.es', 'Elm Street', 'Shadow Brook', '365', 345, null, null, 'ACTV', '2022-02-17'),
    ('Quinn', 'Miller', 'Smith', 'MSCL', '1999-04-19', '(177) 528-6964', 'quinn.miller14@outlook.es', 'Oak Street', 'Shadow Brook', '622', 346, null, null, 'ACTV', '2022-02-17'),
    ('Quinn', 'Jones', 'Smith', 'MSCL', '1966-04-11', '(476) 392-4355', 'quinn.jones44@hotmail.com', 'Oak Street', 'Eagle Ridge', '27', 347, null, null, 'ACTV', '2022-02-17'),
    ('Jamie', 'Brown', 'Miller', 'FMNN', '1991-09-27', '(910) 916-9321', 'jamie.brown16@outlook.es', 'Cedar Street', 'Pleasant Park', '503', 348, null, null, 'ACTV', '2022-02-17'),
    ('Quinn', 'Jones', 'Williams', 'FMNN', '1956-02-03', '(450) 794-6802', 'quinn.jones37@outlook.es', 'Pine Street', 'Eagle Ridge', '623', 349, null, null, 'ACTV', '2022-02-17'),
    ('Avery', 'Garcia', 'Smith', 'MSCL', '2001-05-03', '(315) 577-7299', 'avery.garcia1@outlook.com', 'Cedar Street', 'Eagle Ridge', '986', 350, null, null, 'ACTV', '2022-02-17'),
    ('Quinn', 'Miller', 'Smith', 'MSCL', '1994-07-09', '(192) 473-1578', 'quinn.miller74@outlook.es', 'Oak Street', 'Eagle Ridge', '468', 351, null, null, 'ACTV', '2022-02-17'),
    ('Quinn', 'Brown', 'Garcia', 'MSCL', '2001-02-19', '(158) 786-5322', 'quinn.brown34@outlook.com', 'Maple Street', 'Pleasant Park', '663', null, 1, null, 'ACTV', '2022-02-17'),
    ('Riley', 'Brown', 'Davis', 'MSCL', '1979-03-28', '(305) 233-3390', 'riley.brown12@gmail.com', 'Maple Street', 'Pleasant Park', '36', null, 2, null, 'ACTV', '2022-02-17'),
    ('Alex', 'Jones', 'Smith', 'MSCL', '1991-12-03', '(855) 575-1677', 'alex.jones19@hotmail.com', 'Cedar Street', 'Eagle Ridge', '215', null, 3, null, 'ACTV', '2022-02-17'),
    ('Avery', 'Brown', 'Brown', 'MSCL', '1967-04-10', '(295) 437-6449', 'avery.brown85@outlook.es', 'Pine Street', 'Shadow Brook', '842', null, 4, null, 'ACTV', '2022-02-17'),
    ('Avery', 'Smith', 'Garcia', 'FMNN', '1995-09-13', '(737) 409-3354', 'avery.smith50@outlook.com', 'Maple Street', 'Shadow Brook', '286', null, 5, null, 'ACTV', '2022-02-17'),
    ('Jordan', 'Miller', 'Miller', 'FMNN', '1964-03-23', '(249) 453-5590', 'jordan.miller20@outlook.es', 'Oak Street', 'Sunnydale', '427', null, 6, null, 'ACTV', '2022-02-17'),
    ('Jamie', 'Davis', 'Jones', 'MSCL', '1950-06-16', '(502) 346-6230', 'jamie.davis70@hotmail.com', 'Elm Street', 'Shadow Brook', '30', null, 7, null, 'ACTV', '2022-02-17'),
    ('Jordan', 'Williams', 'Williams', 'MSCL', '2002-03-14', '(833) 577-9727', 'jordan.williams88@hotmail.com', 'Maple Street', 'Greenwood', '922', null, 8, null, 'ACTV', '2022-02-17'),
    ('Taylor', 'Jones', 'Johnson', 'FMNN', '1977-02-23', '(689) 884-7942', 'taylor.jones36@outlook.com', 'Maple Street', 'Shadow Brook', '625', null, 9, null, 'ACTV', '2022-02-17'),
    ('Alex', 'Miller', 'Jones', 'MSCL', '1963-01-22', '(626) 760-2856', 'alex.miller99@gmail.com', 'Maple Street', 'Sunnydale', '382', null, 10, null, 'ACTV', '2022-02-17'),
    ('Taylor', 'Garcia', 'Johnson', 'FMNN', '1981-03-13', '(259) 757-5002', 'taylor.garcia16@outlook.com', 'Cedar Street', 'Greenwood', '243', null, 11, null, 'ACTV', '2022-02-17'),
    ('Robin', 'Jones', 'Garcia', 'FMNN', '2005-02-13', '(988) 271-5949', 'robin.jones56@outlook.com', 'Maple Street', 'Shadow Brook', '185', null, 12, null, 'ACTV', '2022-02-17'),
    ('Avery', 'Garcia', 'Smith', 'FMNN', '1967-01-27', '(579) 126-4961', 'avery.garcia33@gmail.com', 'Maple Street', 'Sunnydale', '684', null, 13, null, 'ACTV', '2022-02-17'),
    ('Jamie', 'Brown', 'Brown', 'FMNN', '1971-01-22', '(892) 990-8520', 'jamie.brown30@gmail.com', 'Oak Street', 'Greenwood', '843', null, 14, null, 'ACTV', '2022-02-17'),
    ('Taylor', 'Brown', 'Jones', 'MSCL', '1955-08-18', '(402) 511-1982', 'taylor.brown11@outlook.com', 'Oak Street', 'Eagle Ridge', '835', null, 15, null, 'ACTV', '2022-02-17'),
    ('Alex', 'Miller', 'Jones', 'MSCL', '1991-02-01', '(433) 529-1961', 'alex.miller78@outlook.es', 'Elm Street', 'Pleasant Park', '852', null, 16, null, 'ACTV', '2022-02-17'),
    ('Morgan', 'Jones', 'Smith', 'FMNN', '1996-12-19', '(368) 273-9145', 'morgan.jones35@outlook.com', 'Elm Street', 'Eagle Ridge', '952', null, 17, null, 'ACTV', '2022-02-17'),
    ('Robin', 'Davis', 'Johnson', 'FMNN', '1989-04-06', '(615) 147-5233', 'robin.davis77@outlook.com', 'Cedar Street', 'Greenwood', '761', null, 18, null, 'ACTV', '2022-02-17'),
    ('Taylor', 'Miller', 'Miller', 'MSCL', '1961-09-23', '(279) 581-4143', 'taylor.miller93@hotmail.com', 'Elm Street', 'Eagle Ridge', '895', null, 19, null, 'ACTV', '2022-02-17'),
    ('Quinn', 'Williams', 'Brown', 'FMNN', '1958-02-06', '(203) 498-7825', 'quinn.williams6@gmail.com', 'Pine Street', 'Sunnydale', '402', null, 20, null, 'ACTV', '2022-02-17'),
    ('Avery', 'Garcia', 'Jones', 'FMNN', '2000-02-16', '(923) 965-3332', 'avery.garcia58@hotmail.com', 'Maple Street', 'Greenwood', '968', null, 21, null, 'ACTV', '2022-02-17'),
    ('Alex', 'Davis', 'Smith', 'FMNN', '1982-01-30', '(618) 207-9333', 'alex.davis23@gmail.com', 'Elm Street', 'Pleasant Park', '646', null, 22, null, 'ACTV', '2022-02-17'),
    ('Casey', 'Brown', 'Davis', 'MSCL', '2002-12-15', '(526) 142-7245', 'casey.brown79@hotmail.com', 'Oak Street', 'Greenwood', '374', null, 23, null, 'ACTV', '2022-02-17'),
    ('Taylor', 'Williams', 'Davis', 'FMNN', '1970-03-25', '(786) 889-2241', 'taylor.williams96@outlook.com', 'Maple Street', 'Sunnydale', '58', null, 24, null, 'ACTV', '2022-02-17'),
    ('Casey', 'Brown', 'Brown', 'FMNN', '1973-05-24', '(177) 479-9177', 'casey.brown49@outlook.com', 'Cedar Street', 'Sunnydale', '491', null, 25, null, 'ACTV', '2022-02-17'),
    ('Casey', 'Davis', 'Smith', 'MSCL', '1962-05-17', '(573) 387-7548', 'casey.davis44@outlook.com', 'Maple Street', 'Shadow Brook', '417', null, 26, null, 'ACTV', '2022-02-17'),
    ('Robin', 'Smith', 'Williams', 'MSCL', '1959-05-24', '(662) 710-5611', 'robin.smith98@outlook.es', 'Elm Street', 'Pleasant Park', '529', null, 27, null, 'ACTV', '2022-02-17'),
    ('Quinn', 'Smith', 'Jones', 'FMNN', '1961-11-17', '(993) 859-4772', 'quinn.smith94@outlook.com', 'Pine Street', 'Sunnydale', '299', null, 28, null, 'ACTV', '2022-02-17'),
    ('Riley', 'Jones', 'Williams', 'MSCL', '1967-08-25', '(356) 593-9497', 'riley.jones45@outlook.es', 'Oak Street', 'Eagle Ridge', '744', null, 29, null, 'ACTV', '2022-02-17'),
    ('Morgan', 'Garcia', 'Smith', 'FMNN', '2003-09-20', '(676) 492-8160', 'morgan.garcia26@hotmail.com', 'Pine Street', 'Greenwood', '766', null, 30, null, 'ACTV', '2022-02-17'),
    ('Jamie', 'Jones', 'Garcia', 'MSCL', '1977-02-02', '(336) 919-6760', 'jamie.jones82@hotmail.com', 'Oak Street', 'Greenwood', '766', null, null, 1, 'ACTV', '2022-02-17'),
    ('Jordan', 'Brown', 'Brown', 'FMNN', '1987-06-13', '(711) 275-4382', 'jordan.brown13@gmail.com', 'Pine Street', 'Sunnydale', '333', null, null, 2, 'ACTV', '2022-02-17'),
    ('Casey', 'Williams', 'Smith', 'FMNN', '1952-05-08', '(361) 366-9652', 'casey.williams46@hotmail.com', 'Cedar Street', 'Sunnydale', '340', null, null, 3, 'ACTV', '2022-02-17'),
    ('Casey', 'Miller', 'Brown', 'MSCL', '1957-10-28', '(181) 597-7195', 'casey.miller88@outlook.es', 'Cedar Street', 'Sunnydale', '15', null, null, 4, 'ACTV', '2022-02-17'),
    ('Taylor', 'Davis', 'Smith', 'MSCL', '1984-07-15', '(256) 880-7811', 'taylor.davis11@outlook.es', 'Elm Street', 'Eagle Ridge', '301', null, null, 5, 'ACTV', '2022-02-17'),
    ('Casey', 'Smith', 'Jones', 'FMNN', '1963-05-31', '(401) 500-9148', 'casey.smith14@outlook.com', 'Oak Street', 'Pleasant Park', '890', null, null, 6, 'ACTV', '2022-02-17'),
    ('Jordan', 'Garcia', 'Smith', 'MSCL', '1952-07-23', '(345) 372-5097', 'jordan.garcia26@gmail.com', 'Cedar Street', 'Shadow Brook', '92', null, null, 7, 'ACTV', '2022-02-17'),
    ('Riley', 'Miller', 'Williams', 'MSCL', '1979-07-04', '(537) 833-4995', 'riley.miller23@outlook.es', 'Elm Street', 'Shadow Brook', '69', null, null, 8, 'ACTV', '2022-02-17'),
    ('Quinn', 'Johnson', 'Garcia', 'FMNN', '1956-12-11', '(513) 438-9461', 'quinn.johnson22@outlook.es', 'Elm Street', 'Pleasant Park', '30', null, null, 9, 'ACTV', '2022-02-17'),
    ('Casey', 'Miller', 'Johnson', 'FMNN', '1954-01-23', '(812) 280-3777', 'casey.miller35@outlook.com', 'Elm Street', 'Greenwood', '249', null, null, 10, 'ACTV', '2022-02-17'),
    ('Alex', 'Davis', 'Miller', 'FMNN', '2003-03-31', '(384) 211-3522', 'alex.davis3@outlook.es', 'Pine Street', 'Eagle Ridge', '451', null, null, 11, 'ACTV', '2022-02-17'),
    ('Robin', 'Jones', 'Jones', 'MSCL', '1955-01-28', '(897) 287-4949', 'robin.jones22@outlook.com', 'Elm Street', 'Greenwood', '774', null, null, 12, 'ACTV', '2022-02-17'),
    ('Morgan', 'Brown', 'Williams', 'FMNN', '1988-07-21', '(213) 236-8086', 'morgan.brown41@outlook.com', 'Cedar Street', 'Eagle Ridge', '150', null, null, 13, 'ACTV', '2022-02-17'),
    ('Alex', 'Williams', 'Miller', 'MSCL', '1994-08-22', '(710) 478-2737', 'alex.williams46@outlook.com', 'Maple Street', 'Greenwood', '512', null, null, 14, 'ACTV', '2022-02-17'),
    ('Avery', 'Jones', 'Garcia', 'MSCL', '1952-10-20', '(713) 897-5329', 'avery.jones98@outlook.com', 'Maple Street', 'Shadow Brook', '865', null, null, 15, 'ACTV', '2022-02-17'),
    ('Alex', 'Brown', 'Garcia', 'FMNN', '1952-02-08', '(205) 452-7608', 'alex.brown61@hotmail.com', 'Cedar Street', 'Pleasant Park', '581', null, null, 16, 'ACTV', '2022-02-17'),
    ('Avery', 'Brown', 'Smith', 'MSCL', '2002-11-08', '(172) 238-5163', 'avery.brown48@outlook.com', 'Pine Street', 'Sunnydale', '367', null, null, 17, 'ACTV', '2022-02-17'),
    ('Casey', 'Jones', 'Jones', 'MSCL', '1976-08-30', '(868) 727-4380', 'casey.jones86@hotmail.com', 'Cedar Street', 'Pleasant Park', '187', null, null, 18, 'ACTV', '2022-02-17'),
    ('Casey', 'Davis', 'Davis', 'FMNN', '1965-10-20', '(964) 945-5041', 'casey.davis24@outlook.com', 'Elm Street', 'Eagle Ridge', '789', null, null, 19, 'ACTV', '2022-02-17'),
    ('Casey', 'Williams', 'Johnson', 'FMNN', '1963-10-13', '(264) 133-6232', 'casey.williams43@hotmail.com', 'Maple Street', 'Greenwood', '585', null, null, 20, 'ACTV', '2022-02-17'),
    ('Riley', 'Smith', 'Garcia', 'MSCL', '1974-03-31', '(535) 904-9095', 'riley.smith25@outlook.com', 'Cedar Street', 'Greenwood', '149', null, null, 21, 'ACTV', '2022-02-17'),
    ('Jamie', 'Brown', 'Davis', 'FMNN', '1998-01-27', '(226) 177-3178', 'jamie.brown93@gmail.com', 'Oak Street', 'Shadow Brook', '19', null, null, 22, 'ACTV', '2022-02-17'),
    ('Casey', 'Miller', 'Davis', 'MSCL', '1971-09-21', '(368) 482-5487', 'casey.miller5@outlook.es', 'Pine Street', 'Sunnydale', '909', null, null, 23, 'ACTV', '2022-02-17'),
    ('Avery', 'Brown', 'Williams', 'MSCL', '1964-11-28', '(135) 544-4301', 'avery.brown46@gmail.com', 'Elm Street', 'Shadow Brook', '167', null, null, 24, 'ACTV', '2022-02-17'),
    ('Riley', 'Garcia', 'Jones', 'MSCL', '2005-12-04', '(593) 699-7440', 'riley.garcia60@outlook.com', 'Elm Street', 'Sunnydale', '275', null, null, 25, 'ACTV', '2022-02-17'),
    ('Quinn', 'Garcia', 'Davis', 'MSCL', '1957-05-09', '(818) 630-6372', 'quinn.garcia13@outlook.es', 'Oak Street', 'Greenwood', '247', null, null, 26, 'ACTV', '2022-02-17'),
    ('Morgan', 'Jones', 'Jones', 'FMNN', '1982-09-15', '(222) 249-3314', 'morgan.jones26@outlook.es', 'Oak Street', 'Greenwood', '862', null, null, 27, 'ACTV', '2022-02-17'),
    ('Quinn', 'Garcia', 'Brown', 'MSCL', '1975-04-24', '(811) 747-7306', 'quinn.garcia84@gmail.com', 'Pine Street', 'Eagle Ridge', '195', null, null, 28, 'ACTV', '2022-02-17'),
    ('Riley', 'Miller', 'Johnson', 'FMNN', '1982-05-27', '(778) 768-8750', 'riley.miller22@outlook.com', 'Pine Street', 'Pleasant Park', '29', null, null, 29, 'ACTV', '2022-02-17'),
    ('Jordan', 'Brown', 'Williams', 'FMNN', '1985-02-15', '(847) 645-6747', 'jordan.brown52@outlook.com', 'Oak Street', 'Shadow Brook', '134', null, null, 30, 'ACTV', '2022-02-17'),
    ('Avery', 'Johnson', 'Smith', 'MSCL', '1970-12-06', '(486) 989-8981', 'avery.johnson47@outlook.es', 'Oak Street', 'Greenwood', '354', null, null, 31, 'ACTV', '2022-02-17'),
    ('Avery', 'Miller', 'Davis', 'FMNN', '2002-01-27', '(808) 371-6349', 'avery.miller53@outlook.com', 'Oak Street', 'Pleasant Park', '467', null, null, 32, 'ACTV', '2022-02-17'),
    ('Avery', 'Miller', 'Jones', 'MSCL', '1997-06-23', '(204) 966-3366', 'avery.miller96@gmail.com', 'Oak Street', 'Greenwood', '98', null, null, 33, 'ACTV', '2022-02-17'),
    ('Taylor', 'Miller', 'Johnson', 'MSCL', '2003-05-03', '(939) 497-6638', 'taylor.miller13@outlook.es', 'Cedar Street', 'Pleasant Park', '537', null, null, 34, 'ACTV', '2022-02-17'),
    ('Jamie', 'Garcia', 'Williams', 'MSCL', '2003-06-24', '(661) 539-3365', 'jamie.garcia78@outlook.es', 'Cedar Street', 'Pleasant Park', '708', null, null, 35, 'ACTV', '2022-02-17'),
    ('Casey', 'Brown', 'Davis', 'MSCL', '1983-09-08', '(732) 729-5596', 'casey.brown86@outlook.com', 'Maple Street', 'Pleasant Park', '460', null, null, 36, 'ACTV', '2022-02-17'),
    ('Alex', 'Jones', 'Williams', 'MSCL', '1991-09-20', '(663) 754-4255', 'alex.jones69@hotmail.com', 'Maple Street', 'Greenwood', '344', null, null, 37, 'ACTV', '2022-02-17'),
    ('Jordan', 'Williams', 'Davis', 'FMNN', '1957-11-28', '(344) 323-8227', 'jordan.williams10@outlook.com', 'Pine Street', 'Shadow Brook', '254', null, null, 38, 'ACTV', '2022-02-17'),
    ('Casey', 'Jones', 'Williams', 'MSCL', '1954-12-25', '(652) 911-2139', 'casey.jones14@hotmail.com', 'Elm Street', 'Eagle Ridge', '433', null, null, 39, 'ACTV', '2022-02-17');

-- * Tabla: DOCENCIAS
INSERT INTO DOCENCIAS VALUES
    ('DOC1', 'Docencia 1'),
    ('DOC2', 'Docencia 2'),
    ('DOC3', 'Docencia 3'),
    ('DOC4', 'Docencia 4'),
    ('DOC5', 'Docencia 5');

-- * Tabla: UBICACIONES
INSERT INTO UBICACIONES VALUES
    ('D11A', 1, 'A', 'DOC1'),
    ('D11B', 1, 'B', 'DOC1'),
    ('D11C', 1, 'C', 'DOC1'),
    ('D11D', 1, 'D', 'DOC1'),
    ('D12A', 2, 'A', 'DOC1'),
    ('D12B', 2, 'B', 'DOC1'),
    ('D12C', 2, 'C', 'DOC1'),
    ('D12D', 2, 'D', 'DOC1'),
    ('D21A', 1, 'A', 'DOC2'),
    ('D21B', 1, 'B', 'DOC2'),
    ('D21C', 1, 'C', 'DOC2'),
    ('D21D', 1, 'D', 'DOC2'),
    ('D22A', 2, 'A', 'DOC2'),
    ('D22B', 2, 'B', 'DOC2'),
    ('D22C', 2, 'C', 'DOC2'),
    ('D22D', 2, 'D', 'DOC2'),
    ('D31A', 1, 'A', 'DOC3'),
    ('D31B', 1, 'B', 'DOC3'),
    ('D31C', 1, 'C', 'DOC3'),
    ('D31D', 1, 'D', 'DOC3'),
    ('D32A', 2, 'A', 'DOC3'),
    ('D32B', 2, 'B', 'DOC3'),
    ('D32C', 2, 'C', 'DOC3'),
    ('D32D', 2, 'D', 'DOC3'),
    ('D41A', 1, 'A', 'DOC4'),
    ('D41B', 1, 'B', 'DOC4'),
    ('D41C', 1, 'C', 'DOC4'),
    ('D41D', 1, 'D', 'DOC4'),
    ('D42A', 2, 'A', 'DOC4'),
    ('D42B', 2, 'B', 'DOC4'),
    ('D42C', 2, 'C', 'DOC4'),
    ('D42D', 2, 'D', 'DOC4'),
    ('D51A', 1, 'A', 'DOC5'),
    ('D51B', 1, 'B', 'DOC5'),
    ('D51C', 1, 'C', 'DOC5'),
    ('D51D', 1, 'D', 'DOC5'),
    ('D52A', 2, 'A', 'DOC5'),
    ('D52B', 2, 'B', 'DOC5'),
    ('D52C', 2, 'C', 'DOC5'),
    ('D52D', 2, 'D', 'DOC5');

-- * Tabla: TAMAÑOS
INSERT INTO TAMANOS VALUES
    ('SMLL', 'Chico', '30x15x30', 50.00),
    ('BIGL', 'Grande', '50x25x50', 120.00);

-- * Tabla: DISPONIBILIDAD
INSERT INTO DISPONIBILIDAD VALUES
    ('DSPN', 'Disponible'),
    ('OCPD', 'Ocupado');

-- * Tabla: CASILLEROS
INSERT INTO CASILLEROS VALUES
    (1, 'OCPD', 'D11A', 'SMLL'),
    (2, 'OCPD', 'D11A', 'SMLL'),
    (3, 'OCPD', 'D11A', 'SMLL'),
    (4, 'OCPD', 'D11A', 'SMLL'),
    (5, 'OCPD', 'D11A', 'SMLL'),
    (6, 'OCPD', 'D11A', 'SMLL'),
    (7, 'OCPD', 'D11A', 'SMLL'),
    (8, 'OCPD', 'D11A', 'SMLL'),
    (9, 'OCPD', 'D11B', 'BIGL'),
    (10, 'OCPD', 'D11B', 'BIGL'),
    (11, 'OCPD', 'D11B', 'BIGL'),
    (12, 'OCPD', 'D11B', 'BIGL'),
    (13, 'OCPD', 'D11C', 'SMLL'),
    (14, 'OCPD', 'D11C', 'SMLL'),
    (15, 'OCPD', 'D11C', 'SMLL'),
    (16, 'OCPD', 'D11C', 'SMLL'),
    (17, 'OCPD', 'D11C', 'SMLL'),
    (18, 'OCPD', 'D11C', 'SMLL'),
    (19, 'OCPD', 'D11C', 'SMLL'),
    (20, 'OCPD', 'D11C', 'SMLL'),
    (21, 'OCPD', 'D11D', 'BIGL'),
    (22, 'OCPD', 'D11D', 'BIGL'),
    (23, 'OCPD', 'D11D', 'BIGL'),
    (24, 'OCPD', 'D11D', 'BIGL'),
    (25, 'OCPD', 'D12A', 'SMLL'),
    (26, 'OCPD', 'D12A', 'SMLL'),
    (27, 'OCPD', 'D12A', 'SMLL'),
    (28, 'OCPD', 'D12A', 'SMLL'),
    (29, 'OCPD', 'D12A', 'SMLL'),
    (30, 'OCPD', 'D12A', 'SMLL'),
    (31, 'DSPN', 'D12A', 'SMLL'),
    (32, 'DSPN', 'D12A', 'SMLL'),
    (33, 'OCPD', 'D12B', 'BIGL'),
    (34, 'OCPD', 'D12B', 'BIGL'),
    (35, 'DSPN', 'D12B', 'BIGL'),
    (36, 'DSPN', 'D12B', 'BIGL'),
    (37, 'DSPN', 'D12C', 'SMLL'),
    (38, 'DSPN', 'D12C', 'SMLL'),
    (39, 'DSPN', 'D12C', 'SMLL'),
    (40, 'DSPN', 'D12C', 'SMLL'),
    (41, 'DSPN', 'D12C', 'SMLL'),
    (42, 'DSPN', 'D12C', 'SMLL'),
    (43, 'DSPN', 'D12C', 'SMLL'),
    (44, 'DSPN', 'D12C', 'SMLL'),
    (45, 'OCPD', 'D12D', 'BIGL'),
    (46, 'OCPD', 'D12D', 'BIGL'),
    (47, 'OCPD', 'D12D', 'BIGL'),
    (48, 'OCPD', 'D12D', 'BIGL'),
    (49, 'OCPD', 'D21A', 'SMLL'),
    (50, 'OCPD', 'D21A', 'SMLL'),
    (51, 'OCPD', 'D21A', 'SMLL'),
    (52, 'OCPD', 'D21A', 'SMLL'),
    (53, 'OCPD', 'D21A', 'SMLL'),
    (54, 'OCPD', 'D21A', 'SMLL'),
    (55, 'OCPD', 'D21A', 'SMLL'),
    (56, 'OCPD', 'D21A', 'SMLL'),
    (57, 'OCPD', 'D21B', 'BIGL'),
    (58, 'OCPD', 'D21B', 'BIGL'),
    (59, 'OCPD', 'D21B', 'BIGL'),
    (60, 'OCPD', 'D21B', 'BIGL'),
    (61, 'OCPD', 'D21C', 'SMLL'),
    (62, 'OCPD', 'D21C', 'SMLL'),
    (63, 'OCPD', 'D21C', 'SMLL'),
    (64, 'OCPD', 'D21C', 'SMLL'),
    (65, 'OCPD', 'D21C', 'SMLL'),
    (66, 'OCPD', 'D21C', 'SMLL'),
    (67, 'OCPD', 'D21C', 'SMLL'),
    (68, 'OCPD', 'D21C', 'SMLL'),
    (69, 'OCPD', 'D21D', 'BIGL'),
    (70, 'OCPD', 'D21D', 'BIGL'),
    (71, 'OCPD', 'D21D', 'BIGL'),
    (72, 'OCPD', 'D21D', 'BIGL'),
    (73, 'OCPD', 'D22A', 'SMLL'),
    (74, 'OCPD', 'D22A', 'SMLL'),
    (75, 'OCPD', 'D22A', 'SMLL'),
    (76, 'OCPD', 'D22A', 'SMLL'),
    (77, 'DSPN', 'D22A', 'SMLL'),
    (78, 'DSPN', 'D22A', 'SMLL'),
    (79, 'DSPN', 'D22A', 'SMLL'),
    (80, 'DSPN', 'D22A', 'SMLL'),
    (81, 'DSPN', 'D22B', 'BIGL'),
    (82, 'DSPN', 'D22B', 'BIGL'),
    (83, 'DSPN', 'D22B', 'BIGL'),
    (84, 'DSPN', 'D22B', 'BIGL'),
    (85, 'DSPN', 'D22C', 'SMLL'),
    (86, 'DSPN', 'D22C', 'SMLL'),
    (87, 'DSPN', 'D22C', 'SMLL'),
    (88, 'DSPN', 'D22C', 'SMLL'),
    (89, 'DSPN', 'D22C', 'SMLL'),
    (90, 'DSPN', 'D22C', 'SMLL'),
    (91, 'DSPN', 'D22C', 'SMLL'),
    (92, 'DSPN', 'D22C', 'SMLL'),
    (93, 'DSPN', 'D22D', 'BIGL'),
    (94, 'DSPN', 'D22D', 'BIGL'),
    (95, 'DSPN', 'D22D', 'BIGL'),
    (96, 'DSPN', 'D22D', 'BIGL'),
    (97, 'OCPD', 'D31A', 'SMLL'),
    (98, 'OCPD', 'D31A', 'SMLL'),
    (99, 'OCPD', 'D31A', 'SMLL'),
    (100, 'OCPD', 'D31A', 'SMLL'),
    (101, 'OCPD', 'D31A', 'SMLL'),
    (102, 'OCPD', 'D31A', 'SMLL'),
    (103, 'OCPD', 'D31A', 'SMLL'),
    (104, 'OCPD', 'D31A', 'SMLL'),
    (105, 'OCPD', 'D31B', 'BIGL'),
    (106, 'OCPD', 'D31B', 'BIGL'),
    (107, 'OCPD', 'D31B', 'BIGL'),
    (108, 'OCPD', 'D31B', 'BIGL'),
    (109, 'OCPD', 'D31C', 'SMLL'),
    (110, 'OCPD', 'D31C', 'SMLL'),
    (111, 'OCPD', 'D31C', 'SMLL'),
    (112, 'OCPD', 'D31C', 'SMLL'),
    (113, 'OCPD', 'D31C', 'SMLL'),
    (114, 'OCPD', 'D31C', 'SMLL'),
    (115, 'OCPD', 'D31C', 'SMLL'),
    (116, 'OCPD', 'D31C', 'SMLL'),
    (117, 'OCPD', 'D31D', 'BIGL'),
    (118, 'OCPD', 'D31D', 'BIGL'),
    (119, 'DSPN', 'D31D', 'BIGL'),
    (120, 'DSPN', 'D31D', 'BIGL'),
    (121, 'OCPD', 'D32A', 'SMLL'),
    (122, 'OCPD', 'D32A', 'SMLL'),
    (123, 'OCPD', 'D32A', 'SMLL'),
    (124, 'OCPD', 'D32A', 'SMLL'),
    (125, 'OCPD', 'D32A', 'SMLL'),
    (126, 'OCPD', 'D32A', 'SMLL'),
    (127, 'OCPD', 'D32A', 'SMLL'),
    (128, 'OCPD', 'D32A', 'SMLL'),
    (129, 'OCPD', 'D32B', 'BIGL'),
    (130, 'OCPD', 'D32B', 'BIGL'),
    (131, 'DSPN', 'D32B', 'BIGL'),
    (132, 'DSPN', 'D32B', 'BIGL'),
    (133, 'DSPN', 'D32C', 'SMLL'),
    (134, 'DSPN', 'D32C', 'SMLL'),
    (135, 'DSPN', 'D32C', 'SMLL'),
    (136, 'DSPN', 'D32C', 'SMLL'),
    (137, 'DSPN', 'D32C', 'SMLL'),
    (138, 'DSPN', 'D32C', 'SMLL'),
    (139, 'DSPN', 'D32C', 'SMLL'),
    (140, 'DSPN', 'D32C', 'SMLL'),
    (141, 'DSPN', 'D32D', 'BIGL'),
    (142, 'DSPN', 'D32D', 'BIGL'),
    (143, 'DSPN', 'D32D', 'BIGL'),
    (144, 'DSPN', 'D32D', 'BIGL'),
    (145, 'OCPD', 'D41A', 'SMLL'),
    (146, 'OCPD', 'D41A', 'SMLL'),
    (147, 'OCPD', 'D41A', 'SMLL'),
    (148, 'OCPD', 'D41A', 'SMLL'),
    (149, 'OCPD', 'D41A', 'SMLL'),
    (150, 'OCPD', 'D41A', 'SMLL'),
    (151, 'OCPD', 'D41A', 'SMLL'),
    (152, 'OCPD', 'D41A', 'SMLL'),
    (153, 'OCPD', 'D41B', 'BIGL'),
    (154, 'OCPD', 'D41B', 'BIGL'),
    (155, 'OCPD', 'D41B', 'BIGL'),
    (156, 'OCPD', 'D41B', 'BIGL'),
    (157, 'OCPD', 'D41C', 'SMLL'),
    (158, 'OCPD', 'D41C', 'SMLL'),
    (159, 'OCPD', 'D41C', 'SMLL'),
    (160, 'OCPD', 'D41C', 'SMLL'),
    (161, 'OCPD', 'D41C', 'SMLL'),
    (162, 'OCPD', 'D41C', 'SMLL'),
    (163, 'OCPD', 'D41C', 'SMLL'),
    (164, 'OCPD', 'D41C', 'SMLL'),
    (165, 'OCPD', 'D41D', 'BIGL'),
    (166, 'OCPD', 'D41D', 'BIGL'),
    (167, 'OCPD', 'D41D', 'BIGL'),
    (168, 'OCPD', 'D41D', 'BIGL'),
    (169, 'OCPD', 'D42A', 'SMLL'),
    (170, 'OCPD', 'D42A', 'SMLL'),
    (171, 'OCPD', 'D42A', 'SMLL'),
    (172, 'OCPD', 'D42A', 'SMLL'),
    (173, 'OCPD', 'D42A', 'SMLL'),
    (174, 'OCPD', 'D42A', 'SMLL'),
    (175, 'OCPD', 'D42A', 'SMLL'),
    (176, 'OCPD', 'D42A', 'SMLL'),
    (177, 'DSPN', 'D42B', 'BIGL'),
    (178, 'DSPN', 'D42B', 'BIGL'),
    (179, 'DSPN', 'D42B', 'BIGL'),
    (180, 'DSPN', 'D42B', 'BIGL'),
    (181, 'DSPN', 'D42C', 'SMLL'),
    (182, 'DSPN', 'D42C', 'SMLL'),
    (183, 'DSPN', 'D42C', 'SMLL'),
    (184, 'DSPN', 'D42C', 'SMLL'),
    (185, 'DSPN', 'D42C', 'SMLL'),
    (186, 'DSPN', 'D42C', 'SMLL'),
    (187, 'DSPN', 'D42C', 'SMLL'),
    (188, 'DSPN', 'D42C', 'SMLL'),
    (189, 'DSPN', 'D42D', 'BIGL'),
    (190, 'DSPN', 'D42D', 'BIGL'),
    (191, 'DSPN', 'D42D', 'BIGL'),
    (192, 'DSPN', 'D42D', 'BIGL'),
    (193, 'OCPD', 'D51A', 'SMLL'),
    (194, 'OCPD', 'D51A', 'SMLL'),
    (195, 'OCPD', 'D51A', 'SMLL'),
    (196, 'OCPD', 'D51A', 'SMLL'),
    (197, 'OCPD', 'D51A', 'SMLL'),
    (198, 'OCPD', 'D51A', 'SMLL'),
    (199, 'OCPD', 'D51A', 'SMLL'),
    (200, 'OCPD', 'D51A', 'SMLL'),
    (201, 'OCPD', 'D51B', 'BIGL'),
    (202, 'OCPD', 'D51B', 'BIGL'),
    (203, 'OCPD', 'D51B', 'BIGL'),
    (204, 'OCPD', 'D51B', 'BIGL'),
    (205, 'OCPD', 'D51C', 'SMLL'),
    (206, 'OCPD', 'D51C', 'SMLL'),
    (207, 'OCPD', 'D51C', 'SMLL'),
    (208, 'OCPD', 'D51C', 'SMLL'),
    (209, 'OCPD', 'D51C', 'SMLL'),
    (210, 'OCPD', 'D51C', 'SMLL'),
    (211, 'OCPD', 'D51C', 'SMLL'),
    (212, 'OCPD', 'D51C', 'SMLL'),
    (213, 'OCPD', 'D51D', 'BIGL'),
    (214, 'OCPD', 'D51D', 'BIGL'),
    (215, 'OCPD', 'D51D', 'BIGL'),
    (216, 'OCPD', 'D51D', 'BIGL'),
    (217, 'OCPD', 'D52A', 'SMLL'),
    (218, 'OCPD', 'D52A', 'SMLL'),
    (219, 'OCPD', 'D52A', 'SMLL'),
    (220, 'OCPD', 'D52A', 'SMLL'),
    (221, 'OCPD', 'D52A', 'SMLL'),
    (222, 'OCPD', 'D52A', 'SMLL'),
    (223, 'DSPN', 'D52A', 'SMLL'),
    (224, 'DSPN', 'D52A', 'SMLL'),
    (225, 'OCPD', 'D52B', 'BIGL'),
    (226, 'OCPD', 'D52B', 'BIGL'),
    (227, 'DSPN', 'D52B', 'BIGL'),
    (228, 'DSPN', 'D52B', 'BIGL'),
    (229, 'DSPN', 'D52C', 'SMLL'),
    (230, 'DSPN', 'D52C', 'SMLL'),
    (231, 'DSPN', 'D52C', 'SMLL'),
    (232, 'DSPN', 'D52C', 'SMLL'),
    (233, 'DSPN', 'D52C', 'SMLL'),
    (234, 'DSPN', 'D52C', 'SMLL'),
    (235, 'DSPN', 'D52C', 'SMLL'),
    (236, 'DSPN', 'D52C', 'SMLL'),
    (237, 'DSPN', 'D52D', 'BIGL'),
    (238, 'DSPN', 'D52D', 'BIGL'),
    (239, 'DSPN', 'D52D', 'BIGL'),
    (240, 'DSPN', 'D52D', 'BIGL');

-- * Tabla: PERIODOS
INSERT INTO PERIODOS VALUES
    ('PER2022A', 'Septiembre - Diciembre'),
    ('PER2023B', 'Enero - Abril'),
    ('PER2023C', 'Mayo - Agosto');

-- * Tabla: RENTAS
INSERT INTO RENTAS VALUES
    ('REF2023000', '2023/01/01', '2023/04/30', 1, 1, 'PER2023B', 'NCTV'),
    ('REF2023001', '2023/01/01', '2023/04/30', 2, 2, 'PER2023B', 'NCTV'),
    ('REF2023002', '2023/01/01', '2023/04/30', 3, 3, 'PER2023B', 'NCTV'),
    ('REF2023003', '2023/01/01', '2023/04/30', 4, 4, 'PER2023B', 'NCTV'),
    ('REF2023004', '2023/01/01', '2023/04/30', 5, 5, 'PER2023B', 'NCTV'),
    ('REF2023005', '2023/01/01', '2023/04/30', 6, 6, 'PER2023B', 'NCTV'),
    ('REF2023006', '2023/01/01', '2023/04/30', 7, 7, 'PER2023B', 'NCTV'),
    ('REF2023007', '2023/01/01', '2023/04/30', 8, 8, 'PER2023B', 'NCTV'),
    ('REF2023008', '2023/01/01', '2023/04/30', 9, 9, 'PER2023B', 'NCTV'),
    ('REF2023009', '2023/01/01', '2023/04/30', 10, 10, 'PER2023B', 'NCTV'),
    ('REF2023010', '2023/01/01', '2023/04/30', 11, 11, 'PER2023B', 'NCTV'),
    ('REF2023011', '2023/01/01', '2023/04/30', 12, 12, 'PER2023B', 'NCTV'),
    ('REF2023012', '2023/01/01', '2023/04/30', 13, 13, 'PER2023B', 'NCTV'),
    ('REF2023013', '2023/01/01', '2023/04/30', 14, 14, 'PER2023B', 'NCTV'),
    ('REF2023014', '2023/01/01', '2023/04/30', 15, 15, 'PER2023B', 'NCTV'),
    ('REF2023015', '2023/01/01', '2023/04/30', 16, 16, 'PER2023B', 'NCTV'),
    ('REF2023016', '2023/01/01', '2023/04/30', 17, 17, 'PER2023B', 'NCTV'),
    ('REF2023017', '2023/01/01', '2023/04/30', 18, 18, 'PER2023B', 'NCTV'),
    ('REF2023018', '2023/01/01', '2023/04/30', 19, 19, 'PER2023B', 'NCTV'),
    ('REF2023019', '2023/01/01', '2023/04/30', 20, 20, 'PER2023B', 'NCTV'),
    ('REF2023020', '2023/01/01', '2023/04/30', 21, 21, 'PER2023B', 'NCTV'),
    ('REF2023021', '2023/01/01', '2023/04/30', 22, 22, 'PER2023B', 'NCTV'),
    ('REF2023022', '2023/01/01', '2023/04/30', 23, 23, 'PER2023B', 'NCTV'),
    ('REF2023023', '2023/01/01', '2023/04/30', 24, 24, 'PER2023B', 'NCTV'),
    ('REF2023024', '2023/01/01', '2023/04/30', 25, 25, 'PER2023B', 'NCTV'),
    ('REF2023025', '2023/01/01', '2023/04/30', 26, 26, 'PER2023B', 'NCTV'),
    ('REF2023026', '2023/01/01', '2023/04/30', 27, 27, 'PER2023B', 'NCTV'),
    ('REF2023027', '2023/01/01', '2023/04/30', 28, 28, 'PER2023B', 'NCTV'),
    ('REF2023028', '2023/01/01', '2023/04/30', 29, 29, 'PER2023B', 'NCTV'),
    ('REF2023029', '2023/01/01', '2023/04/30', 30, 30, 'PER2023B', 'NCTV'),
    ('REF2023030', '2023/01/01', '2023/04/30', 31, 31, 'PER2023B', 'NCTV'),
    ('REF2023031', '2023/01/01', '2023/04/30', 32, 32, 'PER2023B', 'NCTV'),
    ('REF2023032', '2023/01/01', '2023/04/30', 33, 33, 'PER2023B', 'NCTV'),
    ('REF2023033', '2023/01/01', '2023/04/30', 34, 34, 'PER2023B', 'NCTV'),
    ('REF2023034', '2023/01/01', '2023/04/30', 35, 35, 'PER2023B', 'NCTV'),
    ('REF2023035', '2023/01/01', '2023/04/30', 36, 36, 'PER2023B', 'NCTV'),
    ('REF2023036', '2023/01/01', '2023/04/30', 37, 37, 'PER2023B', 'NCTV'),
    ('REF2023037', '2023/01/01', '2023/04/30', 38, 38, 'PER2023B', 'NCTV'),
    ('REF2023038', '2023/01/01', '2023/04/30', 39, 39, 'PER2023B', 'NCTV'),
    ('REF2023039', '2023/01/01', '2023/04/30', 40, 40, 'PER2023B', 'NCTV'),
    ('REF2023040', '2023/01/01', '2023/04/30', 41, 41, 'PER2023B', 'NCTV'),
    ('REF2023041', '2023/01/01', '2023/04/30', 42, 42, 'PER2023B', 'NCTV'),
    ('REF2023042', '2023/01/01', '2023/04/30', 43, 43, 'PER2023B', 'NCTV'),
    ('REF2023043', '2023/01/01', '2023/04/30', 44, 44, 'PER2023B', 'NCTV'),
    ('REF2023044', '2023/01/01', '2023/04/30', 45, 45, 'PER2023B', 'NCTV'),
    ('REF2023045', '2023/01/01', '2023/04/30', 46, 46, 'PER2023B', 'NCTV'),
    ('REF2023046', '2023/01/01', '2023/04/30', 47, 47, 'PER2023B', 'NCTV'),
    ('REF2023047', '2023/01/01', '2023/04/30', 48, 48, 'PER2023B', 'NCTV'),
    ('REF2023048', '2023/01/01', '2023/04/30', 49, 49, 'PER2023B', 'NCTV'),
    ('REF2023049', '2023/01/01', '2023/04/30', 50, 50, 'PER2023B', 'NCTV'),
    ('REF2023050', '2023/01/01', '2023/04/30', 51, 51, 'PER2023B', 'NCTV'),
    ('REF2023051', '2023/01/01', '2023/04/30', 52, 52, 'PER2023B', 'NCTV'),
    ('REF2023052', '2023/01/01', '2023/04/30', 53, 53, 'PER2023B', 'NCTV'),
    ('REF2023053', '2023/01/01', '2023/04/30', 54, 54, 'PER2023B', 'NCTV'),
    ('REF2023054', '2023/01/01', '2023/04/30', 55, 55, 'PER2023B', 'NCTV'),
    ('REF2023055', '2023/01/01', '2023/04/30', 56, 56, 'PER2023B', 'NCTV'),
    ('REF2023056', '2023/01/01', '2023/04/30', 57, 57, 'PER2023B', 'NCTV'),
    ('REF2023057', '2023/01/01', '2023/04/30', 58, 58, 'PER2023B', 'NCTV'),
    ('REF2023058', '2023/01/01', '2023/04/30', 59, 59, 'PER2023B', 'NCTV'),
    ('REF2023059', '2023/01/01', '2023/04/30', 60, 60, 'PER2023B', 'NCTV'),
    ('REF2023060', '2023/01/01', '2023/04/30', 61, 61, 'PER2023B', 'NCTV'),
    ('REF2023061', '2023/01/01', '2023/04/30', 62, 62, 'PER2023B', 'NCTV'),
    ('REF2023062', '2023/01/01', '2023/04/30', 63, 63, 'PER2023B', 'NCTV'),
    ('REF2023063', '2023/01/01', '2023/04/30', 64, 64, 'PER2023B', 'NCTV'),
    ('REF2023064', '2023/01/01', '2023/04/30', 65, 65, 'PER2023B', 'NCTV'),
    ('REF2023065', '2023/01/01', '2023/04/30', 66, 66, 'PER2023B', 'NCTV'),
    ('REF2023066', '2023/01/01', '2023/04/30', 67, 67, 'PER2023B', 'NCTV'),
    ('REF2023067', '2023/01/01', '2023/04/30', 68, 68, 'PER2023B', 'NCTV'),
    ('REF2023068', '2023/01/01', '2023/04/30', 69, 69, 'PER2023B', 'NCTV'),
    ('REF2023069', '2023/01/01', '2023/04/30', 70, 70, 'PER2023B', 'NCTV'),
    ('REF2023070', '2023/01/01', '2023/04/30', 71, 71, 'PER2023B', 'NCTV'),
    ('REF2023071', '2023/01/01', '2023/04/30', 72, 72, 'PER2023B', 'NCTV'),
    ('REF2023072', '2023/01/01', '2023/04/30', 73, 73, 'PER2023B', 'NCTV'),
    ('REF2023073', '2023/01/01', '2023/04/30', 74, 74, 'PER2023B', 'NCTV'),
    ('REF2023074', '2023/01/01', '2023/04/30', 75, 75, 'PER2023B', 'NCTV'),
    ('REF2023075', '2023/01/01', '2023/04/30', 76, 76, 'PER2023B', 'NCTV'),
    ('REF2023076', '2023/01/01', '2023/04/30', 77, 77, 'PER2023B', 'NCTV'),
    ('REF2023077', '2023/01/01', '2023/04/30', 78, 78, 'PER2023B', 'NCTV'),
    ('REF2023078', '2023/01/01', '2023/04/30', 79, 79, 'PER2023B', 'NCTV'),
    ('REF2023079', '2023/01/01', '2023/04/30', 80, 80, 'PER2023B', 'NCTV'),
    ('REF2023080', '2023/01/01', '2023/04/30', 81, 81, 'PER2023B', 'NCTV'),
    ('REF2023081', '2023/01/01', '2023/04/30', 82, 82, 'PER2023B', 'NCTV'),
    ('REF2023082', '2023/01/01', '2023/04/30', 83, 83, 'PER2023B', 'NCTV'),
    ('REF2023083', '2023/01/01', '2023/04/30', 84, 84, 'PER2023B', 'NCTV'),
    ('REF2023084', '2023/01/01', '2023/04/30', 85, 85, 'PER2023B', 'NCTV'),
    ('REF2023085', '2023/01/01', '2023/04/30', 86, 86, 'PER2023B', 'NCTV'),
    ('REF2023086', '2023/01/01', '2023/04/30', 87, 87, 'PER2023B', 'NCTV'),
    ('REF2023087', '2023/01/01', '2023/04/30', 88, 88, 'PER2023B', 'NCTV'),
    ('REF2023088', '2023/01/01', '2023/04/30', 89, 89, 'PER2023B', 'NCTV'),
    ('REF2023089', '2023/01/01', '2023/04/30', 90, 90, 'PER2023B', 'NCTV'),
    ('REF2023090', '2023/01/01', '2023/04/30', 91, 91, 'PER2023B', 'NCTV'),
    ('REF2023091', '2023/01/01', '2023/04/30', 92, 92, 'PER2023B', 'NCTV'),
    ('REF2023092', '2023/01/01', '2023/04/30', 93, 93, 'PER2023B', 'NCTV'),
    ('REF2023093', '2023/01/01', '2023/04/30', 94, 94, 'PER2023B', 'NCTV'),
    ('REF2023094', '2023/01/01', '2023/04/30', 95, 95, 'PER2023B', 'NCTV'),
    ('REF2023095', '2023/01/01', '2023/04/30', 96, 96, 'PER2023B', 'NCTV'),
    ('REF2023096', '2023/01/01', '2023/04/30', 97, 97, 'PER2023B', 'NCTV'),
    ('REF2023097', '2023/01/01', '2023/04/30', 98, 98, 'PER2023B', 'NCTV'),
    ('REF2023098', '2023/01/01', '2023/04/30', 99, 99, 'PER2023B', 'NCTV'),
    ('REF2023099', '2023/01/01', '2023/04/30', 100, 100, 'PER2023B', 'NCTV'),
    ('REF2023100', '2023/01/01', '2023/04/30', 101, 101, 'PER2023B', 'NCTV'),
    ('REF2023101', '2023/01/01', '2023/04/30', 102, 102, 'PER2023B', 'NCTV'),
    ('REF2023102', '2023/01/01', '2023/04/30', 103, 103, 'PER2023B', 'NCTV'),
    ('REF2023103', '2023/01/01', '2023/04/30', 104, 104, 'PER2023B', 'NCTV'),
    ('REF2023104', '2023/01/01', '2023/04/30', 105, 105, 'PER2023B', 'NCTV'),
    ('REF2023105', '2023/01/01', '2023/04/30', 106, 106, 'PER2023B', 'NCTV'),
    ('REF2023106', '2023/01/01', '2023/04/30', 107, 107, 'PER2023B', 'NCTV'),
    ('REF2023107', '2023/01/01', '2023/04/30', 108, 108, 'PER2023B', 'NCTV'),
    ('REF2023108', '2023/01/01', '2023/04/30', 109, 109, 'PER2023B', 'NCTV'),
    ('REF2023109', '2023/01/01', '2023/04/30', 110, 110, 'PER2023B', 'NCTV'),
    ('REF2023110', '2023/01/01', '2023/04/30', 111, 111, 'PER2023B', 'NCTV'),
    ('REF2023111', '2023/01/01', '2023/04/30', 112, 112, 'PER2023B', 'NCTV'),
    ('REF2023112', '2023/01/01', '2023/04/30', 113, 113, 'PER2023B', 'NCTV'),
    ('REF2023113', '2023/01/01', '2023/04/30', 114, 114, 'PER2023B', 'NCTV'),
    ('REF2023114', '2023/01/01', '2023/04/30', 115, 115, 'PER2023B', 'NCTV'),
    ('REF2023115', '2023/01/01', '2023/04/30', 116, 116, 'PER2023B', 'NCTV'),
    ('REF2023116', '2023/01/01', '2023/04/30', 117, 117, 'PER2023B', 'NCTV'),
    ('REF2023117', '2023/01/01', '2023/04/30', 118, 118, 'PER2023B', 'NCTV'),
    ('REF2023118', '2023/01/01', '2023/04/30', 119, 119, 'PER2023B', 'NCTV'),
    ('REF2023119', '2023/01/01', '2023/04/30', 120, 120, 'PER2023B', 'NCTV'),
    ('REF2023120', '2023/01/01', '2023/04/30', 121, 121, 'PER2023B', 'NCTV'),
    ('REF2023121', '2023/01/01', '2023/04/30', 122, 122, 'PER2023B', 'NCTV'),
    ('REF2023122', '2023/01/01', '2023/04/30', 123, 123, 'PER2023B', 'NCTV'),
    ('REF2023123', '2023/01/01', '2023/04/30', 124, 124, 'PER2023B', 'NCTV'),
    ('REF2023124', '2023/01/01', '2023/04/30', 125, 125, 'PER2023B', 'NCTV'),
    ('REF2023125', '2023/01/01', '2023/04/30', 126, 126, 'PER2023B', 'NCTV'),
    ('REF2023126', '2023/01/01', '2023/04/30', 127, 127, 'PER2023B', 'NCTV'),
    ('REF2023127', '2023/01/01', '2023/04/30', 128, 128, 'PER2023B', 'NCTV'),
    ('REF2023128', '2023/01/01', '2023/04/30', 129, 129, 'PER2023B', 'NCTV'),
    ('REF2023129', '2023/01/01', '2023/04/30', 130, 130, 'PER2023B', 'NCTV'),
    ('REF2023130', '2023/01/01', '2023/04/30', 131, 131, 'PER2023B', 'NCTV'),
    ('REF2023131', '2023/01/01', '2023/04/30', 132, 132, 'PER2023B', 'NCTV'),
    ('REF2023132', '2023/01/01', '2023/04/30', 133, 133, 'PER2023B', 'NCTV'),
    ('REF2023133', '2023/01/01', '2023/04/30', 134, 134, 'PER2023B', 'NCTV'),
    ('REF2023134', '2023/01/01', '2023/04/30', 135, 135, 'PER2023B', 'NCTV'),
    ('REF2023135', '2023/01/01', '2023/04/30', 136, 136, 'PER2023B', 'NCTV'),
    ('REF2023136', '2023/01/01', '2023/04/30', 137, 137, 'PER2023B', 'NCTV'),
    ('REF2023137', '2023/01/01', '2023/04/30', 138, 138, 'PER2023B', 'NCTV'),
    ('REF2023138', '2023/01/01', '2023/04/30', 139, 139, 'PER2023B', 'NCTV'),
    ('REF2023139', '2023/01/01', '2023/04/30', 140, 140, 'PER2023B', 'NCTV'),
    ('REF2023140', '2023/01/01', '2023/04/30', 141, 141, 'PER2023B', 'NCTV'),
    ('REF2023141', '2023/01/01', '2023/04/30', 142, 142, 'PER2023B', 'NCTV'),
    ('REF2023142', '2023/01/01', '2023/04/30', 143, 143, 'PER2023B', 'NCTV'),
    ('REF2023143', '2023/01/01', '2023/04/30', 144, 144, 'PER2023B', 'NCTV'),
    ('REF2023144', '2023/01/01', '2023/04/30', 145, 145, 'PER2023B', 'NCTV'),
    ('REF2023145', '2023/01/01', '2023/04/30', 146, 146, 'PER2023B', 'NCTV'),
    ('REF2023146', '2023/01/01', '2023/04/30', 147, 147, 'PER2023B', 'NCTV'),
    ('REF2023147', '2023/01/01', '2023/04/30', 148, 148, 'PER2023B', 'NCTV'),
    ('REF2023148', '2023/01/01', '2023/04/30', 149, 149, 'PER2023B', 'NCTV'),
    ('REF2023149', '2023/01/01', '2023/04/30', 150, 150, 'PER2023B', 'NCTV'),
    ('REF2023150', '2023/01/01', '2023/04/30', 151, 151, 'PER2023B', 'NCTV'),
    ('REF2023151', '2023/01/01', '2023/04/30', 152, 152, 'PER2023B', 'NCTV'),
    ('REF2023152', '2023/01/01', '2023/04/30', 153, 153, 'PER2023B', 'NCTV'),
    ('REF2023153', '2023/01/01', '2023/04/30', 154, 154, 'PER2023B', 'NCTV'),
    ('REF2023154', '2023/01/01', '2023/04/30', 155, 155, 'PER2023B', 'NCTV'),
    ('REF2023155', '2023/01/01', '2023/04/30', 156, 156, 'PER2023B', 'NCTV'),
    ('REF2023156', '2023/01/01', '2023/04/30', 157, 157, 'PER2023B', 'NCTV'),
    ('REF2023157', '2023/01/01', '2023/04/30', 158, 158, 'PER2023B', 'NCTV'),
    ('REF2023158', '2023/01/01', '2023/04/30', 159, 159, 'PER2023B', 'NCTV'),
    ('REF2023159', '2023/01/01', '2023/04/30', 160, 160, 'PER2023B', 'NCTV'),
    ('REF2023160', '2023/01/01', '2023/04/30', 161, 161, 'PER2023B', 'NCTV'),
    ('REF2023161', '2023/01/01', '2023/04/30', 162, 162, 'PER2023B', 'NCTV'),
    ('REF2023162', '2023/01/01', '2023/04/30', 163, 163, 'PER2023B', 'NCTV'),
    ('REF2023163', '2023/01/01', '2023/04/30', 164, 164, 'PER2023B', 'NCTV'),
    ('REF2023164', '2023/01/01', '2023/04/30', 165, 165, 'PER2023B', 'NCTV'),
    ('REF2023165', '2023/01/01', '2023/04/30', 166, 166, 'PER2023B', 'NCTV'),
    ('REF2023166', '2023/01/01', '2023/04/30', 167, 167, 'PER2023B', 'NCTV'),
    ('REF2023167', '2023/01/01', '2023/04/30', 168, 168, 'PER2023B', 'NCTV'),
    ('REF2023168', '2023/01/01', '2023/04/30', 169, 169, 'PER2023B', 'NCTV'),
    ('REF2023169', '2023/01/01', '2023/04/30', 170, 170, 'PER2023B', 'NCTV'),
    ('REF2023170', '2023/01/01', '2023/04/30', 171, 171, 'PER2023B', 'NCTV'),
    ('REF2023171', '2023/01/01', '2023/04/30', 172, 172, 'PER2023B', 'NCTV'),
    ('REF2023172', '2023/01/01', '2023/04/30', 173, 173, 'PER2023B', 'NCTV'),
    ('REF2023173', '2023/01/01', '2023/04/30', 174, 174, 'PER2023B', 'NCTV'),
    ('REF2023174', '2023/01/01', '2023/04/30', 175, 175, 'PER2023B', 'NCTV'),
    ('REF2023175', '2023/01/01', '2023/04/30', 176, 176, 'PER2023B', 'NCTV'),
    ('REF2023176', '2023/01/01', '2023/04/30', 177, 177, 'PER2023B', 'NCTV'),
    ('REF2023177', '2023/01/01', '2023/04/30', 178, 178, 'PER2023B', 'NCTV'),
    ('REF2023178', '2023/01/01', '2023/04/30', 179, 179, 'PER2023B', 'NCTV'),
    ('REF2023179', '2023/01/01', '2023/04/30', 180, 180, 'PER2023B', 'NCTV'),
    ('REF2023180', '2023/01/01', '2023/04/30', 181, 181, 'PER2023B', 'NCTV'),
    ('REF2023181', '2023/01/01', '2023/04/30', 182, 182, 'PER2023B', 'NCTV'),
    ('REF2023182', '2023/01/01', '2023/04/30', 183, 183, 'PER2023B', 'NCTV'),
    ('REF2023183', '2023/01/01', '2023/04/30', 184, 184, 'PER2023B', 'NCTV'),
    ('REF2023184', '2023/01/01', '2023/04/30', 185, 185, 'PER2023B', 'NCTV'),
    ('REF2023185', '2023/01/01', '2023/04/30', 186, 186, 'PER2023B', 'NCTV'),
    ('REF2023186', '2023/01/01', '2023/04/30', 187, 187, 'PER2023B', 'NCTV'),
    ('REF2023187', '2023/01/01', '2023/04/30', 188, 188, 'PER2023B', 'NCTV'),
    ('REF2023188', '2023/01/01', '2023/04/30', 189, 189, 'PER2023B', 'NCTV'),
    ('REF2023189', '2023/01/01', '2023/04/30', 190, 190, 'PER2023B', 'NCTV'),
    ('REF2023190', '2023/01/01', '2023/04/30', 191, 191, 'PER2023B', 'NCTV'),
    ('REF2023191', '2023/01/01', '2023/04/30', 192, 192, 'PER2023B', 'NCTV'),
    ('REF2023192', '2023/01/01', '2023/04/30', 193, 193, 'PER2023B', 'NCTV'),
    ('REF2023193', '2023/01/01', '2023/04/30', 194, 194, 'PER2023B', 'NCTV'),
    ('REF2023194', '2023/01/01', '2023/04/30', 195, 195, 'PER2023B', 'NCTV'),
    ('REF2023195', '2023/01/01', '2023/04/30', 196, 196, 'PER2023B', 'NCTV'),
    ('REF2023196', '2023/01/01', '2023/04/30', 197, 197, 'PER2023B', 'NCTV'),
    ('REF2023197', '2023/01/01', '2023/04/30', 198, 198, 'PER2023B', 'NCTV'),
    ('REF2023198', '2023/01/01', '2023/04/30', 199, 199, 'PER2023B', 'NCTV'),
    ('REF2023199', '2023/01/01', '2023/04/30', 200, 200, 'PER2023B', 'NCTV'),
    ('REF2023200', '2023/01/01', '2023/04/30', 201, 201, 'PER2023B', 'NCTV'),
    ('REF2023201', '2023/01/01', '2023/04/30', 202, 202, 'PER2023B', 'NCTV'),
    ('REF2023202', '2023/01/01', '2023/04/30', 203, 203, 'PER2023B', 'NCTV'),
    ('REF2023203', '2023/01/01', '2023/04/30', 204, 204, 'PER2023B', 'NCTV'),
    ('REF2023204', '2023/01/01', '2023/04/30', 205, 205, 'PER2023B', 'NCTV'),
    ('REF2023205', '2023/01/01', '2023/04/30', 206, 206, 'PER2023B', 'NCTV'),
    ('REF2023206', '2023/01/01', '2023/04/30', 207, 207, 'PER2023B', 'NCTV'),
    ('REF2023207', '2023/01/01', '2023/04/30', 208, 208, 'PER2023B', 'NCTV'),
    ('REF2023208', '2023/01/01', '2023/04/30', 209, 209, 'PER2023B', 'NCTV'),
    ('REF2023209', '2023/01/01', '2023/04/30', 210, 210, 'PER2023B', 'NCTV'),
    ('REF2023210', '2023/01/01', '2023/04/30', 211, 211, 'PER2023B', 'NCTV'),
    ('REF2023211', '2023/01/01', '2023/04/30', 212, 212, 'PER2023B', 'NCTV'),
    ('REF2023212', '2023/01/01', '2023/04/30', 213, 213, 'PER2023B', 'NCTV'),
    ('REF2023213', '2023/01/01', '2023/04/30', 214, 214, 'PER2023B', 'NCTV'),
    ('REF2023214', '2023/01/01', '2023/04/30', 215, 215, 'PER2023B', 'NCTV'),
    ('REF2023215', '2023/01/01', '2023/04/30', 216, 216, 'PER2023B', 'NCTV'),
    ('REF2023216', '2023/01/01', '2023/04/30', 217, 217, 'PER2023B', 'NCTV'),
    ('REF2023217', '2023/01/01', '2023/04/30', 218, 218, 'PER2023B', 'NCTV'),
    ('REF2023218', '2023/01/01', '2023/04/30', 219, 219, 'PER2023B', 'NCTV'),
    ('REF2023219', '2023/01/01', '2023/04/30', 220, 220, 'PER2023B', 'NCTV'),
    ('REF2023220', '2023/01/01', '2023/04/30', 221, 221, 'PER2023B', 'NCTV'),
    ('REF2023221', '2023/01/01', '2023/04/30', 222, 222, 'PER2023B', 'NCTV'),
    ('REF2023222', '2023/01/01', '2023/04/30', 223, 223, 'PER2023B', 'NCTV'),
    ('REF2023223', '2023/01/01', '2023/04/30', 224, 224, 'PER2023B', 'NCTV'),
    ('REF2023224', '2023/01/01', '2023/04/30', 225, 225, 'PER2023B', 'NCTV'),
    ('REF2023225', '2023/01/01', '2023/04/30', 226, 226, 'PER2023B', 'NCTV'),
    ('REF2023226', '2023/01/01', '2023/04/30', 227, 227, 'PER2023B', 'NCTV'),
    ('REF2023227', '2023/01/01', '2023/04/30', 228, 228, 'PER2023B', 'NCTV'),
    ('REF2023228', '2023/01/01', '2023/04/30', 229, 229, 'PER2023B', 'NCTV'),
    ('REF2023229', '2023/01/01', '2023/04/30', 230, 230, 'PER2023B', 'NCTV'),
    ('REF2023230', '2023/01/01', '2023/04/30', 231, 231, 'PER2023B', 'NCTV'),
    ('REF2023231', '2023/01/01', '2023/04/30', 232, 232, 'PER2023B', 'NCTV'),
    ('REF2023232', '2023/01/01', '2023/04/30', 233, 233, 'PER2023B', 'NCTV'),
    ('REF2023233', '2023/01/01', '2023/04/30', 234, 234, 'PER2023B', 'NCTV'),
    ('REF2023234', '2023/01/01', '2023/04/30', 235, 235, 'PER2023B', 'NCTV'),
    ('REF2023235', '2023/01/01', '2023/04/30', 236, 236, 'PER2023B', 'NCTV'),
    ('REF2023236', '2023/01/01', '2023/04/30', 237, 237, 'PER2023B', 'NCTV'),
    ('REF2023237', '2023/01/01', '2023/04/30', 238, 238, 'PER2023B', 'NCTV'),
    ('REF2023238', '2023/01/01', '2023/04/30', 239, 239, 'PER2023B', 'NCTV'),
    ('REF2023239', '2023/01/01', '2023/04/30', 240, 240, 'PER2023B', 'NCTV'),
    ('REF2023240', '2023/01/01', '2023/04/30', 241, 1, 'PER2023C', 'NCTV'),
    ('REF2023241', '2023/05/01', '2023/08/31', 242, 2, 'PER2023C', 'NCTV'),
    ('REF2023242', '2023/05/01', '2023/08/31', 243, 3, 'PER2023C', 'NCTV'),
    ('REF2023243', '2023/05/01', '2023/08/31', 244, 4, 'PER2023C', 'NCTV'),
    ('REF2023244', '2023/05/01', '2023/08/31', 245, 5, 'PER2023C', 'NCTV'),
    ('REF2023245', '2023/05/01', '2023/08/31', 246, 6, 'PER2023C', 'NCTV'),
    ('REF2023246', '2023/05/01', '2023/08/31', 247, 7, 'PER2023C', 'NCTV'),
    ('REF2023247', '2023/05/01', '2023/08/31', 248, 8, 'PER2023C', 'NCTV'),
    ('REF2023248', '2023/05/01', '2023/08/31', 249, 9, 'PER2023C', 'NCTV'),
    ('REF2023249', '2023/05/01', '2023/08/31', 250, 10, 'PER2023C', 'NCTV'),
    ('REF2023250', '2023/05/01', '2023/08/31', 251, 11, 'PER2023C', 'NCTV'),
    ('REF2023251', '2023/05/01', '2023/08/31', 252, 12, 'PER2023C', 'NCTV'),
    ('REF2023252', '2023/05/01', '2023/08/31', 253, 13, 'PER2023C', 'NCTV'),
    ('REF2023253', '2023/05/01', '2023/08/31', 254, 14, 'PER2023C', 'NCTV'),
    ('REF2023254', '2023/05/01', '2023/08/31', 255, 15, 'PER2023C', 'NCTV'),
    ('REF2023255', '2023/05/01', '2023/08/31', 256, 16, 'PER2023C', 'NCTV'),
    ('REF2023256', '2023/05/01', '2023/08/31', 257, 17, 'PER2023C', 'NCTV'),
    ('REF2023257', '2023/05/01', '2023/08/31', 258, 18, 'PER2023C', 'NCTV'),
    ('REF2023258', '2023/05/01', '2023/08/31', 259, 19, 'PER2023C', 'NCTV'),
    ('REF2023259', '2023/05/01', '2023/08/31', 260, 20, 'PER2023C', 'NCTV'),
    ('REF2023260', '2023/05/01', '2023/08/31', 261, 21, 'PER2023C', 'NCTV'),
    ('REF2023261', '2023/05/01', '2023/08/31', 262, 22, 'PER2023C', 'NCTV'),
    ('REF2023262', '2023/05/01', '2023/08/31', 263, 23, 'PER2023C', 'NCTV'),
    ('REF2023263', '2023/05/01', '2023/08/31', 264, 24, 'PER2023C', 'NCTV'),
    ('REF2023264', '2023/05/01', '2023/08/31', 265, 25, 'PER2023C', 'NCTV'),
    ('REF2023265', '2023/05/01', '2023/08/31', 266, 26, 'PER2023C', 'NCTV'),
    ('REF2023266', '2023/05/01', '2023/08/31', 267, 27, 'PER2023C', 'NCTV'),
    ('REF2023267', '2023/05/01', '2023/08/31', 268, 28, 'PER2023C', 'NCTV'),
    ('REF2023268', '2023/05/01', '2023/08/31', 269, 29, 'PER2023C', 'NCTV'),
    ('REF2023269', '2023/05/01', '2023/08/31', 270, 30, 'PER2023C', 'NCTV'),
    ('REF2023270', '2023/05/01', '2023/08/31', 271, 31, 'PER2023C', 'NCTV'),
    ('REF2023271', '2023/05/01', '2023/08/31', 272, 32, 'PER2023C', 'NCTV'),
    ('REF2023272', '2023/05/01', '2023/08/31', 273, 33, 'PER2023C', 'NCTV'),
    ('REF2023273', '2023/05/01', '2023/08/31', 274, 34, 'PER2023C', 'NCTV'),
    ('REF2023274', '2023/05/01', '2023/08/31', 275, 35, 'PER2023C', 'NCTV'),
    ('REF2023275', '2023/05/01', '2023/08/31', 276, 36, 'PER2023C', 'NCTV'),
    ('REF2023276', '2023/05/01', '2023/08/31', 277, 37, 'PER2023C', 'NCTV'),
    ('REF2023277', '2023/05/01', '2023/08/31', 278, 38, 'PER2023C', 'NCTV'),
    ('REF2023278', '2023/05/01', '2023/08/31', 279, 39, 'PER2023C', 'NCTV'),
    ('REF2023279', '2023/05/01', '2023/08/31', 280, 40, 'PER2023C', 'NCTV'),
    ('REF2023280', '2023/05/01', '2023/08/31', 281, 41, 'PER2023C', 'NCTV'),
    ('REF2023281', '2023/05/01', '2023/08/31', 282, 42, 'PER2023C', 'NCTV'),
    ('REF2023282', '2023/05/01', '2023/08/31', 283, 43, 'PER2023C', 'NCTV'),
    ('REF2023283', '2023/05/01', '2023/08/31', 284, 44, 'PER2023C', 'NCTV'),
    ('REF2023284', '2023/05/01', '2023/08/31', 285, 45, 'PER2023C', 'NCTV'),
    ('REF2023285', '2023/05/01', '2023/08/31', 286, 46, 'PER2023C', 'NCTV'),
    ('REF2023286', '2023/05/01', '2023/08/31', 287, 47, 'PER2023C', 'NCTV'),
    ('REF2023287', '2023/05/01', '2023/08/31', 288, 48, 'PER2023C', 'NCTV'),
    ('REF2023288', '2023/05/01', '2023/08/31', 289, 49, 'PER2023C', 'NCTV'),
    ('REF2023289', '2023/05/01', '2023/08/31', 290, 50, 'PER2023C', 'NCTV'),
    ('REF2023290', '2023/05/01', '2023/08/31', 291, 51, 'PER2023C', 'NCTV'),
    ('REF2023291', '2023/05/01', '2023/08/31', 292, 52, 'PER2023C', 'NCTV'),
    ('REF2023292', '2023/05/01', '2023/08/31', 293, 53, 'PER2023C', 'NCTV'),
    ('REF2023293', '2023/05/01', '2023/08/31', 294, 54, 'PER2023C', 'NCTV'),
    ('REF2023294', '2023/05/01', '2023/08/31', 295, 55, 'PER2023C', 'NCTV'),
    ('REF2023295', '2023/05/01', '2023/08/31', 296, 56, 'PER2023C', 'NCTV'),
    ('REF2023296', '2023/05/01', '2023/08/31', 297, 57, 'PER2023C', 'NCTV'),
    ('REF2023297', '2023/05/01', '2023/08/31', 298, 58, 'PER2023C', 'NCTV'),
    ('REF2023298', '2023/05/01', '2023/08/31', 299, 59, 'PER2023C', 'NCTV'),
    ('REF2023299', '2023/05/01', '2023/08/31', 300, 60, 'PER2023C', 'NCTV'),
    ('REF2023300', '2023/05/01', '2023/08/31', 301, 61, 'PER2023C', 'NCTV'),
    ('REF2023301', '2023/05/01', '2023/08/31', 302, 62, 'PER2023C', 'NCTV'),
    ('REF2023302', '2023/05/01', '2023/08/31', 303, 63, 'PER2023C', 'NCTV'),
    ('REF2023303', '2023/05/01', '2023/08/31', 304, 64, 'PER2023C', 'NCTV'),
    ('REF2023304', '2023/05/01', '2023/08/31', 305, 65, 'PER2023C', 'NCTV'),
    ('REF2023305', '2023/05/01', '2023/08/31', 306, 66, 'PER2023C', 'NCTV'),
    ('REF2023306', '2023/05/01', '2023/08/31', 307, 67, 'PER2023C', 'NCTV'),
    ('REF2023307', '2023/05/01', '2023/08/31', 308, 68, 'PER2023C', 'NCTV'),
    ('REF2023308', '2023/05/01', '2023/08/31', 309, 69, 'PER2023C', 'NCTV'),
    ('REF2023309', '2023/05/01', '2023/08/31', 310, 70, 'PER2023C', 'NCTV'),
    ('REF2023310', '2023/05/01', '2023/08/31', 311, 71, 'PER2023C', 'NCTV'),
    ('REF2023311', '2023/05/01', '2023/08/31', 312, 72, 'PER2023C', 'NCTV'),
    ('REF2023312', '2023/05/01', '2023/08/31', 313, 73, 'PER2023C', 'NCTV'),
    ('REF2023313', '2023/05/01', '2023/08/31', 314, 74, 'PER2023C', 'NCTV'),
    ('REF2023314', '2023/05/01', '2023/08/31', 315, 75, 'PER2023C', 'NCTV'),
    ('REF2023315', '2023/05/01', '2023/08/31', 316, 76, 'PER2023C', 'NCTV'),
    ('REF2023316', '2023/05/01', '2023/08/31', 317, 77, 'PER2023C', 'NCTV'),
    ('REF2023317', '2023/05/01', '2023/08/31', 318, 78, 'PER2023C', 'NCTV'),
    ('REF2023318', '2023/05/01', '2023/08/31', 319, 79, 'PER2023C', 'NCTV'),
    ('REF2023319', '2023/05/01', '2023/08/31', 320, 80, 'PER2023C', 'NCTV'),
    ('REF2023320', '2023/05/01', '2023/08/31', 321, 81, 'PER2023C', 'NCTV'),
    ('REF2023321', '2023/05/01', '2023/08/31', 322, 82, 'PER2023C', 'NCTV'),
    ('REF2023322', '2023/05/01', '2023/08/31', 323, 83, 'PER2023C', 'NCTV'),
    ('REF2023323', '2023/05/01', '2023/08/31', 324, 84, 'PER2023C', 'NCTV'),
    ('REF2023324', '2023/05/01', '2023/08/31', 325, 85, 'PER2023C', 'NCTV'),
    ('REF2023325', '2023/05/01', '2023/08/31', 326, 86, 'PER2023C', 'NCTV'),
    ('REF2023326', '2023/05/01', '2023/08/31', 327, 87, 'PER2023C', 'NCTV'),
    ('REF2023327', '2023/05/01', '2023/08/31', 328, 88, 'PER2023C', 'NCTV'),
    ('REF2023328', '2023/05/01', '2023/08/31', 329, 89, 'PER2023C', 'NCTV'),
    ('REF2023329', '2023/05/01', '2023/08/31', 330, 90, 'PER2023C', 'NCTV'),
    ('REF2023330', '2023/05/01', '2023/08/31', 331, 91, 'PER2023C', 'NCTV'),
    ('REF2023331', '2023/05/01', '2023/08/31', 332, 92, 'PER2023C', 'NCTV'),
    ('REF2023332', '2023/05/01', '2023/08/31', 333, 93, 'PER2023C', 'NCTV'),
    ('REF2023333', '2023/05/01', '2023/08/31', 334, 94, 'PER2023C', 'NCTV'),
    ('REF2023334', '2023/05/01', '2023/08/31', 335, 95, 'PER2023C', 'NCTV'),
    ('REF2023335', '2023/05/01', '2023/08/31', 336, 96, 'PER2023C', 'NCTV'),
    ('REF2023336', '2023/05/01', '2023/08/31', 337, 97, 'PER2023C', 'NCTV'),
    ('REF2023337', '2023/05/01', '2023/08/31', 338, 98, 'PER2023C', 'NCTV'),
    ('REF2023338', '2023/05/01', '2023/08/31', 339, 99, 'PER2023C', 'NCTV'),
    ('REF2023339', '2023/05/01', '2023/08/31', 340, 100, 'PER2023C', 'NCTV'),
    ('REF2023340', '2023/05/01', '2023/08/31', 341, 101, 'PER2023C', 'NCTV'),
    ('REF2023341', '2023/05/01', '2023/08/31', 342, 102, 'PER2023C', 'NCTV'),
    ('REF2023342', '2023/05/01', '2023/08/31', 343, 103, 'PER2023C', 'NCTV'),
    ('REF2023343', '2023/05/01', '2023/08/31', 344, 104, 'PER2023C', 'NCTV'),
    ('REF2023344', '2023/05/01', '2023/08/31', 345, 105, 'PER2023C', 'NCTV'),
    ('REF2023345', '2023/05/01', '2023/08/31', 346, 106, 'PER2023C', 'NCTV'),
    ('REF2023346', '2023/05/01', '2023/08/31', 347, 107, 'PER2023C', 'NCTV'),
    ('REF2023347', '2023/05/01', '2023/08/31', 348, 108, 'PER2023C', 'NCTV'),
    ('REF2023348', '2023/05/01', '2023/08/31', 349, 109, 'PER2023C', 'NCTV'),
    ('REF2023349', '2023/05/01', '2023/08/31', 350, 110, 'PER2023C', 'NCTV'),
    ('REF2023350', '2023/05/01', '2023/08/31', 351, 111, 'PER2023C', 'NCTV'),
    ('REF2023351', '2023/05/01', '2023/08/31', 1, 112, 'PER2023C', 'NCTV'),
    ('REF2023352', '2023/05/01', '2023/08/31', 2, 113, 'PER2023C', 'NCTV'),
    ('REF2023353', '2023/05/01', '2023/08/31', 3, 114, 'PER2023C', 'NCTV'),
    ('REF2023354', '2023/05/01', '2023/08/31', 4, 115, 'PER2023C', 'NCTV'),
    ('REF2023355', '2023/05/01', '2023/08/31', 5, 116, 'PER2023C', 'NCTV'),
    ('REF2023356', '2023/05/01', '2023/08/31', 6, 117, 'PER2023C', 'NCTV'),
    ('REF2023357', '2023/05/01', '2023/08/31', 7, 118, 'PER2023C', 'NCTV'),
    ('REF2023358', '2023/05/01', '2023/08/31', 8, 119, 'PER2023C', 'NCTV'),
    ('REF2023359', '2023/05/01', '2023/08/31', 9, 120, 'PER2023C', 'NCTV'),
    ('REF2023360', '2023/05/01', '2023/08/31', 10, 121, 'PER2023C', 'NCTV'),
    ('REF2023361', '2023/05/01', '2023/08/31', 11, 122, 'PER2023C', 'NCTV'),
    ('REF2023362', '2023/05/01', '2023/08/31', 12, 123, 'PER2023C', 'NCTV'),
    ('REF2023363', '2023/05/01', '2023/08/31', 13, 124, 'PER2023C', 'NCTV'),
    ('REF2023364', '2023/05/01', '2023/08/31', 14, 125, 'PER2023C', 'NCTV'),
    ('REF2023365', '2023/05/01', '2023/08/31', 15, 126, 'PER2023C', 'NCTV'),
    ('REF2023366', '2023/05/01', '2023/08/31', 16, 127, 'PER2023C', 'NCTV'),
    ('REF2023367', '2023/05/01', '2023/08/31', 17, 128, 'PER2023C', 'NCTV'),
    ('REF2023368', '2023/05/01', '2023/08/31', 18, 129, 'PER2023C', 'NCTV'),
    ('REF2023369', '2023/05/01', '2023/08/31', 19, 130, 'PER2023C', 'NCTV'),
    ('REF2023370', '2023/05/01', '2023/08/31', 20, 131, 'PER2023C', 'NCTV'),
    ('REF2023371', '2023/05/01', '2023/08/31', 21, 132, 'PER2023C', 'NCTV'),
    ('REF2023372', '2023/05/01', '2023/08/31', 22, 133, 'PER2023C', 'NCTV'),
    ('REF2023373', '2023/05/01', '2023/08/31', 23, 134, 'PER2023C', 'NCTV'),
    ('REF2023374', '2023/05/01', '2023/08/31', 24, 135, 'PER2023C', 'NCTV'),
    ('REF2023375', '2023/05/01', '2023/08/31', 25, 136, 'PER2023C', 'NCTV'),
    ('REF2023376', '2023/05/01', '2023/08/31', 26, 137, 'PER2023C', 'NCTV'),
    ('REF2023377', '2023/05/01', '2023/08/31', 27, 138, 'PER2023C', 'NCTV'),
    ('REF2023378', '2023/05/01', '2023/08/31', 28, 139, 'PER2023C', 'NCTV'),
    ('REF2023379', '2023/05/01', '2023/08/31', 29, 140, 'PER2023C', 'NCTV'),
    ('REF2023380', '2023/05/01', '2023/08/31', 30, 141, 'PER2023C', 'NCTV'),
    ('REF2023381', '2023/05/01', '2023/08/31', 31, 142, 'PER2023C', 'NCTV'),
    ('REF2023382', '2023/05/01', '2023/08/31', 32, 143, 'PER2023C', 'NCTV'),
    ('REF2023383', '2023/05/01', '2023/08/31', 33, 144, 'PER2023C', 'NCTV'),
    ('REF2023384', '2023/05/01', '2023/08/31', 34, 145, 'PER2023C', 'NCTV'),
    ('REF2023385', '2023/05/01', '2023/08/31', 35, 146, 'PER2023C', 'NCTV'),
    ('REF2023386', '2023/05/01', '2023/08/31', 36, 147, 'PER2023C', 'NCTV'),
    ('REF2023387', '2023/05/01', '2023/08/31', 37, 148, 'PER2023C', 'NCTV'),
    ('REF2023388', '2023/05/01', '2023/08/31', 38, 149, 'PER2023C', 'NCTV'),
    ('REF2023389', '2023/05/01', '2023/08/31', 39, 150, 'PER2023C', 'NCTV'),
    ('REF2023390', '2023/05/01', '2023/08/31', 40, 151, 'PER2023C', 'NCTV'),
    ('REF2023391', '2023/05/01', '2023/08/31', 41, 152, 'PER2023C', 'NCTV'),
    ('REF2023392', '2023/05/01', '2023/08/31', 42, 153, 'PER2023C', 'NCTV'),
    ('REF2023393', '2023/05/01', '2023/08/31', 43, 154, 'PER2023C', 'NCTV'),
    ('REF2023394', '2023/05/01', '2023/08/31', 44, 155, 'PER2023C', 'NCTV'),
    ('REF2023395', '2023/05/01', '2023/08/31', 45, 156, 'PER2023C', 'NCTV'),
    ('REF2023396', '2023/05/01', '2023/08/31', 46, 157, 'PER2023C', 'NCTV'),
    ('REF2023397', '2023/05/01', '2023/08/31', 47, 158, 'PER2023C', 'NCTV'),
    ('REF2023398', '2023/05/01', '2023/08/31', 48, 159, 'PER2023C', 'NCTV'),
    ('REF2023399', '2023/05/01', '2023/08/31', 49, 160, 'PER2023C', 'NCTV'),
    ('REF2023400', '2023/05/01', '2023/08/31', 50, 161, 'PER2023C', 'NCTV'),
    ('REF2023401', '2023/05/01', '2023/08/31', 51, 162, 'PER2023C', 'NCTV'),
    ('REF2023402', '2023/05/01', '2023/08/31', 52, 163, 'PER2023C', 'NCTV'),
    ('REF2023403', '2023/05/01', '2023/08/31', 53, 164, 'PER2023C', 'NCTV'),
    ('REF2023404', '2023/05/01', '2023/08/31', 54, 165, 'PER2023C', 'NCTV'),
    ('REF2023405', '2023/05/01', '2023/08/31', 55, 166, 'PER2023C', 'NCTV'),
    ('REF2023406', '2023/05/01', '2023/08/31', 56, 167, 'PER2023C', 'NCTV'),
    ('REF2023407', '2023/05/01', '2023/08/31', 57, 168, 'PER2023C', 'NCTV'),
    ('REF2023408', '2023/05/01', '2023/08/31', 58, 169, 'PER2023C', 'NCTV'),
    ('REF2023409', '2023/05/01', '2023/08/31', 59, 170, 'PER2023C', 'NCTV'),
    ('REF2023410', '2023/05/01', '2023/08/31', 60, 171, 'PER2023C', 'NCTV'),
    ('REF2023411', '2023/05/01', '2023/08/31', 61, 172, 'PER2023C', 'NCTV'),
    ('REF2023412', '2023/05/01', '2023/08/31', 62, 173, 'PER2023C', 'NCTV'),
    ('REF2023413', '2023/05/01', '2023/08/31', 63, 174, 'PER2023C', 'NCTV'),
    ('REF2023414', '2023/05/01', '2023/08/31', 64, 175, 'PER2023C', 'NCTV'),
    ('REF2023415', '2023/05/01', '2023/08/31', 65, 176, 'PER2023C', 'NCTV'),
    ('REF2023416', '2023/05/01', '2023/08/31', 66, 177, 'PER2023C', 'NCTV'),
    ('REF2023417', '2023/05/01', '2023/08/31', 67, 178, 'PER2023C', 'NCTV'),
    ('REF2023418', '2023/05/01', '2023/08/31', 68, 179, 'PER2023C', 'NCTV'),
    ('REF2023419', '2023/05/01', '2023/08/31', 69, 180, 'PER2023C', 'NCTV'),
    ('REF2023420', '2023/05/01', '2023/08/31', 70, 181, 'PER2023C', 'NCTV'),
    ('REF2023421', '2023/05/01', '2023/08/31', 71, 182, 'PER2023C', 'NCTV'),
    ('REF2023422', '2023/05/01', '2023/08/31', 72, 183, 'PER2023C', 'NCTV'),
    ('REF2023423', '2023/05/01', '2023/08/31', 73, 184, 'PER2023C', 'NCTV'),
    ('REF2023424', '2023/05/01', '2023/08/31', 74, 185, 'PER2023C', 'NCTV'),
    ('REF2023425', '2023/05/01', '2023/08/31', 75, 186, 'PER2023C', 'NCTV'),
    ('REF2023426', '2023/05/01', '2023/08/31', 76, 187, 'PER2023C', 'NCTV'),
    ('REF2023427', '2023/05/01', '2023/08/31', 77, 188, 'PER2023C', 'NCTV'),
    ('REF2023428', '2023/05/01', '2023/08/31', 78, 189, 'PER2023C', 'NCTV'),
    ('REF2023429', '2023/05/01', '2023/08/31', 79, 190, 'PER2023C', 'NCTV'),
    ('REF2023430', '2023/05/01', '2023/08/31', 80, 191, 'PER2023C', 'NCTV'),
    ('REF2023431', '2023/05/01', '2023/08/31', 81, 192, 'PER2023C', 'NCTV'),
    ('REF2023432', '2023/05/01', '2023/08/31', 82, 193, 'PER2023C', 'NCTV'),
    ('REF2023433', '2023/05/01', '2023/08/31', 83, 194, 'PER2023C', 'NCTV'),
    ('REF2023434', '2023/05/01', '2023/08/31', 84, 195, 'PER2023C', 'NCTV'),
    ('REF2023435', '2023/05/01', '2023/08/31', 85, 196, 'PER2023C', 'NCTV'),
    ('REF2023436', '2023/05/01', '2023/08/31', 86, 197, 'PER2023C', 'NCTV'),
    ('REF2023437', '2023/05/01', '2023/08/31', 87, 198, 'PER2023C', 'NCTV'),
    ('REF2023438', '2023/05/01', '2023/08/31', 88, 199, 'PER2023C', 'NCTV'),
    ('REF2023439', '2023/05/01', '2023/08/31', 89, 200, 'PER2023C', 'NCTV'),
    ('REF2023440', '2023/05/01', '2023/08/31', 90, 201, 'PER2023C', 'NCTV'),
    ('REF2023441', '2023/05/01', '2023/08/31', 91, 202, 'PER2023C', 'NCTV'),
    ('REF2023442', '2023/05/01', '2023/08/31', 92, 203, 'PER2023C', 'NCTV'),
    ('REF2023443', '2023/05/01', '2023/08/31', 93, 204, 'PER2023C', 'NCTV'),
    ('REF2023444', '2023/05/01', '2023/08/31', 94, 205, 'PER2023C', 'NCTV'),
    ('REF2023445', '2023/05/01', '2023/08/31', 95, 206, 'PER2023C', 'NCTV'),
    ('REF2023446', '2023/05/01', '2023/08/31', 96, 207, 'PER2023C', 'NCTV'),
    ('REF2023447', '2023/05/01', '2023/08/31', 97, 208, 'PER2023C', 'NCTV'),
    ('REF2023448', '2023/05/01', '2023/08/31', 98, 209, 'PER2023C', 'NCTV'),
    ('REF2023449', '2023/05/01', '2023/08/31', 99, 210, 'PER2023C', 'NCTV'),
    ('REF2023450', '2023/05/01', '2023/08/31', 100, 211, 'PER2023C', 'NCTV'),
    ('REF2023451', '2023/05/01', '2023/08/31', 101, 212, 'PER2023C', 'NCTV'),
    ('REF2023452', '2023/05/01', '2023/08/31', 102, 213, 'PER2023C', 'NCTV'),
    ('REF2023453', '2023/05/01', '2023/08/31', 103, 214, 'PER2023C', 'NCTV'),
    ('REF2023454', '2023/05/01', '2023/08/31', 104, 215, 'PER2023C', 'NCTV'),
    ('REF2023455', '2023/05/01', '2023/08/31', 105, 216, 'PER2023C', 'NCTV'),
    ('REF2023456', '2023/05/01', '2023/08/31', 106, 217, 'PER2023C', 'NCTV'),
    ('REF2023457', '2023/05/01', '2023/08/31', 107, 218, 'PER2023C', 'NCTV'),
    ('REF2023458', '2023/05/01', '2023/08/31', 108, 219, 'PER2023C', 'NCTV'),
    ('REF2023459', '2023/05/01', '2023/08/31', 109, 220, 'PER2023C', 'NCTV'),
    ('REF2023460', '2023/05/01', '2023/08/31', 110, 221, 'PER2023C', 'NCTV'),
    ('REF2023461', '2023/05/01', '2023/08/31', 111, 222, 'PER2023C', 'NCTV'),
    ('REF2023462', '2023/05/01', '2023/08/31', 112, 223, 'PER2023C', 'NCTV'),
    ('REF2023463', '2023/05/01', '2023/08/31', 113, 224, 'PER2023C', 'NCTV'),
    ('REF2023464', '2023/05/01', '2023/08/31', 114, 225, 'PER2023C', 'NCTV'),
    ('REF2023465', '2023/05/01', '2023/08/31', 115, 226, 'PER2023C', 'NCTV'),
    ('REF2023466', '2023/05/01', '2023/08/31', 116, 227, 'PER2023C', 'NCTV'),
    ('REF2023467', '2023/05/01', '2023/08/31', 117, 228, 'PER2023C', 'NCTV'),
    ('REF2023468', '2023/05/01', '2023/08/31', 118, 229, 'PER2023C', 'NCTV'),
    ('REF2023469', '2023/05/01', '2023/08/31', 119, 230, 'PER2023C', 'NCTV'),
    ('REF2023470', '2023/05/01', '2023/08/31', 120, 231, 'PER2023C', 'NCTV'),
    ('REF2023471', '2023/05/01', '2023/08/31', 121, 232, 'PER2023C', 'NCTV'),
    ('REF2023472', '2023/05/01', '2023/08/31', 122, 233, 'PER2023C', 'NCTV'),
    ('REF2023473', '2023/05/01', '2023/08/31', 123, 234, 'PER2023C', 'NCTV'),
    ('REF2023474', '2023/05/01', '2023/08/31', 124, 235, 'PER2023C', 'NCTV'),
    ('REF2023475', '2023/05/01', '2023/08/31', 125, 236, 'PER2023C', 'NCTV'),
    ('REF2023476', '2023/05/01', '2023/08/31', 126, 237, 'PER2023C', 'NCTV'),
    ('REF2023477', '2023/05/01', '2023/08/31', 127, 238, 'PER2023C', 'NCTV'),
    ('REF2023478', '2023/05/01', '2023/08/31', 128, 239, 'PER2023C', 'NCTV'),
    ('REF2023479', '2023/05/01', '2023/08/31', 129, 240, 'PER2023C', 'NCTV'),
    ('REF2023480', '2023/05/01', '2023/08/31', 130, 1, 'PER2022A', 'NCTV'),
    ('REF2023481', '2023/09/01', '2023/12/31', 131, 2, 'PER2022A', 'NCTV'),
    ('REF2023482', '2023/09/01', '2023/12/31', 132, 3, 'PER2022A', 'NCTV'),
    ('REF2023483', '2023/09/01', '2023/12/31', 133, 4, 'PER2022A', 'NCTV'),
    ('REF2023484', '2023/09/01', '2023/12/31', 134, 5, 'PER2022A', 'NCTV'),
    ('REF2023485', '2023/09/01', '2023/12/31', 135, 6, 'PER2022A', 'NCTV'),
    ('REF2023486', '2023/09/01', '2023/12/31', 136, 7, 'PER2022A', 'NCTV'),
    ('REF2023487', '2023/09/01', '2023/12/31', 137, 8, 'PER2022A', 'NCTV'),
    ('REF2023488', '2023/09/01', '2023/12/31', 138, 9, 'PER2022A', 'NCTV'),
    ('REF2023489', '2023/09/01', '2023/12/31', 139, 10, 'PER2022A', 'NCTV'),
    ('REF2023490', '2023/09/01', '2023/12/31', 140, 11, 'PER2022A', 'NCTV'),
    ('REF2023491', '2023/09/01', '2023/12/31', 141, 12, 'PER2022A', 'NCTV'),
    ('REF2023492', '2023/09/01', '2023/12/31', 142, 13, 'PER2022A', 'NCTV'),
    ('REF2023493', '2023/09/01', '2023/12/31', 143, 14, 'PER2022A', 'NCTV'),
    ('REF2023494', '2023/09/01', '2023/12/31', 144, 15, 'PER2022A', 'NCTV'),
    ('REF2023495', '2023/09/01', '2023/12/31', 145, 16, 'PER2022A', 'NCTV'),
    ('REF2023496', '2023/09/01', '2023/12/31', 146, 17, 'PER2022A', 'NCTV'),
    ('REF2023497', '2023/09/01', '2023/12/31', 147, 18, 'PER2022A', 'NCTV'),
    ('REF2023498', '2023/09/01', '2023/12/31', 148, 19, 'PER2022A', 'NCTV'),
    ('REF2023499', '2023/09/01', '2023/12/31', 149, 20, 'PER2022A', 'NCTV'),
    ('REF2023500', '2023/09/01', '2023/12/31', 150, 21, 'PER2022A', 'NCTV'),
    ('REF2023501', '2023/09/01', '2023/12/31', 151, 22, 'PER2022A', 'NCTV'),
    ('REF2023502', '2023/09/01', '2023/12/31', 152, 23, 'PER2022A', 'NCTV'),
    ('REF2023503', '2023/09/01', '2023/12/31', 153, 24, 'PER2022A', 'NCTV'),
    ('REF2023504', '2023/09/01', '2023/12/31', 154, 25, 'PER2022A', 'NCTV'),
    ('REF2023505', '2023/09/01', '2023/12/31', 155, 26, 'PER2022A', 'NCTV'),
    ('REF2023506', '2023/09/01', '2023/12/31', 156, 27, 'PER2022A', 'NCTV'),
    ('REF2023507', '2023/09/01', '2023/12/31', 157, 28, 'PER2022A', 'NCTV'),
    ('REF2023508', '2023/09/01', '2023/12/31', 158, 29, 'PER2022A', 'NCTV'),
    ('REF2023509', '2023/09/01', '2023/12/31', 159, 30, 'PER2022A', 'NCTV'),
    ('REF2023510', '2023/09/01', '2023/12/31', 160, 31, 'PER2022A', 'NCTV'),
    ('REF2023511', '2023/09/01', '2023/12/31', 161, 32, 'PER2022A', 'NCTV'),
    ('REF2023512', '2023/09/01', '2023/12/31', 162, 33, 'PER2022A', 'NCTV'),
    ('REF2023513', '2023/09/01', '2023/12/31', 163, 34, 'PER2022A', 'NCTV'),
    ('REF2023514', '2023/09/01', '2023/12/31', 164, 35, 'PER2022A', 'NCTV'),
    ('REF2023515', '2023/09/01', '2023/12/31', 165, 36, 'PER2022A', 'NCTV'),
    ('REF2023516', '2023/09/01', '2023/12/31', 166, 37, 'PER2022A', 'NCTV'),
    ('REF2023517', '2023/09/01', '2023/12/31', 167, 38, 'PER2022A', 'NCTV'),
    ('REF2023518', '2023/09/01', '2023/12/31', 168, 39, 'PER2022A', 'NCTV'),
    ('REF2023519', '2023/09/01', '2023/12/31', 169, 40, 'PER2022A', 'NCTV'),
    ('REF2023520', '2023/09/01', '2023/12/31', 170, 41, 'PER2022A', 'NCTV'),
    ('REF2023521', '2023/09/01', '2023/12/31', 171, 42, 'PER2022A', 'NCTV'),
    ('REF2023522', '2023/09/01', '2023/12/31', 172, 43, 'PER2022A', 'NCTV'),
    ('REF2023523', '2023/09/01', '2023/12/31', 173, 44, 'PER2022A', 'NCTV'),
    ('REF2023524', '2023/09/01', '2023/12/31', 174, 45, 'PER2022A', 'NCTV'),
    ('REF2023525', '2023/09/01', '2023/12/31', 175, 46, 'PER2022A', 'NCTV'),
    ('REF2023526', '2023/09/01', '2023/12/31', 176, 47, 'PER2022A', 'NCTV'),
    ('REF2023527', '2023/09/01', '2023/12/31', 177, 48, 'PER2022A', 'NCTV'),
    ('REF2023528', '2023/09/01', '2023/12/31', 178, 49, 'PER2022A', 'NCTV'),
    ('REF2023529', '2023/09/01', '2023/12/31', 179, 50, 'PER2022A', 'NCTV'),
    ('REF2023530', '2023/09/01', '2023/12/31', 180, 51, 'PER2022A', 'NCTV'),
    ('REF2023531', '2023/09/01', '2023/12/31', 181, 52, 'PER2022A', 'NCTV'),
    ('REF2023532', '2023/09/01', '2023/12/31', 182, 53, 'PER2022A', 'NCTV'),
    ('REF2023533', '2023/09/01', '2023/12/31', 183, 54, 'PER2022A', 'NCTV'),
    ('REF2023534', '2023/09/01', '2023/12/31', 184, 55, 'PER2022A', 'NCTV'),
    ('REF2023535', '2023/09/01', '2023/12/31', 185, 56, 'PER2022A', 'NCTV'),
    ('REF2023536', '2023/09/01', '2023/12/31', 186, 57, 'PER2022A', 'NCTV'),
    ('REF2023537', '2023/09/01', '2023/12/31', 187, 58, 'PER2022A', 'NCTV'),
    ('REF2023538', '2023/09/01', '2023/12/31', 188, 59, 'PER2022A', 'NCTV'),
    ('REF2023539', '2023/09/01', '2023/12/31', 189, 60, 'PER2022A', 'NCTV'),
    ('REF2023540', '2023/09/01', '2023/12/31', 190, 61, 'PER2022A', 'NCTV'),
    ('REF2023541', '2023/09/01', '2023/12/31', 191, 62, 'PER2022A', 'NCTV'),
    ('REF2023542', '2023/09/01', '2023/12/31', 192, 63, 'PER2022A', 'NCTV'),
    ('REF2023543', '2023/09/01', '2023/12/31', 193, 64, 'PER2022A', 'NCTV'),
    ('REF2023544', '2023/09/01', '2023/12/31', 194, 65, 'PER2022A', 'NCTV'),
    ('REF2023545', '2023/09/01', '2023/12/31', 195, 66, 'PER2022A', 'NCTV'),
    ('REF2023546', '2023/09/01', '2023/12/31', 196, 67, 'PER2022A', 'NCTV'),
    ('REF2023547', '2023/09/01', '2023/12/31', 197, 68, 'PER2022A', 'NCTV'),
    ('REF2023548', '2023/09/01', '2023/12/31', 198, 69, 'PER2022A', 'NCTV'),
    ('REF2023549', '2023/09/01', '2023/12/31', 199, 70, 'PER2022A', 'NCTV'),
    ('REF2023550', '2023/09/01', '2023/12/31', 200, 71, 'PER2022A', 'NCTV'),
    ('REF2023551', '2023/09/01', '2023/12/31', 201, 72, 'PER2022A', 'NCTV'),
    ('REF2023552', '2023/09/01', '2023/12/31', 202, 73, 'PER2022A', 'NCTV'),
    ('REF2023553', '2023/09/01', '2023/12/31', 203, 74, 'PER2022A', 'NCTV'),
    ('REF2023554', '2023/09/01', '2023/12/31', 204, 75, 'PER2022A', 'NCTV'),
    ('REF2023555', '2023/09/01', '2023/12/31', 205, 76, 'PER2022A', 'NCTV'),
    ('REF2023556', '2023/09/01', '2023/12/31', 206, 77, 'PER2022A', 'NCTV'),
    ('REF2023557', '2023/09/01', '2023/12/31', 207, 78, 'PER2022A', 'NCTV'),
    ('REF2023558', '2023/09/01', '2023/12/31', 208, 79, 'PER2022A', 'NCTV'),
    ('REF2023559', '2023/09/01', '2023/12/31', 209, 80, 'PER2022A', 'NCTV'),
    ('REF2023560', '2023/09/01', '2023/12/31', 210, 81, 'PER2022A', 'NCTV'),
    ('REF2023561', '2023/09/01', '2023/12/31', 211, 82, 'PER2022A', 'NCTV'),
    ('REF2023562', '2023/09/01', '2023/12/31', 212, 83, 'PER2022A', 'NCTV'),
    ('REF2023563', '2023/09/01', '2023/12/31', 213, 84, 'PER2022A', 'NCTV'),
    ('REF2023564', '2023/09/01', '2023/12/31', 214, 85, 'PER2022A', 'NCTV'),
    ('REF2023565', '2023/09/01', '2023/12/31', 215, 86, 'PER2022A', 'NCTV'),
    ('REF2023566', '2023/09/01', '2023/12/31', 216, 87, 'PER2022A', 'NCTV'),
    ('REF2023567', '2023/09/01', '2023/12/31', 217, 88, 'PER2022A', 'NCTV'),
    ('REF2023568', '2023/09/01', '2023/12/31', 218, 89, 'PER2022A', 'NCTV'),
    ('REF2023569', '2023/09/01', '2023/12/31', 219, 90, 'PER2022A', 'NCTV'),
    ('REF2023570', '2023/09/01', '2023/12/31', 220, 91, 'PER2022A', 'NCTV'),
    ('REF2023571', '2023/09/01', '2023/12/31', 221, 92, 'PER2022A', 'NCTV'),
    ('REF2023572', '2023/09/01', '2023/12/31', 222, 93, 'PER2022A', 'NCTV'),
    ('REF2023573', '2023/09/01', '2023/12/31', 223, 94, 'PER2022A', 'NCTV'),
    ('REF2023574', '2023/09/01', '2023/12/31', 224, 95, 'PER2022A', 'NCTV'),
    ('REF2023575', '2023/09/01', '2023/12/31', 225, 96, 'PER2022A', 'NCTV'),
    ('REF2023576', '2023/09/01', '2023/12/31', 226, 97, 'PER2022A', 'NCTV'),
    ('REF2023577', '2023/09/01', '2023/12/31', 227, 98, 'PER2022A', 'NCTV'),
    ('REF2023578', '2023/09/01', '2023/12/31', 228, 99, 'PER2022A', 'NCTV'),
    ('REF2023579', '2023/09/01', '2023/12/31', 229, 100, 'PER2022A', 'NCTV'),
    ('REF2023580', '2023/09/01', '2023/12/31', 230, 101, 'PER2022A', 'NCTV'),
    ('REF2023581', '2023/09/01', '2023/12/31', 231, 102, 'PER2022A', 'NCTV'),
    ('REF2023582', '2023/09/01', '2023/12/31', 232, 103, 'PER2022A', 'NCTV'),
    ('REF2023583', '2023/09/01', '2023/12/31', 233, 104, 'PER2022A', 'NCTV'),
    ('REF2023584', '2023/09/01', '2023/12/31', 234, 105, 'PER2022A', 'NCTV'),
    ('REF2023585', '2023/09/01', '2023/12/31', 235, 106, 'PER2022A', 'NCTV'),
    ('REF2023586', '2023/09/01', '2023/12/31', 236, 107, 'PER2022A', 'NCTV'),
    ('REF2023587', '2023/09/01', '2023/12/31', 237, 108, 'PER2022A', 'NCTV'),
    ('REF2023588', '2023/09/01', '2023/12/31', 238, 109, 'PER2022A', 'NCTV'),
    ('REF2023589', '2023/09/01', '2023/12/31', 239, 110, 'PER2022A', 'NCTV'),
    ('REF2023590', '2023/09/01', '2023/12/31', 240, 111, 'PER2022A', 'NCTV'),
    ('REF2023591', '2023/09/01', '2023/12/31', 241, 112, 'PER2022A', 'NCTV'),
    ('REF2023592', '2023/09/01', '2023/12/31', 242, 113, 'PER2022A', 'NCTV'),
    ('REF2023593', '2023/09/01', '2023/12/31', 243, 114, 'PER2022A', 'NCTV'),
    ('REF2023594', '2023/09/01', '2023/12/31', 244, 115, 'PER2022A', 'NCTV'),
    ('REF2023595', '2023/09/01', '2023/12/31', 245, 116, 'PER2022A', 'NCTV'),
    ('REF2023596', '2023/09/01', '2023/12/31', 246, 117, 'PER2022A', 'NCTV'),
    ('REF2023597', '2023/09/01', '2023/12/31', 247, 118, 'PER2022A', 'NCTV'),
    ('REF2023598', '2023/09/01', '2023/12/31', 248, 119, 'PER2022A', 'NCTV'),
    ('REF2023599', '2023/09/01', '2023/12/31', 249, 120, 'PER2022A', 'NCTV'),
    ('REF2023600', '2023/09/01', '2023/12/31', 250, 121, 'PER2022A', 'NCTV'),
    ('REF2023601', '2023/09/01', '2023/12/31', 251, 122, 'PER2022A', 'NCTV'),
    ('REF2023602', '2023/09/01', '2023/12/31', 252, 123, 'PER2022A', 'NCTV'),
    ('REF2023603', '2023/09/01', '2023/12/31', 253, 124, 'PER2022A', 'NCTV'),
    ('REF2023604', '2023/09/01', '2023/12/31', 254, 125, 'PER2022A', 'NCTV'),
    ('REF2023605', '2023/09/01', '2023/12/31', 255, 126, 'PER2022A', 'NCTV'),
    ('REF2023606', '2023/09/01', '2023/12/31', 256, 127, 'PER2022A', 'NCTV'),
    ('REF2023607', '2023/09/01', '2023/12/31', 257, 128, 'PER2022A', 'NCTV'),
    ('REF2023608', '2023/09/01', '2023/12/31', 258, 129, 'PER2022A', 'NCTV'),
    ('REF2023609', '2023/09/01', '2023/12/31', 259, 130, 'PER2022A', 'NCTV'),
    ('REF2023610', '2023/09/01', '2023/12/31', 260, 131, 'PER2022A', 'NCTV'),
    ('REF2023611', '2023/09/01', '2023/12/31', 261, 132, 'PER2022A', 'NCTV'),
    ('REF2023612', '2023/09/01', '2023/12/31', 262, 133, 'PER2022A', 'NCTV'),
    ('REF2023613', '2023/09/01', '2023/12/31', 263, 134, 'PER2022A', 'NCTV'),
    ('REF2023614', '2023/09/01', '2023/12/31', 264, 135, 'PER2022A', 'NCTV'),
    ('REF2023615', '2023/09/01', '2023/12/31', 265, 136, 'PER2022A', 'NCTV'),
    ('REF2023616', '2023/09/01', '2023/12/31', 266, 137, 'PER2022A', 'NCTV'),
    ('REF2023617', '2023/09/01', '2023/12/31', 267, 138, 'PER2022A', 'NCTV'),
    ('REF2023618', '2023/09/01', '2023/12/31', 268, 139, 'PER2022A', 'NCTV'),
    ('REF2023619', '2023/09/01', '2023/12/31', 269, 140, 'PER2022A', 'NCTV'),
    ('REF2023620', '2023/09/01', '2023/12/31', 270, 141, 'PER2022A', 'NCTV'),
    ('REF2023621', '2023/09/01', '2023/12/31', 271, 142, 'PER2022A', 'NCTV'),
    ('REF2023622', '2023/09/01', '2023/12/31', 272, 143, 'PER2022A', 'NCTV'),
    ('REF2023623', '2023/09/01', '2023/12/31', 273, 144, 'PER2022A', 'NCTV'),
    ('REF2023624', '2023/09/01', '2023/12/31', 274, 145, 'PER2022A', 'NCTV'),
    ('REF2023625', '2023/09/01', '2023/12/31', 275, 146, 'PER2022A', 'NCTV'),
    ('REF2023626', '2023/09/01', '2023/12/31', 276, 147, 'PER2022A', 'NCTV'),
    ('REF2023627', '2023/09/01', '2023/12/31', 277, 148, 'PER2022A', 'NCTV'),
    ('REF2023628', '2023/09/01', '2023/12/31', 278, 149, 'PER2022A', 'NCTV'),
    ('REF2023629', '2023/09/01', '2023/12/31', 279, 150, 'PER2022A', 'NCTV'),
    ('REF2023630', '2023/09/01', '2023/12/31', 280, 151, 'PER2022A', 'NCTV'),
    ('REF2023631', '2023/09/01', '2023/12/31', 281, 152, 'PER2022A', 'NCTV'),
    ('REF2023632', '2023/09/01', '2023/12/31', 282, 153, 'PER2022A', 'NCTV'),
    ('REF2023633', '2023/09/01', '2023/12/31', 283, 154, 'PER2022A', 'NCTV'),
    ('REF2023634', '2023/09/01', '2023/12/31', 284, 155, 'PER2022A', 'NCTV'),
    ('REF2023635', '2023/09/01', '2023/12/31', 285, 156, 'PER2022A', 'NCTV'),
    ('REF2023636', '2023/09/01', '2023/12/31', 286, 157, 'PER2022A', 'NCTV'),
    ('REF2023637', '2023/09/01', '2023/12/31', 287, 158, 'PER2022A', 'NCTV'),
    ('REF2023638', '2023/09/01', '2023/12/31', 288, 159, 'PER2022A', 'NCTV'),
    ('REF2023639', '2023/09/01', '2023/12/31', 289, 160, 'PER2022A', 'NCTV'),
    ('REF2023640', '2023/09/01', '2023/12/31', 290, 161, 'PER2022A', 'NCTV'),
    ('REF2023641', '2023/09/01', '2023/12/31', 291, 162, 'PER2022A', 'NCTV'),
    ('REF2023642', '2023/09/01', '2023/12/31', 292, 163, 'PER2022A', 'NCTV'),
    ('REF2023643', '2023/09/01', '2023/12/31', 293, 164, 'PER2022A', 'NCTV'),
    ('REF2023644', '2023/09/01', '2023/12/31', 294, 165, 'PER2022A', 'NCTV'),
    ('REF2023645', '2023/09/01', '2023/12/31', 295, 166, 'PER2022A', 'NCTV'),
    ('REF2023646', '2023/09/01', '2023/12/31', 296, 167, 'PER2022A', 'NCTV'),
    ('REF2023647', '2023/09/01', '2023/12/31', 297, 168, 'PER2022A', 'NCTV'),
    ('REF2023648', '2023/09/01', '2023/12/31', 298, 169, 'PER2022A', 'NCTV'),
    ('REF2023649', '2023/09/01', '2023/12/31', 299, 170, 'PER2022A', 'NCTV'),
    ('REF2023650', '2023/09/01', '2023/12/31', 300, 171, 'PER2022A', 'NCTV'),
    ('REF2023651', '2023/09/01', '2023/12/31', 301, 172, 'PER2022A', 'NCTV'),
    ('REF2023652', '2023/09/01', '2023/12/31', 302, 173, 'PER2022A', 'NCTV'),
    ('REF2023653', '2023/09/01', '2023/12/31', 303, 174, 'PER2022A', 'NCTV'),
    ('REF2023654', '2023/09/01', '2023/12/31', 304, 175, 'PER2022A', 'NCTV'),
    ('REF2023655', '2023/09/01', '2023/12/31', 305, 176, 'PER2022A', 'NCTV'),
    ('REF2023656', '2023/09/01', '2023/12/31', 306, 177, 'PER2022A', 'NCTV'),
    ('REF2023657', '2023/09/01', '2023/12/31', 307, 178, 'PER2022A', 'NCTV'),
    ('REF2023658', '2023/09/01', '2023/12/31', 308, 179, 'PER2022A', 'NCTV'),
    ('REF2023659', '2023/09/01', '2023/12/31', 309, 180, 'PER2022A', 'NCTV'),
    ('REF2023660', '2023/09/01', '2023/12/31', 310, 181, 'PER2022A', 'NCTV'),
    ('REF2023661', '2023/09/01', '2023/12/31', 311, 182, 'PER2022A', 'NCTV'),
    ('REF2023662', '2023/09/01', '2023/12/31', 312, 183, 'PER2022A', 'NCTV'),
    ('REF2023663', '2023/09/01', '2023/12/31', 313, 184, 'PER2022A', 'NCTV'),
    ('REF2023664', '2023/09/01', '2023/12/31', 314, 185, 'PER2022A', 'NCTV'),
    ('REF2023665', '2023/09/01', '2023/12/31', 315, 186, 'PER2022A', 'NCTV'),
    ('REF2023666', '2023/09/01', '2023/12/31', 316, 187, 'PER2022A', 'NCTV'),
    ('REF2023667', '2023/09/01', '2023/12/31', 317, 188, 'PER2022A', 'NCTV'),
    ('REF2023668', '2023/09/01', '2023/12/31', 318, 189, 'PER2022A', 'NCTV'),
    ('REF2023669', '2023/09/01', '2023/12/31', 319, 190, 'PER2022A', 'NCTV'),
    ('REF2023670', '2023/09/01', '2023/12/31', 320, 191, 'PER2022A', 'NCTV'),
    ('REF2023671', '2023/09/01', '2023/12/31', 321, 192, 'PER2022A', 'NCTV'),
    ('REF2023672', '2023/09/01', '2023/12/31', 322, 193, 'PER2022A', 'NCTV'),
    ('REF2023673', '2023/09/01', '2023/12/31', 323, 194, 'PER2022A', 'NCTV'),
    ('REF2023674', '2023/09/01', '2023/12/31', 324, 195, 'PER2022A', 'NCTV'),
    ('REF2023675', '2023/09/01', '2023/12/31', 325, 196, 'PER2022A', 'NCTV'),
    ('REF2023676', '2023/09/01', '2023/12/31', 326, 197, 'PER2022A', 'NCTV'),
    ('REF2023677', '2023/09/01', '2023/12/31', 327, 198, 'PER2022A', 'NCTV'),
    ('REF2023678', '2023/09/01', '2023/12/31', 328, 199, 'PER2022A', 'NCTV'),
    ('REF2023679', '2023/09/01', '2023/12/31', 329, 200, 'PER2022A', 'NCTV'),
    ('REF2023680', '2023/09/01', '2023/12/31', 330, 201, 'PER2022A', 'NCTV'),
    ('REF2023681', '2023/09/01', '2023/12/31', 331, 202, 'PER2022A', 'NCTV'),
    ('REF2023682', '2023/09/01', '2023/12/31', 332, 203, 'PER2022A', 'NCTV'),
    ('REF2023683', '2023/09/01', '2023/12/31', 333, 204, 'PER2022A', 'NCTV'),
    ('REF2023684', '2023/09/01', '2023/12/31', 334, 205, 'PER2022A', 'NCTV'),
    ('REF2023685', '2023/09/01', '2023/12/31', 335, 206, 'PER2022A', 'NCTV'),
    ('REF2023686', '2023/09/01', '2023/12/31', 336, 207, 'PER2022A', 'NCTV'),
    ('REF2023687', '2023/09/01', '2023/12/31', 337, 208, 'PER2022A', 'NCTV'),
    ('REF2023688', '2023/09/01', '2023/12/31', 338, 209, 'PER2022A', 'NCTV'),
    ('REF2023689', '2023/09/01', '2023/12/31', 339, 210, 'PER2022A', 'NCTV'),
    ('REF2023690', '2023/09/01', '2023/12/31', 340, 211, 'PER2022A', 'NCTV'),
    ('REF2023691', '2023/09/01', '2023/12/31', 341, 212, 'PER2022A', 'NCTV'),
    ('REF2023692', '2023/09/01', '2023/12/31', 342, 213, 'PER2022A', 'NCTV'),
    ('REF2023693', '2023/09/01', '2023/12/31', 343, 214, 'PER2022A', 'NCTV'),
    ('REF2023694', '2023/09/01', '2023/12/31', 344, 215, 'PER2022A', 'NCTV'),
    ('REF2023695', '2023/09/01', '2023/12/31', 345, 216, 'PER2022A', 'NCTV'),
    ('REF2023696', '2023/09/01', '2023/12/31', 346, 217, 'PER2022A', 'NCTV'),
    ('REF2023697', '2023/09/01', '2023/12/31', 347, 218, 'PER2022A', 'NCTV'),
    ('REF2023698', '2023/09/01', '2023/12/31', 348, 219, 'PER2022A', 'NCTV'),
    ('REF2023699', '2023/09/01', '2023/12/31', 349, 220, 'PER2022A', 'NCTV'),
    ('REF2023700', '2023/09/01', '2023/12/31', 350, 221, 'PER2022A', 'NCTV'),
    ('REF2023701', '2023/09/01', '2023/12/31', 351, 222, 'PER2022A', 'NCTV'),
    ('REF2023702', '2023/09/01', '2023/12/31', 1, 223, 'PER2022A', 'NCTV'),
    ('REF2023703', '2023/09/01', '2023/12/31', 2, 224, 'PER2022A', 'NCTV'),
    ('REF2023704', '2023/09/01', '2023/12/31', 3, 225, 'PER2022A', 'NCTV'),
    ('REF2023705', '2023/09/01', '2023/12/31', 4, 226, 'PER2022A', 'NCTV'),
    ('REF2023706', '2023/09/01', '2023/12/31', 5, 227, 'PER2022A', 'NCTV'),
    ('REF2023707', '2023/09/01', '2023/12/31', 6, 228, 'PER2022A', 'NCTV'),
    ('REF2023708', '2023/09/01', '2023/12/31', 7, 229, 'PER2022A', 'NCTV'),
    ('REF2023709', '2023/09/01', '2023/12/31', 8, 230, 'PER2022A', 'NCTV'),
    ('REF2023710', '2023/09/01', '2023/12/31', 9, 231, 'PER2022A', 'NCTV'),
    ('REF2023711', '2023/09/01', '2023/12/31', 10, 232, 'PER2022A', 'NCTV'),
    ('REF2023712', '2023/09/01', '2023/12/31', 11, 233, 'PER2022A', 'NCTV'),
    ('REF2023713', '2023/09/01', '2023/12/31', 12, 234, 'PER2022A', 'NCTV'),
    ('REF2023714', '2023/09/01', '2023/12/31', 13, 235, 'PER2022A', 'NCTV'),
    ('REF2023715', '2023/09/01', '2023/12/31', 14, 236, 'PER2022A', 'NCTV'),
    ('REF2023716', '2023/09/01', '2023/12/31', 15, 237, 'PER2022A', 'NCTV'),
    ('REF2023717', '2023/09/01', '2023/12/31', 16, 238, 'PER2022A', 'NCTV'),
    ('REF2023718', '2023/09/01', '2023/12/31', 17, 239, 'PER2022A', 'NCTV'),
    ('REF2023719', '2023/09/01', '2023/12/31', 18, 240, 'PER2022A', 'NCTV');

-- * Tabla: PAGOS
INSERT INTO PAGOS (FechaPago, Total, Renta) VALUES
    ('2022/12/29', 50.00, 'REF2023000'),
    ('2022/12/19', 50.00, 'REF2023001'),
    ('2022/12/28', 50.00, 'REF2023002'),
    ('2022/12/24', 50.00, 'REF2023003'),
    ('2022/12/28', 50.00, 'REF2023004'),
    ('2022/12/25', 50.00, 'REF2023005'),
    ('2022/12/28', 50.00, 'REF2023006'),
    ('2022/12/25', 50.00, 'REF2023007'),
    ('2022/12/30', 120.00, 'REF2023008'),
    ('2022/12/22', 120.00, 'REF2023009'),
    ('2022/12/27', 120.00, 'REF2023010'),
    ('2022/12/25', 120.00, 'REF2023011'),
    ('2022/12/24', 50.00, 'REF2023012'),
    ('2022/12/21', 50.00, 'REF2023013'),
    ('2022/12/25', 50.00, 'REF2023014'),
    ('2022/12/24', 50.00, 'REF2023015'),
    ('2022/12/19', 50.00, 'REF2023016'),
    ('2022/12/18', 50.00, 'REF2023017'),
    ('2022/12/24', 50.00, 'REF2023018'),
    ('2022/12/21', 50.00, 'REF2023019'),
    ('2022/12/26', 120.00, 'REF2023020'),
    ('2022/12/30', 120.00, 'REF2023021'),
    ('2022/12/22', 120.00, 'REF2023022'),
    ('2022/12/19', 120.00, 'REF2023023'),
    ('2022/12/22', 50.00, 'REF2023024'),
    ('2022/12/27', 50.00, 'REF2023025'),
    ('2022/12/30', 50.00, 'REF2023026'),
    ('2022/12/26', 50.00, 'REF2023027'),
    ('2022/12/26', 50.00, 'REF2023028'),
    ('2022/12/29', 50.00, 'REF2023029'),
    ('2022/12/27', 50.00, 'REF2023030'),
    ('2022/12/21', 50.00, 'REF2023031'),
    ('2022/12/25', 120.00, 'REF2023032'),
    ('2022/12/24', 120.00, 'REF2023033'),
    ('2022/12/22', 120.00, 'REF2023034'),
    ('2022/12/25', 120.00, 'REF2023035'),
    ('2022/12/23', 50.00, 'REF2023036'),
    ('2022/12/26', 50.00, 'REF2023037'),
    ('2022/12/21', 50.00, 'REF2023038'),
    ('2022/12/29', 50.00, 'REF2023039'),
    ('2022/12/29', 50.00, 'REF2023040'),
    ('2022/12/27', 50.00, 'REF2023041'),
    ('2022/12/22', 50.00, 'REF2023042'),
    ('2022/12/30', 50.00, 'REF2023043'),
    ('2022/12/25', 120.00, 'REF2023044'),
    ('2022/12/25', 120.00, 'REF2023045'),
    ('2022/12/21', 120.00, 'REF2023046'),
    ('2022/12/23', 120.00, 'REF2023047'),
    ('2022/12/19', 50.00, 'REF2023048'),
    ('2022/12/25', 50.00, 'REF2023049'),
    ('2022/12/24', 50.00, 'REF2023050'),
    ('2022/12/20', 50.00, 'REF2023051'),
    ('2022/12/24', 50.00, 'REF2023052'),
    ('2022/12/26', 50.00, 'REF2023053'),
    ('2022/12/27', 50.00, 'REF2023054'),
    ('2022/12/21', 50.00, 'REF2023055'),
    ('2022/12/27', 120.00, 'REF2023056'),
    ('2022/12/25', 120.00, 'REF2023057'),
    ('2022/12/28', 120.00, 'REF2023058'),
    ('2022/12/26', 120.00, 'REF2023059'),
    ('2022/12/29', 50.00, 'REF2023060'),
    ('2022/12/25', 50.00, 'REF2023061'),
    ('2022/12/19', 50.00, 'REF2023062'),
    ('2022/12/18', 50.00, 'REF2023063'),
    ('2022/12/24', 50.00, 'REF2023064'),
    ('2022/12/27', 50.00, 'REF2023065'),
    ('2022/12/21', 50.00, 'REF2023066'),
    ('2022/12/29', 50.00, 'REF2023067'),
    ('2022/12/28', 120.00, 'REF2023068'),
    ('2022/12/22', 120.00, 'REF2023069'),
    ('2022/12/30', 120.00, 'REF2023070'),
    ('2022/12/25', 120.00, 'REF2023071'),
    ('2022/12/20', 50.00, 'REF2023072'),
    ('2022/12/18', 50.00, 'REF2023073'),
    ('2022/12/24', 50.00, 'REF2023074'),
    ('2022/12/19', 50.00, 'REF2023075'),
    ('2022/12/20', 50.00, 'REF2023076'),
    ('2022/12/28', 50.00, 'REF2023077'),
    ('2022/12/20', 50.00, 'REF2023078'),
    ('2022/12/24', 50.00, 'REF2023079'),
    ('2022/12/25', 120.00, 'REF2023080'),
    ('2022/12/23', 120.00, 'REF2023081'),
    ('2022/12/26', 120.00, 'REF2023082'),
    ('2022/12/30', 120.00, 'REF2023083'),
    ('2022/12/19', 50.00, 'REF2023084'),
    ('2022/12/23', 50.00, 'REF2023085'),
    ('2022/12/21', 50.00, 'REF2023086'),
    ('2022/12/24', 50.00, 'REF2023087'),
    ('2022/12/21', 50.00, 'REF2023088'),
    ('2022/12/27', 50.00, 'REF2023089'),
    ('2022/12/22', 50.00, 'REF2023090'),
    ('2022/12/29', 50.00, 'REF2023091'),
    ('2022/12/30', 120.00, 'REF2023092'),
    ('2022/12/26', 120.00, 'REF2023093'),
    ('2022/12/19', 120.00, 'REF2023094'),
    ('2022/12/18', 120.00, 'REF2023095'),
    ('2022/12/28', 50.00, 'REF2023096'),
    ('2022/12/25', 50.00, 'REF2023097'),
    ('2022/12/19', 50.00, 'REF2023098'),
    ('2022/12/25', 50.00, 'REF2023099'),
    ('2022/12/27', 50.00, 'REF2023100'),
    ('2022/12/28', 50.00, 'REF2023101'),
    ('2022/12/21', 50.00, 'REF2023102'),
    ('2022/12/19', 50.00, 'REF2023103'),
    ('2022/12/29', 120.00, 'REF2023104'),
    ('2022/12/18', 120.00, 'REF2023105'),
    ('2022/12/22', 120.00, 'REF2023106'),
    ('2022/12/26', 120.00, 'REF2023107'),
    ('2022/12/29', 50.00, 'REF2023108'),
    ('2022/12/28', 50.00, 'REF2023109'),
    ('2022/12/27', 50.00, 'REF2023110'),
    ('2022/12/24', 50.00, 'REF2023111'),
    ('2022/12/23', 50.00, 'REF2023112'),
    ('2022/12/27', 50.00, 'REF2023113'),
    ('2022/12/22', 50.00, 'REF2023114'),
    ('2022/12/22', 50.00, 'REF2023115'),
    ('2022/12/27', 120.00, 'REF2023116'),
    ('2022/12/21', 120.00, 'REF2023117'),
    ('2022/12/29', 120.00, 'REF2023118'),
    ('2022/12/30', 120.00, 'REF2023119'),
    ('2022/12/29', 50.00, 'REF2023120'),
    ('2022/12/20', 50.00, 'REF2023121'),
    ('2022/12/25', 50.00, 'REF2023122'),
    ('2022/12/18', 50.00, 'REF2023123'),
    ('2022/12/25', 50.00, 'REF2023124'),
    ('2022/12/23', 50.00, 'REF2023125'),
    ('2022/12/22', 50.00, 'REF2023126'),
    ('2022/12/28', 50.00, 'REF2023127'),
    ('2022/12/21', 120.00, 'REF2023128'),
    ('2022/12/27', 120.00, 'REF2023129'),
    ('2022/12/19', 120.00, 'REF2023130'),
    ('2022/12/21', 120.00, 'REF2023131'),
    ('2022/12/27', 50.00, 'REF2023132'),
    ('2022/12/27', 50.00, 'REF2023133'),
    ('2022/12/25', 50.00, 'REF2023134'),
    ('2022/12/22', 50.00, 'REF2023135'),
    ('2022/12/28', 50.00, 'REF2023136'),
    ('2022/12/26', 50.00, 'REF2023137'),
    ('2022/12/26', 50.00, 'REF2023138'),
    ('2022/12/23', 50.00, 'REF2023139'),
    ('2022/12/21', 120.00, 'REF2023140'),
    ('2022/12/26', 120.00, 'REF2023141'),
    ('2022/12/23', 120.00, 'REF2023142'),
    ('2022/12/19', 120.00, 'REF2023143'),
    ('2022/12/25', 50.00, 'REF2023144'),
    ('2022/12/28', 50.00, 'REF2023145'),
    ('2022/12/18', 50.00, 'REF2023146'),
    ('2022/12/18', 50.00, 'REF2023147'),
    ('2022/12/27', 50.00, 'REF2023148'),
    ('2022/12/21', 50.00, 'REF2023149'),
    ('2022/12/25', 50.00, 'REF2023150'),
    ('2022/12/22', 50.00, 'REF2023151'),
    ('2022/12/21', 120.00, 'REF2023152'),
    ('2022/12/26', 120.00, 'REF2023153'),
    ('2022/12/29', 120.00, 'REF2023154'),
    ('2022/12/27', 120.00, 'REF2023155'),
    ('2022/12/28', 50.00, 'REF2023156'),
    ('2022/12/24', 50.00, 'REF2023157'),
    ('2022/12/24', 50.00, 'REF2023158'),
    ('2022/12/25', 50.00, 'REF2023159'),
    ('2022/12/21', 50.00, 'REF2023160'),
    ('2022/12/23', 50.00, 'REF2023161'),
    ('2022/12/26', 50.00, 'REF2023162'),
    ('2022/12/25', 50.00, 'REF2023163'),
    ('2022/12/26', 120.00, 'REF2023164'),
    ('2022/12/26', 120.00, 'REF2023165'),
    ('2022/12/24', 120.00, 'REF2023166'),
    ('2022/12/20', 120.00, 'REF2023167'),
    ('2022/12/18', 50.00, 'REF2023168'),
    ('2022/12/20', 50.00, 'REF2023169'),
    ('2022/12/23', 50.00, 'REF2023170'),
    ('2022/12/28', 50.00, 'REF2023171'),
    ('2022/12/27', 50.00, 'REF2023172'),
    ('2022/12/22', 50.00, 'REF2023173'),
    ('2022/12/24', 50.00, 'REF2023174'),
    ('2022/12/28', 50.00, 'REF2023175'),
    ('2022/12/20', 120.00, 'REF2023176'),
    ('2022/12/22', 120.00, 'REF2023177'),
    ('2022/12/22', 120.00, 'REF2023178'),
    ('2022/12/21', 120.00, 'REF2023179'),
    ('2022/12/20', 50.00, 'REF2023180'),
    ('2022/12/25', 50.00, 'REF2023181'),
    ('2022/12/23', 50.00, 'REF2023182'),
    ('2022/12/27', 50.00, 'REF2023183'),
    ('2022/12/24', 50.00, 'REF2023184'),
    ('2022/12/23', 50.00, 'REF2023185'),
    ('2022/12/24', 50.00, 'REF2023186'),
    ('2022/12/23', 50.00, 'REF2023187'),
    ('2022/12/20', 120.00, 'REF2023188'),
    ('2022/12/20', 120.00, 'REF2023189'),
    ('2022/12/22', 120.00, 'REF2023190'),
    ('2022/12/18', 120.00, 'REF2023191'),
    ('2022/12/18', 50.00, 'REF2023192'),
    ('2022/12/25', 50.00, 'REF2023193'),
    ('2022/12/23', 50.00, 'REF2023194'),
    ('2022/12/19', 50.00, 'REF2023195'),
    ('2022/12/24', 50.00, 'REF2023196'),
    ('2022/12/23', 50.00, 'REF2023197'),
    ('2022/12/27', 50.00, 'REF2023198'),
    ('2022/12/25', 50.00, 'REF2023199'),
    ('2022/12/22', 120.00, 'REF2023200'),
    ('2022/12/19', 120.00, 'REF2023201'),
    ('2022/12/22', 120.00, 'REF2023202'),
    ('2022/12/28', 120.00, 'REF2023203'),
    ('2022/12/18', 50.00, 'REF2023204'),
    ('2022/12/21', 50.00, 'REF2023205'),
    ('2022/12/23', 50.00, 'REF2023206'),
    ('2022/12/24', 50.00, 'REF2023207'),
    ('2022/12/23', 50.00, 'REF2023208'),
    ('2022/12/27', 50.00, 'REF2023209'),
    ('2022/12/28', 50.00, 'REF2023210'),
    ('2022/12/21', 50.00, 'REF2023211'),
    ('2022/12/20', 120.00, 'REF2023212'),
    ('2022/12/22', 120.00, 'REF2023213'),
    ('2022/12/18', 120.00, 'REF2023214'),
    ('2022/12/27', 120.00, 'REF2023215'),
    ('2022/12/23', 50.00, 'REF2023216'),
    ('2022/12/24', 50.00, 'REF2023217'),
    ('2022/12/29', 50.00, 'REF2023218'),
    ('2022/12/25', 50.00, 'REF2023219'),
    ('2022/12/24', 50.00, 'REF2023220'),
    ('2022/12/30', 50.00, 'REF2023221'),
    ('2022/12/30', 50.00, 'REF2023222'),
    ('2022/12/18', 50.00, 'REF2023223'),
    ('2022/12/21', 120.00, 'REF2023224'),
    ('2022/12/23', 120.00, 'REF2023225'),
    ('2022/12/24', 120.00, 'REF2023226'),
    ('2022/12/22', 120.00, 'REF2023227'),
    ('2022/12/26', 50.00, 'REF2023228'),
    ('2022/12/21', 50.00, 'REF2023229'),
    ('2022/12/22', 50.00, 'REF2023230'),
    ('2022/12/27', 50.00, 'REF2023231'),
    ('2022/12/28', 50.00, 'REF2023232'),
    ('2022/12/23', 50.00, 'REF2023233'),
    ('2022/12/29', 50.00, 'REF2023234'),
    ('2022/12/26', 50.00, 'REF2023235'),
    ('2022/12/25', 120.00, 'REF2023236'),
    ('2022/12/22', 120.00, 'REF2023237'),
    ('2022/12/18', 120.00, 'REF2023238'),
    ('2022/12/29', 120.00, 'REF2023239'),
    ('2022/12/18', 50.00, 'REF2023240'),
    ('2023/04/29', 50.00, 'REF2023241'),
    ('2023/04/24', 50.00, 'REF2023242'),
    ('2023/04/19', 50.00, 'REF2023243'),
    ('2023/04/25', 50.00, 'REF2023244'),
    ('2023/04/18', 50.00, 'REF2023245'),
    ('2023/04/28', 50.00, 'REF2023246'),
    ('2023/04/18', 50.00, 'REF2023247'),
    ('2023/04/28', 120.00, 'REF2023248'),
    ('2023/04/22', 120.00, 'REF2023249'),
    ('2023/04/23', 120.00, 'REF2023250'),
    ('2023/04/17', 120.00, 'REF2023251'),
    ('2023/04/24', 50.00, 'REF2023252'),
    ('2023/04/28', 50.00, 'REF2023253'),
    ('2023/04/26', 50.00, 'REF2023254'),
    ('2023/04/19', 50.00, 'REF2023255'),
    ('2023/04/17', 50.00, 'REF2023256'),
    ('2023/04/24', 50.00, 'REF2023257'),
    ('2023/04/29', 50.00, 'REF2023258'),
    ('2023/04/25', 50.00, 'REF2023259'),
    ('2023/04/28', 120.00, 'REF2023260'),
    ('2023/04/27', 120.00, 'REF2023261'),
    ('2023/04/25', 120.00, 'REF2023262'),
    ('2023/04/27', 120.00, 'REF2023263'),
    ('2023/04/21', 50.00, 'REF2023264'),
    ('2023/04/22', 50.00, 'REF2023265'),
    ('2023/04/18', 50.00, 'REF2023266'),
    ('2023/04/28', 50.00, 'REF2023267'),
    ('2023/04/21', 50.00, 'REF2023268'),
    ('2023/04/17', 50.00, 'REF2023269'),
    ('2023/04/18', 50.00, 'REF2023270'),
    ('2023/04/25', 50.00, 'REF2023271'),
    ('2023/04/27', 120.00, 'REF2023272'),
    ('2023/04/27', 120.00, 'REF2023273'),
    ('2023/04/29', 120.00, 'REF2023274'),
    ('2023/04/24', 120.00, 'REF2023275'),
    ('2023/04/22', 50.00, 'REF2023276'),
    ('2023/04/22', 50.00, 'REF2023277'),
    ('2023/04/28', 50.00, 'REF2023278'),
    ('2023/04/27', 50.00, 'REF2023279'),
    ('2023/04/21', 50.00, 'REF2023280'),
    ('2023/04/18', 50.00, 'REF2023281'),
    ('2023/04/22', 50.00, 'REF2023282'),
    ('2023/04/25', 50.00, 'REF2023283'),
    ('2023/04/28', 120.00, 'REF2023284'),
    ('2023/04/22', 120.00, 'REF2023285'),
    ('2023/04/20', 120.00, 'REF2023286'),
    ('2023/04/20', 120.00, 'REF2023287'),
    ('2023/04/18', 50.00, 'REF2023288'),
    ('2023/04/21', 50.00, 'REF2023289'),
    ('2023/04/21', 50.00, 'REF2023290'),
    ('2023/04/17', 50.00, 'REF2023291'),
    ('2023/04/23', 50.00, 'REF2023292'),
    ('2023/04/24', 50.00, 'REF2023293'),
    ('2023/04/20', 50.00, 'REF2023294'),
    ('2023/04/28', 50.00, 'REF2023295'),
    ('2023/04/22', 120.00, 'REF2023296'),
    ('2023/04/20', 120.00, 'REF2023297'),
    ('2023/04/22', 120.00, 'REF2023298'),
    ('2023/04/21', 120.00, 'REF2023299'),
    ('2023/04/18', 50.00, 'REF2023300'),
    ('2023/04/22', 50.00, 'REF2023301'),
    ('2023/04/27', 50.00, 'REF2023302'),
    ('2023/04/24', 50.00, 'REF2023303'),
    ('2023/04/28', 50.00, 'REF2023304'),
    ('2023/04/26', 50.00, 'REF2023305'),
    ('2023/04/21', 50.00, 'REF2023306'),
    ('2023/04/28', 50.00, 'REF2023307'),
    ('2023/04/25', 120.00, 'REF2023308'),
    ('2023/04/29', 120.00, 'REF2023309'),
    ('2023/04/17', 120.00, 'REF2023310'),
    ('2023/04/29', 120.00, 'REF2023311'),
    ('2023/04/21', 50.00, 'REF2023312'),
    ('2023/04/22', 50.00, 'REF2023313'),
    ('2023/04/24', 50.00, 'REF2023314'),
    ('2023/04/21', 50.00, 'REF2023315'),
    ('2023/04/24', 50.00, 'REF2023316'),
    ('2023/04/23', 50.00, 'REF2023317'),
    ('2023/04/22', 50.00, 'REF2023318'),
    ('2023/04/27', 50.00, 'REF2023319'),
    ('2023/04/26', 120.00, 'REF2023320'),
    ('2023/04/24', 120.00, 'REF2023321'),
    ('2023/04/17', 120.00, 'REF2023322'),
    ('2023/04/26', 120.00, 'REF2023323'),
    ('2023/04/28', 50.00, 'REF2023324'),
    ('2023/04/29', 50.00, 'REF2023325'),
    ('2023/04/28', 50.00, 'REF2023326'),
    ('2023/04/25', 50.00, 'REF2023327'),
    ('2023/04/18', 50.00, 'REF2023328'),
    ('2023/04/18', 50.00, 'REF2023329'),
    ('2023/04/28', 50.00, 'REF2023330'),
    ('2023/04/17', 50.00, 'REF2023331'),
    ('2023/04/24', 120.00, 'REF2023332'),
    ('2023/04/22', 120.00, 'REF2023333'),
    ('2023/04/19', 120.00, 'REF2023334'),
    ('2023/04/25', 120.00, 'REF2023335'),
    ('2023/04/19', 50.00, 'REF2023336'),
    ('2023/04/24', 50.00, 'REF2023337'),
    ('2023/04/23', 50.00, 'REF2023338'),
    ('2023/04/26', 50.00, 'REF2023339'),
    ('2023/04/18', 50.00, 'REF2023340'),
    ('2023/04/18', 50.00, 'REF2023341'),
    ('2023/04/18', 50.00, 'REF2023342'),
    ('2023/04/19', 50.00, 'REF2023343'),
    ('2023/04/22', 120.00, 'REF2023344'),
    ('2023/04/26', 120.00, 'REF2023345'),
    ('2023/04/17', 120.00, 'REF2023346'),
    ('2023/04/29', 120.00, 'REF2023347'),
    ('2023/04/20', 50.00, 'REF2023348'),
    ('2023/04/25', 50.00, 'REF2023349'),
    ('2023/04/24', 50.00, 'REF2023350'),
    ('2023/04/19', 50.00, 'REF2023351'),
    ('2023/04/29', 50.00, 'REF2023352'),
    ('2023/04/29', 50.00, 'REF2023353'),
    ('2023/04/25', 50.00, 'REF2023354'),
    ('2023/04/26', 50.00, 'REF2023355'),
    ('2023/04/22', 120.00, 'REF2023356'),
    ('2023/04/29', 120.00, 'REF2023357'),
    ('2023/04/25', 120.00, 'REF2023358'),
    ('2023/04/23', 120.00, 'REF2023359'),
    ('2023/04/22', 50.00, 'REF2023360'),
    ('2023/04/23', 50.00, 'REF2023361'),
    ('2023/04/17', 50.00, 'REF2023362'),
    ('2023/04/28', 50.00, 'REF2023363'),
    ('2023/04/26', 50.00, 'REF2023364'),
    ('2023/04/19', 50.00, 'REF2023365'),
    ('2023/04/27', 50.00, 'REF2023366'),
    ('2023/04/24', 50.00, 'REF2023367'),
    ('2023/04/26', 120.00, 'REF2023368'),
    ('2023/04/21', 120.00, 'REF2023369'),
    ('2023/04/23', 120.00, 'REF2023370'),
    ('2023/04/29', 120.00, 'REF2023371'),
    ('2023/04/24', 50.00, 'REF2023372'),
    ('2023/04/29', 50.00, 'REF2023373'),
    ('2023/04/17', 50.00, 'REF2023374'),
    ('2023/04/22', 50.00, 'REF2023375'),
    ('2023/04/23', 50.00, 'REF2023376'),
    ('2023/04/25', 50.00, 'REF2023377'),
    ('2023/04/22', 50.00, 'REF2023378'),
    ('2023/04/27', 50.00, 'REF2023379'),
    ('2023/04/23', 120.00, 'REF2023380'),
    ('2023/04/29', 120.00, 'REF2023381'),
    ('2023/04/18', 120.00, 'REF2023382'),
    ('2023/04/23', 120.00, 'REF2023383'),
    ('2023/04/17', 50.00, 'REF2023384'),
    ('2023/04/19', 50.00, 'REF2023385'),
    ('2023/04/28', 50.00, 'REF2023386'),
    ('2023/04/23', 50.00, 'REF2023387'),
    ('2023/04/25', 50.00, 'REF2023388'),
    ('2023/04/28', 50.00, 'REF2023389'),
    ('2023/04/23', 50.00, 'REF2023390'),
    ('2023/04/26', 50.00, 'REF2023391'),
    ('2023/04/25', 120.00, 'REF2023392'),
    ('2023/04/17', 120.00, 'REF2023393'),
    ('2023/04/28', 120.00, 'REF2023394'),
    ('2023/04/27', 120.00, 'REF2023395'),
    ('2023/04/22', 50.00, 'REF2023396'),
    ('2023/04/19', 50.00, 'REF2023397'),
    ('2023/04/21', 50.00, 'REF2023398'),
    ('2023/04/19', 50.00, 'REF2023399'),
    ('2023/04/22', 50.00, 'REF2023400'),
    ('2023/04/28', 50.00, 'REF2023401'),
    ('2023/04/27', 50.00, 'REF2023402'),
    ('2023/04/18', 50.00, 'REF2023403'),
    ('2023/04/25', 120.00, 'REF2023404'),
    ('2023/04/26', 120.00, 'REF2023405'),
    ('2023/04/19', 120.00, 'REF2023406'),
    ('2023/04/25', 120.00, 'REF2023407'),
    ('2023/04/17', 50.00, 'REF2023408'),
    ('2023/04/21', 50.00, 'REF2023409'),
    ('2023/04/21', 50.00, 'REF2023410'),
    ('2023/04/26', 50.00, 'REF2023411'),
    ('2023/04/26', 50.00, 'REF2023412'),
    ('2023/04/28', 50.00, 'REF2023413'),
    ('2023/04/21', 50.00, 'REF2023414'),
    ('2023/04/24', 50.00, 'REF2023415'),
    ('2023/04/22', 120.00, 'REF2023416'),
    ('2023/04/26', 120.00, 'REF2023417'),
    ('2023/04/25', 120.00, 'REF2023418'),
    ('2023/04/21', 120.00, 'REF2023419'),
    ('2023/04/19', 50.00, 'REF2023420'),
    ('2023/04/24', 50.00, 'REF2023421'),
    ('2023/04/25', 50.00, 'REF2023422'),
    ('2023/04/22', 50.00, 'REF2023423'),
    ('2023/04/24', 50.00, 'REF2023424'),
    ('2023/04/25', 50.00, 'REF2023425'),
    ('2023/04/20', 50.00, 'REF2023426'),
    ('2023/04/23', 50.00, 'REF2023427'),
    ('2023/04/17', 120.00, 'REF2023428'),
    ('2023/04/20', 120.00, 'REF2023429'),
    ('2023/04/25', 120.00, 'REF2023430'),
    ('2023/04/18', 120.00, 'REF2023431'),
    ('2023/04/26', 50.00, 'REF2023432'),
    ('2023/04/24', 50.00, 'REF2023433'),
    ('2023/04/24', 50.00, 'REF2023434'),
    ('2023/04/25', 50.00, 'REF2023435'),
    ('2023/04/19', 50.00, 'REF2023436'),
    ('2023/04/29', 50.00, 'REF2023437'),
    ('2023/04/17', 50.00, 'REF2023438'),
    ('2023/04/21', 50.00, 'REF2023439'),
    ('2023/04/20', 120.00, 'REF2023440'),
    ('2023/04/21', 120.00, 'REF2023441'),
    ('2023/04/28', 120.00, 'REF2023442'),
    ('2023/04/19', 120.00, 'REF2023443'),
    ('2023/04/29', 50.00, 'REF2023444'),
    ('2023/04/27', 50.00, 'REF2023445'),
    ('2023/04/29', 50.00, 'REF2023446'),
    ('2023/04/27', 50.00, 'REF2023447'),
    ('2023/04/19', 50.00, 'REF2023448'),
    ('2023/04/29', 50.00, 'REF2023449'),
    ('2023/04/21', 50.00, 'REF2023450'),
    ('2023/04/26', 50.00, 'REF2023451'),
    ('2023/04/26', 120.00, 'REF2023452'),
    ('2023/04/24', 120.00, 'REF2023453'),
    ('2023/04/24', 120.00, 'REF2023454'),
    ('2023/04/29', 120.00, 'REF2023455'),
    ('2023/04/18', 50.00, 'REF2023456'),
    ('2023/04/29', 50.00, 'REF2023457'),
    ('2023/04/20', 50.00, 'REF2023458'),
    ('2023/04/22', 50.00, 'REF2023459'),
    ('2023/04/22', 50.00, 'REF2023460'),
    ('2023/04/19', 50.00, 'REF2023461'),
    ('2023/04/19', 50.00, 'REF2023462'),
    ('2023/04/25', 50.00, 'REF2023463'),
    ('2023/04/17', 120.00, 'REF2023464'),
    ('2023/04/19', 120.00, 'REF2023465'),
    ('2023/04/26', 120.00, 'REF2023466'),
    ('2023/04/22', 120.00, 'REF2023467'),
    ('2023/04/20', 50.00, 'REF2023468'),
    ('2023/04/18', 50.00, 'REF2023469'),
    ('2023/04/21', 50.00, 'REF2023470'),
    ('2023/04/19', 50.00, 'REF2023471'),
    ('2023/04/22', 50.00, 'REF2023472'),
    ('2023/04/25', 50.00, 'REF2023473'),
    ('2023/04/23', 50.00, 'REF2023474'),
    ('2023/04/22', 50.00, 'REF2023475'),
    ('2023/04/29', 120.00, 'REF2023476'),
    ('2023/04/21', 120.00, 'REF2023477'),
    ('2023/04/22', 120.00, 'REF2023478'),
    ('2023/04/26', 120.00, 'REF2023479'),
    ('2023/04/24', 50.00, 'REF2023480'),
    ('2023/08/29', 50.00, 'REF2023481'),
    ('2023/08/24', 50.00, 'REF2023482'),
    ('2023/08/26', 50.00, 'REF2023483'),
    ('2023/08/25', 50.00, 'REF2023484'),
    ('2023/08/19', 50.00, 'REF2023485'),
    ('2023/08/30', 50.00, 'REF2023486'),
    ('2023/08/26', 50.00, 'REF2023487'),
    ('2023/08/18', 120.00, 'REF2023488'),
    ('2023/08/29', 120.00, 'REF2023489'),
    ('2023/08/20', 120.00, 'REF2023490'),
    ('2023/08/18', 120.00, 'REF2023491'),
    ('2023/08/21', 50.00, 'REF2023492'),
    ('2023/08/28', 50.00, 'REF2023493'),
    ('2023/08/28', 50.00, 'REF2023494'),
    ('2023/08/25', 50.00, 'REF2023495'),
    ('2023/08/28', 50.00, 'REF2023496'),
    ('2023/08/27', 50.00, 'REF2023497'),
    ('2023/08/18', 50.00, 'REF2023498'),
    ('2023/08/23', 50.00, 'REF2023499'),
    ('2023/08/21', 120.00, 'REF2023500'),
    ('2023/08/19', 120.00, 'REF2023501'),
    ('2023/08/28', 120.00, 'REF2023502'),
    ('2023/08/26', 120.00, 'REF2023503'),
    ('2023/08/27', 50.00, 'REF2023504'),
    ('2023/08/19', 50.00, 'REF2023505'),
    ('2023/08/18', 50.00, 'REF2023506'),
    ('2023/08/30', 50.00, 'REF2023507'),
    ('2023/08/28', 50.00, 'REF2023508'),
    ('2023/08/27', 50.00, 'REF2023509'),
    ('2023/08/25', 50.00, 'REF2023510'),
    ('2023/08/23', 50.00, 'REF2023511'),
    ('2023/08/20', 120.00, 'REF2023512'),
    ('2023/08/25', 120.00, 'REF2023513'),
    ('2023/08/24', 120.00, 'REF2023514'),
    ('2023/08/18', 120.00, 'REF2023515'),
    ('2023/08/29', 50.00, 'REF2023516'),
    ('2023/08/18', 50.00, 'REF2023517'),
    ('2023/08/26', 50.00, 'REF2023518'),
    ('2023/08/26', 50.00, 'REF2023519'),
    ('2023/08/26', 50.00, 'REF2023520'),
    ('2023/08/25', 50.00, 'REF2023521'),
    ('2023/08/18', 50.00, 'REF2023522'),
    ('2023/08/20', 50.00, 'REF2023523'),
    ('2023/08/21', 120.00, 'REF2023524'),
    ('2023/08/26', 120.00, 'REF2023525'),
    ('2023/08/26', 120.00, 'REF2023526'),
    ('2023/08/30', 120.00, 'REF2023527'),
    ('2023/08/20', 50.00, 'REF2023528'),
    ('2023/08/25', 50.00, 'REF2023529'),
    ('2023/08/27', 50.00, 'REF2023530'),
    ('2023/08/28', 50.00, 'REF2023531'),
    ('2023/08/19', 50.00, 'REF2023532'),
    ('2023/08/24', 50.00, 'REF2023533'),
    ('2023/08/22', 50.00, 'REF2023534'),
    ('2023/08/29', 50.00, 'REF2023535'),
    ('2023/08/29', 120.00, 'REF2023536'),
    ('2023/08/26', 120.00, 'REF2023537'),
    ('2023/08/24', 120.00, 'REF2023538'),
    ('2023/08/28', 120.00, 'REF2023539'),
    ('2023/08/24', 50.00, 'REF2023540'),
    ('2023/08/23', 50.00, 'REF2023541'),
    ('2023/08/28', 50.00, 'REF2023542'),
    ('2023/08/30', 50.00, 'REF2023543'),
    ('2023/08/20', 50.00, 'REF2023544'),
    ('2023/08/30', 50.00, 'REF2023545'),
    ('2023/08/24', 50.00, 'REF2023546'),
    ('2023/08/19', 50.00, 'REF2023547'),
    ('2023/08/24', 120.00, 'REF2023548'),
    ('2023/08/21', 120.00, 'REF2023549'),
    ('2023/08/19', 120.00, 'REF2023550'),
    ('2023/08/25', 120.00, 'REF2023551'),
    ('2023/08/28', 50.00, 'REF2023552'),
    ('2023/08/23', 50.00, 'REF2023553'),
    ('2023/08/25', 50.00, 'REF2023554'),
    ('2023/08/19', 50.00, 'REF2023555'),
    ('2023/08/28', 50.00, 'REF2023556'),
    ('2023/08/30', 50.00, 'REF2023557'),
    ('2023/08/20', 50.00, 'REF2023558'),
    ('2023/08/28', 50.00, 'REF2023559'),
    ('2023/08/28', 120.00, 'REF2023560'),
    ('2023/08/22', 120.00, 'REF2023561'),
    ('2023/08/18', 120.00, 'REF2023562'),
    ('2023/08/20', 120.00, 'REF2023563'),
    ('2023/08/23', 50.00, 'REF2023564'),
    ('2023/08/22', 50.00, 'REF2023565'),
    ('2023/08/24', 50.00, 'REF2023566'),
    ('2023/08/30', 50.00, 'REF2023567'),
    ('2023/08/27', 50.00, 'REF2023568'),
    ('2023/08/24', 50.00, 'REF2023569'),
    ('2023/08/22', 50.00, 'REF2023570'),
    ('2023/08/21', 50.00, 'REF2023571'),
    ('2023/08/18', 120.00, 'REF2023572'),
    ('2023/08/30', 120.00, 'REF2023573'),
    ('2023/08/20', 120.00, 'REF2023574'),
    ('2023/08/20', 120.00, 'REF2023575'),
    ('2023/08/19', 50.00, 'REF2023576'),
    ('2023/08/23', 50.00, 'REF2023577'),
    ('2023/08/25', 50.00, 'REF2023578'),
    ('2023/08/21', 50.00, 'REF2023579'),
    ('2023/08/24', 50.00, 'REF2023580'),
    ('2023/08/26', 50.00, 'REF2023581'),
    ('2023/08/18', 50.00, 'REF2023582'),
    ('2023/08/19', 50.00, 'REF2023583'),
    ('2023/08/30', 120.00, 'REF2023584'),
    ('2023/08/23', 120.00, 'REF2023585'),
    ('2023/08/23', 120.00, 'REF2023586'),
    ('2023/08/23', 120.00, 'REF2023587'),
    ('2023/08/29', 50.00, 'REF2023588'),
    ('2023/08/27', 50.00, 'REF2023589'),
    ('2023/08/26', 50.00, 'REF2023590'),
    ('2023/08/24', 50.00, 'REF2023591'),
    ('2023/08/20', 50.00, 'REF2023592'),
    ('2023/08/24', 50.00, 'REF2023593'),
    ('2023/08/20', 50.00, 'REF2023594'),
    ('2023/08/20', 50.00, 'REF2023595'),
    ('2023/08/23', 120.00, 'REF2023596'),
    ('2023/08/28', 120.00, 'REF2023597'),
    ('2023/08/18', 120.00, 'REF2023598'),
    ('2023/08/27', 120.00, 'REF2023599'),
    ('2023/08/18', 50.00, 'REF2023600'),
    ('2023/08/28', 50.00, 'REF2023601'),
    ('2023/08/18', 50.00, 'REF2023602'),
    ('2023/08/29', 50.00, 'REF2023603'),
    ('2023/08/30', 50.00, 'REF2023604'),
    ('2023/08/24', 50.00, 'REF2023605'),
    ('2023/08/29', 50.00, 'REF2023606'),
    ('2023/08/27', 50.00, 'REF2023607'),
    ('2023/08/23', 120.00, 'REF2023608'),
    ('2023/08/21', 120.00, 'REF2023609'),
    ('2023/08/28', 120.00, 'REF2023610'),
    ('2023/08/28', 120.00, 'REF2023611'),
    ('2023/08/25', 50.00, 'REF2023612'),
    ('2023/08/18', 50.00, 'REF2023613'),
    ('2023/08/22', 50.00, 'REF2023614'),
    ('2023/08/18', 50.00, 'REF2023615'),
    ('2023/08/27', 50.00, 'REF2023616'),
    ('2023/08/26', 50.00, 'REF2023617'),
    ('2023/08/19', 50.00, 'REF2023618'),
    ('2023/08/24', 50.00, 'REF2023619'),
    ('2023/08/21', 120.00, 'REF2023620'),
    ('2023/08/24', 120.00, 'REF2023621'),
    ('2023/08/22', 120.00, 'REF2023622'),
    ('2023/08/21', 120.00, 'REF2023623'),
    ('2023/08/20', 50.00, 'REF2023624'),
    ('2023/08/26', 50.00, 'REF2023625'),
    ('2023/08/26', 50.00, 'REF2023626'),
    ('2023/08/18', 50.00, 'REF2023627'),
    ('2023/08/21', 50.00, 'REF2023628'),
    ('2023/08/29', 50.00, 'REF2023629'),
    ('2023/08/23', 50.00, 'REF2023630'),
    ('2023/08/19', 50.00, 'REF2023631'),
    ('2023/08/27', 120.00, 'REF2023632'),
    ('2023/08/24', 120.00, 'REF2023633'),
    ('2023/08/25', 120.00, 'REF2023634'),
    ('2023/08/29', 120.00, 'REF2023635'),
    ('2023/08/29', 50.00, 'REF2023636'),
    ('2023/08/24', 50.00, 'REF2023637'),
    ('2023/08/28', 50.00, 'REF2023638'),
    ('2023/08/28', 50.00, 'REF2023639'),
    ('2023/08/30', 50.00, 'REF2023640'),
    ('2023/08/24', 50.00, 'REF2023641'),
    ('2023/08/25', 50.00, 'REF2023642'),
    ('2023/08/29', 50.00, 'REF2023643'),
    ('2023/08/29', 120.00, 'REF2023644'),
    ('2023/08/29', 120.00, 'REF2023645'),
    ('2023/08/22', 120.00, 'REF2023646'),
    ('2023/08/30', 120.00, 'REF2023647'),
    ('2023/08/23', 50.00, 'REF2023648'),
    ('2023/08/19', 50.00, 'REF2023649'),
    ('2023/08/25', 50.00, 'REF2023650'),
    ('2023/08/24', 50.00, 'REF2023651'),
    ('2023/08/19', 50.00, 'REF2023652'),
    ('2023/08/26', 50.00, 'REF2023653'),
    ('2023/08/20', 50.00, 'REF2023654'),
    ('2023/08/23', 50.00, 'REF2023655'),
    ('2023/08/20', 120.00, 'REF2023656'),
    ('2023/08/20', 120.00, 'REF2023657'),
    ('2023/08/29', 120.00, 'REF2023658'),
    ('2023/08/18', 120.00, 'REF2023659'),
    ('2023/08/23', 50.00, 'REF2023660'),
    ('2023/08/21', 50.00, 'REF2023661'),
    ('2023/08/29', 50.00, 'REF2023662'),
    ('2023/08/29', 50.00, 'REF2023663'),
    ('2023/08/18', 50.00, 'REF2023664'),
    ('2023/08/18', 50.00, 'REF2023665'),
    ('2023/08/20', 50.00, 'REF2023666'),
    ('2023/08/24', 50.00, 'REF2023667'),
    ('2023/08/29', 120.00, 'REF2023668'),
    ('2023/08/22', 120.00, 'REF2023669'),
    ('2023/08/18', 120.00, 'REF2023670'),
    ('2023/08/21', 120.00, 'REF2023671'),
    ('2023/08/25', 50.00, 'REF2023672'),
    ('2023/08/28', 50.00, 'REF2023673'),
    ('2023/08/22', 50.00, 'REF2023674'),
    ('2023/08/27', 50.00, 'REF2023675'),
    ('2023/08/26', 50.00, 'REF2023676'),
    ('2023/08/24', 50.00, 'REF2023677'),
    ('2023/08/24', 50.00, 'REF2023678'),
    ('2023/08/23', 50.00, 'REF2023679'),
    ('2023/08/27', 120.00, 'REF2023680'),
    ('2023/08/23', 120.00, 'REF2023681'),
    ('2023/08/28', 120.00, 'REF2023682'),
    ('2023/08/26', 120.00, 'REF2023683'),
    ('2023/08/27', 50.00, 'REF2023684'),
    ('2023/08/22', 50.00, 'REF2023685'),
    ('2023/08/26', 50.00, 'REF2023686'),
    ('2023/08/22', 50.00, 'REF2023687'),
    ('2023/08/24', 50.00, 'REF2023688'),
    ('2023/08/18', 50.00, 'REF2023689'),
    ('2023/08/28', 50.00, 'REF2023690'),
    ('2023/08/26', 50.00, 'REF2023691'),
    ('2023/08/30', 120.00, 'REF2023692'),
    ('2023/08/23', 120.00, 'REF2023693'),
    ('2023/08/18', 120.00, 'REF2023694'),
    ('2023/08/29', 120.00, 'REF2023695'),
    ('2023/08/27', 50.00, 'REF2023696'),
    ('2023/08/20', 50.00, 'REF2023697'),
    ('2023/08/24', 50.00, 'REF2023698'),
    ('2023/08/26', 50.00, 'REF2023699'),
    ('2023/08/30', 50.00, 'REF2023700'),
    ('2023/08/21', 50.00, 'REF2023701'),
    ('2023/08/25', 50.00, 'REF2023702'),
    ('2023/08/27', 50.00, 'REF2023703'),
    ('2023/08/22', 120.00, 'REF2023704'),
    ('2023/08/23', 120.00, 'REF2023705'),
    ('2023/08/24', 120.00, 'REF2023706'),
    ('2023/08/24', 120.00, 'REF2023707'),
    ('2023/08/30', 50.00, 'REF2023708'),
    ('2023/08/23', 50.00, 'REF2023709'),
    ('2023/08/18', 50.00, 'REF2023710'),
    ('2023/08/26', 50.00, 'REF2023711'),
    ('2023/08/28', 50.00, 'REF2023712'),
    ('2023/08/24', 50.00, 'REF2023713'),
    ('2023/08/26', 50.00, 'REF2023714'),
    ('2023/08/19', 50.00, 'REF2023715'),
    ('2023/08/22', 120.00, 'REF2023716'),
    ('2023/08/23', 120.00, 'REF2023717'),
    ('2023/08/22', 120.00, 'REF2023718'),
    ('2023/08/24', 120.00, 'REF2023719');

-- -------------------------------------------------------------------------- --