/*
 Navicat Premium Data Transfer

 Source Server         : MySQL Local
 Source Server Type    : MySQL
 Source Server Version : 100139
 Source Host           : localhost:3306
 Source Schema         : corma

 Target Server Type    : MySQL
 Target Server Version : 100139
 File Encoding         : 65001

 Date: 22/05/2019 06:10:35
*/

SET NAMES utf8mb4;
SET FOREIGN_KEY_CHECKS = 0;

-- ----------------------------
-- Table structure for blog
-- ----------------------------
DROP TABLE IF EXISTS `blog`;
CREATE TABLE `blog`  (
  `id` int(4) NOT NULL AUTO_INCREMENT,
  `gambar` varchar(255) CHARACTER SET latin1 COLLATE latin1_swedish_ci NOT NULL,
  `judul` varchar(255) CHARACTER SET latin1 COLLATE latin1_swedish_ci NOT NULL,
  `preview` text CHARACTER SET latin1 COLLATE latin1_swedish_ci NOT NULL,
  `isi` longblob NULL,
  `keterangan` text CHARACTER SET latin1 COLLATE latin1_swedish_ci NULL,
  `is_active` varchar(1) CHARACTER SET latin1 COLLATE latin1_swedish_ci NULL DEFAULT '0',
  `tanggal` date NULL DEFAULT NULL,
  `cuid` int(4) NULL DEFAULT NULL,
  `cdate` datetime(0) NULL DEFAULT NULL,
  `muid` int(4) NULL DEFAULT NULL,
  `mdate` datetime(0) NULL DEFAULT NULL,
  PRIMARY KEY (`id`) USING BTREE
) ENGINE = MyISAM AUTO_INCREMENT = 10 CHARACTER SET = latin1 COLLATE = latin1_swedish_ci ROW_FORMAT = Dynamic;

-- ----------------------------
-- Records of blog
-- ----------------------------
INSERT INTO `blog` VALUES (1, 'blog1.png', 'Judul 1', '', 0x46616A6172206D616E746170206D656E696E6767616C6B616E20416365682C206C616C752068696A726168206B652054616E6168204A6177612064616E206D656E656D7075682070656E646964696B616E20646920534D502044542E2046616A6172206D656E67616B7520696E67696E206D656E6A61646920757374617A2073656A616B20756D757220656D70617420746168756E2C206B6172656E6120746572746172696B2064656E67616E20636572616D61686E7961204B482E20416264756C6C61682047796D6E617374696172202841612047796D292E, '', '1', '2019-05-15', 1, '2015-08-16 14:52:29', NULL, NULL);
INSERT INTO `blog` VALUES (2, 'blog2.png', 'Judul 2', '', 0x496E746920646172692073656D7561206B6567696174616E20697475206164616C6168206B6172616B746572204261696B2064616E204B756174202842414B55292C206D656D627561742073616E747269206D656E6A6164692074616E676775682C20746964616B2063656E67656E672C206B61746120446564656E204D75686964696E2C206B657475612050616E69746961204D41544142412E, '', '1', '2019-05-15', 1, '2015-08-16 14:53:46', NULL, NULL);
INSERT INTO `blog` VALUES (8, 'blog_2019.05.17-09.16.37-.png', '1', '2', 0x3C703E333C2F703E, '4', '0', '2019-05-17', 1, '2019-05-17 14:16:37', NULL, NULL);

-- ----------------------------
-- Table structure for kontak
-- ----------------------------
DROP TABLE IF EXISTS `kontak`;
CREATE TABLE `kontak`  (
  `id` int(4) NOT NULL AUTO_INCREMENT,
  `name` varchar(255) CHARACTER SET latin1 COLLATE latin1_swedish_ci NOT NULL,
  `email` varchar(255) CHARACTER SET latin1 COLLATE latin1_swedish_ci NOT NULL,
  `subject` varchar(255) CHARACTER SET latin1 COLLATE latin1_swedish_ci NOT NULL,
  `message` text CHARACTER SET latin1 COLLATE latin1_swedish_ci NULL,
  `cuid` int(4) NULL DEFAULT NULL,
  `cdate` datetime(0) NULL DEFAULT NULL,
  PRIMARY KEY (`id`) USING BTREE
) ENGINE = MyISAM AUTO_INCREMENT = 2 CHARACTER SET = latin1 COLLATE = latin1_swedish_ci ROW_FORMAT = Dynamic;

-- ----------------------------
-- Records of kontak
-- ----------------------------
INSERT INTO `kontak` VALUES (1, 'Gelar Aditya Pratama', 'akatgelar@gmail.com', 'subjek', 'message', 0, '2019-05-22 05:53:04');

-- ----------------------------
-- Table structure for paket
-- ----------------------------
DROP TABLE IF EXISTS `paket`;
CREATE TABLE `paket`  (
  `id` int(4) NOT NULL AUTO_INCREMENT,
  `gambar` varchar(255) CHARACTER SET latin1 COLLATE latin1_swedish_ci NOT NULL,
  `judul` varchar(255) CHARACTER SET latin1 COLLATE latin1_swedish_ci NOT NULL,
  `nama` varchar(255) CHARACTER SET latin1 COLLATE latin1_swedish_ci NULL DEFAULT NULL,
  `tanggal` varchar(255) CHARACTER SET latin1 COLLATE latin1_swedish_ci NULL DEFAULT NULL,
  `preview` text CHARACTER SET latin1 COLLATE latin1_swedish_ci NOT NULL,
  `isi` longblob NULL,
  `keterangan` text CHARACTER SET latin1 COLLATE latin1_swedish_ci NULL,
  `is_active` varchar(1) CHARACTER SET latin1 COLLATE latin1_swedish_ci NULL DEFAULT '0',
  `cuid` int(4) NULL DEFAULT NULL,
  `cdate` datetime(0) NULL DEFAULT NULL,
  `muid` int(4) NULL DEFAULT NULL,
  `mdate` datetime(0) NULL DEFAULT NULL,
  PRIMARY KEY (`id`) USING BTREE
) ENGINE = MyISAM AUTO_INCREMENT = 9 CHARACTER SET = latin1 COLLATE = latin1_swedish_ci ROW_FORMAT = Dynamic;

-- ----------------------------
-- Records of paket
-- ----------------------------
INSERT INTO `paket` VALUES (1, 'paket1.png', 'UMROH REGULER', 'Umroh Januari', '11-25 Januari 2019', 'Sahabat dalam sebuah perjalanan yang bermakna dalam hidup Anda.', 0x3C703E0D0A20202020202020202020202020202020202020203C7370616E207374796C653D2270616464696E673A3770783B20626F726465723A2033707820736F6C69642077686974653B20666F6E742D7765696768743A626F6C643B20636F6C6F723A2077686974653B223E0D0A202020202020202020202020202020202020202048616E7961203A20312E3530302024202F205061782051756F642032322C35204A7574613C62723E0D0A2020202020202020202020202020202020202020286B757273203A2031352E3030302920506C7573204269617961204C6F6B616C20312C35206A7574612073616A610D0A20202020202020202020202020202020202020203C2F7370616E3E0D0A202020202020202020202020202020203C2F703E0D0A202020202020202020202020202020203C62723E0D0A202020202020202020202020202020203C6835207374796C653D22636F6C6F723A77686974653B223E3C623E466173696C697461733C2F623E3C2F68353E0D0A202020202020202020202020202020203C70207374796C653D22636F6C6F723A77686974653B223E50657361776174203A2045544948414420285472616E73697420416275204468616269293C2F703E0D0A202020202020202020202020202020203C62723E0D0A202020202020202020202020202020203C6835207374796C653D22636F6C6F723A77686974653B223E3C623E486F74656C20536574617261662A2A2A2A3C2F623E3C2F68353E0D0A20202020202020202020202020202020203C70207374796C653D22636F6C6F723A77686974653B223E4D6164696E6168203A2045696D616E20416C204D616E61723C62723E4D656B6168203A20456C61662042616B6B61683C2F703E0D0A202020202020202020202020202020203C62723E0D0A20202020202020202020202020202020203C6835207374796C653D22636F6C6F723A77686974653B223E3C623E4B65746572616E67616E3C2F623E3C2F68353E0D0A2020202020202020202020202020202020203C70207374796C653D22636F6C6F723A77686974653B223E48617267612064696174617320756E74756B2051756F64202F2073656B616D6172206265722D343C62723E0D0A2020202020202020202020202020202048617267612073656B616D6172206265722D33206D656E616D62616820373520242F5061783C62723E0D0A2020202020202020202020202020202048617267612073656B616D6172206265722D32206D656E616D6261682031353020242F5061783C62723E0D0A202020202020202020202020202020204861726761206469206C75617220626961796120566973612050726F6772657369662032303030205341523C2F703E, NULL, '1', 1, '2019-05-15 14:52:29', NULL, NULL);
INSERT INTO `paket` VALUES (2, 'paket2.png', 'UMROH PLUS', 'Umroh Januari', '11-25 Januari 2019', 'Lengkapi pengalaman Umroh Anda dengan menelusuri jejak peninggalan kejayaan Islam di masa lampau.', 0x3C703E0D0A20202020202020202020202020202020202020203C7370616E207374796C653D2270616464696E673A3770783B20626F726465723A2033707820736F6C69642077686974653B20666F6E742D7765696768743A626F6C643B20636F6C6F723A2077686974653B223E0D0A202020202020202020202020202020202020202048616E7961203A20312E3530302024202F205061782051756F642032322C35204A7574613C62723E0D0A2020202020202020202020202020202020202020286B757273203A2031352E3030302920506C7573204269617961204C6F6B616C20312C35206A7574612073616A610D0A20202020202020202020202020202020202020203C2F7370616E3E0D0A202020202020202020202020202020203C2F703E0D0A202020202020202020202020202020203C62723E0D0A202020202020202020202020202020203C6835207374796C653D22636F6C6F723A77686974653B223E3C623E466173696C697461733C2F623E3C2F68353E0D0A202020202020202020202020202020203C70207374796C653D22636F6C6F723A77686974653B223E50657361776174203A2045544948414420285472616E73697420416275204468616269293C2F703E0D0A202020202020202020202020202020203C62723E0D0A202020202020202020202020202020203C6835207374796C653D22636F6C6F723A77686974653B223E3C623E486F74656C20536574617261662A2A2A2A3C2F623E3C2F68353E0D0A20202020202020202020202020202020203C70207374796C653D22636F6C6F723A77686974653B223E4D6164696E6168203A2045696D616E20416C204D616E61723C62723E4D656B6168203A20456C61662042616B6B61683C2F703E0D0A202020202020202020202020202020203C62723E0D0A20202020202020202020202020202020203C6835207374796C653D22636F6C6F723A77686974653B223E3C623E4B65746572616E67616E3C2F623E3C2F68353E0D0A2020202020202020202020202020202020203C70207374796C653D22636F6C6F723A77686974653B223E48617267612064696174617320756E74756B2051756F64202F2073656B616D6172206265722D343C62723E0D0A2020202020202020202020202020202048617267612073656B616D6172206265722D33206D656E616D62616820373520242F5061783C62723E0D0A2020202020202020202020202020202048617267612073656B616D6172206265722D32206D656E616D6261682031353020242F5061783C62723E0D0A202020202020202020202020202020204861726761206469206C75617220626961796120566973612050726F6772657369662032303030205341523C2F703E, NULL, '1', 1, '2019-05-15 14:52:29', NULL, NULL);

-- ----------------------------
-- Table structure for pembimbing
-- ----------------------------
DROP TABLE IF EXISTS `pembimbing`;
CREATE TABLE `pembimbing`  (
  `id` int(4) NOT NULL AUTO_INCREMENT,
  `gambar` varchar(255) CHARACTER SET latin1 COLLATE latin1_swedish_ci NOT NULL,
  `judul` varchar(255) CHARACTER SET latin1 COLLATE latin1_swedish_ci NOT NULL,
  `isi` longblob NULL,
  `keterangan` text CHARACTER SET latin1 COLLATE latin1_swedish_ci NULL,
  `instagram` varchar(255) CHARACTER SET latin1 COLLATE latin1_swedish_ci NULL DEFAULT NULL,
  `facebook` varchar(255) CHARACTER SET latin1 COLLATE latin1_swedish_ci NULL DEFAULT NULL,
  `twitter` varchar(255) CHARACTER SET latin1 COLLATE latin1_swedish_ci NULL DEFAULT NULL,
  `is_active` varchar(1) CHARACTER SET latin1 COLLATE latin1_swedish_ci NULL DEFAULT '0',
  `cuid` int(4) NULL DEFAULT NULL,
  `cdate` datetime(0) NULL DEFAULT NULL,
  `muid` int(4) NULL DEFAULT NULL,
  `mdate` datetime(0) NULL DEFAULT NULL,
  PRIMARY KEY (`id`) USING BTREE
) ENGINE = MyISAM AUTO_INCREMENT = 10 CHARACTER SET = latin1 COLLATE = latin1_swedish_ci ROW_FORMAT = Dynamic;

-- ----------------------------
-- Records of pembimbing
-- ----------------------------
INSERT INTO `pembimbing` VALUES (1, 'ustadz1.png', 'Ust. Lukman', 0x4C6F72656D20697073756D20646F6C6F722073697420616D65742C20636F6E73656374657475722061646970697363696E6720656C69742C2073656420646F20656975736D6F642074656D706F7220696E6369646964756E74207574206C61626F726520657420646F6C6F7265206D61676E6120616C697175612E20557420656E696D206164206D696E696D2076656E69616D2C2071756973206E6F737472756420657865726369746174696F6E20756C6C616D636F206C61626F726973206E69736920757420616C697175697020657820656120636F6D6D6F646F20636F6E7365717561742E2044756973206175746520697275726520646F6C6F7220696E20726570726568656E646572697420696E20766F6C7570746174652076656C697420657373652063696C6C756D20646F6C6F726520657520667567696174206E756C6C612070617269617475722E204578636570746575722073696E74206F6363616563617420637570696461746174206E6F6E2070726F6964656E742C2073756E7420696E2063756C706120717569206F666669636961206465736572756E74206D6F6C6C697420616E696D20696420657374206C61626F72756D2E, ' ', ' ', ' ', ' ', '1', 1, '2019-05-20 14:52:29', NULL, NULL);
INSERT INTO `pembimbing` VALUES (2, 'ustadz2.png', 'Ust. Abduloh', 0x4C6F72656D20697073756D20646F6C6F722073697420616D65742C20636F6E73656374657475722061646970697363696E6720656C69742C2073656420646F20656975736D6F642074656D706F7220696E6369646964756E74207574206C61626F726520657420646F6C6F7265206D61676E6120616C697175612E20557420656E696D206164206D696E696D2076656E69616D2C2071756973206E6F737472756420657865726369746174696F6E20756C6C616D636F206C61626F726973206E69736920757420616C697175697020657820656120636F6D6D6F646F20636F6E7365717561742E2044756973206175746520697275726520646F6C6F7220696E20726570726568656E646572697420696E20766F6C7570746174652076656C697420657373652063696C6C756D20646F6C6F726520657520667567696174206E756C6C612070617269617475722E204578636570746575722073696E74206F6363616563617420637570696461746174206E6F6E2070726F6964656E742C2073756E7420696E2063756C706120717569206F666669636961206465736572756E74206D6F6C6C697420616E696D20696420657374206C61626F72756D2E, ' ', ' ', ' ', ' ', '1', 1, '2019-05-20 14:52:29', NULL, NULL);
INSERT INTO `pembimbing` VALUES (3, 'yakub.png', 'Ust. Yakub', 0x4C6F72656D20697073756D20646F6C6F722073697420616D65742C20636F6E73656374657475722061646970697363696E6720656C69742C2073656420646F20656975736D6F642074656D706F7220696E6369646964756E74207574206C61626F726520657420646F6C6F7265206D61676E6120616C697175612E20557420656E696D206164206D696E696D2076656E69616D2C2071756973206E6F737472756420657865726369746174696F6E20756C6C616D636F206C61626F726973206E69736920757420616C697175697020657820656120636F6D6D6F646F20636F6E7365717561742E2044756973206175746520697275726520646F6C6F7220696E20726570726568656E646572697420696E20766F6C7570746174652076656C697420657373652063696C6C756D20646F6C6F726520657520667567696174206E756C6C612070617269617475722E204578636570746575722073696E74206F6363616563617420637570696461746174206E6F6E2070726F6964656E742C2073756E7420696E2063756C706120717569206F666669636961206465736572756E74206D6F6C6C697420616E696D20696420657374206C61626F72756D2E, ' ', ' ', ' ', ' ', '1', 1, '2019-05-20 14:52:29', 1, '2019-05-17 13:01:58');

-- ----------------------------
-- Table structure for setting
-- ----------------------------
DROP TABLE IF EXISTS `setting`;
CREATE TABLE `setting`  (
  `id` smallint(4) NOT NULL AUTO_INCREMENT,
  `kode` varchar(255) CHARACTER SET latin1 COLLATE latin1_swedish_ci NOT NULL,
  `value` text CHARACTER SET latin1 COLLATE latin1_swedish_ci NOT NULL,
  `keterangan` text CHARACTER SET latin1 COLLATE latin1_swedish_ci NULL,
  `post_date` datetime(0) NULL DEFAULT NULL,
  `cuid` smallint(4) NULL DEFAULT NULL,
  `cdate` datetime(0) NULL DEFAULT NULL,
  `muid` smallint(4) NULL DEFAULT NULL,
  `mdate` datetime(0) NULL DEFAULT NULL,
  PRIMARY KEY (`id`, `kode`) USING BTREE
) ENGINE = MyISAM AUTO_INCREMENT = 26 CHARACTER SET = latin1 COLLATE = latin1_swedish_ci ROW_FORMAT = Dynamic;

-- ----------------------------
-- Records of setting
-- ----------------------------
INSERT INTO `setting` VALUES (10, 'title', 'CORMA TOUR', '', '2019-05-15 09:18:09', 1, '2019-05-15 09:18:09', NULL, NULL);
INSERT INTO `setting` VALUES (11, 'nama', '<b>PT. CAHAYA CORDOBA UTAMA</b> (PPIU No. 145 / 2017)', '', '2019-05-15 09:18:09', 1, '2019-05-15 09:18:09', NULL, NULL);
INSERT INTO `setting` VALUES (12, 'notelp', '(022) 8724 2695', '', '2019-05-15 09:18:09', 1, '2019-05-15 09:18:09', NULL, NULL);
INSERT INTO `setting` VALUES (15, 'email', 'cordobautama@yahoo.com', '', '2019-05-15 09:18:09', 1, '2019-05-15 09:18:09', NULL, NULL);
INSERT INTO `setting` VALUES (16, 'instagram', 'umrohcorma', '', '2019-05-15 09:18:09', 1, '2019-05-15 09:18:09', NULL, NULL);
INSERT INTO `setting` VALUES (17, 'alamat', 'PHH Mustofa No. 39 Bandung Komplek Surapaticore    Anggrek Boulevard No. 35', '', '2019-05-15 09:18:09', 1, '2019-05-15 09:18:09', NULL, '2019-05-18 09:05:27');
INSERT INTO `setting` VALUES (18, 'web', 'http://cormatour.com', '', '2019-05-15 09:18:09', 1, '2019-05-15 09:18:09', NULL, NULL);
INSERT INTO `setting` VALUES (19, 'copyright', '© Cahaya Cordoba Utama 2018', '', '2019-05-15 09:18:09', 1, '2019-05-15 09:18:09', NULL, NULL);
INSERT INTO `setting` VALUES (20, 'map', 'https://www.google.com/maps/embed?pb=!1m18!1m12!1m3!1d3960.920660869674!2d107.65057131412559!3d-6.900091995014161!2m3!1f0!2f0!3f0!3m2!1i1024!2i768!4f13.1!3m3!1m2!1s0x2e68e79141d91247%3A0x2a23844b7fc32a75!2sPT+Cahaya+Cordoba+Utama+(CORMA+UMROH)!5e0!3m2!1sen!2sid!4v1543909121706', '', '2019-05-15 09:18:09', 1, '2019-05-15 09:18:09', NULL, NULL);
INSERT INTO `setting` VALUES (21, 'deskripsi_paket_umroh', 'Lorem ipsum dolor sit amet, consectetuer adipiscing elit, sed diam nonummy nibh euismod.', '', '2019-05-15 09:18:09', 1, '2019-05-15 09:18:09', NULL, NULL);
INSERT INTO `setting` VALUES (22, 'deskripsi_profil_pembimbing', 'Lorem ipsum dolor sit amet, consectetuer adipiscing elit, sed diam nonummy nibh euismod.', '', '2019-05-15 09:18:09', 1, '2019-05-15 09:18:09', NULL, NULL);
INSERT INTO `setting` VALUES (23, 'deskripsi_halal_tour', 'Lorem ipsum dolor sit amet, consectetuer adipiscing elit, sed diam nonummy nibh euismod.', '', '2019-05-15 09:18:09', 1, '2019-05-15 09:18:09', NULL, NULL);
INSERT INTO `setting` VALUES (24, 'deskripsi_blog', 'Lorem ipsum dolor sit amet, consectetuer adipiscing elit, sed diam nonummy nibh euismod.', '', '2019-05-15 09:18:09', 1, '2019-05-15 09:18:09', NULL, NULL);
INSERT INTO `setting` VALUES (25, 'deskripsi_instagram', 'Lorem ipsum dolor sit amet, consectetuer adipiscing elit, sed diam nonummy nibh euismod.', '', '2019-05-15 09:18:09', 1, '2019-05-15 09:18:09', NULL, NULL);

-- ----------------------------
-- Table structure for slider
-- ----------------------------
DROP TABLE IF EXISTS `slider`;
CREATE TABLE `slider`  (
  `id` int(4) NOT NULL AUTO_INCREMENT,
  `gambar` varchar(255) CHARACTER SET latin1 COLLATE latin1_swedish_ci NOT NULL,
  `judul` varchar(255) CHARACTER SET latin1 COLLATE latin1_swedish_ci NOT NULL,
  `preview` text CHARACTER SET latin1 COLLATE latin1_swedish_ci NOT NULL,
  `keterangan` text CHARACTER SET latin1 COLLATE latin1_swedish_ci NULL,
  `is_active` varchar(1) CHARACTER SET latin1 COLLATE latin1_swedish_ci NULL DEFAULT '0',
  `cuid` int(4) NULL DEFAULT NULL,
  `cdate` datetime(0) NULL DEFAULT NULL,
  `muid` int(4) NULL DEFAULT NULL,
  `mdate` datetime(0) NULL DEFAULT NULL,
  PRIMARY KEY (`id`) USING BTREE
) ENGINE = MyISAM AUTO_INCREMENT = 13 CHARACTER SET = latin1 COLLATE = latin1_swedish_ci ROW_FORMAT = Dynamic;

-- ----------------------------
-- Records of slider
-- ----------------------------
INSERT INTO `slider` VALUES (1, 'slider.png', 'Ciptakan <br>Pengalaman Anda', '“Ibadah umrah ke ibadah umrah berikutnya adalah<br> penggugur (dosa) di antara keduanya, dan haji yang mabrur<br> tiada balasan (bagi pelakunya) melainkan surga”<br>(HR al-Bukhari dan Muslim)', NULL, '1', 1, '2019-05-15 15:03:14', NULL, NULL);
INSERT INTO `slider` VALUES (2, 'slider_1.jpg', 'Ciptakan <br>Pengalaman Anda', '“Ibadah umrah ke ibadah umrah berikutnya adalah<br> penggugur (dosa) di antara keduanya, dan haji yang mabrur<br> tiada balasan (bagi pelakunya) melainkan surga”<br>(HR al-Bukhari dan Muslim)', NULL, '1', 1, '2019-05-15 15:03:14', NULL, NULL);
INSERT INTO `slider` VALUES (3, 'slider_2.jpg', 'Ciptakan <br>Pengalaman Anda', '“Ibadah umrah ke ibadah umrah berikutnya adalah<br> penggugur (dosa) di antara keduanya, dan haji yang mabrur<br> tiada balasan (bagi pelakunya) melainkan surga”<br>(HR al-Bukhari dan Muslim)', NULL, '0', 1, '2019-05-15 15:03:14', 1, '2019-05-17 03:14:02');
INSERT INTO `slider` VALUES (4, 'slider_3.jpg', 'Ciptakan <br>Pengalaman Anda', '“Ibadah umrah ke ibadah umrah berikutnya adalah<br> penggugur (dosa) di antara keduanya, dan haji yang mabrur<br> tiada balasan (bagi pelakunya) melainkan surga”<br>(HR al-Bukhari dan Muslim)', NULL, '1', 1, '2019-05-15 15:03:14', 1, '2019-05-17 03:13:57');

-- ----------------------------
-- Table structure for testimoni
-- ----------------------------
DROP TABLE IF EXISTS `testimoni`;
CREATE TABLE `testimoni`  (
  `id` int(4) NOT NULL AUTO_INCREMENT,
  `tour_id` int(4) NOT NULL,
  `gambar` varchar(255) CHARACTER SET latin1 COLLATE latin1_swedish_ci NOT NULL,
  `judul` varchar(255) CHARACTER SET latin1 COLLATE latin1_swedish_ci NOT NULL,
  `isi` longblob NULL,
  `keterangan` text CHARACTER SET latin1 COLLATE latin1_swedish_ci NULL,
  `is_active` varchar(1) CHARACTER SET latin1 COLLATE latin1_swedish_ci NULL DEFAULT '0',
  `cuid` int(4) NULL DEFAULT NULL,
  `cdate` datetime(0) NULL DEFAULT NULL,
  `muid` int(4) NULL DEFAULT NULL,
  `mdate` datetime(0) NULL DEFAULT NULL,
  PRIMARY KEY (`id`) USING BTREE
) ENGINE = MyISAM AUTO_INCREMENT = 12 CHARACTER SET = latin1 COLLATE = latin1_swedish_ci ROW_FORMAT = Dynamic;

-- ----------------------------
-- Records of testimoni
-- ----------------------------
INSERT INTO `testimoni` VALUES (1, 1, 'user.png', 'nama user', NULL, NULL, '1', 1, '2019-05-15 14:52:29', NULL, NULL);
INSERT INTO `testimoni` VALUES (2, 1, 'user.png', 'nama user', NULL, NULL, '1', 1, '2019-05-15 14:52:29', NULL, NULL);
INSERT INTO `testimoni` VALUES (3, 2, 'user.png', 'nama user', NULL, NULL, '1', 1, '2019-05-15 14:52:29', NULL, NULL);
INSERT INTO `testimoni` VALUES (4, 2, 'user.png', 'nama user', NULL, NULL, '1', 1, '2019-05-15 14:52:29', NULL, NULL);
INSERT INTO `testimoni` VALUES (7, 3, 'user.png', 'nama user', NULL, NULL, '1', 1, '2019-05-15 14:52:29', NULL, NULL);
INSERT INTO `testimoni` VALUES (8, 7, 'user.png', 'nama user', NULL, NULL, '0', 1, '2019-05-15 14:52:29', NULL, NULL);
INSERT INTO `testimoni` VALUES (9, 8, 'user.png', 'nama user', NULL, NULL, '1', 1, '2019-05-15 14:52:29', NULL, NULL);
INSERT INTO `testimoni` VALUES (10, 7, 'user.png', 'nama user', NULL, NULL, '1', 1, '2019-05-15 14:52:29', NULL, NULL);

-- ----------------------------
-- Table structure for tour
-- ----------------------------
DROP TABLE IF EXISTS `tour`;
CREATE TABLE `tour`  (
  `id` int(4) NOT NULL AUTO_INCREMENT,
  `gambar` varchar(255) CHARACTER SET latin1 COLLATE latin1_swedish_ci NOT NULL,
  `judul` varchar(255) CHARACTER SET latin1 COLLATE latin1_swedish_ci NOT NULL,
  `isi` longblob NULL,
  `keterangan` text CHARACTER SET latin1 COLLATE latin1_swedish_ci NULL,
  `is_active` varchar(1) CHARACTER SET latin1 COLLATE latin1_swedish_ci NULL DEFAULT '0',
  `cuid` int(4) NULL DEFAULT NULL,
  `cdate` datetime(0) NULL DEFAULT NULL,
  `muid` int(4) NULL DEFAULT NULL,
  `mdate` datetime(0) NULL DEFAULT NULL,
  PRIMARY KEY (`id`) USING BTREE
) ENGINE = MyISAM AUTO_INCREMENT = 10 CHARACTER SET = latin1 COLLATE = latin1_swedish_ci ROW_FORMAT = Dynamic;

-- ----------------------------
-- Records of tour
-- ----------------------------
INSERT INTO `tour` VALUES (1, 'tour1.png', 'ANDALUSIA', 0x224C6F72656D20697073756D20646F6C6F722073697420616D65742C20636F6E73656374657475722061646970697363696E6720656C69742C2073656420646F20656975736D6F642074656D706F7220696E6369646964756E74207574206C61626F726520657420646F6C6F7265206D61676E6120616C697175612E20557420656E696D206164206D696E696D2076656E69616D2C2071756973206E6F737472756420657865726369746174696F6E20756C6C616D636F206C61626F726973206E69736920757420616C697175697020657820656120636F6D6D6F646F20636F6E7365717561742E2044756973206175746520697275726520646F6C6F7220696E20726570726568656E646572697420696E20766F6C7570746174652076656C697420657373652063696C6C756D20646F6C6F726520657520667567696174206E756C6C612070617269617475722E204578636570746575722073696E74206F6363616563617420637570696461746174206E6F6E2070726F6964656E742C2073756E7420696E2063756C706120717569206F666669636961206465736572756E74206D6F6C6C697420616E696D20696420657374206C61626F72756D2E2220, NULL, '1', 1, '2019-05-15 14:52:29', NULL, NULL);
INSERT INTO `tour` VALUES (2, 'tour2.png', 'EROPA', 0x225365642075742070657273706963696174697320756E6465206F6D6E69732069737465206E61747573206572726F722073697420766F6C7570746174656D206163637573616E7469756D20646F6C6F72656D717565206C617564616E7469756D2C20746F74616D2072656D206170657269616D2C2065617175652069707361207175616520616220696C6C6F20696E76656E746F726520766572697461746973206574207175617369206172636869746563746F206265617461652076697461652064696374612073756E74206578706C696361626F2E204E656D6F20656E696D20697073616D20766F6C7570746174656D207175696120766F6C7570746173207369742061737065726E6174757220617574206F646974206175742066756769742C20736564207175696120636F6E73657175756E747572206D61676E6920646F6C6F72657320656F732071756920726174696F6E6520766F6C7570746174656D207365717569206E65736369756E742E204E6571756520706F72726F20717569737175616D206573742C2071756920646F6C6F72656D20697073756D207175696120646F6C6F722073697420616D65742C20636F6E73656374657475722C2061646970697363692076656C69742C207365642071756961206E6F6E206E756D7175616D2065697573206D6F64692074656D706F726120696E636964756E74207574206C61626F726520657420646F6C6F7265206D61676E616D20616C697175616D207175616572617420766F6C7570746174656D2E20557420656E696D206164206D696E696D612076656E69616D2C2071756973206E6F737472756D20657865726369746174696F6E656D20756C6C616D20636F72706F726973207375736369706974206C61626F72696F73616D2C206E69736920757420616C697175696420657820656120636F6D6D6F646920636F6E73657175617475723F205175697320617574656D2076656C2065756D206975726520726570726568656E64657269742071756920696E20656120766F6C7570746174652076656C69742065737365207175616D206E6968696C206D6F6C65737469616520636F6E73657175617475722C2076656C20696C6C756D2071756920646F6C6F72656D2065756D206675676961742071756F20766F6C7570746173206E756C6C612070617269617475723F22, NULL, '1', 1, '2019-05-15 14:52:29', NULL, NULL);
INSERT INTO `tour` VALUES (3, 'tour3.png', 'JORDAN', 0x224C6F72656D20697073756D20646F6C6F722073697420616D65742C20636F6E73656374657475722061646970697363696E6720656C69742C2073656420646F20656975736D6F642074656D706F7220696E6369646964756E74207574206C61626F726520657420646F6C6F7265206D61676E6120616C697175612E20557420656E696D206164206D696E696D2076656E69616D2C2071756973206E6F737472756420657865726369746174696F6E20756C6C616D636F206C61626F726973206E69736920757420616C697175697020657820656120636F6D6D6F646F20636F6E7365717561742E2044756973206175746520697275726520646F6C6F7220696E20726570726568656E646572697420696E20766F6C7570746174652076656C697420657373652063696C6C756D20646F6C6F726520657520667567696174206E756C6C612070617269617475722E204578636570746575722073696E74206F6363616563617420637570696461746174206E6F6E2070726F6964656E742C2073756E7420696E2063756C706120717569206F666669636961206465736572756E74206D6F6C6C697420616E696D20696420657374206C61626F72756D2E2220, NULL, '1', 1, '2019-05-15 14:52:29', NULL, NULL);
INSERT INTO `tour` VALUES (4, 'tour4.png', 'RUSIA', 0x225365642075742070657273706963696174697320756E6465206F6D6E69732069737465206E61747573206572726F722073697420766F6C7570746174656D206163637573616E7469756D20646F6C6F72656D717565206C617564616E7469756D2C20746F74616D2072656D206170657269616D2C2065617175652069707361207175616520616220696C6C6F20696E76656E746F726520766572697461746973206574207175617369206172636869746563746F206265617461652076697461652064696374612073756E74206578706C696361626F2E204E656D6F20656E696D20697073616D20766F6C7570746174656D207175696120766F6C7570746173207369742061737065726E6174757220617574206F646974206175742066756769742C20736564207175696120636F6E73657175756E747572206D61676E6920646F6C6F72657320656F732071756920726174696F6E6520766F6C7570746174656D207365717569206E65736369756E742E204E6571756520706F72726F20717569737175616D206573742C2071756920646F6C6F72656D20697073756D207175696120646F6C6F722073697420616D65742C20636F6E73656374657475722C2061646970697363692076656C69742C207365642071756961206E6F6E206E756D7175616D2065697573206D6F64692074656D706F726120696E636964756E74207574206C61626F726520657420646F6C6F7265206D61676E616D20616C697175616D207175616572617420766F6C7570746174656D2E20557420656E696D206164206D696E696D612076656E69616D2C2071756973206E6F737472756D20657865726369746174696F6E656D20756C6C616D20636F72706F726973207375736369706974206C61626F72696F73616D2C206E69736920757420616C697175696420657820656120636F6D6D6F646920636F6E73657175617475723F205175697320617574656D2076656C2065756D206975726520726570726568656E64657269742071756920696E20656120766F6C7570746174652076656C69742065737365207175616D206E6968696C206D6F6C65737469616520636F6E73657175617475722C2076656C20696C6C756D2071756920646F6C6F72656D2065756D206675676961742071756F20766F6C7570746173206E756C6C612070617269617475723F22, NULL, '1', 1, '2019-05-15 14:52:29', NULL, NULL);
INSERT INTO `tour` VALUES (7, 'tour5.png', 'AUSTRALIA', 0x224C6F72656D20697073756D20646F6C6F722073697420616D65742C20636F6E73656374657475722061646970697363696E6720656C69742C2073656420646F20656975736D6F642074656D706F7220696E6369646964756E74207574206C61626F726520657420646F6C6F7265206D61676E6120616C697175612E20557420656E696D206164206D696E696D2076656E69616D2C2071756973206E6F737472756420657865726369746174696F6E20756C6C616D636F206C61626F726973206E69736920757420616C697175697020657820656120636F6D6D6F646F20636F6E7365717561742E2044756973206175746520697275726520646F6C6F7220696E20726570726568656E646572697420696E20766F6C7570746174652076656C697420657373652063696C6C756D20646F6C6F726520657520667567696174206E756C6C612070617269617475722E204578636570746575722073696E74206F6363616563617420637570696461746174206E6F6E2070726F6964656E742C2073756E7420696E2063756C706120717569206F666669636961206465736572756E74206D6F6C6C697420616E696D20696420657374206C61626F72756D2E2220, NULL, '1', 1, '2019-05-15 14:52:29', NULL, NULL);
INSERT INTO `tour` VALUES (8, 'tour6.png', 'ASIA', 0x225365642075742070657273706963696174697320756E6465206F6D6E69732069737465206E61747573206572726F722073697420766F6C7570746174656D206163637573616E7469756D20646F6C6F72656D717565206C617564616E7469756D2C20746F74616D2072656D206170657269616D2C2065617175652069707361207175616520616220696C6C6F20696E76656E746F726520766572697461746973206574207175617369206172636869746563746F206265617461652076697461652064696374612073756E74206578706C696361626F2E204E656D6F20656E696D20697073616D20766F6C7570746174656D207175696120766F6C7570746173207369742061737065726E6174757220617574206F646974206175742066756769742C20736564207175696120636F6E73657175756E747572206D61676E6920646F6C6F72657320656F732071756920726174696F6E6520766F6C7570746174656D207365717569206E65736369756E742E204E6571756520706F72726F20717569737175616D206573742C2071756920646F6C6F72656D20697073756D207175696120646F6C6F722073697420616D65742C20636F6E73656374657475722C2061646970697363692076656C69742C207365642071756961206E6F6E206E756D7175616D2065697573206D6F64692074656D706F726120696E636964756E74207574206C61626F726520657420646F6C6F7265206D61676E616D20616C697175616D207175616572617420766F6C7570746174656D2E20557420656E696D206164206D696E696D612076656E69616D2C2071756973206E6F737472756D20657865726369746174696F6E656D20756C6C616D20636F72706F726973207375736369706974206C61626F72696F73616D2C206E69736920757420616C697175696420657820656120636F6D6D6F646920636F6E73657175617475723F205175697320617574656D2076656C2065756D206975726520726570726568656E64657269742071756920696E20656120766F6C7570746174652076656C69742065737365207175616D206E6968696C206D6F6C65737469616520636F6E73657175617475722C2076656C20696C6C756D2071756920646F6C6F72656D2065756D206675676961742071756F20766F6C7570746173206E756C6C612070617269617475723F22, NULL, '0', 1, '2019-05-15 14:52:29', NULL, NULL);

-- ----------------------------
-- Table structure for user
-- ----------------------------
DROP TABLE IF EXISTS `user`;
CREATE TABLE `user`  (
  `id` smallint(4) NOT NULL AUTO_INCREMENT,
  `level_id` varchar(5) CHARACTER SET latin1 COLLATE latin1_swedish_ci NOT NULL,
  `username` varchar(100) CHARACTER SET latin1 COLLATE latin1_swedish_ci NOT NULL,
  `password` varchar(100) CHARACTER SET latin1 COLLATE latin1_swedish_ci NOT NULL,
  `password_plan` varchar(100) CHARACTER SET latin1 COLLATE latin1_swedish_ci NULL DEFAULT NULL,
  `foto` varchar(200) CHARACTER SET latin1 COLLATE latin1_swedish_ci NULL DEFAULT NULL,
  `last_login` datetime(0) NOT NULL,
  `cuid` smallint(4) NULL DEFAULT NULL,
  `cdate` datetime(0) NULL DEFAULT NULL,
  `muid` int(4) NULL DEFAULT NULL,
  `mdate` datetime(0) NULL DEFAULT NULL,
  PRIMARY KEY (`id`, `level_id`) USING BTREE
) ENGINE = MyISAM AUTO_INCREMENT = 9 CHARACTER SET = latin1 COLLATE = latin1_swedish_ci ROW_FORMAT = Dynamic;

-- ----------------------------
-- Records of user
-- ----------------------------
INSERT INTO `user` VALUES (1, 'ADM', 'admin', '21232f297a57a5a743894a0e4a801fc3', 'admin', 'user_2019.05.18-04.19.27-.jpg', '0000-00-00 00:00:00', 1, '2015-08-16 14:35:31', 1, '2019-05-18 09:20:48');
INSERT INTO `user` VALUES (5, 'USER', 'user', 'ee11cbb19052e40b07aac0ca060c23ee', 'user', 'Profile_2015.08.16-09.41.20-.png', '0000-00-00 00:00:00', 5, '2015-08-16 14:41:20', NULL, NULL);

-- ----------------------------
-- Table structure for user_level
-- ----------------------------
DROP TABLE IF EXISTS `user_level`;
CREATE TABLE `user_level`  (
  `id` varchar(5) CHARACTER SET latin1 COLLATE latin1_swedish_ci NOT NULL,
  `nama` varchar(32) CHARACTER SET latin1 COLLATE latin1_swedish_ci NOT NULL,
  `dashboard` varchar(5) CHARACTER SET latin1 COLLATE latin1_swedish_ci NULL DEFAULT '00000',
  `slider` varchar(5) CHARACTER SET latin1 COLLATE latin1_swedish_ci NULL DEFAULT '00000',
  `paket` varchar(5) CHARACTER SET latin1 COLLATE latin1_swedish_ci NULL DEFAULT '00000',
  `pembimbing` varchar(5) CHARACTER SET latin1 COLLATE latin1_swedish_ci NULL DEFAULT '00000',
  `tour` varchar(5) CHARACTER SET latin1 COLLATE latin1_swedish_ci NULL DEFAULT '00000',
  `testimoni` varchar(5) CHARACTER SET latin1 COLLATE latin1_swedish_ci NULL DEFAULT '00000',
  `blog` varchar(5) CHARACTER SET latin1 COLLATE latin1_swedish_ci NULL DEFAULT '00000',
  `setting` varchar(5) CHARACTER SET latin1 COLLATE latin1_swedish_ci NULL DEFAULT '00000',
  `profile` varchar(5) CHARACTER SET latin1 COLLATE latin1_swedish_ci NULL DEFAULT '00000',
  `user` varchar(5) CHARACTER SET latin1 COLLATE latin1_swedish_ci NULL DEFAULT '00000',
  `kontak` varchar(5) CHARACTER SET latin1 COLLATE latin1_swedish_ci NULL DEFAULT '00000',
  PRIMARY KEY (`id`) USING BTREE
) ENGINE = MyISAM CHARACTER SET = latin1 COLLATE = latin1_swedish_ci ROW_FORMAT = Dynamic;

-- ----------------------------
-- Records of user_level
-- ----------------------------
INSERT INTO `user_level` VALUES ('ADM', 'Super Admin', '11111', '11111', '11111', '11111', '11111', '11111', '11111', '11111', '11111', '11111', '11111');
INSERT INTO `user_level` VALUES ('USER', 'User', '11111', '11111', '11111', '11111', '11111', '11111', '11111', '11111', '11111', '00000', '11111');

-- ----------------------------
-- Table structure for user_token
-- ----------------------------
DROP TABLE IF EXISTS `user_token`;
CREATE TABLE `user_token`  (
  `id` int(11) NOT NULL AUTO_INCREMENT,
  `token` varchar(32) CHARACTER SET latin1 COLLATE latin1_swedish_ci NOT NULL,
  `user_id` int(11) NOT NULL,
  `datetime` datetime(0) NULL DEFAULT NULL,
  PRIMARY KEY (`id`) USING BTREE
) ENGINE = MyISAM AUTO_INCREMENT = 519 CHARACTER SET = latin1 COLLATE = latin1_swedish_ci ROW_FORMAT = Dynamic;

-- ----------------------------
-- Records of user_token
-- ----------------------------
INSERT INTO `user_token` VALUES (518, '984d67175e816ac406ab65c0e66db309', 1, '2019-05-22 05:58:56');
INSERT INTO `user_token` VALUES (515, '8460b145d159a0af62a4fdf1b611b5da', 5, '2019-05-21 10:41:50');
INSERT INTO `user_token` VALUES (394, '6489fc4116436e5e6b121da5df95e035', 6, '2015-05-01 22:46:08');
INSERT INTO `user_token` VALUES (460, '0471a72cacb7b1f4ef0f7a39b7f6addf', 7, '2015-08-21 02:39:12');

SET FOREIGN_KEY_CHECKS = 1;
