-- --------------------------------------------------------
-- Host:                         127.0.0.1
-- Server version:               8.0.26 - MySQL Community Server - GPL
-- Server OS:                    Win64
-- HeidiSQL Version:             11.3.0.6295
-- --------------------------------------------------------

/*!40101 SET @OLD_CHARACTER_SET_CLIENT=@@CHARACTER_SET_CLIENT */;
/*!40101 SET NAMES utf8 */;
/*!50503 SET NAMES utf8mb4 */;
/*!40014 SET @OLD_FOREIGN_KEY_CHECKS=@@FOREIGN_KEY_CHECKS, FOREIGN_KEY_CHECKS=0 */;
/*!40101 SET @OLD_SQL_MODE=@@SQL_MODE, SQL_MODE='NO_AUTO_VALUE_ON_ZERO' */;
/*!40111 SET @OLD_SQL_NOTES=@@SQL_NOTES, SQL_NOTES=0 */;


-- Dumping database structure for quiz
CREATE DATABASE IF NOT EXISTS `quiz` /*!40100 DEFAULT CHARACTER SET utf8mb4 COLLATE utf8mb4_0900_ai_ci */ /*!80016 DEFAULT ENCRYPTION='N' */;
USE `quiz`;

-- Dumping structure for table quiz.answers
CREATE TABLE IF NOT EXISTS `answers` (
  `ANSWERCODE` varchar(20) NOT NULL,
  `QUESTIONCODE` varchar(20) NOT NULL,
  `OPTIONCODE` varchar(20) NOT NULL,
  PRIMARY KEY (`ANSWERCODE`),
  KEY `FKANS_QCODE` (`QUESTIONCODE`),
  KEY `FKANS_OPCODE` (`OPTIONCODE`),
  CONSTRAINT `FKANS_OPCODE` FOREIGN KEY (`OPTIONCODE`) REFERENCES `options` (`OPTIONCODE`),
  CONSTRAINT `FKANS_QCODE` FOREIGN KEY (`QUESTIONCODE`) REFERENCES `question` (`QUESTIONCODE`)
) ENGINE=InnoDB DEFAULT CHARSET=utf8mb4 COLLATE=utf8mb4_0900_ai_ci;

-- Dumping data for table quiz.answers: ~83 rows (approximately)
/*!40000 ALTER TABLE `answers` DISABLE KEYS */;
INSERT INTO `answers` (`ANSWERCODE`, `QUESTIONCODE`, `OPTIONCODE`) VALUES
	('A1', 'Q1', 'OP2'),
	('A10', 'Q10', 'OP25'),
	('A11', 'Q11', 'OP28'),
	('A12', 'Q12', 'OP30'),
	('A13', 'Q13', 'OP31'),
	('A14', 'Q14', 'OP34'),
	('A15', 'Q15', 'OP36'),
	('A16', 'Q16', 'OP38'),
	('A17', 'Q17', 'OP40'),
	('A18', 'Q18', 'OP42'),
	('A19', 'Q19', 'OP44'),
	('A2', 'Q2', 'OP4'),
	('A20', 'Q20', 'OP48'),
	('A21', 'Q21', 'OP50'),
	('A22', 'Q22', 'OP57'),
	('A23', 'Q23', 'OP61'),
	('A24', 'Q24', 'OP65'),
	('A25', 'Q25', 'OP66'),
	('A26', 'Q26', 'OP71'),
	('A27', 'Q27', 'OP76'),
	('A28', 'Q28', 'OP78'),
	('A29', 'Q29', 'OP84'),
	('A3', 'Q3', 'OP7'),
	('A30', 'Q30', 'OP89'),
	('A31', 'Q31', 'OP91'),
	('A32', 'Q32', 'OP95'),
	('A33', 'Q33', 'OP99'),
	('A34', 'Q34', 'OP102'),
	('A35', 'Q35', 'OP107'),
	('A36', 'Q36', 'OP111'),
	('A37', 'Q37', 'OP113'),
	('A38', 'Q38', 'OP116'),
	('A39', 'Q39', 'OP121'),
	('A4', 'Q4', 'OP10'),
	('A40', 'Q40', 'OP127'),
	('A41', 'Q41', 'OP129'),
	('A42', 'Q42', 'OP133'),
	('A43', 'Q43', 'OP138'),
	('A44', 'Q44', 'OP141'),
	('A45', 'Q45', 'OP146'),
	('A46', 'Q46', 'OP149'),
	('A47', 'Q47', 'OP152'),
	('A48', 'Q48', 'OP155'),
	('A49', 'Q49', 'OP156'),
	('A5', 'Q5', 'OP12'),
	('A50', 'Q50', 'OP158'),
	('A51', 'Q51', 'OP160'),
	('A52', 'Q52', 'OP163'),
	('A53', 'Q53', 'OP165'),
	('A54', 'Q54', 'OP167'),
	('A55', 'Q55', 'OP170'),
	('A56', 'Q56', 'OP171'),
	('A57', 'Q58', 'OP176'),
	('A58', 'Q59', 'OP180'),
	('A59', 'Q62', 'OP182'),
	('A6', 'Q6', 'OP13'),
	('A60', 'Q63', 'OP185'),
	('A61', 'Q64', 'OP188'),
	('A62', 'Q65', 'OP191'),
	('A63', 'Q66', 'OP194'),
	('A64', 'Q67', 'OP197'),
	('A65', 'Q68', 'OP202'),
	('A66', 'Q69', 'OP205'),
	('A67', 'Q70', 'OP207'),
	('A68', 'Q71', 'OP212'),
	('A69', 'Q72', 'OP214'),
	('A7', 'Q7', 'OP15'),
	('A70', 'Q73', 'OP218'),
	('A71', 'Q74', 'OP222'),
	('A72', 'Q75', 'OP226'),
	('A73', 'Q76', 'OP229'),
	('A74', 'Q77', 'OP233'),
	('A75', 'Q80', 'OP239'),
	('A76', 'Q81', 'OP242'),
	('A77', 'Q82', 'OP245'),
	('A78', 'Q83', 'OP246'),
	('A79', 'Q84', 'OP249'),
	('A8', 'Q8', 'OP18'),
	('A80', 'Q85', 'OP251'),
	('A81', 'Q87', 'OP254'),
	('A82', 'Q88', 'OP256'),
	('A83', 'Q89', 'OP259'),
	('A9', 'Q9', 'OP22');
/*!40000 ALTER TABLE `answers` ENABLE KEYS */;

-- Dumping structure for table quiz.category
CREATE TABLE IF NOT EXISTS `category` (
  `CATEGORYCODE` varchar(20) NOT NULL,
  `CATEGORYNAME` varchar(200) NOT NULL,
  PRIMARY KEY (`CATEGORYCODE`)
) ENGINE=InnoDB DEFAULT CHARSET=utf8mb4 COLLATE=utf8mb4_0900_ai_ci;

-- Dumping data for table quiz.category: ~15 rows (approximately)
/*!40000 ALTER TABLE `category` DISABLE KEYS */;
INSERT INTO `category` (`CATEGORYCODE`, `CATEGORYNAME`) VALUES
	('ALIP', 'ALIP'),
	('C++', 'C++'),
	('categorycode101', 'categorycode101'),
	('DEMO', 'DEMO'),
	('DEMO1', 'DEMO1'),
	('DEMO2', 'DEMO2'),
	('JA', 'Java Advance'),
	('JAVA', 'JAVA'),
	('LFW', 'LIFEWRITER'),
	('SPRING', 'SPRING'),
	('TC', 'Test Category'),
	('TD', 'TEST DEMO'),
	('TEST', 'TEST'),
	('TEST1', 'TEST1');
/*!40000 ALTER TABLE `category` ENABLE KEYS */;

-- Dumping structure for table quiz.challenge_contestant_det
CREATE TABLE IF NOT EXISTS `challenge_contestant_det` (
  `CON_ID` int NOT NULL AUTO_INCREMENT,
  `CON_EMAIL_ID` varchar(50) NOT NULL,
  `CON_CHALLENGE_ID` int NOT NULL,
  `CON_CHALLENGE_DATE` date NOT NULL,
  PRIMARY KEY (`CON_ID`),
  KEY `FK_CON_CHALLENGE_ID` (`CON_CHALLENGE_ID`),
  CONSTRAINT `FK_CON_CHALLENGE_ID` FOREIGN KEY (`CON_CHALLENGE_ID`) REFERENCES `quiz_challenge_details` (`CHALLENGE_ID`)
) ENGINE=InnoDB AUTO_INCREMENT=18 DEFAULT CHARSET=utf8mb4 COLLATE=utf8mb4_0900_ai_ci;

-- Dumping data for table quiz.challenge_contestant_det: ~17 rows (approximately)
/*!40000 ALTER TABLE `challenge_contestant_det` DISABLE KEYS */;
INSERT INTO `challenge_contestant_det` (`CON_ID`, `CON_EMAIL_ID`, `CON_CHALLENGE_ID`, `CON_CHALLENGE_DATE`) VALUES
	(1, '', 2, '2021-04-01'),
	(2, 'anshika.garg@coforgetech.com', 10, '2021-04-07'),
	(3, 'anshika.garg@coforgetech.com', 10, '2021-04-07'),
	(4, 'anshika.garg@coforgetech.com', 11, '2021-04-07'),
	(5, 'anshika.garg@coforgetech.com', 12, '2021-04-07'),
	(6, 'anshika.garg@coforgetech.com', 14, '2021-04-07'),
	(7, 'anshika.garg@coforgetech.com', 16, '2021-04-07'),
	(8, 'anshika.garg@coforgetech.com', 17, '2021-04-08'),
	(9, 'anshika.garg@coforgetech.com', 18, '2021-04-08'),
	(10, 'anshika.garg@coforgetech.com', 19, '2021-04-08'),
	(11, 'anshika.garg@coforgetech.com', 23, '2021-04-08'),
	(12, 'anshika.garg@coforgetech.com', 25, '2021-04-08'),
	(13, 'anshika.garg@coforgetech.com', 26, '2021-04-08'),
	(14, 'anshika@coforge.com', 29, '2021-04-12'),
	(15, 'anshika@gamil.com', 30, '2021-04-12'),
	(16, 'anshuj.gupta@coforgetech.com', 31, '2021-09-15'),
	(17, 'anshika.garg@coforgetech.com', 31, '2021-09-15');
/*!40000 ALTER TABLE `challenge_contestant_det` ENABLE KEYS */;

-- Dumping structure for table quiz.options
CREATE TABLE IF NOT EXISTS `options` (
  `OPTIONCODE` varchar(20) NOT NULL,
  `QUESTIONCODE` varchar(20) NOT NULL,
  `OPTION` varchar(200) NOT NULL,
  PRIMARY KEY (`OPTIONCODE`),
  KEY `FK_QCODE` (`QUESTIONCODE`),
  CONSTRAINT `FK_QCODE` FOREIGN KEY (`QUESTIONCODE`) REFERENCES `question` (`QUESTIONCODE`)
) ENGINE=InnoDB DEFAULT CHARSET=utf8mb4 COLLATE=utf8mb4_0900_ai_ci;

-- Dumping data for table quiz.options: ~259 rows (approximately)
/*!40000 ALTER TABLE `options` DISABLE KEYS */;
INSERT INTO `options` (`OPTIONCODE`, `QUESTIONCODE`, `OPTION`) VALUES
	('OP1', 'Q1', 'True'),
	('OP10', 'Q4', 'False'),
	('OP100', 'Q33', 'CurrentSource'),
	('OP101', 'Q33', 'PageGroupName'),
	('OP102', 'Q34', 'Comparator'),
	('OP103', 'Q34', 'Comparable'),
	('OP104', 'Q34', 'Serializable'),
	('OP105', 'Q34', 'None of the above'),
	('OP106', 'Q35', 'True'),
	('OP107', 'Q35', 'False'),
	('OP108', 'Q36', 'TreeMap'),
	('OP109', 'Q36', 'HashMap'),
	('OP11', 'Q5', 'True'),
	('OP110', 'Q36', 'TreeSet'),
	('OP111', 'Q36', 'Hashtable'),
	('OP112', 'Q37', 'TreeMap'),
	('OP113', 'Q37', 'HashMap'),
	('OP114', 'Q37', 'LinkedHashMap'),
	('OP115', 'Q37', 'Hashtable'),
	('OP116', 'Q38', 'Insertion Sort'),
	('OP117', 'Q38', 'Merge Sort'),
	('OP118', 'Q38', 'Quick Sort'),
	('OP119', 'Q38', 'Timsort'),
	('OP12', 'Q5', 'False'),
	('OP120', 'Q39', 'Insertion Sort'),
	('OP121', 'Q39', 'Merge Sort'),
	('OP122', 'Q39', 'Quick Sort'),
	('OP123', 'Q39', 'Timsort'),
	('OP124', 'Q40', 'JVM'),
	('OP125', 'Q40', 'JRE'),
	('OP126', 'Q40', 'JDK'),
	('OP127', 'Q40', 'JDB'),
	('OP128', 'Q41', 'Serialization'),
	('OP129', 'Q41', 'Variable Shadowing'),
	('OP13', 'Q6', 'Yes'),
	('OP130', 'Q41', 'Abstraction'),
	('OP131', 'Q41', 'Multi-threading'),
	('OP132', 'Q42', 'Runnable Interface'),
	('OP133', 'Q42', 'Marker Interface'),
	('OP134', 'Q42', 'Abstract Interface'),
	('OP135', 'Q42', 'CharSequence Interface'),
	('OP136', 'Q43', 'RuntimeException and Error class'),
	('OP137', 'Q43', 'Exception and VirtualMachineError class'),
	('OP138', 'Q43', 'Error and Exception class'),
	('OP139', 'Q43', 'IOException and VirtualMachineError class'),
	('OP14', 'Q6', 'No'),
	('OP140', 'Q44', 'init();'),
	('OP141', 'Q44', 'start();'),
	('OP142', 'Q44', 'run();'),
	('OP143', 'Q44', 'resume();'),
	('OP144', 'Q45', 'It can extend exactly one class and implement exactly one interface.'),
	('OP145', 'Q45', 'It can extend exactly one class and can implement multiple interfaces.'),
	('OP146', 'Q45', 'It can extend exactly one class or implement exactly one interface.'),
	('OP147', 'Q45', 'It can implement multiple interfaces regardless of whether it also extends a class.'),
	('OP148', 'Q46', 'It must be marked final.'),
	('OP149', 'Q46', 'It can be marked abstract.'),
	('OP15', 'Q7', 'True'),
	('OP150', 'Q46', 'It can be marked public.'),
	('OP151', 'Q46', 'It can be marked static.'),
	('OP152', 'Q47', 'True'),
	('OP153', 'Q47', 'False'),
	('OP154', 'Q48', '1'),
	('OP155', 'Q48', '2'),
	('OP156', 'Q49', 'OPTION 1'),
	('OP157', 'Q49', 'OPTION 2'),
	('OP158', 'Q50', 'True'),
	('OP159', 'Q50', 'False'),
	('OP16', 'Q7', 'False'),
	('OP160', 'Q51', 'OPTION 1'),
	('OP161', 'Q51', 'OPTION 2'),
	('OP162', 'Q52', '1'),
	('OP163', 'Q52', '2'),
	('OP164', 'Q53', '"Hello"'),
	('OP165', 'Q53', '"Hell"'),
	('OP166', 'Q53', 'Hello'),
	('OP167', 'Q54', 'Sample 1'),
	('OP168', 'Q54', 'Sample 2'),
	('OP169', 'Q55', 'OPTION 1'),
	('OP17', 'Q8', 'True'),
	('OP170', 'Q55', 'OPTION 2'),
	('OP171', 'Q56', 'O1'),
	('OP172', 'Q56', 'O2'),
	('OP173', 'Q57', 'O1'),
	('OP174', 'Q57', 'O2'),
	('OP175', 'Q58', '"<hello>"'),
	('OP176', 'Q58', '"<HeLlO>"'),
	('OP177', 'Q59', 'html [Contents]'),
	('OP178', 'Q59', 'html = Contents'),
	('OP179', 'Q59', 'html {Contents}'),
	('OP18', 'Q8', 'False'),
	('OP180', 'Q59', '&lt;html&gt;Contents&lt;/html&gt;'),
	('OP181', 'Q62', 'TRUE'),
	('OP182', 'Q62', 'FALSE'),
	('OP183', 'Q63', '1'),
	('OP184', 'Q63', '2'),
	('OP185', 'Q63', 'All of the above'),
	('OP186', 'Q63', 'None of these'),
	('OP187', 'Q64', 'TRUE'),
	('OP188', 'Q64', 'FALSE'),
	('OP189', 'Q65', '1'),
	('OP19', 'Q9', 'Linked Cases'),
	('OP190', 'Q65', '2'),
	('OP191', 'Q65', 'All of the above'),
	('OP192', 'Q65', 'None of these'),
	('OP193', 'Q66', '1'),
	('OP194', 'Q66', '2'),
	('OP195', 'Q66', '3'),
	('OP196', 'Q66', '4'),
	('OP197', 'Q67', 'True'),
	('OP198', 'Q67', 'False'),
	('OP199', 'Q67', ''),
	('OP2', 'Q1', 'False'),
	('OP20', 'Q9', 'Coverages'),
	('OP200', 'Q67', ''),
	('OP201', 'Q68', 'TRUE'),
	('OP202', 'Q68', 'FALSE'),
	('OP203', 'Q69', '1'),
	('OP204', 'Q69', '2'),
	('OP205', 'Q69', 'All of the above'),
	('OP206', 'Q69', 'None of these'),
	('OP207', 'Q70', 'option1'),
	('OP208', 'Q70', 'option2'),
	('OP209', 'Q70', ''),
	('OP21', 'Q9', 'Replacement'),
	('OP210', 'Q70', ''),
	('OP211', 'Q71', 'TRUE'),
	('OP212', 'Q71', 'FALSE'),
	('OP213', 'Q72', 'option1'),
	('OP214', 'Q72', 'option2'),
	('OP215', 'Q72', ''),
	('OP216', 'Q72', ''),
	('OP217', 'Q73', 'option1'),
	('OP218', 'Q73', 'option2'),
	('OP219', 'Q73', ''),
	('OP22', 'Q9', 'TermAccelHub'),
	('OP220', 'Q73', ''),
	('OP221', 'Q74', 'option1'),
	('OP222', 'Q74', 'option2'),
	('OP223', 'Q74', ''),
	('OP224', 'Q74', ''),
	('OP225', 'Q75', 'option1'),
	('OP226', 'Q75', 'option2'),
	('OP227', 'Q75', ''),
	('OP228', 'Q75', ''),
	('OP229', 'Q76', 'option1'),
	('OP23', 'Q10', 'Policy'),
	('OP230', 'Q76', 'option2'),
	('OP231', 'Q76', ''),
	('OP232', 'Q76', ''),
	('OP233', 'Q77', 'option1'),
	('OP234', 'Q77', 'option2'),
	('OP235', 'Q77', ''),
	('OP236', 'Q77', ''),
	('OP237', 'Q78', 'one'),
	('OP238', 'Q78', 'two'),
	('OP239', 'Q80', 'option1'),
	('OP24', 'Q10', 'Recipient'),
	('OP240', 'Q80', 'option2'),
	('OP241', 'Q81', 'TRUE'),
	('OP242', 'Q81', 'FALSE'),
	('OP243', 'Q82', '&lt;HELLO&gt;'),
	('OP244', 'Q82', '&lt;hello&gt;'),
	('OP245', 'Q82', 'Hello'),
	('OP246', 'Q83', 'TRUE'),
	('OP247', 'Q84', '&lt;Bye&gt;'),
	('OP248', 'Q84', '[Bye]'),
	('OP249', 'Q84', 'All of the above'),
	('OP25', 'Q10', 'Agent'),
	('OP250', 'Q84', 'None of these'),
	('OP251', 'Q85', 'TRUE'),
	('OP252', 'Q85', 'FALSE'),
	('OP253', 'Q87', 'TRUE'),
	('OP254', 'Q87', 'FALSE'),
	('OP255', 'Q88', 'TRUE'),
	('OP256', 'Q88', 'FALSE'),
	('OP257', 'Q89', '&lt;HELLO&gt;'),
	('OP258', 'Q89', '&lt;hello&gt;'),
	('OP259', 'Q89', 'Hello'),
	('OP26', 'Q10', 'Notifier'),
	('OP27', 'Q11', 'Yes'),
	('OP28', 'Q11', 'No'),
	('OP29', 'Q12', 'Yes'),
	('OP3', 'Q2', 'True'),
	('OP30', 'Q12', 'No'),
	('OP31', 'Q13', 'Yes'),
	('OP32', 'Q13', 'No'),
	('OP33', 'Q14', 'Yes'),
	('OP34', 'Q14', 'No'),
	('OP35', 'Q15', 'Yes'),
	('OP36', 'Q15', 'No'),
	('OP37', 'Q16', 'Yes'),
	('OP38', 'Q16', 'No'),
	('OP39', 'Q17', 'Yes'),
	('OP4', 'Q2', 'False'),
	('OP40', 'Q17', 'No'),
	('OP41', 'Q18', 'Yes'),
	('OP42', 'Q18', 'No'),
	('OP43', 'Q19', 'Mobile Application'),
	('OP44', 'Q19', 'Web Application'),
	('OP45', 'Q19', 'Desktop Application'),
	('OP46', 'Q20', 'ALIP System'),
	('OP47', 'Q20', 'LifeWriter Platform'),
	('OP48', 'Q20', 'AIS System'),
	('OP49', 'Q20', 'ConsumerEDelivery Application'),
	('OP5', 'Q3', 'UnderWriters'),
	('OP50', 'Q21', 'Allows modification to system that enables it to achieve business needs'),
	('OP51', 'Q21', 'Code change to the system'),
	('OP52', 'Q21', 'Design change to the system'),
	('OP53', 'Q21', 'None of the above'),
	('OP54', 'Q22', 'Page Group'),
	('OP55', 'Q22', 'Rule Group'),
	('OP56', 'Q22', 'Workflow'),
	('OP57', 'Q22', 'All of the above'),
	('OP58', 'Q23', '/XML/ApplicationDetail'),
	('OP59', 'Q23', '/XML/ApplicationSummary'),
	('OP6', 'Q3', 'New Business Associates'),
	('OP60', 'Q23', '/XML/Trigger'),
	('OP61', 'Q23', '/XML/ResultSet'),
	('OP62', 'Q24', 'Application Entry'),
	('OP63', 'Q24', 'Transaction Entry'),
	('OP64', 'Q24', 'Customer Entry'),
	('OP65', 'Q24', 'All of the above'),
	('OP66', 'Q25', 'Page Group'),
	('OP67', 'Q25', 'Rule Group'),
	('OP68', 'Q25', 'Lookup Table'),
	('OP69', 'Q25', 'Workflow'),
	('OP7', 'Q3', 'Both Option1 and Option2'),
	('OP70', 'Q26', '/XML/Client/PolicyRole'),
	('OP71', 'Q26', '/XML/Client/CRMDetails'),
	('OP72', 'Q26', '/XML/Client/AppDetails'),
	('OP73', 'Q26', '/XML/Client/AgentDetails'),
	('OP74', 'Q27', '/XML/ApplicationDetail'),
	('OP75', 'Q27', '/XML/ApplicationSummary'),
	('OP76', 'Q27', '/XML/Trigger'),
	('OP77', 'Q27', '/XML/ResultSet'),
	('OP78', 'Q28', 'Accenture Life Insurance & Annuity Platform'),
	('OP79', 'Q28', 'Application Life Insurance & Annuity Platform'),
	('OP8', 'Q3', 'System Admin'),
	('OP80', 'Q28', 'Account Life Insurance & Annuity Platform'),
	('OP81', 'Q28', 'Allow Life Insurance & Annuity Platform'),
	('OP82', 'Q29', 'Banking'),
	('OP83', 'Q29', 'Travel'),
	('OP84', 'Q29', 'Insurance'),
	('OP85', 'Q29', 'Healthcare'),
	('OP86', 'Q30', 'TCS'),
	('OP87', 'Q30', 'PWC'),
	('OP88', 'Q30', 'WIPRO'),
	('OP89', 'Q30', 'Accenture'),
	('OP9', 'Q4', 'True'),
	('OP90', 'Q31', 'Configuration Central'),
	('OP91', 'Q31', 'Schema Management'),
	('OP92', 'Q31', 'View Configuration'),
	('OP93', 'Q31', 'System Defaults'),
	('OP94', 'Q32', 'System'),
	('OP95', 'Q32', 'Workflow'),
	('OP96', 'Q32', 'Products'),
	('OP97', 'Q32', 'Applications'),
	('OP98', 'Q33', 'CurrentPageGroup'),
	('OP99', 'Q33', 'LogSrcQuestionnaireName');
/*!40000 ALTER TABLE `options` ENABLE KEYS */;

-- Dumping structure for table quiz.question
CREATE TABLE IF NOT EXISTS `question` (
  `QUESTIONCODE` varchar(20) CHARACTER SET utf8mb4 COLLATE utf8mb4_0900_ai_ci NOT NULL,
  `CATEGORYCODE` varchar(20) CHARACTER SET utf8mb4 COLLATE utf8mb4_0900_ai_ci NOT NULL,
  `QUESTIONNAME` varchar(500) CHARACTER SET utf8mb4 COLLATE utf8mb4_0900_ai_ci NOT NULL,
  PRIMARY KEY (`QUESTIONCODE`),
  KEY `FK_CATCODE` (`CATEGORYCODE`),
  CONSTRAINT `FK_CATCODE` FOREIGN KEY (`CATEGORYCODE`) REFERENCES `category` (`CATEGORYCODE`)
) ENGINE=InnoDB DEFAULT CHARSET=utf8mb3 COLLATE=utf8_unicode_ci;

-- Dumping data for table quiz.question: ~89 rows (approximately)
/*!40000 ALTER TABLE `question` DISABLE KEYS */;
INSERT INTO `question` (`QUESTIONCODE`, `CATEGORYCODE`, `QUESTIONNAME`) VALUES
	('Q1', 'LFW', 'LifeWriter application is only used by Underwriters.'),
	('Q10', 'LFW', 'Inbox Notification History cannot be searched by which?'),
	('Q11', 'LFW', 'LifeWriter application is available as an android app in Google Playstore.'),
	('Q12', 'LFW', 'Insurance agents can use the LifeWriter applicaton.'),
	('Q13', 'LFW', 'Premium for the policy is visible in LifeWriter applicaton.'),
	('Q14', 'LFW', 'Agent Name/Agency Name for a particular policy is entered through LifeWriter application.'),
	('Q15', 'LFW', 'New Agent can be entered through LifeWriter application.'),
	('Q16', 'LFW', 'When ALIP system is down LifeWriter application can be used as substitute for ALIP.'),
	('Q17', 'LFW', 'When AIS system is down LifeWriter application can be used as substitute for AIS.'),
	('Q18', 'LFW', 'When Vendorproxy system is down, LifeWriter application can be used as substitute for Vendorproxy.'),
	('Q19', 'LFW', 'LifeWriter application falls under which category?'),
	('Q2', 'LFW', 'LifeWriter application is used by policy buyers.'),
	('Q20', 'LFW', 'During eInterview which application provides the Medical Questions?'),
	('Q21', 'ALIP', 'What is Configuration in ALIP?'),
	('Q22', 'ALIP', 'Which component/components can be configured in ALIP?'),
	('Q23', 'ALIP', 'In what XML folder would we generally define temporary tags in ALIP?'),
	('Q24', 'ALIP', 'ALIP Business Configuration includes which of the following areas in ALIP?'),
	('Q25', 'ALIP', 'Which ALIP component is responsible for displaying questions in an application flow?'),
	('Q26', 'ALIP', 'In which XML folder would we find tags for client\'s personal data?'),
	('Q27', 'ALIP', 'In which XML folder would we generally find "GenRequirement" tag?'),
	('Q28', 'ALIP', 'What is the full form of ALIP?'),
	('Q29', 'ALIP', 'Which domain does ALIP belong to?'),
	('Q3', 'LFW', 'Who uses LifeWriter application?'),
	('Q30', 'ALIP', 'ALIP is developed by which organization?'),
	('Q31', 'ALIP', 'XML tags can be configured through which category in ALIP UI Tool?'),
	('Q32', 'ALIP', 'Which tab in ALIP UI is used to search for Business Rules and Lookup Tables?'),
	('Q33', 'ALIP', 'Which tag displays the current page group of the application XML?'),
	('Q34', 'JAVA', 'Which interface should be implemented for sorting on basis of many criteria?'),
	('Q35', 'JAVA', 'Can a top level class be private or protected?'),
	('Q36', 'JAVA', 'Which of the following is synchronized?'),
	('Q37', 'JAVA', 'Which of the following offers the best performance?'),
	('Q38', 'JAVA', 'Which sort does Collection.sort internally use when number of elements are less than 7?'),
	('Q39', 'JAVA', 'Which sort does Collection.sort internally use when number of elements are greater than 7?'),
	('Q4', 'LFW', 'Notes are autogenerated by other application and are only visible to LifeWriter. There is no option to add Note in LifeWriter application.'),
	('Q40', 'JAVA', '_________ is used to find and fix bugs in the Java Program.'),
	('Q41', 'JAVA', 'In which process, a local variable has the same name as one of the instance variables?'),
	('Q42', 'JAVA', 'An interface with no fields or methods is known as a ___________.'),
	('Q43', 'JAVA', 'Which of the following classes are the direct subclasses of the Throwable class?'),
	('Q44', 'JAVA', 'What is the name of the method used to start a thread execution?'),
	('Q45', 'JAVA', 'Which is true about an anonymous inner class?'),
	('Q46', 'JAVA', 'Which is true about a method-local inner class?'),
	('Q47', 'JAVA', 'Java is platform independent.'),
	('Q48', 'ALIP', '"Test"'),
	('Q49', 'DEMO', 'DEMO QUESTION'),
	('Q5', 'LFW', 'Requirements are autogenerated by the submitted data during policy creation. There is no option add it from LifeWriter platform.'),
	('Q50', 'JAVA', 'Java is a multithreading programming language.'),
	('Q51', 'TEST1', 'Question 1'),
	('Q52', 'TEST1', 'Test Demo Question'),
	('Q53', 'TEST1', '<Log>"Hello"</Log>'),
	('Q54', 'DEMO1', 'Demo Sample Questions'),
	('Q55', 'DEMO2', 'Question'),
	('Q56', 'SPRING', 'Q1'),
	('Q57', 'SPRING', 'Q2'),
	('Q58', 'TD', '"<Hello>"'),
	('Q59', 'TEST1', 'Question 1'),
	('Q6', 'LFW', 'Is requirement status editable?'),
	('Q60', 'TD', 'Question 2'),
	('Q61', 'DEMO', 'Question 3'),
	('Q62', 'TD', 'XYZ'),
	('Q63', 'TD', 'ABC'),
	('Q64', 'TD', 'CDE'),
	('Q65', 'TD', 'FGH'),
	('Q66', 'TC', 'Test Category ABC'),
	('Q67', 'TC', 'Test Category XYZ'),
	('Q68', 'TC', 'Test ABC'),
	('Q69', 'TC', 'Test XYZ'),
	('Q7', 'LFW', 'Requirement can be reviewed in LifeWriter.'),
	('Q70', 'categorycode101', 'categorycode101categorycode101categorycode101'),
	('Q71', 'categorycode101', 'test demo question 13'),
	('Q72', 'categorycode101', 'categorycode test question 1'),
	('Q73', 'DEMO', 'Demo Question1'),
	('Q74', 'DEMO', 'Demo Question2'),
	('Q75', 'DEMO', 'Demo Question3'),
	('Q76', 'DEMO', 'Demo Question4'),
	('Q77', 'DEMO1', 'Test Demo1 question 1'),
	('Q78', 'TD', 'TD Category Q1'),
	('Q79', 'TD', 'TD Category Q2'),
	('Q8', 'LFW', 'Policy is generated in LifeWriter application.'),
	('Q80', 'TD', 'TD Category Q3'),
	('Q81', 'TD', 'TD Category Q4'),
	('Q82', 'TD', 'TD Category Q5'),
	('Q83', 'TD', 'TD Category Q6'),
	('Q84', 'TC', 'TC Q100'),
	('Q85', 'TC', 'TC Q101'),
	('Q86', 'TD', 'TD Category Q7'),
	('Q87', 'TD', 'TD Category Q9'),
	('Q88', 'TD', 'TD Category Q17'),
	('Q89', 'TD', 'TD Category Q15'),
	('Q9', 'LFW', 'Interview can be scheduled from "Interview Information" section. By clicking which hyperlink it is found.');
/*!40000 ALTER TABLE `question` ENABLE KEYS */;

-- Dumping structure for table quiz.quiz_challenge
CREATE TABLE IF NOT EXISTS `quiz_challenge` (
  `CHALLENGE_ID` int NOT NULL,
  `QUIZ_ID` varchar(50) NOT NULL,
  `QUESTION_CODE` varchar(20) NOT NULL,
  KEY `FK_QUESTION_CODE` (`QUESTION_CODE`),
  CONSTRAINT `FK_QUESTION_CODE` FOREIGN KEY (`QUESTION_CODE`) REFERENCES `question` (`QUESTIONCODE`)
) ENGINE=InnoDB DEFAULT CHARSET=utf8mb4 COLLATE=utf8mb4_0900_ai_ci;

-- Dumping data for table quiz.quiz_challenge: ~73 rows (approximately)
/*!40000 ALTER TABLE `quiz_challenge` DISABLE KEYS */;
INSERT INTO `quiz_challenge` (`CHALLENGE_ID`, `QUIZ_ID`, `QUESTION_CODE`) VALUES
	(23, 'Q22', 'Q22'),
	(23, 'Q24', 'Q24'),
	(24, 'Q48', 'Q48'),
	(24, 'Q23', 'Q23'),
	(24, 'Q22', 'Q22'),
	(24, 'Q25', 'Q25'),
	(24, 'Q26', 'Q26'),
	(24, 'Q24', 'Q24'),
	(24, 'Q30', 'Q30'),
	(24, 'Q33', 'Q33'),
	(24, 'Q28', 'Q28'),
	(24, 'Q31', 'Q31'),
	(25, 'Q23', 'Q23'),
	(25, 'Q22', 'Q22'),
	(25, 'Q25', 'Q25'),
	(25, 'Q26', 'Q26'),
	(25, 'Q24', 'Q24'),
	(25, 'Q30', 'Q30'),
	(25, 'Q33', 'Q33'),
	(25, 'Q28', 'Q28'),
	(25, 'Q31', 'Q31'),
	(25, 'Q21', 'Q21'),
	(26, 'Q3', 'Q3'),
	(26, 'Q16', 'Q16'),
	(26, 'Q9', 'Q9'),
	(26, 'Q17', 'Q17'),
	(26, 'Q12', 'Q12'),
	(26, 'Q2', 'Q2'),
	(26, 'Q13', 'Q13'),
	(26, 'Q11', 'Q11'),
	(26, 'Q20', 'Q20'),
	(26, 'Q7', 'Q7'),
	(27, 'Q48', 'Q48'),
	(28, 'Q33', 'Q33'),
	(28, 'Q24', 'Q24'),
	(28, 'Q22', 'Q22'),
	(28, 'Q30', 'Q30'),
	(28, 'Q28', 'Q28'),
	(28, 'Q21', 'Q21'),
	(28, 'Q26', 'Q26'),
	(28, 'Q32', 'Q32'),
	(28, 'Q31', 'Q31'),
	(28, 'Q29', 'Q29'),
	(29, 'Q30', 'Q30'),
	(29, 'Q21', 'Q21'),
	(29, 'Q26', 'Q26'),
	(29, 'Q23', 'Q23'),
	(29, 'Q28', 'Q28'),
	(29, 'Q48', 'Q48'),
	(29, 'Q24', 'Q24'),
	(29, 'Q22', 'Q22'),
	(29, 'Q27', 'Q27'),
	(29, 'Q29', 'Q29'),
	(30, 'Q21', 'Q21'),
	(30, 'Q28', 'Q28'),
	(30, 'Q33', 'Q33'),
	(30, 'Q32', 'Q32'),
	(30, 'Q31', 'Q31'),
	(30, 'Q30', 'Q30'),
	(30, 'Q48', 'Q48'),
	(30, 'Q23', 'Q23'),
	(30, 'Q26', 'Q26'),
	(30, 'Q24', 'Q24'),
	(31, 'Q23', 'Q23'),
	(31, 'Q21', 'Q21'),
	(31, 'Q26', 'Q26'),
	(31, 'Q24', 'Q24'),
	(31, 'Q25', 'Q25'),
	(31, 'Q48', 'Q48'),
	(31, 'Q33', 'Q33'),
	(31, 'Q32', 'Q32'),
	(31, 'Q30', 'Q30'),
	(31, 'Q22', 'Q22');
/*!40000 ALTER TABLE `quiz_challenge` ENABLE KEYS */;

-- Dumping structure for table quiz.quiz_challenge_details
CREATE TABLE IF NOT EXISTS `quiz_challenge_details` (
  `CHALLENGE_ID` int NOT NULL AUTO_INCREMENT,
  `CHALLENGE_DATE` date NOT NULL,
  `CATEGORYCODE` varchar(20) NOT NULL,
  PRIMARY KEY (`CHALLENGE_ID`),
  KEY `FK_CATEGORY_CODE` (`CATEGORYCODE`),
  CONSTRAINT `FK_CATEGORY_CODE` FOREIGN KEY (`CATEGORYCODE`) REFERENCES `category` (`CATEGORYCODE`)
) ENGINE=InnoDB AUTO_INCREMENT=32 DEFAULT CHARSET=utf8mb4 COLLATE=utf8mb4_0900_ai_ci;

-- Dumping data for table quiz.quiz_challenge_details: ~30 rows (approximately)
/*!40000 ALTER TABLE `quiz_challenge_details` DISABLE KEYS */;
INSERT INTO `quiz_challenge_details` (`CHALLENGE_ID`, `CHALLENGE_DATE`, `CATEGORYCODE`) VALUES
	(1, '2021-04-01', 'ALIP'),
	(2, '2021-04-01', 'ALIP'),
	(3, '2021-04-05', 'LFW'),
	(4, '2021-04-05', 'ALIP'),
	(5, '2021-04-05', 'ALIP'),
	(6, '2021-04-05', 'ALIP'),
	(7, '2021-04-05', 'ALIP'),
	(8, '2021-04-07', 'ALIP'),
	(9, '2021-04-07', 'ALIP'),
	(10, '2021-04-07', 'ALIP'),
	(11, '2021-04-07', 'ALIP'),
	(12, '2021-04-07', 'LFW'),
	(13, '2021-04-07', 'ALIP'),
	(14, '2021-04-07', 'ALIP'),
	(15, '2021-04-07', 'ALIP'),
	(16, '2021-04-07', 'LFW'),
	(17, '2021-04-08', 'ALIP'),
	(18, '2021-04-08', 'LFW'),
	(19, '2021-04-08', 'ALIP'),
	(20, '2021-04-08', 'ALIP'),
	(22, '2021-04-08', 'ALIP'),
	(23, '2021-04-08', 'ALIP'),
	(24, '2021-04-08', 'ALIP'),
	(25, '2021-04-08', 'ALIP'),
	(26, '2021-04-08', 'LFW'),
	(27, '2021-04-09', 'ALIP'),
	(28, '2021-04-09', 'ALIP'),
	(29, '2021-04-12', 'ALIP'),
	(30, '2021-04-12', 'ALIP'),
	(31, '2021-09-15', 'ALIP');
/*!40000 ALTER TABLE `quiz_challenge_details` ENABLE KEYS */;

-- Dumping structure for table quiz.testresult
CREATE TABLE IF NOT EXISTS `testresult` (
  `id` int NOT NULL AUTO_INCREMENT,
  `name` varchar(50) CHARACTER SET utf8mb4 COLLATE utf8mb4_0900_ai_ci NOT NULL,
  `mailid` varchar(50) CHARACTER SET utf8mb4 COLLATE utf8mb4_0900_ai_ci NOT NULL,
  `category` varchar(50) CHARACTER SET utf8mb4 COLLATE utf8mb4_0900_ai_ci NOT NULL,
  `marks` varchar(50) CHARACTER SET utf8mb4 COLLATE utf8mb4_0900_ai_ci NOT NULL,
  `date` varchar(50) CHARACTER SET utf8mb4 COLLATE utf8mb4_0900_ai_ci NOT NULL,
  PRIMARY KEY (`id`)
) ENGINE=InnoDB DEFAULT CHARSET=utf8mb4 COLLATE=utf8mb4_0900_ai_ci;

-- Dumping data for table quiz.testresult: ~0 rows (approximately)
/*!40000 ALTER TABLE `testresult` DISABLE KEYS */;
/*!40000 ALTER TABLE `testresult` ENABLE KEYS */;

-- Dumping structure for table quiz.userlogin
CREATE TABLE IF NOT EXISTS `userlogin` (
  `id` int NOT NULL AUTO_INCREMENT,
  `name` varchar(50) CHARACTER SET utf8mb4 COLLATE utf8mb4_0900_ai_ci NOT NULL,
  `mailid` varchar(50) CHARACTER SET utf8mb4 COLLATE utf8mb4_0900_ai_ci NOT NULL,
  `password` varchar(50) CHARACTER SET utf8mb4 COLLATE utf8mb4_0900_ai_ci NOT NULL,
  `date` date NOT NULL,
  `role` varchar(50) CHARACTER SET utf8mb4 COLLATE utf8mb4_0900_ai_ci NOT NULL,
  PRIMARY KEY (`id`) USING BTREE
) ENGINE=InnoDB AUTO_INCREMENT=3 DEFAULT CHARSET=utf8mb4 COLLATE=utf8mb4_0900_ai_ci;

-- Dumping data for table quiz.userlogin: ~0 rows (approximately)
/*!40000 ALTER TABLE `userlogin` DISABLE KEYS */;
INSERT INTO `userlogin` (`id`, `name`, `mailid`, `password`, `date`, `role`) VALUES
	(1, 'anshikagarg', 'anshikagarg@coforgetech.com', 'MTIzNDU=', '2021-09-20', 'User'),
	(2, 'SwanwayRoy', 'swanway.roy@coforgetech.com', 'MTIzNDU=', '2021-10-23', 'User');
/*!40000 ALTER TABLE `userlogin` ENABLE KEYS */;

/*!40101 SET SQL_MODE=IFNULL(@OLD_SQL_MODE, '') */;
/*!40014 SET FOREIGN_KEY_CHECKS=IFNULL(@OLD_FOREIGN_KEY_CHECKS, 1) */;
/*!40101 SET CHARACTER_SET_CLIENT=@OLD_CHARACTER_SET_CLIENT */;
/*!40111 SET SQL_NOTES=IFNULL(@OLD_SQL_NOTES, 1) */;
