INSERT INTO group_menus (group_menu_code,"name",url,component_name,description,"order",status,created_by,created_date,updated_by,updated_date) VALUES
	 ('GM01','Dashboard','/Dashboard','DashboardPage','',1,'A','0',CURRENT_TIMESTAMP,'0',CURRENT_TIMESTAMP),	 
	 ('GM02','Administration',NULL,NULL,'',8,'A','0',CURRENT_TIMESTAMP,'0',CURRENT_TIMESTAMP),
	 ('GM03','Customer Transactions','/AdminTransactions','AdminTransactionPage','',2,'A','0',CURRENT_TIMESTAMP,'0',CURRENT_TIMESTAMP),
	 ('GM04','Transactions','/CustomerTransactions','CustomerTransactionPage','',3,'A','0',CURRENT_TIMESTAMP,'0',CURRENT_TIMESTAMP),
	 ('GM05','Wallet Management','/AdminWallets','AdminWalletsPage','',4,'A','0',CURRENT_TIMESTAMP,'0',CURRENT_TIMESTAMP),
	 ('GM06','My Wallets','/CustomerWallets','CustomerWalletsPage','',5,'A','0',CURRENT_TIMESTAMP,'0',CURRENT_TIMESTAMP),
	 ('GM07','Assets Management',NULL,NULL,'',7,'A','0',CURRENT_TIMESTAMP,'0',CURRENT_TIMESTAMP),
	 ('GM08','Settings',NULL,NULL,'',6,'A','0',CURRENT_TIMESTAMP,'0',CURRENT_TIMESTAMP),
	 ('GM09','Systems',NULL,NULL,'',9,'A','0',CURRENT_TIMESTAMP,'0',CURRENT_TIMESTAMP);

INSERT INTO menus (group_menu_code,menu_code,"name",url,component_name,description,"order",status,created_by,created_date,updated_by,updated_date) VALUES
	 ('GM02','M01','Users','/Users','UsersPage','',1,'A','0',CURRENT_TIMESTAMP,'0',CURRENT_TIMESTAMP),
	 ('GM02','M02','Roles','/Roles','RolesPage','',2,'A','0',CURRENT_TIMESTAMP,'0',CURRENT_TIMESTAMP),
	 ('GM07','M03','Add/Remove Assets','/Assets','AssetsPage','',1,'A','0',CURRENT_TIMESTAMP,'0',CURRENT_TIMESTAMP),
	 ('GM07','M04','Setup Asset Rates','/AssetRates','AssetRatesPage','',2,'A','0',CURRENT_TIMESTAMP,'0',CURRENT_TIMESTAMP),
	 ('GM08','M05','API Management','/CustomerAPIs','CustomerAPIPage','',1,'A','0',CURRENT_TIMESTAMP,'0',CURRENT_TIMESTAMP),
	 ('GM08','M06','Account Settings','/AccountSettings','AccountSettingPage','',2,'A','0',CURRENT_TIMESTAMP,'0',CURRENT_TIMESTAMP),
	 ('GM09','M07','Fireblocks notifications','/FireblocksNotifications','FireblocksNotificationsPage','',1,'A','0',CURRENT_TIMESTAMP,'0',CURRENT_TIMESTAMP);

INSERT INTO permissions (code,description,status,created_by,created_date,updated_by,updated_date) VALUES
	 ('FULL_ACCESS','','A','0',CURRENT_TIMESTAMP,'0',CURRENT_TIMESTAMP),
	 ('VIEW_ONLY','','A','0',CURRENT_TIMESTAMP,'0',CURRENT_TIMESTAMP);

INSERT INTO roles ("name",description,status,created_by,created_date,updated_by,updated_date) VALUES
	 ('System','','A','0',CURRENT_TIMESTAMP,'0',CURRENT_TIMESTAMP)

INSERT INTO role_menus (role_id,group_menu_code,menu_code,created_by,created_date,updated_by,updated_date) VALUES
	 (1,'GM01',NULL,'0',CURRENT_TIMESTAMP,'0',CURRENT_TIMESTAMP),
	 (1,'GM03',NULL,'0',CURRENT_TIMESTAMP,'0',CURRENT_TIMESTAMP),
	 (1,'GM04',NULL,'0',CURRENT_TIMESTAMP,'0',CURRENT_TIMESTAMP),
	 (1,'GM05',NULL,'0',CURRENT_TIMESTAMP,'0',CURRENT_TIMESTAMP),
	 (1,'GM06',NULL,'0',CURRENT_TIMESTAMP,'0',CURRENT_TIMESTAMP),
	 (1,'GM09',NULL,'0',CURRENT_TIMESTAMP,'0',CURRENT_TIMESTAMP),
	 (1,'GM02','M01','0',CURRENT_TIMESTAMP,'0',CURRENT_TIMESTAMP),
	 (1,'GM02','M02','0',CURRENT_TIMESTAMP,'0',CURRENT_TIMESTAMP),
	 (1,'GM07','M03','0',CURRENT_TIMESTAMP,'0',CURRENT_TIMESTAMP),
	 (1,'GM07','M04','0',CURRENT_TIMESTAMP,'0',CURRENT_TIMESTAMP),
	 (1,'GM08','M05','0',CURRENT_TIMESTAMP,'0',CURRENT_TIMESTAMP),
	 (1,'GM08','M06','0',CURRENT_TIMESTAMP,'0',CURRENT_TIMESTAMP);
	 
INSERT INTO networks (code,"name",image,status,created_by,created_date,updated_by,updated_date) values
	 ('ALGO_ASSET','Algorand','https://s2.coinmarketcap.com/static/img/coins/64x64/4030.png','A','0',CURRENT_TIMESTAMP,'0',CURRENT_TIMESTAMP),
	 ('ERC20','Avalanche','https://s2.coinmarketcap.com/static/img/coins/64x64/5805.png','A','0',CURRENT_TIMESTAMP,'0',CURRENT_TIMESTAMP),
	 ('ERC20','Ethereum','https://s2.coinmarketcap.com/static/img/coins/64x64/1027.png','A','0',CURRENT_TIMESTAMP,'0',CURRENT_TIMESTAMP),
	 ('ERC20','Polygon','https://s2.coinmarketcap.com/static/img/coins/64x64/3890.png','A','0',CURRENT_TIMESTAMP,'0',CURRENT_TIMESTAMP),
	 ('SOL_ASSET','Solana','https://s2.coinmarketcap.com/static/img/coins/64x64/5426.png','A','0',CURRENT_TIMESTAMP,'0',CURRENT_TIMESTAMP),
	 ('XLM_ASSET','Stellar','https://s2.coinmarketcap.com/static/img/coins/64x64/512.png','A','0',CURRENT_TIMESTAMP,'0',CURRENT_TIMESTAMP),
	 ('TRON_TRC20','Tron','https://s2.coinmarketcap.com/static/img/coins/64x64/1958.png','A','0',CURRENT_TIMESTAMP,'0',CURRENT_TIMESTAMP),
	 ('BASE_ASSET','Algorand (BASE)',NULL,'I','0',CURRENT_TIMESTAMP,'0',CURRENT_TIMESTAMP),
	 ('BASE_ASSET','Avalanche (BASE)',NULL,'I','0',CURRENT_TIMESTAMP,'0',CURRENT_TIMESTAMP),
	 ('BASE_ASSET','Ethereum (BASE)',NULL,'I','0',CURRENT_TIMESTAMP,'0',CURRENT_TIMESTAMP),
	 ('ERC20','Polygon (BASE)',NULL,'I','0',CURRENT_TIMESTAMP,'0',CURRENT_TIMESTAMP),
	 ('BASE_ASSET','Solana (BASE)',NULL,'I','0',CURRENT_TIMESTAMP,'0',CURRENT_TIMESTAMP),
	 ('BASE_ASSET','Stellar (BASE)',NULL,'I','0',CURRENT_TIMESTAMP,'0',CURRENT_TIMESTAMP),
	 ('BASE_ASSET','Tron (BASE)',NULL,'I','0',CURRENT_TIMESTAMP,'0',CURRENT_TIMESTAMP);

INSERT INTO assets (network_id,native_asset_symbol,code,"name",image,status,created_by,created_date,updated_by,updated_date,asset_group,contract_address) VALUES
	 (1,'ALGO','ALGO_USDC_UV4I','USDC on Algorand','https://s2.coinmarketcap.com/static/img/coins/64x64/3408.png','A','0',CURRENT_TIMESTAMP,'0',CURRENT_TIMESTAMP,'USDC',''),	 
	 (2,'AVAX','USDC_AVAX','USD Coin (Avalanche)','https://s2.coinmarketcap.com/static/img/coins/64x64/3408.png','A','0',CURRENT_TIMESTAMP,'0',CURRENT_TIMESTAMP,'USDC','0xB97EF9Ef8734C71904D8002F8b6Bc66Dd9c48a6E'),
	 (3,'ETH','USDC','USD Coin','https://s2.coinmarketcap.com/static/img/coins/64x64/3408.png','A','0',CURRENT_TIMESTAMP,'0',CURRENT_TIMESTAMP,'USDC','0xA0b86991c6218b36c1d19D4a2e9Eb0cE3606eB48'),
	 (4,'MATIC','USDC_POLYGON','USDC (Polygon)','https://s2.coinmarketcap.com/static/img/coins/64x64/3408.png','A','0',CURRENT_TIMESTAMP,'0',CURRENT_TIMESTAMP,'USDC','0x2791Bca1f2de4661ED88A30C99A7a9449Aa84174'),
	 (5,'SOL','SOL_USDC_PTHX','USD Coin (Solana)','https://s2.coinmarketcap.com/static/img/coins/64x64/3408.png','A','0',CURRENT_TIMESTAMP,'0',CURRENT_TIMESTAMP,'USDC',''),
	 (6,'XLM','XLM_USDC_5F3T','USD Coin (Stellar)','https://s2.coinmarketcap.com/static/img/coins/64x64/3408.png','A','0',CURRENT_TIMESTAMP,'0',CURRENT_TIMESTAMP,'USDC',''),
	 (7,'TRX','TRX_USDC_6NU3','USD Coin (Tron)','https://s2.coinmarketcap.com/static/img/coins/64x64/3408.png','A','0',CURRENT_TIMESTAMP,'0',CURRENT_TIMESTAMP,'USDC',''),
	 (8,'ALGO','ALGO','Algorand (BASE)',NULL,'I','0',CURRENT_TIMESTAMP,'0',CURRENT_TIMESTAMP,'',''),
	 (9,'AVAX','AVAX','Avalanche (BASE)',NULL,'I','0',CURRENT_TIMESTAMP,'0',CURRENT_TIMESTAMP,'',''),
	 (10,'ETH','ETH','Ethereum (BASE)',NULL,'I','0',CURRENT_TIMESTAMP,'0',CURRENT_TIMESTAMP,'',''),
	 (11,'MATIC','MATIC_POLYGON','Polygon (BASE)',NULL,'I','0',CURRENT_TIMESTAMP,'0',CURRENT_TIMESTAMP,'',''),
	 (12,'SOL','SOL','Solana (BASE)',NULL,'I','0',CURRENT_TIMESTAMP,'0',CURRENT_TIMESTAMP,'',''),
	 (13,'XLM','XLM','Stellar (BASE)',NULL,'I','0',CURRENT_TIMESTAMP,'0',CURRENT_TIMESTAMP,'',''),
	 (14,'TRX','TRX','Tron (BASE)',NULL,'I','0',CURRENT_TIMESTAMP,'0',CURRENT_TIMESTAMP,'','');

INSERT INTO bank_account_country_forms (country,form_name) VALUES
	 ('USA','form_2'),
	 ('GBR','form_2'),
	 ('EU','default_form'),
	 ('LKA','default_form'),
	 ('NZL','default_form'),
	 ('THA','default_form'),
	 ('NGA','default_form'),
	 ('UGA','default_form'),
	 ('JPN','default_form'),
	 ('BWA','default_form'),
	 ('TZA','default_form'),
	 ('CHN','form_1'),
	 ('COD','default_form'),
	 ('SEN','default_form'),
	 ('PHL','form_3'),
	 ('MMR','default_form'),
	 ('HKG','default_form'),
	 ('SGP','default_form'),
	 ('ARE','default_form'),
	 ('KOR','form_1'),
	 ('KWT','default_form'),
	 ('SAU','default_form'),
	 ('IDN','default_form'),
	 ('KEN','default_form'),
	 ('MYS','default_form'),
	 ('BEN','default_form'),
	 ('VNM','default_form'),
	 ('RWA','default_form'),
	 ('CMR','default_form'),
	 ('BRA','default_form'),
	 ('OMN','default_form'),
	 ('GHA','default_form'),
	 ('QAT','default_form'),
	 ('MOZ','default_form'),
	 ('MWI','default_form'),
	 ('KHM','default_form'),
	 ('PAK','default_form'),
	 ('AUS','form_2'),
	 ('ETH','default_form'),
	 ('SLE','default_form'),
	 ('IND','default_form'),
	 ('NPL','default_form'),
	 ('BGD','default_form');

INSERT INTO countries (code,alpha_2_code,"name",status,created_by,created_date,updated_by,updated_date,image,calling_code) VALUES
	 ('CHN','CH','China','A','0',CURRENT_TIMESTAMP,'0',CURRENT_TIMESTAMP,NULL,NULL),
	 ('IND','IN','India','A','0',CURRENT_TIMESTAMP,'0',CURRENT_TIMESTAMP,NULL,NULL),
	 ('PHL','PH','Philippines','A','0',CURRENT_TIMESTAMP,'0',CURRENT_TIMESTAMP,NULL,NULL),
	 ('SGP','SG','Singapore','A','0',CURRENT_TIMESTAMP,'0',CURRENT_TIMESTAMP,NULL,NULL),
	 ('AUS','AU','Australia','A','0',CURRENT_TIMESTAMP,'0',CURRENT_TIMESTAMP,NULL,NULL),
	 ('MYS','MY','Malaysia','A','0',CURRENT_TIMESTAMP,'0',CURRENT_TIMESTAMP,NULL,NULL),
	 ('BGD','BD','Bangladesh','A','0',CURRENT_TIMESTAMP,'0',CURRENT_TIMESTAMP,NULL,NULL),
	 ('AFG','AF','Afghanistan','A','0',CURRENT_TIMESTAMP,'0',CURRENT_TIMESTAMP,NULL,NULL),
	 ('ALB','AL','Albania','A','0',CURRENT_TIMESTAMP,'0',CURRENT_TIMESTAMP,NULL,NULL),
	 ('DZA','DZ','Algeria','A','0',CURRENT_TIMESTAMP,'0',CURRENT_TIMESTAMP,NULL,NULL),
	 ('ASM','AS','American Samoa','A','0',CURRENT_TIMESTAMP,'0',CURRENT_TIMESTAMP,NULL,NULL),
	 ('AND','AD','Andorra','A','0',CURRENT_TIMESTAMP,'0',CURRENT_TIMESTAMP,NULL,NULL),
	 ('AGO','AO','Angola','A','0',CURRENT_TIMESTAMP,'0',CURRENT_TIMESTAMP,NULL,NULL),
	 ('AIA','AI','Anguilla','A','0',CURRENT_TIMESTAMP,'0',CURRENT_TIMESTAMP,NULL,NULL),
	 ('ATA','AQ','Antarctica','A','0',CURRENT_TIMESTAMP,'0',CURRENT_TIMESTAMP,NULL,NULL),
	 ('ATG','AG','Antigua and Barbuda','A','0',CURRENT_TIMESTAMP,'0',CURRENT_TIMESTAMP,NULL,NULL),
	 ('ARG','AR','Argentina','A','0',CURRENT_TIMESTAMP,'0',CURRENT_TIMESTAMP,NULL,NULL),
	 ('ARM','AM','Armenia','A','0',CURRENT_TIMESTAMP,'0',CURRENT_TIMESTAMP,NULL,NULL),
	 ('ABW','AW','Aruba','A','0',CURRENT_TIMESTAMP,'0',CURRENT_TIMESTAMP,NULL,NULL),
	 ('AUT','AT','Austria','A','0',CURRENT_TIMESTAMP,'0',CURRENT_TIMESTAMP,NULL,NULL),
	 ('AZE','AZ','Azerbaijan','A','0',CURRENT_TIMESTAMP,'0',CURRENT_TIMESTAMP,NULL,NULL),
	 ('BHS','BS','Bahamas','A','0',CURRENT_TIMESTAMP,'0',CURRENT_TIMESTAMP,NULL,NULL),
	 ('BHR','BH','Bahrain','A','0',CURRENT_TIMESTAMP,'0',CURRENT_TIMESTAMP,NULL,NULL),
	 ('BRB','BB','Barbados','A','0',CURRENT_TIMESTAMP,'0',CURRENT_TIMESTAMP,NULL,NULL),
	 ('BLR','BY','Belarus','A','0',CURRENT_TIMESTAMP,'0',CURRENT_TIMESTAMP,NULL,NULL),
	 ('BEL','BE','Belgium','A','0',CURRENT_TIMESTAMP,'0',CURRENT_TIMESTAMP,NULL,NULL),
	 ('BLZ','BZ','Belize','A','0',CURRENT_TIMESTAMP,'0',CURRENT_TIMESTAMP,NULL,NULL),
	 ('BEN','BJ','Benin','A','0',CURRENT_TIMESTAMP,'0',CURRENT_TIMESTAMP,NULL,NULL),
	 ('BMU','BM','Bermuda','A','0',CURRENT_TIMESTAMP,'0',CURRENT_TIMESTAMP,NULL,NULL),
	 ('BTN','BT','Bhutan','A','0',CURRENT_TIMESTAMP,'0',CURRENT_TIMESTAMP,NULL,NULL),
	 ('BOL','BO','Bolivia','A','0',CURRENT_TIMESTAMP,'0',CURRENT_TIMESTAMP,NULL,NULL),
	 ('BIH','BA','Bosnia and Herzegovina','A','0',CURRENT_TIMESTAMP,'0',CURRENT_TIMESTAMP,NULL,NULL),
	 ('BWA','BW','Botswana','A','0',CURRENT_TIMESTAMP,'0',CURRENT_TIMESTAMP,NULL,NULL),
	 ('BRA','BR','Brazil','A','0',CURRENT_TIMESTAMP,'0',CURRENT_TIMESTAMP,NULL,NULL),
	 ('IOT','IO','British Indian Ocean Territory','A','0',CURRENT_TIMESTAMP,'0',CURRENT_TIMESTAMP,NULL,NULL),
	 ('VGB','VG','British Virgin Islands','A','0',CURRENT_TIMESTAMP,'0',CURRENT_TIMESTAMP,NULL,NULL),
	 ('BRN','BN','Brunei','A','0',CURRENT_TIMESTAMP,'0',CURRENT_TIMESTAMP,NULL,NULL),
	 ('BGR','BG','Bulgaria','A','0',CURRENT_TIMESTAMP,'0',CURRENT_TIMESTAMP,NULL,NULL),
	 ('BFA','BF','Burkina Faso','A','0',CURRENT_TIMESTAMP,'0',CURRENT_TIMESTAMP,NULL,NULL),
	 ('BDI','BI','Burundi','A','0',CURRENT_TIMESTAMP,'0',CURRENT_TIMESTAMP,NULL,NULL),
	 ('KHM','KH','Cambodia','A','0',CURRENT_TIMESTAMP,'0',CURRENT_TIMESTAMP,NULL,NULL),
	 ('CMR','CM','Cameroon','A','0',CURRENT_TIMESTAMP,'0',CURRENT_TIMESTAMP,NULL,NULL),
	 ('CAN','CA','Canada','A','0',CURRENT_TIMESTAMP,'0',CURRENT_TIMESTAMP,NULL,NULL),
	 ('CPV','CV','Cape Verde','A','0',CURRENT_TIMESTAMP,'0',CURRENT_TIMESTAMP,NULL,NULL),
	 ('CYM','KY','Cayman Islands','A','0',CURRENT_TIMESTAMP,'0',CURRENT_TIMESTAMP,NULL,NULL),
	 ('CAF','CF','Central African Republic','A','0',CURRENT_TIMESTAMP,'0',CURRENT_TIMESTAMP,NULL,NULL),
	 ('TCD','TD','Chad','A','0',CURRENT_TIMESTAMP,'0',CURRENT_TIMESTAMP,NULL,NULL),
	 ('CHL','CL','Chile','A','0',CURRENT_TIMESTAMP,'0',CURRENT_TIMESTAMP,NULL,NULL),
	 ('CXR','CX','Christmas Island','A','0',CURRENT_TIMESTAMP,'0',CURRENT_TIMESTAMP,NULL,NULL),
	 ('CCK','CC','Cocos Islands','A','0',CURRENT_TIMESTAMP,'0',CURRENT_TIMESTAMP,NULL,NULL),
	 ('COL','CO','Colombia','A','0',CURRENT_TIMESTAMP,'0',CURRENT_TIMESTAMP,NULL,NULL),
	 ('COM','KM','Comoros','A','0',CURRENT_TIMESTAMP,'0',CURRENT_TIMESTAMP,NULL,NULL),
	 ('COK','CK','Cook Islands','A','0',CURRENT_TIMESTAMP,'0',CURRENT_TIMESTAMP,NULL,NULL),
	 ('CRI','CR','Costa Rica','A','0',CURRENT_TIMESTAMP,'0',CURRENT_TIMESTAMP,NULL,NULL),
	 ('HRV','HR','Croatia','A','0',CURRENT_TIMESTAMP,'0',CURRENT_TIMESTAMP,NULL,NULL),
	 ('CUB','CU','Cuba','A','0',CURRENT_TIMESTAMP,'0',CURRENT_TIMESTAMP,NULL,NULL),
	 ('CUW','CW','Curacao','A','0',CURRENT_TIMESTAMP,'0',CURRENT_TIMESTAMP,NULL,NULL),
	 ('CYP','CY','Cyprus','A','0',CURRENT_TIMESTAMP,'0',CURRENT_TIMESTAMP,NULL,NULL),
	 ('CZE','CZ','Czech Republic','A','0',CURRENT_TIMESTAMP,'0',CURRENT_TIMESTAMP,NULL,NULL),
	 ('COD','CD','Democratic Republic of the Congo','A','0',CURRENT_TIMESTAMP,'0',CURRENT_TIMESTAMP,NULL,NULL),
	 ('DNK','DK','Denmark','A','0',CURRENT_TIMESTAMP,'0',CURRENT_TIMESTAMP,NULL,NULL),
	 ('DJI','DJ','Djibouti','A','0',CURRENT_TIMESTAMP,'0',CURRENT_TIMESTAMP,NULL,NULL),
	 ('DMA','DM','Dominica','A','0',CURRENT_TIMESTAMP,'0',CURRENT_TIMESTAMP,NULL,NULL),
	 ('DOM','DO','Dominican Republic','A','0',CURRENT_TIMESTAMP,'0',CURRENT_TIMESTAMP,NULL,NULL),
	 ('TLS','TL','East Timor','A','0',CURRENT_TIMESTAMP,'0',CURRENT_TIMESTAMP,NULL,NULL),
	 ('ECU','EC','Ecuador','A','0',CURRENT_TIMESTAMP,'0',CURRENT_TIMESTAMP,NULL,NULL),
	 ('SLV','SV','El Salvador','A','0',CURRENT_TIMESTAMP,'0',CURRENT_TIMESTAMP,NULL,NULL),
	 ('GNQ','GQ','Equatorial Guinea','A','0',CURRENT_TIMESTAMP,'0',CURRENT_TIMESTAMP,NULL,NULL),
	 ('ERI','ER','Eritrea','A','0',CURRENT_TIMESTAMP,'0',CURRENT_TIMESTAMP,NULL,NULL),
	 ('EST','EE','Estonia','A','0',CURRENT_TIMESTAMP,'0',CURRENT_TIMESTAMP,NULL,NULL),
	 ('ETH','ET','Ethiopia','A','0',CURRENT_TIMESTAMP,'0',CURRENT_TIMESTAMP,NULL,NULL),
	 ('FLK','FK','Falkland Islands','A','0',CURRENT_TIMESTAMP,'0',CURRENT_TIMESTAMP,NULL,NULL),
	 ('FRO','FO','Faroe Islands','A','0',CURRENT_TIMESTAMP,'0',CURRENT_TIMESTAMP,NULL,NULL),
	 ('FJI','FJ','Fiji','A','0',CURRENT_TIMESTAMP,'0',CURRENT_TIMESTAMP,NULL,NULL),
	 ('FIN','FI','Finland','A','0',CURRENT_TIMESTAMP,'0',CURRENT_TIMESTAMP,NULL,NULL),
	 ('FRA','FR','France','A','0',CURRENT_TIMESTAMP,'0',CURRENT_TIMESTAMP,NULL,NULL),
	 ('PYF','PF','French Polynesia','A','0',CURRENT_TIMESTAMP,'0',CURRENT_TIMESTAMP,NULL,NULL),
	 ('GAB','GA','Gabon','A','0',CURRENT_TIMESTAMP,'0',CURRENT_TIMESTAMP,NULL,NULL),
	 ('GMB','GM','Gambia','A','0',CURRENT_TIMESTAMP,'0',CURRENT_TIMESTAMP,NULL,NULL),
	 ('GEO','GE','Georgia','A','0',CURRENT_TIMESTAMP,'0',CURRENT_TIMESTAMP,NULL,NULL),
	 ('DEU','DE','Germany','A','0',CURRENT_TIMESTAMP,'0',CURRENT_TIMESTAMP,NULL,NULL),
	 ('GHA','GH','Ghana','A','0',CURRENT_TIMESTAMP,'0',CURRENT_TIMESTAMP,NULL,NULL),
	 ('GIB','GI','Gibraltar','A','0',CURRENT_TIMESTAMP,'0',CURRENT_TIMESTAMP,NULL,NULL),
	 ('GRC','GR','Greece','A','0',CURRENT_TIMESTAMP,'0',CURRENT_TIMESTAMP,NULL,NULL),
	 ('GRL','GL','Greenland','A','0',CURRENT_TIMESTAMP,'0',CURRENT_TIMESTAMP,NULL,NULL),
	 ('GRD','GD','Grenada','A','0',CURRENT_TIMESTAMP,'0',CURRENT_TIMESTAMP,NULL,NULL),
	 ('GUM','GU','Guam','A','0',CURRENT_TIMESTAMP,'0',CURRENT_TIMESTAMP,NULL,NULL),
	 ('GTM','GT','Guatemala','A','0',CURRENT_TIMESTAMP,'0',CURRENT_TIMESTAMP,NULL,NULL),
	 ('GGY','GG','Guernsey','A','0',CURRENT_TIMESTAMP,'0',CURRENT_TIMESTAMP,NULL,NULL),
	 ('GIN','GN','Guinea','A','0',CURRENT_TIMESTAMP,'0',CURRENT_TIMESTAMP,NULL,NULL),
	 ('GNB','GW','Guinea-Bissau','A','0',CURRENT_TIMESTAMP,'0',CURRENT_TIMESTAMP,NULL,NULL),
	 ('GUY','GY','Guyana','A','0',CURRENT_TIMESTAMP,'0',CURRENT_TIMESTAMP,NULL,NULL),
	 ('HTI','HT','Haiti','A','0',CURRENT_TIMESTAMP,'0',CURRENT_TIMESTAMP,NULL,NULL),
	 ('HND','HN','Honduras','A','0',CURRENT_TIMESTAMP,'0',CURRENT_TIMESTAMP,NULL,NULL),
	 ('HKG','HK','Hong Kong','A','0',CURRENT_TIMESTAMP,'0',CURRENT_TIMESTAMP,NULL,NULL),
	 ('HUN','HU','Hungary','A','0',CURRENT_TIMESTAMP,'0',CURRENT_TIMESTAMP,NULL,NULL),
	 ('ISL','IS','Iceland','A','0',CURRENT_TIMESTAMP,'0',CURRENT_TIMESTAMP,NULL,NULL),
	 ('IDN','ID','Indonesia','A','0',CURRENT_TIMESTAMP,'0',CURRENT_TIMESTAMP,NULL,NULL),
	 ('IRN','IR','Iran','A','0',CURRENT_TIMESTAMP,'0',CURRENT_TIMESTAMP,NULL,NULL),
	 ('IRQ','IQ','Iraq','A','0',CURRENT_TIMESTAMP,'0',CURRENT_TIMESTAMP,NULL,NULL),
	 ('IRL','IE','Ireland','A','0',CURRENT_TIMESTAMP,'0',CURRENT_TIMESTAMP,NULL,NULL),
	 ('EGY','EG','Egypt','A','0',CURRENT_TIMESTAMP,'0',CURRENT_TIMESTAMP,NULL,'+20'),
	 ('JPN','JP','Japan','A','0',CURRENT_TIMESTAMP,'0',CURRENT_TIMESTAMP,NULL,'+81'),
	 ('IMN','IM','Isle of Man','A','0',CURRENT_TIMESTAMP,'0',CURRENT_TIMESTAMP,NULL,NULL),
	 ('ISR','IL','Israel','A','0',CURRENT_TIMESTAMP,'0',CURRENT_TIMESTAMP,NULL,NULL),
	 ('ITA','IT','Italy','A','0',CURRENT_TIMESTAMP,'0',CURRENT_TIMESTAMP,NULL,NULL),
	 ('CIV','CI','Ivory Coast','A','0',CURRENT_TIMESTAMP,'0',CURRENT_TIMESTAMP,NULL,NULL),
	 ('JAM','JM','Jamaica','A','0',CURRENT_TIMESTAMP,'0',CURRENT_TIMESTAMP,NULL,NULL),
	 ('JEY','JE','Jersey','A','0',CURRENT_TIMESTAMP,'0',CURRENT_TIMESTAMP,NULL,NULL),
	 ('JOR','JO','Jordan','A','0',CURRENT_TIMESTAMP,'0',CURRENT_TIMESTAMP,NULL,NULL),
	 ('KAZ','KZ','Kazakhstan','A','0',CURRENT_TIMESTAMP,'0',CURRENT_TIMESTAMP,NULL,NULL),
	 ('KEN','KE','Kenya','A','0',CURRENT_TIMESTAMP,'0',CURRENT_TIMESTAMP,NULL,NULL),
	 ('KIR','KI','Kiribati','A','0',CURRENT_TIMESTAMP,'0',CURRENT_TIMESTAMP,NULL,NULL),
	 ('XKX','XK','Kosovo','A','0',CURRENT_TIMESTAMP,'0',CURRENT_TIMESTAMP,NULL,NULL),
	 ('KWT','KW','Kuwait','A','0',CURRENT_TIMESTAMP,'0',CURRENT_TIMESTAMP,NULL,NULL),
	 ('KGZ','KG','Kyrgyzstan','A','0',CURRENT_TIMESTAMP,'0',CURRENT_TIMESTAMP,NULL,NULL),
	 ('LAO','LA','Laos','A','0',CURRENT_TIMESTAMP,'0',CURRENT_TIMESTAMP,NULL,NULL),
	 ('LVA','LV','Latvia','A','0',CURRENT_TIMESTAMP,'0',CURRENT_TIMESTAMP,NULL,NULL),
	 ('LBN','LB','Lebanon','A','0',CURRENT_TIMESTAMP,'0',CURRENT_TIMESTAMP,NULL,NULL),
	 ('LSO','LS','Lesotho','A','0',CURRENT_TIMESTAMP,'0',CURRENT_TIMESTAMP,NULL,NULL),
	 ('LBR','LR','Liberia','A','0',CURRENT_TIMESTAMP,'0',CURRENT_TIMESTAMP,NULL,NULL),
	 ('LBY','LY','Libya','A','0',CURRENT_TIMESTAMP,'0',CURRENT_TIMESTAMP,NULL,NULL),
	 ('LIE','LI','Liechtenstein','A','0',CURRENT_TIMESTAMP,'0',CURRENT_TIMESTAMP,NULL,NULL),
	 ('LTU','LT','Lithuania','A','0',CURRENT_TIMESTAMP,'0',CURRENT_TIMESTAMP,NULL,NULL),
	 ('LUX','LU','Luxembourg','A','0',CURRENT_TIMESTAMP,'0',CURRENT_TIMESTAMP,NULL,NULL),
	 ('MAC','MO','Macau','A','0',CURRENT_TIMESTAMP,'0',CURRENT_TIMESTAMP,NULL,NULL),
	 ('MKD','MK','Macedonia','A','0',CURRENT_TIMESTAMP,'0',CURRENT_TIMESTAMP,NULL,NULL),
	 ('MDG','MG','Madagascar','A','0',CURRENT_TIMESTAMP,'0',CURRENT_TIMESTAMP,NULL,NULL),
	 ('MWI','MW','Malawi','A','0',CURRENT_TIMESTAMP,'0',CURRENT_TIMESTAMP,NULL,NULL),
	 ('MDV','MV','Maldives','A','0',CURRENT_TIMESTAMP,'0',CURRENT_TIMESTAMP,NULL,NULL),
	 ('MLI','ML','Mali','A','0',CURRENT_TIMESTAMP,'0',CURRENT_TIMESTAMP,NULL,NULL),
	 ('MLT','MT','Malta','A','0',CURRENT_TIMESTAMP,'0',CURRENT_TIMESTAMP,NULL,NULL),
	 ('MHL','MH','Marshall Islands','A','0',CURRENT_TIMESTAMP,'0',CURRENT_TIMESTAMP,NULL,NULL),
	 ('MRT','MR','Mauritania','A','0',CURRENT_TIMESTAMP,'0',CURRENT_TIMESTAMP,NULL,NULL),
	 ('MUS','MU','Mauritius','A','0',CURRENT_TIMESTAMP,'0',CURRENT_TIMESTAMP,NULL,NULL),
	 ('MYT','YT','Mayotte','A','0',CURRENT_TIMESTAMP,'0',CURRENT_TIMESTAMP,NULL,NULL),
	 ('MEX','MX','Mexico','A','0',CURRENT_TIMESTAMP,'0',CURRENT_TIMESTAMP,NULL,NULL),
	 ('FSM','FM','Micronesia','A','0',CURRENT_TIMESTAMP,'0',CURRENT_TIMESTAMP,NULL,NULL),
	 ('MDA','MD','Moldova','A','0',CURRENT_TIMESTAMP,'0',CURRENT_TIMESTAMP,NULL,NULL),
	 ('MCO','MC','Monaco','A','0',CURRENT_TIMESTAMP,'0',CURRENT_TIMESTAMP,NULL,NULL),
	 ('MNG','MN','Mongolia','A','0',CURRENT_TIMESTAMP,'0',CURRENT_TIMESTAMP,NULL,NULL),
	 ('MNE','ME','Montenegro','A','0',CURRENT_TIMESTAMP,'0',CURRENT_TIMESTAMP,NULL,NULL),
	 ('MSR','MS','Montserrat','A','0',CURRENT_TIMESTAMP,'0',CURRENT_TIMESTAMP,NULL,NULL),
	 ('MAR','MA','Morocco','A','0',CURRENT_TIMESTAMP,'0',CURRENT_TIMESTAMP,NULL,NULL),
	 ('MOZ','MZ','Mozambique','A','0',CURRENT_TIMESTAMP,'0',CURRENT_TIMESTAMP,NULL,NULL),
	 ('MMR','MM','Myanmar','A','0',CURRENT_TIMESTAMP,'0',CURRENT_TIMESTAMP,NULL,NULL),
	 ('NAM','NA','Namibia','A','0',CURRENT_TIMESTAMP,'0',CURRENT_TIMESTAMP,NULL,NULL),
	 ('NRU','NR','Nauru','A','0',CURRENT_TIMESTAMP,'0',CURRENT_TIMESTAMP,NULL,NULL),
	 ('NPL','NP','Nepal','A','0',CURRENT_TIMESTAMP,'0',CURRENT_TIMESTAMP,NULL,NULL),
	 ('NLD','NL','Netherlands','A','0',CURRENT_TIMESTAMP,'0',CURRENT_TIMESTAMP,NULL,NULL),
	 ('ANT','AN','Netherlands Antilles','A','0',CURRENT_TIMESTAMP,'0',CURRENT_TIMESTAMP,NULL,NULL),
	 ('NCL','NC','New Caledonia','A','0',CURRENT_TIMESTAMP,'0',CURRENT_TIMESTAMP,NULL,NULL),
	 ('NZL','NZ','New Zealand','A','0',CURRENT_TIMESTAMP,'0',CURRENT_TIMESTAMP,NULL,NULL),
	 ('NIC','NI','Nicaragua','A','0',CURRENT_TIMESTAMP,'0',CURRENT_TIMESTAMP,NULL,NULL),
	 ('NER','NE','Niger','A','0',CURRENT_TIMESTAMP,'0',CURRENT_TIMESTAMP,NULL,NULL),
	 ('NGA','NG','Nigeria','A','0',CURRENT_TIMESTAMP,'0',CURRENT_TIMESTAMP,NULL,NULL),
	 ('NIU','NU','Niue','A','0',CURRENT_TIMESTAMP,'0',CURRENT_TIMESTAMP,NULL,NULL),
	 ('PRK','KP','North Korea','A','0',CURRENT_TIMESTAMP,'0',CURRENT_TIMESTAMP,NULL,NULL),
	 ('MNP','MP','Northern Mariana Islands','A','0',CURRENT_TIMESTAMP,'0',CURRENT_TIMESTAMP,NULL,NULL),
	 ('NOR','NO','Norway','A','0',CURRENT_TIMESTAMP,'0',CURRENT_TIMESTAMP,NULL,NULL),
	 ('OMN','OM','Oman','A','0',CURRENT_TIMESTAMP,'0',CURRENT_TIMESTAMP,NULL,NULL),
	 ('PAK','PK','Pakistan','A','0',CURRENT_TIMESTAMP,'0',CURRENT_TIMESTAMP,NULL,NULL),
	 ('PLW','PW','Palau','A','0',CURRENT_TIMESTAMP,'0',CURRENT_TIMESTAMP,NULL,NULL),
	 ('PSE','PS','Palestine','A','0',CURRENT_TIMESTAMP,'0',CURRENT_TIMESTAMP,NULL,NULL),
	 ('PAN','PA','Panama','A','0',CURRENT_TIMESTAMP,'0',CURRENT_TIMESTAMP,NULL,NULL),
	 ('PNG','PG','Papua New Guinea','A','0',CURRENT_TIMESTAMP,'0',CURRENT_TIMESTAMP,NULL,NULL),
	 ('PRY','PY','Paraguay','A','0',CURRENT_TIMESTAMP,'0',CURRENT_TIMESTAMP,NULL,NULL),
	 ('PER','PE','Peru','A','0',CURRENT_TIMESTAMP,'0',CURRENT_TIMESTAMP,NULL,NULL),
	 ('EU','EU','EU','A','0',CURRENT_TIMESTAMP,'0',CURRENT_TIMESTAMP,NULL,NULL),
	 ('LKA','LK','Sri Lanka','A','0',CURRENT_TIMESTAMP,'0',CURRENT_TIMESTAMP,NULL,NULL),
	 ('ARE','AE','United Arab Emirates','A','0',CURRENT_TIMESTAMP,'0',CURRENT_TIMESTAMP,NULL,NULL),
	 ('QAT','QA','Qatar','A','0',CURRENT_TIMESTAMP,'0',CURRENT_TIMESTAMP,NULL,NULL),
	 ('SAU','SA','Saudi Arabia','A','0',CURRENT_TIMESTAMP,'0',CURRENT_TIMESTAMP,NULL,NULL),
	 ('UGA','UG','Uganda','A','0',CURRENT_TIMESTAMP,'0',CURRENT_TIMESTAMP,NULL,NULL),
	 ('TZA','TZ','Tanzania','A','0',CURRENT_TIMESTAMP,'0',CURRENT_TIMESTAMP,NULL,NULL),
	 ('RWA','RW','Rwanda','A','0',CURRENT_TIMESTAMP,'0',CURRENT_TIMESTAMP,NULL,NULL),
	 ('SEN','SN','Senegal','A','0',CURRENT_TIMESTAMP,'0',CURRENT_TIMESTAMP,NULL,NULL),
	 ('SLE','SL','Sierra Leone','A','0',CURRENT_TIMESTAMP,'0',CURRENT_TIMESTAMP,NULL,NULL),
	 ('PCN','PN','Pitcairn','A','0',CURRENT_TIMESTAMP,'0',CURRENT_TIMESTAMP,NULL,NULL),
	 ('POL','PL','Poland','A','0',CURRENT_TIMESTAMP,'0',CURRENT_TIMESTAMP,NULL,NULL),
	 ('PRT','PT','Portugal','A','0',CURRENT_TIMESTAMP,'0',CURRENT_TIMESTAMP,NULL,NULL),
	 ('PRI','PR','Puerto Rico','A','0',CURRENT_TIMESTAMP,'0',CURRENT_TIMESTAMP,NULL,NULL),
	 ('COG','CG','Republic of the Congo','A','0',CURRENT_TIMESTAMP,'0',CURRENT_TIMESTAMP,NULL,NULL),
	 ('REU','RE','Reunion','A','0',CURRENT_TIMESTAMP,'0',CURRENT_TIMESTAMP,NULL,NULL),
	 ('ROU','RO','Romania','A','0',CURRENT_TIMESTAMP,'0',CURRENT_TIMESTAMP,NULL,NULL),
	 ('RUS','RU','Russia','A','0',CURRENT_TIMESTAMP,'0',CURRENT_TIMESTAMP,NULL,NULL),
	 ('BLM','BL','Saint Barthelemy','A','0',CURRENT_TIMESTAMP,'0',CURRENT_TIMESTAMP,NULL,NULL),
	 ('SHN','SH','Saint Helena','A','0',CURRENT_TIMESTAMP,'0',CURRENT_TIMESTAMP,NULL,NULL),
	 ('KNA','KN','Saint Kitts and Nevis','A','0',CURRENT_TIMESTAMP,'0',CURRENT_TIMESTAMP,NULL,NULL),
	 ('LCA','LC','Saint Lucia','A','0',CURRENT_TIMESTAMP,'0',CURRENT_TIMESTAMP,NULL,NULL),
	 ('MAF','MF','Saint Martin','A','0',CURRENT_TIMESTAMP,'0',CURRENT_TIMESTAMP,NULL,NULL),
	 ('SPM','PM','Saint Pierre and Miquelon','A','0',CURRENT_TIMESTAMP,'0',CURRENT_TIMESTAMP,NULL,NULL),
	 ('VCT','VC','Saint Vincent and the Grenadines','A','0',CURRENT_TIMESTAMP,'0',CURRENT_TIMESTAMP,NULL,NULL),
	 ('WSM','WS','Samoa','A','0',CURRENT_TIMESTAMP,'0',CURRENT_TIMESTAMP,NULL,NULL),
	 ('SMR','SM','San Marino','A','0',CURRENT_TIMESTAMP,'0',CURRENT_TIMESTAMP,NULL,NULL),
	 ('STP','ST','Sao Tome and Principe','A','0',CURRENT_TIMESTAMP,'0',CURRENT_TIMESTAMP,NULL,NULL),
	 ('SRB','RS','Serbia','A','0',CURRENT_TIMESTAMP,'0',CURRENT_TIMESTAMP,NULL,NULL),
	 ('THA','TH','Thailand','A','0',CURRENT_TIMESTAMP,'0',CURRENT_TIMESTAMP,NULL,'+66'),
	 ('USA','US','United States','A','0',CURRENT_TIMESTAMP,'0',CURRENT_TIMESTAMP,NULL,'+1'),
	 ('KOR','KR','South Korea','A','0',CURRENT_TIMESTAMP,'0',CURRENT_TIMESTAMP,NULL,'+82'),
	 ('VNM','VN','Vietnam','A','0',CURRENT_TIMESTAMP,'0',CURRENT_TIMESTAMP,NULL,'+84'),
	 ('SYC','SC','Seychelles','A','0',CURRENT_TIMESTAMP,'0',CURRENT_TIMESTAMP,NULL,NULL),
	 ('SXM','SX','Sint Maarten','A','0',CURRENT_TIMESTAMP,'0',CURRENT_TIMESTAMP,NULL,NULL),
	 ('SVK','SK','Slovakia','A','0',CURRENT_TIMESTAMP,'0',CURRENT_TIMESTAMP,NULL,NULL),
	 ('SVN','SI','Slovenia','A','0',CURRENT_TIMESTAMP,'0',CURRENT_TIMESTAMP,NULL,NULL),
	 ('SLB','SB','Solomon Islands','A','0',CURRENT_TIMESTAMP,'0',CURRENT_TIMESTAMP,NULL,NULL),
	 ('SOM','SO','Somalia','A','0',CURRENT_TIMESTAMP,'0',CURRENT_TIMESTAMP,NULL,NULL),
	 ('ZAF','ZA','South Africa','A','0',CURRENT_TIMESTAMP,'0',CURRENT_TIMESTAMP,NULL,NULL),
	 ('SSD','SS','South Sudan','A','0',CURRENT_TIMESTAMP,'0',CURRENT_TIMESTAMP,NULL,NULL),
	 ('ESP','ES','Spain','A','0',CURRENT_TIMESTAMP,'0',CURRENT_TIMESTAMP,NULL,NULL),
	 ('SDN','SD','Sudan','A','0',CURRENT_TIMESTAMP,'0',CURRENT_TIMESTAMP,NULL,NULL),
	 ('SUR','SR','Suriname','A','0',CURRENT_TIMESTAMP,'0',CURRENT_TIMESTAMP,NULL,NULL),
	 ('SJM','SJ','Svalbard and Jan Mayen','A','0',CURRENT_TIMESTAMP,'0',CURRENT_TIMESTAMP,NULL,NULL),
	 ('SWZ','SZ','Swaziland','A','0',CURRENT_TIMESTAMP,'0',CURRENT_TIMESTAMP,NULL,NULL),
	 ('SWE','SE','Sweden','A','0',CURRENT_TIMESTAMP,'0',CURRENT_TIMESTAMP,NULL,NULL),
	 ('CHE','CH','Switzerland','A','0',CURRENT_TIMESTAMP,'0',CURRENT_TIMESTAMP,NULL,NULL),
	 ('SYR','SY','Syria','A','0',CURRENT_TIMESTAMP,'0',CURRENT_TIMESTAMP,NULL,NULL),
	 ('TWN','TW','Taiwan','A','0',CURRENT_TIMESTAMP,'0',CURRENT_TIMESTAMP,NULL,NULL),
	 ('TJK','TJ','Tajikistan','A','0',CURRENT_TIMESTAMP,'0',CURRENT_TIMESTAMP,NULL,NULL),
	 ('TGO','TG','Togo','A','0',CURRENT_TIMESTAMP,'0',CURRENT_TIMESTAMP,NULL,NULL),
	 ('TKL','TK','Tokelau','A','0',CURRENT_TIMESTAMP,'0',CURRENT_TIMESTAMP,NULL,NULL),
	 ('TON','TO','Tonga','A','0',CURRENT_TIMESTAMP,'0',CURRENT_TIMESTAMP,NULL,NULL),
	 ('TTO','TT','Trinidad and Tobago','A','0',CURRENT_TIMESTAMP,'0',CURRENT_TIMESTAMP,NULL,NULL),
	 ('TUN','TN','Tunisia','A','0',CURRENT_TIMESTAMP,'0',CURRENT_TIMESTAMP,NULL,NULL),
	 ('TUR','TR','Turkey','A','0',CURRENT_TIMESTAMP,'0',CURRENT_TIMESTAMP,NULL,NULL),
	 ('TKM','TM','Turkmenistan','A','0',CURRENT_TIMESTAMP,'0',CURRENT_TIMESTAMP,NULL,NULL),
	 ('TCA','TC','Turks and Caicos Islands','A','0',CURRENT_TIMESTAMP,'0',CURRENT_TIMESTAMP,NULL,NULL),
	 ('TUV','TV','Tuvalu','A','0',CURRENT_TIMESTAMP,'0',CURRENT_TIMESTAMP,NULL,NULL),
	 ('VIR','VI','U.S. Virgin Islands','A','0',CURRENT_TIMESTAMP,'0',CURRENT_TIMESTAMP,NULL,NULL),
	 ('UKR','UA','Ukraine','A','0',CURRENT_TIMESTAMP,'0',CURRENT_TIMESTAMP,NULL,NULL),
	 ('URY','UY','Uruguay','A','0',CURRENT_TIMESTAMP,'0',CURRENT_TIMESTAMP,NULL,NULL),
	 ('UZB','UZ','Uzbekistan','A','0',CURRENT_TIMESTAMP,'0',CURRENT_TIMESTAMP,NULL,NULL),
	 ('VUT','VU','Vanuatu','A','0',CURRENT_TIMESTAMP,'0',CURRENT_TIMESTAMP,NULL,NULL),
	 ('VAT','VA','Vatican','A','0',CURRENT_TIMESTAMP,'0',CURRENT_TIMESTAMP,NULL,NULL),
	 ('VEN','VE','Venezuela','A','0',CURRENT_TIMESTAMP,'0',CURRENT_TIMESTAMP,NULL,NULL),
	 ('WLF','WF','Wallis and Futuna','A','0',CURRENT_TIMESTAMP,'0',CURRENT_TIMESTAMP,NULL,NULL),
	 ('ESH','EH','Western Sahara','A','0',CURRENT_TIMESTAMP,'0',CURRENT_TIMESTAMP,NULL,NULL),
	 ('YEM','YE','Yemen','A','0',CURRENT_TIMESTAMP,'0',CURRENT_TIMESTAMP,NULL,NULL),
	 ('ZMB','ZM','Zambia','A','0',CURRENT_TIMESTAMP,'0',CURRENT_TIMESTAMP,NULL,NULL),
	 ('ZWE','ZW','Zimbabwe','A','0',CURRENT_TIMESTAMP,'0',CURRENT_TIMESTAMP,NULL,NULL),
	 ('GBR','GB','United Kingdom','A','0',CURRENT_TIMESTAMP,'0',CURRENT_TIMESTAMP,NULL,'+44');

INSERT INTO currencies (code,status,created_by,created_date,updated_by,updated_date) VALUES
	 ('USD','A','0',CURRENT_TIMESTAMP,'0',CURRENT_TIMESTAMP);

INSERT INTO dropdownlists ("type",value,"text","order",status,created_by,created_date,updated_by,updated_date) VALUES
	 ('RELATIONSHIP_TO_RECEIVER','RTR1','Family',1,'A','0',CURRENT_TIMESTAMP,'0',CURRENT_TIMESTAMP),
	 ('RELATIONSHIP_TO_RECEIVER','RTR2','Friends',2,'A','0',CURRENT_TIMESTAMP,'0',CURRENT_TIMESTAMP),
	 ('RELATIONSHIP_TO_RECEIVER','RTR3','Self',3,'A','0',CURRENT_TIMESTAMP,'0',CURRENT_TIMESTAMP),
	 ('RELATIONSHIP_TO_RECEIVER','RTR4','Employee',4,'A','0',CURRENT_TIMESTAMP,'0',CURRENT_TIMESTAMP),
	 ('RELATIONSHIP_TO_RECEIVER','RTR5','Seller/Service Provider',5,'A','0',CURRENT_TIMESTAMP,'0',CURRENT_TIMESTAMP),
	 ('RELATIONSHIP_TO_RECEIVER','RTR99','Others',99,'A','0',CURRENT_TIMESTAMP,'0',CURRENT_TIMESTAMP),
	 ('PURPOSE_OF_TRANSFER','POT1','Family Expenses (including medical expenses, vehicle purchases etc)',1,'A','0',CURRENT_TIMESTAMP,'0',CURRENT_TIMESTAMP),
	 ('PURPOSE_OF_TRANSFER','POT2','Education',2,'A','0',CURRENT_TIMESTAMP,'0',CURRENT_TIMESTAMP),
	 ('PURPOSE_OF_TRANSFER','POT3','Donation',3,'A','0',CURRENT_TIMESTAMP,'0',CURRENT_TIMESTAMP),
	 ('PURPOSE_OF_TRANSFER','POT4','Payment for products and services',4,'A','0',CURRENT_TIMESTAMP,'0',CURRENT_TIMESTAMP),
	 ('PURPOSE_OF_TRANSFER','POT5','Self',5,'A','0',CURRENT_TIMESTAMP,'0',CURRENT_TIMESTAMP),
	 ('PURPOSE_OF_TRANSFER','POT6','Construction, purchase of land and mortgage repayments',6,'A','0',CURRENT_TIMESTAMP,'0',CURRENT_TIMESTAMP),
	 ('PURPOSE_OF_TRANSFER','POT7','Business Expenses (inlcuding wages, salaries etc)',7,'A','0',CURRENT_TIMESTAMP,'0',CURRENT_TIMESTAMP),
	 ('PURPOSE_OF_TRANSFER','POT99','Others',99,'A','0',CURRENT_TIMESTAMP,'0',CURRENT_TIMESTAMP),
	 ('USER_DOCUMENT','IDENTITY','Identity',1,'A','0',CURRENT_TIMESTAMP,'0',CURRENT_TIMESTAMP),
	 ('USER_DOCUMENT','PASSPORT','Passport',2,'A','0',CURRENT_TIMESTAMP,'0',CURRENT_TIMESTAMP);

INSERT INTO gas_configurations (asset_code,native_asset_code,gas_threshold,gas_cap,status,created_by,created_date,updated_by,updated_date) VALUES
	 ('ALGO_USDC_UV4I','ALGO',0.005,0.01,'A','0',CURRENT_TIMESTAMP,'0',CURRENT_TIMESTAMP),
	 ('USDC_AVAX','AVAX',0.0005,0.001,'A','0',CURRENT_TIMESTAMP,'0',CURRENT_TIMESTAMP),
	 ('USDC','ETH',0.005,0.01,'A','0',CURRENT_TIMESTAMP,'0',CURRENT_TIMESTAMP),
	 ('USDC_POLYGON','MATIC_POLYGON',0.0005,0.001,'A','0',CURRENT_TIMESTAMP,'0',CURRENT_TIMESTAMP),
	 ('SOL_USDC_PTHX','SOL',0.0001,0.0002,'A','0',CURRENT_TIMESTAMP,'0',CURRENT_TIMESTAMP),
	 ('XLM_USDC_5F3T','XLM',0.125,2.5,'A','0',CURRENT_TIMESTAMP,'0',CURRENT_TIMESTAMP),
	 ('TRX_USDC_6NU3','TRX',140.0,280.0,'A','0',CURRENT_TIMESTAMP,'0',CURRENT_TIMESTAMP);

INSERT INTO companies ("name",status,created_by,created_date,updated_by,updated_date) VALUES
	 ('Lightbit','A','0',CURRENT_TIMESTAMP,'0',CURRENT_TIMESTAMP);

INSERT INTO vault_accounts ("type",company_id,user_id,vault_account_name,fireblock_vault_account_id,status,created_by,created_date,updated_by,updated_date) VALUES
	 ('C',1,NULL,'Vault for Lightbit company','0','A','0',CURRENT_TIMESTAMP,'0',CURRENT_TIMESTAMP);