-- phpMyAdmin SQL Dump
-- version 4.7.7
-- https://www.phpmyadmin.net/
--
-- Host: 127.0.0.1
-- Generation Time: Sep 20, 2018 at 04:11 AM
-- Server version: 10.1.30-MariaDB
-- PHP Version: 7.2.2

SET SQL_MODE = "NO_AUTO_VALUE_ON_ZERO";
SET AUTOCOMMIT = 0;
START TRANSACTION;
SET time_zone = "+00:00";


/*!40101 SET @OLD_CHARACTER_SET_CLIENT=@@CHARACTER_SET_CLIENT */;
/*!40101 SET @OLD_CHARACTER_SET_RESULTS=@@CHARACTER_SET_RESULTS */;
/*!40101 SET @OLD_COLLATION_CONNECTION=@@COLLATION_CONNECTION */;
/*!40101 SET NAMES utf8mb4 */;

--
-- Database: `dbpaypad`
--

-- --------------------------------------------------------

--
-- Table structure for table `billings`
--

CREATE TABLE `billings` (
  `id` int(10) UNSIGNED NOT NULL,
  `amount` decimal(10,0) DEFAULT NULL,
  `bill_type` text COLLATE utf8mb4_unicode_ci,
  `created_at` timestamp NULL DEFAULT NULL,
  `updated_at` timestamp NULL DEFAULT NULL,
  `tenant_id` text COLLATE utf8mb4_unicode_ci,
  `room_id` text COLLATE utf8mb4_unicode_ci,
  `start_date` date DEFAULT NULL,
  `end_date` date DEFAULT NULL,
  `reading` decimal(10,0) DEFAULT NULL
) ENGINE=InnoDB DEFAULT CHARSET=utf8mb4 COLLATE=utf8mb4_unicode_ci;

--
-- Dumping data for table `billings`
--

INSERT INTO `billings` (`id`, `amount`, `bill_type`, `created_at`, `updated_at`, `tenant_id`, `room_id`, `start_date`, `end_date`, `reading`) VALUES
(2, '1058', 'Electricity', '2018-09-18 20:12:04', '2018-09-18 20:12:04', NULL, '1A', '2018-12-04', '2018-12-05', '10827'),
(3, '3068', 'Electricity', '2018-09-18 20:15:02', '2018-09-18 20:15:02', '17', NULL, '2018-12-04', '2018-12-05', '11093'),
(4, '1694', 'Water', '2018-09-18 20:16:52', '2018-09-18 20:16:52', '14', NULL, '2018-12-04', '2018-12-05', '1405'),
(5, '1694', 'Water', '2018-09-18 20:18:11', '2018-09-18 20:18:11', NULL, '1B', '2018-12-04', '2018-12-05', '1409'),
(9, '500', 'parking fee', '2018-09-19 08:52:44', '2018-09-19 08:52:44', NULL, '1A', NULL, '2019-01-01', NULL),
(10, '5532', 'Electricity Again', '2018-09-19 08:56:57', '2018-09-19 08:56:57', NULL, '1B', '2018-01-01', '2018-02-02', NULL),
(11, '5000', 'parking example', '2018-09-19 17:56:13', '2018-09-19 17:56:13', NULL, '1A', '2018-01-01', '2018-02-02', NULL),
(12, '5000', 'parking example', '2018-09-19 17:56:16', '2018-09-19 17:56:16', NULL, '1A', '2018-01-01', '2018-02-02', NULL),
(13, '4000', 'water example', '2018-09-19 17:59:23', '2018-09-19 17:59:23', NULL, '1B', NULL, NULL, NULL),
(14, '6000', 'Electricity example', '2018-09-19 18:03:44', '2018-09-19 18:03:44', NULL, '1A', NULL, NULL, NULL),
(15, '3000', 'try again', '2018-09-19 18:06:08', '2018-09-19 18:06:08', NULL, '1B', NULL, NULL, NULL),
(16, '3000', 'try again', '2018-09-19 18:06:10', '2018-09-19 18:06:10', NULL, '1B', NULL, NULL, NULL);

-- --------------------------------------------------------

--
-- Table structure for table `bill_histories`
--

CREATE TABLE `bill_histories` (
  `id` int(10) UNSIGNED NOT NULL,
  `firstname` text COLLATE utf8mb4_unicode_ci,
  `created_at` timestamp NULL DEFAULT NULL,
  `updated_at` timestamp NULL DEFAULT NULL,
  `lastname` text COLLATE utf8mb4_unicode_ci,
  `billing_id` int(11) DEFAULT NULL,
  `bill_type` text COLLATE utf8mb4_unicode_ci,
  `amount` decimal(10,0) DEFAULT NULL
) ENGINE=InnoDB DEFAULT CHARSET=utf8mb4 COLLATE=utf8mb4_unicode_ci;

--
-- Dumping data for table `bill_histories`
--

INSERT INTO `bill_histories` (`id`, `firstname`, `created_at`, `updated_at`, `lastname`, `billing_id`, `bill_type`, `amount`) VALUES
(1, 'Palaming', '2018-09-19 08:52:42', '2018-09-19 08:52:42', 'Irish Kate', NULL, 'parking fee', '250'),
(2, 'Kay Karen', '2018-09-19 08:52:42', '2018-09-19 08:52:42', 'Andarino', NULL, 'parking fee', '250'),
(5, 'Jason', '2018-09-19 08:56:56', '2018-09-19 08:56:56', 'Siervo', NULL, 'Electricity Again', '2766'),
(6, 'Angelo Isaac', '2018-09-19 08:56:56', '2018-09-19 08:56:56', 'Siervo', NULL, 'Electricity Again', '2766'),
(7, 'Jason', '2018-09-19 08:56:57', '2018-09-19 08:56:57', 'Siervo', NULL, 'Electricity Again', '2766'),
(8, 'Angelo Isaac', '2018-09-19 08:56:57', '2018-09-19 08:56:57', 'Siervo', NULL, 'Electricity Again', '2766'),
(9, 'Palaming', '2018-09-19 17:56:08', '2018-09-19 17:56:08', 'Irish Kate', NULL, 'parking example', '2500'),
(10, 'Kay Karen', '2018-09-19 17:56:09', '2018-09-19 17:56:09', 'Andarino', NULL, 'parking example', '2500'),
(19, 'Jason', '2018-09-19 17:59:21', '2018-09-19 17:59:21', 'Siervo', NULL, 'water example', '2000'),
(20, 'Angelo Isaac', '2018-09-19 17:59:21', '2018-09-19 17:59:21', 'Siervo', NULL, 'water example', '2000'),
(25, 'Palaming', '2018-09-19 18:03:42', '2018-09-19 18:03:42', 'Irish Kate', NULL, 'Electricity example', '3000'),
(26, 'Kay Karen', '2018-09-19 18:03:42', '2018-09-19 18:03:42', 'Andarino', NULL, 'Electricity example', '3000'),
(27, 'Palaming', '2018-09-19 18:03:42', '2018-09-19 18:03:42', 'Irish Kate', NULL, 'Electricity example', '3000'),
(28, 'Kay Karen', '2018-09-19 18:03:42', '2018-09-19 18:03:42', 'Andarino', NULL, 'Electricity example', '3000'),
(29, 'Palaming', '2018-09-19 18:03:43', '2018-09-19 18:03:43', 'Irish Kate', NULL, 'Electricity example', '3000'),
(30, 'Kay Karen', '2018-09-19 18:03:43', '2018-09-19 18:03:43', 'Andarino', NULL, 'Electricity example', '3000'),
(31, 'Palaming', '2018-09-19 18:03:43', '2018-09-19 18:03:43', 'Irish Kate', NULL, 'Electricity example', '3000'),
(32, 'Kay Karen', '2018-09-19 18:03:43', '2018-09-19 18:03:43', 'Andarino', NULL, 'Electricity example', '3000'),
(33, 'Jason', '2018-09-19 18:06:06', '2018-09-19 18:06:06', 'Siervo', NULL, 'try again', '1500'),
(34, 'Angelo Isaac', '2018-09-19 18:06:06', '2018-09-19 18:06:06', 'Siervo', NULL, 'try again', '1500'),
(35, 'Jason', '2018-09-19 18:06:06', '2018-09-19 18:06:06', 'Siervo', NULL, 'try again', '1500'),
(36, 'Angelo Isaac', '2018-09-19 18:06:06', '2018-09-19 18:06:06', 'Siervo', NULL, 'try again', '1500'),
(37, 'Jason', '2018-09-19 18:06:08', '2018-09-19 18:06:08', 'Siervo', NULL, 'try again', '1500'),
(38, 'Angelo Isaac', '2018-09-19 18:06:08', '2018-09-19 18:06:08', 'Siervo', NULL, 'try again', '1500'),
(39, 'Jason', '2018-09-19 18:06:08', '2018-09-19 18:06:08', 'Siervo', NULL, 'try again', '1500'),
(40, 'Angelo Isaac', '2018-09-19 18:06:08', '2018-09-19 18:06:08', 'Siervo', NULL, 'try again', '1500'),
(41, 'Jason', '2018-09-19 18:06:09', '2018-09-19 18:06:09', 'Siervo', NULL, 'try again', '1500'),
(42, 'Angelo Isaac', '2018-09-19 18:06:10', '2018-09-19 18:06:10', 'Siervo', NULL, 'try again', '1500'),
(43, 'Jason', '2018-09-19 18:06:10', '2018-09-19 18:06:10', 'Siervo', NULL, 'try again', '1500'),
(44, 'Angelo Isaac', '2018-09-19 18:06:10', '2018-09-19 18:06:10', 'Siervo', NULL, 'try again', '1500'),
(45, 'Palaming', '2018-09-19 18:09:03', '2018-09-19 18:09:03', 'Irish Kate', NULL, 'expenses', '5000'),
(46, 'Palaming', '2018-09-19 18:09:05', '2018-09-19 18:09:05', 'Irish Kate', NULL, 'expenses', '5000');

-- --------------------------------------------------------

--
-- Table structure for table `categories`
--

CREATE TABLE `categories` (
  `id` int(10) UNSIGNED NOT NULL,
  `parent_id` int(10) UNSIGNED DEFAULT NULL,
  `order` int(11) NOT NULL DEFAULT '1',
  `name` varchar(191) COLLATE utf8mb4_unicode_ci NOT NULL,
  `slug` varchar(191) COLLATE utf8mb4_unicode_ci NOT NULL,
  `created_at` timestamp NULL DEFAULT NULL,
  `updated_at` timestamp NULL DEFAULT NULL
) ENGINE=InnoDB DEFAULT CHARSET=utf8mb4 COLLATE=utf8mb4_unicode_ci;

--
-- Dumping data for table `categories`
--

INSERT INTO `categories` (`id`, `parent_id`, `order`, `name`, `slug`, `created_at`, `updated_at`) VALUES
(1, NULL, 1, 'Category 1', 'category-1', '2018-09-06 00:01:35', '2018-09-06 00:01:35'),
(2, NULL, 1, 'Category 2', 'category-2', '2018-09-06 00:01:35', '2018-09-06 00:01:35');

-- --------------------------------------------------------

--
-- Table structure for table `data_rows`
--

CREATE TABLE `data_rows` (
  `id` int(10) UNSIGNED NOT NULL,
  `data_type_id` int(10) UNSIGNED NOT NULL,
  `field` varchar(191) COLLATE utf8mb4_unicode_ci NOT NULL,
  `type` varchar(191) COLLATE utf8mb4_unicode_ci NOT NULL,
  `display_name` varchar(191) COLLATE utf8mb4_unicode_ci NOT NULL,
  `required` tinyint(1) NOT NULL DEFAULT '0',
  `browse` tinyint(1) NOT NULL DEFAULT '1',
  `read` tinyint(1) NOT NULL DEFAULT '1',
  `edit` tinyint(1) NOT NULL DEFAULT '1',
  `add` tinyint(1) NOT NULL DEFAULT '1',
  `delete` tinyint(1) NOT NULL DEFAULT '1',
  `details` text COLLATE utf8mb4_unicode_ci,
  `order` int(11) NOT NULL DEFAULT '1'
) ENGINE=InnoDB DEFAULT CHARSET=utf8mb4 COLLATE=utf8mb4_unicode_ci;

--
-- Dumping data for table `data_rows`
--

INSERT INTO `data_rows` (`id`, `data_type_id`, `field`, `type`, `display_name`, `required`, `browse`, `read`, `edit`, `add`, `delete`, `details`, `order`) VALUES
(1, 1, 'id', 'number', 'ID', 1, 0, 0, 0, 0, 0, '', 1),
(2, 1, 'name', 'text', 'Name', 1, 1, 1, 1, 1, 1, '', 2),
(3, 1, 'email', 'text', 'Email', 1, 1, 1, 1, 1, 1, '', 3),
(4, 1, 'password', 'password', 'Password', 1, 0, 0, 1, 1, 0, '', 4),
(5, 1, 'remember_token', 'text', 'Remember Token', 0, 0, 0, 0, 0, 0, '', 5),
(6, 1, 'created_at', 'timestamp', 'Created At', 0, 1, 1, 0, 0, 0, '', 6),
(7, 1, 'updated_at', 'timestamp', 'Updated At', 0, 0, 0, 0, 0, 0, '', 7),
(8, 1, 'avatar', 'image', 'Avatar', 0, 1, 1, 1, 1, 1, '', 8),
(9, 1, 'user_belongsto_role_relationship', 'relationship', 'Role', 0, 1, 1, 1, 1, 0, '{\"model\":\"TCG\\\\Voyager\\\\Models\\\\Role\",\"table\":\"roles\",\"type\":\"belongsTo\",\"column\":\"role_id\",\"key\":\"id\",\"label\":\"display_name\",\"pivot_table\":\"roles\",\"pivot\":\"0\"}', 10),
(10, 1, 'user_belongstomany_role_relationship', 'relationship', 'Roles', 0, 1, 1, 1, 1, 0, '{\"model\":\"TCG\\\\Voyager\\\\Models\\\\Role\",\"table\":\"roles\",\"type\":\"belongsToMany\",\"column\":\"id\",\"key\":\"id\",\"label\":\"display_name\",\"pivot_table\":\"user_roles\",\"pivot\":\"1\",\"taggable\":\"0\"}', 11),
(11, 1, 'locale', 'text', 'Locale', 0, 1, 1, 1, 1, 0, '', 12),
(12, 1, 'settings', 'hidden', 'Settings', 0, 0, 0, 0, 0, 0, '', 12),
(13, 2, 'id', 'number', 'ID', 1, 0, 0, 0, 0, 0, '', 1),
(14, 2, 'name', 'text', 'Name', 1, 1, 1, 1, 1, 1, '', 2),
(15, 2, 'created_at', 'timestamp', 'Created At', 0, 0, 0, 0, 0, 0, '', 3),
(16, 2, 'updated_at', 'timestamp', 'Updated At', 0, 0, 0, 0, 0, 0, '', 4),
(17, 3, 'id', 'number', 'ID', 1, 0, 0, 0, 0, 0, '', 1),
(18, 3, 'name', 'text', 'Name', 1, 1, 1, 1, 1, 1, '', 2),
(19, 3, 'created_at', 'timestamp', 'Created At', 0, 0, 0, 0, 0, 0, '', 3),
(20, 3, 'updated_at', 'timestamp', 'Updated At', 0, 0, 0, 0, 0, 0, '', 4),
(21, 3, 'display_name', 'text', 'Display Name', 1, 1, 1, 1, 1, 1, '', 5),
(22, 1, 'role_id', 'text', 'Role', 1, 1, 1, 1, 1, 1, '', 9),
(23, 4, 'id', 'number', 'ID', 1, 0, 0, 0, 0, 0, '', 1),
(24, 4, 'parent_id', 'select_dropdown', 'Parent', 0, 0, 1, 1, 1, 1, '{\"default\":\"\",\"null\":\"\",\"options\":{\"\":\"-- None --\"},\"relationship\":{\"key\":\"id\",\"label\":\"name\"}}', 2),
(25, 4, 'order', 'text', 'Order', 1, 1, 1, 1, 1, 1, '{\"default\":1}', 3),
(26, 4, 'name', 'text', 'Name', 1, 1, 1, 1, 1, 1, '', 4),
(27, 4, 'slug', 'text', 'Slug', 1, 1, 1, 1, 1, 1, '{\"slugify\":{\"origin\":\"name\"}}', 5),
(28, 4, 'created_at', 'timestamp', 'Created At', 0, 0, 1, 0, 0, 0, '', 6),
(29, 4, 'updated_at', 'timestamp', 'Updated At', 0, 0, 0, 0, 0, 0, '', 7),
(30, 5, 'id', 'number', 'ID', 1, 0, 0, 0, 0, 0, '', 1),
(31, 5, 'author_id', 'text', 'Author', 1, 0, 1, 1, 0, 1, '', 2),
(32, 5, 'category_id', 'text', 'Category', 1, 0, 1, 1, 1, 0, '', 3),
(33, 5, 'title', 'text', 'Title', 1, 1, 1, 1, 1, 1, '', 4),
(34, 5, 'excerpt', 'text_area', 'Excerpt', 1, 0, 1, 1, 1, 1, '', 5),
(35, 5, 'body', 'rich_text_box', 'Body', 1, 0, 1, 1, 1, 1, '', 6),
(36, 5, 'image', 'image', 'Post Image', 0, 1, 1, 1, 1, 1, '{\"resize\":{\"width\":\"1000\",\"height\":\"null\"},\"quality\":\"70%\",\"upsize\":true,\"thumbnails\":[{\"name\":\"medium\",\"scale\":\"50%\"},{\"name\":\"small\",\"scale\":\"25%\"},{\"name\":\"cropped\",\"crop\":{\"width\":\"300\",\"height\":\"250\"}}]}', 7),
(37, 5, 'slug', 'text', 'Slug', 1, 0, 1, 1, 1, 1, '{\"slugify\":{\"origin\":\"title\",\"forceUpdate\":true},\"validation\":{\"rule\":\"unique:posts,slug\"}}', 8),
(38, 5, 'meta_description', 'text_area', 'Meta Description', 1, 0, 1, 1, 1, 1, '', 9),
(39, 5, 'meta_keywords', 'text_area', 'Meta Keywords', 1, 0, 1, 1, 1, 1, '', 10),
(40, 5, 'status', 'select_dropdown', 'Status', 1, 1, 1, 1, 1, 1, '{\"default\":\"DRAFT\",\"options\":{\"PUBLISHED\":\"published\",\"DRAFT\":\"draft\",\"PENDING\":\"pending\"}}', 11),
(41, 5, 'created_at', 'timestamp', 'Created At', 0, 1, 1, 0, 0, 0, '', 12),
(42, 5, 'updated_at', 'timestamp', 'Updated At', 0, 0, 0, 0, 0, 0, '', 13),
(43, 5, 'seo_title', 'text', 'SEO Title', 0, 1, 1, 1, 1, 1, '', 14),
(44, 5, 'featured', 'checkbox', 'Featured', 1, 1, 1, 1, 1, 1, '', 15),
(45, 6, 'id', 'number', 'ID', 1, 0, 0, 0, 0, 0, '', 1),
(46, 6, 'author_id', 'text', 'Author', 1, 0, 0, 0, 0, 0, '', 2),
(47, 6, 'title', 'text', 'Title', 1, 1, 1, 1, 1, 1, '', 3),
(48, 6, 'excerpt', 'text_area', 'Excerpt', 1, 0, 1, 1, 1, 1, '', 4),
(49, 6, 'body', 'rich_text_box', 'Body', 1, 0, 1, 1, 1, 1, '', 5),
(50, 6, 'slug', 'text', 'Slug', 1, 0, 1, 1, 1, 1, '{\"slugify\":{\"origin\":\"title\"},\"validation\":{\"rule\":\"unique:pages,slug\"}}', 6),
(51, 6, 'meta_description', 'text', 'Meta Description', 1, 0, 1, 1, 1, 1, '', 7),
(52, 6, 'meta_keywords', 'text', 'Meta Keywords', 1, 0, 1, 1, 1, 1, '', 8),
(53, 6, 'status', 'select_dropdown', 'Status', 1, 1, 1, 1, 1, 1, '{\"default\":\"INACTIVE\",\"options\":{\"INACTIVE\":\"INACTIVE\",\"ACTIVE\":\"ACTIVE\"}}', 9),
(54, 6, 'created_at', 'timestamp', 'Created At', 1, 1, 1, 0, 0, 0, '', 10),
(55, 6, 'updated_at', 'timestamp', 'Updated At', 1, 0, 0, 0, 0, 0, '', 11),
(56, 6, 'image', 'image', 'Page Image', 0, 1, 1, 1, 1, 1, '', 12),
(74, 8, 'id', 'hidden', 'Id', 1, 0, 0, 0, 0, 0, NULL, 1),
(75, 8, 'room_id', 'text', 'Room Id', 0, 1, 1, 1, 1, 1, NULL, 2),
(76, 8, 'floor_no', 'number', 'Floor No', 0, 1, 1, 1, 1, 1, NULL, 3),
(77, 8, 'capacity', 'number', 'Capacity', 0, 1, 1, 1, 1, 1, NULL, 4),
(78, 8, 'created_at', 'timestamp', 'Created At', 0, 1, 1, 1, 0, 1, NULL, 5),
(79, 8, 'updated_at', 'timestamp', 'Updated At', 0, 0, 0, 0, 0, 0, NULL, 6),
(94, 11, 'id', 'hidden', 'Id', 1, 0, 0, 0, 0, 0, NULL, 1),
(95, 11, 'billMgmt_id', 'number', 'BillMgmt Id', 1, 1, 1, 1, 1, 1, NULL, 2),
(96, 11, 'room_id', 'text', 'Room Id', 1, 1, 1, 1, 1, 1, NULL, 3),
(97, 11, 'created_at', 'timestamp', 'Created At', 0, 1, 1, 1, 0, 1, NULL, 4),
(98, 11, 'updated_at', 'timestamp', 'Updated At', 0, 0, 0, 0, 0, 0, NULL, 5),
(99, 11, 'bill_mgmt_hasone_room_relationship', 'relationship', 'rooms', 0, 1, 1, 1, 1, 1, '{\"model\":\"App\\\\Room\",\"table\":\"rooms\",\"type\":\"hasOne\",\"column\":\"room_id\",\"key\":\"id\",\"label\":\"room_id\",\"pivot_table\":\"bill_mgmt\",\"pivot\":\"0\",\"taggable\":null}', 6),
(106, 14, 'id', 'text', 'Id', 1, 0, 0, 0, 0, 0, NULL, 1),
(107, 14, 'amount', 'text', 'Amount', 0, 0, 1, 1, 1, 0, NULL, 2),
(108, 14, 'payment_date', 'date', 'Payment Date', 0, 0, 1, 1, 1, 0, NULL, 3),
(109, 14, 'bill_id', 'text', 'Bill Id', 0, 0, 1, 1, 1, 0, NULL, 4),
(110, 14, 'created_at', 'timestamp', 'Created At', 0, 1, 1, 1, 0, 1, NULL, 5),
(111, 14, 'updated_at', 'timestamp', 'Updated At', 0, 0, 0, 0, 0, 0, NULL, 6),
(112, 15, 'id', 'hidden', 'Id', 1, 0, 0, 0, 0, 0, NULL, 1),
(113, 15, 'amount', 'number', 'Amount', 0, 0, 1, 1, 1, 1, NULL, 4),
(116, 15, 'created_at', 'timestamp', 'Created At', 0, 0, 1, 1, 0, 1, NULL, 7),
(117, 15, 'updated_at', 'timestamp', 'Updated At', 0, 0, 0, 0, 0, 0, NULL, 8),
(127, 16, 'floor_no', 'number', 'Floor No', 0, 1, 1, 1, 1, 1, NULL, 3),
(128, 16, 'capacity', 'number', 'Capacity', 0, 1, 1, 1, 1, 1, NULL, 4),
(129, 16, 'created_at', 'timestamp', 'Created At', 0, 1, 1, 1, 0, 1, NULL, 5),
(130, 16, 'updated_at', 'timestamp', 'Updated At', 0, 0, 0, 0, 0, 0, NULL, 6),
(131, 16, 'id', 'hidden', 'Id', 1, 0, 0, 0, 0, 0, NULL, 1),
(132, 16, 'room_no', 'text', 'Room No', 0, 1, 1, 1, 1, 1, NULL, 2),
(133, 17, 'id', 'hidden', 'Id', 1, 0, 0, 0, 0, 0, NULL, 1),
(134, 17, 'lastname', 'text', 'Lastname', 1, 1, 1, 1, 1, 1, NULL, 2),
(135, 17, 'firstname', 'text', 'Firstname', 1, 1, 1, 1, 1, 1, NULL, 3),
(136, 17, 'middlename', 'text', 'Middlename', 0, 1, 1, 1, 1, 1, NULL, 4),
(137, 17, 'extensionname', 'text', 'Extensionname', 0, 0, 1, 1, 1, 1, NULL, 5),
(138, 17, 'birthdate', 'date', 'Birthdate', 1, 0, 1, 1, 1, 1, NULL, 9),
(139, 17, 'email', 'text', 'Email', 1, 0, 1, 1, 1, 1, NULL, 10),
(140, 17, 'contactno', 'number', 'Contactno', 1, 0, 1, 1, 1, 1, NULL, 11),
(141, 17, 'address', 'text', 'Address', 1, 0, 1, 1, 1, 1, NULL, 12),
(142, 17, 'reasonofstay', 'text', 'Reasonofstay', 1, 0, 1, 1, 1, 1, NULL, 13),
(143, 17, 'occupation', 'text', 'Occupation', 1, 0, 1, 1, 1, 1, NULL, 14),
(144, 17, 'yearsofcontract', 'number', 'Yearsofcontract', 1, 0, 1, 1, 1, 1, NULL, 15),
(145, 17, 'startofcontract', 'date', 'Startofcontract', 1, 0, 1, 1, 1, 1, NULL, 16),
(146, 17, 'endofcontract', 'date', 'Endofcontract', 1, 0, 1, 1, 1, 1, NULL, 17),
(147, 17, 'created_at', 'timestamp', 'Created At', 0, 0, 1, 1, 0, 1, NULL, 18),
(148, 17, 'updated_at', 'timestamp', 'Updated At', 0, 0, 0, 0, 0, 0, NULL, 19),
(149, 17, 'username', 'text', 'Username', 1, 0, 1, 1, 1, 1, NULL, 7),
(150, 17, 'password', 'text', 'Password', 1, 0, 1, 1, 1, 1, NULL, 8),
(154, 17, 'room_id', 'text', 'Room Id', 0, 1, 1, 1, 1, 1, NULL, 19),
(155, 17, 'tenant_belongsto_room_relationship', 'relationship', 'rooms', 0, 1, 1, 1, 1, 1, '{\"model\":\"App\\\\Room\",\"table\":\"rooms\",\"type\":\"belongsTo\",\"column\":\"room_id\",\"key\":\"room_no\",\"label\":\"room_no\",\"pivot_table\":\"bill_mgmts\",\"pivot\":\"0\",\"taggable\":null}', 20),
(156, 20, 'id', 'text', 'Id', 1, 0, 0, 0, 0, 0, NULL, 1),
(157, 20, 'billing_id', 'text', 'Billing Id', 0, 1, 1, 1, 1, 1, NULL, 2),
(158, 20, 'created_at', 'timestamp', 'Created At', 0, 1, 1, 1, 0, 1, NULL, 3),
(159, 20, 'updated_at', 'timestamp', 'Updated At', 0, 0, 0, 0, 0, 0, NULL, 4),
(160, 15, 'billing_belongsto_room_relationship', 'relationship', 'rooms', 0, 1, 1, 1, 1, 1, '{\"model\":\"App\\\\Room\",\"table\":\"rooms\",\"type\":\"belongsTo\",\"column\":\"room_id\",\"key\":\"room_no\",\"label\":\"room_no\",\"pivot_table\":\"bill_histories\",\"pivot\":\"0\",\"taggable\":\"0\"}', 10),
(161, 15, 'billing_belongsto_tenant_relationship', 'relationship', 'tenants', 0, 1, 1, 1, 1, 1, '{\"model\":\"App\\\\Tenant\",\"table\":\"tenants\",\"type\":\"belongsTo\",\"column\":\"tenant_id\",\"key\":\"id\",\"label\":\"lastname\",\"pivot_table\":\"bill_histories\",\"pivot\":\"0\",\"taggable\":\"0\"}', 12),
(162, 15, 'tenant_id', 'text', 'Tenant Id', 0, 1, 1, 1, 1, 1, NULL, 9),
(163, 15, 'room_id', 'text', 'Room Id', 0, 1, 1, 1, 1, 1, NULL, 11),
(169, 15, 'bill_type', 'text', 'Bill Type', 0, 1, 1, 1, 1, 1, NULL, 2),
(174, 15, 'start_date', 'date', 'Start Date', 0, 1, 1, 1, 1, 1, NULL, 5),
(175, 15, 'end_date', 'date', 'End Date', 0, 1, 1, 1, 1, 1, NULL, 6),
(176, 15, 'reading', 'number', 'Reading', 0, 0, 1, 1, 1, 1, NULL, 3),
(178, 22, 'id', 'hidden', 'Id', 1, 0, 1, 1, 1, 0, NULL, 1),
(179, 22, 'firstname', 'text', 'Firstname', 0, 1, 1, 1, 1, 1, NULL, 2),
(180, 22, 'created_at', 'timestamp', 'Created At', 0, 1, 1, 1, 0, 1, NULL, 7),
(181, 22, 'updated_at', 'timestamp', 'Updated At', 0, 0, 0, 0, 0, 0, NULL, 8),
(182, 22, 'billing_id', 'number', 'Billing Id', 0, 1, 1, 1, 1, 1, NULL, 4),
(183, 22, 'amount', 'number', 'Amount', 0, 1, 1, 1, 1, 1, NULL, 6),
(184, 22, 'lastname', 'text', 'Lastname', 0, 1, 1, 1, 1, 1, NULL, 3),
(185, 22, 'bill_type', 'text', 'Bill Type', 0, 1, 1, 1, 1, 1, NULL, 5);

-- --------------------------------------------------------

--
-- Table structure for table `data_types`
--

CREATE TABLE `data_types` (
  `id` int(10) UNSIGNED NOT NULL,
  `name` varchar(191) COLLATE utf8mb4_unicode_ci NOT NULL,
  `slug` varchar(191) COLLATE utf8mb4_unicode_ci NOT NULL,
  `display_name_singular` varchar(191) COLLATE utf8mb4_unicode_ci NOT NULL,
  `display_name_plural` varchar(191) COLLATE utf8mb4_unicode_ci NOT NULL,
  `icon` varchar(191) COLLATE utf8mb4_unicode_ci DEFAULT NULL,
  `model_name` varchar(191) COLLATE utf8mb4_unicode_ci DEFAULT NULL,
  `policy_name` varchar(191) COLLATE utf8mb4_unicode_ci DEFAULT NULL,
  `controller` varchar(191) COLLATE utf8mb4_unicode_ci DEFAULT NULL,
  `description` varchar(191) COLLATE utf8mb4_unicode_ci DEFAULT NULL,
  `generate_permissions` tinyint(1) NOT NULL DEFAULT '0',
  `server_side` tinyint(4) NOT NULL DEFAULT '0',
  `details` text COLLATE utf8mb4_unicode_ci,
  `created_at` timestamp NULL DEFAULT NULL,
  `updated_at` timestamp NULL DEFAULT NULL
) ENGINE=InnoDB DEFAULT CHARSET=utf8mb4 COLLATE=utf8mb4_unicode_ci;

--
-- Dumping data for table `data_types`
--

INSERT INTO `data_types` (`id`, `name`, `slug`, `display_name_singular`, `display_name_plural`, `icon`, `model_name`, `policy_name`, `controller`, `description`, `generate_permissions`, `server_side`, `details`, `created_at`, `updated_at`) VALUES
(1, 'users', 'users', 'User', 'Users', 'voyager-person', 'TCG\\Voyager\\Models\\User', 'TCG\\Voyager\\Policies\\UserPolicy', '', '', 1, 0, NULL, '2018-09-06 00:00:50', '2018-09-06 00:00:50'),
(2, 'menus', 'menus', 'Menu', 'Menus', 'voyager-list', 'TCG\\Voyager\\Models\\Menu', NULL, '', '', 1, 0, NULL, '2018-09-06 00:00:53', '2018-09-06 00:00:53'),
(3, 'roles', 'roles', 'Role', 'Roles', 'voyager-lock', 'TCG\\Voyager\\Models\\Role', NULL, '', '', 1, 0, NULL, '2018-09-06 00:00:57', '2018-09-06 00:00:57'),
(4, 'categories', 'categories', 'Category', 'Categories', 'voyager-categories', 'TCG\\Voyager\\Models\\Category', NULL, '', '', 1, 0, NULL, '2018-09-06 00:01:33', '2018-09-06 00:01:33'),
(5, 'posts', 'posts', 'Post', 'Posts', 'voyager-news', 'TCG\\Voyager\\Models\\Post', 'TCG\\Voyager\\Policies\\PostPolicy', '', '', 1, 0, NULL, '2018-09-06 00:01:36', '2018-09-06 00:01:36'),
(6, 'pages', 'pages', 'Page', 'Pages', 'voyager-file-text', 'TCG\\Voyager\\Models\\Page', NULL, '', '', 1, 0, NULL, '2018-09-06 00:01:57', '2018-09-06 00:01:57'),
(8, 'room', 'bill-management', 'Bill Management', 'Bill Managements', 'voyager-home', 'App\\Room', NULL, NULL, NULL, 1, 1, '{\"order_column\":null,\"order_display_column\":null}', '2018-09-08 05:43:37', '2018-09-08 05:47:23'),
(11, 'bill_mgmt', 'bill-mgmt', 'Bill Management', 'Bill Managements', 'voyager-dollar', 'App\\Bill_mgmt', NULL, NULL, NULL, 1, 1, '{\"order_column\":null,\"order_display_column\":null}', '2018-09-08 07:41:13', '2018-09-08 07:41:13'),
(14, 'billing', 'billing', 'Billing', 'Billings', NULL, 'App\\Billing', NULL, NULL, NULL, 1, 0, '{\"order_column\":null,\"order_display_column\":null}', '2018-09-16 22:20:13', '2018-09-16 22:20:13'),
(15, 'billings', 'billings', 'Billing', 'Billings', NULL, 'App\\Billing', NULL, '\\App\\Http\\Controllers\\Voyager\\BillsController', NULL, 1, 1, '{\"order_column\":null,\"order_display_column\":null}', '2018-09-16 22:32:59', '2018-09-18 22:23:21'),
(16, 'rooms', 'rooms', 'Room', 'Rooms', 'voyager-home', 'App\\Room', NULL, NULL, NULL, 1, 0, '{\"order_column\":null,\"order_display_column\":null}', '2018-09-17 05:57:53', '2018-09-17 05:57:53'),
(17, 'tenants', 'tenants', 'Tenant', 'Tenants', 'voyager-person', 'App\\Tenant', NULL, NULL, NULL, 1, 0, '{\"order_column\":null,\"order_display_column\":null}', '2018-09-17 06:50:36', '2018-09-17 06:50:36'),
(20, 'bill_history', 'bill-history', 'Bill History', 'Bill Histories', 'voyager-book', 'App\\BillHistory', NULL, '\\App\\Http\\Controllers\\Voyager\\BillHistoryController', NULL, 1, 1, '{\"order_column\":null,\"order_display_column\":null}', '2018-09-18 05:59:01', '2018-09-18 05:59:01'),
(22, 'bill_histories', 'bill-histories', 'Bill History', 'Bill Histories', 'voyager-book', 'App\\BillHistory', NULL, '\\App\\Http\\Controllers\\Voyager\\BillHistoryController', NULL, 1, 1, '{\"order_column\":null,\"order_display_column\":null}', '2018-09-19 08:20:24', '2018-09-19 08:20:24');

-- --------------------------------------------------------

--
-- Table structure for table `menus`
--

CREATE TABLE `menus` (
  `id` int(10) UNSIGNED NOT NULL,
  `name` varchar(191) COLLATE utf8mb4_unicode_ci NOT NULL,
  `created_at` timestamp NULL DEFAULT NULL,
  `updated_at` timestamp NULL DEFAULT NULL
) ENGINE=InnoDB DEFAULT CHARSET=utf8mb4 COLLATE=utf8mb4_unicode_ci;

--
-- Dumping data for table `menus`
--

INSERT INTO `menus` (`id`, `name`, `created_at`, `updated_at`) VALUES
(1, 'admin', '2018-09-06 00:01:02', '2018-09-06 00:01:02'),
(2, 'Cashier', '2018-09-08 06:48:27', '2018-09-08 06:48:27');

-- --------------------------------------------------------

--
-- Table structure for table `menu_items`
--

CREATE TABLE `menu_items` (
  `id` int(10) UNSIGNED NOT NULL,
  `menu_id` int(10) UNSIGNED DEFAULT NULL,
  `title` varchar(191) COLLATE utf8mb4_unicode_ci NOT NULL,
  `url` varchar(191) COLLATE utf8mb4_unicode_ci NOT NULL,
  `target` varchar(191) COLLATE utf8mb4_unicode_ci NOT NULL DEFAULT '_self',
  `icon_class` varchar(191) COLLATE utf8mb4_unicode_ci DEFAULT NULL,
  `color` varchar(191) COLLATE utf8mb4_unicode_ci DEFAULT NULL,
  `parent_id` int(11) DEFAULT NULL,
  `order` int(11) NOT NULL,
  `created_at` timestamp NULL DEFAULT NULL,
  `updated_at` timestamp NULL DEFAULT NULL,
  `route` varchar(191) COLLATE utf8mb4_unicode_ci DEFAULT NULL,
  `parameters` text COLLATE utf8mb4_unicode_ci
) ENGINE=InnoDB DEFAULT CHARSET=utf8mb4 COLLATE=utf8mb4_unicode_ci;

--
-- Dumping data for table `menu_items`
--

INSERT INTO `menu_items` (`id`, `menu_id`, `title`, `url`, `target`, `icon_class`, `color`, `parent_id`, `order`, `created_at`, `updated_at`, `route`, `parameters`) VALUES
(1, 1, 'Dashboard', '', '_self', 'voyager-boat', NULL, NULL, 1, '2018-09-06 00:01:02', '2018-09-06 00:01:02', 'voyager.dashboard', NULL),
(2, 1, 'Media', '', '_self', 'voyager-images', NULL, NULL, 7, '2018-09-06 00:01:02', '2018-09-19 08:21:51', 'voyager.media.index', NULL),
(3, 1, 'Users', '', '_self', 'voyager-person', NULL, NULL, 6, '2018-09-06 00:01:02', '2018-09-19 08:21:51', 'voyager.users.index', NULL),
(4, 1, 'Roles', '', '_self', 'voyager-lock', NULL, NULL, 5, '2018-09-06 00:01:02', '2018-09-19 08:21:51', 'voyager.roles.index', NULL),
(5, 1, 'Tools', '', '_self', 'voyager-tools', NULL, NULL, 11, '2018-09-06 00:01:02', '2018-09-19 08:21:55', NULL, NULL),
(6, 1, 'Menu Builder', '', '_self', 'voyager-list', NULL, 5, 1, '2018-09-06 00:01:02', '2018-09-06 23:20:36', 'voyager.menus.index', NULL),
(7, 1, 'Database', '', '_self', 'voyager-data', NULL, 5, 2, '2018-09-06 00:01:02', '2018-09-06 23:20:36', 'voyager.database.index', NULL),
(8, 1, 'Compass', '', '_self', 'voyager-compass', NULL, 5, 3, '2018-09-06 00:01:02', '2018-09-06 23:20:36', 'voyager.compass.index', NULL),
(9, 1, 'BREAD', '', '_self', 'voyager-bread', NULL, 5, 4, '2018-09-06 00:01:02', '2018-09-06 23:20:36', 'voyager.bread.index', NULL),
(10, 1, 'Settings', '', '_self', 'voyager-settings', NULL, NULL, 12, '2018-09-06 00:01:02', '2018-09-19 08:21:55', 'voyager.settings.index', NULL),
(11, 1, 'Categories', '', '_self', 'voyager-categories', NULL, NULL, 9, '2018-09-06 00:01:34', '2018-09-19 08:21:55', 'voyager.categories.index', NULL),
(12, 1, 'Posts', '', '_self', 'voyager-news', NULL, NULL, 8, '2018-09-06 00:01:40', '2018-09-19 08:21:52', 'voyager.posts.index', NULL),
(13, 1, 'Pages', '', '_self', 'voyager-file-text', NULL, NULL, 10, '2018-09-06 00:02:04', '2018-09-19 08:21:55', 'voyager.pages.index', NULL),
(14, 1, 'Hooks', '', '_self', 'voyager-hook', NULL, 5, 5, '2018-09-06 00:02:23', '2018-09-06 23:20:36', 'voyager.hooks', NULL),
(16, 1, 'Tenants', '/admin/tenants', '_self', 'voyager-people', '#000000', NULL, 2, '2018-09-06 23:09:30', '2018-09-06 23:20:39', NULL, ''),
(19, 1, 'Rooms', '', '_self', 'voyager-home', NULL, NULL, 3, '2018-09-08 06:41:13', '2018-09-08 07:43:21', 'voyager.rooms.index', NULL),
(24, 1, 'Billings', '', '_self', 'voyager-news', '#000000', 29, 1, '2018-09-16 22:32:59', '2018-09-18 19:40:16', 'voyager.billings.index', 'null'),
(27, 1, 'Payments', '', '_self', 'voyager-credit-cards', '#000000', 29, 3, '2018-09-18 19:34:22', '2018-09-19 08:21:55', NULL, ''),
(28, 1, 'Tenant\'s Payment History', '', '_self', 'voyager-book', '#000000', 30, 1, '2018-09-18 19:35:22', '2018-09-18 23:32:24', NULL, ''),
(29, 1, 'Bill Management', '', '_self', 'voyager-documentation', '#000000', NULL, 4, '2018-09-18 19:39:23', '2018-09-18 19:40:14', NULL, ''),
(31, 1, 'Bill Histories', '', '_self', 'voyager-book', NULL, 29, 2, '2018-09-19 08:20:25', '2018-09-19 08:21:55', 'voyager.bill-histories.index', NULL);

-- --------------------------------------------------------

--
-- Table structure for table `migrations`
--

CREATE TABLE `migrations` (
  `id` int(10) UNSIGNED NOT NULL,
  `migration` varchar(191) COLLATE utf8mb4_unicode_ci NOT NULL,
  `batch` int(11) NOT NULL
) ENGINE=InnoDB DEFAULT CHARSET=utf8mb4 COLLATE=utf8mb4_unicode_ci;

--
-- Dumping data for table `migrations`
--

INSERT INTO `migrations` (`id`, `migration`, `batch`) VALUES
(1, '2014_10_12_000000_create_users_table', 1),
(2, '2014_10_12_100000_create_password_resets_table', 1),
(3, '2016_01_01_000000_add_voyager_user_fields', 1),
(4, '2016_01_01_000000_create_data_types_table', 1),
(5, '2016_05_19_173453_create_menu_table', 1),
(6, '2016_10_21_190000_create_roles_table', 1),
(7, '2016_10_21_190000_create_settings_table', 1),
(8, '2016_11_30_135954_create_permission_table', 1),
(9, '2016_11_30_141208_create_permission_role_table', 1),
(10, '2016_12_26_201236_data_types__add__server_side', 1),
(11, '2017_01_13_000000_add_route_to_menu_items_table', 1),
(12, '2017_01_14_005015_create_translations_table', 1),
(13, '2017_01_15_000000_make_table_name_nullable_in_permissions_table', 1),
(14, '2017_03_06_000000_add_controller_to_data_types_table', 1),
(15, '2017_04_21_000000_add_order_to_data_rows_table', 1),
(16, '2017_07_05_210000_add_policyname_to_data_types_table', 1),
(17, '2017_08_05_000000_add_group_to_settings_table', 1),
(18, '2017_11_26_013050_add_user_role_relationship', 1),
(19, '2017_11_26_015000_create_user_roles_table', 1),
(20, '2018_03_11_000000_add_user_settings', 1),
(21, '2018_03_14_000000_add_details_to_data_types_table', 1),
(22, '2018_03_16_000000_make_settings_value_nullable', 1),
(23, '2016_01_01_000000_create_pages_table', 2),
(24, '2016_01_01_000000_create_posts_table', 2),
(25, '2016_02_15_204651_create_categories_table', 2),
(26, '2017_04_11_000000_alter_post_nullable_fields_table', 2),
(27, '2018_09_15_081646_create_bills_table', 3);

-- --------------------------------------------------------

--
-- Table structure for table `pages`
--

CREATE TABLE `pages` (
  `id` int(10) UNSIGNED NOT NULL,
  `author_id` int(11) NOT NULL,
  `title` varchar(191) COLLATE utf8mb4_unicode_ci NOT NULL,
  `excerpt` text COLLATE utf8mb4_unicode_ci,
  `body` text COLLATE utf8mb4_unicode_ci,
  `image` varchar(191) COLLATE utf8mb4_unicode_ci DEFAULT NULL,
  `slug` varchar(191) COLLATE utf8mb4_unicode_ci NOT NULL,
  `meta_description` text COLLATE utf8mb4_unicode_ci,
  `meta_keywords` text COLLATE utf8mb4_unicode_ci,
  `status` enum('ACTIVE','INACTIVE') COLLATE utf8mb4_unicode_ci NOT NULL DEFAULT 'INACTIVE',
  `created_at` timestamp NULL DEFAULT NULL,
  `updated_at` timestamp NULL DEFAULT NULL
) ENGINE=InnoDB DEFAULT CHARSET=utf8mb4 COLLATE=utf8mb4_unicode_ci;

--
-- Dumping data for table `pages`
--

INSERT INTO `pages` (`id`, `author_id`, `title`, `excerpt`, `body`, `image`, `slug`, `meta_description`, `meta_keywords`, `status`, `created_at`, `updated_at`) VALUES
(1, 0, 'Hello World', 'Hang the jib grog grog blossom grapple dance the hempen jig gangway pressgang bilge rat to go on account lugger. Nelsons folly gabion line draught scallywag fire ship gaff fluke fathom case shot. Sea Legs bilge rat sloop matey gabion long clothes run a shot across the bow Gold Road cog league.', '<p>Hello World. Scallywag grog swab Cat o\'nine tails scuttle rigging hardtack cable nipper Yellow Jack. Handsomely spirits knave lad killick landlubber or just lubber deadlights chantey pinnace crack Jennys tea cup. Provost long clothes black spot Yellow Jack bilged on her anchor league lateen sail case shot lee tackle.</p>\n<p>Ballast spirits fluke topmast me quarterdeck schooner landlubber or just lubber gabion belaying pin. Pinnace stern galleon starboard warp carouser to go on account dance the hempen jig jolly boat measured fer yer chains. Man-of-war fire in the hole nipperkin handsomely doubloon barkadeer Brethren of the Coast gibbet driver squiffy.</p>', 'pages/page1.jpg', 'hello-world', 'Yar Meta Description', 'Keyword1, Keyword2', 'ACTIVE', '2018-09-06 00:02:10', '2018-09-06 00:02:10');

-- --------------------------------------------------------

--
-- Table structure for table `password_resets`
--

CREATE TABLE `password_resets` (
  `email` varchar(191) COLLATE utf8mb4_unicode_ci NOT NULL,
  `token` varchar(191) COLLATE utf8mb4_unicode_ci NOT NULL,
  `created_at` timestamp NULL DEFAULT NULL
) ENGINE=InnoDB DEFAULT CHARSET=utf8mb4 COLLATE=utf8mb4_unicode_ci;

-- --------------------------------------------------------

--
-- Table structure for table `permissions`
--

CREATE TABLE `permissions` (
  `id` int(10) UNSIGNED NOT NULL,
  `key` varchar(191) COLLATE utf8mb4_unicode_ci NOT NULL,
  `table_name` varchar(191) COLLATE utf8mb4_unicode_ci DEFAULT NULL,
  `created_at` timestamp NULL DEFAULT NULL,
  `updated_at` timestamp NULL DEFAULT NULL
) ENGINE=InnoDB DEFAULT CHARSET=utf8mb4 COLLATE=utf8mb4_unicode_ci;

--
-- Dumping data for table `permissions`
--

INSERT INTO `permissions` (`id`, `key`, `table_name`, `created_at`, `updated_at`) VALUES
(1, 'browse_admin', NULL, '2018-09-06 00:01:03', '2018-09-06 00:01:03'),
(2, 'browse_bread', NULL, '2018-09-06 00:01:03', '2018-09-06 00:01:03'),
(3, 'browse_database', NULL, '2018-09-06 00:01:03', '2018-09-06 00:01:03'),
(4, 'browse_media', NULL, '2018-09-06 00:01:03', '2018-09-06 00:01:03'),
(5, 'browse_compass', NULL, '2018-09-06 00:01:03', '2018-09-06 00:01:03'),
(6, 'browse_menus', 'menus', '2018-09-06 00:01:03', '2018-09-06 00:01:03'),
(7, 'read_menus', 'menus', '2018-09-06 00:01:03', '2018-09-06 00:01:03'),
(8, 'edit_menus', 'menus', '2018-09-06 00:01:03', '2018-09-06 00:01:03'),
(9, 'add_menus', 'menus', '2018-09-06 00:01:04', '2018-09-06 00:01:04'),
(10, 'delete_menus', 'menus', '2018-09-06 00:01:04', '2018-09-06 00:01:04'),
(11, 'browse_roles', 'roles', '2018-09-06 00:01:04', '2018-09-06 00:01:04'),
(12, 'read_roles', 'roles', '2018-09-06 00:01:04', '2018-09-06 00:01:04'),
(13, 'edit_roles', 'roles', '2018-09-06 00:01:04', '2018-09-06 00:01:04'),
(14, 'add_roles', 'roles', '2018-09-06 00:01:04', '2018-09-06 00:01:04'),
(15, 'delete_roles', 'roles', '2018-09-06 00:01:04', '2018-09-06 00:01:04'),
(16, 'browse_users', 'users', '2018-09-06 00:01:04', '2018-09-06 00:01:04'),
(17, 'read_users', 'users', '2018-09-06 00:01:04', '2018-09-06 00:01:04'),
(18, 'edit_users', 'users', '2018-09-06 00:01:04', '2018-09-06 00:01:04'),
(19, 'add_users', 'users', '2018-09-06 00:01:04', '2018-09-06 00:01:04'),
(20, 'delete_users', 'users', '2018-09-06 00:01:04', '2018-09-06 00:01:04'),
(21, 'browse_settings', 'settings', '2018-09-06 00:01:04', '2018-09-06 00:01:04'),
(22, 'read_settings', 'settings', '2018-09-06 00:01:04', '2018-09-06 00:01:04'),
(23, 'edit_settings', 'settings', '2018-09-06 00:01:05', '2018-09-06 00:01:05'),
(24, 'add_settings', 'settings', '2018-09-06 00:01:05', '2018-09-06 00:01:05'),
(25, 'delete_settings', 'settings', '2018-09-06 00:01:05', '2018-09-06 00:01:05'),
(26, 'browse_categories', 'categories', '2018-09-06 00:01:34', '2018-09-06 00:01:34'),
(27, 'read_categories', 'categories', '2018-09-06 00:01:34', '2018-09-06 00:01:34'),
(28, 'edit_categories', 'categories', '2018-09-06 00:01:34', '2018-09-06 00:01:34'),
(29, 'add_categories', 'categories', '2018-09-06 00:01:34', '2018-09-06 00:01:34'),
(30, 'delete_categories', 'categories', '2018-09-06 00:01:35', '2018-09-06 00:01:35'),
(31, 'browse_posts', 'posts', '2018-09-06 00:01:41', '2018-09-06 00:01:41'),
(32, 'read_posts', 'posts', '2018-09-06 00:01:42', '2018-09-06 00:01:42'),
(33, 'edit_posts', 'posts', '2018-09-06 00:01:44', '2018-09-06 00:01:44'),
(34, 'add_posts', 'posts', '2018-09-06 00:01:44', '2018-09-06 00:01:44'),
(35, 'delete_posts', 'posts', '2018-09-06 00:01:46', '2018-09-06 00:01:46'),
(36, 'browse_pages', 'pages', '2018-09-06 00:02:05', '2018-09-06 00:02:05'),
(37, 'read_pages', 'pages', '2018-09-06 00:02:06', '2018-09-06 00:02:06'),
(38, 'edit_pages', 'pages', '2018-09-06 00:02:06', '2018-09-06 00:02:06'),
(39, 'add_pages', 'pages', '2018-09-06 00:02:07', '2018-09-06 00:02:07'),
(40, 'delete_pages', 'pages', '2018-09-06 00:02:07', '2018-09-06 00:02:07'),
(41, 'browse_hooks', NULL, '2018-09-06 00:02:23', '2018-09-06 00:02:23'),
(47, 'browse_room', 'room', '2018-09-08 05:43:38', '2018-09-08 05:43:38'),
(48, 'read_room', 'room', '2018-09-08 05:43:38', '2018-09-08 05:43:38'),
(49, 'edit_room', 'room', '2018-09-08 05:43:38', '2018-09-08 05:43:38'),
(50, 'add_room', 'room', '2018-09-08 05:43:38', '2018-09-08 05:43:38'),
(51, 'delete_room', 'room', '2018-09-08 05:43:38', '2018-09-08 05:43:38'),
(62, 'browse_bill_mgmt', 'bill_mgmt', '2018-09-08 07:41:13', '2018-09-08 07:41:13'),
(63, 'read_bill_mgmt', 'bill_mgmt', '2018-09-08 07:41:13', '2018-09-08 07:41:13'),
(64, 'edit_bill_mgmt', 'bill_mgmt', '2018-09-08 07:41:13', '2018-09-08 07:41:13'),
(65, 'add_bill_mgmt', 'bill_mgmt', '2018-09-08 07:41:13', '2018-09-08 07:41:13'),
(66, 'delete_bill_mgmt', 'bill_mgmt', '2018-09-08 07:41:14', '2018-09-08 07:41:14'),
(72, 'browse_billing', 'billing', '2018-09-16 22:20:16', '2018-09-16 22:20:16'),
(73, 'read_billing', 'billing', '2018-09-16 22:20:16', '2018-09-16 22:20:16'),
(74, 'edit_billing', 'billing', '2018-09-16 22:20:16', '2018-09-16 22:20:16'),
(75, 'add_billing', 'billing', '2018-09-16 22:20:16', '2018-09-16 22:20:16'),
(76, 'delete_billing', 'billing', '2018-09-16 22:20:16', '2018-09-16 22:20:16'),
(77, 'browse_billings', 'billings', '2018-09-16 22:32:59', '2018-09-16 22:32:59'),
(78, 'read_billings', 'billings', '2018-09-16 22:32:59', '2018-09-16 22:32:59'),
(79, 'edit_billings', 'billings', '2018-09-16 22:32:59', '2018-09-16 22:32:59'),
(80, 'add_billings', 'billings', '2018-09-16 22:32:59', '2018-09-16 22:32:59'),
(81, 'delete_billings', 'billings', '2018-09-16 22:32:59', '2018-09-16 22:32:59'),
(82, 'browse_rooms', 'rooms', '2018-09-17 05:57:53', '2018-09-17 05:57:53'),
(83, 'read_rooms', 'rooms', '2018-09-17 05:57:53', '2018-09-17 05:57:53'),
(84, 'edit_rooms', 'rooms', '2018-09-17 05:57:53', '2018-09-17 05:57:53'),
(85, 'add_rooms', 'rooms', '2018-09-17 05:57:53', '2018-09-17 05:57:53'),
(86, 'delete_rooms', 'rooms', '2018-09-17 05:57:53', '2018-09-17 05:57:53'),
(87, 'browse_tenants', 'tenants', '2018-09-17 06:50:37', '2018-09-17 06:50:37'),
(88, 'read_tenants', 'tenants', '2018-09-17 06:50:37', '2018-09-17 06:50:37'),
(89, 'edit_tenants', 'tenants', '2018-09-17 06:50:37', '2018-09-17 06:50:37'),
(90, 'add_tenants', 'tenants', '2018-09-17 06:50:37', '2018-09-17 06:50:37'),
(91, 'delete_tenants', 'tenants', '2018-09-17 06:50:37', '2018-09-17 06:50:37'),
(92, 'browse_bill_history', 'bill_history', '2018-09-18 05:59:01', '2018-09-18 05:59:01'),
(93, 'read_bill_history', 'bill_history', '2018-09-18 05:59:01', '2018-09-18 05:59:01'),
(94, 'edit_bill_history', 'bill_history', '2018-09-18 05:59:01', '2018-09-18 05:59:01'),
(95, 'add_bill_history', 'bill_history', '2018-09-18 05:59:01', '2018-09-18 05:59:01'),
(96, 'delete_bill_history', 'bill_history', '2018-09-18 05:59:01', '2018-09-18 05:59:01'),
(102, 'browse_bill_histories', 'bill_histories', '2018-09-19 08:20:24', '2018-09-19 08:20:24'),
(103, 'read_bill_histories', 'bill_histories', '2018-09-19 08:20:24', '2018-09-19 08:20:24'),
(104, 'edit_bill_histories', 'bill_histories', '2018-09-19 08:20:24', '2018-09-19 08:20:24'),
(105, 'add_bill_histories', 'bill_histories', '2018-09-19 08:20:24', '2018-09-19 08:20:24'),
(106, 'delete_bill_histories', 'bill_histories', '2018-09-19 08:20:24', '2018-09-19 08:20:24');

-- --------------------------------------------------------

--
-- Table structure for table `permission_role`
--

CREATE TABLE `permission_role` (
  `permission_id` int(10) UNSIGNED NOT NULL,
  `role_id` int(10) UNSIGNED NOT NULL
) ENGINE=InnoDB DEFAULT CHARSET=utf8mb4 COLLATE=utf8mb4_unicode_ci;

--
-- Dumping data for table `permission_role`
--

INSERT INTO `permission_role` (`permission_id`, `role_id`) VALUES
(1, 1),
(1, 2),
(2, 1),
(3, 1),
(3, 2),
(5, 1),
(6, 1),
(7, 1),
(8, 1),
(9, 1),
(10, 1),
(11, 1),
(11, 2),
(12, 1),
(12, 2),
(13, 1),
(13, 2),
(14, 1),
(14, 2),
(15, 1),
(15, 2),
(16, 1),
(16, 2),
(17, 1),
(17, 2),
(18, 1),
(18, 2),
(19, 1),
(19, 2),
(20, 1),
(20, 2),
(21, 1),
(22, 1),
(23, 1),
(24, 1),
(25, 1),
(26, 2),
(27, 2),
(28, 2),
(29, 2),
(30, 2),
(47, 1),
(47, 2),
(48, 1),
(48, 2),
(49, 1),
(50, 1),
(50, 2),
(51, 1),
(62, 1),
(62, 2),
(63, 1),
(63, 2),
(64, 2),
(65, 1),
(65, 2),
(66, 1),
(66, 2),
(72, 1),
(73, 1),
(74, 1),
(75, 1),
(76, 1),
(77, 1),
(78, 1),
(79, 1),
(80, 1),
(81, 1),
(82, 1),
(83, 1),
(84, 1),
(85, 1),
(86, 1),
(87, 1),
(88, 1),
(89, 1),
(90, 1),
(91, 1),
(92, 1),
(93, 1),
(94, 1),
(95, 1),
(96, 1),
(102, 1),
(103, 1),
(104, 1),
(105, 1),
(106, 1);

-- --------------------------------------------------------

--
-- Table structure for table `posts`
--

CREATE TABLE `posts` (
  `id` int(10) UNSIGNED NOT NULL,
  `author_id` int(11) NOT NULL,
  `category_id` int(11) DEFAULT NULL,
  `title` varchar(191) COLLATE utf8mb4_unicode_ci NOT NULL,
  `seo_title` varchar(191) COLLATE utf8mb4_unicode_ci DEFAULT NULL,
  `excerpt` text COLLATE utf8mb4_unicode_ci,
  `body` text COLLATE utf8mb4_unicode_ci NOT NULL,
  `image` varchar(191) COLLATE utf8mb4_unicode_ci DEFAULT NULL,
  `slug` varchar(191) COLLATE utf8mb4_unicode_ci NOT NULL,
  `meta_description` text COLLATE utf8mb4_unicode_ci,
  `meta_keywords` text COLLATE utf8mb4_unicode_ci,
  `status` enum('PUBLISHED','DRAFT','PENDING') COLLATE utf8mb4_unicode_ci NOT NULL DEFAULT 'DRAFT',
  `featured` tinyint(1) NOT NULL DEFAULT '0',
  `created_at` timestamp NULL DEFAULT NULL,
  `updated_at` timestamp NULL DEFAULT NULL
) ENGINE=InnoDB DEFAULT CHARSET=utf8mb4 COLLATE=utf8mb4_unicode_ci;

--
-- Dumping data for table `posts`
--

INSERT INTO `posts` (`id`, `author_id`, `category_id`, `title`, `seo_title`, `excerpt`, `body`, `image`, `slug`, `meta_description`, `meta_keywords`, `status`, `featured`, `created_at`, `updated_at`) VALUES
(1, 0, NULL, 'Lorem Ipsum Post', NULL, 'This is the excerpt for the Lorem Ipsum Post', '<p>This is the body of the lorem ipsum post</p>', 'posts/post1.jpg', 'lorem-ipsum-post', 'This is the meta description', 'keyword1, keyword2, keyword3', 'PUBLISHED', 0, '2018-09-06 00:01:53', '2018-09-06 00:01:53'),
(2, 0, NULL, 'My Sample Post', NULL, 'This is the excerpt for the sample Post', '<p>This is the body for the sample post, which includes the body.</p>\n                <h2>We can use all kinds of format!</h2>\n                <p>And include a bunch of other stuff.</p>', 'posts/post2.jpg', 'my-sample-post', 'Meta Description for sample post', 'keyword1, keyword2, keyword3', 'PUBLISHED', 0, '2018-09-06 00:01:54', '2018-09-06 00:01:54'),
(3, 0, NULL, 'Latest Post', NULL, 'This is the excerpt for the latest post', '<p>This is the body for the latest post</p>', 'posts/post3.jpg', 'latest-post', 'This is the meta description', 'keyword1, keyword2, keyword3', 'PUBLISHED', 0, '2018-09-06 00:01:55', '2018-09-06 00:01:55'),
(4, 0, NULL, 'Yarr Post', NULL, 'Reef sails nipperkin bring a spring upon her cable coffer jury mast spike marooned Pieces of Eight poop deck pillage. Clipper driver coxswain galleon hempen halter come about pressgang gangplank boatswain swing the lead. Nipperkin yard skysail swab lanyard Blimey bilge water ho quarter Buccaneer.', '<p>Swab deadlights Buccaneer fire ship square-rigged dance the hempen jig weigh anchor cackle fruit grog furl. Crack Jennys tea cup chase guns pressgang hearties spirits hogshead Gold Road six pounders fathom measured fer yer chains. Main sheet provost come about trysail barkadeer crimp scuttle mizzenmast brig plunder.</p>\n<p>Mizzen league keelhaul galleon tender cog chase Barbary Coast doubloon crack Jennys tea cup. Blow the man down lugsail fire ship pinnace cackle fruit line warp Admiral of the Black strike colors doubloon. Tackle Jack Ketch come about crimp rum draft scuppers run a shot across the bow haul wind maroon.</p>\n<p>Interloper heave down list driver pressgang holystone scuppers tackle scallywag bilged on her anchor. Jack Tar interloper draught grapple mizzenmast hulk knave cable transom hogshead. Gaff pillage to go on account grog aft chase guns piracy yardarm knave clap of thunder.</p>', 'posts/post4.jpg', 'yarr-post', 'this be a meta descript', 'keyword1, keyword2, keyword3', 'PUBLISHED', 0, '2018-09-06 00:01:56', '2018-09-06 00:01:56');

-- --------------------------------------------------------

--
-- Table structure for table `roles`
--

CREATE TABLE `roles` (
  `id` int(10) UNSIGNED NOT NULL,
  `name` varchar(191) COLLATE utf8mb4_unicode_ci NOT NULL,
  `display_name` varchar(191) COLLATE utf8mb4_unicode_ci NOT NULL,
  `created_at` timestamp NULL DEFAULT NULL,
  `updated_at` timestamp NULL DEFAULT NULL
) ENGINE=InnoDB DEFAULT CHARSET=utf8mb4 COLLATE=utf8mb4_unicode_ci;

--
-- Dumping data for table `roles`
--

INSERT INTO `roles` (`id`, `name`, `display_name`, `created_at`, `updated_at`) VALUES
(1, 'admin', 'Administrator', '2018-09-06 00:01:03', '2018-09-06 00:01:03'),
(2, 'Cashier', 'Cashier', '2018-09-06 00:01:03', '2018-09-09 21:50:33');

-- --------------------------------------------------------

--
-- Table structure for table `rooms`
--

CREATE TABLE `rooms` (
  `floor_no` int(11) DEFAULT NULL,
  `capacity` int(11) DEFAULT NULL,
  `created_at` timestamp NULL DEFAULT NULL,
  `updated_at` timestamp NULL DEFAULT NULL,
  `id` int(10) UNSIGNED NOT NULL,
  `room_no` text COLLATE utf8mb4_unicode_ci
) ENGINE=InnoDB DEFAULT CHARSET=utf8mb4 COLLATE=utf8mb4_unicode_ci;

--
-- Dumping data for table `rooms`
--

INSERT INTO `rooms` (`floor_no`, `capacity`, `created_at`, `updated_at`, `id`, `room_no`) VALUES
(1, 4, '2018-09-16 23:29:21', '2018-09-16 23:29:21', 5, '1A'),
(1, 6, '2018-09-16 23:29:47', '2018-09-16 23:29:47', 7, '1B'),
(2, 6, '2018-09-17 05:58:32', '2018-09-17 05:58:32', 8, '2A'),
(2, 4, '2018-09-17 05:58:56', '2018-09-17 05:58:56', 9, '2B');

-- --------------------------------------------------------

--
-- Table structure for table `settings`
--

CREATE TABLE `settings` (
  `id` int(10) UNSIGNED NOT NULL,
  `key` varchar(191) COLLATE utf8mb4_unicode_ci NOT NULL,
  `display_name` varchar(191) COLLATE utf8mb4_unicode_ci NOT NULL,
  `value` text COLLATE utf8mb4_unicode_ci,
  `details` text COLLATE utf8mb4_unicode_ci,
  `type` varchar(191) COLLATE utf8mb4_unicode_ci NOT NULL,
  `order` int(11) NOT NULL DEFAULT '1',
  `group` varchar(191) COLLATE utf8mb4_unicode_ci DEFAULT NULL
) ENGINE=InnoDB DEFAULT CHARSET=utf8mb4 COLLATE=utf8mb4_unicode_ci;

--
-- Dumping data for table `settings`
--

INSERT INTO `settings` (`id`, `key`, `display_name`, `value`, `details`, `type`, `order`, `group`) VALUES
(1, 'site.title', 'Site Title', 'Site Title', '', 'text', 1, 'Site'),
(2, 'site.description', 'Site Description', 'Site Description', '', 'text', 2, 'Site'),
(3, 'site.logo', 'Site Logo', '', '', 'image', 3, 'Site'),
(4, 'site.google_analytics_tracking_id', 'Google Analytics Tracking ID', NULL, '', 'text', 4, 'Site'),
(5, 'admin.bg_image', 'Admin Background Image', 'settings\\September2018\\DE3ew5kNZ4h8liDAst7i.jpg', '', 'image', 5, 'Admin'),
(6, 'admin.title', 'Admin Title', 'PAYPAD', '', 'text', 1, 'Admin'),
(7, 'admin.description', 'Admin Description', 'Welcome to UPAD\'s Billing Management System', '', 'text', 2, 'Admin'),
(8, 'admin.loader', 'Admin Loader', 'settings\\September2018\\E8n9MzIMUQ2upNtBc5xm.gif', '', 'image', 3, 'Admin'),
(9, 'admin.icon_image', 'Admin Icon Image', 'settings\\September2018\\7r1omv0kv15kTAF20WTK.png', '', 'image', 4, 'Admin'),
(10, 'admin.google_analytics_client_id', 'Google Analytics Client ID (used for admin dashboard)', NULL, '', 'text', 1, 'Admin');

-- --------------------------------------------------------

--
-- Table structure for table `tenants`
--

CREATE TABLE `tenants` (
  `id` int(10) UNSIGNED NOT NULL,
  `lastname` varchar(250) COLLATE utf8mb4_unicode_ci NOT NULL,
  `firstname` varchar(250) COLLATE utf8mb4_unicode_ci NOT NULL,
  `middlename` varchar(250) COLLATE utf8mb4_unicode_ci DEFAULT NULL,
  `extensionname` varchar(50) COLLATE utf8mb4_unicode_ci DEFAULT NULL,
  `birthdate` date NOT NULL,
  `email` varchar(250) COLLATE utf8mb4_unicode_ci NOT NULL,
  `contactno` varchar(255) COLLATE utf8mb4_unicode_ci NOT NULL,
  `address` varchar(250) COLLATE utf8mb4_unicode_ci NOT NULL,
  `reasonofstay` text COLLATE utf8mb4_unicode_ci NOT NULL,
  `occupation` varchar(250) COLLATE utf8mb4_unicode_ci NOT NULL,
  `yearsofcontract` int(11) NOT NULL,
  `startofcontract` date NOT NULL,
  `endofcontract` date NOT NULL,
  `created_at` timestamp NULL DEFAULT NULL,
  `updated_at` timestamp NULL DEFAULT NULL,
  `username` varchar(103) COLLATE utf8mb4_unicode_ci NOT NULL,
  `password` char(20) COLLATE utf8mb4_unicode_ci NOT NULL,
  `room_id` text COLLATE utf8mb4_unicode_ci
) ENGINE=InnoDB DEFAULT CHARSET=utf8mb4 COLLATE=utf8mb4_unicode_ci;

--
-- Dumping data for table `tenants`
--

INSERT INTO `tenants` (`id`, `lastname`, `firstname`, `middlename`, `extensionname`, `birthdate`, `email`, `contactno`, `address`, `reasonofstay`, `occupation`, `yearsofcontract`, `startofcontract`, `endofcontract`, `created_at`, `updated_at`, `username`, `password`, `room_id`) VALUES
(14, 'San Pedro', 'Mary Jane', 'G', NULL, '1997-01-01', 'mj@gmail.com', '093231231', 'Cubao', 'dorm near school', 'student', 2, '2018-01-01', '2020-01-01', '2018-09-17 06:57:00', '2018-09-18 06:39:29', '@mjsanpedro', 'password', '2A'),
(15, 'Siervo', 'Jason', 'Andarino', NULL, '1998-02-02', 'jason.siervo@gmail.com', '09236801740', 'Bulacan', 'dorm near school', 'student', 2, '2018-02-02', '2020-02-02', '2018-09-17 07:04:00', '2018-09-17 23:54:04', '@jasiervo', 'password', '1B'),
(16, 'Irish Kate', 'Palaming', 'C', NULL, '1998-03-03', 'irish123@gmail.com', '094248292', 'Pangasinan', 'dorm near school', 'student', 2, '2018-03-03', '2020-03-03', '2018-09-17 07:05:00', '2018-09-17 23:53:28', '@ipalaming', 'password', '1A'),
(17, 'Ramos', 'Jerome', 'G', NULL, '1998-03-03', 'jgramos@gmail.com', '092313131', 'Sta. Mesa', 'dorm near school', 'student', 4, '2016-09-09', '2020-09-09', '2018-09-18 06:41:34', '2018-09-18 06:41:34', '@jgramos', 'password', '2B'),
(18, 'Andarino', 'Kay Karen', 'Corollo', NULL, '1997-07-18', 'kay@gmail.com', '0922424244', 'Capul', 'near working place', 'Teacher', 2, '2016-01-01', '2018-01-01', '2018-09-19 08:37:00', '2018-09-19 08:37:37', '@kcandarino', 'password', '1A'),
(19, 'Siervo', 'Angelo Isaac', 'Andarino', NULL, '2000-07-19', 'angelo@gmail.com', '09236801740', 'Bulacan', 'dorm near school', 'student', 2, '2018-01-01', '2020-01-01', '2018-09-19 08:55:32', '2018-09-19 08:55:32', '@aasiervo', 'password', '1B');

-- --------------------------------------------------------

--
-- Table structure for table `translations`
--

CREATE TABLE `translations` (
  `id` int(10) UNSIGNED NOT NULL,
  `table_name` varchar(191) COLLATE utf8mb4_unicode_ci NOT NULL,
  `column_name` varchar(191) COLLATE utf8mb4_unicode_ci NOT NULL,
  `foreign_key` int(10) UNSIGNED NOT NULL,
  `locale` varchar(191) COLLATE utf8mb4_unicode_ci NOT NULL,
  `value` text COLLATE utf8mb4_unicode_ci NOT NULL,
  `created_at` timestamp NULL DEFAULT NULL,
  `updated_at` timestamp NULL DEFAULT NULL
) ENGINE=InnoDB DEFAULT CHARSET=utf8mb4 COLLATE=utf8mb4_unicode_ci;

--
-- Dumping data for table `translations`
--

INSERT INTO `translations` (`id`, `table_name`, `column_name`, `foreign_key`, `locale`, `value`, `created_at`, `updated_at`) VALUES
(1, 'data_types', 'display_name_singular', 5, 'pt', 'Post', '2018-09-06 00:02:11', '2018-09-06 00:02:11'),
(2, 'data_types', 'display_name_singular', 6, 'pt', 'Página', '2018-09-06 00:02:12', '2018-09-06 00:02:12'),
(3, 'data_types', 'display_name_singular', 1, 'pt', 'Utilizador', '2018-09-06 00:02:12', '2018-09-06 00:02:12'),
(4, 'data_types', 'display_name_singular', 4, 'pt', 'Categoria', '2018-09-06 00:02:15', '2018-09-06 00:02:15'),
(5, 'data_types', 'display_name_singular', 2, 'pt', 'Menu', '2018-09-06 00:02:17', '2018-09-06 00:02:17'),
(6, 'data_types', 'display_name_singular', 3, 'pt', 'Função', '2018-09-06 00:02:18', '2018-09-06 00:02:18'),
(7, 'data_types', 'display_name_plural', 5, 'pt', 'Posts', '2018-09-06 00:02:19', '2018-09-06 00:02:19'),
(8, 'data_types', 'display_name_plural', 6, 'pt', 'Páginas', '2018-09-06 00:02:19', '2018-09-06 00:02:19'),
(9, 'data_types', 'display_name_plural', 1, 'pt', 'Utilizadores', '2018-09-06 00:02:20', '2018-09-06 00:02:20'),
(10, 'data_types', 'display_name_plural', 4, 'pt', 'Categorias', '2018-09-06 00:02:20', '2018-09-06 00:02:20'),
(11, 'data_types', 'display_name_plural', 2, 'pt', 'Menus', '2018-09-06 00:02:20', '2018-09-06 00:02:20'),
(12, 'data_types', 'display_name_plural', 3, 'pt', 'Funções', '2018-09-06 00:02:20', '2018-09-06 00:02:20'),
(13, 'categories', 'slug', 1, 'pt', 'categoria-1', '2018-09-06 00:02:20', '2018-09-06 00:02:20'),
(14, 'categories', 'name', 1, 'pt', 'Categoria 1', '2018-09-06 00:02:20', '2018-09-06 00:02:20'),
(15, 'categories', 'slug', 2, 'pt', 'categoria-2', '2018-09-06 00:02:20', '2018-09-06 00:02:20'),
(16, 'categories', 'name', 2, 'pt', 'Categoria 2', '2018-09-06 00:02:20', '2018-09-06 00:02:20'),
(17, 'pages', 'title', 1, 'pt', 'Olá Mundo', '2018-09-06 00:02:20', '2018-09-06 00:02:20'),
(18, 'pages', 'slug', 1, 'pt', 'ola-mundo', '2018-09-06 00:02:21', '2018-09-06 00:02:21'),
(19, 'pages', 'body', 1, 'pt', '<p>Olá Mundo. Scallywag grog swab Cat o\'nine tails scuttle rigging hardtack cable nipper Yellow Jack. Handsomely spirits knave lad killick landlubber or just lubber deadlights chantey pinnace crack Jennys tea cup. Provost long clothes black spot Yellow Jack bilged on her anchor league lateen sail case shot lee tackle.</p>\r\n<p>Ballast spirits fluke topmast me quarterdeck schooner landlubber or just lubber gabion belaying pin. Pinnace stern galleon starboard warp carouser to go on account dance the hempen jig jolly boat measured fer yer chains. Man-of-war fire in the hole nipperkin handsomely doubloon barkadeer Brethren of the Coast gibbet driver squiffy.</p>', '2018-09-06 00:02:21', '2018-09-06 00:02:21'),
(20, 'menu_items', 'title', 1, 'pt', 'Painel de Controle', '2018-09-06 00:02:21', '2018-09-06 00:02:21'),
(21, 'menu_items', 'title', 2, 'pt', 'Media', '2018-09-06 00:02:21', '2018-09-06 00:02:21'),
(22, 'menu_items', 'title', 12, 'pt', 'Publicações', '2018-09-06 00:02:21', '2018-09-06 00:02:21'),
(23, 'menu_items', 'title', 3, 'pt', 'Utilizadores', '2018-09-06 00:02:21', '2018-09-06 00:02:21'),
(24, 'menu_items', 'title', 11, 'pt', 'Categorias', '2018-09-06 00:02:21', '2018-09-06 00:02:21'),
(25, 'menu_items', 'title', 13, 'pt', 'Páginas', '2018-09-06 00:02:21', '2018-09-06 00:02:21'),
(26, 'menu_items', 'title', 4, 'pt', 'Funções', '2018-09-06 00:02:21', '2018-09-06 00:02:21'),
(27, 'menu_items', 'title', 5, 'pt', 'Ferramentas', '2018-09-06 00:02:21', '2018-09-06 00:02:21'),
(28, 'menu_items', 'title', 6, 'pt', 'Menus', '2018-09-06 00:02:21', '2018-09-06 00:02:21'),
(29, 'menu_items', 'title', 7, 'pt', 'Base de dados', '2018-09-06 00:02:21', '2018-09-06 00:02:21'),
(30, 'menu_items', 'title', 10, 'pt', 'Configurações', '2018-09-06 00:02:21', '2018-09-06 00:02:21');

-- --------------------------------------------------------

--
-- Table structure for table `users`
--

CREATE TABLE `users` (
  `id` int(10) UNSIGNED NOT NULL,
  `role_id` int(10) UNSIGNED DEFAULT NULL,
  `name` varchar(191) COLLATE utf8mb4_unicode_ci NOT NULL,
  `email` varchar(191) COLLATE utf8mb4_unicode_ci NOT NULL,
  `avatar` varchar(191) COLLATE utf8mb4_unicode_ci DEFAULT 'users/default.png',
  `password` varchar(191) COLLATE utf8mb4_unicode_ci NOT NULL,
  `remember_token` varchar(100) COLLATE utf8mb4_unicode_ci DEFAULT NULL,
  `settings` text COLLATE utf8mb4_unicode_ci,
  `created_at` timestamp NULL DEFAULT NULL,
  `updated_at` timestamp NULL DEFAULT NULL
) ENGINE=InnoDB DEFAULT CHARSET=utf8mb4 COLLATE=utf8mb4_unicode_ci;

--
-- Dumping data for table `users`
--

INSERT INTO `users` (`id`, `role_id`, `name`, `email`, `avatar`, `password`, `remember_token`, `settings`, `created_at`, `updated_at`) VALUES
(1, 1, 'Admin', 'admin@admin.com', 'users\\September2018\\S6Jq7zXmvgPFAQV933hu.jpg', '$2y$10$gUvDWRZpado8xfxAhg9Q..Ml1QpKveGUAeHeIaOKmjyQR2cnPXtLK', 'bNEqlJ96ftYrUEHL9mraxw1JkaLZ4SBmrYPHhgZenwGrDjyncKJGJ8q6vhth', '{\"locale\":\"en\"}', '2018-09-06 00:01:36', '2018-09-18 23:39:33'),
(2, 2, 'Jason Siervo', 'jason@gmail.com', 'users/default.png', '$2y$10$ESEq.m.dPR74uGTgcbfljex5SpPBG8QUr0ObMa4YhOFw.rprvqmce', 'HkHeyaJnK97goVxmy2SEboHMT1EpJTVL3p4ySCmpv8ILBsIXjZ3BCMwJ4GOh', '{\"locale\":\"en\"}', '2018-09-09 21:51:15', '2018-09-09 21:51:15');

-- --------------------------------------------------------

--
-- Table structure for table `user_roles`
--

CREATE TABLE `user_roles` (
  `user_id` int(10) UNSIGNED NOT NULL,
  `role_id` int(10) UNSIGNED NOT NULL
) ENGINE=InnoDB DEFAULT CHARSET=utf8mb4 COLLATE=utf8mb4_unicode_ci;

--
-- Indexes for dumped tables
--

--
-- Indexes for table `billings`
--
ALTER TABLE `billings`
  ADD PRIMARY KEY (`id`);

--
-- Indexes for table `bill_histories`
--
ALTER TABLE `bill_histories`
  ADD PRIMARY KEY (`id`);

--
-- Indexes for table `categories`
--
ALTER TABLE `categories`
  ADD PRIMARY KEY (`id`),
  ADD UNIQUE KEY `categories_slug_unique` (`slug`),
  ADD KEY `categories_parent_id_foreign` (`parent_id`);

--
-- Indexes for table `data_rows`
--
ALTER TABLE `data_rows`
  ADD PRIMARY KEY (`id`),
  ADD KEY `data_rows_data_type_id_foreign` (`data_type_id`);

--
-- Indexes for table `data_types`
--
ALTER TABLE `data_types`
  ADD PRIMARY KEY (`id`),
  ADD UNIQUE KEY `data_types_name_unique` (`name`),
  ADD UNIQUE KEY `data_types_slug_unique` (`slug`);

--
-- Indexes for table `menus`
--
ALTER TABLE `menus`
  ADD PRIMARY KEY (`id`),
  ADD UNIQUE KEY `menus_name_unique` (`name`);

--
-- Indexes for table `menu_items`
--
ALTER TABLE `menu_items`
  ADD PRIMARY KEY (`id`),
  ADD KEY `menu_items_menu_id_foreign` (`menu_id`);

--
-- Indexes for table `migrations`
--
ALTER TABLE `migrations`
  ADD PRIMARY KEY (`id`);

--
-- Indexes for table `pages`
--
ALTER TABLE `pages`
  ADD PRIMARY KEY (`id`),
  ADD UNIQUE KEY `pages_slug_unique` (`slug`);

--
-- Indexes for table `password_resets`
--
ALTER TABLE `password_resets`
  ADD KEY `password_resets_email_index` (`email`);

--
-- Indexes for table `permissions`
--
ALTER TABLE `permissions`
  ADD PRIMARY KEY (`id`),
  ADD KEY `permissions_key_index` (`key`);

--
-- Indexes for table `permission_role`
--
ALTER TABLE `permission_role`
  ADD PRIMARY KEY (`permission_id`,`role_id`),
  ADD KEY `permission_role_permission_id_index` (`permission_id`),
  ADD KEY `permission_role_role_id_index` (`role_id`);

--
-- Indexes for table `posts`
--
ALTER TABLE `posts`
  ADD PRIMARY KEY (`id`),
  ADD UNIQUE KEY `posts_slug_unique` (`slug`);

--
-- Indexes for table `roles`
--
ALTER TABLE `roles`
  ADD PRIMARY KEY (`id`),
  ADD UNIQUE KEY `roles_name_unique` (`name`);

--
-- Indexes for table `rooms`
--
ALTER TABLE `rooms`
  ADD PRIMARY KEY (`id`);

--
-- Indexes for table `settings`
--
ALTER TABLE `settings`
  ADD PRIMARY KEY (`id`),
  ADD UNIQUE KEY `settings_key_unique` (`key`);

--
-- Indexes for table `tenants`
--
ALTER TABLE `tenants`
  ADD PRIMARY KEY (`id`);

--
-- Indexes for table `translations`
--
ALTER TABLE `translations`
  ADD PRIMARY KEY (`id`),
  ADD UNIQUE KEY `translations_table_name_column_name_foreign_key_locale_unique` (`table_name`,`column_name`,`foreign_key`,`locale`);

--
-- Indexes for table `users`
--
ALTER TABLE `users`
  ADD PRIMARY KEY (`id`),
  ADD UNIQUE KEY `users_email_unique` (`email`),
  ADD KEY `users_role_id_foreign` (`role_id`);

--
-- Indexes for table `user_roles`
--
ALTER TABLE `user_roles`
  ADD PRIMARY KEY (`user_id`,`role_id`),
  ADD KEY `user_roles_user_id_index` (`user_id`),
  ADD KEY `user_roles_role_id_index` (`role_id`);

--
-- AUTO_INCREMENT for dumped tables
--

--
-- AUTO_INCREMENT for table `billings`
--
ALTER TABLE `billings`
  MODIFY `id` int(10) UNSIGNED NOT NULL AUTO_INCREMENT, AUTO_INCREMENT=17;

--
-- AUTO_INCREMENT for table `bill_histories`
--
ALTER TABLE `bill_histories`
  MODIFY `id` int(10) UNSIGNED NOT NULL AUTO_INCREMENT, AUTO_INCREMENT=47;

--
-- AUTO_INCREMENT for table `categories`
--
ALTER TABLE `categories`
  MODIFY `id` int(10) UNSIGNED NOT NULL AUTO_INCREMENT, AUTO_INCREMENT=3;

--
-- AUTO_INCREMENT for table `data_rows`
--
ALTER TABLE `data_rows`
  MODIFY `id` int(10) UNSIGNED NOT NULL AUTO_INCREMENT, AUTO_INCREMENT=186;

--
-- AUTO_INCREMENT for table `data_types`
--
ALTER TABLE `data_types`
  MODIFY `id` int(10) UNSIGNED NOT NULL AUTO_INCREMENT, AUTO_INCREMENT=23;

--
-- AUTO_INCREMENT for table `menus`
--
ALTER TABLE `menus`
  MODIFY `id` int(10) UNSIGNED NOT NULL AUTO_INCREMENT, AUTO_INCREMENT=3;

--
-- AUTO_INCREMENT for table `menu_items`
--
ALTER TABLE `menu_items`
  MODIFY `id` int(10) UNSIGNED NOT NULL AUTO_INCREMENT, AUTO_INCREMENT=32;

--
-- AUTO_INCREMENT for table `migrations`
--
ALTER TABLE `migrations`
  MODIFY `id` int(10) UNSIGNED NOT NULL AUTO_INCREMENT, AUTO_INCREMENT=28;

--
-- AUTO_INCREMENT for table `pages`
--
ALTER TABLE `pages`
  MODIFY `id` int(10) UNSIGNED NOT NULL AUTO_INCREMENT, AUTO_INCREMENT=2;

--
-- AUTO_INCREMENT for table `permissions`
--
ALTER TABLE `permissions`
  MODIFY `id` int(10) UNSIGNED NOT NULL AUTO_INCREMENT, AUTO_INCREMENT=107;

--
-- AUTO_INCREMENT for table `posts`
--
ALTER TABLE `posts`
  MODIFY `id` int(10) UNSIGNED NOT NULL AUTO_INCREMENT, AUTO_INCREMENT=5;

--
-- AUTO_INCREMENT for table `roles`
--
ALTER TABLE `roles`
  MODIFY `id` int(10) UNSIGNED NOT NULL AUTO_INCREMENT, AUTO_INCREMENT=3;

--
-- AUTO_INCREMENT for table `rooms`
--
ALTER TABLE `rooms`
  MODIFY `id` int(10) UNSIGNED NOT NULL AUTO_INCREMENT, AUTO_INCREMENT=10;

--
-- AUTO_INCREMENT for table `settings`
--
ALTER TABLE `settings`
  MODIFY `id` int(10) UNSIGNED NOT NULL AUTO_INCREMENT, AUTO_INCREMENT=11;

--
-- AUTO_INCREMENT for table `tenants`
--
ALTER TABLE `tenants`
  MODIFY `id` int(10) UNSIGNED NOT NULL AUTO_INCREMENT, AUTO_INCREMENT=20;

--
-- AUTO_INCREMENT for table `translations`
--
ALTER TABLE `translations`
  MODIFY `id` int(10) UNSIGNED NOT NULL AUTO_INCREMENT, AUTO_INCREMENT=31;

--
-- AUTO_INCREMENT for table `users`
--
ALTER TABLE `users`
  MODIFY `id` int(10) UNSIGNED NOT NULL AUTO_INCREMENT, AUTO_INCREMENT=3;

--
-- Constraints for dumped tables
--

--
-- Constraints for table `categories`
--
ALTER TABLE `categories`
  ADD CONSTRAINT `categories_parent_id_foreign` FOREIGN KEY (`parent_id`) REFERENCES `categories` (`id`) ON DELETE SET NULL ON UPDATE CASCADE;

--
-- Constraints for table `data_rows`
--
ALTER TABLE `data_rows`
  ADD CONSTRAINT `data_rows_data_type_id_foreign` FOREIGN KEY (`data_type_id`) REFERENCES `data_types` (`id`) ON DELETE CASCADE ON UPDATE CASCADE;

--
-- Constraints for table `menu_items`
--
ALTER TABLE `menu_items`
  ADD CONSTRAINT `menu_items_menu_id_foreign` FOREIGN KEY (`menu_id`) REFERENCES `menus` (`id`) ON DELETE CASCADE;

--
-- Constraints for table `permission_role`
--
ALTER TABLE `permission_role`
  ADD CONSTRAINT `permission_role_permission_id_foreign` FOREIGN KEY (`permission_id`) REFERENCES `permissions` (`id`) ON DELETE CASCADE,
  ADD CONSTRAINT `permission_role_role_id_foreign` FOREIGN KEY (`role_id`) REFERENCES `roles` (`id`) ON DELETE CASCADE;

--
-- Constraints for table `users`
--
ALTER TABLE `users`
  ADD CONSTRAINT `users_role_id_foreign` FOREIGN KEY (`role_id`) REFERENCES `roles` (`id`);

--
-- Constraints for table `user_roles`
--
ALTER TABLE `user_roles`
  ADD CONSTRAINT `user_roles_role_id_foreign` FOREIGN KEY (`role_id`) REFERENCES `roles` (`id`) ON DELETE CASCADE,
  ADD CONSTRAINT `user_roles_user_id_foreign` FOREIGN KEY (`user_id`) REFERENCES `users` (`id`) ON DELETE CASCADE;
COMMIT;

/*!40101 SET CHARACTER_SET_CLIENT=@OLD_CHARACTER_SET_CLIENT */;
/*!40101 SET CHARACTER_SET_RESULTS=@OLD_CHARACTER_SET_RESULTS */;
/*!40101 SET COLLATION_CONNECTION=@OLD_COLLATION_CONNECTION */;
