-- MySQL dump 10.13  Distrib 5.7.32, for Linux (x86_64)
--
-- Host: localhost    Database: consulting-web
-- ------------------------------------------------------
-- Server version	5.7.32-0ubuntu0.16.04.1

/*!40101 SET @OLD_CHARACTER_SET_CLIENT=@@CHARACTER_SET_CLIENT */;
/*!40101 SET @OLD_CHARACTER_SET_RESULTS=@@CHARACTER_SET_RESULTS */;
/*!40101 SET @OLD_COLLATION_CONNECTION=@@COLLATION_CONNECTION */;
/*!40101 SET NAMES utf8 */;
/*!40103 SET @OLD_TIME_ZONE=@@TIME_ZONE */;
/*!40103 SET TIME_ZONE='+00:00' */;
/*!40014 SET @OLD_UNIQUE_CHECKS=@@UNIQUE_CHECKS, UNIQUE_CHECKS=0 */;
/*!40014 SET @OLD_FOREIGN_KEY_CHECKS=@@FOREIGN_KEY_CHECKS, FOREIGN_KEY_CHECKS=0 */;
/*!40101 SET @OLD_SQL_MODE=@@SQL_MODE, SQL_MODE='NO_AUTO_VALUE_ON_ZERO' */;
/*!40111 SET @OLD_SQL_NOTES=@@SQL_NOTES, SQL_NOTES=0 */;

--
-- Table structure for table `about`
--

DROP TABLE IF EXISTS `about`;
/*!40101 SET @saved_cs_client     = @@character_set_client */;
/*!40101 SET character_set_client = utf8 */;
CREATE TABLE `about` (
  `id` bigint(20) unsigned NOT NULL AUTO_INCREMENT,
  `lang` varchar(255) COLLATE utf8mb4_unicode_ci NOT NULL,
  `title` varchar(255) COLLATE utf8mb4_unicode_ci NOT NULL,
  `short_description` text COLLATE utf8mb4_unicode_ci,
  `description` text COLLATE utf8mb4_unicode_ci NOT NULL,
  `photo` varchar(255) COLLATE utf8mb4_unicode_ci DEFAULT NULL,
  `created_at` timestamp NULL DEFAULT NULL,
  `updated_at` timestamp NULL DEFAULT NULL,
  PRIMARY KEY (`id`)
) ENGINE=InnoDB AUTO_INCREMENT=3 DEFAULT CHARSET=utf8mb4 COLLATE=utf8mb4_unicode_ci;
/*!40101 SET character_set_client = @saved_cs_client */;

--
-- Dumping data for table `about`
--

LOCK TABLES `about` WRITE;
/*!40000 ALTER TABLE `about` DISABLE KEYS */;
INSERT INTO `about` VALUES (1,'ar','تبدة عن المؤسسة','بداية العام 2010م, وهذا مما نفتخر به فجذورنا ليست عرضية بل عميقة في الأرض. ومن خلال الخبرات الطويلة التي مررنا بها استطعنا أن ننشئ المركز الأول في مجال الاستشارات الأكاديمية حيث يتواصل نمونا بشكل منتظم على مدى الشهور والسنين. وخلال هذه الفترة حرصنا على الإلتزام بمعايير الجودة والأمانة العلمية حيث نتبع الطريقة العلمية في حل المشاكل البحثية للمستفيدين. ونحافظ على خصوصية كل من تعامل معنا ونلتزم بكل ما تم الإتفاق عليه م','المنارة للاستشارات مؤسسة مرخصة من قبل وزارة التربية والتعليم العالي بفلسطين تحت رقم 2015/15.\r\n\r\nولدت فكرتنا للعمل في الخدمة عن بعد منذ العام 2002, وكانت فكرة الطلب والشراء عبر الإنترنت فكرة مستحدثه في المجتمع العربي. والمنارة لم تصل لما هي عليها الآن منذ السنوات الأولى, حيث استمررنا في الدراسة والتعلم على منهج المحاولة والخطأ حتى بدأنا أنشطتنا بشكل حقيقي منذ بداية العام 2010م, وهذا مما نفتخر به فجذورنا ليست عرضية بل عميقة في الأرض. ومن خلال الخبرات الطويلة التي مررنا بها استطعنا أن ننشئ المركز الأول في مجال الاستشارات الأكاديمية حيث يتواصل نمونا بشكل منتظم على مدى الشهور والسنين. وخلال هذه الفترة حرصنا على الإلتزام بمعايير الجودة والأمانة العلمية حيث نتبع الطريقة العلمية في حل المشاكل البحثية للمستفيدين. ونحافظ على خصوصية كل من تعامل معنا ونلتزم بكل ما تم الإتفاق عليه من مهام ونقوم بتسليم الأعمال قبل الوقت المتفق عليه. مما يميز المنارة للاستشارات عن غيرها أنه في حال عرض علينا عمل لا يمكننا القيام به بشكل ممتاز فإننا نقوم بالإعتذار عنه. وذلك حفاظا على وقت المستفيد ولأننا نعرف بالضبط حدود قدراتنا ولا ندعي بأننا وسعنا كل شيء علما. المنارة للاستشارات هي الأكثر فهما لحاجتكم  والضمان لانجاز الأعمال بالشكل المطلوب.','https://www.manaraa.com/Images/Pages/46182a94-d689-4ca0-896c-cc73cc0abe74.jpg',NULL,'2021-03-31 14:20:26'),(2,'en','title 22','zgoizgnzgzehzhg89648964sdgsd8g9498 6sdg854sdh8b96 68gds94sd98h6 968sdg4s98g4896 s4dgf896 s4g98sg498 xg4sd','zgoizgnzgzehzhg89648964sdgsd8g9498 6sdg854sdh8b96 68gds94sd98h6 968sdg4s98g4896 s4dgf896 s4g98sg498 xg4sd',NULL,'2021-03-30 14:48:33','2021-03-31 11:11:32');
/*!40000 ALTER TABLE `about` ENABLE KEYS */;
UNLOCK TABLES;

--
-- Table structure for table `blog_articles`
--

DROP TABLE IF EXISTS `blog_articles`;
/*!40101 SET @saved_cs_client     = @@character_set_client */;
/*!40101 SET character_set_client = utf8 */;
CREATE TABLE `blog_articles` (
  `id` bigint(20) unsigned NOT NULL AUTO_INCREMENT,
  `service_id` bigint(20) unsigned NOT NULL,
  `author_id` bigint(20) unsigned NOT NULL,
  `title` varchar(255) COLLATE utf8mb4_unicode_ci NOT NULL,
  `short_description` text COLLATE utf8mb4_unicode_ci NOT NULL,
  `content` longtext COLLATE utf8mb4_unicode_ci NOT NULL,
  `cover` varchar(255) COLLATE utf8mb4_unicode_ci DEFAULT NULL,
  `views` int(11) NOT NULL DEFAULT '0',
  `status` int(11) NOT NULL DEFAULT '1',
  `lang` varchar(255) COLLATE utf8mb4_unicode_ci NOT NULL,
  `deleted_at` timestamp NULL DEFAULT NULL,
  `created_at` timestamp NULL DEFAULT NULL,
  `updated_at` timestamp NULL DEFAULT NULL,
  PRIMARY KEY (`id`)
) ENGINE=InnoDB AUTO_INCREMENT=4 DEFAULT CHARSET=utf8mb4 COLLATE=utf8mb4_unicode_ci;
/*!40101 SET character_set_client = @saved_cs_client */;

--
-- Dumping data for table `blog_articles`
--

LOCK TABLES `blog_articles` WRITE;
/*!40000 ALTER TABLE `blog_articles` DISABLE KEYS */;
INSERT INTO `blog_articles` VALUES (1,1,1,'title fbfdn','<p><strong>short description dskjb fb&nbsp;</strong></p>','<ul>\r\n	<li>sdbsdb&nbsp; sdbk, sdbks dbdf xbs pfb, pfd,ndfn dpho;f pdsodsh pxfbf;&nbsp;</li>\r\n	<li>sdbsdb&nbsp; sdbk, sdbks dbdf xbs pfb, pfd,ndfn dpho;f pdsodsh pxfbf;&nbsp;</li>\r\n	<li>sdbsdb&nbsp; sdbk, sdbks dbdf xbs pfb, pfd,ndfn dpho;f pdsodsh pxfbf;&nbsp;</li>\r\n	<li>sdbsdb&nbsp; sdbk, sdbks dbdf xbs pfb, pfd,ndfn dpho;f pdsodsh pxfbf;&nbsp;</li>\r\n	<li>sdbsdb&nbsp; sdbk, sdbks dbdf xbs pfb, pfd,ndfn dpho;f pdsodsh pxfbf;&nbsp;</li>\r\n</ul>','storage/uploads/blog/covers/SGwfsHspGk-1617364369.jpg',0,1,'en',NULL,'2021-03-26 15:42:18','2021-04-02 10:56:18'),(2,1,1,'new title','<p>sdblksd,b okfdn,odfin, okfn,o&icirc;fn ,c oxfi f,dn&agrave;io,&nbsp;</p>','<h2><a id=\"ماذا يعني اقتباس حرفي؟\" name=\"ماذا يعني اقتباس حرفي؟\"><strong>&nbsp;ماذا يعني اقتباس حرفي؟&nbsp;</strong></a></h2>\r\n\r\n<p>أمامك إحدى الكتب، قم بعملية فتح أي من صفحات هذا الكتاب وقم بعملية نسخ ولصق لأي فقرة من فقرات هذا الكتاب دون أن تغير أي شيء. هذا هو الاقتباس الحرفي.</p>\r\n\r\n<p>ويمكن أن نعطي الاقتباس الحرفي تعريفاً اصطلاحياً بأنها: عملية أخذ مقصودة أو غير مقصودة لمحتوى كاتب آخر كما هو نص وفكرة وحرفاً.</p>\r\n\r\n<p>و كذلك بالنظر إلى&nbsp;<a href=\"https://www.manaraa.com/post/6244/%D8%A7%D9%84%D8%A7%D9%86%D8%AA%D8%AD%D8%A7%D9%84-%D9%81%D9%8A-%D8%A7%D9%84%D8%A3%D8%A8%D8%AD%D8%A7%D8%AB-%D8%A7%D9%84%D8%B9%D9%84%D9%85%D9%8A%D8%A9\" target=\"_blank\">عملية الانتحال</a>&nbsp;يمكن القول بأن الاقتباس الحرفي هو: عملية انتحال للنص بأخذها حرفياً بنفس الكلمات دون صياغاتها بكلمات أخرى.</p>\r\n\r\n<p>و كذلك عند الحديث عن الاقتباس فإن الباحث لابد وأن يأخذ بحسبانه عملية أخرى ملازمة للاقتباس وهي عملية&nbsp;<a href=\"https://www.manaraa.com/post/6348/%D8%AA%D9%88%D8%AB%D9%8A%D9%82-%D8%A7%D9%84%D9%85%D8%B1%D8%A7%D8%AC%D8%B9-%D9%81%D9%8A-%D8%AE%D8%B7%D8%A9-%D8%A7%D9%84%D8%A8%D8%AD%D8%AB\" target=\"_blank\">توثيق المراجع</a>، وبهذا الاعتبار يمكن القول بالنسبة لعلمية الاقتباس الحرفي وعلاقتها بعملية توثيق المراجع: هي عملية أخذ مضمون بشكل نصي وفكري دون إجراء عملية التوثيق الصحيحة له في متن المادة التي يجري إعدادها.</p>\r\n\r\n<h3>إذاً، نرى أن الاقتباس الحرفي يرتبط بعدة محاور أساسية وهي:</h3>\r\n\r\n<ol>\r\n	<li>\r\n	<p>يرتبط الاقتباس الحرفي بالنص والفكرة لمحتوى الكاتب الأصلي. فبأخذ المضمون بشكل حرفي يكون الباحث قد قام بعملية أخذ النص مع الفكرة أيضاً.</p>\r\n	</li>\r\n	<li>\r\n	<p>النسخ واللصق المباشر هما محددان أساسيين لوجه الاقتباس الحرفي.</p>\r\n	</li>\r\n	<li>\r\n	<p>يرتبط الاقتباس الحرفي بعملية الانتحال، فالباحث باقتباسه الحرفي يكون بذلك مرتكباً للانتحال سواء بقصد أو غير قصد.</p>\r\n	</li>\r\n	<li>\r\n	<p><a href=\"https://www.manaraa.com/post/6565/%D8%AA%D9%88%D8%AB%D9%8A%D9%82-%D8%A7%D9%84%D9%85%D8%B1%D8%A7%D8%AC%D8%B9-%D9%81%D9%8A-%D8%A7%D9%84%D8%A5%D8%B7%D8%A7%D8%B1-%D8%A7%D9%84%D9%86%D8%B8%D8%B1%D9%8A\" target=\"_blank\">عملية توثيق المراجع</a>&nbsp;ترتبط الاقتباس الحرفي وذلك لأن أخذ أي مضمون سواء نص أو فكرة أو كليهما لابد له من عملية توثيق المراجع.</p>\r\n	</li>\r\n</ol>\r\n\r\n<hr />\r\n<h2><a id=\"أوجه الاقتباس الحرفي\" name=\"أوجه الاقتباس الحرفي\"><strong>&nbsp;أوجه الاقتباس الحرفي:&nbsp;</strong></a></h2>\r\n\r\n<p>&nbsp;للاقتباس الحرفي وجه واحد فقط، وهذا الوجه له صور مختلفة. إذ أن قيام الباحث بعملية الأخذ المتكامل لمضمون مادة علمية معينة بكلماتها يعتبر هو الوجه الأساسي للاقتباس الحرفي. وتحت هذا الوجه الأساسي للاقتباس الحرفي تأتي الصور التالية:</p>\r\n\r\n<ol>\r\n	<li>\r\n	<p>قد يقوم الباحث الاقتباس الحرفي لمضمون ما نصاً وفكرة وبهذا يكون الانتحال واضحاً للنص وللفكرة أيضاً.</p>\r\n	</li>\r\n	<li>\r\n	<p>قد يقوم&nbsp;<a href=\"https://www.manaraa.com/post/6212/%D8%A3%D9%87%D9%85-%D8%A3%D8%AE%D8%B7%D8%A7%D8%A1-%D8%A7%D9%84%D8%A8%D8%A7%D8%AD%D8%AB%D9%8A%D9%86-%D9%81%D9%8A-%D8%A5%D8%B9%D8%AF%D8%A7%D8%AF-%D8%A7%D9%84%D8%A5%D8%B7%D8%A7%D8%B1-%D8%A7%D9%84%D9%86%D8%B8%D8%B1%D9%8A\" target=\"_blank\">الباحث</a>&nbsp;الاقتباس الحرفي لمضمون ما ولكن يقوم بعملية أخذ الكلمات والنص وتوظيفه لخدمة فكرة أخرى يتم فهمها بقراءة كامل المضمون الذي قام بإعداده الباحث، على سبيل المثال كان الباحث يقوم بعملية إعداد مادة تتحدث عن نهر النيل وقام بالاقتباس الحرفي لبيت شعر يتحدث عن الحضارة المصرية القديمة، فهنا يكون الباحث قد وظف الاقتباس الحرفي لخدمة فكرة عامة.</p>\r\n	</li>\r\n	<li>\r\n	<p>إذا قام الباحث الاقتباس الحرفي لجزء من الكتابات الأخرى حتى وإن كانت مجرد معلومة أو سطر فيندرج هذا تحت إطار الاقتباس الحرفي، و كذلك الاقتباس الحرفي لفقرة وصولاً لانتحال مادة بأكملها.</p>\r\n	</li>\r\n	<li>\r\n	<p>في صورة يدرجها بعض العلماء ضمن أوجه الاقتباس الحرفي هي قيام الباحث بأخذ المعنى نفسه المطابق لمعاني كتابات أخرى ولكن بصياغة مخالفة، يعتبر العلماء هذا نوع من الاقتباس الحرفي ولكن يضيفوا عليه كلمة المعنى ليصبح الاقتباس الحرفي للمعنى.</p>\r\n	</li>\r\n</ol>\r\n\r\n<p><a href=\"https://www.manaraa.com/OrdersRequest\" target=\"_blank\"><img alt=\"فحص السرقة الأدبية\" src=\"https://www.manaraa.com/upload/79b4f94a-e362-4615-8024-08be49459f4f.jpg\" /></a></p>\r\n\r\n<hr />\r\n<h2><a id=\"خطوات لتتجنب الاقتباس الحرفي\" name=\"خطوات لتتجنب الاقتباس الحرفي\"><strong>&nbsp;خطوات لتتجنب الاقتباس الحرفي:&nbsp;</strong></a></h2>\r\n\r\n<p>ليس صعباً أن تتجنب الوقوع في الاقتباس الحرفي، وذلك من خلال خطوات تعتمد على مدى استيعابك وفهمك لما تقوم به، أقرأ الخطوات ليتضح لك الأمر أكثر:</p>\r\n\r\n<ol>\r\n	<li>\r\n	<p>اعرف أولاً ماذا يقصد بالاقتباس الحرفي وماذا يقصد بالانتحال أيضاً، فالدراية بشيء تعمل على معرفة ماهيته وتجنبه.</p>\r\n	</li>\r\n	<li>\r\n	<p>افهم ما هو أمامك من المعارف وقم بالتفكر في مضامين&nbsp;<a href=\"https://www.manaraa.com/post/6573/%D8%AA%D9%88%D8%AB%D9%8A%D9%82-%D8%A7%D9%84%D9%85%D8%B1%D8%A7%D8%AC%D8%B9\" target=\"_blank\">المراجع</a>&nbsp;التي ستأخذ منها المعلومات. واعتمد على أسلوب التحليل والنقاش في نقل هذه المعلومات. وقم بعملية نقل المعلومات بصياغتها بأسلوك الذي يعبر عن الحصيلة اللغوية لديك.</p>\r\n	</li>\r\n	<li>\r\n	<p>أن تقوم بعملية قراءة المراجع مرة ومرتين وثلاثة فهذا يعني زيادة استيعابك لما فيها. ولتجنب الاقتباس التام اقرأ كافة المراجع وقم بعملية الدمج بينها.</p>\r\n	</li>\r\n	<li>\r\n	<p>إذا كان ولابد أن تقوم الاقتباس الحرفي. فهنا يأتي خط الدفاع الأول الذي يحميك من الوقوع في الانتحال ألا وهو عملية توثيق المراجع.</p>\r\n	</li>\r\n	<li>\r\n	<p>عملية&nbsp;<a href=\"https://www.manaraa.com/post/6119/%D8%A3%D8%B3%D8%A7%D8%B3%D9%8A%D8%A7%D8%AA-%D8%AA%D9%88%D8%AB%D9%8A%D9%82-%D8%A7%D9%84%D9%85%D8%B1%D8%A7%D8%AC%D8%B9-%D9%88%D8%A7%D9%84%D9%85%D8%B5%D8%A7%D8%AF%D8%B1-%D9%81%D9%8A-%D8%A7%D9%84%D8%A8%D8%AD%D8%AB-%D8%A7%D9%84%D8%B9%D9%84%D9%85%D9%8A\" target=\"_blank\">توثيق المصادر</a>&nbsp;ستظل قاصرة ما لم تكون توثيقاً صحيحاً.</p>\r\n	</li>\r\n	<li>\r\n	<p>قم بفحص المادة التي قمت بإعدادها باستخدام إحدى برامج الكشف عن نسبة الانتحال. وذلك لضمان عدم وجود اقتباسات حرفية لم يتم إدراجها ضمن عملية توثيق المراجع.</p>\r\n	</li>\r\n</ol>\r\n\r\n<hr />\r\n<h2><a id=\"لا يجب عليك توثيق المراجع في الاقتباسات التالية\" name=\"لا يجب عليك توثيق المراجع في الاقتباسات التالية\"><strong>&nbsp;لا يجب عليك توثيق المراجع في الاقتباسات التالية:&nbsp;</strong></a></h2>\r\n\r\n<p>قد يقوم بعض الباحثين بعملية توثيق كل شاردة وواردة من الاقتباسات التي يتم إدراجها في البحث، صحيح أن هذه العملية التوثيقية تقوم بحماية الباحث من الوقوع في الانتحال، ولكن هناك حالات للاقتباسات لا يلزم على الباحث القيام بعملية توثيق المراجع لها وهي:</p>\r\n\r\n<ol>\r\n	<li>\r\n	<p>عندما يأخذ الباحث&nbsp;<a href=\"https://www.manaraa.com/post/4897/%D8%A3%D8%B3%D8%B3-%D8%AA%D9%88%D8%AB%D9%8A%D9%82-%D8%A7%D9%84%D8%A7%D9%82%D8%AA%D8%A8%D8%A7%D8%B3%D8%A7%D8%AA-%D9%81%D9%8A-%D8%A7%D9%84%D8%A8%D8%AD%D8%AB-%D8%A7%D9%84%D8%B9%D9%84%D9%85%D9%8A\" target=\"_blank\">اقتباسات</a>&nbsp;لأمور متعارف عليها في الوسط المجتمعي والمعرفي، فإنه غير ملزم بإجراء عملية توثيق المراجع لها، على سبيل المثال الأمثال الشعبية والفلكلور تعتبر اقتباساتها غير ملزمة لقيام الباحث بتوثيق المراجع.</p>\r\n	</li>\r\n	<li>\r\n	<p>الباحث الذي يقوم بعملية اقتباس لتجربة شخصية قام هو بها وكتبها في مراجع أخرى من إعداده الشخصي، فهنا لا يلزم الباحث القيام بعملية توثيق المراجع لهذه الاقتباسات، وهنا ينحصر الأمر في التجارب الشخصية والآراء الشخصية أما إذا كانت معلومات من مراجع من إعداد الباحث فلابد له أن يقوم بتوثيق هذه الاقتباسات حتى وإن كانت المراجع من إعداده.</p>\r\n	</li>\r\n	<li>\r\n	<p>الدلائل العلمية التي جمعها الباحث من خلال مقابلات شخصية أو دراسات ميدانية سابقة. فهنا تكون هذه الاقتباسات لا يلزم فيها عملية توثيق المراجع.</p>\r\n	</li>\r\n	<li>\r\n	<p>لا يلزم توثيق الاقتباسات ذات المراجع المفتوحة وذلك مثل منشورات وسائل التواصل الاجتماعي.</p>\r\n	</li>\r\n	<li>\r\n	<p>الاقتباسات التي تكون من وحي أدب الباحث، كأن يكون الباحث شاعراً ويقوم بإعداد دراسات معينة يدمج فيها اقتباسات من شعره، فهنا يشير الباحث أن هذا الشعر من إعداده ولكن لا يلزمه توثيق المراجع لها، على سبيل المثال أن يكتب الباحث وفي هذا السياق كتبت الأبيات التالية&hellip;. وهكذا.</p>\r\n	</li>\r\n</ol>\r\n\r\n<hr />\r\n<h2><a id=\"حمي نفسك بتوثيق الاقتباسات\" name=\"حمي نفسك بتوثيق الاقتباسات\"><strong>&nbsp;احمي نفسك بتوثيق الاقتباسات:&nbsp;</strong></a></h2>\r\n\r\n<p>عملية توثيق المراجع للاقتباسات التي قمت بإعدادها. تكون بمثابة سد يحول بينك وبين الوقوع في مشكلة الانتحال. التي من شأنها وضع الباحث في تهمة منافية للميثاق المعرفي الأخلاقي. وعملية توثيق المراجع للاقتباسات تحميك بالاعتبارات التالية:</p>\r\n\r\n<ol>\r\n	<li>\r\n	<p>عندما يقوم الباحث بعملية توثيق المراجع. وكأنه يقول هذه الاقتباسات ليست من بنات أفكاري إنما هي تعود لصاحبها الحقيقي وهو الكاتب فلان.</p>\r\n	</li>\r\n	<li>\r\n	<p>الميثاق الأخلاقي المعرفي هو من نص على أن عملية توثيق&nbsp;<a href=\"https://www.manaraa.com/post/6517/%D8%A7%D9%84%D9%85%D8%B1%D8%A7%D8%AC%D8%B9-%D8%A7%D9%84%D8%A8%D8%AD%D8%AB%D9%8A%D8%A9\" target=\"_blank\">المراجع</a>&nbsp;تحمي الباحث من الوقوع بالانتحال. إذاً عملية توثيق المراجع متعارف عليها دولياً.</p>\r\n	</li>\r\n	<li>\r\n	<p>المجال المعرفي هو مجال متراكم ينبني على جهود الباحثين بعضهم لبعض. فالاقتباسات ضرورية جداً لأي دراسة، و كذلك توثيق المراجع لهذه الاقتباسات يعتبر ضروري أكثر من الاقتباسات نفسها.</p>\r\n	</li>\r\n	<li>\r\n	<p>الجهد الذي قمت به في البحث في خبايا الكتب والرسائل والمواقع الإلكترونية والمجلات وغيرها يبرز في توثيق المراجع.</p>\r\n	</li>\r\n	<li>\r\n	<p>عملية توثيق المراجع تحافظ على جهدك الشخصي أولاً. ثم تحافظ عملية توثيق المراجع على جهود الكتاب الذين تم أخذ الاقتباسات من كتاباتهم.</p>\r\n	</li>\r\n	<li>\r\n	<p>اسم الكتاب الذي قمت بأخذ الاقتباسات منه ثم اسم المؤلف الذي قام بعملية الكتابة لذلك الكتاب، ثم دار النشر ومكان وسنة الصدور، كل هذه المعلومات تعتبر معلومات توثيق المراجع المتكاملة التي تؤكد خروجك من&nbsp;<a href=\"https://www.manaraa.com/post/6244/%D8%A7%D9%84%D8%A7%D9%86%D8%AA%D8%AD%D8%A7%D9%84-%D9%81%D9%8A-%D8%A7%D9%84%D8%A3%D8%A8%D8%AD%D8%A7%D8%AB-%D8%A7%D9%84%D8%B9%D9%84%D9%85%D9%8A%D8%A9\" target=\"_blank\">الانتحال</a>.</p>\r\n	</li>\r\n</ol>\r\n\r\n<hr />\r\n<h2><a id=\"هل يلزم التوثيق للمراجع في الاقتباسات الجزئية\" name=\"هل يلزم التوثيق للمراجع في الاقتباسات الجزئية\"><strong>&nbsp;هل يلزم التوثيق للمراجع في الاقتباسات الجزئية؟&nbsp;</strong></a></h2>\r\n\r\n<p>من أكبر الأخطاء أن يظن الباحث أن توثيق المراجع يختص فقط بالاقتباسات التي تكون عبارة عن فقرة كاملة. والذي لابد أن يعرفه جمهور الباحثين بشكل عام هو أن توثيق المراجع يكون لازماً. حتى في الاقتباسات التي تكون خارج نطاق النص وهي الأفكار، والنقاط التالية توضح هذا المقصد:</p>\r\n\r\n<ol>\r\n	<li>\r\n	<p>المجال المعرفي يعتمد على قيمة المعلومات لا على كمها، وبهذا يكون لزاماً توثيق المراجع لأي معلومة يتم اقتباسها.</p>\r\n	</li>\r\n	<li>\r\n	<p>الوصول إلى المعلومة الواحدة يكلف الباحث جهداً كبيراً. إذاً لابد من توثيق المراجع لكل معلومة يتم اقتباسها وذلك لعدم ضياع جهود الآخرين.</p>\r\n	</li>\r\n	<li>\r\n	<p>المعلومة الواحدة التي لا يجري لها توثيق المراجع تعتبر انتحالاً واضحاً.</p>\r\n	</li>\r\n	<li>\r\n	<p>تتجاوز&nbsp;<a href=\"https://www.manaraa.com/post/6153/%D8%A7%D9%84%D8%A7%D9%86%D8%AA%D8%AD%D8%A7%D9%84-%D9%88%D8%A7%D9%84%D8%A7%D9%82%D8%AA%D8%A8%D8%A7%D8%B3-%D9%88%D8%A7%D9%84%D8%B3%D8%B1%D9%82%D8%A9-%D8%A7%D9%84%D8%B9%D9%84%D9%85%D9%8A%D8%A9\" target=\"_blank\">الاقتباس</a>&nbsp;وتوثيق المراجع للكتابة والصياغة والحروف لتشمل المعاني أيضاً.</p>\r\n	</li>\r\n</ol>\r\n\r\n<p>خلاصة المقال:</p>\r\n\r\n<p>الاقتباس الحرفي من أكبر المشاكل التي يقع فيها الباحثين، والاقتباس هو النسخ واللصق المطابق للنص أو للفكرة حسب رأي بعض العلماء، ولتجنب هذا النوع من الاقتباس لابد من فهم المراجع فهماً دقيقاً واعتماد أسلوب التحليل والنقاش، و كذلك لابد من توثيق المراجع بشكل صحيح لكافة الاقتباسات التي يتم أخذها.</p>','storage/uploads/blog/covers/z9ZSotA3KM-1617364195.jpg',0,1,'en',NULL,'2021-03-26 15:47:34','2021-04-02 10:49:55'),(3,3,1,'مقال عن السياحة','<p>مقال عن السياحة</p>','<p>مقال عن السياحة</p>','/storage/uploads/blog/covers//1618242534_desktop.jpg',0,1,'ar',NULL,'2021-04-12 14:48:55','2021-04-12 14:48:55');
/*!40000 ALTER TABLE `blog_articles` ENABLE KEYS */;
UNLOCK TABLES;

--
-- Table structure for table `contact`
--

DROP TABLE IF EXISTS `contact`;
/*!40101 SET @saved_cs_client     = @@character_set_client */;
/*!40101 SET character_set_client = utf8 */;
CREATE TABLE `contact` (
  `id` bigint(20) unsigned NOT NULL AUTO_INCREMENT,
  `name` varchar(255) COLLATE utf8mb4_unicode_ci NOT NULL,
  `email` varchar(255) COLLATE utf8mb4_unicode_ci NOT NULL,
  `title` varchar(255) COLLATE utf8mb4_unicode_ci NOT NULL,
  `content` text COLLATE utf8mb4_unicode_ci NOT NULL,
  `file` varchar(255) COLLATE utf8mb4_unicode_ci DEFAULT NULL,
  `created_at` timestamp NULL DEFAULT NULL,
  `updated_at` timestamp NULL DEFAULT NULL,
  PRIMARY KEY (`id`)
) ENGINE=InnoDB AUTO_INCREMENT=3 DEFAULT CHARSET=utf8mb4 COLLATE=utf8mb4_unicode_ci;
/*!40101 SET character_set_client = @saved_cs_client */;

--
-- Dumping data for table `contact`
--

LOCK TABLES `contact` WRITE;
/*!40000 ALTER TABLE `contact` DISABLE KEYS */;
INSERT INTO `contact` VALUES (1,'إيهاب الجبري','owner@gmail.com','إتصال من أجل إستفسار','أتصل بكم من أجل إستفسار حول المهارات المطلوبة من أجل الإنظمام لفريق العمل \r\nمن فضلكم',NULL,'2021-04-06 16:31:14','2021-04-06 16:31:14'),(2,'iheb','ihebjabri015@gmail.com','tournoi 3','pdohj àigojfào ztg ioàsj gsogià jg',NULL,'2021-04-13 08:17:37','2021-04-13 08:17:37');
/*!40000 ALTER TABLE `contact` ENABLE KEYS */;
UNLOCK TABLES;

--
-- Table structure for table `countries`
--

DROP TABLE IF EXISTS `countries`;
/*!40101 SET @saved_cs_client     = @@character_set_client */;
/*!40101 SET character_set_client = utf8 */;
CREATE TABLE `countries` (
  `id` bigint(20) unsigned NOT NULL AUTO_INCREMENT,
  `status` int(11) NOT NULL DEFAULT '0',
  `title` varchar(52) COLLATE utf8mb4_unicode_ci NOT NULL,
  `iso_2` varchar(25) COLLATE utf8mb4_unicode_ci NOT NULL,
  `iso_3` varchar(10) COLLATE utf8mb4_unicode_ci NOT NULL,
  `iso_on` varchar(5) COLLATE utf8mb4_unicode_ci NOT NULL,
  `currency_id` bigint(20) unsigned NOT NULL,
  `created_at` timestamp NULL DEFAULT NULL,
  `updated_at` timestamp NULL DEFAULT NULL,
  PRIMARY KEY (`id`)
) ENGINE=InnoDB AUTO_INCREMENT=247 DEFAULT CHARSET=utf8mb4 COLLATE=utf8mb4_unicode_ci;
/*!40101 SET character_set_client = @saved_cs_client */;

--
-- Dumping data for table `countries`
--

LOCK TABLES `countries` WRITE;
/*!40000 ALTER TABLE `countries` DISABLE KEYS */;
INSERT INTO `countries` VALUES (1,1,'Afghanistan','AF','AFG','004',2,'2021-03-23 08:21:57','2021-03-23 08:21:57'),(2,1,'Afrique du Sud','ZA','ZAF','710',162,'2021-03-23 08:21:57','2021-03-23 08:21:57'),(3,1,'Albanie','AL','ALB','008',3,'2021-03-23 08:21:57','2021-03-23 08:21:57'),(4,1,'Algérie','DZ','DZA','012',41,'2021-03-23 08:21:57','2021-03-23 08:21:57'),(5,1,'Allemagne','DE','DEU','276',45,'2021-03-23 08:21:57','2021-03-23 08:21:57'),(6,1,'Andorre','AD','ET','020',45,'2021-03-23 08:21:57','2021-03-23 08:21:57'),(7,1,'Angola','AO','AGO','024',6,'2021-03-23 08:21:57','2021-03-23 08:21:57'),(8,1,'Anguilla','AI','AIA','660',157,'2021-03-23 08:21:57','2021-03-23 08:21:57'),(9,1,'Antarctique','AQ','ATA','010',147,'2021-03-23 08:21:57','2021-03-23 08:21:57'),(10,1,'Antigua-et-Barbuda','AG','ATG','028',157,'2021-03-23 08:21:57','2021-03-23 08:21:57'),(11,1,'Antilles néerlandaises','AN','ANT','530',5,'2021-03-23 08:21:57','2021-03-23 08:21:57'),(12,1,'Arabie Saoudite','SA','SAU','682',120,'2021-03-23 08:21:57','2021-03-23 08:21:57'),(13,1,'Argentine','AR','ARG','032',7,'2021-03-23 08:21:57','2021-03-23 08:21:57'),(14,1,'Arménie','AM','ARM','051',4,'2021-03-23 08:21:57','2021-03-23 08:21:57'),(15,1,'Aruba','AW','ABW','533',9,'2021-03-23 08:21:57','2021-03-23 08:21:57'),(16,1,'Australie','AU','AUS','036',8,'2021-03-23 08:21:58','2021-03-23 08:21:58'),(17,1,'Autriche','AT','AUT','040',45,'2021-03-23 08:21:58','2021-03-23 08:21:58'),(18,1,'Azerbaïdjan','AZ','AZE','031',10,'2021-03-23 08:21:58','2021-03-23 08:21:58'),(19,1,'Bahamas','BS','BHS','044',21,'2021-03-23 08:21:58','2021-03-23 08:21:58'),(20,1,'Bahreïn','BH','BHR','048',15,'2021-03-23 08:21:58','2021-03-23 08:21:58'),(21,1,'Bangladesh','BD','BGD','050',13,'2021-03-23 08:21:58','2021-03-23 08:21:58'),(22,1,'Barbade','BB','BRB','052',12,'2021-03-23 08:21:58','2021-03-23 08:21:58'),(23,1,'Belgique','BE','BEL','056',45,'2021-03-23 08:21:58','2021-03-23 08:21:58'),(24,1,'Belize','BZ','BLZ','084',25,'2021-03-23 08:21:58','2021-03-23 08:21:58'),(25,1,'Bénin','BJ','BEN','204',159,'2021-03-23 08:21:58','2021-03-23 08:21:58'),(26,1,'Bermudes','BM','BMU','060',17,'2021-03-23 08:21:58','2021-03-23 08:21:58'),(27,1,'Bhoutan','BT','BTN','064',22,'2021-03-23 08:21:58','2021-03-23 08:21:58'),(28,1,'Biélorussie','BY','BLR','112',24,'2021-03-23 08:21:58','2021-03-23 08:21:58'),(29,1,'Bolivie','BO','BOL','068',19,'2021-03-23 08:21:58','2021-03-23 08:21:58'),(30,1,'Bosnie-Herzégovine','BA','BIH','070',11,'2021-03-23 08:21:58','2021-03-23 08:21:58'),(31,1,'Botswana','BW','BWA','072',23,'2021-03-23 08:21:58','2021-03-23 08:21:58'),(32,1,'Brésil','BR','BRA','076',20,'2021-03-23 08:21:58','2021-03-23 08:21:58'),(33,1,'British Virgin Islands','VG','VGB','092',48,'2021-03-23 08:21:58','2021-03-23 08:21:58'),(34,1,'Brunei Darussalam','BN','BRN','096',18,'2021-03-23 08:21:58','2021-03-23 08:21:58'),(35,1,'Bulgarie','BG','BGR','100',14,'2021-03-23 08:21:58','2021-03-23 08:21:58'),(36,1,'Burkina Faso','BF','BFA','854',159,'2021-03-23 08:21:58','2021-03-23 08:21:58'),(37,1,'Burundi','BI','BDI','108',16,'2021-03-23 08:21:59','2021-03-23 08:21:59'),(38,1,'Cambodge','KH','KHM','116',72,'2021-03-23 08:21:59','2021-03-23 08:21:59'),(39,1,'Cameroun','CM','CMR','120',154,'2021-03-23 08:21:59','2021-03-23 08:21:59'),(40,1,'Canada','CA','CAN','124',26,'2021-03-23 08:21:59','2021-03-23 08:21:59'),(41,1,'Cap-Vert','CV','CPV','132',36,'2021-03-23 08:21:59','2021-03-23 08:21:59'),(42,1,'Chili','CL','CHL','152',30,'2021-03-23 08:21:59','2021-03-23 08:21:59'),(43,1,'Chine','CN','CHN','156',31,'2021-03-23 08:21:59','2021-03-23 08:21:59'),(44,1,'Christmas Island','CX','CXR','162',8,'2021-03-23 08:21:59','2021-03-23 08:21:59'),(45,1,'Chypre','CY','CYP','196',45,'2021-03-23 08:21:59','2021-03-23 08:21:59'),(46,1,'Colombie','CO','COL','170',32,'2021-03-23 08:22:00','2021-03-23 08:22:00'),(47,1,'Comores','KM','COM','174',73,'2021-03-23 08:22:00','2021-03-23 08:22:00'),(48,1,'Congo (Brazzaville)','CG','COG','178',154,'2021-03-23 08:22:00','2021-03-23 08:22:00'),(49,1,'République démocratique du Congo','CD','COD','180',27,'2021-03-23 08:22:00','2021-03-23 08:22:00'),(50,1,'République de Corée','KR','KOR','410',75,'2021-03-23 08:22:00','2021-03-23 08:22:00'),(51,1,'République populaire démocratique de Corée','KP','PRK','408',74,'2021-03-23 08:22:00','2021-03-23 08:22:00'),(52,1,'Costa Rica','CR','CRI','188',33,'2021-03-23 08:22:00','2021-03-23 08:22:00'),(53,1,'Côte d\'Ivoire','CI','CIV','384',159,'2021-03-23 08:22:00','2021-03-23 08:22:00'),(54,1,'Croatie','RH','VRC','191',58,'2021-03-23 08:22:00','2021-03-23 08:22:00'),(55,1,'Cuba','CU','CUB','192',34,'2021-03-23 08:22:00','2021-03-23 08:22:00'),(56,1,'Danemark','DK','DNK','208',39,'2021-03-23 08:22:00','2021-03-23 08:22:00'),(57,1,'Djibouti','DJ','DJI','262',38,'2021-03-23 08:22:00','2021-03-23 08:22:00'),(58,1,'Dominique','DM','DMA','212',40,'2021-03-23 08:22:00','2021-03-23 08:22:00'),(59,1,'Egypte','EG','EGY','818',42,'2021-03-23 08:22:00','2021-03-23 08:22:00'),(60,1,'El Salvador','SV','SLV','222',133,'2021-03-23 08:22:00','2021-03-23 08:22:00'),(61,1,'Émirats arabes unis','AE','ARE','784',1,'2021-03-23 08:22:00','2021-03-23 08:22:00'),(62,1,'L\'île d\'Heard et des îles McDonald','HM','HMD','334',8,'2021-03-23 08:22:00','2021-03-23 08:22:00'),(63,1,'Equateur','CE','ECU','218',147,'2021-03-23 08:22:00','2021-03-23 08:22:00'),(64,1,'Érythrée','ER','ERI','232',43,'2021-03-23 08:22:00','2021-03-23 08:22:00'),(65,1,'Espagne','ES','ESP','724',45,'2021-03-23 08:22:00','2021-03-23 08:22:00'),(66,1,'Estonie','EE','HNE','233',45,'2021-03-23 08:22:00','2021-03-23 08:22:00'),(67,1,'États-Unis d\'Amérique','Etats-Unis','Etats-Unis','840',147,'2021-03-23 08:22:01','2021-03-23 08:22:01'),(68,1,'États-Unis Îles mineures éloignées','UM','UMI','581',147,'2021-03-23 08:22:01','2021-03-23 08:22:01'),(69,1,'Éthiopie','ET','ETH','231',44,'2021-03-23 08:22:01','2021-03-23 08:22:01'),(70,1,'Fédération de Russie','RU','RUS','643',118,'2021-03-23 08:22:01','2021-03-23 08:22:01'),(71,1,'Fidji','FJ','FJI','242',46,'2021-03-23 08:22:01','2021-03-23 08:22:01'),(72,1,'Finlande','FI','FIN','246',45,'2021-03-23 08:22:01','2021-03-23 08:22:01'),(73,1,'France','FR','FRA','250',45,'2021-03-23 08:22:01','2021-03-23 08:22:01'),(74,1,'Gabon','Géorgie','GAB','266',154,'2021-03-23 08:22:01','2021-03-23 08:22:01'),(75,1,'Gambie','GM','GMB','270',52,'2021-03-23 08:22:01','2021-03-23 08:22:01'),(76,1,'Géorgie','GE','GEO','268',49,'2021-03-23 08:22:01','2021-03-23 08:22:01'),(77,1,'Géorgie du Sud et les îles Sandwich du Sud','GS','GV','239',147,'2021-03-23 08:22:01','2021-03-23 08:22:01'),(78,1,'Ghana','GH','GHA','288',50,'2021-03-23 08:22:01','2021-03-23 08:22:01'),(79,1,'Gibraltar','GI','GIB','292',51,'2021-03-23 08:22:01','2021-03-23 08:22:01'),(80,1,'Grèce','GR','GRC','300',45,'2021-03-23 08:22:01','2021-03-23 08:22:01'),(81,1,'Grenade','GD','GRD','308',157,'2021-03-23 08:22:01','2021-03-23 08:22:01'),(82,1,'Groenland','GL','GRL','304',39,'2021-03-23 08:22:01','2021-03-23 08:22:01'),(83,1,'Guadeloupe','GP','GLP','312',45,'2021-03-23 08:22:01','2021-03-23 08:22:01'),(84,1,'Guam','GU','GUM','316',147,'2021-03-23 08:22:01','2021-03-23 08:22:01'),(85,1,'Guatemala','GT','GTM','320',54,'2021-03-23 08:22:01','2021-03-23 08:22:01'),(86,1,'Guernesey','GG','GGY','831',48,'2021-03-23 08:22:02','2021-03-23 08:22:02'),(87,1,'Guinée','GN','GIN','324',53,'2021-03-23 08:22:02','2021-03-23 08:22:02'),(88,1,'Guinée équatoriale','GQ','GNQ','226',154,'2021-03-23 08:22:02','2021-03-23 08:22:02'),(89,1,'Guinée-Bissau','GW','GNB','624',159,'2021-03-23 08:22:02','2021-03-23 08:22:02'),(90,1,'Guyane','GY','GUY','328',55,'2021-03-23 08:22:02','2021-03-23 08:22:02'),(91,1,'Guyane française','GF','FSI','254',45,'2021-03-23 08:22:02','2021-03-23 08:22:02'),(92,1,'Haïti','HT','HTI','332',59,'2021-03-23 08:22:02','2021-03-23 08:22:02'),(93,1,'Honduras','HN','HND','340',57,'2021-03-23 08:22:02','2021-03-23 08:22:02'),(94,1,'Hong Kong Région administrative spéciale de la Chine','HK','HKG','344',56,'2021-03-23 08:22:02','2021-03-23 08:22:02'),(95,1,'Hongrie','HU','HUN','348',60,'2021-03-23 08:22:02','2021-03-23 08:22:02'),(96,1,'Ile de Man','IM','IMN','833',48,'2021-03-23 08:22:02','2021-03-23 08:22:02'),(97,1,'Îles Aland','AX','ALA','248',45,'2021-03-23 08:22:02','2021-03-23 08:22:02'),(98,1,'Iles Cayman','KY','CYM','136',77,'2021-03-23 08:22:02','2021-03-23 08:22:02'),(99,1,'Îles Cocos (Keeling)','CC','CCK','166',8,'2021-03-23 08:22:02','2021-03-23 08:22:02'),(100,1,'Îles Cook','CK','COK','184',106,'2021-03-23 08:22:03','2021-03-23 08:22:03'),(101,1,'Îles Falkland (Malvinas)','FK','FLK','238',47,'2021-03-23 08:22:03','2021-03-23 08:22:03'),(102,1,'Îles Féroé','FO','BOF','234',39,'2021-03-23 08:22:03','2021-03-23 08:22:03'),(103,1,'Îles Mariannes du Nord','MP','MNP','580',147,'2021-03-23 08:22:03','2021-03-23 08:22:03'),(104,1,'Iles Marshall','MH','MHL','584',147,'2021-03-23 08:22:03','2021-03-23 08:22:03'),(105,1,'Îles Salomon','SB','SLB','090',121,'2021-03-23 08:22:03','2021-03-23 08:22:03'),(106,1,'Îles Turques et Caïques','TC','TCA','796',147,'2021-03-23 08:22:03','2021-03-23 08:22:03'),(107,1,'Îles Vierges américaines','VI','VIR','850',147,'2021-03-23 08:22:03','2021-03-23 08:22:03'),(108,1,'Inde','IN','IND','356',63,'2021-03-23 08:22:03','2021-03-23 08:22:03'),(109,1,'Indonésie','ID','IDN','360',61,'2021-03-23 08:22:03','2021-03-23 08:22:03'),(110,1,'Irak','IQ','IRQ','368',64,'2021-03-23 08:22:03','2021-03-23 08:22:03'),(111,1,'République islamique d\'Iran','IR','IRN','364',65,'2021-03-23 08:22:03','2021-03-23 08:22:03'),(112,1,'Irlande','IE','IRL','372',45,'2021-03-23 08:22:03','2021-03-23 08:22:03'),(113,1,'Islande','IS','ISL','352',66,'2021-03-23 08:22:03','2021-03-23 08:22:03'),(114,1,'Israël','IL','ISR','376',62,'2021-03-23 08:22:03','2021-03-23 08:22:03'),(115,1,'Italie','IT','ITA','380',45,'2021-03-23 08:22:03','2021-03-23 08:22:03'),(116,1,'Jamaïque','JM','JAM','388',67,'2021-03-23 08:22:03','2021-03-23 08:22:03'),(117,1,'Japon','JP','JPN','392',69,'2021-03-23 08:22:04','2021-03-23 08:22:04'),(118,1,'Jersey','JE','JEY','832',48,'2021-03-23 08:22:04','2021-03-23 08:22:04'),(119,1,'Jordanie','JO','JOR','400',68,'2021-03-23 08:22:04','2021-03-23 08:22:04'),(120,1,'Kazakhstan','KZ','KAZ','398',78,'2021-03-23 08:22:04','2021-03-23 08:22:04'),(121,1,'Kenya','KE','KEN','404',70,'2021-03-23 08:22:04','2021-03-23 08:22:04'),(122,1,'Kirghizistan','KG','KGZ','417',71,'2021-03-23 08:22:04','2021-03-23 08:22:04'),(123,1,'Kiribati','KI','KIR','296',8,'2021-03-23 08:22:04','2021-03-23 08:22:04'),(124,1,'Koweït','KW','KWT','414',76,'2021-03-23 08:22:04','2021-03-23 08:22:04'),(125,1,'L\'île Bouvet','BV','BVT','074',104,'2021-03-23 08:22:04','2021-03-23 08:22:04'),(126,1,'L\'île de Norfolk','NF','NFK','574',8,'2021-03-23 08:22:05','2021-03-23 08:22:05'),(127,1,'Lesotho','LS','LSO','426',83,'2021-03-23 08:22:05','2021-03-23 08:22:05'),(128,1,'Lettonie','LV','LVA','428',45,'2021-03-23 08:22:05','2021-03-23 08:22:05'),(129,1,'Liban','LB','LBN','422',80,'2021-03-23 08:22:05','2021-03-23 08:22:05'),(130,1,'Libéria','LR','LBR','430',82,'2021-03-23 08:22:05','2021-03-23 08:22:05'),(131,1,'Libye','LY','LBY','434',86,'2021-03-23 08:22:05','2021-03-23 08:22:05'),(132,1,'Liechtenstein','LI','LIE','438',28,'2021-03-23 08:22:06','2021-03-23 08:22:06'),(133,1,'Lituanie','LT','LTU','440',45,'2021-03-23 08:22:06','2021-03-23 08:22:06'),(134,1,'Luxembourg','LU','LUX','442',45,'2021-03-23 08:22:06','2021-03-23 08:22:06'),(135,1,'Macao région administrative spéciale de la Chine','MO','MAC','446',93,'2021-03-23 08:22:06','2021-03-23 08:22:06'),(136,1,'République de Macédoine','MK','MKD','807',100,'2021-03-23 08:22:06','2021-03-23 08:22:06'),(137,1,'Madagascar','MG','MDG','450',89,'2021-03-23 08:22:06','2021-03-23 08:22:06'),(138,1,'Malaisie','MY','MYS','458',99,'2021-03-23 08:22:06','2021-03-23 08:22:06'),(139,1,'Malawi','MW','MWI','454',97,'2021-03-23 08:22:06','2021-03-23 08:22:06'),(140,1,'Maldives','MV','MDV','462',96,'2021-03-23 08:22:06','2021-03-23 08:22:06'),(141,1,'Mali','ML','MLI','466',159,'2021-03-23 08:22:06','2021-03-23 08:22:06'),(142,1,'Malte','MT','MLT','470',45,'2021-03-23 08:22:06','2021-03-23 08:22:06'),(143,1,'Maroc','MA','MAR','504',87,'2021-03-23 08:22:06','2021-03-23 08:22:06'),(144,1,'Martinique','MQ','MTQ','474',45,'2021-03-23 08:22:07','2021-03-23 08:22:07'),(145,1,'Maurice','MU','MUS','480',95,'2021-03-23 08:22:07','2021-03-23 08:22:07'),(146,1,'Mauritanie','MR','MRT','478',94,'2021-03-23 08:22:07','2021-03-23 08:22:07'),(147,1,'Mayotte','YT','CEST','175',45,'2021-03-23 08:22:07','2021-03-23 08:22:07'),(148,1,'Mexique','MX','MEX','484',98,'2021-03-23 08:22:07','2021-03-23 08:22:07'),(149,1,'États fédérés de Micronésie','FM','FSM','583',147,'2021-03-23 08:22:07','2021-03-23 08:22:07'),(150,1,'Moldavie','MD','MDA','498',88,'2021-03-23 08:22:07','2021-03-23 08:22:07'),(151,1,'Monaco','MC','AGC','492',45,'2021-03-23 08:22:07','2021-03-23 08:22:07'),(152,1,'Mongolie','MN','MNG','496',92,'2021-03-23 08:22:07','2021-03-23 08:22:07'),(153,1,'Monténégro','ME','MNE','499',45,'2021-03-23 08:22:07','2021-03-23 08:22:07'),(154,1,'Montserrat','MS','MSR','500',157,'2021-03-23 08:22:07','2021-03-23 08:22:07'),(155,1,'Mozambique','MZ','MOZ','508',100,'2021-03-23 08:22:07','2021-03-23 08:22:07'),(156,1,'Myanmar','MM','MMR','104',91,'2021-03-23 08:22:07','2021-03-23 08:22:07'),(157,1,'Namibie','NA','NAM','516',101,'2021-03-23 08:22:07','2021-03-23 08:22:07'),(158,1,'Nauru','NR','NRU','520',8,'2021-03-23 08:22:07','2021-03-23 08:22:07'),(159,1,'Népal','NP','NPL','524',105,'2021-03-23 08:22:07','2021-03-23 08:22:07'),(160,1,'Nicaragua','NI','NIC','558',103,'2021-03-23 08:22:07','2021-03-23 08:22:07'),(161,1,'Niger','NE','TNS','562',159,'2021-03-23 08:22:07','2021-03-23 08:22:07'),(162,1,'Nigeria','NG','NGA','566',102,'2021-03-23 08:22:07','2021-03-23 08:22:07'),(163,1,'Niue','NU','NIU','570',106,'2021-03-23 08:22:07','2021-03-23 08:22:07'),(164,1,'Norvège','NO','NOR','578',104,'2021-03-23 08:22:08','2021-03-23 08:22:08'),(165,1,'Nouvelle-Calédonie','NC','NCL','540',160,'2021-03-23 08:22:08','2021-03-23 08:22:08'),(166,1,'Nouvelle-Zélande','NZ','NZL','554',106,'2021-03-23 08:22:08','2021-03-23 08:22:08'),(167,1,'Oman','l\'OM','OMN','512',107,'2021-03-23 08:22:08','2021-03-23 08:22:08'),(168,1,'Ouganda','UG','UGA','800',146,'2021-03-23 08:22:08','2021-03-23 08:22:08'),(169,1,'Ouzbékistan','UZ','UZB','860',149,'2021-03-23 08:22:08','2021-03-23 08:22:08'),(170,1,'Pakistan','PK','PAK','586',112,'2021-03-23 08:22:08','2021-03-23 08:22:08'),(171,1,'Palau','PW','PLW','585',147,'2021-03-23 08:22:08','2021-03-23 08:22:08'),(172,1,'Panama','PA','PAN','591',108,'2021-03-23 08:22:08','2021-03-23 08:22:08'),(173,1,'Papouasie-Nouvelle-Guinée','PG','PNG','598',110,'2021-03-23 08:22:08','2021-03-23 08:22:08'),(174,1,'Paraguay','PY','PRY','600',114,'2021-03-23 08:22:08','2021-03-23 08:22:08'),(175,1,'Pays-Bas','NL','NLD','528',45,'2021-03-23 08:22:08','2021-03-23 08:22:08'),(176,1,'Pérou','PE','PER','604',109,'2021-03-23 08:22:08','2021-03-23 08:22:08'),(177,1,'Philippines','PH','PHL','608',111,'2021-03-23 08:22:08','2021-03-23 08:22:08'),(178,1,'Pitcairn','PN','PCN','612',106,'2021-03-23 08:22:09','2021-03-23 08:22:09'),(179,1,'Pologne','PL','POL','616',113,'2021-03-23 08:22:09','2021-03-23 08:22:09'),(180,1,'Polynésie française','PF','PYF','258',160,'2021-03-23 08:22:09','2021-03-23 08:22:09'),(181,1,'Portugal','PT','PRT','620',45,'2021-03-23 08:22:09','2021-03-23 08:22:09'),(182,1,'Puerto Rico','PR','PRI','630',147,'2021-03-23 08:22:09','2021-03-23 08:22:09'),(183,1,'Qatar','QA','QAT','634',115,'2021-03-23 08:22:09','2021-03-23 08:22:09'),(184,1,'République arabe syrienne (Syrie)','SY','SYR','760',134,'2021-03-23 08:22:09','2021-03-23 08:22:09'),(185,1,'République centrafricaine','CF','CAF','140',154,'2021-03-23 08:22:09','2021-03-23 08:22:09'),(186,1,'République démocratique populaire lao','LA','AJO','418',97,'2021-03-23 08:22:09','2021-03-23 08:22:09'),(187,1,'République dominicaine','DO','DOM','214',40,'2021-03-23 08:22:09','2021-03-23 08:22:09'),(188,1,'République tchèque','CZ','CZE','203',37,'2021-03-23 08:22:09','2021-03-23 08:22:09'),(189,1,'Réunion','RE','REU','638',45,'2021-03-23 08:22:09','2021-03-23 08:22:09'),(190,1,'Roumanie','RO','ROU','642',116,'2021-03-23 08:22:09','2021-03-23 08:22:09'),(191,1,'Royaume-Uni','GB','GBR','826',48,'2021-03-23 08:22:09','2021-03-23 08:22:09'),(192,1,'Rwanda','RW','RWA','646',119,'2021-03-23 08:22:09','2021-03-23 08:22:09'),(193,1,'Sahara occidental','EH','ESH','732',87,'2021-03-23 08:22:09','2021-03-23 08:22:09'),(194,1,'Saint-Barthélemy','BL','FR','652',45,'2021-03-23 08:22:09','2021-03-23 08:22:09'),(195,1,'Saint-Kitts-et-Nevis','KN','KNA','659',157,'2021-03-23 08:22:09','2021-03-23 08:22:09'),(196,1,'Saint-Marin','SM','SMR','674',45,'2021-03-23 08:22:10','2021-03-23 08:22:10'),(197,1,'Saint-Martin (partie française)','MF','CRG','663',45,'2021-03-23 08:22:10','2021-03-23 08:22:10'),(198,1,'Saint-Pierre-et-Miquelon','PM','SPM','666',45,'2021-03-23 08:22:10','2021-03-23 08:22:10'),(199,1,'Saint-Siège (Cité du Vatican)','VA','TVA','336',45,'2021-03-23 08:22:11','2021-03-23 08:22:11'),(200,1,'Saint-Vincent-et-les Grenadines','VC','CDV','670',157,'2021-03-23 08:22:11','2021-03-23 08:22:11'),(201,1,'Sainte-Hélène','SH','SHN','654',126,'2021-03-23 08:22:11','2021-03-23 08:22:11'),(202,1,'Sainte-Lucie','LC','LCA','662',157,'2021-03-23 08:22:11','2021-03-23 08:22:11'),(203,1,'Samoa','WS','WSM','882',153,'2021-03-23 08:22:11','2021-03-23 08:22:11'),(204,1,'Samoa américaines','AS','ASM','016',147,'2021-03-23 08:22:11','2021-03-23 08:22:11'),(205,1,'Sao Tomé-et-Principe','ST','STP','678',132,'2021-03-23 08:22:11','2021-03-23 08:22:11'),(206,1,'Sénégal','SN','SEN','686',159,'2021-03-23 08:22:11','2021-03-23 08:22:11'),(207,1,'Serbie','RS','SRB','688',117,'2021-03-23 08:22:11','2021-03-23 08:22:11'),(208,1,'Seychelles','SC','la CJS','690',122,'2021-03-23 08:22:11','2021-03-23 08:22:11'),(209,1,'Sierra Leone','SL','SLE','694',128,'2021-03-23 08:22:11','2021-03-23 08:22:11'),(210,1,'Singapour','SG','SGP','702',125,'2021-03-23 08:22:11','2021-03-23 08:22:11'),(211,1,'Slovaquie','SK','SVK','703',45,'2021-03-23 08:22:11','2021-03-23 08:22:11'),(212,1,'Slovénie','SI','SVN','705',45,'2021-03-23 08:22:11','2021-03-23 08:22:11'),(213,1,'Somalie','SO','SOM','706',129,'2021-03-23 08:22:11','2021-03-23 08:22:11'),(214,1,'Soudan','SD','SDN','736',123,'2021-03-23 08:22:11','2021-03-23 08:22:11'),(215,1,'Sri Lanka','LK','LKA','144',81,'2021-03-23 08:22:11','2021-03-23 08:22:11'),(216,1,'Sud-Soudan','SS','SSD','728',131,'2021-03-23 08:22:11','2021-03-23 08:22:11'),(217,1,'Suède','SE','SWE','752',124,'2021-03-23 08:22:12','2021-03-23 08:22:12'),(218,1,'Suisse','CH','CHE','756',28,'2021-03-23 08:22:12','2021-03-23 08:22:12'),(219,1,'Suriname','SR','SUR','740',130,'2021-03-23 08:22:12','2021-03-23 08:22:12'),(220,1,'Svalbard et Jan Mayen','SJ','SJM','744',104,'2021-03-23 08:22:12','2021-03-23 08:22:12'),(221,1,'Swaziland','SZ','SWZ','748',135,'2021-03-23 08:22:12','2021-03-23 08:22:12'),(222,1,'Tadjikistan','TJ','TJK','762',137,'2021-03-23 08:22:12','2021-03-23 08:22:12'),(223,1,'Taiwan','TW','TWN','158',143,'2021-03-23 08:22:12','2021-03-23 08:22:12'),(224,1,'Tanzanie','TZ','TZA','834',144,'2021-03-23 08:22:12','2021-03-23 08:22:12'),(225,1,'Tchad','TD','TCD','148',154,'2021-03-23 08:22:12','2021-03-23 08:22:12'),(226,1,'Terres australes françaises','TF','ATF','260',45,'2021-03-23 08:22:12','2021-03-23 08:22:12'),(227,1,'Territoire britannique de l\'océan Indien','IO','IOT','086',147,'2021-03-23 08:22:12','2021-03-23 08:22:12'),(228,1,'Territoires palestiniens (occupés)','PS','PSE','275',147,'2021-03-23 08:22:12','2021-03-23 08:22:12'),(229,1,'Thaïlande','TH','THA','764',136,'2021-03-23 08:22:12','2021-03-23 08:22:12'),(230,1,'Timor-Leste','TL','TLS','626',147,'2021-03-23 08:22:12','2021-03-23 08:22:12'),(231,1,'Togo','TG','TGO','768',159,'2021-03-23 08:22:12','2021-03-23 08:22:12'),(232,1,'Tokelau','les savoirs traditionnels','TKL','772',106,'2021-03-23 08:22:12','2021-03-23 08:22:12'),(233,1,'Tonga','TO','TON','776',140,'2021-03-23 08:22:12','2021-03-23 08:22:12'),(234,1,'Trinité-et-Tobago','TT','TTO','780',142,'2021-03-23 08:22:13','2021-03-23 08:22:13'),(235,1,'Tunisie','TN','TUN','788',139,'2021-03-23 08:22:13','2021-03-23 08:22:13'),(236,1,'Turkménistan','TM','TKM','795',138,'2021-03-23 08:22:13','2021-03-23 08:22:13'),(237,1,'Turquie','TR','TUR','792',141,'2021-03-23 08:22:13','2021-03-23 08:22:13'),(238,1,'Tuvalu','TV','TUV','798',8,'2021-03-23 08:22:13','2021-03-23 08:22:13'),(239,1,'Ukraine','UA','UKR','804',145,'2021-03-23 08:22:13','2021-03-23 08:22:13'),(240,1,'Uruguay','UY','URY','858',148,'2021-03-23 08:22:13','2021-03-23 08:22:13'),(241,1,'Vanuatu','VU','VUT','548',152,'2021-03-23 08:22:13','2021-03-23 08:22:13'),(242,1,'Venezuela (République bolivarienne du)','VE','VEN','862',150,'2021-03-23 08:22:13','2021-03-23 08:22:13'),(243,1,'Viet Nam','VN','VNM','704',151,'2021-03-23 08:22:13','2021-03-23 08:22:13'),(244,1,'Wallis-et-Futuna','WF','WLF','876',160,'2021-03-23 08:22:13','2021-03-23 08:22:13'),(245,1,'Yémen','YE','YEM','887',161,'2021-03-23 08:22:13','2021-03-23 08:22:13'),(246,1,'Zambie','ZM','ZMB','894',163,'2021-03-23 08:22:13','2021-03-23 08:22:13');
/*!40000 ALTER TABLE `countries` ENABLE KEYS */;
UNLOCK TABLES;

--
-- Table structure for table `currencies`
--

DROP TABLE IF EXISTS `currencies`;
/*!40101 SET @saved_cs_client     = @@character_set_client */;
/*!40101 SET character_set_client = utf8 */;
CREATE TABLE `currencies` (
  `id` bigint(20) unsigned NOT NULL AUTO_INCREMENT,
  `priority` int(11) NOT NULL,
  `iso_code` varchar(255) COLLATE utf8mb4_unicode_ci NOT NULL,
  `title` varchar(255) COLLATE utf8mb4_unicode_ci NOT NULL,
  `symbol` varchar(255) COLLATE utf8mb4_unicode_ci NOT NULL,
  `subunit` varchar(255) COLLATE utf8mb4_unicode_ci NOT NULL,
  `subunit_to_unit` int(11) NOT NULL,
  `symbol_first` tinyint(1) NOT NULL,
  `html_entity` varchar(255) COLLATE utf8mb4_unicode_ci NOT NULL,
  `decimal_mark` varchar(255) COLLATE utf8mb4_unicode_ci NOT NULL,
  `thousands_separator` varchar(255) COLLATE utf8mb4_unicode_ci NOT NULL,
  `iso_numeric` int(11) NOT NULL,
  `created_at` timestamp NULL DEFAULT NULL,
  `updated_at` timestamp NULL DEFAULT NULL,
  PRIMARY KEY (`id`)
) ENGINE=InnoDB AUTO_INCREMENT=165 DEFAULT CHARSET=utf8mb4 COLLATE=utf8mb4_unicode_ci;
/*!40101 SET character_set_client = @saved_cs_client */;

--
-- Dumping data for table `currencies`
--

LOCK TABLES `currencies` WRITE;
/*!40000 ALTER TABLE `currencies` DISABLE KEYS */;
INSERT INTO `currencies` VALUES (1,100,'AED','United Arab Emirates Dirham','د.إ','Fils',100,1,'','.',',',784,'2021-03-23 08:21:48','2021-03-23 08:21:48'),(2,100,'AFN','Afghan Afghani','؋','Pul',100,0,'','.',',',971,'2021-03-23 08:21:48','2021-03-23 08:21:48'),(3,100,'ALL','Albanian Lek','L','Qintar',100,0,'','.',',',8,'2021-03-23 08:21:48','2021-03-23 08:21:48'),(4,100,'AMD','Armenian Dram','դր.','Luma',100,0,'','.',',',51,'2021-03-23 08:21:48','2021-03-23 08:21:48'),(5,100,'ANG','Netherlands Antillean Gulden','ƒ','Cent',100,1,'&#x0192;',',','.',532,'2021-03-23 08:21:48','2021-03-23 08:21:48'),(6,100,'AOA','Angolan Kwanza','Kz','Cêntimo',100,0,'','.',',',973,'2021-03-23 08:21:48','2021-03-23 08:21:48'),(7,100,'ARS','Argentine Peso','$','Centavo',100,1,'&#x20B1;',',','.',32,'2021-03-23 08:21:48','2021-03-23 08:21:48'),(8,4,'AUD','Australian Dollar','$','Cent',100,1,'$','.',',',36,'2021-03-23 08:21:48','2021-03-23 08:21:48'),(9,100,'AWG','Aruban Florin','ƒ','Cent',100,0,'&#x0192;','.',',',533,'2021-03-23 08:21:48','2021-03-23 08:21:48'),(10,100,'AZN','Azerbaijani Manat','null','Qəpik',100,1,'','.',',',944,'2021-03-23 08:21:49','2021-03-23 08:21:49'),(11,100,'BAM','Bosnia and Herzegovina Convertible Mark','КМ','Fening',100,1,'','.',',',977,'2021-03-23 08:21:49','2021-03-23 08:21:49'),(12,100,'BBD','Barbadian Dollar','$','Cent',100,0,'$','.',',',52,'2021-03-23 08:21:49','2021-03-23 08:21:49'),(13,100,'BDT','Bangladeshi Taka','৳','Paisa',100,1,'','.',',',50,'2021-03-23 08:21:49','2021-03-23 08:21:49'),(14,100,'BGN','Bulgarian Lev','лв','Stotinka',100,0,'','.',',',975,'2021-03-23 08:21:49','2021-03-23 08:21:49'),(15,100,'BHD','Bahraini Dinar','ب.د','Fils',1000,1,'','.',',',48,'2021-03-23 08:21:49','2021-03-23 08:21:49'),(16,100,'BIF','Burundian Franc','Fr','Centime',100,0,'','.',',',108,'2021-03-23 08:21:49','2021-03-23 08:21:49'),(17,100,'BMD','Bermudian Dollar','$','Cent',100,1,'$','.',',',60,'2021-03-23 08:21:49','2021-03-23 08:21:49'),(18,100,'BND','Brunei Dollar','$','Sen',100,1,'$','.',',',96,'2021-03-23 08:21:49','2021-03-23 08:21:49'),(19,100,'BOB','Bolivian Boliviano','Bs.','Centavo',100,1,'','.',',',68,'2021-03-23 08:21:49','2021-03-23 08:21:49'),(20,100,'BRL','Brazilian Real','R$','Centavo',100,1,'R$',',','.',986,'2021-03-23 08:21:49','2021-03-23 08:21:49'),(21,100,'BSD','Bahamian Dollar','$','Cent',100,1,'$','.',',',44,'2021-03-23 08:21:49','2021-03-23 08:21:49'),(22,100,'BTN','Bhutanese Ngultrum','Nu.','Chertrum',100,0,'','.',',',64,'2021-03-23 08:21:49','2021-03-23 08:21:49'),(23,100,'BWP','Botswana Pula','P','Thebe',100,1,'','.',',',72,'2021-03-23 08:21:49','2021-03-23 08:21:49'),(24,100,'BYR','Belarusian Ruble','Br','Kapyeyka',100,0,'','.',',',974,'2021-03-23 08:21:49','2021-03-23 08:21:49'),(25,100,'BZD','Belize Dollar','$','Cent',100,1,'$','.',',',84,'2021-03-23 08:21:49','2021-03-23 08:21:49'),(26,5,'CAD','Canadian Dollar','$','Cent',100,1,'$','.',',',124,'2021-03-23 08:21:49','2021-03-23 08:21:49'),(27,100,'CDF','Congolese Franc','Fr','Centime',100,0,'','.',',',976,'2021-03-23 08:21:49','2021-03-23 08:21:49'),(28,100,'CHF','Swiss Franc','Fr','Rappen',100,1,'','.',',',756,'2021-03-23 08:21:49','2021-03-23 08:21:49'),(29,100,'CLF','Unidad de Fomento','UF','Peso',1,1,'&#x20B1;',',','.',990,'2021-03-23 08:21:49','2021-03-23 08:21:49'),(30,100,'CLP','Chilean Peso','$','Peso',1,1,'&#36;',',','.',152,'2021-03-23 08:21:49','2021-03-23 08:21:49'),(31,100,'CNY','Chinese Renminbi Yuan','¥','Fen',100,1,'&#20803;','.',',',156,'2021-03-23 08:21:49','2021-03-23 08:21:49'),(32,100,'COP','Colombian Peso','$','Centavo',100,1,'&#x20B1;',',','.',170,'2021-03-23 08:21:49','2021-03-23 08:21:49'),(33,100,'CRC','Costa Rican Colón','₡','Céntimo',100,1,'&#x20A1;',',','.',188,'2021-03-23 08:21:49','2021-03-23 08:21:49'),(34,100,'CUC','Cuban Convertible Peso','$','Centavo',100,0,'','.',',',931,'2021-03-23 08:21:50','2021-03-23 08:21:50'),(35,100,'CUP','Cuban Peso','$','Centavo',100,1,'&#x20B1;','.',',',192,'2021-03-23 08:21:50','2021-03-23 08:21:50'),(36,100,'CVE','Cape Verdean Escudo','$','Centavo',100,0,'','.',',',132,'2021-03-23 08:21:50','2021-03-23 08:21:50'),(37,100,'CZK','Czech Koruna','Kč','Haléř',100,1,'',',','.',203,'2021-03-23 08:21:50','2021-03-23 08:21:50'),(38,100,'DJF','Djiboutian Franc','Fdj','Centime',100,0,'','.',',',262,'2021-03-23 08:21:50','2021-03-23 08:21:50'),(39,100,'DKK','Danish Krone','kr','Øre',100,0,'',',','.',208,'2021-03-23 08:21:50','2021-03-23 08:21:50'),(40,100,'DOP','Dominican Peso','$','Centavo',100,1,'&#x20B1;','.',',',214,'2021-03-23 08:21:50','2021-03-23 08:21:50'),(41,100,'DZD','Algerian Dinar','د.ج','Centime',100,0,'','.',',',12,'2021-03-23 08:21:50','2021-03-23 08:21:50'),(42,100,'EGP','Egyptian Pound','ج.م','Piastre',100,1,'&#x00A3;','.',',',818,'2021-03-23 08:21:50','2021-03-23 08:21:50'),(43,100,'ERN','Eritrean Nakfa','Nfk','Cent',100,0,'','.',',',232,'2021-03-23 08:21:50','2021-03-23 08:21:50'),(44,100,'ETB','Ethiopian Birr','Br','Santim',100,0,'','.',',',230,'2021-03-23 08:21:50','2021-03-23 08:21:50'),(45,2,'EUR','Euro','€','Cent',100,1,'&#x20AC;',',','.',978,'2021-03-23 08:21:50','2021-03-23 08:21:50'),(46,100,'FJD','Fijian Dollar','$','Cent',100,0,'$','.',',',242,'2021-03-23 08:21:50','2021-03-23 08:21:50'),(47,100,'FKP','Falkland Pound','£','Penny',100,0,'&#x00A3;','.',',',238,'2021-03-23 08:21:50','2021-03-23 08:21:50'),(48,3,'GBP','British Pound','£','Penny',100,1,'&#x00A3;','.',',',826,'2021-03-23 08:21:50','2021-03-23 08:21:50'),(49,100,'GEL','Georgian Lari','ლ','Tetri',100,0,'','.',',',981,'2021-03-23 08:21:50','2021-03-23 08:21:50'),(50,100,'GHS','Ghanaian Cedi','₵','Pesewa',100,1,'&#x20B5;','.',',',936,'2021-03-23 08:21:50','2021-03-23 08:21:50'),(51,100,'GIP','Gibraltar Pound','£','Penny',100,1,'&#x00A3;','.',',',292,'2021-03-23 08:21:51','2021-03-23 08:21:51'),(52,100,'GMD','Gambian Dalasi','D','Butut',100,0,'','.',',',270,'2021-03-23 08:21:51','2021-03-23 08:21:51'),(53,100,'GNF','Guinean Franc','Fr','Centime',100,0,'','.',',',324,'2021-03-23 08:21:51','2021-03-23 08:21:51'),(54,100,'GTQ','Guatemalan Quetzal','Q','Centavo',100,1,'','.',',',320,'2021-03-23 08:21:51','2021-03-23 08:21:51'),(55,100,'GYD','Guyanese Dollar','$','Cent',100,0,'$','.',',',328,'2021-03-23 08:21:51','2021-03-23 08:21:51'),(56,100,'HKD','Hong Kong Dollar','$','Cent',100,1,'$','.',',',344,'2021-03-23 08:21:51','2021-03-23 08:21:51'),(57,100,'HNL','Honduran Lempira','L','Centavo',100,1,'','.',',',340,'2021-03-23 08:21:51','2021-03-23 08:21:51'),(58,100,'HRK','Croatian Kuna','kn','Lipa',100,1,'',',','.',191,'2021-03-23 08:21:51','2021-03-23 08:21:51'),(59,100,'HTG','Haitian Gourde','G','Centime',100,0,'','.',',',332,'2021-03-23 08:21:51','2021-03-23 08:21:51'),(60,100,'HUF','Hungarian Forint','Ft','Fillér',100,0,'',',','.',348,'2021-03-23 08:21:52','2021-03-23 08:21:52'),(61,100,'IDR','Indonesian Rupiah','Rp','Sen',100,1,'',',','.',360,'2021-03-23 08:21:52','2021-03-23 08:21:52'),(62,100,'ILS','Israeli New Sheqel','₪','Agora',100,1,'&#x20AA;','.',',',376,'2021-03-23 08:21:52','2021-03-23 08:21:52'),(63,100,'INR','Indian Rupee','₹','Paisa',100,1,'&#x20b9;','.',',',356,'2021-03-23 08:21:52','2021-03-23 08:21:52'),(64,100,'IQD','Iraqi Dinar','ع.د','Fils',1000,0,'','.',',',368,'2021-03-23 08:21:52','2021-03-23 08:21:52'),(65,100,'IRR','Iranian Rial','﷼','Dinar',100,1,'&#xFDFC;','.',',',364,'2021-03-23 08:21:52','2021-03-23 08:21:52'),(66,100,'ISK','Icelandic Króna','kr','Eyrir',100,1,'',',','.',352,'2021-03-23 08:21:52','2021-03-23 08:21:52'),(67,100,'JMD','Jamaican Dollar','$','Cent',100,1,'$','.',',',388,'2021-03-23 08:21:52','2021-03-23 08:21:52'),(68,100,'JOD','Jordanian Dinar','د.ا','Piastre',100,1,'','.',',',400,'2021-03-23 08:21:52','2021-03-23 08:21:52'),(69,6,'JPY','Japanese Yen','¥','null',1,1,'&#x00A5;','.',',',392,'2021-03-23 08:21:52','2021-03-23 08:21:52'),(70,100,'KES','Kenyan Shilling','KSh','Cent',100,1,'','.',',',404,'2021-03-23 08:21:52','2021-03-23 08:21:52'),(71,100,'KGS','Kyrgyzstani Som','som','Tyiyn',100,0,'','.',',',417,'2021-03-23 08:21:52','2021-03-23 08:21:52'),(72,100,'KHR','Cambodian Riel','៛','Sen',100,0,'&#x17DB;','.',',',116,'2021-03-23 08:21:52','2021-03-23 08:21:52'),(73,100,'KMF','Comorian Franc','Fr','Centime',100,0,'','.',',',174,'2021-03-23 08:21:52','2021-03-23 08:21:52'),(74,100,'KPW','North Korean Won','₩','Chŏn',100,0,'&#x20A9;','.',',',408,'2021-03-23 08:21:52','2021-03-23 08:21:52'),(75,100,'KRW','South Korean Won','₩','null',1,1,'&#x20A9;','.',',',410,'2021-03-23 08:21:52','2021-03-23 08:21:52'),(76,100,'KWD','Kuwaiti Dinar','د.ك','Fils',1000,1,'','.',',',414,'2021-03-23 08:21:52','2021-03-23 08:21:52'),(77,100,'KYD','Cayman Islands Dollar','$','Cent',100,1,'$','.',',',136,'2021-03-23 08:21:52','2021-03-23 08:21:52'),(78,100,'KZT','Kazakhstani Tenge','〒','Tiyn',100,0,'','.',',',398,'2021-03-23 08:21:52','2021-03-23 08:21:52'),(79,100,'LAK','Lao Kip','₭','Att',100,0,'&#x20AD;','.',',',418,'2021-03-23 08:21:52','2021-03-23 08:21:52'),(80,100,'LBP','Lebanese Pound','ل.ل','Piastre',100,1,'&#x00A3;','.',',',422,'2021-03-23 08:21:52','2021-03-23 08:21:52'),(81,100,'LKR','Sri Lankan Rupee','₨','Cent',100,0,'&#x0BF9;','.',',',144,'2021-03-23 08:21:52','2021-03-23 08:21:52'),(82,100,'LRD','Liberian Dollar','$','Cent',100,0,'$','.',',',430,'2021-03-23 08:21:52','2021-03-23 08:21:52'),(83,100,'LSL','Lesotho Loti','L','Sente',100,0,'','.',',',426,'2021-03-23 08:21:52','2021-03-23 08:21:52'),(84,100,'LTL','Lithuanian Litas','Lt','Centas',100,0,'','.',',',440,'2021-03-23 08:21:52','2021-03-23 08:21:52'),(85,100,'LVL','Latvian Lats','Ls','Santīms',100,1,'','.',',',428,'2021-03-23 08:21:53','2021-03-23 08:21:53'),(86,100,'LYD','Libyan Dinar','ل.د','Dirham',1000,0,'','.',',',434,'2021-03-23 08:21:53','2021-03-23 08:21:53'),(87,100,'MAD','Moroccan Dirham','د.م.','Centime',100,0,'','.',',',504,'2021-03-23 08:21:53','2021-03-23 08:21:53'),(88,100,'MDL','Moldovan Leu','L','Ban',100,0,'','.',',',498,'2021-03-23 08:21:53','2021-03-23 08:21:53'),(89,100,'MGA','Malagasy Ariary','Ar','Iraimbilanja',5,1,'','.',',',969,'2021-03-23 08:21:53','2021-03-23 08:21:53'),(90,100,'MKD','Macedonian Denar','ден','Deni',100,0,'','.',',',807,'2021-03-23 08:21:53','2021-03-23 08:21:53'),(91,100,'MMK','Myanmar Kyat','K','Pya',100,0,'','.',',',104,'2021-03-23 08:21:53','2021-03-23 08:21:53'),(92,100,'MNT','Mongolian Tögrög','₮','Möngö',100,0,'&#x20AE;','.',',',496,'2021-03-23 08:21:53','2021-03-23 08:21:53'),(93,100,'MOP','Macanese Pataca','P','Avo',100,0,'','.',',',446,'2021-03-23 08:21:53','2021-03-23 08:21:53'),(94,100,'MRO','Mauritanian Ouguiya','UM','Khoums',5,0,'','.',',',478,'2021-03-23 08:21:53','2021-03-23 08:21:53'),(95,100,'MUR','Mauritian Rupee','₨','Cent',100,1,'&#x20A8;','.',',',480,'2021-03-23 08:21:53','2021-03-23 08:21:53'),(96,100,'MVR','Maldivian Rufiyaa','MVR','Laari',100,0,'','.',',',462,'2021-03-23 08:21:53','2021-03-23 08:21:53'),(97,100,'MWK','Malawian Kwacha','MK','Tambala',100,0,'','.',',',454,'2021-03-23 08:21:53','2021-03-23 08:21:53'),(98,100,'MXN','Mexican Peso','$','Centavo',100,1,'$','.',',',484,'2021-03-23 08:21:53','2021-03-23 08:21:53'),(99,100,'MYR','Malaysian Ringgit','RM','Sen',100,1,'','.',',',458,'2021-03-23 08:21:53','2021-03-23 08:21:53'),(100,100,'MZN','Mozambican Metical','MTn','Centavo',100,1,'',',','.',943,'2021-03-23 08:21:53','2021-03-23 08:21:53'),(101,100,'NAD','Namibian Dollar','$','Cent',100,0,'$','.',',',516,'2021-03-23 08:21:54','2021-03-23 08:21:54'),(102,100,'NGN','Nigerian Naira','₦','Kobo',100,0,'&#x20A6;','.',',',566,'2021-03-23 08:21:54','2021-03-23 08:21:54'),(103,100,'NIO','Nicaraguan Córdoba','C$','Centavo',100,0,'','.',',',558,'2021-03-23 08:21:54','2021-03-23 08:21:54'),(104,100,'NOK','Norwegian Krone','kr','Øre',100,1,'kr',',','.',578,'2021-03-23 08:21:54','2021-03-23 08:21:54'),(105,100,'NPR','Nepalese Rupee','₨','Paisa',100,1,'&#x20A8;','.',',',524,'2021-03-23 08:21:54','2021-03-23 08:21:54'),(106,100,'NZD','New Zealand Dollar','$','Cent',100,1,'$','.',',',554,'2021-03-23 08:21:54','2021-03-23 08:21:54'),(107,100,'OMR','Omani Rial','ر.ع.','Baisa',1000,1,'&#xFDFC;','.',',',512,'2021-03-23 08:21:54','2021-03-23 08:21:54'),(108,100,'PAB','Panamanian Balboa','B/.','Centésimo',100,0,'','.',',',590,'2021-03-23 08:21:54','2021-03-23 08:21:54'),(109,100,'PEN','Peruvian Nuevo Sol','S/.','Céntimo',100,1,'S/.','.',',',604,'2021-03-23 08:21:54','2021-03-23 08:21:54'),(110,100,'PGK','Papua New Guinean Kina','K','Toea',100,0,'','.',',',598,'2021-03-23 08:21:54','2021-03-23 08:21:54'),(111,100,'PHP','Philippine Peso','₱','Centavo',100,1,'&#x20B1;','.',',',608,'2021-03-23 08:21:54','2021-03-23 08:21:54'),(112,100,'PKR','Pakistani Rupee','₨','Paisa',100,1,'&#x20A8;','.',',',586,'2021-03-23 08:21:54','2021-03-23 08:21:54'),(113,100,'PLN','Polish Złoty','zł','Grosz',100,0,'z&#322;',',','',985,'2021-03-23 08:21:54','2021-03-23 08:21:54'),(114,100,'PYG','Paraguayan Guaraní','₲','Céntimo',100,1,'&#x20B2;','.',',',600,'2021-03-23 08:21:54','2021-03-23 08:21:54'),(115,100,'QAR','Qatari Riyal','ر.ق','Dirham',100,0,'&#xFDFC;','.',',',634,'2021-03-23 08:21:54','2021-03-23 08:21:54'),(116,100,'RON','Romanian Leu','Lei','Bani',100,1,'',',','.',946,'2021-03-23 08:21:54','2021-03-23 08:21:54'),(117,100,'RSD','Serbian Dinar','РСД','Para',100,1,'','.',',',941,'2021-03-23 08:21:54','2021-03-23 08:21:54'),(118,100,'RUB','Russian Ruble','р.','Kopek',100,0,'&#x0440;&#x0443;&#x0431;',',','.',643,'2021-03-23 08:21:54','2021-03-23 08:21:54'),(119,100,'RWF','Rwandan Franc','FRw','Centime',100,0,'','.',',',646,'2021-03-23 08:21:55','2021-03-23 08:21:55'),(120,100,'SAR','Saudi Riyal','ر.س','Hallallah',100,1,'&#xFDFC;','.',',',682,'2021-03-23 08:21:55','2021-03-23 08:21:55'),(121,100,'SBD','Solomon Islands Dollar','$','Cent',100,0,'$','.',',',90,'2021-03-23 08:21:55','2021-03-23 08:21:55'),(122,100,'SCR','Seychellois Rupee','₨','Cent',100,0,'&#x20A8;','.',',',690,'2021-03-23 08:21:55','2021-03-23 08:21:55'),(123,100,'SDG','Sudanese Pound','£','Piastre',100,1,'','.',',',938,'2021-03-23 08:21:55','2021-03-23 08:21:55'),(124,100,'SEK','Swedish Krona','kr','Öre',100,0,'',',','',752,'2021-03-23 08:21:55','2021-03-23 08:21:55'),(125,100,'SGD','Singapore Dollar','$','Cent',100,1,'$','.',',',702,'2021-03-23 08:21:55','2021-03-23 08:21:55'),(126,100,'SHP','Saint Helenian Pound','£','Penny',100,0,'&#x00A3;','.',',',654,'2021-03-23 08:21:55','2021-03-23 08:21:55'),(127,100,'SKK','Slovak Koruna','Sk','Halier',100,1,'','.',',',703,'2021-03-23 08:21:55','2021-03-23 08:21:55'),(128,100,'SLL','Sierra Leonean Leone','Le','Cent',100,0,'','.',',',694,'2021-03-23 08:21:55','2021-03-23 08:21:55'),(129,100,'SOS','Somali Shilling','Sh','Cent',100,0,'','.',',',706,'2021-03-23 08:21:55','2021-03-23 08:21:55'),(130,100,'SRD','Surinamese Dollar','$','Cent',100,0,'','.',',',968,'2021-03-23 08:21:55','2021-03-23 08:21:55'),(131,100,'SSP','South Sudanese Pound','£','piaster',100,0,'&#x00A3;','.',',',728,'2021-03-23 08:21:55','2021-03-23 08:21:55'),(132,100,'STD','São Tomé and Príncipe Dobra','Db','Cêntimo',100,0,'','.',',',678,'2021-03-23 08:21:55','2021-03-23 08:21:55'),(133,100,'SVC','Salvadoran Colón','₡','Centavo',100,1,'&#x20A1;','.',',',222,'2021-03-23 08:21:55','2021-03-23 08:21:55'),(134,100,'SYP','Syrian Pound','£S','Piastre',100,0,'&#x00A3;','.',',',760,'2021-03-23 08:21:55','2021-03-23 08:21:55'),(135,100,'SZL','Swazi Lilangeni','L','Cent',100,1,'','.',',',748,'2021-03-23 08:21:55','2021-03-23 08:21:55'),(136,100,'THB','Thai Baht','฿','Satang',100,1,'&#x0E3F;','.',',',764,'2021-03-23 08:21:55','2021-03-23 08:21:55'),(137,100,'TJS','Tajikistani Somoni','ЅМ','Diram',100,0,'','.',',',972,'2021-03-23 08:21:56','2021-03-23 08:21:56'),(138,100,'TMT','Turkmenistani Manat','T','Tenge',100,0,'','.',',',934,'2021-03-23 08:21:56','2021-03-23 08:21:56'),(139,100,'TND','Tunisian Dinar','TND','Millime',1000,0,'','.',',',788,'2021-03-23 08:21:56','2021-03-23 08:21:56'),(140,100,'TOP','Tongan Paʻanga','T$','Seniti',100,1,'','.',',',776,'2021-03-23 08:21:56','2021-03-23 08:21:56'),(141,100,'TRY','Turkish Lira','TL','kuruş',100,0,'',',','.',949,'2021-03-23 08:21:56','2021-03-23 08:21:56'),(142,100,'TTD','Trinidad and Tobago Dollar','$','Cent',100,0,'$','.',',',780,'2021-03-23 08:21:56','2021-03-23 08:21:56'),(143,100,'TWD','New Taiwan Dollar','$','Cent',100,1,'$','.',',',901,'2021-03-23 08:21:56','2021-03-23 08:21:56'),(144,100,'TZS','Tanzanian Shilling','Sh','Cent',100,1,'','.',',',834,'2021-03-23 08:21:56','2021-03-23 08:21:56'),(145,100,'UAH','Ukrainian Hryvnia','₴','Kopiyka',100,0,'&#x20B4;','.',',',980,'2021-03-23 08:21:56','2021-03-23 08:21:56'),(146,100,'UGX','Ugandan Shilling','USh','Cent',100,0,'','.',',',800,'2021-03-23 08:21:56','2021-03-23 08:21:56'),(147,1,'USD','United States Dollar','$','Cent',100,1,'$','.',',',840,'2021-03-23 08:21:56','2021-03-23 08:21:56'),(148,100,'UYU','Uruguayan Peso','$','Centésimo',100,1,'&#x20B1;',',','.',858,'2021-03-23 08:21:56','2021-03-23 08:21:56'),(149,100,'UZS','Uzbekistani Som','null','Tiyin',100,0,'','.',',',860,'2021-03-23 08:21:56','2021-03-23 08:21:56'),(150,100,'VEF','Venezuelan Bolívar','Bs F','Céntimo',100,1,'',',','.',937,'2021-03-23 08:21:56','2021-03-23 08:21:56'),(151,100,'VND','Vietnamese Đồng','₫','Hào',10,1,'&#x20AB;',',','.',704,'2021-03-23 08:21:56','2021-03-23 08:21:56'),(152,100,'VUV','Vanuatu Vatu','Vt','null',1,1,'','.',',',548,'2021-03-23 08:21:56','2021-03-23 08:21:56'),(153,100,'WST','Samoan Tala','T','Sene',100,0,'','.',',',882,'2021-03-23 08:21:56','2021-03-23 08:21:56'),(154,100,'XAF','Central African Cfa Franc','Fr','Centime',100,0,'','.',',',950,'2021-03-23 08:21:56','2021-03-23 08:21:56'),(155,100,'XAG','Silver (Troy Ounce)','oz t','oz',1,0,'','.',',',961,'2021-03-23 08:21:56','2021-03-23 08:21:56'),(156,100,'XAU','Gold (Troy Ounce)','oz t','oz',1,0,'','.',',',959,'2021-03-23 08:21:56','2021-03-23 08:21:56'),(157,100,'XCD','East Caribbean Dollar','$','Cent',100,1,'$','.',',',951,'2021-03-23 08:21:56','2021-03-23 08:21:56'),(158,100,'XDR','Special Drawing Rights','SDR','',1,0,'$','.',',',960,'2021-03-23 08:21:57','2021-03-23 08:21:57'),(159,100,'XOF','West African Cfa Franc','Fr','Centime',100,0,'','.',',',952,'2021-03-23 08:21:57','2021-03-23 08:21:57'),(160,100,'XPF','Cfp Franc','Fr','Centime',100,0,'','.',',',953,'2021-03-23 08:21:57','2021-03-23 08:21:57'),(161,100,'YER','Yemeni Rial','﷼','Fils',100,0,'&#xFDFC;','.',',',886,'2021-03-23 08:21:57','2021-03-23 08:21:57'),(162,100,'ZAR','South African Rand','R','Cent',100,1,'&#x0052;','.',',',710,'2021-03-23 08:21:57','2021-03-23 08:21:57'),(163,100,'ZMK','Zambian Kwacha','ZK','Ngwee',100,0,'','.',',',894,'2021-03-23 08:21:57','2021-03-23 08:21:57'),(164,100,'ZMW','Zambian Kwacha','ZK','Ngwee',100,0,'','.',',',967,'2021-03-23 08:21:57','2021-03-23 08:21:57');
/*!40000 ALTER TABLE `currencies` ENABLE KEYS */;
UNLOCK TABLES;




--
-- Table structure for table `faqs`
--

DROP TABLE IF EXISTS `faqs`;
/*!40101 SET @saved_cs_client     = @@character_set_client */;
/*!40101 SET character_set_client = utf8 */;
CREATE TABLE `faqs` (
  `id` bigint(20) unsigned NOT NULL AUTO_INCREMENT,
  `title` varchar(255) COLLATE utf8mb4_unicode_ci NOT NULL,
  `content` text COLLATE utf8mb4_unicode_ci NOT NULL,
  `lang` text COLLATE utf8mb4_unicode_ci NOT NULL,
  `created_at` timestamp NULL DEFAULT NULL,
  `updated_at` timestamp NULL DEFAULT NULL,
  PRIMARY KEY (`id`)
) ENGINE=InnoDB AUTO_INCREMENT=4 DEFAULT CHARSET=utf8mb4 COLLATE=utf8mb4_unicode_ci;
/*!40101 SET character_set_client = @saved_cs_client */;

--
-- Dumping data for table `faqs`
--

LOCK TABLES `faqs` WRITE;
/*!40000 ALTER TABLE `faqs` DISABLE KEYS */;
INSERT INTO `faqs` VALUES (1,'كيف يمكنني تحويل رسوم العمل؟','توفر المنارة للاستشارات العديد من طرق تحويل الرسوم، بما يوفر الراحة والسرعة لعملائها، ويمكنكم تحويل الرسوم بما يناسبكم من خلال الدفع من خلال الفيزا والماستر كارد. أو الدفع من خلال PayPal. أو الدفع من خلال الويسترن يونيون، الموني جرام, أو الإكسبرس موني. وللعملاء المقيمين في السعودية، يمكن تحويل الرسوم على حسابنا على الراجحي أو الأهلي.','ar','2021-04-07 11:36:50','2021-04-07 11:36:50'),(2,'كيف يمكن التحويل عن طريق الفيزا كارد او الباي بال؟','يمكنك طلب رابط الدفع وعقد العمل من موظف خدمة العملاء عن طريق التواصل المباشر على الواتس أب أو رسائل البريد الالكتروني، كما سيظهر لك رابط الدفع في الموقع عند الضغط على زر الموافقة على عقد العمل.','ar','2021-04-07 11:49:51','2021-04-07 11:49:51'),(3,'تلقى العرض','سيتم دراسة طلبكم خلال أقل من ساعة, وتابعوا التواصل معنا حتى يتم الإتفاق.','ar','2021-04-12 11:30:49','2021-04-12 11:30:49');
/*!40000 ALTER TABLE `faqs` ENABLE KEYS */;
UNLOCK TABLES;

--
-- Table structure for table `joinus`
--

DROP TABLE IF EXISTS `joinus`;
/*!40101 SET @saved_cs_client     = @@character_set_client */;
/*!40101 SET character_set_client = utf8 */;
CREATE TABLE `joinus` (
  `id` bigint(20) unsigned NOT NULL AUTO_INCREMENT,
  `content` text COLLATE utf8mb4_unicode_ci NOT NULL,
  `file` varchar(255) COLLATE utf8mb4_unicode_ci DEFAULT NULL,
  `user_id` bigint(20) unsigned NOT NULL,
  `status` int(11) NOT NULL,
  `created_at` timestamp NULL DEFAULT NULL,
  `updated_at` timestamp NULL DEFAULT NULL,
  PRIMARY KEY (`id`)
) ENGINE=InnoDB AUTO_INCREMENT=3 DEFAULT CHARSET=utf8mb4 COLLATE=utf8mb4_unicode_ci;
/*!40101 SET character_set_client = @saved_cs_client */;

--
-- Dumping data for table `joinus`
--

LOCK TABLES `joinus` WRITE;
/*!40000 ALTER TABLE `joinus` DISABLE KEYS */;
INSERT INTO `joinus` VALUES (2,'مرحبا أريد الإنظمام للفريق العمل','storage/uploads/joinus/1617358722-article-eng.pdf',1,0,'2021-04-02 09:18:42','2021-04-02 10:02:15');
/*!40000 ALTER TABLE `joinus` ENABLE KEYS */;
UNLOCK TABLES;

--
-- Table structure for table `messages`
--

DROP TABLE IF EXISTS `messages`;
/*!40101 SET @saved_cs_client     = @@character_set_client */;
/*!40101 SET character_set_client = utf8 */;
CREATE TABLE `messages` (
  `id` bigint(20) unsigned NOT NULL AUTO_INCREMENT,
  `description` text COLLATE utf8mb4_unicode_ci NOT NULL,
  `user_id` bigint(20) unsigned NOT NULL,
  `consult_id` bigint(20) unsigned NOT NULL,
  `file` varchar(255) COLLATE utf8mb4_unicode_ci DEFAULT NULL,
  `deleted_at` timestamp NULL DEFAULT NULL,
  `created_at` timestamp NULL DEFAULT NULL,
  `updated_at` timestamp NULL DEFAULT NULL,
  PRIMARY KEY (`id`)
) ENGINE=InnoDB AUTO_INCREMENT=14 DEFAULT CHARSET=utf8mb4 COLLATE=utf8mb4_unicode_ci;
/*!40101 SET character_set_client = @saved_cs_client */;

--
-- Dumping data for table `messages`
--

LOCK TABLES `messages` WRITE;
/*!40000 ALTER TABLE `messages` DISABLE KEYS */;
INSERT INTO `messages` VALUES (1,'sdbolnksdbosdibnlk',1,1,NULL,NULL,'2021-03-25 09:42:41','2021-03-25 09:42:41'),(2,'zsgzgzgzgg',1,1,NULL,NULL,'2021-03-25 09:45:47','2021-03-25 09:45:47'),(3,'sbdfb  hdfh sdg   ztgsdg zett  zet szt z',1,1,NULL,NULL,'2021-03-25 09:46:45','2021-03-25 09:46:45'),(4,'مرحبا أستاد هل يمكنك مساعدتي من فضلك ?',1,1,NULL,NULL,'2021-03-25 09:58:16','2021-03-25 09:58:16'),(5,'مرحبا بك أستادة',10,1,NULL,NULL,'2021-03-25 14:34:34','2021-03-25 14:34:34'),(13,'voila mon cv !',1,2,'/storage/uploads/consultations/files//1617288030_contract.pdf',NULL,'2021-04-01 13:40:30','2021-04-01 13:40:30');
/*!40000 ALTER TABLE `messages` ENABLE KEYS */;
UNLOCK TABLES;

--
-- Table structure for table `migrations`
--

DROP TABLE IF EXISTS `migrations`;
/*!40101 SET @saved_cs_client     = @@character_set_client */;
/*!40101 SET character_set_client = utf8 */;
CREATE TABLE `migrations` (
  `id` int(10) unsigned NOT NULL AUTO_INCREMENT,
  `migration` varchar(255) COLLATE utf8mb4_unicode_ci NOT NULL,
  `batch` int(11) NOT NULL,
  PRIMARY KEY (`id`)
) ENGINE=InnoDB AUTO_INCREMENT=42 DEFAULT CHARSET=utf8mb4 COLLATE=utf8mb4_unicode_ci;
/*!40101 SET character_set_client = @saved_cs_client */;

--
-- Dumping data for table `migrations`
--

LOCK TABLES `migrations` WRITE;
/*!40000 ALTER TABLE `migrations` DISABLE KEYS */;
INSERT INTO `migrations` VALUES (25,'2014_10_12_000000_create_users_table',1),(26,'2014_10_12_100000_create_password_resets_table',1),(27,'2019_08_19_000000_create_failed_jobs_table',1),(28,'2021_03_22_160440_create_general_table',1),(29,'2021_03_25_085129_create_messages_table',2),(30,'2021_03_25_220722_create_blog_table',3),(31,'2021_03_26_090450_create_blog_table',4),(32,'2021_03_28_214721_create_about_table',5),(33,'2021_04_01_233044_create_joinus_table',6),(34,'2021_04_06_130443_creat_slider_table',7),(35,'2021_04_06_161250_create_contact_table',8),(36,'2021_04_07_115744_create_faqs_table',9),(37,'2021_04_07_135745_create_partners_table',10),(38,'2021_04_08_120951_create_social_media_table',11),(39,'2021_04_08_171102_create_pages_table',12),(41,'2021_04_12_081329_create_our_services_migration',13);
/*!40000 ALTER TABLE `migrations` ENABLE KEYS */;
UNLOCK TABLES;

--
-- Table structure for table `our_services`
--

DROP TABLE IF EXISTS `our_services`;
/*!40101 SET @saved_cs_client     = @@character_set_client */;
/*!40101 SET character_set_client = utf8 */;
CREATE TABLE `our_services` (
  `id` bigint(20) unsigned NOT NULL AUTO_INCREMENT,
  `title` varchar(255) COLLATE utf8mb4_unicode_ci NOT NULL,
  `description` varchar(255) COLLATE utf8mb4_unicode_ci NOT NULL,
  `lang` varchar(255) COLLATE utf8mb4_unicode_ci NOT NULL,
  `created_at` timestamp NULL DEFAULT NULL,
  `updated_at` timestamp NULL DEFAULT NULL,
  PRIMARY KEY (`id`)
) ENGINE=InnoDB AUTO_INCREMENT=6 DEFAULT CHARSET=utf8mb4 COLLATE=utf8mb4_unicode_ci;
/*!40101 SET character_set_client = @saved_cs_client */;

--
-- Dumping data for table `our_services`
--

LOCK TABLES `our_services` WRITE;
/*!40000 ALTER TABLE `our_services` DISABLE KEYS */;
INSERT INTO `our_services` VALUES (2,'أرسل طلبك','سيتم الإجابة على إستشارتك من خلال أحد موظفن بشركة المغترب','ar','2021-04-12 11:34:12','2021-04-13 07:21:36'),(3,'الإستشارة الكاملة','يقدم موظفي المغترب إستشارة كاملة من جميع النواحي','ar','2021-04-13 07:18:46','2021-04-13 07:18:46'),(4,'الإستشارة في أكثر من 20 مجال','تقدم شركة المغترب الإستشارة في أكثر من 20 مجال بكل إحترافية و إتقان في العمل','ar','2021-04-13 07:20:36','2021-04-13 07:20:36'),(5,'تواصل معنا عبر البريد الواتساب','يمكنك التواصل معنا عبر أي وسيلة تواصل تيليجرام واتساب البريد أو الهاتف','ar','2021-04-13 07:22:45','2021-04-13 07:22:45');
/*!40000 ALTER TABLE `our_services` ENABLE KEYS */;
UNLOCK TABLES;

--
-- Table structure for table `pages`
--

DROP TABLE IF EXISTS `pages`;
/*!40101 SET @saved_cs_client     = @@character_set_client */;
/*!40101 SET character_set_client = utf8 */;
CREATE TABLE `pages` (
  `id` bigint(20) unsigned NOT NULL AUTO_INCREMENT,
  `name` varchar(255) COLLATE utf8mb4_unicode_ci NOT NULL,
  `name_ar` varchar(255) COLLATE utf8mb4_unicode_ci NOT NULL,
  `created_at` timestamp NULL DEFAULT NULL,
  `updated_at` timestamp NULL DEFAULT NULL,
  PRIMARY KEY (`id`)
) ENGINE=InnoDB AUTO_INCREMENT=12 DEFAULT CHARSET=utf8mb4 COLLATE=utf8mb4_unicode_ci;
/*!40101 SET character_set_client = @saved_cs_client */;

--
-- Dumping data for table `pages`
--

LOCK TABLES `pages` WRITE;
/*!40000 ALTER TABLE `pages` DISABLE KEYS */;
INSERT INTO `pages` VALUES (1,'about us','معلومات عنا',NULL,NULL),(3,'said about us','قالو عنا',NULL,NULL),(4,'the advisory body','الهيئة الإستشارية',NULL,NULL),(5,'join us','إنظم إليتا',NULL,NULL),(6,'blog','المدونة',NULL,NULL),(7,'our services','خداماتنا',NULL,NULL),(8,'service request','طلب خدمة',NULL,NULL),(9,'requests','طلبات',NULL,NULL),(10,'about company','عن الشركة',NULL,NULL),(11,'home','الرئيسية',NULL,'2021-04-09 23:01:36');
/*!40000 ALTER TABLE `pages` ENABLE KEYS */;
UNLOCK TABLES;

--
-- Table structure for table `partners`
--

DROP TABLE IF EXISTS `partners`;
/*!40101 SET @saved_cs_client     = @@character_set_client */;
/*!40101 SET character_set_client = utf8 */;
CREATE TABLE `partners` (
  `id` bigint(20) unsigned NOT NULL AUTO_INCREMENT,
  `name` varchar(255) COLLATE utf8mb4_unicode_ci NOT NULL,
  `description` text COLLATE utf8mb4_unicode_ci NOT NULL,
  `name_ar` varchar(255) COLLATE utf8mb4_unicode_ci NOT NULL,
  `description_ar` text COLLATE utf8mb4_unicode_ci NOT NULL,
  `photo` varchar(255) COLLATE utf8mb4_unicode_ci NOT NULL,
  `created_at` timestamp NULL DEFAULT NULL,
  `updated_at` timestamp NULL DEFAULT NULL,
  PRIMARY KEY (`id`)
) ENGINE=InnoDB AUTO_INCREMENT=5 DEFAULT CHARSET=utf8mb4 COLLATE=utf8mb4_unicode_ci;
/*!40101 SET character_set_client = @saved_cs_client */;

--
-- Dumping data for table `partners`
--

LOCK TABLES `partners` WRITE;
/*!40000 ALTER TABLE `partners` DISABLE KEYS */;
INSERT INTO `partners` VALUES (1,'peugot','peugot','بيجو','بيجو','storage/uploads/about/9siJHIMsgm-1617808083.png','2021-04-07 14:08:03','2021-04-07 14:08:03'),(2,'partner 2','partner 2','الشريك 2','الشريك 2','storage/uploads/about/FvJ1gr6IZD-1617808222.png','2021-04-07 14:10:22','2021-04-07 14:10:22'),(3,'partner 3','partner 3','الشريك 3','الشريك 3','storage/uploads/about/73ne5shXMc-1617808514.png','2021-04-07 14:15:14','2021-04-07 14:15:14');
/*!40000 ALTER TABLE `partners` ENABLE KEYS */;
UNLOCK TABLES;

--
-- Table structure for table `password_resets`
--

DROP TABLE IF EXISTS `password_resets`;
/*!40101 SET @saved_cs_client     = @@character_set_client */;
/*!40101 SET character_set_client = utf8 */;
CREATE TABLE `password_resets` (
  `email` varchar(255) COLLATE utf8mb4_unicode_ci NOT NULL,
  `token` varchar(255) COLLATE utf8mb4_unicode_ci NOT NULL,
  `created_at` timestamp NULL DEFAULT NULL,
  KEY `password_resets_email_index` (`email`)
) ENGINE=InnoDB DEFAULT CHARSET=utf8mb4 COLLATE=utf8mb4_unicode_ci;
/*!40101 SET character_set_client = @saved_cs_client */;

--
-- Dumping data for table `password_resets`
--

LOCK TABLES `password_resets` WRITE;
/*!40000 ALTER TABLE `password_resets` DISABLE KEYS */;
/*!40000 ALTER TABLE `password_resets` ENABLE KEYS */;
UNLOCK TABLES;

--
-- Table structure for table `roles`
--

DROP TABLE IF EXISTS `roles`;
/*!40101 SET @saved_cs_client     = @@character_set_client */;
/*!40101 SET character_set_client = utf8 */;
CREATE TABLE `roles` (
  `id` bigint(20) unsigned NOT NULL AUTO_INCREMENT,
  `title` varchar(255) COLLATE utf8mb4_unicode_ci NOT NULL,
  `created_at` timestamp NULL DEFAULT NULL,
  `updated_at` timestamp NULL DEFAULT NULL,
  PRIMARY KEY (`id`)
) ENGINE=InnoDB AUTO_INCREMENT=5 DEFAULT CHARSET=utf8mb4 COLLATE=utf8mb4_unicode_ci;
/*!40101 SET character_set_client = @saved_cs_client */;

--
-- Dumping data for table `roles`
--

LOCK TABLES `roles` WRITE;
/*!40000 ALTER TABLE `roles` DISABLE KEYS */;
INSERT INTO `roles` VALUES (1,'User','2021-03-23 08:22:13','2021-03-23 08:22:13'),(2,'Administrator','2021-03-23 08:22:13','2021-03-23 08:22:13'),(3,'Officer','2021-03-23 21:23:05','2021-03-23 21:23:05'),(4,'Adviser','2021-03-23 21:23:05','2021-03-23 21:23:05');
/*!40000 ALTER TABLE `roles` ENABLE KEYS */;
UNLOCK TABLES;

--
-- Table structure for table `service_requests`
--

DROP TABLE IF EXISTS `service_requests`;
/*!40101 SET @saved_cs_client     = @@character_set_client */;
/*!40101 SET character_set_client = utf8 */;
CREATE TABLE `service_requests` (
  `id` bigint(20) unsigned NOT NULL AUTO_INCREMENT,
  `title` varchar(255) COLLATE utf8mb4_unicode_ci NOT NULL,
  `description` text COLLATE utf8mb4_unicode_ci NOT NULL,
  `status` int(11) NOT NULL DEFAULT '0',
  `user_id` bigint(20) unsigned NOT NULL,
  `service_id` bigint(20) unsigned NOT NULL,
  `type` int(11) NOT NULL,
  `lang` varchar(150) COLLATE utf8mb4_unicode_ci NOT NULL,
  `priority` int(11) NOT NULL,
  `file` varchar(255) COLLATE utf8mb4_unicode_ci DEFAULT NULL,
  `deleted_at` timestamp NULL DEFAULT NULL,
  `created_at` timestamp NULL DEFAULT NULL,
  `updated_at` timestamp NULL DEFAULT NULL,
  PRIMARY KEY (`id`)
) ENGINE=InnoDB AUTO_INCREMENT=6 DEFAULT CHARSET=utf8mb4 COLLATE=utf8mb4_unicode_ci;
/*!40101 SET character_set_client = @saved_cs_client */;

--
-- Dumping data for table `service_requests`
--

LOCK TABLES `service_requests` WRITE;
/*!40000 ALTER TABLE `service_requests` DISABLE KEYS */;
INSERT INTO `service_requests` VALUES (1,'request 01','request 01 description sogisjobisjb',1,1,1,0,'en',0,NULL,NULL,'2021-03-24 21:39:46','2021-03-27 11:28:03'),(2,'title 02','dossndosd zoĝnzsb',1,10,1,1,'en',0,NULL,NULL,'2021-03-25 06:22:31','2021-04-01 12:30:52'),(3,'طلب إستشارة في مجال القانون','تفاصيل المطلب في الملف المرفق',1,10,1,0,'en',0,NULL,NULL,'2021-03-25 14:34:03','2021-03-27 13:36:24'),(4,'طلب إستشارة في مجال السياحة','أطلب إستشارة مجال السياحة من سيادتكم',0,1,1,0,'ar',0,'/storage/uploads/consultations/files//1617294899_cv-fr.pdf',NULL,'2021-04-01 15:34:59','2021-04-01 15:49:43'),(5,'tournoi 3','msgob,pdohfn,dfpn',0,1,1,1,'en',0,NULL,NULL,'2021-04-03 18:01:02','2021-04-03 18:01:02');
/*!40000 ALTER TABLE `service_requests` ENABLE KEYS */;
UNLOCK TABLES;

--
-- Table structure for table `services`
--

DROP TABLE IF EXISTS `services`;
/*!40101 SET @saved_cs_client     = @@character_set_client */;
/*!40101 SET character_set_client = utf8 */;
CREATE TABLE `services` (
  `id` bigint(20) unsigned NOT NULL AUTO_INCREMENT,
  `title` varchar(255) COLLATE utf8mb4_unicode_ci NOT NULL,
  `description` text COLLATE utf8mb4_unicode_ci NOT NULL,
  `lang` varchar(10) COLLATE utf8mb4_unicode_ci NOT NULL,
  `short_description` text COLLATE utf8mb4_unicode_ci,
  `photo` varchar(255) COLLATE utf8mb4_unicode_ci DEFAULT NULL,
  `status` int(11) NOT NULL DEFAULT '0',
  `price` double NOT NULL,
  `deleted_at` timestamp NULL DEFAULT NULL,
  `created_at` timestamp NULL DEFAULT NULL,
  `updated_at` timestamp NULL DEFAULT NULL,
  PRIMARY KEY (`id`)
) ENGINE=InnoDB AUTO_INCREMENT=11 DEFAULT CHARSET=utf8mb4 COLLATE=utf8mb4_unicode_ci;
/*!40101 SET character_set_client = @saved_cs_client */;

--
-- Dumping data for table `services`
--

LOCK TABLES `services` WRITE;
/*!40000 ALTER TABLE `services` DISABLE KEYS */;
INSERT INTO `services` VALUES (1,'medical and health','lksdbnsdojbnsdb   sdoibnsb spdob,sdbpo sfbs','en','mediacal and health consulting is whr we give hemp to choose the right place','storage/uploads/services/1617369983-cover-serv11.jpeg',1,10.2,NULL,'2021-03-23 23:03:30','2021-04-02 12:26:23'),(3,'خدمة السياحة','الخدمات السياحية: هي مجموعة الأعمال التي تؤمن التسهيلات ومختلف أنواع الراحة للسائح عند شرائه واستهلاكه للبضائع والسلع سواء خلال سفره أو في إقامته بعيداً عن مكان السكن الأصلي. - مميزات الخدمات السياحية:- 1) الجودة سواء في الخدمات والبضائع وغيرها حتى تلبي رغبات السائح. 2) التنوع في الخدمات بعناصرها المختلفة وذلك لوجود تنوع في طبقات ومستويات السياح. 3) اعتماد تقديم الخدمات بشكل أساسي على الطاقم البشري، ولهذا يجب أن يكون الطاقم البشري مدرباً ومتخصصاً ليتمكن من التعامل مع جميع الشرائح السياحية التي تحتاج رغبات ومتطلبات متباينة سواء من الناحية الاقتصادية والاجتماعية والدينية وغير ذلك. 4) تبدأ عملية تقديم الخدمات السياحية وتنتهي في نفس المكان والزمان الذي تنتج فيه، ولهذا تحتاج إلى سرعة ومرونة في إنتاجها وتقديمها. 5) تتطلب السرعة في تقديم الخدمات للسائح وذلك اقتصاراً للوقت وحتى لا تؤثر على البرنامج السياحي المعد مسبقاً. 6) يتطلب تقديم الخدمات السياحية احتكاكاً مباشراً بين الطاقم البشري والسواح والمواطنين وبالتالي يستلزم توفير معلومات عن طبيعة التعامل بين هذه الفئات والعناصر بصورة جاذبة وفي نفس الوقت ملبية كل الرغبات، بمعنى أنه لا بد من نشر الوعي وإعداد الطاقم البشري بشكل علمي ليتمكن من التعامل مع مختلف الشرائح. 7) من خلال تقديم الخدمات يتم توحيد مجموعة من الجهود المشاركة في عملية التقديم مما يعني وجود تنسيق مستمر في كافة مرافق السياحة. 8) تلبي الحاجات الأساسية للسياح مثل النوم والأكل وغيره إضافة إلى حاجاتهم من البضائع والخدمات التي سافروا من أجلها أصلاً مثل التحف الشرقية والمنشورات والمجسمات وغيرها.','ar','الخدمات السياحية: هي مجموعة الأعمال التي تؤمن التسهيلات ومختلف أنواع الراحة للسائح عند','storage/uploads/services/1617369728-cover-serv09.jpeg',1,20,NULL,'2021-04-01 16:11:42','2021-04-02 12:23:08'),(4,'السيارات و النقل','خدمة السبارات و النقل نقدم عدد من السيارات لتساهم','ar','حدمة السيارات و النقل نقدم فيها','/storage/uploads/about//1618311378_serv02.jpeg',1,10,NULL,'2021-04-13 06:51:44','2021-04-13 08:56:18'),(5,'الإستيراد و التصدير','حدمة الإستيراد و التصدير تساعد الناس على إستراد و تصدير','ar','الإستيراد و التصدير','/storage/uploads/about//1618311308_serv03.jpeg',1,30,NULL,'2021-04-13 06:55:46','2021-04-13 08:55:08'),(6,'الشؤون العقارية','خدمة الشؤون العقارية تساهم في إيجاد العقار المناسب لك','ar','خدمة الشؤون العقارية تساهم في إيجاد العقار المناسب لك','/storage/uploads/about//1618311487_serv12.jpeg',1,30,NULL,'2021-04-13 07:00:17','2021-04-13 08:58:07'),(7,'الترجمة و التوثيق','خدمة الترجمة و التوثيق','ar','اخدمة الترجمة و التوثيق','/storage/uploads/about//1618311339_serv05.jpeg',1,40,NULL,'2021-04-13 07:04:03','2021-04-13 08:55:39'),(8,'الدراسة و التعليم','خدمة الدراسة و التعليم','ar','خدمة الدراسة و التعليم','/storage/uploads/about//1618311354_serv07.jpeg',1,40,NULL,'2021-04-13 07:05:41','2021-04-13 08:55:54'),(9,'الشؤزن الطبية و العلاجية','خدمة الشؤون الطبية و العلاجية','ar','خدمة الشؤون الطبية و العلاجية','/storage/uploads/about//1618311458_serv13.jpeg',1,30,NULL,'2021-04-13 07:06:34','2021-04-13 08:57:38'),(10,'الشؤون القانونية','خدمة الشؤون القانونية','ar','خدمة الشؤون القانونية','/storage/uploads/about//1618311516_serv15.jpeg',1,25,NULL,'2021-04-13 07:07:43','2021-04-13 08:58:36');
/*!40000 ALTER TABLE `services` ENABLE KEYS */;
UNLOCK TABLES;

--
-- Table structure for table `slider`
--

DROP TABLE IF EXISTS `slider`;
/*!40101 SET @saved_cs_client     = @@character_set_client */;
/*!40101 SET character_set_client = utf8 */;
CREATE TABLE `slider` (
  `id` bigint(20) unsigned NOT NULL AUTO_INCREMENT,
  `title` varchar(255) COLLATE utf8mb4_unicode_ci NOT NULL,
  `description` text COLLATE utf8mb4_unicode_ci NOT NULL,
  `link` varchar(255) COLLATE utf8mb4_unicode_ci DEFAULT NULL,
  `lang` varchar(255) COLLATE utf8mb4_unicode_ci NOT NULL,
  `photo` varchar(255) COLLATE utf8mb4_unicode_ci NOT NULL,
  `created_at` timestamp NULL DEFAULT NULL,
  `updated_at` timestamp NULL DEFAULT NULL,
  PRIMARY KEY (`id`)
) ENGINE=InnoDB AUTO_INCREMENT=4 DEFAULT CHARSET=utf8mb4 COLLATE=utf8mb4_unicode_ci;
/*!40101 SET character_set_client = @saved_cs_client */;

--
-- Dumping data for table `slider`
--

LOCK TABLES `slider` WRITE;
/*!40000 ALTER TABLE `slider` DISABLE KEYS */;
INSERT INTO `slider` VALUES (2,'تغطية كاملة لكل دول العالم العربي','يستعمل موقع المغترب من كل أنحاء الدول في العالم العربي إقريقيا أسيا','http://iheb.tn','ar','storage/uploads/joinus/1618330954-article-black.jpg','2021-04-06 13:41:21','2021-04-13 14:22:34'),(3,'يغطي موقع المغترب كل دول العالم العربي','يجل بموقع المغترب  أكثر من 3000 مستعمل من جميع الدول العالم العربي',NULL,'ar','storage/uploads/joinus/1618330980-article-black2.jpg','2021-04-06 13:54:09','2021-04-13 14:23:00');
/*!40000 ALTER TABLE `slider` ENABLE KEYS */;
UNLOCK TABLES;

--
-- Table structure for table `social_media`
--

DROP TABLE IF EXISTS `social_media`;
/*!40101 SET @saved_cs_client     = @@character_set_client */;
/*!40101 SET character_set_client = utf8 */;
CREATE TABLE `social_media` (
  `id` bigint(20) unsigned NOT NULL AUTO_INCREMENT,
  `facebook` varchar(255) COLLATE utf8mb4_unicode_ci DEFAULT NULL,
  `twitter` varchar(255) COLLATE utf8mb4_unicode_ci DEFAULT NULL,
  `instagram` varchar(255) COLLATE utf8mb4_unicode_ci DEFAULT NULL,
  `youtube` varchar(255) COLLATE utf8mb4_unicode_ci DEFAULT NULL,
  `created_at` timestamp NULL DEFAULT NULL,
  `updated_at` timestamp NULL DEFAULT NULL,
  PRIMARY KEY (`id`)
) ENGINE=InnoDB AUTO_INCREMENT=2 DEFAULT CHARSET=utf8mb4 COLLATE=utf8mb4_unicode_ci;
/*!40101 SET character_set_client = @saved_cs_client */;

--
-- Dumping data for table `social_media`
--

LOCK TABLES `social_media` WRITE;
/*!40000 ALTER TABLE `social_media` DISABLE KEYS */;
INSERT INTO `social_media` VALUES (1,'https://facebook.com/','https://twitter.com/login?lang=fr','https://instagram.com/','https://www.youtube.com/channel/UC4wbecfR5rWNlxeSWH7of5Q','2021-04-08 11:29:33','2021-04-12 13:20:39');
/*!40000 ALTER TABLE `social_media` ENABLE KEYS */;
UNLOCK TABLES;

--
-- Table structure for table `testimotinial`
--

DROP TABLE IF EXISTS `testimotinial`;
/*!40101 SET @saved_cs_client     = @@character_set_client */;
/*!40101 SET character_set_client = utf8 */;
CREATE TABLE `testimotinial` (
  `id` bigint(20) unsigned NOT NULL AUTO_INCREMENT,
  `content` text COLLATE utf8mb4_unicode_ci NOT NULL,
  `link` varchar(255) COLLATE utf8mb4_unicode_ci DEFAULT NULL,
  `lang` varchar(255) COLLATE utf8mb4_unicode_ci NOT NULL,
  `photo` varchar(255) COLLATE utf8mb4_unicode_ci DEFAULT NULL,
  `created_at` timestamp NULL DEFAULT NULL,
  `updated_at` timestamp NULL DEFAULT NULL,
  PRIMARY KEY (`id`)
) ENGINE=InnoDB AUTO_INCREMENT=3 DEFAULT CHARSET=utf8mb4 COLLATE=utf8mb4_unicode_ci;
/*!40101 SET character_set_client = @saved_cs_client */;

--
-- Dumping data for table `testimotinial`
--

LOCK TABLES `testimotinial` WRITE;
/*!40000 ALTER TABLE `testimotinial` DISABLE KEYS */;
INSERT INTO `testimotinial` VALUES (1,'<p>قالو عنا يعد العمل لدى المغترب للاستشارات وظيفة قانونية مجزية وعملية، وذلك لعدة أسباب: هناك دائما طلبات خدمة جديدة. نقدم المساعدة للطلبة من خلال تقديم نماذج وأمثلة ستساعدهم على التعلم وهي من أفضل الطرق في التعليم. ليس هناك دوام مكتبي حيث يمكنك العمل في أي وقت وفي أي مكان بما يتناسب مع التزاماتك المختلفة ومع ضمان انجاز الأعمال في الوقت المحدد.&nbsp; sq</p>',NULL,'ar','storage/uploads/joinus/1617459481-article-account-bank-list.png',NULL,'2021-04-03 13:18:01'),(2,'<h1>They said about us Working for expatriate consulting is a rewarding and practical legal job, for several reasons: There are always requests for new service. We provide assistance to students by providing models and examples that will help them learn, which is one of the best methods of teaching. There is no office time as you can work at any time and anywhere in line with your various obligations and with a guarantee of completing work on sfb</h1>\r\n\r\n<blockquote>\r\n<p>dfobk,dfod,bd</p>\r\n</blockquote>','//www.youtube.com/embed/pUKAOqtqY9U?rel=0','en','storage/uploads/joinus/1617459276-article-account-bank-list.png',NULL,'2021-04-03 13:14:43');
/*!40000 ALTER TABLE `testimotinial` ENABLE KEYS */;
UNLOCK TABLES;

--
-- Table structure for table `user_roles`
--

DROP TABLE IF EXISTS `user_roles`;
/*!40101 SET @saved_cs_client     = @@character_set_client */;
/*!40101 SET character_set_client = utf8 */;
CREATE TABLE `user_roles` (
  `id` bigint(20) unsigned NOT NULL AUTO_INCREMENT,
  `role_id` bigint(20) unsigned NOT NULL,
  `user_id` bigint(20) unsigned NOT NULL,
  `created_at` timestamp NULL DEFAULT NULL,
  `updated_at` timestamp NULL DEFAULT NULL,
  PRIMARY KEY (`id`)
) ENGINE=InnoDB AUTO_INCREMENT=26 DEFAULT CHARSET=utf8mb4 COLLATE=utf8mb4_unicode_ci;
/*!40101 SET character_set_client = @saved_cs_client */;

--
-- Dumping data for table `user_roles`
--

LOCK TABLES `user_roles` WRITE;
/*!40000 ALTER TABLE `user_roles` DISABLE KEYS */;
INSERT INTO `user_roles` VALUES (1,1,1,'2021-03-23 08:22:13','2021-03-23 08:22:13'),(10,2,1,NULL,NULL),(11,4,1,NULL,NULL),(12,1,9,NULL,NULL),(13,1,10,NULL,NULL),(17,3,1,NULL,NULL),(19,1,11,NULL,NULL),(20,1,12,NULL,NULL),(21,1,13,NULL,NULL),(24,4,13,NULL,NULL),(25,3,11,NULL,NULL);
/*!40000 ALTER TABLE `user_roles` ENABLE KEYS */;
UNLOCK TABLES;

--
-- Table structure for table `users`
--

DROP TABLE IF EXISTS `users`;
/*!40101 SET @saved_cs_client     = @@character_set_client */;
/*!40101 SET character_set_client = utf8 */;
CREATE TABLE `users` (
  `id` bigint(20) unsigned NOT NULL AUTO_INCREMENT,
  `name` varchar(30) COLLATE utf8mb4_unicode_ci DEFAULT NULL,
  `email` varchar(255) COLLATE utf8mb4_unicode_ci NOT NULL,
  `password` varchar(60) COLLATE utf8mb4_unicode_ci DEFAULT NULL,
  `phone` int(11) DEFAULT NULL,
  `status` int(11) NOT NULL DEFAULT '0',
  `photo` varchar(255) COLLATE utf8mb4_unicode_ci DEFAULT NULL,
  `gender` int(11) NOT NULL DEFAULT '1',
  `validation` varchar(255) COLLATE utf8mb4_unicode_ci DEFAULT NULL,
  `country_id` int(11) DEFAULT NULL,
  `city` varchar(255) COLLATE utf8mb4_unicode_ci DEFAULT NULL,
  `remember_token` varchar(100) COLLATE utf8mb4_unicode_ci DEFAULT NULL,
  `language` varchar(10) COLLATE utf8mb4_unicode_ci NOT NULL,
  `short_description` text COLLATE utf8mb4_unicode_ci,
  `title` varchar(255) COLLATE utf8mb4_unicode_ci DEFAULT NULL,
  `short_description_ar` text COLLATE utf8mb4_unicode_ci,
  `title_ar` varchar(255) COLLATE utf8mb4_unicode_ci DEFAULT NULL,
  `name_ar` varchar(255) COLLATE utf8mb4_unicode_ci DEFAULT NULL,
  `deleted_at` timestamp NULL DEFAULT NULL,
  `created_at` timestamp NULL DEFAULT NULL,
  `updated_at` timestamp NULL DEFAULT NULL,
  PRIMARY KEY (`id`),
  UNIQUE KEY `users_email_unique` (`email`)
) ENGINE=InnoDB AUTO_INCREMENT=14 DEFAULT CHARSET=utf8mb4 COLLATE=utf8mb4_unicode_ci;
/*!40101 SET character_set_client = @saved_cs_client */;

--
-- Dumping data for table `users`
--

LOCK TABLES `users` WRITE;
/*!40000 ALTER TABLE `users` DISABLE KEYS */;
INSERT INTO `users` VALUES (1,'iheb jabr','ihebjabri015@gmail.com','$2y$10$VUcLewsbcG/aCj58TF1MNuq9c0wBYx4QlQuTJfSYOJf7KM8l4QLCy',NULL,1,'/storage/uploads/users//1618311561_emp.jpg',1,'SBSBQSFQZFYJUYKGH?JKIYUKUYKHJ..YUKJGFDGFGJS',1,'New York',NULL,'en','hello i am iheb and i\'am a fullstacj developpper','developper','مرحبا أنا إيهاب الجبري و أنا مطور واب و تطبيقات هاتف جوال','مطور','إيهاب الجبري',NULL,'2021-03-23 08:22:13','2021-04-13 17:22:13'),(8,'user01','user01@gmail.com','$2y$10$1.6PpvL0RfIvYXh/7FrPuOeSPIAFpwNwd4P4HmCGv8KvGkq2JhIba',21241251,0,NULL,1,'aJ2qmuxojF3ixHcAR5zrIvQArESC3C',73,'paris',NULL,'0',NULL,NULL,NULL,NULL,NULL,NULL,'2021-03-23 20:40:07','2021-03-23 20:40:07'),(9,'user','user@gmail.com','$2y$10$NwqBJEREObq0yKd2bCU9YuDHMOOqQqA..S4DwWenm33TvsAr8X136',123456,0,NULL,1,'ZlCXxmOI88KxTFKhOunUuu9vwpL0og',72,'paris',NULL,'0',NULL,NULL,NULL,NULL,NULL,NULL,'2021-03-23 20:41:16','2021-03-23 20:41:16'),(10,'user325','useruser@gmail.com','$2y$10$VUcLewsbcG/aCj58TF1MNuq9c0wBYx4QlQuTJfSYOJf7KM8l4QLCy',245164,2,NULL,1,'PHistKN16xoOEWSDyqhld1RslvOnCo',1,'amdoun',NULL,'0',NULL,NULL,NULL,NULL,NULL,NULL,'2021-03-25 14:24:22','2021-04-01 21:05:45'),(11,'mohamed','admin@cagnotta.com','$2y$10$oKjp487gXk3nsBkpQqF7Be/Q5aeT8Xn3X1J1VxGQUT6HnRIfs/rGe',214151,0,'/storage/uploads/users//1618311603_emp3.jpg',1,'utI2cih1Pq0HfN0SZMz1TcV3kwdfVJ',1,'Karachi',NULL,'ar','mohamed is a good attorney','attorney','محمد واحد من أضل المحامين في الوطن العربي','محامي','محمد  الحربي',NULL,'2021-04-03 02:45:20','2021-04-13 09:00:03'),(12,'عبد الله','birou@birou.tn','$2y$10$bsrrSyxgxJvLwqq4pEySeeXNX.c8nmRnJt0S7qtRB5EWSfgqlnSQq',21241251,0,NULL,1,'PGbpVvH9hD2SzoEtIh8YaEyLPFbitW',1,'fbdfb',NULL,'ar',NULL,NULL,NULL,NULL,NULL,NULL,'2021-04-03 02:46:21','2021-04-03 02:46:21'),(13,'mohamed','mohamed@gmail.com','$2y$10$ohPZuk.c72rhWqVpZhGOtuu6hQNVEUjk3FjZMYpEcQG1iXZqSUbq2',75645545,0,'/storage/uploads/users//1618311580_emp2.jpeg',1,'9oY81x8Fm5gIy2orkCmi0zl5iXCaZS',5,'munich',NULL,'ar','mohamed is a very good doctor','doctor','محمد واحد من أمهر الأطباء في العالم','طبيب','محمد',NULL,'2021-04-03 13:50:03','2021-04-13 08:59:40');
/*!40000 ALTER TABLE `users` ENABLE KEYS */;
UNLOCK TABLES;

--
-- Dumping events for database 'consulting-web'
--

--
-- Dumping routines for database 'consulting-web'
--
/*!40103 SET TIME_ZONE=@OLD_TIME_ZONE */;

/*!40101 SET SQL_MODE=@OLD_SQL_MODE */;
/*!40014 SET FOREIGN_KEY_CHECKS=@OLD_FOREIGN_KEY_CHECKS */;
/*!40014 SET UNIQUE_CHECKS=@OLD_UNIQUE_CHECKS */;
/*!40101 SET CHARACTER_SET_CLIENT=@OLD_CHARACTER_SET_CLIENT */;
/*!40101 SET CHARACTER_SET_RESULTS=@OLD_CHARACTER_SET_RESULTS */;
/*!40101 SET COLLATION_CONNECTION=@OLD_COLLATION_CONNECTION */;
/*!40111 SET SQL_NOTES=@OLD_SQL_NOTES */;

-- Dump completed on 2021-04-14  1:44:59
