﻿--
-- Script was generated by Devart dbForge Studio for MySQL, Version 8.0.40.0
-- Product home page: http://www.devart.com/dbforge/mysql/studio
-- Script date 16/03/2021 17:32:47
-- Server version: 5.5.5-10.1.40-MariaDB
-- Client version: 4.1
--

-- 
-- Disable foreign keys
-- 
/*!40014 SET @OLD_FOREIGN_KEY_CHECKS=@@FOREIGN_KEY_CHECKS, FOREIGN_KEY_CHECKS=0 */;

-- 
-- Set SQL mode
-- 
/*!40101 SET @OLD_SQL_MODE=@@SQL_MODE, SQL_MODE='NO_AUTO_VALUE_ON_ZERO' */;

-- 
-- Set character set the client will use to send SQL statements to the server
--
SET NAMES 'utf8';

DROP DATABASE IF EXISTS smite;

CREATE DATABASE smite
CHARACTER SET latin1
COLLATE latin1_swedish_ci;

--
-- Set default database
--
USE smite;

--
-- Create table `partida`
--
CREATE TABLE partida (
  numpartida int(3) NOT NULL,
  modo varchar(15) NOT NULL,
  numbajas int(2) NOT NULL,
  numuertes varchar(2) NOT NULL,
  numasistencias int(2) NOT NULL,
  PRIMARY KEY (numpartida)
)
ENGINE = INNODB,
AVG_ROW_LENGTH = 819,
CHARACTER SET latin1,
COLLATE latin1_swedish_ci;

--
-- Create table `dios`
--
CREATE TABLE dios (
  codigo int(3) NOT NULL AUTO_INCREMENT,
  nombre varchar(25) NOT NULL,
  panteon varchar(25) NOT NULL,
  rol varchar(10) NOT NULL,
  categoria varchar(30) NOT NULL,
  PRIMARY KEY (codigo)
)
ENGINE = INNODB,
AUTO_INCREMENT = 114,
AVG_ROW_LENGTH = 144,
CHARACTER SET latin1,
COLLATE latin1_swedish_ci;

--
-- Create table `participa`
--
CREATE TABLE participa (
  codigo int(3) NOT NULL,
  numpartida int(3) NOT NULL,
  PRIMARY KEY (codigo, numpartida)
)
ENGINE = INNODB,
AVG_ROW_LENGTH = 819,
CHARACTER SET latin1,
COLLATE latin1_swedish_ci;

--
-- Create foreign key
--
ALTER TABLE participa
ADD CONSTRAINT fk_codigo_partida FOREIGN KEY (codigo)
REFERENCES dios (codigo) ON DELETE CASCADE ON UPDATE CASCADE;

--
-- Create foreign key
--
ALTER TABLE participa
ADD CONSTRAINT fk_dios_partida FOREIGN KEY (numpartida)
REFERENCES partida (numpartida) ON DELETE CASCADE ON UPDATE CASCADE;

-- 
-- Dumping data for table partida
--
INSERT INTO partida VALUES
(1, 'Arena', 3, '0', 13),
(2, 'Justa', 2, '3', 4),
(3, 'Conquista', 9, '1', 16),
(4, 'Conquista', 6, '6', 6),
(5, 'Arena', 1, '1', 3),
(6, 'Arena', 8, '11', 15),
(7, 'Arena', 0, '2', 5),
(8, 'Justa', 4, '5', 6),
(9, 'Conquista', 2, '1', 7),
(10, 'Conquista', 3, '1', 4),
(11, 'Conquista', 4, '4', 7),
(12, 'Justa', 0, '4', 4),
(13, 'Justa', 3, '2', 9),
(14, 'Justa', 2, '2', 5),
(15, 'Arena', 14, '4', 9),
(16, 'Justa', 10, '12', 21),
(17, 'Arena', 1, '0', 3),
(18, 'Conquista', 3, '1', 8),
(19, 'Conquista', 9, '6', 8),
(20, 'Justa', 5, '8', 4);

-- 
-- Dumping data for table dios
--
INSERT INTO dios VALUES
(1, 'Afrodita', 'Griego', 'Mago', 'Dios'),
(2, 'Agni', 'Hindu', 'Mago', 'Dios'),
(3, 'Ah Muzen cab', 'Maya', 'Cazador', 'Dios'),
(4, 'Ah Puch', 'Maya', 'Mago', 'Dios'),
(5, 'Amaterasu', 'Japones', 'Guerrero', 'Dios'),
(6, 'Anhur', 'Egipcio', 'Cazador', 'Dios'),
(7, 'Anubis', 'Egipcio', 'Mago', 'Dios'),
(8, 'Ao Kuang', 'Chino', 'Mago', 'Dios'),
(9, 'Apolo', 'Griego', 'Cazador', 'Dios'),
(10, 'Aquiles', 'Griego', 'Guerrero', 'Heroe'),
(11, 'Aracne', 'Griego', 'Asesino', 'Criatura'),
(12, 'Ares', 'Griego', 'Guardian', 'Dios'),
(13, 'Artemisa', 'Griego', 'Cazador', 'Dios'),
(14, 'Artio', 'Celta', 'Guardian', 'Dios'),
(15, 'Atenea', 'Griego', 'Guardian', 'Dios'),
(16, 'Awilix', 'Maya', 'Asesino', 'Dios'),
(17, 'Baba Yaga', 'Eslavo', 'Mago', 'Leyenda'),
(18, 'Baco', 'Romano', 'Guardian', 'Dios'),
(19, 'Bakasura', 'Hindu', 'Asesino', 'Leyenda'),
(20, 'Baron Samedi', 'Vudu', 'Mago', 'Dios'),
(21, 'Bastet', 'Egipcio', 'Asesino', 'Dios'),
(22, 'Belona', 'Romano', 'Guerrero', 'Dios'),
(23, 'Cabrakan', 'Maya', 'Guardian', 'Dios'),
(24, 'Camazotz', 'Maya', 'Asesino', 'Dios'),
(25, 'Cerbero', 'Griego', 'Guardian', 'Criatura'),
(26, 'Cernunnos', 'Celta', 'Cazador', 'Dios'),
(27, 'Chaac', 'Maya', 'Guerrero', 'Dios'),
(28, 'Change', 'Chino', 'Mago', 'Dios'),
(29, 'Chernobog', 'Eslavo', 'Cazador', 'Dios'),
(30, 'Cronos', 'Griego', 'Mago', 'Dios'),
(31, 'Cupido', 'Romano', 'Cazador', 'Dios'),
(32, 'Cuchulainn', 'Celta', 'Guerrero', 'Heroe'),
(33, 'Cthulhu', 'Grandes Antiguos', 'Guardian', 'Dios'),
(34, 'Da Ji', 'Chino', 'Asesino', 'Dios'),
(35, 'Danzaburou', 'Japones', 'Cazador', 'Dios'),
(36, 'Discordia', 'Romano', 'Mago', 'Dios'),
(37, 'Erlang Shen', 'Chino', 'Guerrero', 'Heroe'),
(38, 'Fafnir', 'Nordico', 'Guardian', 'Dios'),
(39, 'Fenrir', 'Nordico', 'Asesino', 'Criatura'),
(40, 'Freya', 'Nordico', 'Mago', 'Dios'),
(41, 'Ganesha', 'Hindu', 'Guardian', 'Dios'),
(42, 'Geb', 'Egipcio', 'Guardian', 'Dios'),
(43, 'Guan Yu', 'Chino', 'Guerrero', 'Heroe'),
(44, 'Hachiman', 'Japones', 'Cazador', 'Heroe'),
(45, 'Hades', 'Griego', 'Mago', 'Dios'),
(46, 'He Bo', 'Chino', 'Mago', 'Dios'),
(47, 'Heimdal', 'Nordico', 'Cazador', 'Dios'),
(48, 'Hel', 'Nordico', 'Mago', 'Dios'),
(49, 'Hera', 'Griego', 'Mago', 'Dios'),
(50, 'Horus', 'Egipcio', 'Guerrero', 'Dios'),
(51, 'Hou Yi', 'Chino', 'Cazador', 'Heroe'),
(52, 'Hun Batz', 'Maya', 'Asesino', 'Dios'),
(53, 'Hercules', 'Griego', 'Guerrero', 'Heroe'),
(54, 'Isis', 'Egipcio', 'Mago', 'Dios'),
(55, 'Ixbalanque', 'Maya', 'Cazador', 'Heroe'),
(56, 'Izanami', 'Japones', 'Cazador', 'Dios'),
(57, 'Jano', 'Romano', 'Mago', 'Dios'),
(58, 'Jing Wei', 'Chino', 'Cazador', 'Dios'),
(59, 'Jormungandr', 'Nordico', 'Guardian', 'Criatura'),
(60, 'Kali', 'Hindu', 'Asesino', 'Dios'),
(61, 'Khepri', 'Egipcio', 'Guardian', 'Dios'),
(62, 'Kukulkan', 'Maya', 'Mago', 'Dios'),
(63, 'Kumbhakarna', 'Hindu', 'Guardian', 'Dios'),
(64, 'Kuzenbo', 'Japones', 'Guardian', 'Dios'),
(65, 'Loki', 'Nordico', 'Asesino', 'Dios'),
(66, 'Medusa', 'Griego', 'Cazador', 'Criatura'),
(67, 'Mercurio', 'Romano', 'Asesino', 'Dios'),
(68, 'Merlin', 'Celta', 'Mago', 'Leyenda'),
(69, 'Morrigan', 'Celta', 'Mago', 'Leyenda'),
(70, 'Mulan', 'Chino', 'Guerrero', 'Heroe'),
(71, 'Ne Zha', 'Chino', 'Asesino', 'Dios'),
(72, 'Neith', 'Egipcio', 'Cazador', 'Dios'),
(73, 'Nemesis', 'Griego', 'Asesino', 'Dios'),
(74, 'Nike', 'Griego', 'Guerrero', 'Dios'),
(75, 'Nox', 'Romano', 'Mago', 'Dios'),
(76, 'Nu Wa', 'Chino', 'Mago', 'Dios'),
(77, 'Odin', 'Nordico', 'Guerrero', 'Dios'),
(78, 'Olorun', 'Yoruba', 'Mago', 'Dios'),
(79, 'Osiris', 'Egipcio', 'Guerrero', 'Dios'),
(80, 'Pele', 'Polinesio', 'Asesino', 'Dios'),
(81, 'Persefone', 'Griego', 'Mago', 'Dios'),
(82, 'Poseidon', 'Griego', 'Mago', 'Dios'),
(83, 'Quiron', 'Griego', 'Cazador', 'Dios'),
(84, 'Ra', 'Egipcio', 'Mago', 'Dios'),
(85, 'Raijin', 'Japones', 'Mago', 'Dios'),
(86, 'Rama', 'Hindu', 'Cazador', 'Heroe'),
(87, 'Ratatoskr', 'Nordico', 'Asesino', 'Dios'),
(88, 'Ravana', 'Hindu', 'Asesino', 'Dios'),
(89, 'Rey Arturo', 'Celta', 'Guerrero', 'Leyenda'),
(90, 'Scylla', 'Griego', 'Mago', 'Criatura'),
(91, 'Serket', 'Egipcio', 'Asesino', 'Dios'),
(92, 'Set', 'Egipcio', 'Asesino', 'Dios'),
(93, 'Silvano', 'Romano', 'Guardian', 'Dios'),
(94, 'Skadi', 'Nordico', 'Cazador', 'Dios'),
(95, 'Sobek', 'Egipcio', 'Guardian', 'Dios'),
(96, 'Sun Wukong', 'Chino', 'Guerrero', 'Dios'),
(97, 'Susano', 'Japones', 'Asesino', 'Dios'),
(98, 'Sol', 'Nordico', 'Mago', 'Dios'),
(99, 'Tanatos', 'Griego', 'Asesino', 'Dios'),
(100, 'Terra', 'Romano', 'Guardian', 'Dios'),
(101, 'Thor', 'Nordico', 'Asesino', 'Dios'),
(102, 'Thoth', 'Egipcio', 'Mago', 'Dios'),
(103, 'Tiamat', 'Babilonico', 'Mago', 'Dios'),
(104, 'Tsukuyomi', 'Japones', 'Asesino', 'Dios'),
(105, 'Tyr', 'Nordico', 'Guerrero', 'Heroe'),
(106, 'Ullr', 'Nordico', 'Cazador', 'Heroe'),
(107, 'Vamana', 'Hindu', 'Guerrero', 'Heroe'),
(108, 'Vulcano', 'Romano', 'Mago', 'Dios'),
(109, 'Xing Tian', 'Chino', 'Guardian', 'Dios'),
(110, 'Yemaya', 'Yoruba', 'Guardian', 'Dios'),
(111, 'Ymir', 'Nordico', 'Guardian', 'Dios'),
(112, 'Zeus', 'Griego', 'Mago', 'Dios'),
(113, 'Zhong Kui', 'Chino', 'Mago', 'Dios');

-- 
-- Dumping data for table participa
--
INSERT INTO participa VALUES
(1, 6),
(4, 11),
(8, 12),
(12, 3),
(13, 7),
(14, 9),
(15, 13),
(25, 14),
(28, 2),
(32, 18),
(40, 1),
(42, 15),
(43, 5),
(55, 17),
(63, 8),
(69, 20),
(75, 4),
(77, 16),
(99, 19),
(103, 10);

-- 
-- Restore previous SQL mode
-- 
/*!40101 SET SQL_MODE=@OLD_SQL_MODE */;

-- 
-- Enable foreign keys
-- 
/*!40014 SET FOREIGN_KEY_CHECKS = @OLD_FOREIGN_KEY_CHECKS */;