CREATE DATABASE  IF NOT EXISTS `recipedb` /*!40100 DEFAULT CHARACTER SET utf8 */;
USE `recipedb`;
-- MySQL dump 10.13  Distrib 5.7.12, for Win64 (x86_64)
--
-- Host: localhost    Database: recipedb
-- ------------------------------------------------------
-- Server version	5.7.16-log

/*!40101 SET @OLD_CHARACTER_SET_CLIENT=@@CHARACTER_SET_CLIENT */;
/*!40101 SET @OLD_CHARACTER_SET_RESULTS=@@CHARACTER_SET_RESULTS */;
/*!40101 SET @OLD_COLLATION_CONNECTION=@@COLLATION_CONNECTION */;
/*!40101 SET NAMES utf8 */;
/*!40103 SET @OLD_TIME_ZONE=@@TIME_ZONE */;
/*!40103 SET TIME_ZONE='+00:00' */;
/*!40014 SET @OLD_UNIQUE_CHECKS=@@UNIQUE_CHECKS, UNIQUE_CHECKS=0 */;
/*!40014 SET @OLD_FOREIGN_KEY_CHECKS=@@FOREIGN_KEY_CHECKS, FOREIGN_KEY_CHECKS=0 */;
/*!40101 SET @OLD_SQL_MODE=@@SQL_MODE, SQL_MODE='NO_AUTO_VALUE_ON_ZERO' */;
/*!40111 SET @OLD_SQL_NOTES=@@SQL_NOTES, SQL_NOTES=0 */;

--
-- Table structure for table `category_ingredient_a`
--

DROP TABLE IF EXISTS `category_ingredient_a`;
/*!40101 SET @saved_cs_client     = @@character_set_client */;
/*!40101 SET character_set_client = utf8 */;
CREATE TABLE `category_ingredient_a` (
  `id_name_category_ingredient_a` int(11) NOT NULL AUTO_INCREMENT,
  `name_category_ingredient_a` varchar(45) NOT NULL,
  PRIMARY KEY (`id_name_category_ingredient_a`),
  UNIQUE KEY `id_name_category_ingredient_a_UNIQUE` (`id_name_category_ingredient_a`),
  UNIQUE KEY `name_category_ingredient_a_UNIQUE` (`name_category_ingredient_a`)
) ENGINE=InnoDB AUTO_INCREMENT=9 DEFAULT CHARSET=utf8;
/*!40101 SET character_set_client = @saved_cs_client */;

--
-- Dumping data for table `category_ingredient_a`
--

LOCK TABLES `category_ingredient_a` WRITE;
/*!40000 ALTER TABLE `category_ingredient_a` DISABLE KEYS */;
INSERT INTO `category_ingredient_a` VALUES (5,'Bebidas'),(8,'Congelados'),(2,'frescos'),(4,'lacticinios'),(7,'Mercearia Doce'),(3,'mercearia salgada'),(6,'Nutrição e Saúde');
/*!40000 ALTER TABLE `category_ingredient_a` ENABLE KEYS */;
UNLOCK TABLES;

--
-- Table structure for table `category_ingredient_b`
--

DROP TABLE IF EXISTS `category_ingredient_b`;
/*!40101 SET @saved_cs_client     = @@character_set_client */;
/*!40101 SET character_set_client = utf8 */;
CREATE TABLE `category_ingredient_b` (
  `id_category_ingredient_b` int(11) NOT NULL AUTO_INCREMENT,
  `name_category_ingredient_b` varchar(45) NOT NULL,
  `category_ingredient_a_id` int(11) NOT NULL,
  PRIMARY KEY (`id_category_ingredient_b`,`category_ingredient_a_id`),
  UNIQUE KEY `id_name_category_ingredient_b_UNIQUE` (`id_category_ingredient_b`),
  UNIQUE KEY `name_category_ingredient_b_UNIQUE` (`name_category_ingredient_b`),
  KEY `fk_category_ingredient_b_category_ingredient_a1_idx` (`category_ingredient_a_id`),
  CONSTRAINT `fk_category_ingredient_b_category_ingredient_a1` FOREIGN KEY (`category_ingredient_a_id`) REFERENCES `category_ingredient_a` (`id_name_category_ingredient_a`) ON DELETE NO ACTION ON UPDATE NO ACTION
) ENGINE=InnoDB AUTO_INCREMENT=28 DEFAULT CHARSET=utf8;
/*!40101 SET character_set_client = @saved_cs_client */;

--
-- Dumping data for table `category_ingredient_b`
--

LOCK TABLES `category_ingredient_b` WRITE;
/*!40000 ALTER TABLE `category_ingredient_b` DISABLE KEYS */;
INSERT INTO `category_ingredient_b` VALUES (18,'Açúcar e Adoçante',7),(10,'Águas',5),(11,'Alimentação Dietética',6),(4,'arroz',3),(24,'Charcutaria Queijo',2),(19,'Chocolates, Bombons e Snacks',7),(25,'Doces, Compotas e Marmeladas',7),(8,'Especiarias e Temperos',3),(7,'farinhas e leveduras',3),(15,'Feijão e Grão',3),(12,'Frutas',2),(17,'Frutos Secos',2),(22,'Iogurtes',4),(6,'Legumes',2),(23,'Legumes e Frutas',8),(27,'Licores e Aperitivos',5),(26,'Manteiga e Creme para Barrar',4),(13,'Margarinas',4),(14,'Massas',3),(5,'natas e chantilly',4),(9,'Óleos e Vinagres',3),(21,'Ovos',4),(16,'Padaria e Pastelaria',2),(3,'peixaria',2),(2,'talho',2),(20,'Vinhos',5);
/*!40000 ALTER TABLE `category_ingredient_b` ENABLE KEYS */;
UNLOCK TABLES;

--
-- Table structure for table `ingredient`
--

DROP TABLE IF EXISTS `ingredient`;
/*!40101 SET @saved_cs_client     = @@character_set_client */;
/*!40101 SET character_set_client = utf8 */;
CREATE TABLE `ingredient` (
  `id_ingredient` int(11) NOT NULL AUTO_INCREMENT,
  `ingredient_name` varchar(45) NOT NULL,
  `measure_id` int(11) NOT NULL,
  `category_ingredient_b_id` int(11) NOT NULL,
  PRIMARY KEY (`id_ingredient`,`category_ingredient_b_id`),
  UNIQUE KEY `ingredientName_UNIQUE` (`ingredient_name`),
  KEY `fk_ingredient_measure1_idx` (`measure_id`),
  KEY `fk_ingredient_category_ingredient_b1_idx` (`category_ingredient_b_id`),
  CONSTRAINT `fk_ingredient_category_ingredient_b1` FOREIGN KEY (`category_ingredient_b_id`) REFERENCES `category_ingredient_b` (`id_category_ingredient_b`) ON DELETE NO ACTION ON UPDATE NO ACTION,
  CONSTRAINT `fk_ingredient_measure1` FOREIGN KEY (`measure_id`) REFERENCES `measure` (`id_measure`) ON DELETE NO ACTION ON UPDATE NO ACTION
) ENGINE=InnoDB AUTO_INCREMENT=101 DEFAULT CHARSET=utf8;
/*!40101 SET character_set_client = @saved_cs_client */;

--
-- Dumping data for table `ingredient`
--

LOCK TABLES `ingredient` WRITE;
/*!40000 ALTER TABLE `ingredient` DISABLE KEYS */;
INSERT INTO `ingredient` VALUES (2,'arroz agulha',2,4),(3,'pato',1,2),(4,'dourada',1,3),(5,'Nata Mimosa Teriyaki',1,5),(7,'Franga',1,2),(8,'farinha de trigo ',2,7),(9,'farinha integral',2,7),(10,'semolina',2,7),(11,'sal',2,8),(12,'Água',3,10),(13,'Óleo de Côco',3,9),(14,'Alho Francês',1,6),(15,'Tofu',1,11),(16,'Cebola',1,6),(17,'Azeite',3,9),(18,'Farinha sem fermento',2,7),(19,'Limão',1,12),(20,'creme vegetal',3,13),(21,'cogumelos fresco',2,6),(22,'chouriço de seitan',2,11),(23,'Alho',1,6),(24,'Esparguete',2,14),(25,'Bacon vegano ',2,11),(26,'Natas de aveia',1,5),(27,'Pimenta ',2,8),(28,'Lentilhas vermelhas',2,11),(29,'Mistura de caril em pó',2,8),(30,'Grão de bico cozido',2,15),(31,'Cenoura ',1,6),(32,'Pão ralado ',2,16),(33,'Farinha de grão de bico',2,7),(34,'Beterraba ',1,6),(35,'Quinoa',2,11),(36,'Sementes de Sésamo',2,11),(37,'Sementes de girassol',2,11),(38,'Pão',2,16),(39,'Açúcar mascavado',2,18),(40,'Pau de Canela',1,8),(41,'Melaço',2,18),(42,'Corintos',2,17),(43,'Pinhões',2,17),(44,'Miolo de noz',2,17),(45,'maçãs',1,12),(46,'banana',1,12),(47,'chocolate vegano',2,19),(48,'açúcar',2,18),(49,'tempeh ',1,11),(50,'molho de soja',3,9),(51,'vinagre balsâmico',3,9),(52,'alho em pó',2,6),(53,'pimentão doce',2,8),(54,'gemas ',1,21),(55,'vinho do Porto branco',4,20),(56,'canela em pó',2,8),(57,'miolo de avelã torrado',2,17),(58,'peras ',1,12),(59,'amêndoa ',2,17),(60,'iogurte grego natural ',2,22),(61,'ervilhas congeladas',2,23),(62,'couve-lombarda',1,6),(63,'massa cotovelinhos ',2,4),(64,'queijo Feta',2,24),(65,'manjericão',2,8),(66,'batata-doce',2,6),(67,'cebolinho',2,6),(68,'courgette',1,6),(69,'abóbora',2,6),(70,'bimis',2,6),(71,'coco ralado',2,12),(72,'maça Granny Smith',1,12),(73,'romã',1,12),(74,'flocos de aveia',2,11),(75,'leite meio-gordo',4,5),(76,'mirtilos desidratados',1,12),(77,'kiwis',1,12),(78,'mel',3,25),(79,'avelãs',2,17),(80,'natas sem lactose',2,5),(81,'laranja ',1,12),(82,'chocolate para culinária ',2,19),(83,'mateiga',2,26),(84,'licor de laranja',3,27),(85,'ovos',1,21),(86,'framboesas ',2,12),(87,'abacate ',1,12),(88,'lima ',1,12),(89,'coentros ',3,6),(90,'tabasco',3,8),(91,'chia',2,11),(92,'dióspiro',1,12),(93,'pistácio',2,17),(94,'gengibre',1,6),(95,'fermento em pó',3,7),(96,'tâmaras ',2,17),(97,'alperce ',1,12),(98,'massa de pizza ',1,4),(99,'queijo mozzarella',2,24),(100,'vinagre',3,9);
/*!40000 ALTER TABLE `ingredient` ENABLE KEYS */;
UNLOCK TABLES;

--
-- Table structure for table `measure`
--

DROP TABLE IF EXISTS `measure`;
/*!40101 SET @saved_cs_client     = @@character_set_client */;
/*!40101 SET character_set_client = utf8 */;
CREATE TABLE `measure` (
  `id_measure` int(11) NOT NULL AUTO_INCREMENT,
  `name_measure` varchar(45) NOT NULL,
  `initials_measure` varchar(45) NOT NULL,
  PRIMARY KEY (`id_measure`),
  UNIQUE KEY `idmeasure_UNIQUE` (`id_measure`)
) ENGINE=InnoDB AUTO_INCREMENT=5 DEFAULT CHARSET=utf8;
/*!40101 SET character_set_client = @saved_cs_client */;

--
-- Dumping data for table `measure`
--

LOCK TABLES `measure` WRITE;
/*!40000 ALTER TABLE `measure` DISABLE KEYS */;
INSERT INTO `measure` VALUES (1,'unidades','und'),(2,'gramas','gr'),(3,'mililitros','ml'),(4,'decilitros','dl');
/*!40000 ALTER TABLE `measure` ENABLE KEYS */;
UNLOCK TABLES;

--
-- Table structure for table `recipe`
--

DROP TABLE IF EXISTS `recipe`;
/*!40101 SET @saved_cs_client     = @@character_set_client */;
/*!40101 SET character_set_client = utf8 */;
CREATE TABLE `recipe` (
  `id_recipe` int(11) NOT NULL AUTO_INCREMENT,
  `rating` int(11) NOT NULL,
  `difficulty` int(11) NOT NULL,
  `create_date` date NOT NULL,
  `update_date` date NOT NULL,
  `number_of_ratings` int(11) NOT NULL,
  `directions` longtext NOT NULL,
  `name_recipe` varchar(45) NOT NULL,
  `prep_time` int(11) NOT NULL,
  `media` blob,
  PRIMARY KEY (`id_recipe`),
  UNIQUE KEY `id_recipe_UNIQUE` (`id_recipe`),
  UNIQUE KEY `name_recipe_UNIQUE` (`name_recipe`)
) ENGINE=InnoDB AUTO_INCREMENT=70 DEFAULT CHARSET=utf8;
/*!40101 SET character_set_client = @saved_cs_client */;

--
-- Dumping data for table `recipe`
--

LOCK TABLES `recipe` WRITE;
/*!40000 ALTER TABLE `recipe` DISABLE KEYS */;
INSERT INTO `recipe` VALUES (1,5,3,'1985-02-06','1985-02-06',20,'1.\nParta o pato em bocados grosseiros, junte 1 cebola cortada em pedaços de 2cm e os vinhos e deixe cozer cerca de 1hora. Retire, arrefeça e desfie o pato, reservando o caldo onde foi cozinhado.\n\n2.\nColoque uma caçarola ao lume e aloure a cebola e o alho, picados, em azeite. Junte o bacon e o pato. De seguida refresque com o sumo da laranja, adicione a Molho de Nata Mimosa para Carne e envolva.\n\n3.\nJunte o arroz e de seguida junte o caldo reservado. Tempere com sal e pimenta, tape e deixe cozinhar cerca de 16 minutos. Num pirex faça camadas alternadas de arroz e pato. No topo cubra com arroz e com rodelas de chouriço. Leve ao forno a 180ºC cerca de 10 minutos até ficar dourado.','Arroz de Pato com Bacon e Laranja',90,NULL),(2,4,5,'1934-12-12','1954-10-22',30,'1.\nComece por temperar o salmão com sal, pimenta e sumo de um limão. Alterne em espetos de madeira, cubos de salmão com fatias finas de limão, lima e alho francês. Regue com azeite.\n\n2.\nColoque as espetadas num tabuleiro de forno forrado com papel vegetal e leve a cozinhar no forno pré-aquecido a 200°C. Vá virando as espetadas até estarem cozinhadas.\n\n3.\nAqueça o Molho de Nata Mimosa Teriyaki e regue as espetada, polvilhando com as sementes de sésamo. Sirva com uma salada de rúcula e cebola roxa.','Espetada com Salmão',180,NULL),(3,2,1,'2007-10-21','2007-10-21',10,'1.\nComece por separar as gemas das claras para taças diferentes. Na taça com as gemas, misture o pato, o tomate, o Molho Bechamel Mimosa e o cebolinho picado. Misture tudo muito bem e tempere com sal e pimenta a gosto.\n\n2.\nBata as claras em castelo e envolva cuidadosamente com o preparado anterior. Unte formas de soufflé com Manteiga Mimosa sem sal e polvilhe com pão ralado.\n\n3.\nLeve ao forno a cozinhar durante 15 minutos ou até o topo do soufflé estar dourado e bem insuflado. Sirva logo de seguida acompanhado de uma salada fresca.','Soufflé de Pato, Tomate e Cebolinho',100,NULL),(33,4,5,'2017-12-30','2007-12-30',15,'1. Ligue o forno a 180° C.\n2. Lave o frango, enxugue-o com papel de cozinha e pincele-o com o tempero.\n3. No interior, coloque a laranja e um limão cortados em gomos e disponha-o num tabuleiro, untado com um pouco do azeite.\n4. Leve ao forno cerca de 30 minutos.\n5. Corte o ananás em cubos, descasque as cebolinhas, envolva bem e tempere com o sal.\n6. Coloque esta mistura no tabuleiro à volta do frango 30 minutos após o início da cozedura e deixe assar mais 30 minutos.\n7. Junte o sumo do restante limão com o restante azeite, adicione uma mão-cheia de tomilho e alecrim picados, tempere com um pouco de pimenta e regue a mistura de ananás e cebola com este molho.\n8. Sirva a acompanhar o frango.','Frango a campones',130,NULL),(34,4,3,'2017-08-15','2017-08-15',10,'1. Passe por água todos os ingredientes do fondue.\n2. Descasque os camarões, deixando só a cabeça, e corte os chocos em argolas, deixando os tentáculos inteiros e secando-os muito bem.\n3. Coloque o óleo no tacho do fondue e leve ao lume até aquecer.\n4. Depois de estar quente, coloque-o por cima da lamparina e cozinhe os ingredientes.\n5. Acompanhe com o molho verde, molho agridoce e molho de abacate e iogurte.','Fondue do mar',30,NULL),(35,3,5,'2017-08-15','2017-08-15',9,'1. Lave muito bem a courgette e, com a ajuda de uma mandolina ou de um pelador de legumes, corte-a em tiras a todo o comprimento.\n	2. Desenrole a massa de pizza e coloque-a num tabuleiro de forno com o papel vegetal onde vem enrolada. Com o cortador de pizza faça quatro cortes no centro da massa (em estrela).\n	3. Espalhe o molho de tomate sobre o bordo da massa, formando um anel com cerca de 5 cm de largura. Por cima, disponha os cogumelos laminados.\n	4. Polvilhe a toda a volta com o queijo ralado e os orégãos.\n	5. Pré-aqueça o forno a 190° C\n	6. Enrole um pouco da massa do lado oposto a cada um dos bicos, puxe-o cuidadosamente e prenda por cima da massa enrolada. Repita a operação até obter uma coroa.\n','Coroa de pizza',35,NULL),(36,2,2,'2017-08-15','2017-08-15',17,'1. Corte o lombinho em fatias com cerca de 1 cm.\n2. Pique as ervas (reserve algum alecrim), juntamente com o dente de alho e misture duas colheres de sopa de azeite.\n3. Pincele a carne com esta marinada e salpique-a com um pouco de pimenta, deixando marinar cerca de uma hora no frigorífico.\n4. Coloque ao lume um grelhador e deixe-o aquecer enquanto corta as maçãs em gomos.\n5. Misture o sumo do limão com a restante colher de sopa de azeite, pincele os gomos de maçãs e grelhe-os de ambos os lados. Retire e reserve.\n6. Grelhe bem a carne de ambos os lados, temperando-a com uma colher de chá de sal.\n7. Coza o arroz em água temperada (duas vezes o volume do arroz) com o restante sal. Depois de cozido, solte-o com um garfo.\n8. Sirva a carne com as maçãs grelhadas e o arroz salpicado com alecrim.\n','lombinho de porco com maçã Golden grelhada',40,NULL),(37,5,3,'2017-08-15','2017-08-15',20,'1. Aloure a cebola picada e o alho-francês num tacho com o azeite.\n2. Descasque as cenouras, corte-as em cubos pequenos e junte-as ao cozinhado. Tape e deixe suar em lume brando cerca de 10 minutos.\n3. Adicione o vinho e deixe cozinhar até a cenoura estar tenra.\n4. Coza o linguine em água temperada com o sal até estar al dente.\n5. Assim que a cenoura estiver tenra, adicione o tomate em cubos e deixe ferver durante cerca de 5 minutos.\n6. Adicione o linguine escorrido e uma mão-cheia de salsa picada e misture bem.\n7. Disponha no recipiente de servir e decore com as sardinhas limpas de pele e espinhas e bem escorridas. Sirva de imediato.','linguine negro com tomate e sardinhas',40,NULL),(38,5,5,'2017-08-15','2017-08-15',21,'1. Corte o atum em troços e reserve.\n2. Lamine os legumes em juliana fina, lave-os muito bem e salteie-os juntamente com os rebentos de soja numa frigideira anti-aderente com metade do azeite.\n3. Tempere com a flor de sal e reserve.\n4. Misture o molho de soja com o açúcar e o gengibre fresco descascado e cortado em pedaços, leve ao lume e reduza até obter uma consistência cremosa e homogénea. Reserve.\n5. Aqueça o restante azeite e core o atum de todos os lados.\n6. Retire do lume e lamine-o em fatias finas.\n7. Regue com o molho de soja, as sementes de sésamo e o cebolinho picado.\n8. Acompanhe com a salada, também temperada com esta mistura.',' atum braseado com molho de soja e gengibre',40,NULL),(39,5,5,'2017-08-15','2017-08-15',36,'1. Aloure as avelãs numa frigideira anti-aderente, agitando a frigideira de vez em quando. Retire-as e esfregue-as muito bem dentro de um pano de modo a soltarem as peles.\n2. Coloque o açúcar no copo e triture-o 20 segundos, na velocidade 9. Retire e reserve.\n3. Deite as avelãs no copo e pique-as 7 segundos, velocidade 7. Retire reserve. Lave e enxugue muito bem o copo e volte a encaixá-lo na unidade central.\n4. Introduza a borboleta no copo, junte as natas (bem frescas) e bata 1 minuto na velocidade 3. Retire-as e reserve. Coloque o iogurte no copo, junte-lhe metade do açúcar e a raspa da casca da laranja e bata 30 segundos, velocidade 2, com o acessório borboleta e sem copo medidor.\n5. Raspe as paredes do copo com a espátula, adicione metade das natas batidas e misture mais 1 minuto, na velocidade 2, sem o copo medidor. Retire o preparado do copo e reserve-o no frigorífico. Retire a borboleta.\n6. Deite o chocolate partido em quadrados no copo e pique-o 5 segundos, velocidade 7. Raspe as paredes do copo com a espátula, adicione a manteiga e programe 4 minutos, a 50º C, velocidade 1.\n7. Adicione o restante açúcar, o licor de laranja e os ovos e misture 3 minutos, velocidade 2. Introduza de novo a borboleta, junte as restantes natas batidas e programe mais 1 minuto, velocidade 2, sem copo medidor.\n8. Reserve metade das framboesas e dos mirtilos para decoração e distribua as restantes por 6 copos ou taças, dispondo por cima a mousse.\n9. Salpique com metade das avelãs picadas e tape com o creme de iogurte.\n10. Na altura de servir decore com as restantes avelãs picadas e os frutos vermelhos reservados.','Mousse de chocolate com creme de iogurte',25,NULL),(40,5,4,'2017-08-15','2017-08-15',25,'1. Tempere o miolo de camarão, previamente descongelado, com uma colher de chá de sal, o alho em pó e a malagueta cortada em rodelas e limpa de sementes (se gostar picante deixe as sementes). Regue com o vinho e reserve.\n2. Deite a cebola e o alho-francês cortados em pedaços no copo. Junte os dentes de alho descascados e o talo de aipo em fatias e pique 5 segundos, velocidade 5.\n3. Raspe as paredes do copo com a espátula, junte o azeite e o açafrão-das-índias. Corte a abóbora em cubos, coloque-os no cesto e introduza-o dentro do copo.\n4. Tempere com uma colher de chá de sal e programe 10 minutos, a 120º C, velocidade 2. Retire o cesto com o cabo da espátula e reserve a abóbora.\n5. Introduza o arroz no copo e programe 1 minuto, a 100° C, velocidade 1 inversa.\n6. Programe mais 1 minuto, a 100° C, velocidade 1 inversa e adicione o vinho onde marinou os camarões pelo orifício da tampa. Deite os cubos de abóbora no copo,\n7. junte a água e o restante sal e encaixe a vaporeira com o miolo de camarão sobre o copo.\n8. Cubra com o outro tabuleiro e a tampa e programe 20 minutos, a 100° C, velocidade 1 inversa.\n9. Retire o camarão da vaporeira, deite-o no copo e envolva com a espátula.\n10. Aguarde cerca de 3 minutos antes de mudar o arroz para o recipiente onde vai servir e salpique-o com cebolinho cortado em rodelas.\n','Risotto de abóbora com camarão',35,NULL),(41,5,2,'2017-08-15','2017-08-15',15,'1. Corte a cebola em pedaços e deite-os no copo. Junte os dentes de alho e programe 5 segundos, velocidade 5.\n2. Raspe as paredes do copo com a espátula, junte o azeite e cozinhe 5 minutos, a 100° C, velocidade 2.\n3. Corte a cenoura, a batata-doce e a courgette em pedaços e deite tudo no copo.\n4. Adicione o sal e programe 30 minutos, a 100° C, na velocidade 2.\n5. Retire o copo medidor da tampa e aguarde um pouco antes de abrir.\n6. Raspe as paredes do copo e a tampa com a ajuda da espátula e adicione água até ao limite máximo do copo (± 300 g).\n7. Triture 1 minuto, na velocidade 7 a 9.\n8. Sirva a sopa com um fio de natas e polvilhada com as sementes de girassol e o cebolinho picado.','Sopa de cenoura com courgette e batata-doce',40,NULL),(42,4,5,'2017-08-15','2017-08-15',12,'1. Aqueça uma colher de sopa de azeite numa frigideira, e quando estiver quente, introduza um dente de alho picado, o alho-francês cortado em rodelas finas, as cenouras raladas, o frango previamente desfiado e uma colher de chá de sal. Deixe refogar 3 ou 4 minutos.\n2. Junte o caril e o acafrão, mexa e retire do lume. Salpique com coentros picados (reserve alguns) e deixe arrefecer.\n3. Pré-aqueça o forno a 200° C.\n4. Corte os legumes em rodelas. Reserve.\n5. Coloque uma folha de massa filo na bancada de trabalho e dobre-a em três no sentido do comprimento.\n6. Disponha uma colher de sopa de recheio de frango na ponta e dobre em triângulo para formar as chamuças. Repita a operação com as restantes folhas de massa.\n7. Pincele a superfície com azeite, salpique com as sementes de sésamo e leve ao forno até estarem ligeiramente douradas.\n8. Pique a cebola e o restante dente de alho e coloque-os num tacho com uma colher de sopa de azeite. Quando começarem a murchar adicione as ervilhas e coentros picados. Deixe cozinhar até estarem tenras.\n9. Grelhe os legumes num grelhador pincelado com o restante azeite.\n10. Coloque-os numa travessa, salpique-os com o restante sal, manjericão picado e sirva-os a acompanhar as chamuças juntamente com as ervilhas estufadas.','Chamuças de frango com legumes grelhados',60,NULL),(43,5,1,'2017-08-15','2017-08-15',15,'1. Pré-aqueça o forno a 180° C.\n2. Forre o tabuleiro com papel vegetal e disponha nele o lombo de salmão.\n3. Pique uma mão-cheia de manjericão, coentros e tomilho juntamente com a raspa da casca do limão.\n4. Salpique o salmão com o sal, um pouco de pimenta e das ervas picadas (reserve algumas) e regue com um pouco de sumo de limão.\n5. Corte a abóbora e a courgette em tiras finas e disponha-as ao lado do salmão.\n6. Regue com o azeite e leve ao forno cerca de 15 minutos.\n7. Coza o cuscuz num tacho com o caldo de frango até ficar al dente. Mexa com um garfo e reserve.\n8. Misture os cuscuz com os espinafres e disponha as tiras de courgette e de abóbora.\n9. No final, salpique com o queijo Feta esfarelado e um pouco das ervas reservadas.','Salmão com cuscuz de legumes',45,NULL),(44,4,3,'2017-08-15','2017-08-15',11,'1. Coloque ao lume uma panela com o azeite e quando estiver quente adicione as ervilhas e o grão-de-bico.\n2. Deixe refogar, mexendo de vez em quando.\n3. Junte a cebola picada, a cenoura cortada em cubos pequenos, a couve-lombarda em juliana e a água.\n4. Tempere com o sal e assim que levantar fervura, tape e deixe cozer 5 minutos.\n5. Junte a massa e deixe cozer mais 7 a 8 minutos.\n6. Distribua a sopa pelos pratos ou taças, coloque por cima o queijo Feta esfarelado, polvilhe com pimenta e folhas de manjericão e sirva.','Sopa de legumes com massinhas',35,NULL),(45,5,1,'2017-08-15','2017-08-15',20,'1. Coloque os flocos de aveia num tacho juntamente com o leite, as peras descascadas e cortadas em pedaços pequenos e deixe cozinhar, em lume brando, mexendo frequentemente cerca de 2 minutos.\n2. Junte os mirtilos desidratados e deixe cozer mais 2 ou 3 minutos, até obter a consistência desejada.\n3. Divida as papas de aveia pelas tigelas, distribua por cima os kiwis descascados cortados em rodelas, o miolo de noz, grosseiramente picado, e regue com o mel.\n4. Sirva de imediato.','Papas de aveia com pêra e kiwi',20,NULL),(46,4,5,'2017-08-15','2017-08-15',5,'1. Elimine todas as canículas e penugem do frango e certifique-se de que não tem qualquer rasgão na pele. Retire a gordura visível, lave-o bem por fora e por dentro, enxugue-o com papel de cozinha e introduza duas rodelas de limão no interior.\n2. Pique finamente a salsa, os coentros e a hortelã e misture-as com os dentes de alho finamente picados Reserve.\n3. Pré-aqueça o forno a 180° C.\n4. Coloque o frango na bancada com o peito para cima, e as pernas viradas para si, e introduza delicadamente, e sem rasgar, a mão entre a pele e a carne do frango para as separar.\n5. Introduza, cuidadosamente, parte da mistura de ervas entre a pele e a carne do frango. Ate as pernas do frango à mitra e às asas de modo a obter um bloco estanque.\n6. Numa tigela misture o sal com as sementes de erva-doce e a restante mistura de ervas e adicione as claras de ovo, envolvendo bem.\n7. Cubra o fundo de um recipiente de louça, onde caiba o frango, com uma camada da mistura de sal e, por cima, disponha o frango, cobrindo-o completamente com a restante mistura. Leve ao forno cerca de 1 hora e 30 minutos.\n8. Lave muito bem as batatas e corte-as em rodelas. Corte o alho-francês em fatias na diagonal. Espalhe os legumes num tabuleiro de forno, salpique-os com a colher de chá de sal, o alho em pó e o tomilho seco e regue com o azeite, envolvendo muito bem com as mãos. Leve ao forno 45 minutos após ter colocado o frango.\n9. 10 minutos antes de terminar o tempo de cozedura adicione aos legumes a couve kale grosseiramente cortada. Envolva bem e leve de novo ao forno.\n10. Parta a crosta de sal, coloque o frango numa tábua para trinchar e sirva-o com os legumes assados.','Frango em crosta com batata-doce assada',120,NULL),(47,3,3,'2017-08-15','2017-08-15',13,'1. Pré-aqueça o forno a 180° C na função calor circulante.\n2. Descasque a cebola e os dentes de alho e corte-os em gomos finos. Lave muito bem as batatas e corte-as em quartos. Corte a abóbora em palitos grossos.\n3. Misture os legumes preparados num tabuleiro de forno, regue-os com o azeite, polvilhe com o tomilho e uma colher de chá de alho em pó e tempere com um pouco da mistura de pimentas e uma colher de chá de sal.\n4. Mexa muito bem e leve ao forno cerca de 45 minutos, mexendo de vez em quando.\n5. Misture o restante sal com o conteúdo das saquetas de cidreira e laranja, o restante alho em pó, a raspa da casca da laranja e um pouco de pimenta.\n6. Forre um tabuleiro do forno com papel vegetal e faça uma cama para os robalos com parte da mistura de sal e cidreira.\n7. Lave e enxugue muito bem os robalos com papel de cozinha, coloque-os sobre a cama de sal e cubra-os completamente com a restante mistura de sal.\n8. Salpique com um pouco de água e leve ao forno cerca de 30 minutos.\n9. Lave muito bem os ramos de brócolos, coloque-os numa tigela de vidro, cubra com a tampa do microondas e cozinhe-os cerca de 6 minutos na potência máxima.\n10. Misture os brócolos cozidos com os legumes assados e sirva-os a acompanhar o peixe ao sal.','Robalo ao sal com cidreira e laranja',60,NULL),(48,2,5,'2017-08-15','2017-08-15',16,'1. Pré-aqueça o forno a 180ºC na função calor circulante. Lave bem o peixe e enxugue-o com papel de cozinha.\n2. Pique o aneto e corte o cebolinho em rodelas. Reserve. Junte a raspa da casca do limão e as ervas picadas com o sal e misture bem. Retire e reserve uma colher de sobremesa da mistura de sal e adicione as claras ao restante, misturando bem.\n3. Forre um tabuleiro com uma folha de papel vegetal e no centro faça uma cama com a mistura de sal, onde deverá colocar o peixe.\n4. Introduza-lhe os dentes de alho esmagados e duas meias rodelas de limão na barriga, cobrindo-o completamente com a restante mistura de sal.\n5. Lave muito bem as batatas, golpeie-as em fatias sem as separar completamente e coloque-as num tabuleiro de forno.\n6. Corte os bolbos de funcho em fatias, as cenouras em rodelas e junte-os às batatas, salpicando com o alho em pó envolvido com o sal de ervas reservado.\n7. Regue com metade do azeite e leve ao forno cerca de 30 minutos.\n8. Corte o tomate em rodelas e disponha-o à volta dos legumes e regue com o restante azeite. Leve de novo ao forno juntamente com o tabuleiro do goraz cerca de 35 minutos.\n9. Parta a crosta de sal e retire a parte superior. Com a ponta da faca rasgue a pele do peixe a toda a volta e puxe-a de modo a deixar a carne a descoberto.\n10. Decore com folhas frescas de funcho. Acompanhe com as batatas e o tomate assado.','Goraz de sal com ervas aromáticas',90,NULL),(49,4,1,'2017-08-15','2017-08-15',15,'1. Numa tigela, misture as sementes de chia com os iogurtes.\n2. Pele os dióspiros, corte-os em cubos, regue-os com o sumo da lima e distribua-os por quatro copos ou frascos, reservando alguns para decoração.\n3. Deite por cima a mistura de iogurte e chia e decore com os cubos de dióspiro reservados.\n4. Leve ao frigorífico até à altura de servir.\n5. Descasque os pistácios, pique-os grosseiramente e torre-os levemente numa frigideira anti-aderente.\n6. Na altura de servir salpique a sobremesa com os pistácios picados.','Delícia de iogurte com chia e dióspiro',15,NULL),(50,4,1,'2017-08-15','2017-08-15',19,'1. Mergulhe as couve-de-bruxelas em água a ferver temperada com uma colher de chá de sal.\n2. Retire-as do lume assim que retomarem fervura.\n3. Aqueça o azeite com os cubos de bacon numa frigideira larga anti-aderente ou num wok.\n4. Descasque a cebola, corte-a em gomos finos, deite-a na frigideira e deixe alourar bem. Junte a couve-roxa, à cebola.\n5. Escorra as couves-de-bruxelas, e corte-as ao meio se forem grandes, e coloque-as na frigideira.\n6. Salpique com os grãos de erva-doce, tempere com o restante sal e um pouco de pimenta e deixe saltear em lume médio, mexendo frequentemente cerca de 7 minutos.\n7. Regue com o vinagre balsâmico e transfira para o recipiente de servir.\n8. Salpique com as nozes grosseiramente picadas e as lascas de parmesão.','Salada de couve-de-bruxelas',25,NULL),(51,4,2,'2017-08-15','2017-08-15',12,'1. Aqueça uma colher de sopa de azeite numa frigideira larga, junte a cebola picada e cozinhe em lume moderado.\n2. Elimine as bases fibrosas dos espargos e corte os talos em rodelas pequenas, deixando inteira a parte espigada.\n3. Junte os espargos e as ervilhas à cebola e salpique com um pouco de pimenta e uma colher de café de sal. Deixe cozinhar cerca de 5 minutos, agitando a frigideira de vez em quando.\n4. Coza o talharim em água a ferver temperada com duas colheres de café de sal cerca de 10 minutos.\n5. Tempere a truta salmonada com cerca de uma colher de café de sal, o sumo de um pedaço de raiz de gengibre ralada (± uma colher de chá), o alho em pó, pimenta, o sumo da lima e o mel.\n6. Polvilhe os legumes com a farinha, misture bem e regue com o leite. Deixe engrossar em lume moderado, agitando a frigideira de vez em quando. Triture grosseiramente com a varinha mágica, de modo a deixar o molho cremoso mas com parte dos legumes inteiros.\n7. Escorra a massa, reservando cerca de ½ chávena da água da cozedura e junte tudo ao molho preparado. Misture bem, retire do lume e deite no recipiente onde vai servir.\n8. Aqueça bem o restante azeite numa frigideira anti-aderente e cozinhe a truta de ambos os lados cerca 1 a 2 minutos, consoante a espessura do peixe.\n9. Envolva a truta nas sementes de sésamo, corte-a em palitos e espalhe sobre a massa. Salpique com as alcaparras e sirva de imediato.\n','Talharim com truta salmonada',25,NULL),(52,2,2,'2017-08-15','2017-08-15',5,'1. Deite a quinoa num coador de rede, lave-a em água corrente e coloque-a num tacho.\n2. Adicione a água, a tira da casca de limão, o louro e uma colher de chá de sal. Tape e leve a ferver em lume moderado cerca de 10 minutos.\n3. Aqueça o azeite numa frigideira larga, junte a cebola finamente picada e aloure-a durante 5 minutos. Corte a courgette e a abóbora em cubos pequenos.\n4. Junte os bimis e os legumes preparados à cebola, polvilhe com o caril, o alho em pó e o coco ralado e tempere com o restante sal.\n5. Salteie em lume médio a forte, mexendo frequentemente durante 5 minutos.\n6. Verifique se a quinoa absorveu toda a água e junte-a aos legumes. Retire a casca de limão e a folha de louro e misture muito bem.\n7. Reduza um pouco o lume, tape a frigideira e deixe mais 5 minutos em lume brando.\n8. Lave a maçã, retire-lhe os caroços e corte-a em pedaços. Reserve.\n9. Retire os bagos à romã. Reserve. Junte a maçã à quinoa e mexa com um garfo. Salpique com as folhas de coentros e os bagos da romã.','Quinoa dourada com coco e maçã',25,NULL),(53,1,2,'2017-08-15','2017-08-15',8,'1. Pré-aqueça o forno a 185° C na função calor circulante.\n2. Numa taça, misture o açúcar mascavado com as sementes de sésamo e a canela em pó e salpique o fundo de seis formas individuais para tartes com parte desta mistura.\n3. Descasque as peras, elimine os caroços, corte-as em gomos e envolva-os com a restante mistura de açúcar e sementes de sésamo, dispondo-os em leque sobre as formas de tarte.\n4. Pincele levemente cada folha de massa filo com azeite, dobre-as e coloque-as nas formas de tarte amachucando-as de modo a cobrir os gomos de pêra.\n5. Leve ao forno cerca de 15 a 20 minutos até a massa estar bem dourada.\n6. Aloure as amêndoas laminadas no forno ou numa frigideira anti-aderente e reserve.\n7. Retire as tatin do forno, deixe-as arrefecer um pouco e retire as das formas com a ajuda de uma espátula.\n8. Salpique com as amêndoas tostadas e sirva-as com uma colherada de iogurte grego.','Tatin de pêra com sementes de sésamo',25,NULL),(54,1,1,'2017-08-15','2017-08-15',3,'1. Coloque todos os ingredientes no robot de cozinha, ou no triturador, e triture até obter uma pasta homogénea.','Molho de abacate e iogurte',10,NULL),(55,4,3,'2017-08-15','2017-08-15',6,'1. Derreta o chocolate em banho-maria ou no microondas e reserve.\n2. Deite o leite num tacho. Misture o amido de milho com o cacau, junte-os ao leite, mexa bem com uma vara de arames e leve a lume brando.\n3. Junte o açúcar e deixe aquecer, mexendo sempre até quase levantar fervura.\n4. Adicione o chocolate derretido e deixe espessar em lume brando, mexendo sempre com a vara de arames até obter a consistência desejada.\n5. Divida pelas chávenas e sirva.','Cacau quente',20,NULL),(56,4,3,'2017-08-15','2017-08-26',11,'1. Pré-aqueça o forno a 180º C.\n2. Coloque o melaço e o mel num tacho, junte o sumo de um pedaço de raiz de gengibre ralado, 100 g de manteiga em pedaços e leve a lume brando até derreter e obter um preparado uniforme.\n3. Numa tigela, misture as farinhas com o fermento e as especiarias, acrescente o açúcar, os frutos secos cortados em pedaços pequenos e misture bem.\n4. Abra uma cova ao centro e deite aí as natas e os ovos.\n5. Misture tudo bem, deite o preparado na forma, untada com a manteiga e polvilhada com a farinha, e leve ao forno cerca de 45 minutos.\n6. Para o toffee, junte o açúcar e a manteiga numa frigideira anti aderente e leve ao lume até obter um caramelo claro, mexendo de vez em quando.\n7. Adicione as natas, mexa e leve ao lume até engrossar. Retire e reserve.\n8. Retire o bolo do forno, deixe arrefecer cerca de 15 minutos e desenforme-o sobre uma grade.\n9. Quando estiver bem frio, verta por cima o toffee.','Bolo de especiarias com toffee',70,NULL),(57,4,2,'2017-08-15','2017-08-15',10,'1. Coloque as gemas numa taça de inox, junte o açúcar e bata com a batedeira até obter um creme fofo e esbranquiçado.\n2. Adicione o vinho do Porto e leve ao lume, em banho-maria, mexendo sempre com uma vara de arames, até o creme engrossar (sem deixar que a água ferva).\n3. Distribua pelas taças ou copos, polvilhe com canela e o miolo de avelã grosseiramente picado (reserve algumas avelãs inteiras para decoração) e sirva com os palitos.','Zabaione com vinho do Porto',15,NULL),(58,2,2,'2017-08-15','2017-08-15',22,'1. Pré-aqueça o forno a 220° C.\n2. Descasque os camarões, deixando a cabeça e a cauda.\n3. Desenrole a massa, corte seis triângulos e, por cima de cada um, coloque meia fatia de presunto e um camarão (no lado do vértice do triângulo) e enrole.\n4. Disponha as cornucópias num tabuleiro do forno forrado com papel vegetal, pincele a superfície da massa com a gema desfeita e polvilhe com as sementes de sésamo.\n5. Leve ao forno cerca de 15 minutos ou até estarem douradas.','Cornucópias de camarão',30,NULL),(59,4,4,'2017-08-15','2017-08-15',22,'1 – Demolhe o feijão encarnado de véspera. No dia seguinte, coza-o em água com um fio de azeite, cerca de 40 minutos, numa panela de pressão. Entretanto, corte o frango em pedaços e tempere-os com sal e a massa de pimentão.','Feijoada de frango',90,NULL),(60,5,5,'2017-08-15','2017-08-15',16,'1.Aquecer o azeite numa frigideira. Cortar o alho francês às rodelas finas, lavar bem e escorrer. 2.Quando o azeite estiver bem quente adicionar o alho francês e deixar cozinhar mexendo para não queimar, até ficar suave.\n3.Colocar numa travessa que possa ir ao forno e reservar.\n4.Cortar o tofu em cubos e a cebola em rodelas. Acrescentar ao alho francês e cozinhar, adicionar sal. Deixar o tofu ficar tostado, sem queimar.\n5.A crosta, costumo fazer no processador de alimentos. Basta para isso colocar todos os ingredientes e triturar bem. Cobrir o tofu e basta levar ao forno até ficar dourado.\n','Tofu com Broa',35,NULL),(61,2,2,'2017-08-15','2017-08-15',11,'1.Misturar os ingredientes secos num recipiente. Adicionar o óleo de coco e a água morna e amassar com as mãos até ficar uma massa homogênea.','Wraps veganos',10,NULL),(62,4,1,'2017-08-15','2017-08-15',12,'1.Numa tigela misture a farinha integral e o açúcar.','Crumble vegano de banana',20,NULL),(63,3,3,'2017-08-15','2017-08-15',10,'1. Antes de cozer a quinoa, lavar com água corrente.','Hambúrguer de quinoa e beterraba',15,NULL),(64,1,3,'2017-08-15','2017-08-15',8,'1.Cozer a esparguete temperada com sal.','Massa à carbonara vegana',15,NULL),(65,5,4,'2017-08-15','2017-08-15',6,'1.Numa panela coloque a água, a casca do limão, o  creme vegetal e tempere com sal. Assim que começar a ferver deslique o lume e acrescente a farinha. Mexa com uma colher de pau até formar uma bola. Deixe a massa arrefecer.','Rissóis de Cogumelos e Chouriço de Seitan',20,NULL),(66,2,5,'2017-08-15','2017-08-15',21,'1.Desfaz-se o tofu com as mãos até ficar uma pasta homogénea. Rega-se com o sumo de limão e deixa-se apurar pelo menos 30 minutos.','Bolinhas de tofu veganas',30,NULL),(67,3,4,'2017-08-15','2017-08-15',12,'1.Num tacho coloca-se a água, a canela, o açúcar, o melaço, a casca de limão e leva-se ao lume até ferver. De seguida coloca-se o pão (nesta receita foi utilizado molete e não precisou de ficar de molho, se utilizar pão regional será aconselhável demolhar 20 minutos).','Formigos Vegan',20,NULL),(68,1,1,'2017-08-15','2017-08-15',25,'1.Cozer as lentilhas numa panela com água e sal, destapadas e durante 10 minutos. Escorrer e reservar.','hambúrgueres de lentilhas e grão de bico',25,NULL),(69,5,2,'2017-08-15','2017-08-15',14,'1.Cortar o tempeh aos rectângulos.','bacon de tempeh vegano',20,NULL);
/*!40000 ALTER TABLE `recipe` ENABLE KEYS */;
UNLOCK TABLES;

--
-- Table structure for table `recipe_has_ingredient`
--

DROP TABLE IF EXISTS `recipe_has_ingredient`;
/*!40101 SET @saved_cs_client     = @@character_set_client */;
/*!40101 SET character_set_client = utf8 */;
CREATE TABLE `recipe_has_ingredient` (
  `id_recipe` int(11) NOT NULL,
  `id_ingredient` int(11) NOT NULL,
  `quantity` int(11) NOT NULL,
  PRIMARY KEY (`id_recipe`,`id_ingredient`),
  KEY `fk_recipe_has_ingredient_ingredient1_idx` (`id_ingredient`),
  KEY `fk_recipe_has_ingredient_recipe1_idx` (`id_recipe`),
  CONSTRAINT `fk_recipe_has_ingredient_ingredient1` FOREIGN KEY (`id_ingredient`) REFERENCES `ingredient` (`id_ingredient`) ON DELETE CASCADE ON UPDATE CASCADE,
  CONSTRAINT `fk_recipe_has_ingredient_recipe1` FOREIGN KEY (`id_recipe`) REFERENCES `recipe` (`id_recipe`) ON DELETE CASCADE ON UPDATE CASCADE
) ENGINE=InnoDB DEFAULT CHARSET=utf8;
/*!40101 SET character_set_client = @saved_cs_client */;

--
-- Dumping data for table `recipe_has_ingredient`
--

LOCK TABLES `recipe_has_ingredient` WRITE;
/*!40000 ALTER TABLE `recipe_has_ingredient` DISABLE KEYS */;
INSERT INTO `recipe_has_ingredient` VALUES (34,11,0),(34,60,100),(34,87,2),(34,88,2),(34,89,45),(34,90,3),(35,17,40),(35,21,100),(35,68,1),(35,98,1),(35,99,30),(35,100,15),(39,48,150),(39,60,200),(39,79,60),(39,80,400),(39,81,1),(39,82,200),(39,83,50),(39,84,30),(39,85,3),(39,86,150),(41,5,5),(41,11,11),(41,12,12),(41,16,1),(41,17,17),(41,23,23),(41,31,31),(41,37,37),(41,66,170),(41,67,0),(41,68,1),(44,11,0),(44,12,1000),(44,16,1),(44,17,15),(44,27,0),(44,30,800),(44,31,1),(44,61,100),(44,62,1),(44,63,100),(44,64,100),(44,65,0),(45,44,40),(45,58,2),(45,74,160),(45,75,1000),(45,76,80),(45,77,2),(45,78,30),(49,60,100),(49,91,30),(49,92,2),(49,93,30),(52,11,0),(52,12,400),(52,16,1),(52,17,30),(52,19,1),(52,29,3),(52,35,250),(52,52,3),(52,68,1),(52,69,380),(52,70,200),(52,71,9),(52,72,1),(52,73,1),(53,17,12),(53,36,30),(53,39,30),(53,56,5),(53,58,4),(53,59,30),(53,60,180),(56,27,0),(56,39,150),(56,41,100),(56,44,50),(56,48,100),(56,56,10),(56,73,100),(56,78,100),(56,83,100),(56,85,3),(56,94,1),(56,95,3),(56,96,50),(56,97,1),(57,48,160),(57,54,8),(57,55,2),(57,56,0),(57,57,40),(60,11,0),(60,14,1),(60,15,1),(60,16,1),(60,17,0),(61,8,50),(61,9,50),(61,10,50),(61,11,70),(61,12,0),(61,13,70),(62,9,100),(62,20,75),(62,45,3),(62,46,1),(62,47,100),(62,48,75),(63,16,1),(63,23,2),(63,34,1),(63,35,91),(63,36,45),(63,37,45),(64,11,0),(64,15,1),(64,17,30),(64,23,1),(64,24,300),(64,25,200),(64,26,1),(64,27,0),(65,11,0),(65,12,650),(65,16,1),(65,17,0),(65,18,250),(65,19,1),(65,20,15),(65,21,100),(65,22,1),(65,23,2),(66,8,0),(66,11,0),(66,15,1),(66,17,48),(66,19,1),(66,31,1),(67,12,1000),(67,19,1),(67,38,150),(67,39,10),(67,40,1),(67,41,12),(67,42,50),(67,43,50),(67,44,50),(68,11,0),(68,16,2),(68,17,0),(68,27,0),(68,28,300),(68,29,14),(68,30,300),(68,31,1),(68,32,0),(68,33,0),(69,17,0),(69,41,1),(69,49,1),(69,50,48),(69,51,24),(69,52,2),(69,53,2);
/*!40000 ALTER TABLE `recipe_has_ingredient` ENABLE KEYS */;
UNLOCK TABLES;

--
-- Table structure for table `recipe_has_user_category`
--

DROP TABLE IF EXISTS `recipe_has_user_category`;
/*!40101 SET @saved_cs_client     = @@character_set_client */;
/*!40101 SET character_set_client = utf8 */;
CREATE TABLE `recipe_has_user_category` (
  `id_recipe` int(11) NOT NULL,
  `id_user_category` int(11) NOT NULL,
  PRIMARY KEY (`id_recipe`,`id_user_category`),
  KEY `fk_recipe_has_user_category_recipe1_idx` (`id_recipe`),
  KEY `fk_recipe_has_user_category_user_category1_idx` (`id_user_category`),
  CONSTRAINT `fk_recipe_has_user_category_recipe1` FOREIGN KEY (`id_recipe`) REFERENCES `recipe` (`id_recipe`) ON DELETE CASCADE ON UPDATE CASCADE,
  CONSTRAINT `fk_recipe_has_user_category_user_category1` FOREIGN KEY (`id_user_category`) REFERENCES `user_category` (`id_user_category`) ON DELETE NO ACTION ON UPDATE NO ACTION
) ENGINE=InnoDB DEFAULT CHARSET=utf8;
/*!40101 SET character_set_client = @saved_cs_client */;

--
-- Dumping data for table `recipe_has_user_category`
--

LOCK TABLES `recipe_has_user_category` WRITE;
/*!40000 ALTER TABLE `recipe_has_user_category` DISABLE KEYS */;
INSERT INTO `recipe_has_user_category` VALUES (1,1),(2,1),(3,1),(33,1),(34,1),(35,2),(36,4),(37,4),(38,4),(39,2),(40,4),(41,2),(42,4),(43,1),(44,2),(45,2),(46,4),(47,4),(48,4),(49,2),(49,4),(50,4),(51,1),(52,2),(52,4),(53,2),(54,2),(55,1),(56,2),(57,2),(58,1),(59,1),(60,3),(61,3),(62,3),(63,3),(64,3),(65,3),(66,3),(67,3),(68,3),(69,3);
/*!40000 ALTER TABLE `recipe_has_user_category` ENABLE KEYS */;
UNLOCK TABLES;

--
-- Table structure for table `user`
--

DROP TABLE IF EXISTS `user`;
/*!40101 SET @saved_cs_client     = @@character_set_client */;
/*!40101 SET character_set_client = utf8 */;
CREATE TABLE `user` (
  `id_user` int(11) NOT NULL,
  PRIMARY KEY (`id_user`)
) ENGINE=InnoDB DEFAULT CHARSET=utf8;
/*!40101 SET character_set_client = @saved_cs_client */;

--
-- Dumping data for table `user`
--

LOCK TABLES `user` WRITE;
/*!40000 ALTER TABLE `user` DISABLE KEYS */;
INSERT INTO `user` VALUES (10),(11),(12),(13),(14),(15);
/*!40000 ALTER TABLE `user` ENABLE KEYS */;
UNLOCK TABLES;

--
-- Table structure for table `user_category`
--

DROP TABLE IF EXISTS `user_category`;
/*!40101 SET @saved_cs_client     = @@character_set_client */;
/*!40101 SET character_set_client = utf8 */;
CREATE TABLE `user_category` (
  `id_user_category` int(11) NOT NULL AUTO_INCREMENT,
  `name_user_category` varchar(100) NOT NULL,
  PRIMARY KEY (`id_user_category`),
  UNIQUE KEY `id_user_category_UNIQUE` (`id_user_category`)
) ENGINE=InnoDB AUTO_INCREMENT=7 DEFAULT CHARSET=utf8;
/*!40101 SET character_set_client = @saved_cs_client */;

--
-- Dumping data for table `user_category`
--

LOCK TABLES `user_category` WRITE;
/*!40000 ALTER TABLE `user_category` DISABLE KEYS */;
INSERT INTO `user_category` VALUES (1,'Geral'),(2,'Vegetariano'),(3,'Veggan'),(4,'Sem gluten/lactose');
/*!40000 ALTER TABLE `user_category` ENABLE KEYS */;
UNLOCK TABLES;

--
-- Table structure for table `user_has_user_category`
--

DROP TABLE IF EXISTS `user_has_user_category`;
/*!40101 SET @saved_cs_client     = @@character_set_client */;
/*!40101 SET character_set_client = utf8 */;
CREATE TABLE `user_has_user_category` (
  `id_user` int(11) NOT NULL,
  `id_user_category` int(11) NOT NULL,
  PRIMARY KEY (`id_user`,`id_user_category`),
  KEY `fk_user_has_user_category_user1_idx` (`id_user`),
  KEY `fk_user_has_user_category_user_category1_idx` (`id_user_category`),
  CONSTRAINT `fk_user_has_user_category_user1` FOREIGN KEY (`id_user`) REFERENCES `user` (`id_user`) ON DELETE CASCADE ON UPDATE CASCADE,
  CONSTRAINT `fk_user_has_user_category_user_category1` FOREIGN KEY (`id_user_category`) REFERENCES `user_category` (`id_user_category`) ON DELETE NO ACTION ON UPDATE NO ACTION
) ENGINE=InnoDB DEFAULT CHARSET=utf8;
/*!40101 SET character_set_client = @saved_cs_client */;

--
-- Dumping data for table `user_has_user_category`
--

LOCK TABLES `user_has_user_category` WRITE;
/*!40000 ALTER TABLE `user_has_user_category` DISABLE KEYS */;
INSERT INTO `user_has_user_category` VALUES (10,1),(10,2),(11,4),(12,1),(13,3),(13,4),(14,1),(14,2),(15,1);
/*!40000 ALTER TABLE `user_has_user_category` ENABLE KEYS */;
UNLOCK TABLES;
/*!40103 SET TIME_ZONE=@OLD_TIME_ZONE */;

/*!40101 SET SQL_MODE=@OLD_SQL_MODE */;
/*!40014 SET FOREIGN_KEY_CHECKS=@OLD_FOREIGN_KEY_CHECKS */;
/*!40014 SET UNIQUE_CHECKS=@OLD_UNIQUE_CHECKS */;
/*!40101 SET CHARACTER_SET_CLIENT=@OLD_CHARACTER_SET_CLIENT */;
/*!40101 SET CHARACTER_SET_RESULTS=@OLD_CHARACTER_SET_RESULTS */;
/*!40101 SET COLLATION_CONNECTION=@OLD_COLLATION_CONNECTION */;
/*!40111 SET SQL_NOTES=@OLD_SQL_NOTES */;

-- Dump completed on 2017-08-26 19:33:37
