﻿--
-- Script was generated by Devart dbForge Studio for MySQL, Version 8.0.40.0
-- Product home page: http://www.devart.com/dbforge/mysql/studio
-- Script date 14/06/2021 21:30:44
-- Server version: 5.5.5-10.1.40-MariaDB
-- Client version: 4.1
--

-- 
-- Disable foreign keys
-- 
/*!40014 SET @OLD_FOREIGN_KEY_CHECKS=@@FOREIGN_KEY_CHECKS, FOREIGN_KEY_CHECKS=0 */;

-- 
-- Set SQL mode
-- 
/*!40101 SET @OLD_SQL_MODE=@@SQL_MODE, SQL_MODE='NO_AUTO_VALUE_ON_ZERO' */;

-- 
-- Set character set the client will use to send SQL statements to the server
--
SET NAMES 'utf8';

--
-- Set default database
--
USE erasmus;

--
-- Drop table `descargan`
--
DROP TABLE IF EXISTS descargan;

--
-- Drop table `apps`
--
DROP TABLE IF EXISTS apps;

--
-- Drop table `necesitan`
--
DROP TABLE IF EXISTS necesitan;

--
-- Drop table `documentos`
--
DROP TABLE IF EXISTS documentos;

--
-- Drop table `estudiantes`
--
DROP TABLE IF EXISTS estudiantes;

--
-- Drop table `empresas`
--
DROP TABLE IF EXISTS empresas;

--
-- Drop table `idiomas`
--
DROP TABLE IF EXISTS idiomas;

--
-- Drop table `l_turisticos`
--
DROP TABLE IF EXISTS l_turisticos;

--
-- Drop table `pisos`
--
DROP TABLE IF EXISTS pisos;

--
-- Drop table `destinos`
--
DROP TABLE IF EXISTS destinos;

--
-- Set default database
--
USE erasmus;

--
-- Create table `destinos`
--
CREATE TABLE IF NOT EXISTS destinos (
  cod int(11) NOT NULL AUTO_INCREMENT,
  nombre varchar(50) DEFAULT NULL,
  bandera varchar(50) DEFAULT NULL,
  coste int(11) DEFAULT NULL,
  PRIMARY KEY (cod)
)
ENGINE = INNODB,
AUTO_INCREMENT = 6,
AVG_ROW_LENGTH = 2730,
CHARACTER SET latin1,
COLLATE latin1_swedish_ci;

--
-- Create table `pisos`
--
CREATE TABLE IF NOT EXISTS pisos (
  cod int(11) NOT NULL AUTO_INCREMENT,
  dirección varchar(500) DEFAULT NULL,
  servicios varchar(200) DEFAULT NULL,
  tipo varchar(50) DEFAULT NULL,
  ciudad varchar(50) DEFAULT NULL,
  coste int(4) DEFAULT NULL,
  cod_destino int(11) DEFAULT NULL,
  PRIMARY KEY (cod)
)
ENGINE = INNODB,
AUTO_INCREMENT = 22,
AVG_ROW_LENGTH = 780,
CHARACTER SET latin1,
COLLATE latin1_swedish_ci;

--
-- Create foreign key
--
ALTER TABLE pisos
ADD CONSTRAINT fk_destinos_pisos FOREIGN KEY (cod_destino)
REFERENCES destinos (cod) ON DELETE CASCADE ON UPDATE CASCADE;

--
-- Create table `l_turisticos`
--
CREATE TABLE IF NOT EXISTS l_turisticos (
  cod int(11) NOT NULL AUTO_INCREMENT,
  nombre varchar(50) DEFAULT NULL,
  dirección varchar(500) DEFAULT NULL,
  ciudad varchar(50) DEFAULT NULL,
  descripción varchar(1000) DEFAULT NULL,
  cod_destino int(11) DEFAULT NULL,
  coste int(11) DEFAULT NULL,
  PRIMARY KEY (cod)
)
ENGINE = INNODB,
AUTO_INCREMENT = 16,
AVG_ROW_LENGTH = 1092,
CHARACTER SET latin1,
COLLATE latin1_swedish_ci;

--
-- Create foreign key
--
ALTER TABLE l_turisticos
ADD CONSTRAINT fk_destinos_L_turístiocs FOREIGN KEY (cod_destino)
REFERENCES destinos (cod);

--
-- Create table `idiomas`
--
CREATE TABLE IF NOT EXISTS idiomas (
  cod int(11) NOT NULL AUTO_INCREMENT,
  cod_destino int(11) DEFAULT NULL,
  idiomas varchar(50) DEFAULT NULL,
  PRIMARY KEY (cod)
)
ENGINE = INNODB,
AUTO_INCREMENT = 11,
AVG_ROW_LENGTH = 1638,
CHARACTER SET latin1,
COLLATE latin1_swedish_ci;

--
-- Create foreign key
--
ALTER TABLE idiomas
ADD CONSTRAINT fk_destinos_idiomas FOREIGN KEY (cod_destino)
REFERENCES destinos (cod) ON DELETE CASCADE ON UPDATE CASCADE;

--
-- Create table `empresas`
--
CREATE TABLE IF NOT EXISTS empresas (
  cod int(11) NOT NULL AUTO_INCREMENT,
  nombre varchar(50) DEFAULT NULL,
  dirección varchar(500) DEFAULT NULL,
  categoría varchar(50) DEFAULT NULL,
  ciudad varchar(50) DEFAULT NULL,
  num_trabajadores int(11) DEFAULT NULL,
  cod_destino int(11) DEFAULT NULL,
  PRIMARY KEY (cod)
)
ENGINE = INNODB,
AUTO_INCREMENT = 16,
AVG_ROW_LENGTH = 1092,
CHARACTER SET latin1,
COLLATE latin1_swedish_ci;

--
-- Create foreign key
--
ALTER TABLE empresas
ADD CONSTRAINT fk_destinos_empresas FOREIGN KEY (cod_destino)
REFERENCES destinos (cod) ON DELETE CASCADE ON UPDATE CASCADE;

--
-- Create table `estudiantes`
--
CREATE TABLE IF NOT EXISTS estudiantes (
  cod int(11) NOT NULL AUTO_INCREMENT,
  nombre varchar(50) DEFAULT NULL,
  estudios varchar(50) DEFAULT NULL,
  telefono varchar(12) DEFAULT NULL,
  dni varchar(9) DEFAULT NULL,
  tiempoEstancia int(3) DEFAULT NULL,
  correo varchar(50) DEFAULT NULL,
  cod_destino int(11) DEFAULT NULL,
  cod_piso int(11) DEFAULT NULL,
  cod_empresa int(11) DEFAULT NULL,
  PRIMARY KEY (cod)
)
ENGINE = INNODB,
AUTO_INCREMENT = 34,
AVG_ROW_LENGTH = 1489,
CHARACTER SET latin1,
COLLATE latin1_swedish_ci;

--
-- Create foreign key
--
ALTER TABLE estudiantes
ADD CONSTRAINT fk_destinos_estudiantes FOREIGN KEY (cod_destino)
REFERENCES destinos (cod) ON DELETE CASCADE ON UPDATE CASCADE;

--
-- Create foreign key
--
ALTER TABLE estudiantes
ADD CONSTRAINT fk_empresas_estudiantes FOREIGN KEY (cod_empresa)
REFERENCES empresas (cod) ON DELETE CASCADE ON UPDATE CASCADE;

--
-- Create foreign key
--
ALTER TABLE estudiantes
ADD CONSTRAINT fk_pisos_estudiantes FOREIGN KEY (cod_piso)
REFERENCES pisos (cod) ON DELETE CASCADE ON UPDATE CASCADE;

--
-- Create table `documentos`
--
CREATE TABLE IF NOT EXISTS documentos (
  cod int(11) NOT NULL AUTO_INCREMENT,
  nombre varchar(50) DEFAULT NULL,
  utilidad varchar(50) DEFAULT NULL,
  lugar_obtencion varchar(200) DEFAULT NULL,
  PRIMARY KEY (cod)
)
ENGINE = INNODB,
AUTO_INCREMENT = 4,
AVG_ROW_LENGTH = 5461,
CHARACTER SET latin1,
COLLATE latin1_swedish_ci;

--
-- Create table `necesitan`
--
CREATE TABLE IF NOT EXISTS necesitan (
  cod int(11) NOT NULL AUTO_INCREMENT,
  cod_estudiantes int(11) DEFAULT NULL,
  cod_documentos int(11) DEFAULT NULL,
  PRIMARY KEY (cod)
)
ENGINE = INNODB,
CHARACTER SET latin1,
COLLATE latin1_swedish_ci;

--
-- Create foreign key
--
ALTER TABLE necesitan
ADD CONSTRAINT fk_documentos_necesitan FOREIGN KEY (cod_documentos)
REFERENCES documentos (cod) ON DELETE CASCADE ON UPDATE CASCADE;

--
-- Create foreign key
--
ALTER TABLE necesitan
ADD CONSTRAINT fk_estudiantes_necesitan FOREIGN KEY (cod_estudiantes)
REFERENCES estudiantes (cod) ON DELETE CASCADE ON UPDATE CASCADE;

--
-- Create table `apps`
--
CREATE TABLE IF NOT EXISTS apps (
  cod int(11) NOT NULL AUTO_INCREMENT,
  nombre varchar(50) DEFAULT NULL,
  utilidad varchar(50) DEFAULT NULL,
  descripcion varchar(50) DEFAULT NULL,
  PRIMARY KEY (cod)
)
ENGINE = INNODB,
AUTO_INCREMENT = 6,
AVG_ROW_LENGTH = 3276,
CHARACTER SET latin1,
COLLATE latin1_swedish_ci;

--
-- Create table `descargan`
--
CREATE TABLE IF NOT EXISTS descargan (
  cod int(11) NOT NULL AUTO_INCREMENT,
  cod_estudiantes int(11) DEFAULT NULL,
  cod_apps int(11) DEFAULT NULL,
  PRIMARY KEY (cod)
)
ENGINE = INNODB,
CHARACTER SET latin1,
COLLATE latin1_swedish_ci;

--
-- Create foreign key
--
ALTER TABLE descargan
ADD CONSTRAINT fk_apps_descargan FOREIGN KEY (cod_apps)
REFERENCES apps (cod) ON DELETE CASCADE ON UPDATE CASCADE;

--
-- Create foreign key
--
ALTER TABLE descargan
ADD CONSTRAINT fk_estudiantes_descargan FOREIGN KEY (cod_estudiantes)
REFERENCES estudiantes (cod) ON DELETE CASCADE ON UPDATE CASCADE;

-- 
-- Dumping data for table destinos
--
INSERT INTO destinos VALUES
(1, 'Irlanda', 'web/imagenes/Irlanda.jpg', 500),
(2, 'Polonia', 'web/imagenes/Polonia.jpg', 300),
(3, 'Malta', 'web/imagenes/Malta.jpg', 100),
(4, 'Italia', 'web/imagenes/Italia.jpg', 250),
(5, 'Republica checa', 'web/imagenes/Checa.jpg', 150);

-- 
-- Dumping data for table pisos
--
INSERT INTO pisos VALUES
(1, ' 12-13 South Terrace, Ballintemple,', 'luz, agua , wifi, gas y basura', 'casa', 'Cork', 2000, 1),
(2, '10 Oliver Plunkett St, Centre, Cork,', 'luz, agua , wifi, gas y basura', 'casa', 'Cork', 1800, 1),
(3, 'St Patrick''s St, Centre,', 'luz, agua , wifi, gas y basura', 'casa', 'Cork', 1700, 1),
(4, '2 Park Place City Gate, Mahon', 'luz, agua , wifi, gas y basura', 'piso', 'Cork', 2000, 1),
(5, 'Marina Commercial Park, G2 Centre Park Rd', 'luz, agua , wifi, gas y basura', 'casa', 'Cork', 1800, 1),
(6, 'Marina Commercial Park, Centre Park Rd, Ballintemple', 'luz, agua , wifi, gas y basura', 'piso', 'Cork', 1700, 1),
(7, ' Unit 16, City North Business Park, Upper Dublin Hill, Blackpool,', 'luz, agua , wifi, gas y basura', 'piso', 'Cork', 2000, 1),
(8, ' Unit 22, Penrose Wharf, Penrose Quay, Victorian Quarter', 'luz, agua , wifi, gas y basura', 'casa', 'Cork', 1800, 1),
(9, 'Karlovo nám. 557', 'luz, agua , wifi, gas y basura', 'casa', 'Praga', 1700, 5),
(10, ' St Zachary Street Valletta VLT', 'luz, agua , wifi, gas y basura', 'casa', 'La Valeta', 2000, 3),
(11, 'TwiTtokrzyska 3, 00-360', 'luz, agua , wifi, gas y basura', 'casa', 'Varsovia', 1200, 2),
(12, 'Nowogrodzka 50/54, 00-695', 'luz, agua , wifi, gas y basura', 'piso', 'Varsovia', 1300, 2),
(13, 'Zamieniecka 80, 04-158', 'luz, agua , wifi, gas y basura', 'casa', 'Varsovia', 1200, 2),
(14, 'Aleja Armii Ludowej 26, 00-609 ', 'luz, agua , wifi, gas y basura', 'piso', 'Varsovia', 1200, 2),
(15, 'Republic St, Valletta VLT 1114', 'luz, agua , wifi, gas y basura', 'piso', 'La Valeta', 1500, 3),
(16, 'Fort Cambridge, Triq Tigne'', Sliema', 'luz, agua , wifi, gas y basura', 'piso', 'La Valeta', 1500, 3),
(17, 'Via Tomaso Monicelli, 13, 00157', 'luz, agua , wifi, gas y basura', 'casa', 'Roma', 1200, 4),
(18, 'Piazza Monte Baldo, 14 A, 00141 ', 'luz, agua , wifi, gas y basura', 'piso', 'Roma', 1200, 4),
(19, 'Piazza Monte Baldo, 14 A, 00141', 'luz, agua , wifi, gas y basura', 'piso', 'Roma', 1200, 4),
(20, ' Nad Královskou oborou 1080, 170 00 ', 'luz, agua , wifi, gas y basura', 'piso', 'Praga', 1500, 5),
(21, 'Národní 961/25', 'luz, agua , wifi, gas y basura', 'piso', 'Praga', 1500, 5);

-- 
-- Dumping data for table empresas
--
INSERT INTO empresas VALUES
(1, 'Red Hat', ' 6700 Avenue 6000', 'Informatica', 'Cork', 1000, 1),
(2, 'Eazy city', '112 Oliver Plunkett St, Centre,', 'Economia', 'Cork', 20, 1),
(3, 'GO FIT', '12-13 South Terrace', 'Deportes', 'Cork', 100, 1),
(4, 'EXCODUS', 'Parska 96, lok. ', 'Informatica', 'Varsovia', 100, 2),
(5, 'Capgemini', ' Chorzowska 150, 40-121 ', 'Economia', 'Varsovia', 500, 2),
(6, 'CityFit', 'al. Jana Pawca II 27,', 'Deportes', 'Varsovia', 10, 2),
(7, '8PX Marketing Agency', '2, Cali House, Vjal Ir-Rihan', 'Informatica', 'La Valeta', 5, 3),
(8, 'Bank of Valletta p.l.c.', ' Republic St, Valletta', 'Economia', 'La Valeta', 50, 3),
(9, 'Challenger Fitness Gym', 'St Zachary Street Valletta VLT, 1120', 'Deportes', 'La Valeta', 10, 3),
(10, 'Nova System Computer Ltd', 'Via Cesare Baronio, 139, 00179 ', 'Informatica', 'Roma', 30, 4),
(11, 'Alba Corse', 'Via Eugubina, 2, 06081', 'Economia', 'Roma', 100, 4),
(12, 'Monti Fitness', 'Via di Sant''Agata de Goti', 'Deportes', 'Roma', 15, 4),
(13, 'Unisys S.r.o.', ' Italská 35, 120 00 ', 'Informatica', 'Praga', 150, 5),
(14, 'Basque Trade & Investment', 'Jindkišská 939/20', 'Economia', 'Praga', 30, 5),
(15, 'CrossFit Praha', 'Malá Štppánská 1929', 'Deportes', 'Praga', 20, 5);

-- 
-- Dumping data for table documentos
--
INSERT INTO documentos VALUES
(1, 'Pasaporte', 'Viajar', 'oficina de expedición'),
(2, 'Carnet de estudiantes', 'Descuentos', 'Centros de Información Juvenil'),
(3, 'Tarjeta sanitaria Europea', 'Salud', 'seguridad social');

-- 
-- Dumping data for table estudiantes
--
INSERT INTO estudiantes VALUES
(1, 'Marisa', 'Informatica', '679111222', '72175933P', 3, 'Marisa@gmail.com', 1, 1, 1),
(2, 'Juan', 'GADE', '697222333', '72133933P', 4, 'Juan@gmail.com', 2, 11, 4),
(3, 'Alba', 'Informatica', '670321312', '72175833J', 12, 'Alba@gmail.com', 3, 10, 7),
(4, 'Pablo', 'GADE', '671897234', '72144443P', 3, 'Pablo@gmail.com', 4, 17, 10),
(5, 'Marcos', 'Deportes', '675438211', '72123433M', 4, 'Marcos@gmail.com', 5, 9, 13),
(6, 'Lucas', 'Informatica', '690123456', '72143933I', 12, 'Lucas@gmail.com', 1, 4, 2),
(7, 'Ana', 'GADE', '691234543', '72171234X', 3, 'Ana@gmail.com', 2, 12, 5),
(8, 'Sara', 'Informatica', '697234123', '72179533L', 3, 'Sara@gmail.com', 3, 16, 8),
(9, 'Raul', 'GADE', '699214321', '7123456H', 4, 'Raul@gmail.com', 4, 19, 11),
(10, 'Carlos', 'Deportes', '687123432', '78885933P', 4, 'Carlod@gmail.com', 5, 21, 14),
(26, 'Ismael', 'Informatica', '679378537', '72175932T', 3, 'Ismael@gmail.com', 1, 3, 1);

-- 
-- Dumping data for table apps
--
INSERT INTO apps VALUES
(1, 'Trip advaisor', 'Viajes', 'Ideal para descubrir nuevos sitios para visitar'),
(2, 'Uber', 'Transporte', 'Para moverte con mayor flexibilidad'),
(3, 'Just eat', 'Comida', 'Para los días que no te apetece cocinar'),
(4, 'Delivero', 'Compras', 'Para cuando tengas tiempo para comprar'),
(5, 'All trails', 'Deporte', 'Para conocer nuevas rutas');

-- 
-- Dumping data for table necesitan
--
-- Table erasmus.necesitan does not contain any data (it is empty)

-- 
-- Dumping data for table l_turisticos
--
INSERT INTO l_turisticos VALUES
(1, 'Acantilados De Moher', 'Mid-West, Clare', 'Mid-West, Clare', 'Los Alcantilados de Moher son considerados como la principal atracción turística de Irlanda. Esto es debido a majestuosa vista y las imponentes formaciones rocosas que lograrás ver en ellos.', 1, 8),
(2, 'Castillo de Blarney', ' Monacnapa ', 'Blarney,', 'El Castillo de Blarney es una fortaleza medieval situada en la localidad de Blarney, cerca de Cork, en Irlanda, en la ribera del río Martin.', 1, 10),
(3, 'Blackrock Castle Observatory', 'Castle Rd, Blackrock', 'cork', 'Originalmente desarrollado como una fortificación de defensa costera en el siglo XVI para proteger la parte superior del puerto y el puerto de Cork ', 1, 5),
(4, ' Auschwitz-Birkenau', 'Winnniów Okwiccimia 20, 32-603', 'Okwiccim ', 'Fue el mayor centro de exterminio del nazismo, donde fueron enviadas cerca de un millón trescientas mil personas.', 2, 40),
(5, 'Casco antiguo de Varsovia', 'Plac Zamkowy w Warszawie', 'Varsovia', 'Como la capital de Polonia, Varsovia es una ciudad europea vibrante y llena de cultura. ', 2, 0),
(6, 'Mina de sal de Wieliczka', ' Wieliczka Salt Mine - krakow', ' Wieliczka', 'La mina de sal de Wieliczka es un original enclave que ha adquirido la categoría de monumento por su importancia cultural en Polonia. ', 2, 20),
(7, 'MARSAXLOKK', 'MARSAXLOKK', 'MARSAXLOKK', 'Marsaxlokk es un pueblo ubicado a unos 13 kilómetros al sur de La Valletta. Actualmente es el puerto pesquero más importante de la isla y un buen lugar dónde degustar la gastronomía maltesa.', 3, 0),
(8, ' Fuerte de San Telmo de Malta', 'extremo norte de La Valeta', 'La Valeta', 'Fuerte de San Telmo, un monumento que ha sido testigo y protagonista de importantes episodios de la historia de Malta.  ', 3, 15),
(9, 'Laguna Azul', 'entre Comino y el islote de Cominotto', 'entre Comino y el islote de Cominotto', 'Se trata de una auténtica piscina natural ideal para darse un baño en sus aguas cristalinas y para practicar buceo.  ', 3, 10),
(10, 'El Coliseo', 'Valle el Coliseo', 'Roma', 'El Coliseo  es un anfiteatro de la época del Imperio romano, construido en el siglo I.', 4, 20),
(11, 'Piazza del Campidoglio', 'Piazza del Campidoglio', 'Roma', 'El Capitolio  era la colina sagrada de la Antigua Roma, donde se levantaba el gran templo de Júpiter. ', 4, 0),
(12, 'Castillo de Sant''Angelo', 'Sant’Angelo. 1', 'Roma', 'El edificio fue concebido inicialmente como mausoleo del emperador Adriano (117-138)', 4, 15),
(13, 'Reloj Astronómico', 'Staromstské nám.', 'Praga', 'El Reloj astronómico de Praga es un reloj astronómico medieval ,  El Reloj se encuentra en la pared sur del Ayuntamiento de la Ciudad Vieja de Praga', 5, 0),
(14, 'Puente de Carlos', 'Puente de Carlos 1', 'Praga', 'El Puente de Carlos el monumento más visitado de Praga y lleva su nombre en honor al rey de Bohemia Carlos IV.', 5, 0),
(15, 'Barrio de Josefov', 'Barrio de Josefov , 2', 'Praga', 'Josefov, también conocido como Barrio Judío, es el antiguo gueto judío de Praga. Ocupa unas 9 hectáreas entre la Ciudad Vieja y el río Moldava. ', 5, 15);

-- 
-- Dumping data for table idiomas
--
INSERT INTO idiomas VALUES
(1, 1, 'Ingles'),
(2, 1, 'Irlandes'),
(3, 2, 'Ingles'),
(4, 2, 'Polaco'),
(5, 3, 'Ingles'),
(6, 3, 'Maltes'),
(7, 4, 'Ingles'),
(8, 4, 'Italiano'),
(9, 5, 'Ingles'),
(10, 5, 'Checo');

-- 
-- Dumping data for table descargan
--
-- Table erasmus.descargan does not contain any data (it is empty)

-- 
-- Restore previous SQL mode
-- 
/*!40101 SET SQL_MODE=@OLD_SQL_MODE */;

-- 
-- Enable foreign keys
-- 
/*!40014 SET FOREIGN_KEY_CHECKS = @OLD_FOREIGN_KEY_CHECKS */;