﻿--
-- Script was generated by Devart dbForge Studio for MySQL, Version 8.0.40.0
-- Product home page: http://www.devart.com/dbforge/mysql/studio
-- Script date 03/03/2021 12:13:34
-- Server version: 5.5.5-10.1.40-MariaDB
-- Client version: 4.1
--

-- 
-- Disable foreign keys
-- 
/*!40014 SET @OLD_FOREIGN_KEY_CHECKS=@@FOREIGN_KEY_CHECKS, FOREIGN_KEY_CHECKS=0 */;

-- 
-- Set SQL mode
-- 
/*!40101 SET @OLD_SQL_MODE=@@SQL_MODE, SQL_MODE='NO_AUTO_VALUE_ON_ZERO' */;

-- 
-- Set character set the client will use to send SQL statements to the server
--
SET NAMES 'utf8';

--
-- Set default database
--
USE wow;

--
-- Drop table `mazmorras`
--
DROP TABLE IF EXISTS mazmorras;

--
-- Drop table `roles`
--
DROP TABLE IF EXISTS roles;

--
-- Drop table `zonas`
--
DROP TABLE IF EXISTS zonas;

--
-- Drop table `aparecen`
--
DROP TABLE IF EXISTS aparecen;

--
-- Drop table `pertenecen`
--
DROP TABLE IF EXISTS pertenecen;

--
-- Drop table `expansiones`
--
DROP TABLE IF EXISTS expansiones;

--
-- Drop table `protagonistas`
--
DROP TABLE IF EXISTS protagonistas;

--
-- Drop table `tienen`
--
DROP TABLE IF EXISTS tienen;

--
-- Drop table `razas`
--
DROP TABLE IF EXISTS razas;

--
-- Drop table `clases`
--
DROP TABLE IF EXISTS clases;

--
-- Set default database
--
USE wow;

--
-- Create table `clases`
--
CREATE TABLE clases (
  id int(11) NOT NULL AUTO_INCREMENT,
  nombre varchar(50) DEFAULT NULL,
  descripcion varchar(50) DEFAULT NULL,
  atributosR varchar(200) DEFAULT NULL,
  talentosR varchar(50) DEFAULT NULL,
  PRIMARY KEY (id)
)
ENGINE = INNODB,
AUTO_INCREMENT = 31,
AVG_ROW_LENGTH = 546,
CHARACTER SET latin1,
COLLATE latin1_swedish_ci;

--
-- Create table `razas`
--
CREATE TABLE razas (
  id int(11) NOT NULL AUTO_INCREMENT,
  nombre varchar(50) DEFAULT NULL,
  afiliacion varchar(50) DEFAULT NULL,
  descripcion varchar(200) DEFAULT NULL,
  racial varchar(50) DEFAULT NULL,
  PRIMARY KEY (id)
)
ENGINE = INNODB,
AUTO_INCREMENT = 31,
AVG_ROW_LENGTH = 546,
CHARACTER SET latin1,
COLLATE latin1_swedish_ci;

--
-- Create table `tienen`
--
CREATE TABLE tienen (
  id int(11) NOT NULL AUTO_INCREMENT,
  id_razas int(11) DEFAULT NULL,
  id_clase int(11) DEFAULT NULL,
  PRIMARY KEY (id)
)
ENGINE = INNODB,
AUTO_INCREMENT = 31,
AVG_ROW_LENGTH = 546,
CHARACTER SET latin1,
COLLATE latin1_swedish_ci;

--
-- Create index `uk_clases_razas` on table `tienen`
--
ALTER TABLE tienen
ADD UNIQUE INDEX uk_clases_razas (id_clase, id_razas);

--
-- Create foreign key
--
ALTER TABLE tienen
ADD CONSTRAINT fk_clase_tienen FOREIGN KEY (id_clase)
REFERENCES clases (id);

--
-- Create foreign key
--
ALTER TABLE tienen
ADD CONSTRAINT fk_razas_tienen FOREIGN KEY (id_razas)
REFERENCES razas (id);

--
-- Create table `protagonistas`
--
CREATE TABLE protagonistas (
  id int(11) NOT NULL AUTO_INCREMENT,
  nombre varchar(50) DEFAULT NULL,
  raza varchar(50) DEFAULT NULL,
  afiliacion varchar(200) DEFAULT NULL,
  estado varchar(50) DEFAULT NULL,
  descripcion varchar(200) DEFAULT NULL,
  PRIMARY KEY (id)
)
ENGINE = INNODB,
AUTO_INCREMENT = 31,
AVG_ROW_LENGTH = 546,
CHARACTER SET latin1,
COLLATE latin1_swedish_ci;

--
-- Create table `expansiones`
--
CREATE TABLE expansiones (
  id int(11) NOT NULL AUTO_INCREMENT,
  nombre varchar(50) DEFAULT NULL,
  rango_niveles varchar(50) DEFAULT NULL,
  fecha date DEFAULT NULL,
  PRIMARY KEY (id)
)
ENGINE = INNODB,
AUTO_INCREMENT = 31,
AVG_ROW_LENGTH = 546,
CHARACTER SET latin1,
COLLATE latin1_swedish_ci;

--
-- Create table `pertenecen`
--
CREATE TABLE pertenecen (
  id int(11) NOT NULL AUTO_INCREMENT,
  id_razas int(11) DEFAULT NULL,
  id_expansiones int(11) DEFAULT NULL,
  PRIMARY KEY (id)
)
ENGINE = INNODB,
AUTO_INCREMENT = 31,
AVG_ROW_LENGTH = 546,
CHARACTER SET latin1,
COLLATE latin1_swedish_ci;

--
-- Create index `uk_expansiones_razas` on table `pertenecen`
--
ALTER TABLE pertenecen
ADD UNIQUE INDEX uk_expansiones_razas (id_expansiones, id_razas);

--
-- Create foreign key
--
ALTER TABLE pertenecen
ADD CONSTRAINT fk_expansiones_pertenecen FOREIGN KEY (id_expansiones)
REFERENCES expansiones (id);

--
-- Create foreign key
--
ALTER TABLE pertenecen
ADD CONSTRAINT fk_razas_pertenecen FOREIGN KEY (id_razas)
REFERENCES razas (id);

--
-- Create table `aparecen`
--
CREATE TABLE aparecen (
  id int(11) NOT NULL AUTO_INCREMENT,
  id_protagonistas int(11) DEFAULT NULL,
  id_expansiones int(11) DEFAULT NULL,
  PRIMARY KEY (id)
)
ENGINE = INNODB,
AUTO_INCREMENT = 31,
AVG_ROW_LENGTH = 546,
CHARACTER SET latin1,
COLLATE latin1_swedish_ci;

--
-- Create index `uk_expansiones_protagonistas` on table `aparecen`
--
ALTER TABLE aparecen
ADD UNIQUE INDEX uk_expansiones_protagonistas (id_expansiones, id_protagonistas);

--
-- Create foreign key
--
ALTER TABLE aparecen
ADD CONSTRAINT fk_expansiones_aparecen FOREIGN KEY (id_expansiones)
REFERENCES expansiones (id);

--
-- Create foreign key
--
ALTER TABLE aparecen
ADD CONSTRAINT fk_protagonistas_aparecen FOREIGN KEY (id_protagonistas)
REFERENCES protagonistas (id);

--
-- Create table `zonas`
--
CREATE TABLE zonas (
  id int(11) NOT NULL AUTO_INCREMENT,
  nombre varchar(50) DEFAULT NULL,
  num_regiones int(11) DEFAULT NULL,
  id_expansiones int(11) DEFAULT NULL,
  PRIMARY KEY (id)
)
ENGINE = INNODB,
CHARACTER SET latin1,
COLLATE latin1_swedish_ci;

--
-- Create foreign key
--
ALTER TABLE zonas
ADD CONSTRAINT fk_expansiones_zonas FOREIGN KEY (id_expansiones)
REFERENCES zonas (id);

--
-- Create table `roles`
--
CREATE TABLE roles (
  id int(11) NOT NULL AUTO_INCREMENT,
  id_clases int(11) DEFAULT NULL,
  roles varchar(20) DEFAULT NULL,
  PRIMARY KEY (id)
)
ENGINE = INNODB,
CHARACTER SET latin1,
COLLATE latin1_swedish_ci;

--
-- Create index `uk_clases_roles` on table `roles`
--
ALTER TABLE roles
ADD UNIQUE INDEX uk_clases_roles (id_clases, roles);

--
-- Create foreign key
--
ALTER TABLE roles
ADD CONSTRAINT fk_clases_roles FOREIGN KEY (id_clases)
REFERENCES roles (id);

--
-- Create table `mazmorras`
--
CREATE TABLE mazmorras (
  id int(11) NOT NULL AUTO_INCREMENT,
  nombre varchar(50) DEFAULT NULL,
  ubicacion varchar(50) DEFAULT NULL,
  num_boses int(11) DEFAULT NULL,
  nivel_requerido int(11) DEFAULT NULL,
  id_expansiones int(11) DEFAULT NULL,
  PRIMARY KEY (id)
)
ENGINE = INNODB,
CHARACTER SET latin1,
COLLATE latin1_swedish_ci;

--
-- Create foreign key
--
ALTER TABLE mazmorras
ADD CONSTRAINT fk_expansiones_mazmorras FOREIGN KEY (id_expansiones)
REFERENCES mazmorras (id);

-- 
-- Dumping data for table clases
--
INSERT INTO clases VALUES
(1, 'Paschalis', '@Weatherford_Oleta', 'GrayAsparagus', 'Laz'),
(2, 'Joerge', '@ElderSanto', 'ZinnwalditeBrown', 'Kannada'),
(3, 'Felin', '@Golden_Augustine', 'WildWatermelon', 'Germans'),
(4, 'Balintt ', '@Hong_Delorse', 'NapierGreen', 'Hungarians'),
(5, 'Filiberta', '@ApplegateKirstin', 'Peach', 'Bulgarians'),
(6, 'Filina', '@PaquetteTawanda', 'LightGreen', 'Kazakhs'),
(7, 'Gotfrit', '@SlatteryJoan', 'Glaucous', 'English'),
(8, 'Adelisa ', '@Pulley_Frankie', 'DeepCoffee', 'Zhuang'),
(9, 'Cathrine', '@MccallTora', 'NaplesYellow', 'Armenians'),
(10, 'Basileo ', '@AlbertsonAisha', 'Carnelian', 'Catalans'),
(11, 'Elika', '@Abraham_Mercedez', 'Sunglow', 'Thais'),
(12, 'Volkbert', '@Crisp_Parthenia', 'PeachPuff', 'Icelanders'),
(13, 'Waldomir', '@Priest_Alfreda', 'Green', 'Slovaks'),
(14, 'Burkhard', '@AshleyChristian', 'NavajoWhite', 'Ukrainians'),
(15, 'Jule', '@PomeroyAudra', 'Glitter', 'Tibetan'),
(16, 'Santian', '@Foret_Shannan', 'LightKhaki', 'Uyghur'),
(17, 'Aloysia', '@AbrahamKimi', 'WildBlueYonder', 'Poles'),
(18, 'Detmar', '@Brink_Claude', 'BeauBlue', 'Assyrians'),
(19, 'Lowis', '@CrutcherAlicia', 'CarolinaBlue', 'Chuvash'),
(20, 'Tius', '@BeltonCory', 'Beaver', 'Koreans'),
(21, 'Jürg', '@ShelbyKip', 'Sunset', 'Tuaregs'),
(22, 'Danja', '@Jobe_Manual', 'DeepFuchsia', 'Vietnamese'),
(23, 'Eckhart', '@BeckmanAmelia', 'GreenBlue', 'Spaniards'),
(24, 'Deborian', '@BainClement', 'LightPastelPurple', 'Irish'),
(25, 'Dörtlis', '@SkinnerCasimira', 'PeachYellow', 'Turks'),
(26, 'Eligius', '@Anthony_Hayden', 'Wine', 'Telugu'),
(27, 'Fritz', '@Atkinson_Donnetta', 'CarrotOrange', 'Turkmens'),
(28, 'Konradin', '@FinleyAntony', 'GreenYellow', 'Kurds'),
(29, 'Caruso', '@Aquino_Laurine', 'LightPink', 'Greeks'),
(30, 'Selinda', '@AngelMarine', 'Grullo', 'Portuguese');

-- 
-- Dumping data for table razas
--
INSERT INTO razas VALUES
(1, 'Diethild', 'Oil & Gas Producers', 'American Space Explore Group', 'Norwegians'),
(2, 'Colias', 'Tobacco', 'East Security Corporation', 'Thais'),
(3, 'Adina ', 'Equity Investment Instruments', 'East K-Mobile Corporation', 'Ukrainians'),
(4, 'Gottlob', 'Forestry & Paper', 'Canadian 2G Wireless Inc.', 'Macedonians'),
(5, 'Selila', 'Alternative Energy', 'City Petroleum Corporation', 'Finns'),
(6, 'Janeric', 'Household Goods & Home Construction', 'Smart High-Technologies Corporation', 'Laz'),
(7, 'Nené', 'Support Services', 'American A-Mobile Co.', 'Biharis'),
(8, 'Georgy', 'Financial Services', 'South Development Corp.', 'Punjabis'),
(9, 'Odowakar', 'Life Insurance', 'South High-Technologies Group', 'Tamils'),
(10, 'Samandu', 'Construction & Materials', 'Creative Space Explore Inc.', 'Albanians'),
(11, 'Adelinde ', 'Industrial Engineering', 'Flexible T-Mobile Corporation', 'Romanians'),
(12, 'Freda', 'Automobiles & Parts', 'WorldWide Fossil Fuel Power Corporation', 'Bosniaks'),
(13, 'Xandra', 'Media', 'Pacific Space Explore Co.', 'Kannada'),
(14, 'Moja', 'Travel & Leisure', 'General Management Inc.', 'Manchu'),
(15, 'Joas', 'Electricity', 'Special High-Technologies Inc.', 'Tibetan'),
(16, 'Wigald', 'Gas, Water & Multiutilities', 'Global Technologies Corporation', 'Uyghur'),
(17, 'Rieka', 'Industrial Metals & Mining', 'West Products Inc.', 'Arabs'),
(18, 'Friedgard', 'Banks', 'General Space Explore Corp.', 'Bulgarians'),
(19, 'Thea', 'Mining', 'Advanced D-Mobile Co.', 'Scottish'),
(20, 'Felizia', 'Fixed Line Telecommunications', 'American Computers Corp.', 'Zhuang'),
(21, 'Ingomar', 'Industrial Transportation', 'Global Transportation Group', 'Tuaregs'),
(22, 'Seraphinus', 'Technology Hardware & Equipment', 'Western Cars Battery Co.', 'Hindustani'),
(23, 'Adelisa ', 'Real Estate Investment Trusts', 'Canadian Telecom Corporation', 'Armenians'),
(24, 'Wyonna', 'Software & Computer Services', 'Beyond Industry Inc.', 'Hungarians'),
(25, 'Dark', 'Oil Equipment, Services & Distribution', 'General Electricity Inc.', 'French'),
(26, 'Delayla', 'Electronic & Electrical Equipment', 'Flexible Consulting Corporation', 'Mongols'),
(27, 'Diethild', 'General Industrials', 'North Thermal Energy Corp.', 'Kazakhs'),
(28, 'Hanneliese', 'Food & Drug Retailers', 'Home Space Explore Inc.', 'Catalans'),
(29, 'Lenian', 'Mobile Telecommunications', 'Pacific Partners Co.', 'Vietnamese'),
(30, 'Pontian', 'General Retailers', 'First K-Mobile Inc.', 'Serbs');

-- 
-- Dumping data for table protagonistas
--
INSERT INTO protagonistas VALUES
(1, 'Geralde', 'Mongols', 'Tasmania', 'Nondisp transverse fx shaft of l tibia, 7thH', 'Executive'),
(2, 'Calantha', 'Kyrgyz', 'Western Australia', 'Nondisp seg fx shaft of unsp tibia, 7thP', 'Information Technology'),
(3, 'Panja', 'Turks', 'Australian Capital Territory', 'Other contact with squirrel, sequela', 'Manufacturing'),
(4, 'Xanthia', 'Czechs', 'South Australia', 'Other specified sprain of unspecified wrist, seque', 'Executive'),
(5, 'Waida', 'Japanese', 'New South Wales', 'Other vitreous opacities, right eye', 'Research and Development'),
(6, 'Ruthilde', 'Dutch', 'Queensland', 'Carcinoma in situ of thyroid and other endocrine g', 'Executive'),
(7, 'Hermann', 'Telugu', 'Victoria', 'Abrasion of left middle finger, sequela', 'Finance'),
(8, 'Marlis', 'Malays', 'Northern Territory', 'Milt op involving firearms pellets, civilian, sequ', 'Research and Development'),
(9, 'Swenja', 'Biharis', 'Queensland', 'Intentional self-harm by electrocution, subsequent', 'Executive'),
(10, 'Waida', 'Serbs', 'New South Wales', 'Absence epileptic syndrome, not intractable, w sta', 'Consulting'),
(11, 'Abby ', 'Zhuang', 'South Australia', 'Abnormal weight loss', 'Executive'),
(12, 'Xaver', 'Turkmens', 'Tasmania', 'Other disorders of patella, left knee', 'Information Technology'),
(13, 'Caspar', 'Javanese', 'Western Australia', 'Valgus deformity, not elsewhere classified, right ', 'Sales'),
(14, 'Laija', 'Thais', 'Northern Territory', 'Hydroxyapatite deposition disease, unspecified sho', 'Human Resources'),
(15, 'Talisja', 'Albanians', 'Victoria', 'Oth comp of internal orthopedic prosth dev/grft, s', 'Sales'),
(16, 'Luzy', 'Bosniaks', 'Australian Capital Territory', 'Pnctr w/o foreign body of left thumb w damage to n', 'Manufacturing'),
(17, 'Annekläre', 'Arabs', 'New South Wales', 'Assault by unspecified hot objects, initial encoun', 'Executive'),
(18, 'Baldo ', 'Ukrainians', 'Queensland', 'Forced landing of ultralt/microlt/pwr-glider inj o', 'Human Resources'),
(19, 'Clodomir', 'Pashtuns', 'Victoria', 'Toxic effect of latex, undetermined, subsequent en', 'Executive'),
(20, 'Elsbeth', 'Tibetan', 'Northern Territory', 'Nondisp osteochon fx unsp patella, 7thF', 'Executive'),
(21, 'Romea', 'Marathi', 'Western Australia', 'Alpers disease', 'Research and Development'),
(22, 'Meridian', 'Jews', 'South Australia', 'Other larger firearm discharge, undetermined inten', 'Sales'),
(23, 'Endris', 'Norwegians', 'Tasmania', 'Foreign body granuloma of soft tissue, NEC, unsp t', 'Sales'),
(24, 'Piara', 'Sindhis', 'Australian Capital Territory', 'Displ apophyseal fx l femr, 7thM', 'Research and Development'),
(25, 'Elinora', 'Uyghur', 'Tasmania', 'Oth fx upr & low end r fibula, 7thM', 'Executive'),
(26, 'Kilia', 'Macedonians', 'Western Australia', 'Oth injury due to oth accident to passenger ship, ', 'Human Resources'),
(27, 'Myrtha', 'Laz', 'Victoria', 'Other superficial bite of right lesser toe(s), seq', 'Consulting'),
(28, 'Hieronyma', 'Bulgarians', 'South Australia', 'Superficial foreign body of unspecified thumb, ini', 'Research and Development'),
(29, 'Aloysia', 'Oromo', 'Northern Territory', 'Acute gastritis without bleeding', 'Research and Development'),
(30, 'Ablona ', 'Tuaregs', 'Australian Capital Territory', 'Cracked nipple associated with lactation', 'Executive');

-- 
-- Dumping data for table expansiones
--
INSERT INTO expansiones VALUES
(1, 'Hademar', '554', '1981-04-05'),
(2, 'Reginalda', '524', '2006-01-07'),
(3, 'Lovelle', '356', '1971-09-07'),
(4, 'Maex', '100', '1998-09-29'),
(5, 'Volbrecht', '250', '1974-08-17'),
(6, 'Dietlinde', '218', '2018-03-22'),
(7, 'Helmgard', '516', '1971-07-21'),
(8, 'Heloise', '242', '1972-07-03'),
(9, 'Dietra', '242', '2009-02-01'),
(10, 'Dominik', '756', '2018-08-07'),
(11, 'Mangold', '004', '1982-03-25'),
(12, 'Achime ', '586', '1970-01-31'),
(13, 'Corbinian', '352', '1979-11-02'),
(14, 'Burghard', '620', '2012-09-24'),
(15, 'Burghild', '152', '1970-01-14'),
(16, 'Fabius', '392', '1970-12-11'),
(17, 'Balian ', '056', '1981-10-07'),
(18, 'Gerulf', '800', '1991-02-27'),
(19, 'Olf', '554', '1970-01-06'),
(20, 'Akelei ', '380', '1999-03-18'),
(21, 'Fredehelmus', '056', '1992-05-20'),
(22, 'Barthel ', '705', '1979-05-27'),
(23, 'Wigbert', '348', '2011-03-05'),
(24, 'Balte ', '792', '1971-10-09'),
(25, 'Jolanthe', '566', '1991-07-09'),
(26, 'Eyff', '008', '2014-01-18'),
(27, 'Maelia', '484', '2019-03-23'),
(28, 'Adelinde ', '360', '2012-10-31'),
(29, 'Esdert', '004', '1997-12-15'),
(30, 'Tjorden', '376', '2010-10-07');

-- 
-- Dumping data for table zonas
--
-- Table wow.zonas does not contain any data (it is empty)

-- 
-- Dumping data for table tienen
--
INSERT INTO tienen VALUES
(11, 1, 1),
(21, 2, 2),
(7, 3, 3),
(9, 4, 4),
(19, 5, 5),
(23, 6, 6),
(8, 7, 7),
(12, 8, 8),
(18, 9, 9),
(5, 10, 10),
(10, 11, 11),
(17, 12, 12),
(3, 13, 13),
(6, 14, 14),
(27, 15, 15),
(30, 16, 16),
(4, 17, 17),
(25, 18, 18),
(28, 19, 19),
(2, 20, 20),
(20, 21, 21),
(29, 22, 22),
(15, 23, 23),
(22, 24, 24),
(26, 25, 25),
(14, 26, 26),
(16, 27, 27),
(24, 28, 28),
(1, 29, 29),
(13, 30, 30);

-- 
-- Dumping data for table roles
--
-- Table wow.roles does not contain any data (it is empty)

-- 
-- Dumping data for table pertenecen
--
INSERT INTO pertenecen VALUES
(11, 1, 1),
(21, 2, 2),
(7, 3, 3),
(9, 4, 4),
(19, 5, 5),
(23, 6, 6),
(8, 7, 7),
(12, 8, 8),
(18, 9, 9),
(5, 10, 10),
(10, 11, 11),
(17, 12, 12),
(3, 13, 13),
(6, 14, 14),
(27, 15, 15),
(30, 16, 16),
(4, 17, 17),
(25, 18, 18),
(28, 19, 19),
(2, 20, 20),
(20, 21, 21),
(29, 22, 22),
(15, 23, 23),
(22, 24, 24),
(26, 25, 25),
(14, 26, 26),
(16, 27, 27),
(24, 28, 28),
(1, 29, 29),
(13, 30, 30);

-- 
-- Dumping data for table mazmorras
--
-- Table wow.mazmorras does not contain any data (it is empty)

-- 
-- Dumping data for table aparecen
--
INSERT INTO aparecen VALUES
(11, 1, 1),
(21, 2, 2),
(7, 3, 3),
(9, 4, 4),
(19, 5, 5),
(23, 6, 6),
(8, 7, 7),
(12, 8, 8),
(18, 9, 9),
(5, 10, 10),
(10, 11, 11),
(17, 12, 12),
(3, 13, 13),
(6, 14, 14),
(27, 15, 15),
(30, 16, 16),
(4, 17, 17),
(25, 18, 18),
(28, 19, 19),
(2, 20, 20),
(20, 21, 21),
(29, 22, 22),
(15, 23, 23),
(22, 24, 24),
(26, 25, 25),
(14, 26, 26),
(16, 27, 27),
(24, 28, 28),
(1, 29, 29),
(13, 30, 30);

-- 
-- Restore previous SQL mode
-- 
/*!40101 SET SQL_MODE=@OLD_SQL_MODE */;

-- 
-- Enable foreign keys
-- 
/*!40014 SET FOREIGN_KEY_CHECKS = @OLD_FOREIGN_KEY_CHECKS */;