-- phpMyAdmin SQL Dump
-- version 5.2.0
-- https://www.phpmyadmin.net/
--
-- Host: 127.0.0.1
-- Generation Time: Feb 28, 2023 at 01:17 PM
-- Server version: 10.4.24-MariaDB
-- PHP Version: 7.4.29

SET SQL_MODE = "NO_AUTO_VALUE_ON_ZERO";
START TRANSACTION;
SET time_zone = "+00:00";


/*!40101 SET @OLD_CHARACTER_SET_CLIENT=@@CHARACTER_SET_CLIENT */;
/*!40101 SET @OLD_CHARACTER_SET_RESULTS=@@CHARACTER_SET_RESULTS */;
/*!40101 SET @OLD_COLLATION_CONNECTION=@@COLLATION_CONNECTION */;
/*!40101 SET NAMES utf8mb4 */;

--
-- Database: `simaset`
--

-- --------------------------------------------------------

--
-- Table structure for table `asets`
--

CREATE TABLE `asets` (
  `id_increment` int(10) NOT NULL,
  `id_aset` varchar(128) NOT NULL,
  `user_id` int(11) DEFAULT NULL,
  `kode_aset` varchar(128) DEFAULT NULL,
  `id_barang` int(11) DEFAULT NULL,
  `id_lokasi` varchar(128) DEFAULT NULL,
  `pr_assets` varchar(100) DEFAULT NULL,
  `po_assets` varchar(100) DEFAULT NULL,
  `sn_assets` varchar(100) DEFAULT NULL,
  `tglbarangdatang_assets` date DEFAULT NULL,
  `gambar` varchar(100) DEFAULT NULL,
  `volume` int(11) DEFAULT NULL,
  `satuan_id` varchar(20) DEFAULT NULL,
  `harga` double DEFAULT NULL,
  `total_harga` double DEFAULT NULL,
  `kondisi` varchar(128) DEFAULT 'Baik',
  `status_aset` varchar(50) DEFAULT NULL,
  `umur_ekonomis` int(11) DEFAULT NULL,
  `jenis_bantuan` varchar(128) DEFAULT NULL,
  `jenis_aset` varchar(128) DEFAULT 'Berwujud',
  `keterangan` text DEFAULT NULL,
  `qr_code` varchar(128) DEFAULT NULL,
  `id_user_input` int(10) DEFAULT NULL,
  `tgl_input` date DEFAULT NULL,
  `device_input` varchar(170) DEFAULT NULL,
  `ip_input` varchar(30) DEFAULT NULL,
  `id_user_ubah` int(10) DEFAULT NULL,
  `tgl_ubah` date DEFAULT NULL,
  `device_ubah` varchar(170) DEFAULT NULL,
  `ip_ubah` varchar(30) DEFAULT NULL
) ENGINE=MyISAM DEFAULT CHARSET=utf8mb4;

--
-- Dumping data for table `asets`
--

INSERT INTO `asets` (`id_increment`, `id_aset`, `user_id`, `kode_aset`, `id_barang`, `id_lokasi`, `pr_assets`, `po_assets`, `sn_assets`, `tglbarangdatang_assets`, `gambar`, `volume`, `satuan_id`, `harga`, `total_harga`, `kondisi`, `status_aset`, `umur_ekonomis`, `jenis_bantuan`, `jenis_aset`, `keterangan`, `qr_code`, `id_user_input`, `tgl_input`, `device_input`, `ip_input`, `id_user_ubah`, `tgl_ubah`, `device_ubah`, `ip_ubah`) VALUES
(19, '073b11da52564a63a61b367ba02bdbf2', 1, '19/FNT/2022', 16, '1', 'sds', 'sda', '232s', '2022-01-12', NULL, 1, 'S03', 12122, 12122, 'Baik', 'Aktif', 12, 'GA', 'Berwujud', 'd', 'e8e26cd88c2642ee8501e9e7158292a6.png', 1, '2022-01-19', 'Mozilla/5.0 (Windows NT 10.0; Win64; x64) AppleWebKit/537.36 (KHTML, like Gecko) Chrome/97.0.4692.71 Safari/537.36', '::1', 1, '2022-01-19', 'Mozilla/5.0 (Windows NT 10.0; Win64; x64) AppleWebKit/537.36 (KHTML, like Gecko) Chrome/97.0.4692.71 Safari/537.36', '::1'),
(1, '0a087a5a44bb40b0aaad13f3695d4f44', 9, '121212', 6, '25', NULL, NULL, NULL, NULL, NULL, 1, 'S01', 12000, 12000, 'Baik', 'Aktif', 1, 'Pemerintah', 'Berwujud', '-', '331f6618654e470889dc5fddf734df73.png', NULL, NULL, NULL, NULL, NULL, NULL, NULL, NULL),
(2, '2ce7c84b803f497189ce3b2601350c7b', 1, '0004/FNT/2021', 11, '25', NULL, NULL, NULL, NULL, NULL, 0, 'S01', 200000, 200000, 'Baik', 'Aktif', 5, 'Pemerintah', 'Berwujud', '-', '1d21ddd7e3ec4a17b66737355a40ea2a.png', NULL, NULL, NULL, NULL, NULL, NULL, NULL, NULL),
(3, '454725bfd63b48dcbc1e7d0b9259c967', 9, '0008/FNT/2021', 15, '1', NULL, NULL, NULL, NULL, NULL, 1, 'S03', 600000, 600000, 'Baik', 'Aktif', 5, 'Pemerintah', 'Berwujud', '-', '0e8519197ca140928beff597c9c19b83.png', NULL, NULL, NULL, NULL, NULL, NULL, NULL, NULL),
(17, '4a454721aa0c43c293b94b05bbf11a94', 9, '17/FNT/2022', 16, '1', NULL, NULL, NULL, NULL, NULL, 1, 'S03', 230000, 230000, 'Baik', 'Aktif', 1, 'Sekolah', 'Berwujud', '121', '183b3a5ef01c4897b204953531ad2a35.png', NULL, NULL, NULL, NULL, NULL, NULL, NULL, NULL),
(4, '4ce099334b6e4f7db5269102c8a9fe30', 1, '0001/FNT/2021', 14, '25', NULL, NULL, NULL, NULL, NULL, 1, 'S01', 350000, 350000, 'Baik', 'Aktif', 1, 'Pemerintah', 'Berwujud', '-', 'efea8751e0a94a0b9d2b257dd7478838.png', NULL, NULL, NULL, NULL, NULL, NULL, NULL, NULL),
(18, '5291d5e38a3947b898352bcd9b4bfbf6', 1, '18/FNT/2022', 13, '25', 'PR/192./sds/sd2/2022', 'PO/192./sds/sd2/2022', NULL, NULL, NULL, 1, 'S01', 23, 23, 'Baik', 'Aktif', 1, 'IT', 'Berwujud', 'wew', '2ae025bb5291488da0fd4e825c250f9b.png', NULL, NULL, NULL, NULL, NULL, NULL, NULL, NULL),
(13, '5d708ab87d474be2a743973aa05ccbfd', 10, '13/ELK/2022', 17, '1', NULL, NULL, NULL, NULL, NULL, 1, 'S03', 2000, 2000, 'Baik', 'Aktif', 1, 'Sekolah', 'Berwujud', 'ww', '7d6e02a576c445b4b6308057de765bfe.png', NULL, NULL, NULL, NULL, NULL, NULL, NULL, NULL),
(15, '780fcebc5395444c92194ec19d435984', 9, '15/FNT/2022', 16, '1', NULL, NULL, NULL, NULL, NULL, 1, 'S03', 230000, 230000, 'Baik', 'Aktif', 1, 'Sekolah', 'Berwujud', '121', '177277fb16ad40b68ce2978012830439.png', NULL, NULL, NULL, NULL, NULL, NULL, NULL, NULL),
(5, '7cb6ce45e39e4fd0a8245f4029f2418b', 1, '0006/FNT/2021', 9, '25', NULL, NULL, NULL, NULL, NULL, 2, 'S01', 300000, 600000, 'Baik', 'Aktif', 5, 'Pemerintah', 'Berwujud', '-', 'f4103002832c4104b2933169d401c0b4.png', NULL, NULL, NULL, NULL, NULL, NULL, NULL, NULL),
(6, '8b90225c91434887bb8f095b3405e44a', 1, '0002/FNT/2021', 13, '25', NULL, NULL, NULL, NULL, NULL, 1, 'S01', 200000, 200000, 'Baik', 'Aktif', 1, 'Pemerintah', 'Berwujud', '-', '35302c738eea43aea76b75857ce7167d.png', NULL, NULL, NULL, NULL, NULL, NULL, NULL, NULL),
(7, '91a18727357142a99b7302013a6d6ad0', 1, '0005/FNT/2021', 10, '25', NULL, NULL, NULL, NULL, NULL, 3, 'S01', 100000, 300000, 'Baik', 'Aktif', 5, 'Yayasan', 'Berwujud', '-', '13197b8bac3c4c66be220fdfc2717f34.png', NULL, NULL, NULL, NULL, NULL, NULL, NULL, NULL),
(8, 'a16daacfc694448d9462ac47a14ed81f', 1, '0007/FNT/2021', 8, '25', NULL, NULL, NULL, NULL, NULL, 1, 'S01', 200000, 200000, 'Baik', 'Aktif', 5, 'Pemerintah', 'Berwujud', '-', '80d618c56e074351b6e506e3492166a7.png', NULL, NULL, NULL, NULL, NULL, NULL, NULL, NULL),
(16, 'd044fcbb60c64f2eaf3c5b0e16806bf0', 9, '16/FNT/2022', 16, '1', NULL, NULL, NULL, NULL, NULL, 1, 'S03', 230000, 230000, 'Baik', 'Aktif', 1, 'Sekolah', 'Berwujud', '121', 'cba8e2b4847047079bdf6a453a874bf4.png', NULL, NULL, NULL, NULL, NULL, NULL, NULL, NULL),
(9, 'db1f21c1e8934b0a94b4addc50ef0d23', 1, '0003/FNT/2021', 12, '25', NULL, NULL, NULL, NULL, NULL, 1, 'S01', 500000, 500000, 'Baik', 'Aktif', 5, 'Pemerintah', 'Berwujud', '-', 'cedd851f20c5405cb5574e9f83168591.png', NULL, NULL, NULL, NULL, NULL, NULL, NULL, NULL),
(10, 'de0ebc12062f43a383cbf9849be492c9', 1, '0001/ELK/2021', 7, '25', NULL, NULL, NULL, NULL, NULL, 2, 'S03', 2000000, 4000000, 'Baik', 'Aktif', 5, 'Pemerintah', 'Berwujud', '-', '106e801ed289425c8fe005d2fe435329.png', NULL, NULL, NULL, NULL, NULL, NULL, NULL, NULL),
(14, 'f79b1c7a1cc747b0961bac3ad3c088a4', 9, '14/FNT/2022', 16, '1', NULL, NULL, NULL, NULL, NULL, 1, 'S03', 230000, 230000, 'Baik', 'Aktif', 1, 'Sekolah', 'Berwujud', '121', '697f083925ad4014828cdb2afa2c47c9.png', NULL, NULL, NULL, NULL, NULL, NULL, NULL, NULL);

-- --------------------------------------------------------

--
-- Table structure for table `barang`
--

CREATE TABLE `barang` (
  `id_barang` int(11) NOT NULL,
  `id_kategori` int(11) NOT NULL,
  `id_sub_kategori` varchar(20) DEFAULT NULL,
  `nama_barang` varchar(255) NOT NULL,
  `merek` varchar(128) NOT NULL,
  `tahun_perolehan` year(4) NOT NULL,
  `picture_fr` varchar(128) DEFAULT NULL,
  `picture_bs` varchar(128) DEFAULT NULL,
  `picture_br` varchar(128) DEFAULT NULL
) ENGINE=MyISAM DEFAULT CHARSET=utf8mb4;

--
-- Dumping data for table `barang`
--

INSERT INTO `barang` (`id_barang`, `id_kategori`, `id_sub_kategori`, `nama_barang`, `merek`, `tahun_perolehan`, `picture_fr`, `picture_bs`, `picture_br`) VALUES
(6, 3, 'FNT01', 'Raks', 'Olympic', 2021, NULL, NULL, NULL),
(7, 2, 'ELK01', 'TV Led', 'Polytron', 2021, NULL, NULL, NULL),
(8, 3, 'FNT02', 'Kursi Komputer', 'Oympic', 2021, NULL, NULL, NULL),
(9, 3, 'FNT02', 'Kursi Administrasi', 'Olympic', 2021, NULL, NULL, NULL),
(10, 3, 'FNT02', 'Kursi Plastik', 'Olympic', 2021, NULL, NULL, NULL),
(11, 3, 'FNT02', 'Kursi Kayu', 'Olympic', 2021, NULL, NULL, NULL),
(12, 3, 'FNT01', 'Rak Absensi', 'Hitari', 2021, NULL, NULL, NULL),
(13, 3, 'FNT02', 'Kursi Staff TU', 'Olympic', 2021, NULL, NULL, NULL),
(14, 3, 'FNT02', 'Kursi Guru', 'Sinar Jaya', 2021, '0d47a73c782bcb6a04659713c88d9b83.jpg', NULL, NULL),
(15, 2, 'ELK01', 'TV LED 32', 'Sharp', 2021, NULL, NULL, NULL),
(16, 3, 'FNT02', 'asas', 'asas', 2021, NULL, NULL, NULL),
(17, 2, 'ELK01', 'LG LED TV', 'SMAS', 2022, 'c96be45fd157e91db5389bcb9a1eeb5d.PNG', NULL, NULL),
(18, 2, 'ELK01', 'Xiaomi - Smart TV', 'Xiaomi', 2022, '0af24d90ce1e4f82c0ee16c385597897.jpg', 'b00f6ad694981c81a12bee579d41dc79.jpg', '6bd7feb51a0245ac001143ce361ed33e.jpg');

-- --------------------------------------------------------

--
-- Table structure for table `data_aset`
--

CREATE TABLE `data_aset` (
  `id_aset` int(11) NOT NULL,
  `nama_aset` varchar(128) DEFAULT NULL,
  `harga` double DEFAULT NULL
) ENGINE=MyISAM DEFAULT CHARSET=utf8mb4;

--
-- Dumping data for table `data_aset`
--

INSERT INTO `data_aset` (`id_aset`, `nama_aset`, `harga`) VALUES
(1, 'Full Set Komputer Core i5 Lcd 19inc Acer', 3499000),
(2, 'Full Set Komputer Core i5 Lcd 19inc Asus', 4000000),
(3, 'Full Set Komputer Core i5 Lcd 19inc Lenovo', 3000000),
(4, 'Full Set Komputer Core i5 Lcd 19inc Acer', 2925000);

-- --------------------------------------------------------

--
-- Table structure for table `kategori_barang`
--

CREATE TABLE `kategori_barang` (
  `id_kategori` int(11) NOT NULL,
  `kode_kategori` varchar(128) DEFAULT NULL,
  `nama_kategori` varchar(128) DEFAULT NULL,
  `updated_at` date DEFAULT NULL
) ENGINE=MyISAM DEFAULT CHARSET=utf8mb4;

--
-- Dumping data for table `kategori_barang`
--

INSERT INTO `kategori_barang` (`id_kategori`, `kode_kategori`, `nama_kategori`, `updated_at`) VALUES
(2, 'ELK', 'ELEKTRONIK', '2020-09-24'),
(3, 'FNT', 'FURNITURE', '2020-09-24'),
(4, 'OA', 'Office Accessories', '2021-09-07'),
(5, 'PF', 'PLAFON', '2023-01-17');

-- --------------------------------------------------------

--
-- Table structure for table `keputusan_pengadaan`
--

CREATE TABLE `keputusan_pengadaan` (
  `id_nilai` int(11) NOT NULL,
  `id_aset` int(11) DEFAULT NULL,
  `id_spesifikasi` int(11) DEFAULT NULL,
  `id_kualitas` int(11) DEFAULT NULL
) ENGINE=MyISAM DEFAULT CHARSET=utf8mb4;

--
-- Dumping data for table `keputusan_pengadaan`
--

INSERT INTO `keputusan_pengadaan` (`id_nilai`, `id_aset`, `id_spesifikasi`, `id_kualitas`) VALUES
(1, 1, 1, 2),
(2, 2, 2, 1),
(3, 3, 2, 2),
(4, 4, 3, 2);

-- --------------------------------------------------------

--
-- Table structure for table `kriteria_kualitas`
--

CREATE TABLE `kriteria_kualitas` (
  `id_kualitas` int(11) NOT NULL,
  `keterangan` varchar(128) DEFAULT NULL,
  `nilai` double DEFAULT NULL
) ENGINE=MyISAM DEFAULT CHARSET=utf8mb4;

--
-- Dumping data for table `kriteria_kualitas`
--

INSERT INTO `kriteria_kualitas` (`id_kualitas`, `keterangan`, `nilai`) VALUES
(1, 'Sangat Baik', 0.5),
(2, 'Baik', 0.4),
(3, 'Cukup', 0.3),
(4, 'Jelek', 0.2),
(5, 'Sangat Jelek', 0.1);

-- --------------------------------------------------------

--
-- Table structure for table `kriteria_spesifikasi`
--

CREATE TABLE `kriteria_spesifikasi` (
  `id_spesifikasi` int(11) NOT NULL,
  `keterangan` varchar(128) DEFAULT NULL,
  `nilai` double DEFAULT NULL
) ENGINE=MyISAM DEFAULT CHARSET=utf8mb4;

--
-- Dumping data for table `kriteria_spesifikasi`
--

INSERT INTO `kriteria_spesifikasi` (`id_spesifikasi`, `keterangan`, `nilai`) VALUES
(1, 'Sangat Baik', 0.5),
(2, 'Baik', 0.4),
(3, 'Cukup', 0.3),
(4, 'Jelek', 0.2),
(5, 'Sangat Jelek', 0.1);

-- --------------------------------------------------------

--
-- Table structure for table `lokasi_aset`
--

CREATE TABLE `lokasi_aset` (
  `id_lokasi` int(128) NOT NULL,
  `nama_lokasi` varchar(128) NOT NULL,
  `updated_at` datetime NOT NULL
) ENGINE=MyISAM DEFAULT CHARSET=utf8mb4;

--
-- Dumping data for table `lokasi_aset`
--

INSERT INTO `lokasi_aset` (`id_lokasi`, `nama_lokasi`, `updated_at`) VALUES
(1, 'Ruang Laboratorium Fisika', '2021-09-07 15:31:11'),
(25, 'Ruang Laboratorium Komputer', '2021-09-07 14:29:17'),
(26, 'Gudang', '2022-11-18 23:27:01'),
(27, 'ICU', '2022-11-18 23:27:14'),
(28, 'PICU', '2023-01-17 19:19:57'),
(29, 'RADIOLOGI', '2023-01-17 19:20:10'),
(30, 'ICU', '2023-01-17 19:20:17'),
(31, 'APOTEK BPJS', '2023-01-17 19:20:30');

-- --------------------------------------------------------

--
-- Table structure for table `monitoring_aset`
--

CREATE TABLE `monitoring_aset` (
  `id_monitoring` int(11) NOT NULL,
  `id_aset` varchar(128) DEFAULT NULL,
  `kerusakan` text DEFAULT NULL,
  `akibat` text DEFAULT NULL,
  `faktor` text DEFAULT NULL,
  `monitoring` text DEFAULT NULL,
  `pemeliharaan` text DEFAULT NULL,
  `jml_rusak` varchar(128) DEFAULT NULL,
  `foto` varchar(128) DEFAULT NULL,
  `updated_at` datetime DEFAULT NULL
) ENGINE=MyISAM DEFAULT CHARSET=utf8mb4;

--
-- Dumping data for table `monitoring_aset`
--

INSERT INTO `monitoring_aset` (`id_monitoring`, `id_aset`, `kerusakan`, `akibat`, `faktor`, `monitoring`, `pemeliharaan`, `jml_rusak`, `foto`, `updated_at`) VALUES
(2, 'de0ebc12062f43a383cbf9849be492c9', '<p>-</p>', '<p>-</p>', '<p>-</p>', '<p>-</p>', '<p>-</p>', '1', 'c8cb201401471bbb41b21421e3362a91.jpg', '2021-12-25 10:55:20');

-- --------------------------------------------------------

--
-- Table structure for table `mutasi`
--

CREATE TABLE `mutasi` (
  `id` int(11) NOT NULL,
  `aset_id` varchar(128) DEFAULT NULL,
  `nama_user_m` varchar(128) DEFAULT NULL,
  `lokasi_m` varchar(128) DEFAULT NULL,
  `user_id` int(11) DEFAULT NULL,
  `lokasi_id` int(11) DEFAULT NULL,
  `tgl_mutasi` date DEFAULT NULL,
  `status` varchar(128) DEFAULT NULL
) ENGINE=MyISAM DEFAULT CHARSET=utf8mb4;

--
-- Dumping data for table `mutasi`
--

INSERT INTO `mutasi` (`id`, `aset_id`, `nama_user_m`, `lokasi_m`, `user_id`, `lokasi_id`, `tgl_mutasi`, `status`) VALUES
(5, '454725bfd63b48dcbc1e7d0b9259c967', 'Ikbal Akbar', 'Ruang Laboratorium Komputer', 9, 1, '2021-12-25', '-');

-- --------------------------------------------------------

--
-- Table structure for table `peminjaman`
--

CREATE TABLE `peminjaman` (
  `id` int(11) NOT NULL,
  `aset_id` varchar(128) DEFAULT NULL,
  `jml_pinjam` int(11) DEFAULT NULL,
  `kondisi_pinjam` varchar(128) DEFAULT NULL,
  `no_pinjam` varchar(128) DEFAULT NULL,
  `tgl_pinjam` date DEFAULT NULL,
  `tgl_kembali` date DEFAULT NULL,
  `status` varchar(128) DEFAULT NULL
) ENGINE=MyISAM DEFAULT CHARSET=utf8mb4;

--
-- Dumping data for table `peminjaman`
--

INSERT INTO `peminjaman` (`id`, `aset_id`, `jml_pinjam`, `kondisi_pinjam`, `no_pinjam`, `tgl_pinjam`, `tgl_kembali`, `status`) VALUES
(3, '91a18727357142a99b7302013a6d6ad0', 1, 'Baik', '001', '2021-12-25', '2022-01-08', 'Dipinjam');

-- --------------------------------------------------------

--
-- Table structure for table `pengadaan`
--

CREATE TABLE `pengadaan` (
  `id_pengadaan` int(11) NOT NULL,
  `id_user` int(11) DEFAULT NULL,
  `nama_item` int(10) DEFAULT NULL,
  `volume` int(11) DEFAULT NULL,
  `satuan` int(128) DEFAULT NULL,
  `harga_satuan` double DEFAULT NULL,
  `tahun_pengadaan` varchar(4) DEFAULT NULL,
  `status` enum('0','1','2') DEFAULT '0',
  `created_at` date DEFAULT NULL,
  `status_keranjang` double DEFAULT 0,
  `tgl_keranjang` date DEFAULT NULL,
  `device_keranjang` varchar(180) DEFAULT NULL,
  `ip_keranjang` varchar(50) DEFAULT NULL,
  `pengadaan_unik` varchar(255) DEFAULT NULL
) ENGINE=MyISAM DEFAULT CHARSET=latin1;

--
-- Dumping data for table `pengadaan`
--

INSERT INTO `pengadaan` (`id_pengadaan`, `id_user`, `nama_item`, `volume`, `satuan`, `harga_satuan`, `tahun_pengadaan`, `status`, `created_at`, `status_keranjang`, `tgl_keranjang`, `device_keranjang`, `ip_keranjang`, `pengadaan_unik`) VALUES
(7, 1, 15, 1, 0, 25000000, '2022', '0', '2022-01-19', 1, '2022-01-19', '0', '::1', ''),
(8, 1, 8, 2, 0, 2500000, '2022', '0', '2022-01-19', 1, '2022-02-02', 'Mozilla/5.0 (Windows NT 10.0; Win64; x64) AppleWebKit/537.36 (KHTML, like Gecko) Chrome/97.0.4692.99 Safari/537.36', '::1', ''),
(9, 1, 7, 12, 0, 12000000, '2022', '0', '2022-02-02', 1, '2022-02-02', 'Mozilla/5.0 (Windows NT 10.0; Win64; x64) AppleWebKit/537.36 (KHTML, like Gecko) Chrome/97.0.4692.99 Safari/537.36', '::1', ''),
(10, 1, 11, 12, 0, 2500000, '2022', '0', '2022-11-24', 1, '2022-11-24', NULL, NULL, '');

-- --------------------------------------------------------

--
-- Table structure for table `penghapusan`
--

CREATE TABLE `penghapusan` (
  `id_penghapusan` int(11) NOT NULL,
  `id_aset` varchar(128) DEFAULT NULL,
  `jumlah` int(11) DEFAULT NULL,
  `faktor` text DEFAULT NULL,
  `tgl_penghapusan` date DEFAULT NULL,
  `status` varchar(128) DEFAULT NULL
) ENGINE=MyISAM DEFAULT CHARSET=utf8mb4;

--
-- Dumping data for table `penghapusan`
--

INSERT INTO `penghapusan` (`id_penghapusan`, `id_aset`, `jumlah`, `faktor`, `tgl_penghapusan`, `status`) VALUES
(2, '2ce7c84b803f497189ce3b2601350c7b', 1, 'Patah', '2021-12-25', 'Dihapuskan');

-- --------------------------------------------------------

--
-- Table structure for table `satuan`
--

CREATE TABLE `satuan` (
  `id_satuan` varchar(20) NOT NULL,
  `nama_satuan` varchar(128) DEFAULT NULL
) ENGINE=MyISAM DEFAULT CHARSET=utf8mb4;

--
-- Dumping data for table `satuan`
--

INSERT INTO `satuan` (`id_satuan`, `nama_satuan`) VALUES
('L', 'Lembar'),
('U', 'Unit'),
('B', 'Bendel');

-- --------------------------------------------------------

--
-- Table structure for table `sub_kategori`
--

CREATE TABLE `sub_kategori` (
  `kode_sub` varchar(20) NOT NULL,
  `kategori_id` int(11) DEFAULT NULL,
  `nama_sub` varchar(128) DEFAULT NULL
) ENGINE=MyISAM DEFAULT CHARSET=utf8mb4;

--
-- Dumping data for table `sub_kategori`
--

INSERT INTO `sub_kategori` (`kode_sub`, `kategori_id`, `nama_sub`) VALUES
('ELK01', 2, 'Televisi'),
('FNT01', 3, 'Rak Penyimpanan'),
('FNT02', 3, 'Kursi');

-- --------------------------------------------------------

--
-- Table structure for table `users`
--

CREATE TABLE `users` (
  `id_user` int(6) NOT NULL,
  `nama_user` varchar(125) NOT NULL,
  `username` varchar(30) NOT NULL,
  `password` varchar(128) NOT NULL,
  `jabatan` varchar(128) NOT NULL,
  `role` enum('1','2','3') DEFAULT NULL,
  `foto` varchar(128) DEFAULT NULL
) ENGINE=MyISAM DEFAULT CHARSET=utf8mb4;

--
-- Dumping data for table `users`
--

INSERT INTO `users` (`id_user`, `nama_user`, `username`, `password`, `jabatan`, `role`, `foto`) VALUES
(1, 'Yusri Izza', 'admin', '21232f297a57a5a743894a0e4a801fc3', 'Administrator', '2', '568d67cdece2219afcde75bfc3c369d1.jpg'),
(9, 'Yusri', 'yusri', 'ce7e67164f4e34af2e967eb84eb2e91c', 'Tim IT', '3', NULL),
(10, 'Operator', 'Operator', '4b583376b2767b923c3e1da60d10de59', 'Operator', '3', 'a357642d0a862cb54a4f2e9e33d83e19.jpg');

--
-- Indexes for dumped tables
--

--
-- Indexes for table `asets`
--
ALTER TABLE `asets`
  ADD PRIMARY KEY (`id_aset`),
  ADD KEY `id_barang` (`id_barang`),
  ADD KEY `id_lokasi` (`id_lokasi`),
  ADD KEY `user_id` (`user_id`),
  ADD KEY `satuan_id` (`satuan_id`),
  ADD KEY `id_increment` (`id_increment`);

--
-- Indexes for table `barang`
--
ALTER TABLE `barang`
  ADD PRIMARY KEY (`id_barang`),
  ADD KEY `id_jenis` (`id_kategori`),
  ADD KEY `id_sub_kategori` (`id_sub_kategori`);

--
-- Indexes for table `data_aset`
--
ALTER TABLE `data_aset`
  ADD PRIMARY KEY (`id_aset`);

--
-- Indexes for table `kategori_barang`
--
ALTER TABLE `kategori_barang`
  ADD PRIMARY KEY (`id_kategori`);

--
-- Indexes for table `keputusan_pengadaan`
--
ALTER TABLE `keputusan_pengadaan`
  ADD PRIMARY KEY (`id_nilai`),
  ADD KEY `id_spesifikasi` (`id_spesifikasi`),
  ADD KEY `id_kualitas` (`id_kualitas`),
  ADD KEY `id_aset` (`id_aset`);

--
-- Indexes for table `kriteria_kualitas`
--
ALTER TABLE `kriteria_kualitas`
  ADD PRIMARY KEY (`id_kualitas`);

--
-- Indexes for table `kriteria_spesifikasi`
--
ALTER TABLE `kriteria_spesifikasi`
  ADD PRIMARY KEY (`id_spesifikasi`);

--
-- Indexes for table `lokasi_aset`
--
ALTER TABLE `lokasi_aset`
  ADD PRIMARY KEY (`id_lokasi`);

--
-- Indexes for table `monitoring_aset`
--
ALTER TABLE `monitoring_aset`
  ADD PRIMARY KEY (`id_monitoring`),
  ADD KEY `id_aset` (`id_aset`);

--
-- Indexes for table `mutasi`
--
ALTER TABLE `mutasi`
  ADD PRIMARY KEY (`id`),
  ADD KEY `aset_id` (`aset_id`),
  ADD KEY `user_id` (`nama_user_m`),
  ADD KEY `lokasi_id` (`lokasi_m`),
  ADD KEY `user_id_2` (`user_id`),
  ADD KEY `lokasi_id_2` (`lokasi_id`);

--
-- Indexes for table `peminjaman`
--
ALTER TABLE `peminjaman`
  ADD PRIMARY KEY (`id`),
  ADD KEY `aset_id` (`aset_id`);

--
-- Indexes for table `pengadaan`
--
ALTER TABLE `pengadaan`
  ADD PRIMARY KEY (`id_pengadaan`),
  ADD KEY `id_user` (`id_user`);

--
-- Indexes for table `penghapusan`
--
ALTER TABLE `penghapusan`
  ADD PRIMARY KEY (`id_penghapusan`),
  ADD KEY `id_aset` (`id_aset`);

--
-- Indexes for table `satuan`
--
ALTER TABLE `satuan`
  ADD PRIMARY KEY (`id_satuan`);

--
-- Indexes for table `sub_kategori`
--
ALTER TABLE `sub_kategori`
  ADD PRIMARY KEY (`kode_sub`),
  ADD KEY `kategori_id` (`kategori_id`);

--
-- Indexes for table `users`
--
ALTER TABLE `users`
  ADD PRIMARY KEY (`id_user`);

--
-- AUTO_INCREMENT for dumped tables
--

--
-- AUTO_INCREMENT for table `asets`
--
ALTER TABLE `asets`
  MODIFY `id_increment` int(10) NOT NULL AUTO_INCREMENT, AUTO_INCREMENT=20;

--
-- AUTO_INCREMENT for table `barang`
--
ALTER TABLE `barang`
  MODIFY `id_barang` int(11) NOT NULL AUTO_INCREMENT, AUTO_INCREMENT=19;

--
-- AUTO_INCREMENT for table `data_aset`
--
ALTER TABLE `data_aset`
  MODIFY `id_aset` int(11) NOT NULL AUTO_INCREMENT, AUTO_INCREMENT=5;

--
-- AUTO_INCREMENT for table `kategori_barang`
--
ALTER TABLE `kategori_barang`
  MODIFY `id_kategori` int(11) NOT NULL AUTO_INCREMENT, AUTO_INCREMENT=6;

--
-- AUTO_INCREMENT for table `keputusan_pengadaan`
--
ALTER TABLE `keputusan_pengadaan`
  MODIFY `id_nilai` int(11) NOT NULL AUTO_INCREMENT, AUTO_INCREMENT=5;

--
-- AUTO_INCREMENT for table `kriteria_kualitas`
--
ALTER TABLE `kriteria_kualitas`
  MODIFY `id_kualitas` int(11) NOT NULL AUTO_INCREMENT, AUTO_INCREMENT=6;

--
-- AUTO_INCREMENT for table `kriteria_spesifikasi`
--
ALTER TABLE `kriteria_spesifikasi`
  MODIFY `id_spesifikasi` int(11) NOT NULL AUTO_INCREMENT, AUTO_INCREMENT=6;

--
-- AUTO_INCREMENT for table `lokasi_aset`
--
ALTER TABLE `lokasi_aset`
  MODIFY `id_lokasi` int(128) NOT NULL AUTO_INCREMENT, AUTO_INCREMENT=32;

--
-- AUTO_INCREMENT for table `monitoring_aset`
--
ALTER TABLE `monitoring_aset`
  MODIFY `id_monitoring` int(11) NOT NULL AUTO_INCREMENT, AUTO_INCREMENT=3;

--
-- AUTO_INCREMENT for table `mutasi`
--
ALTER TABLE `mutasi`
  MODIFY `id` int(11) NOT NULL AUTO_INCREMENT, AUTO_INCREMENT=6;

--
-- AUTO_INCREMENT for table `peminjaman`
--
ALTER TABLE `peminjaman`
  MODIFY `id` int(11) NOT NULL AUTO_INCREMENT, AUTO_INCREMENT=4;

--
-- AUTO_INCREMENT for table `pengadaan`
--
ALTER TABLE `pengadaan`
  MODIFY `id_pengadaan` int(11) NOT NULL AUTO_INCREMENT, AUTO_INCREMENT=11;

--
-- AUTO_INCREMENT for table `penghapusan`
--
ALTER TABLE `penghapusan`
  MODIFY `id_penghapusan` int(11) NOT NULL AUTO_INCREMENT, AUTO_INCREMENT=3;

--
-- AUTO_INCREMENT for table `users`
--
ALTER TABLE `users`
  MODIFY `id_user` int(6) NOT NULL AUTO_INCREMENT, AUTO_INCREMENT=11;
COMMIT;

/*!40101 SET CHARACTER_SET_CLIENT=@OLD_CHARACTER_SET_CLIENT */;
/*!40101 SET CHARACTER_SET_RESULTS=@OLD_CHARACTER_SET_RESULTS */;
/*!40101 SET COLLATION_CONNECTION=@OLD_COLLATION_CONNECTION */;
