-- MySQL dump 10.13  Distrib 5.7.12, for Win32 (AMD64)
--
-- Host: localhost    Database: db_kecamatan
-- ------------------------------------------------------
-- Server version	5.5.5-10.1.30-MariaDB

/*!40101 SET @OLD_CHARACTER_SET_CLIENT=@@CHARACTER_SET_CLIENT */;
/*!40101 SET @OLD_CHARACTER_SET_RESULTS=@@CHARACTER_SET_RESULTS */;
/*!40101 SET @OLD_COLLATION_CONNECTION=@@COLLATION_CONNECTION */;
/*!40101 SET NAMES utf8 */;
/*!40103 SET @OLD_TIME_ZONE=@@TIME_ZONE */;
/*!40103 SET TIME_ZONE='+00:00' */;
/*!40014 SET @OLD_UNIQUE_CHECKS=@@UNIQUE_CHECKS, UNIQUE_CHECKS=0 */;
/*!40014 SET @OLD_FOREIGN_KEY_CHECKS=@@FOREIGN_KEY_CHECKS, FOREIGN_KEY_CHECKS=0 */;
/*!40101 SET @OLD_SQL_MODE=@@SQL_MODE, SQL_MODE='NO_AUTO_VALUE_ON_ZERO' */;
/*!40111 SET @OLD_SQL_NOTES=@@SQL_NOTES, SQL_NOTES=0 */;

--
-- Table structure for table `grafik_isi`
--

DROP TABLE IF EXISTS `grafik_isi`;
/*!40101 SET @saved_cs_client     = @@character_set_client */;
/*!40101 SET character_set_client = utf8 */;
CREATE TABLE `grafik_isi` (
  `id` int(11) NOT NULL AUTO_INCREMENT,
  `id_subjudul` int(11) DEFAULT NULL,
  `kode` char(3) DEFAULT NULL,
  `isi` varchar(10) DEFAULT NULL,
  PRIMARY KEY (`id`)
) ENGINE=InnoDB AUTO_INCREMENT=4243 DEFAULT CHARSET=latin1;
/*!40101 SET character_set_client = @saved_cs_client */;

--
-- Dumping data for table `grafik_isi`
--

LOCK TABLES `grafik_isi` WRITE;
/*!40000 ALTER TABLE `grafik_isi` DISABLE KEYS */;
INSERT INTO `grafik_isi` VALUES (1,1,'001','1.08'),(2,1,'002','0.82'),(3,1,'003','0.77'),(4,1,'004','0.88'),(5,1,'005','1.42'),(6,1,'006','1.54'),(7,1,'007','1.91'),(8,1,'008','0.59'),(9,1,'009','0.13'),(10,1,'010','1.15'),(11,1,'011','0.57'),(12,1,'012','0.97'),(13,1,'013','0.60'),(14,1,'014','1.25'),(15,2,'001','7861'),(16,2,'002','5997'),(17,2,'003','5627'),(18,2,'004','6406'),(19,2,'005','10373'),(20,2,'006','11243'),(21,2,'007','13981'),(22,2,'008','4318'),(23,2,'009','0.958'),(24,2,'010','8439'),(25,2,'011','4183'),(26,2,'012','7057'),(27,2,'013','4388'),(28,2,'014','9.17'),(29,3,'001','3.1'),(30,3,'002','1.3'),(31,3,'003','1'),(32,3,'004','0.5'),(33,3,'005','1'),(34,3,'006','1'),(35,3,'007','2'),(36,3,'008','1.5'),(37,3,'009','1'),(38,3,'010','2'),(39,3,'011','1.5'),(40,3,'012','2.5'),(41,3,'013','2'),(42,3,'014','2.5'),(43,4,'001','6.00'),(44,4,'002','13.00'),(45,4,'003',''),(46,4,'004','27.00'),(47,4,'005','15.00'),(48,4,'006','18.00'),(49,4,'007','77.00'),(50,4,'008',''),(51,4,'009','1.98'),(52,4,'010',''),(53,4,'011',''),(54,4,'012',''),(55,4,'013',''),(56,4,'014',''),(57,5,'001','64.00'),(58,5,'002','22.00'),(59,5,'003','35.27'),(60,5,'004',''),(61,5,'005','23.00'),(62,5,'006','35.34'),(63,5,'007','17.35'),(64,5,'008','14.00'),(65,5,'009',''),(66,5,'010','65.00'),(67,5,'011','23.55'),(68,5,'012','41.00'),(69,5,'013','11.00'),(70,5,'014','41.40'),(71,6,'001',''),(72,6,'002',''),(73,6,'003',''),(74,6,'004',''),(75,6,'005','11.00'),(76,6,'006',''),(77,6,'007',''),(78,6,'008',''),(79,6,'009',''),(80,6,'010',''),(81,6,'011',''),(82,6,'012',''),(83,6,'013',''),(84,6,'014',''),(85,7,'001','70.00'),(86,7,'002','35.00'),(87,7,'003','35.27'),(88,7,'004','27.00'),(89,7,'005','49.00'),(90,7,'006','53.34'),(91,7,'007','94.35'),(92,7,'008','14'),(93,7,'009','1,98'),(94,7,'010','65.00'),(95,7,'011','23,55'),(96,7,'012','41.00'),(97,7,'013','11.00'),(98,7,'014','41.40'),(99,8,'001','10.00'),(100,8,'002','46.30'),(101,8,'003','31.27'),(102,8,'004','48.55'),(103,8,'005','90.45'),(104,8,'006','89.90'),(105,8,'007','92.84'),(106,8,'008','44.05'),(107,8,'009','10.10'),(108,8,'010','45.72'),(109,8,'011','30.65'),(110,8,'012','52.50'),(111,8,'013','34.20'),(112,8,'014','72.20'),(113,9,'001','25.00'),(114,9,'002',''),(115,9,'003',''),(116,9,'004',''),(117,9,'005',''),(118,9,'006',''),(119,9,'007',''),(120,9,'008',''),(121,9,'009',''),(122,9,'010',''),(123,9,'011',''),(124,9,'012','1.00'),(125,9,'013',''),(126,9,'014',''),(127,10,'001','2.50'),(128,10,'002','2.14'),(129,10,'003','10.40'),(130,10,'004','12.05'),(131,10,'005','2.40'),(132,10,'006','10.50'),(133,10,'007','4.00'),(134,10,'008','1.00'),(135,10,'009','1.02'),(136,10,'010','4.68'),(137,10,'011','3.00'),(138,10,'012','2.00'),(139,10,'013','14.80'),(140,10,'014','10.79'),(141,11,'001','37.50'),(142,11,'002','48.44'),(143,11,'003','41.67'),(144,11,'004','60.60'),(145,11,'005','92.85'),(146,11,'006','100.40'),(147,11,'007','96.84'),(148,11,'008','45.05'),(149,11,'009','11.12'),(150,11,'010','50.40'),(151,11,'011','33.65'),(152,11,'012','55.50'),(153,11,'013','49.00'),(154,11,'014','83.99'),(155,12,'001','107.50'),(156,12,'002','83.44'),(157,12,'003','76.94'),(158,12,'004','87.60'),(159,12,'005','141.85'),(160,12,'006','153.74'),(161,12,'007','191.19'),(162,12,'008','59.05'),(163,12,'009','13.10'),(164,12,'010','115.40'),(165,12,'011','57.20'),(166,12,'012','96.50'),(167,12,'013','60.00'),(168,12,'014','125.39'),(169,13,'001','6'),(170,13,'002','0'),(171,13,'003','0'),(172,13,'004','0'),(173,13,'005','0'),(174,13,'006','0'),(175,13,'007','0'),(176,13,'008','0'),(177,13,'009','0'),(178,13,'010','0'),(179,13,'011','0'),(180,13,'012','2'),(181,13,'013','0'),(182,13,'014','0'),(183,14,'001','4'),(184,14,'002','8'),(185,14,'003','7'),(186,14,'004','5'),(187,14,'005','6'),(188,14,'006','12'),(189,14,'007','9'),(190,14,'008','6'),(191,14,'009','2'),(192,14,'010','10'),(193,14,'011','5'),(194,14,'012','4'),(195,14,'013','6'),(196,14,'014','7'),(197,15,'001','14'),(198,15,'002','18'),(199,15,'003','34'),(200,15,'004','19'),(201,15,'005','22'),(202,15,'006','42'),(203,15,'007','44'),(204,15,'008','16'),(205,15,'009','8'),(206,15,'010','28'),(207,15,'011','21'),(208,15,'012','12'),(209,15,'013','26'),(210,15,'014','19'),(211,16,'001','1'),(212,16,'002','1'),(213,16,'003','1'),(214,16,'004','1'),(215,16,'005','1'),(216,16,'006','1'),(217,16,'007','1'),(218,16,'008','1'),(219,16,'009','1'),(220,16,'010','1'),(221,16,'011','1'),(222,16,'012','1'),(223,16,'013','1'),(224,16,'014','1'),(225,17,'001','1'),(226,17,'002','1'),(227,17,'003','1'),(228,17,'004','1'),(229,17,'005','1'),(230,17,'006','1'),(231,17,'007','1'),(232,17,'008','1'),(233,17,'009','1'),(234,17,'010','1'),(235,17,'011','1'),(236,17,'012','1'),(237,17,'013','1'),(238,17,'014','1'),(239,18,'001','1'),(240,18,'002','1'),(241,18,'003','1'),(242,18,'004','1'),(243,18,'005','1'),(244,18,'006','1'),(245,18,'007','1'),(246,18,'008','1'),(247,18,'009','1'),(248,18,'010','1'),(249,18,'011','1'),(250,18,'012','1'),(251,18,'013','1'),(252,18,'014','1'),(253,19,'001','1'),(254,19,'002','1'),(255,19,'003','1'),(256,19,'004','1'),(257,19,'005','1'),(258,19,'006','1'),(259,19,'007','1'),(260,19,'008','1'),(261,19,'009','1'),(262,19,'010','1'),(263,19,'011','1'),(264,19,'012','1'),(265,19,'013','1'),(266,19,'014','1'),(267,20,'001','1'),(268,20,'002','1'),(269,20,'003','1'),(270,20,'004','1'),(271,20,'005','1'),(272,20,'006','1'),(273,20,'007','1'),(274,20,'008','1'),(275,20,'009','1'),(276,20,'010','1'),(277,20,'011','1'),(278,20,'012','1'),(279,20,'013','1'),(280,20,'014','1'),(281,21,'001','1'),(282,21,'002','1'),(283,21,'003','1'),(284,21,'004','1'),(285,21,'005','1'),(286,21,'006','1'),(287,21,'007','1'),(288,21,'008','1'),(289,21,'009','1'),(290,21,'010','1'),(291,21,'011','1'),(292,21,'012','1'),(293,21,'013','1'),(294,21,'014','1'),(295,22,'001',''),(296,22,'002',''),(297,22,'003',''),(298,22,'004',''),(299,22,'005',''),(300,22,'006',''),(301,22,'007','1'),(302,22,'008',''),(303,22,'009',''),(304,22,'010',''),(305,22,'011',''),(306,22,'012',''),(307,22,'013',''),(308,22,'014',''),(309,23,'001','10'),(310,23,'002',''),(311,23,'003',''),(312,23,'004',''),(313,23,'005','1'),(314,23,'006','10'),(315,23,'007','4'),(316,23,'008',''),(317,23,'009','27'),(318,23,'010','29'),(319,23,'011',''),(320,23,'012',''),(321,23,'013','51'),(322,23,'014',''),(323,24,'001','19'),(324,24,'002','1'),(325,24,'003','1'),(326,24,'004',''),(327,24,'005','6'),(328,24,'006','22'),(329,24,'007','4'),(330,24,'008',''),(331,24,'009','1'),(332,24,'010','2'),(333,24,'011','1'),(334,24,'012','1'),(335,24,'013','71'),(336,24,'014','1'),(337,25,'001','1'),(338,25,'002',''),(339,25,'003',''),(340,25,'004',''),(341,25,'005','1'),(342,25,'006','1'),(343,25,'007','10'),(344,25,'008',''),(345,25,'009',''),(346,25,'010',''),(347,25,'011',''),(348,25,'012',''),(349,25,'013','1'),(350,25,'014','3'),(351,26,'001',''),(352,26,'002',''),(353,26,'003',''),(354,26,'004',''),(355,26,'005',''),(356,26,'006','2'),(357,26,'007','3'),(358,26,'008',''),(359,26,'009',''),(360,26,'010',''),(361,26,'011',''),(362,26,'012',''),(363,26,'013','20'),(364,26,'014','4'),(365,27,'001','30'),(366,27,'002','1'),(367,27,'003','1'),(368,27,'004',''),(369,27,'005','8'),(370,27,'006','35'),(371,27,'007','22'),(372,27,'008',''),(373,27,'009','28'),(374,27,'010','31'),(375,27,'011','1'),(376,27,'012','1'),(377,27,'013','143'),(378,27,'014','8'),(379,28,'001','1179'),(380,28,'002','2127'),(381,28,'003','2471'),(382,28,'004','1546'),(383,28,'005','3251'),(384,28,'006','4564'),(385,28,'007','3546'),(386,28,'008','1240'),(387,28,'009','463'),(388,28,'010','2623'),(389,28,'011','2642'),(390,28,'012','1580'),(391,28,'013','2508'),(392,28,'014','2365'),(393,29,'001','1159'),(394,29,'002','2280'),(395,29,'003','2645'),(396,29,'004','1783'),(397,29,'005','3315'),(398,29,'006','4833'),(399,29,'007','3791'),(400,29,'008','1413'),(401,29,'009','575'),(402,29,'010','2749'),(403,29,'011','2813'),(404,29,'012','1562'),(405,29,'013','2497'),(406,29,'014','2605'),(407,30,'001','2338'),(408,30,'002','4407'),(409,30,'003','5116'),(410,30,'004','3329'),(411,30,'005','6566'),(412,30,'006','9397'),(413,30,'007','7337'),(414,30,'008','2653'),(415,30,'009','1038'),(416,30,'010','5372'),(417,30,'011','5455'),(418,30,'012','3142'),(419,30,'013','5005'),(420,30,'014','4970'),(421,31,'001','102'),(422,31,'002','93'),(423,31,'003','93'),(424,31,'004','87'),(425,31,'005','98'),(426,31,'006','94'),(427,31,'007','94'),(428,31,'008','88'),(429,31,'009','81'),(430,31,'010','95'),(431,31,'011','94'),(432,31,'012','101'),(433,31,'013','100'),(434,31,'014','91'),(435,32,'001','1.08'),(436,32,'002','0.82'),(437,32,'003','0.77'),(438,32,'004','0.88'),(439,32,'005','1.42'),(440,32,'006','1.54'),(441,32,'007','1.91'),(442,32,'008','0.59'),(443,32,'009','0.13'),(444,32,'010','1.15'),(445,32,'011','0.57'),(446,32,'012','0.97'),(447,32,'013','0.60'),(448,32,'014','1.25'),(449,33,'001','2338'),(450,33,'002','4407'),(451,33,'003','5116'),(452,33,'004','3329'),(453,33,'005','6566'),(454,33,'006','9397'),(455,33,'007','7337'),(456,33,'008','2653'),(457,33,'009','1038'),(458,33,'010','5372'),(459,33,'011','5455'),(460,33,'012','3142'),(461,33,'013','5005'),(462,33,'014','4970'),(463,34,'001','2175'),(464,34,'002','5374'),(465,34,'003','6649'),(466,34,'004','3800'),(467,34,'005','4629'),(468,34,'006','6112'),(469,34,'007','3838'),(470,34,'008','4493'),(471,34,'009','7924'),(472,34,'010','4655'),(473,34,'011','9537'),(474,34,'012','3256'),(475,34,'013','8342'),(476,34,'014','3964'),(477,35,'001','824'),(478,35,'002','1649'),(479,35,'003','1657'),(480,35,'004','1266'),(481,35,'005','2121'),(482,35,'006','2432'),(483,35,'007','2804'),(484,35,'008','1099'),(485,35,'009','429'),(486,35,'010','1753'),(487,35,'011','1308'),(488,35,'012','911'),(489,35,'013','1505'),(490,35,'014','1783'),(491,36,'001','3'),(492,36,'002','3'),(493,36,'003','3'),(494,36,'004','3'),(495,36,'005','3'),(496,36,'006','4'),(497,36,'007','3'),(498,36,'008','2'),(499,36,'009','2'),(500,36,'010','3'),(501,36,'011','4'),(502,36,'012','3'),(503,36,'013','3'),(504,36,'014','3'),(505,37,'001','949'),(506,37,'002','2522'),(507,37,'003','2812'),(508,37,'004','1854'),(509,37,'005','3061'),(510,37,'006','5241'),(511,37,'007','4434'),(512,37,'008','1658'),(513,37,'009','648'),(514,37,'010','2752'),(515,37,'011','1703'),(516,37,'012','1506'),(517,37,'013','2151'),(518,37,'014','3039'),(519,38,'001','944'),(520,38,'002','2653'),(521,38,'003','2854'),(522,38,'004','1886'),(523,38,'005','3105'),(524,38,'006','5506'),(525,38,'007','4146'),(526,38,'008','1705'),(527,38,'009','710'),(528,38,'010','2787'),(529,38,'011','1806'),(530,38,'012','1592'),(531,38,'013','2188'),(532,38,'014','3398'),(533,39,'001',''),(534,39,'002',''),(535,39,'003',''),(536,39,'004',''),(537,39,'005',''),(538,39,'006',''),(539,39,'007',''),(540,39,'008',''),(541,39,'009',''),(542,39,'010',''),(543,39,'011',''),(544,39,'012',''),(545,39,'013',''),(546,39,'014','1'),(547,40,'001','1179'),(548,40,'002','2127'),(549,40,'003','2471'),(550,40,'004','1546'),(551,40,'005','3251'),(552,40,'006','4564'),(553,40,'007','3546'),(554,40,'008','1240'),(555,40,'009','463'),(556,40,'010','2623'),(557,40,'011','2642'),(558,40,'012','1580'),(559,40,'013','2508'),(560,40,'014','2364'),(561,41,'001','1159'),(562,41,'002','2280'),(563,41,'003','2645'),(564,41,'004','1783'),(565,41,'005','3315'),(566,41,'006','4833'),(567,41,'007','3791'),(568,41,'008','1413'),(569,41,'009','575'),(570,41,'010','2749'),(571,41,'011','2813'),(572,41,'012','1562'),(573,41,'013','2497'),(574,41,'014','2605'),(575,42,'001','85'),(576,42,'002','172'),(577,42,'003','213'),(578,42,'004','106'),(579,42,'005','283'),(580,42,'006','383'),(581,42,'007','293'),(582,42,'008','103'),(583,42,'009','31'),(584,42,'010','228'),(585,42,'011','232'),(586,42,'012','156'),(587,42,'013','216'),(588,42,'014','172'),(589,43,'001','100'),(590,43,'002','141'),(591,43,'003','170'),(592,43,'004','122'),(593,43,'005','218'),(594,43,'006','350'),(595,43,'007','267'),(596,43,'008','107'),(597,43,'009','40'),(598,43,'010','226'),(599,43,'011','251'),(600,43,'012','124'),(601,43,'013','197'),(602,43,'014','149'),(603,44,'001','111'),(604,44,'002','167'),(605,44,'003','193'),(606,44,'004','110'),(607,44,'005','273'),(608,44,'006','372'),(609,44,'007','269'),(610,44,'008','93'),(611,44,'009','37'),(612,44,'010','219'),(613,44,'011','259'),(614,44,'012','129'),(615,44,'013','220'),(616,44,'014','170'),(617,45,'001','96'),(618,45,'002','182'),(619,45,'003','199'),(620,45,'004','111'),(621,45,'005','261'),(622,45,'006','347'),(623,45,'007','274'),(624,45,'008','102'),(625,45,'009','39'),(626,45,'010','205'),(627,45,'011','242'),(628,45,'012','120'),(629,45,'013','220'),(630,45,'014','163'),(631,46,'001','100'),(632,46,'002','173'),(633,46,'003','178'),(634,46,'004','110'),(635,46,'005','252'),(636,46,'006','362'),(637,46,'007','281'),(638,46,'008','97'),(639,46,'009','25'),(640,46,'010','196'),(641,46,'011','252'),(642,46,'012','147'),(643,46,'013','243'),(644,46,'014','167'),(645,47,'001','95'),(646,47,'002','166'),(647,47,'003','184'),(648,47,'004','110'),(649,47,'005','222'),(650,47,'006','357'),(651,47,'007','272'),(652,47,'008','102'),(653,47,'009','26'),(654,47,'010','191'),(655,47,'011','238'),(656,47,'012','128'),(657,47,'013','218'),(658,47,'014','164'),(659,48,'001','82'),(660,48,'002','164'),(661,48,'003','179'),(662,48,'004','121'),(663,48,'005','232'),(664,48,'006','323'),(665,48,'007','264'),(666,48,'008','96'),(667,48,'009','36'),(668,48,'010','216'),(669,48,'011','171'),(670,48,'012','125'),(671,48,'013','192'),(672,48,'014','171'),(673,49,'001','67'),(674,49,'002','173'),(675,49,'003','227'),(676,49,'004','131'),(677,49,'005','237'),(678,49,'006','340'),(679,49,'007','275'),(680,49,'008','113'),(681,49,'009','52'),(682,49,'010','209'),(683,49,'011','239'),(684,49,'012','108'),(685,49,'013','221'),(686,49,'014','244'),(687,50,'001','126'),(688,50,'002','133'),(689,50,'003','42'),(690,50,'004','50'),(691,50,'005','140'),(692,50,'006','129'),(693,50,'007','60'),(694,50,'008','7'),(695,50,'009',''),(696,50,'010','127'),(697,50,'011','61'),(698,50,'012','229'),(699,50,'013','35'),(700,50,'014','43'),(701,51,'001',''),(702,51,'002',''),(703,51,'003',''),(704,51,'004',''),(705,51,'005',''),(706,51,'006',''),(707,51,'007',''),(708,51,'008',''),(709,51,'009',''),(710,51,'010',''),(711,51,'011',''),(712,51,'012',''),(713,51,'013',''),(714,51,'014',''),(715,52,'001','147'),(716,52,'002','305'),(717,52,'003','290'),(718,52,'004','220'),(719,52,'005','509'),(720,52,'006','507'),(721,52,'007','626'),(722,52,'008','100'),(723,52,'009','41'),(724,52,'010','392'),(725,52,'011','369'),(726,52,'012','221'),(727,52,'013','453'),(728,52,'014','285'),(729,53,'001',''),(730,53,'002',''),(731,53,'003',''),(732,53,'004',''),(733,53,'005',''),(734,53,'006',''),(735,53,'007',''),(736,53,'008',''),(737,53,'009',''),(738,53,'010',''),(739,53,'011',''),(740,53,'012',''),(741,53,'013',''),(742,53,'014',''),(743,54,'001','120'),(744,54,'002','198'),(745,54,'003','187'),(746,54,'004','70'),(747,54,'005','210'),(748,54,'006','277'),(749,54,'007','270'),(750,54,'008','33'),(751,54,'009','15'),(752,54,'010','166'),(753,54,'011','71'),(754,54,'012','73'),(755,54,'013','61'),(756,54,'014','78'),(757,55,'001','266'),(758,55,'002','676'),(759,55,'003','771'),(760,55,'004','574'),(761,55,'005','872'),(762,55,'006','1,106'),(763,55,'007','1,181'),(764,55,'008','568'),(765,55,'009','215'),(766,55,'010','712'),(767,55,'011','503'),(768,55,'012','192'),(769,55,'013','770'),(770,55,'014','1,138'),(771,56,'001','26'),(772,56,'002','42'),(773,56,'003','71'),(774,56,'004','39'),(775,56,'005','61'),(776,56,'006','137'),(777,56,'007','144'),(778,56,'008','18'),(779,56,'009','16'),(780,56,'010','73'),(781,56,'011','35'),(782,56,'012','23'),(783,56,'013','41'),(784,56,'014','114'),(785,57,'001','12'),(786,57,'002','21'),(787,57,'003','23'),(788,57,'004','21'),(789,57,'005','33'),(790,57,'006','35'),(791,57,'007','51'),(792,57,'008','14'),(793,57,'009','22'),(794,57,'010','16'),(795,57,'011','14'),(796,57,'012','11'),(797,57,'013','21'),(798,57,'014','42'),(799,58,'001',''),(800,58,'002',''),(801,58,'003',''),(802,58,'004',''),(803,58,'005',''),(804,58,'006',''),(805,58,'007',''),(806,58,'008',''),(807,58,'009',''),(808,58,'010','1'),(809,58,'011',''),(810,58,'012',''),(811,58,'013',''),(812,58,'014',''),(813,59,'001',''),(814,59,'002',''),(815,59,'003',''),(816,59,'004',''),(817,59,'005',''),(818,59,'006',''),(819,59,'007',''),(820,59,'008',''),(821,59,'009',''),(822,59,'010','11'),(823,59,'011',''),(824,59,'012',''),(825,59,'013',''),(826,59,'014',''),(827,60,'001',''),(828,60,'002',''),(829,60,'003',''),(830,60,'004',''),(831,60,'005',''),(832,60,'006',''),(833,60,'007',''),(834,60,'008',''),(835,60,'009',''),(836,60,'010','112'),(837,60,'011',''),(838,60,'012',''),(839,60,'013',''),(840,60,'014',''),(841,61,'001','1'),(842,61,'002','2'),(843,61,'003','5'),(844,61,'004','3'),(845,61,'005','3'),(846,61,'006','2'),(847,61,'007','6'),(848,61,'008','5'),(849,61,'009','1'),(850,61,'010','1'),(851,61,'011','2'),(852,61,'012','1'),(853,61,'013','1'),(854,61,'014','2'),(855,62,'001','16'),(856,62,'002','7'),(857,62,'003','26'),(858,62,'004','18'),(859,62,'005','27'),(860,62,'006','25'),(861,62,'007','50'),(862,62,'008','34'),(863,62,'009','8'),(864,62,'010','7'),(865,62,'011','6'),(866,62,'012','4'),(867,62,'013','15'),(868,62,'014','10'),(869,63,'001','113'),(870,63,'002','86'),(871,63,'003','193'),(872,63,'004','340'),(873,63,'005','173'),(874,63,'006','240'),(875,63,'007','215'),(876,63,'008','338'),(877,63,'009','84'),(878,63,'010','70'),(879,63,'011','84'),(880,63,'012','67'),(881,63,'013','138'),(882,63,'014','132'),(883,64,'001','2'),(884,64,'002','2'),(885,64,'003','2'),(886,64,'004','2'),(887,64,'005','2'),(888,64,'006','4'),(889,64,'007','4'),(890,64,'008','7'),(891,64,'009',''),(892,64,'010','2'),(893,64,'011','1'),(894,64,'012','1'),(895,64,'013','2'),(896,64,'014','2'),(897,65,'001','22'),(898,65,'002','19'),(899,65,'003','21'),(900,65,'004','19'),(901,65,'005','34'),(902,65,'006','46'),(903,65,'007','41'),(904,65,'008','111'),(905,65,'009',''),(906,65,'010','21'),(907,65,'011','8'),(908,65,'012','10'),(909,65,'013','18'),(910,65,'014','21'),(911,66,'001','299'),(912,66,'002','329'),(913,66,'003','300'),(914,66,'004','456'),(915,66,'005','527'),(916,66,'006','724'),(917,66,'007','810'),(918,66,'008','2164'),(919,66,'009',''),(920,66,'010','253'),(921,66,'011','186'),(922,66,'012','221'),(923,66,'013','581'),(924,66,'014','474'),(925,67,'001','1'),(926,67,'002','1'),(927,67,'003','2'),(928,67,'004','1'),(929,67,'005',''),(930,67,'006','1'),(931,67,'007','1'),(932,67,'008',''),(933,67,'009','1'),(934,67,'010',''),(935,67,'011',''),(936,67,'012','1'),(937,67,'013',''),(938,67,'014','1'),(939,68,'001',''),(940,68,'002','11'),(941,68,'003','45'),(942,68,'004','12'),(943,68,'005',''),(944,68,'006','16'),(945,68,'007','24'),(946,68,'008',''),(947,68,'009','12'),(948,68,'010',''),(949,68,'011',''),(950,68,'012','10'),(951,68,'013',''),(952,68,'014','19'),(953,69,'001',''),(954,69,'002','106'),(955,69,'003','564'),(956,69,'004','77'),(957,69,'005',''),(958,69,'006','93'),(959,69,'007','323'),(960,69,'008',''),(961,69,'009','102'),(962,69,'010',''),(963,69,'011',''),(964,69,'012','125'),(965,69,'013',''),(966,69,'014','464'),(967,70,'001','1'),(968,70,'002',''),(969,70,'003',''),(970,70,'004',''),(971,70,'005',''),(972,70,'006',''),(973,70,'007','3'),(974,70,'008','1'),(975,70,'009',''),(976,70,'010',''),(977,70,'011',''),(978,70,'012',''),(979,70,'013','1'),(980,70,'014',''),(981,71,'001','102'),(982,71,'002',''),(983,71,'003',''),(984,71,'004',''),(985,71,'005',''),(986,71,'006',''),(987,71,'007','196'),(988,71,'008','76'),(989,71,'009',''),(990,71,'010',''),(991,71,'011',''),(992,71,'012',''),(993,71,'013','70'),(994,71,'014',''),(995,72,'001','1100'),(996,72,'002',''),(997,72,'003',''),(998,72,'004',''),(999,72,'005',''),(1000,72,'006',''),(1001,72,'007','3411'),(1002,72,'008','1342'),(1003,72,'009',''),(1004,72,'010',''),(1005,72,'011',''),(1006,72,'012',''),(1007,72,'013','880'),(1008,72,'014',''),(1009,73,'001',''),(1010,73,'002',''),(1011,73,'003','2'),(1012,73,'004','2'),(1013,73,'005',''),(1014,73,'006','1'),(1015,73,'007',''),(1016,73,'008','2'),(1017,73,'009',''),(1018,73,'010',''),(1019,73,'011',''),(1020,73,'012',''),(1021,73,'013',''),(1022,73,'014','1'),(1023,74,'001',''),(1024,74,'002',''),(1025,74,'003',''),(1026,74,'004','44'),(1027,74,'005',''),(1028,74,'006','30'),(1029,74,'007',''),(1030,74,'008','31'),(1031,74,'009',''),(1032,74,'010',''),(1033,74,'011',''),(1034,74,'012',''),(1035,74,'013',''),(1036,74,'014','40'),(1037,75,'001',''),(1038,75,'002',''),(1039,75,'003',''),(1040,75,'004','201'),(1041,75,'005',''),(1042,75,'006','525'),(1043,75,'007',''),(1044,75,'008','582'),(1045,75,'009',''),(1046,75,'010',''),(1047,75,'011',''),(1048,75,'012',''),(1049,75,'013',''),(1050,75,'014','899'),(1051,76,'001',''),(1052,76,'002',''),(1053,76,'003',''),(1054,76,'004',''),(1055,76,'005','1'),(1056,76,'006',''),(1057,76,'007',''),(1058,76,'008',''),(1059,76,'009',''),(1060,76,'010',''),(1061,76,'011',''),(1062,76,'012','1'),(1063,76,'013',''),(1064,76,'014',''),(1065,77,'001',''),(1066,77,'002',''),(1067,77,'003',''),(1068,77,'004',''),(1069,77,'005','15'),(1070,77,'006',''),(1071,77,'007',''),(1072,77,'008',''),(1073,77,'009',''),(1074,77,'010',''),(1075,77,'011',''),(1076,77,'012','32'),(1077,77,'013',''),(1078,77,'014',''),(1079,78,'001',''),(1080,78,'002',''),(1081,78,'003',''),(1082,78,'004',''),(1083,78,'005','120'),(1084,78,'006',''),(1085,78,'007',''),(1086,78,'008',''),(1087,78,'009',''),(1088,78,'010',''),(1089,78,'011',''),(1090,78,'012','192'),(1091,78,'013',''),(1092,78,'014',''),(1093,79,'001',''),(1094,79,'002',''),(1095,79,'003','1'),(1096,79,'004','1'),(1097,79,'005','1'),(1098,79,'006',''),(1099,79,'007','1'),(1100,79,'008','1'),(1101,79,'009',''),(1102,79,'010',''),(1103,79,'011',''),(1104,79,'012',''),(1105,79,'013',''),(1106,79,'014',''),(1107,80,'001',''),(1108,80,'002',''),(1109,80,'003',''),(1110,80,'004','23'),(1111,80,'005',''),(1112,80,'006',''),(1113,80,'007','57'),(1114,80,'008','29'),(1115,80,'009',''),(1116,80,'010',''),(1117,80,'011',''),(1118,80,'012',''),(1119,80,'013',''),(1120,80,'014',''),(1121,81,'001',''),(1122,81,'002',''),(1123,81,'003',''),(1124,81,'004','128'),(1125,81,'005',''),(1126,81,'006',''),(1127,81,'007','220'),(1128,81,'008','169'),(1129,81,'009',''),(1130,81,'010',''),(1131,81,'011',''),(1132,81,'012',''),(1133,81,'013',''),(1134,81,'014',''),(1135,82,'001','1'),(1136,82,'002','1'),(1137,82,'003','5'),(1138,82,'004','1'),(1139,82,'005','3'),(1140,82,'006','2'),(1141,82,'007','15'),(1142,82,'008','2'),(1143,82,'009','1'),(1144,82,'010','3'),(1145,82,'011','3'),(1146,82,'012',''),(1147,82,'013','4'),(1148,82,'014','2'),(1149,83,'001','1'),(1150,83,'002','4'),(1151,83,'003','3'),(1152,83,'004','2'),(1153,83,'005','2'),(1154,83,'006','3'),(1155,83,'007','20'),(1156,83,'008','1'),(1157,83,'009','1'),(1158,83,'010','2'),(1159,83,'011','1'),(1160,83,'012','3'),(1161,83,'013','3'),(1162,83,'014','3'),(1163,84,'001','2'),(1164,84,'002','7'),(1165,84,'003','15'),(1166,84,'004','2'),(1167,84,'005','9'),(1168,84,'006','22'),(1169,84,'007','15'),(1170,84,'008','1'),(1171,84,'009',''),(1172,84,'010',''),(1173,84,'011','1'),(1174,84,'012','1'),(1175,84,'013','2'),(1176,84,'014','7'),(1177,85,'001','1'),(1178,85,'002','2'),(1179,85,'003','3'),(1180,85,'004','3'),(1181,85,'005','5'),(1182,85,'006','4'),(1183,85,'007','2'),(1184,85,'008','4'),(1185,85,'009','2'),(1186,85,'010','5'),(1187,85,'011','3'),(1188,85,'012','5'),(1189,85,'013','3'),(1190,85,'014','1'),(1191,86,'001',''),(1192,86,'002',''),(1193,86,'003',''),(1194,86,'004',''),(1195,86,'005',''),(1196,86,'006',''),(1197,86,'007',''),(1198,86,'008',''),(1199,86,'009',''),(1200,86,'010',''),(1201,86,'011',''),(1202,86,'012',''),(1203,86,'013',''),(1204,86,'014',''),(1205,87,'001',''),(1206,87,'002',''),(1207,87,'003','3'),(1208,87,'004',''),(1209,87,'005',''),(1210,87,'006','2'),(1211,87,'007','1'),(1212,87,'008','3'),(1213,87,'009',''),(1214,87,'010','1'),(1215,87,'011','1'),(1216,87,'012','1'),(1217,87,'013',''),(1218,87,'014','2'),(1219,88,'001','1'),(1220,88,'002','1'),(1221,88,'003',''),(1222,88,'004','1'),(1223,88,'005','1'),(1224,88,'006',''),(1225,88,'007',''),(1226,88,'008',''),(1227,88,'009',''),(1228,88,'010',''),(1229,88,'011','1'),(1230,88,'012',''),(1231,88,'013',''),(1232,88,'014',''),(1233,89,'001',''),(1234,89,'002','1'),(1235,89,'003',''),(1236,89,'004','1'),(1237,89,'005','1'),(1238,89,'006','3'),(1239,89,'007',''),(1240,89,'008',''),(1241,89,'009',''),(1242,89,'010','1'),(1243,89,'011','1'),(1244,89,'012',''),(1245,89,'013','1'),(1246,89,'014','1'),(1247,90,'001','1'),(1248,90,'002','1'),(1249,90,'003','1'),(1250,90,'004','1'),(1251,90,'005','1'),(1252,90,'006','1'),(1253,90,'007','1'),(1254,90,'008','1'),(1255,90,'009','1'),(1256,90,'010','1'),(1257,90,'011','1'),(1258,90,'012','1'),(1259,90,'013','1'),(1260,90,'014','1'),(1261,91,'001','5'),(1262,91,'002','9'),(1263,91,'003','7'),(1264,91,'004','5'),(1265,91,'005','6'),(1266,91,'006','11'),(1267,91,'007','10'),(1268,91,'008','6'),(1269,91,'009','3'),(1270,91,'010','7'),(1271,91,'011','5'),(1272,91,'012','4'),(1273,91,'013','5'),(1274,91,'014',''),(1275,92,'001','30'),(1276,92,'002','42'),(1277,92,'003','36'),(1278,92,'004','49'),(1279,92,'005','74'),(1280,92,'006','139'),(1281,92,'007','105'),(1282,92,'008','37'),(1283,92,'009','10'),(1284,92,'010','37'),(1285,92,'011','52'),(1286,92,'012','52'),(1287,92,'013','57'),(1288,92,'014','60'),(1289,93,'001','74'),(1290,93,'002','52'),(1291,93,'003','36'),(1292,93,'004','65'),(1293,93,'005','94'),(1294,93,'006','142'),(1295,93,'007','125'),(1296,93,'008','39'),(1297,93,'009','13'),(1298,93,'010','153'),(1299,93,'011','55'),(1300,93,'012','77'),(1301,93,'013','50'),(1302,93,'014','119'),(1303,94,'001','169'),(1304,94,'002','273'),(1305,94,'003','267'),(1306,94,'004','121'),(1307,94,'005','289'),(1308,94,'006','228'),(1309,94,'007','154'),(1310,94,'008','104'),(1311,94,'009','17'),(1312,94,'010','162'),(1313,94,'011','160'),(1314,94,'012','136'),(1315,94,'013','156'),(1316,94,'014','58'),(1317,95,'001','44'),(1318,95,'002','21'),(1319,95,'003','21'),(1320,95,'004','27'),(1321,95,'005','30'),(1322,95,'006','70'),(1323,95,'007','68'),(1324,95,'008','25'),(1325,95,'009','5'),(1326,95,'010','39'),(1327,95,'011','17'),(1328,95,'012','67'),(1329,95,'013','44'),(1330,95,'014','53'),(1331,96,'001','3'),(1332,96,'002','1'),(1333,96,'003',''),(1334,96,'004',''),(1335,96,'005','2'),(1336,96,'006','2'),(1337,96,'007','5'),(1338,96,'008','1'),(1339,96,'009','1'),(1340,96,'010',''),(1341,96,'011','1'),(1342,96,'012','1'),(1343,96,'013','2'),(1344,96,'014',''),(1345,97,'001','11'),(1346,97,'002','26'),(1347,97,'003','38'),(1348,97,'004','32'),(1349,97,'005','30'),(1350,97,'006','138'),(1351,97,'007','145'),(1352,97,'008','36'),(1353,97,'009','10'),(1354,97,'010','76'),(1355,97,'011','30'),(1356,97,'012','38'),(1357,97,'013','39'),(1358,97,'014','163'),(1359,98,'001','13'),(1360,98,'002','16'),(1361,98,'003','49'),(1362,98,'004','12'),(1363,98,'005','20'),(1364,98,'006','27'),(1365,98,'007','6'),(1366,98,'008','35'),(1367,98,'009','4'),(1368,98,'010','19'),(1369,98,'011','44'),(1370,98,'012','31'),(1371,98,'013','43'),(1372,98,'014','1'),(1373,99,'001','269'),(1374,99,'002','496'),(1375,99,'003','584'),(1376,99,'004','376'),(1377,99,'005','633'),(1378,99,'006','781'),(1379,99,'007','978'),(1380,99,'008','361'),(1381,99,'009','136'),(1382,99,'010','547'),(1383,99,'011','421'),(1384,99,'012','297'),(1385,99,'013','483'),(1386,99,'014','594'),(1387,100,'001','33'),(1388,100,'002','293'),(1389,100,'003','295'),(1390,100,'004','129'),(1391,100,'005','241'),(1392,100,'006','306'),(1393,100,'007','402'),(1394,100,'008','56'),(1395,100,'009','49'),(1396,100,'010','226'),(1397,100,'011','125'),(1398,100,'012','443'),(1399,100,'013','256'),(1400,100,'014','235'),(1401,101,'001','219'),(1402,101,'002','393'),(1403,101,'003','302'),(1404,101,'004','217'),(1405,101,'005','325'),(1406,101,'006','247'),(1407,101,'007','276'),(1408,101,'008','152'),(1409,101,'009','78'),(1410,101,'010','631'),(1411,101,'011','271'),(1412,101,'012','257'),(1413,101,'013','475'),(1414,101,'014','271'),(1415,102,'001','296'),(1416,102,'002','617'),(1417,102,'003','516'),(1418,102,'004','402'),(1419,102,'005','872'),(1420,102,'006','1198'),(1421,102,'007','742'),(1422,102,'008','314'),(1423,102,'009','70'),(1424,102,'010','470'),(1425,102,'011','372'),(1426,102,'012','130'),(1427,102,'013','269'),(1428,102,'014','468'),(1429,103,'001','184'),(1430,103,'002','199'),(1431,103,'003','239'),(1432,103,'004','255'),(1433,103,'005','292'),(1434,103,'006','906'),(1435,103,'007','702'),(1436,103,'008','301'),(1437,103,'009','81'),(1438,103,'010','238'),(1439,103,'011','233'),(1440,103,'012','75'),(1441,103,'013','153'),(1442,103,'014','299'),(1443,104,'001','4'),(1444,104,'002','10'),(1445,104,'003','66'),(1446,104,'004','74'),(1447,104,'005','62'),(1448,104,'006','42'),(1449,104,'007','71'),(1450,104,'008','8'),(1451,104,'009','12'),(1452,104,'010','41'),(1453,104,'011','61'),(1454,104,'012','6'),(1455,104,'013','71'),(1456,104,'014','23'),(1457,105,'001','824'),(1458,105,'002','1,649'),(1459,105,'003','1,657'),(1460,105,'004','1,266'),(1461,105,'005','2,121'),(1462,105,'006','2,432'),(1463,105,'007','2,804'),(1464,105,'008','1,099'),(1465,105,'009','429'),(1466,105,'010','1,753'),(1467,105,'011','1,308'),(1468,105,'012','911'),(1469,105,'013','1,505'),(1470,105,'014','1,783'),(1471,106,'001','1'),(1472,106,'002',''),(1473,106,'003','1'),(1474,106,'004',''),(1475,106,'005',''),(1476,106,'006',''),(1477,106,'007',''),(1478,106,'008',''),(1479,106,'009',''),(1480,106,'010','1'),(1481,106,'011',''),(1482,106,'012',''),(1483,106,'013','1'),(1484,106,'014',''),(1485,107,'001',''),(1486,107,'002','1'),(1487,107,'003','1'),(1488,107,'004',''),(1489,107,'005','1'),(1490,107,'006','1'),(1491,107,'007','2'),(1492,107,'008','3'),(1493,107,'009','1'),(1494,107,'010','1'),(1495,107,'011','1'),(1496,107,'012','1'),(1497,107,'013','2'),(1498,107,'014','2'),(1499,108,'001','2'),(1500,108,'002','2'),(1501,108,'003','2'),(1502,108,'004','1'),(1503,108,'005','1'),(1504,108,'006','2'),(1505,108,'007','3'),(1506,108,'008','1'),(1507,108,'009',''),(1508,108,'010','2'),(1509,108,'011','1'),(1510,108,'012','1'),(1511,108,'013','1'),(1512,108,'014','1'),(1513,109,'001','3'),(1514,109,'002','2'),(1515,109,'003','3'),(1516,109,'004','1'),(1517,109,'005','3'),(1518,109,'006','5'),(1519,109,'007','5'),(1520,109,'008','2'),(1521,109,'009','1'),(1522,109,'010','2'),(1523,109,'011','3'),(1524,109,'012','1'),(1525,109,'013','1'),(1526,109,'014','4'),(1527,110,'001','1'),(1528,110,'002','1'),(1529,110,'003','1'),(1530,110,'004','1'),(1531,110,'005','1'),(1532,110,'006','1'),(1533,110,'007','1'),(1534,110,'008','1'),(1535,110,'009','1'),(1536,110,'010','1'),(1537,110,'011','1'),(1538,110,'012','1'),(1539,110,'013','1'),(1540,110,'014','1'),(1541,111,'001',''),(1542,111,'002',''),(1543,111,'003',''),(1544,111,'004',''),(1545,111,'005','1'),(1546,111,'006',''),(1547,111,'007',''),(1548,111,'008','1'),(1549,111,'009',''),(1550,111,'010',''),(1551,111,'011',''),(1552,111,'012',''),(1553,111,'013',''),(1554,111,'014',''),(1555,112,'001',''),(1556,112,'002',''),(1557,112,'003',''),(1558,112,'004',''),(1559,112,'005',''),(1560,112,'006',''),(1561,112,'007',''),(1562,112,'008',''),(1563,112,'009',''),(1564,112,'010',''),(1565,112,'011',''),(1566,112,'012',''),(1567,112,'013',''),(1568,112,'014',''),(1569,113,'001',''),(1570,113,'002',''),(1571,113,'003',''),(1572,113,'004',''),(1573,113,'005',''),(1574,113,'006','1'),(1575,113,'007','1'),(1576,113,'008',''),(1577,113,'009',''),(1578,113,'010',''),(1579,113,'011',''),(1580,113,'012',''),(1581,113,'013',''),(1582,113,'014',''),(1583,114,'001',''),(1584,114,'002','1'),(1585,114,'003',''),(1586,114,'004',''),(1587,114,'005','2'),(1588,114,'006','3'),(1589,114,'007','1'),(1590,114,'008',''),(1591,114,'009',''),(1592,114,'010','1'),(1593,114,'011',''),(1594,114,'012',''),(1595,114,'013',''),(1596,114,'014','2'),(1597,115,'001',''),(1598,115,'002',''),(1599,115,'003',''),(1600,115,'004',''),(1601,115,'005',''),(1602,115,'006','1'),(1603,115,'007','1'),(1604,115,'008',''),(1605,115,'009',''),(1606,115,'010',''),(1607,115,'011',''),(1608,115,'012',''),(1609,115,'013',''),(1610,115,'014',''),(1611,116,'001','1'),(1612,116,'002',''),(1613,116,'003',''),(1614,116,'004','1'),(1615,116,'005',''),(1616,116,'006','2'),(1617,116,'007','1'),(1618,116,'008','1'),(1619,116,'009','1'),(1620,116,'010',''),(1621,116,'011','2'),(1622,116,'012',''),(1623,116,'013','2'),(1624,116,'014',''),(1625,117,'001',''),(1626,117,'002',''),(1627,117,'003','1'),(1628,117,'004',''),(1629,117,'005','1'),(1630,117,'006','2'),(1631,117,'007',''),(1632,117,'008','1'),(1633,117,'009','1'),(1634,117,'010','1'),(1635,117,'011',''),(1636,117,'012',''),(1637,117,'013','1'),(1638,117,'014',''),(1639,118,'001','2,774'),(1640,118,'002','5,224'),(1641,118,'003','4,583'),(1642,118,'004','3,487'),(1643,118,'005','5,754'),(1644,118,'006','9,629'),(1645,118,'007','5,115'),(1646,118,'008','3,212'),(1647,118,'009','1,194'),(1648,118,'010','5,035'),(1649,118,'011','3,034'),(1650,118,'012','3,125'),(1651,118,'013','5,115'),(1652,118,'014','4,1'),(1653,119,'001',''),(1654,119,'002','29'),(1655,119,'003','247'),(1656,119,'004','33'),(1657,119,'005','171'),(1658,119,'006','475'),(1659,119,'007','192'),(1660,119,'008','108'),(1661,119,'009','86'),(1662,119,'010','287'),(1663,119,'011','11'),(1664,119,'012',''),(1665,119,'013','13'),(1666,119,'014','1,024'),(1667,120,'001','17'),(1668,120,'002','101'),(1669,120,'003','285'),(1670,120,'004','129'),(1671,120,'005','468'),(1672,120,'006','683'),(1673,120,'007','312'),(1674,120,'008','164'),(1675,120,'009','99'),(1676,120,'010','359'),(1677,120,'011','405'),(1678,120,'012','6'),(1679,120,'013','41'),(1680,120,'014','1,217'),(1681,121,'001',''),(1682,121,'002',''),(1683,121,'003','55'),(1684,121,'004','110'),(1685,121,'005','5'),(1686,121,'006','136'),(1687,121,'007','3'),(1688,121,'008','35'),(1689,121,'009',''),(1690,121,'010','3'),(1691,121,'011','9'),(1692,121,'012',''),(1693,121,'013',''),(1694,121,'014','341'),(1695,122,'001',''),(1696,122,'002','28'),(1697,122,'003','64'),(1698,122,'004','37'),(1699,122,'005','68'),(1700,122,'006','105'),(1701,122,'007','4'),(1702,122,'008',''),(1703,122,'009',''),(1704,122,'010','47'),(1705,122,'011','12'),(1706,122,'012',''),(1707,122,'013',''),(1708,122,'014','43'),(1709,123,'001','2,791'),(1710,123,'002','5,382'),(1711,123,'003','5,234'),(1712,123,'004','3,796'),(1713,123,'005','6,466'),(1714,123,'006','11,028'),(1715,123,'007','5,626'),(1716,123,'008','3,519'),(1717,123,'009','1,379'),(1718,123,'010','5,731'),(1719,123,'011','3,471'),(1720,123,'012','3,131'),(1721,123,'013','5,169'),(1722,123,'014','6,725'),(1723,124,'001','4'),(1724,124,'002','5'),(1725,124,'003','3'),(1726,124,'004','4'),(1727,124,'005','5'),(1728,124,'006','7'),(1729,124,'007','5'),(1730,124,'008','1'),(1731,124,'009','1'),(1732,124,'010','3'),(1733,124,'011','5'),(1734,124,'012','2'),(1735,124,'013','5'),(1736,124,'014','2'),(1737,125,'001','1'),(1738,125,'002','1'),(1739,125,'003','5'),(1740,125,'004','4'),(1741,125,'005','5'),(1742,125,'006','2'),(1743,125,'007','4'),(1744,125,'008','6'),(1745,125,'009',''),(1746,125,'010','4'),(1747,125,'011',''),(1748,125,'012','1'),(1749,125,'013','5'),(1750,125,'014','3'),(1751,126,'001',''),(1752,126,'002',''),(1753,126,'003',''),(1754,126,'004','4'),(1755,126,'005','1'),(1756,126,'006','2'),(1757,126,'007','1'),(1758,126,'008','1'),(1759,126,'009',''),(1760,126,'010','1'),(1761,126,'011','1'),(1762,126,'012',''),(1763,126,'013',''),(1764,126,'014','3'),(1765,127,'001',''),(1766,127,'002',''),(1767,127,'003',''),(1768,127,'004',''),(1769,127,'005',''),(1770,127,'006',''),(1771,127,'007',''),(1772,127,'008',''),(1773,127,'009',''),(1774,127,'010',''),(1775,127,'011',''),(1776,127,'012',''),(1777,127,'013',''),(1778,127,'014',''),(1779,128,'001',''),(1780,128,'002',''),(1781,128,'003',''),(1782,128,'004',''),(1783,128,'005',''),(1784,128,'006',''),(1785,128,'007',''),(1786,128,'008',''),(1787,128,'009',''),(1788,128,'010','1'),(1789,128,'011',''),(1790,128,'012',''),(1791,128,'013',''),(1792,128,'014',''),(1793,129,'001','17'),(1794,129,'002','33'),(1795,129,'003','40'),(1796,129,'004','19'),(1797,129,'005','41'),(1798,129,'006','64'),(1799,129,'007','48'),(1800,129,'008','21'),(1801,129,'009','16'),(1802,129,'010','32'),(1803,129,'011','27'),(1804,129,'012','23'),(1805,129,'013','36'),(1806,129,'014','31'),(1807,130,'001',''),(1808,130,'002','1'),(1809,130,'003','1'),(1810,130,'004','1'),(1811,130,'005','1'),(1812,130,'006','1'),(1813,130,'007','2'),(1814,130,'008',''),(1815,130,'009',''),(1816,130,'010','2'),(1817,130,'011',''),(1818,130,'012',''),(1819,130,'013','1'),(1820,130,'014','1'),(1821,131,'001','1'),(1822,131,'002','1'),(1823,131,'003','5'),(1824,131,'004','4'),(1825,131,'005','1'),(1826,131,'006','13'),(1827,131,'007','8'),(1828,131,'008','1'),(1829,131,'009',''),(1830,131,'010','3'),(1831,131,'011','3'),(1832,131,'012','1'),(1833,131,'013','3'),(1834,131,'014','2'),(1835,132,'001',''),(1836,132,'002',''),(1837,132,'003',''),(1838,132,'004',''),(1839,132,'005',''),(1840,132,'006',''),(1841,132,'007',''),(1842,132,'008',''),(1843,132,'009',''),(1844,132,'010',''),(1845,132,'011',''),(1846,132,'012',''),(1847,132,'013',''),(1848,132,'014',''),(1849,133,'001',' '),(1850,133,'002',''),(1851,133,'003','2'),(1852,133,'004','1'),(1853,133,'005',''),(1854,133,'006','1'),(1855,133,'007',''),(1856,133,'008',''),(1857,133,'009',''),(1858,133,'010','1'),(1859,133,'011',''),(1860,133,'012',''),(1861,133,'013','1'),(1862,133,'014','1'),(1863,134,'001',''),(1864,134,'002',''),(1865,134,'003','98'),(1866,134,'004','35'),(1867,134,'005','18'),(1868,134,'006','16'),(1869,134,'007',''),(1870,134,'008',''),(1871,134,'009',''),(1872,134,'010','8'),(1873,134,'011',''),(1874,134,'012',''),(1875,134,'013','1,87'),(1876,134,'014','820'),(1877,135,'001','2'),(1878,135,'002','2'),(1879,135,'003','3'),(1880,135,'004','3'),(1881,135,'005','6'),(1882,135,'006','5'),(1883,135,'007','5'),(1884,135,'008','2'),(1885,135,'009','2'),(1886,135,'010','1'),(1887,135,'011','1'),(1888,135,'012','1'),(1889,135,'013','1'),(1890,135,'014','1'),(1891,136,'001','1'),(1892,136,'002','1'),(1893,136,'003','2'),(1894,136,'004',''),(1895,136,'005','1'),(1896,136,'006','2'),(1897,136,'007','1'),(1898,136,'008','1'),(1899,136,'009','2'),(1900,136,'010','1'),(1901,136,'011','1'),(1902,136,'012','1'),(1903,136,'013',''),(1904,136,'014',''),(1905,137,'001','581'),(1906,137,'002','1153'),(1907,137,'003','1306'),(1908,137,'004','1116'),(1909,137,'005','1201'),(1910,137,'006','2237'),(1911,137,'007','2740'),(1912,137,'008','708'),(1913,137,'009','359'),(1914,137,'010','1168'),(1915,137,'011','1258'),(1916,137,'012','781'),(1917,137,'013','1483'),(1918,137,'014','1038'),(1919,138,'001','8'),(1920,138,'002',''),(1921,138,'003','6'),(1922,138,'004','39'),(1923,138,'005','15'),(1924,138,'006','40'),(1925,138,'007','20'),(1926,138,'008','8'),(1927,138,'009',''),(1928,138,'010','56'),(1929,138,'011',''),(1930,138,'012','14'),(1931,138,'013','2'),(1932,138,'014','24'),(1933,139,'001','1'),(1934,139,'002','2'),(1935,139,'003','1'),(1936,139,'004','2'),(1937,139,'005','2'),(1938,139,'006','1'),(1939,139,'007','1'),(1940,139,'008','1'),(1941,139,'009','1'),(1942,139,'010','2'),(1943,139,'011',''),(1944,139,'012','1'),(1945,139,'013','1'),(1946,139,'014',''),(1947,140,'001',''),(1948,140,'002','1'),(1949,140,'003','1'),(1950,140,'004','2'),(1951,140,'005',''),(1952,140,'006',''),(1953,140,'007',''),(1954,140,'008','1'),(1955,140,'009','1'),(1956,140,'010',''),(1957,140,'011',''),(1958,140,'012',''),(1959,140,'013','1'),(1960,140,'014',''),(1961,141,'001','4'),(1962,141,'002',''),(1963,141,'003','1'),(1964,141,'004',''),(1965,141,'005','9'),(1966,141,'006',''),(1967,141,'007','2'),(1968,141,'008',''),(1969,141,'009','2'),(1970,141,'010','1'),(1971,141,'011',''),(1972,141,'012','2'),(1973,141,'013','2'),(1974,141,'014',''),(1975,142,'001','4'),(1976,142,'002',''),(1977,142,'003',''),(1978,142,'004',''),(1979,142,'005','1'),(1980,142,'006',''),(1981,142,'007',''),(1982,142,'008',''),(1983,142,'009','1'),(1984,142,'010',''),(1985,142,'011',''),(1986,142,'012','1'),(1987,142,'013','1'),(1988,142,'014','1'),(1989,143,'001','6'),(1990,143,'002','4'),(1991,143,'003','6'),(1992,143,'004','7'),(1993,143,'005','6'),(1994,143,'006','6'),(1995,143,'007','6'),(1996,143,'008','5'),(1997,143,'009','1'),(1998,143,'010','13'),(1999,143,'011',''),(2000,143,'012','3'),(2001,143,'013','7'),(2002,143,'014','1'),(2003,144,'001','4'),(2004,144,'002','5'),(2005,144,'003','1'),(2006,144,'004',''),(2007,144,'005',''),(2008,144,'006','8'),(2009,144,'007',''),(2010,144,'008',''),(2011,144,'009','2'),(2012,144,'010','3'),(2013,144,'011',''),(2014,144,'012','3'),(2015,144,'013','2'),(2016,144,'014','1'),(2017,145,'001','5'),(2018,145,'002','5'),(2019,145,'003',''),(2020,145,'004','1'),(2021,145,'005','9'),(2022,145,'006','2'),(2023,145,'007',''),(2024,145,'008',''),(2025,145,'009','1'),(2026,145,'010','4'),(2027,145,'011',''),(2028,145,'012','5'),(2029,145,'013','2'),(2030,145,'014',''),(2031,146,'001','20'),(2032,146,'002','3'),(2033,146,'003','4'),(2034,146,'004','2'),(2035,146,'005','4'),(2036,146,'006',''),(2037,146,'007','3'),(2038,146,'008','2'),(2039,146,'009',''),(2040,146,'010','3'),(2041,146,'011',''),(2042,146,'012','4'),(2043,146,'013','5'),(2044,146,'014',''),(2045,147,'001',''),(2046,147,'002',''),(2047,147,'003',''),(2048,147,'004',''),(2049,147,'005',''),(2050,147,'006',''),(2051,147,'007',''),(2052,147,'008',''),(2053,147,'009',''),(2054,147,'010',''),(2055,147,'011',''),(2056,147,'012',''),(2057,147,'013',''),(2058,147,'014',''),(2059,148,'001',''),(2060,148,'002',''),(2061,148,'003',''),(2062,148,'004',''),(2063,148,'005',''),(2064,148,'006',''),(2065,148,'007',''),(2066,148,'008',''),(2067,148,'009',''),(2068,148,'010',''),(2069,148,'011',''),(2070,148,'012',''),(2071,148,'013',''),(2072,148,'014',''),(2073,149,'001',''),(2074,149,'002',''),(2075,149,'003',''),(2076,149,'004',''),(2077,149,'005',''),(2078,149,'006',''),(2079,149,'007',''),(2080,149,'008',''),(2081,149,'009',''),(2082,149,'010',''),(2083,149,'011',''),(2084,149,'012',''),(2085,149,'013',''),(2086,149,'014',''),(2087,150,'001',''),(2088,150,'002',''),(2089,150,'003',''),(2090,150,'004',''),(2091,150,'005',''),(2092,150,'006',''),(2093,150,'007',''),(2094,150,'008',''),(2095,150,'009',''),(2096,150,'010',''),(2097,150,'011',''),(2098,150,'012',''),(2099,150,'013',''),(2100,150,'014',''),(2101,151,'001','176'),(2102,151,'002','90'),(2103,151,'003','108'),(2104,151,'004','96'),(2105,151,'005','147'),(2106,151,'006','192'),(2107,151,'007','20'),(2108,151,'008',''),(2109,151,'009',''),(2110,151,'010','195'),(2111,151,'011','72'),(2112,151,'012','153'),(2113,151,'013','45'),(2114,151,'014','2'),(2115,152,'001',''),(2116,152,'002',''),(2117,152,'003','15'),(2118,152,'004','20'),(2119,152,'005','5'),(2120,152,'006','25'),(2121,152,'007','8'),(2122,152,'008',''),(2123,152,'009',''),(2124,152,'010','5'),(2125,152,'011',''),(2126,152,'012','5'),(2127,152,'013',''),(2128,152,'014',''),(2129,153,'001',''),(2130,153,'002',''),(2131,153,'003',''),(2132,153,'004',''),(2133,153,'005',''),(2134,153,'006',''),(2135,153,'007',''),(2136,153,'008',''),(2137,153,'009',''),(2138,153,'010',''),(2139,153,'011',''),(2140,153,'012',''),(2141,153,'013',''),(2142,153,'014',''),(2143,154,'001',''),(2144,154,'002',''),(2145,154,'003',''),(2146,154,'004',''),(2147,154,'005',''),(2148,154,'006',''),(2149,154,'007',''),(2150,154,'008',''),(2151,154,'009',''),(2152,154,'010',''),(2153,154,'011',''),(2154,154,'012',''),(2155,154,'013',''),(2156,154,'014',''),(2157,155,'001','935'),(2158,155,'002','462'),(2159,155,'003','470'),(2160,155,'004','406'),(2161,155,'005','281,6'),(2162,155,'006','532'),(2163,155,'007','108,8'),(2164,155,'008',''),(2165,155,'009',''),(2166,155,'010','726,9'),(2167,155,'011','185'),(2168,155,'012','494,6'),(2169,155,'013','210,5'),(2170,155,'014',''),(2171,156,'001',''),(2172,156,'002',''),(2173,156,'003','450'),(2174,156,'004','570'),(2175,156,'005','470'),(2176,156,'006','1140'),(2177,156,'007',''),(2178,156,'008',''),(2179,156,'009',''),(2180,156,'010',''),(2181,156,'011',''),(2182,156,'012',''),(2183,156,'013',''),(2184,156,'014',''),(2185,157,'001',''),(2186,157,'002',''),(2187,157,'003',''),(2188,157,'004',''),(2189,157,'005',''),(2190,157,'006',''),(2191,157,'007',''),(2192,157,'008',''),(2193,157,'009',''),(2194,157,'010',''),(2195,157,'011',''),(2196,157,'012',''),(2197,157,'013',''),(2198,157,'014',''),(2199,158,'001',''),(2200,158,'002',''),(2201,158,'003',''),(2202,158,'004',''),(2203,158,'005','182'),(2204,158,'006',''),(2205,158,'007',''),(2206,158,'008',''),(2207,158,'009',''),(2208,158,'010',''),(2209,158,'011',''),(2210,158,'012',''),(2211,158,'013',''),(2212,158,'014',''),(2213,159,'001',''),(2214,159,'002',''),(2215,159,'003',''),(2216,159,'004',''),(2217,159,'005',''),(2218,159,'006',''),(2219,159,'007',''),(2220,159,'008',''),(2221,159,'009',''),(2222,159,'010',''),(2223,159,'011',''),(2224,159,'012',''),(2225,159,'013',''),(2226,159,'014',''),(2227,160,'001',''),(2228,160,'002',''),(2229,160,'003',''),(2230,160,'004',''),(2231,160,'005',''),(2232,160,'006',''),(2233,160,'007',''),(2234,160,'008',''),(2235,160,'009',''),(2236,160,'010',''),(2237,160,'011',''),(2238,160,'012',''),(2239,160,'013',''),(2240,160,'014',''),(2241,161,'001',''),(2242,161,'002',''),(2243,161,'003',''),(2244,161,'004',''),(2245,161,'005',''),(2246,161,'006',''),(2247,161,'007',''),(2248,161,'008',''),(2249,161,'009',''),(2250,161,'010',''),(2251,161,'011',''),(2252,161,'012',''),(2253,161,'013',''),(2254,161,'014',''),(2255,162,'001',''),(2256,162,'002',''),(2257,162,'003',''),(2258,162,'004',''),(2259,162,'005',''),(2260,162,'006',''),(2261,162,'007',''),(2262,162,'008',''),(2263,162,'009',''),(2264,162,'010',''),(2265,162,'011',''),(2266,162,'012',''),(2267,162,'013',''),(2268,162,'014',''),(2269,163,'001',''),(2270,163,'002',''),(2271,163,'003',''),(2272,163,'004','6'),(2273,163,'005',''),(2274,163,'006',''),(2275,163,'007',''),(2276,163,'008',''),(2277,163,'009',''),(2278,163,'010',''),(2279,163,'011',''),(2280,163,'012',''),(2281,163,'013',''),(2282,163,'014',''),(2283,164,'001',''),(2284,164,'002',''),(2285,164,'003',''),(2286,164,'004',''),(2287,164,'005',''),(2288,164,'006',''),(2289,164,'007',''),(2290,164,'008',''),(2291,164,'009',''),(2292,164,'010',''),(2293,164,'011',''),(2294,164,'012',''),(2295,164,'013',''),(2296,164,'014',''),(2297,165,'001',''),(2298,165,'002',''),(2299,165,'003',''),(2300,165,'004',''),(2301,165,'005',''),(2302,165,'006',''),(2303,165,'007',''),(2304,165,'008',''),(2305,165,'009',''),(2306,165,'010',''),(2307,165,'011',''),(2308,165,'012',''),(2309,165,'013',''),(2310,165,'014',''),(2311,166,'001',''),(2312,166,'002',''),(2313,166,'003',''),(2314,166,'004',''),(2315,166,'005',''),(2316,166,'006',''),(2317,166,'007',''),(2318,166,'008',''),(2319,166,'009',''),(2320,166,'010',''),(2321,166,'011',''),(2322,166,'012',''),(2323,166,'013',''),(2324,166,'014',''),(2325,167,'001',''),(2326,167,'002',''),(2327,167,'003',''),(2328,167,'004',''),(2329,167,'005',''),(2330,167,'006',''),(2331,167,'007',''),(2332,167,'008',''),(2333,167,'009',''),(2334,167,'010',''),(2335,167,'011',''),(2336,167,'012',''),(2337,167,'013',''),(2338,167,'014',''),(2339,168,'001',''),(2340,168,'002',''),(2341,168,'003',''),(2342,168,'004',''),(2343,168,'005',''),(2344,168,'006',''),(2345,168,'007',''),(2346,168,'008',''),(2347,168,'009',''),(2348,168,'010',''),(2349,168,'011',''),(2350,168,'012',''),(2351,168,'013',''),(2352,168,'014',''),(2353,169,'001',''),(2354,169,'002',''),(2355,169,'003',''),(2356,169,'004',''),(2357,169,'005',''),(2358,169,'006',''),(2359,169,'007',''),(2360,169,'008',''),(2361,169,'009',''),(2362,169,'010',''),(2363,169,'011',''),(2364,169,'012',''),(2365,169,'013',''),(2366,169,'014',''),(2367,170,'001',''),(2368,170,'002',''),(2369,170,'003',''),(2370,170,'004',''),(2371,170,'005',''),(2372,170,'006',''),(2373,170,'007','115,5'),(2374,170,'008',''),(2375,170,'009',''),(2376,170,'010',''),(2377,170,'011',''),(2378,170,'012',''),(2379,170,'013',''),(2380,170,'014',''),(2381,171,'001',''),(2382,171,'002',''),(2383,171,'003',''),(2384,171,'004',''),(2385,171,'005',''),(2386,171,'006',''),(2387,171,'007',''),(2388,171,'008',''),(2389,171,'009',''),(2390,171,'010',''),(2391,171,'011',''),(2392,171,'012',''),(2393,171,'013',''),(2394,171,'014',''),(2395,172,'001',''),(2396,172,'002',''),(2397,172,'003',''),(2398,172,'004',''),(2399,172,'005',''),(2400,172,'006',''),(2401,172,'007',''),(2402,172,'008',''),(2403,172,'009',''),(2404,172,'010',''),(2405,172,'011',''),(2406,172,'012',''),(2407,172,'013',''),(2408,172,'014',''),(2409,173,'001','12'),(2410,173,'002','291'),(2411,173,'003',''),(2412,173,'004',''),(2413,173,'005','8'),(2414,173,'006',''),(2415,173,'007','7'),(2416,173,'008',''),(2417,173,'009',''),(2418,173,'010','5'),(2419,173,'011',''),(2420,173,'012',''),(2421,173,'013','4'),(2422,173,'014',''),(2423,174,'001','956'),(2424,174,'002',''),(2425,174,'003',''),(2426,174,'004',''),(2427,174,'005',''),(2428,174,'006',''),(2429,174,'007',''),(2430,174,'008',''),(2431,174,'009',''),(2432,174,'010','61'),(2433,174,'011',''),(2434,174,'012',''),(2435,174,'013',''),(2436,174,'014',''),(2437,175,'001','2'),(2438,175,'002',''),(2439,175,'003',''),(2440,175,'004',''),(2441,175,'005',''),(2442,175,'006',''),(2443,175,'007',''),(2444,175,'008',''),(2445,175,'009',''),(2446,175,'010',''),(2447,175,'011',''),(2448,175,'012','4'),(2449,175,'013',''),(2450,175,'014',''),(2451,176,'001','3'),(2452,176,'002',''),(2453,176,'003',''),(2454,176,'004',''),(2455,176,'005','3'),(2456,176,'006',''),(2457,176,'007','4'),(2458,176,'008',''),(2459,176,'009',''),(2460,176,'010',''),(2461,176,'011',''),(2462,176,'012','3'),(2463,176,'013','5'),(2464,176,'014',''),(2465,177,'001','58'),(2466,177,'002','35'),(2467,177,'003','37'),(2468,177,'004','39'),(2469,177,'005','41'),(2470,177,'006','56'),(2471,177,'007','57'),(2472,177,'008','27'),(2473,177,'009',''),(2474,177,'010','46'),(2475,177,'011','31'),(2476,177,'012','45'),(2477,177,'013','33'),(2478,177,'014','43'),(2479,178,'001','55'),(2480,178,'002',''),(2481,178,'003',''),(2482,178,'004',''),(2483,178,'005',''),(2484,178,'006',''),(2485,178,'007',''),(2486,178,'008',''),(2487,178,'009',''),(2488,178,'010',''),(2489,178,'011',''),(2490,178,'012',''),(2491,178,'013',''),(2492,178,'014',''),(2493,179,'001','421'),(2494,179,'002','324'),(2495,179,'003','311'),(2496,179,'004','215'),(2497,179,'005','374'),(2498,179,'006','441'),(2499,179,'007','401'),(2500,179,'008','66'),(2501,179,'009','47'),(2502,179,'010','631'),(2503,179,'011','311'),(2504,179,'012','348'),(2505,179,'013','277'),(2506,179,'014','303'),(2507,180,'001',''),(2508,180,'002',''),(2509,180,'003',''),(2510,180,'004',''),(2511,180,'005',''),(2512,180,'006',''),(2513,180,'007',''),(2514,180,'008',''),(2515,180,'009',''),(2516,180,'010',''),(2517,180,'011',''),(2518,180,'012',''),(2519,180,'013',''),(2520,180,'014',''),(2521,181,'001','147'),(2522,181,'002','118'),(2523,181,'003','97'),(2524,181,'004','92'),(2525,181,'005','137'),(2526,181,'006','165'),(2527,181,'007','147'),(2528,181,'008','51'),(2529,181,'009','24'),(2530,181,'010','471'),(2531,181,'011','129'),(2532,181,'012','149'),(2533,181,'013','98'),(2534,181,'014','127'),(2535,182,'001',''),(2536,182,'002',''),(2537,182,'003',''),(2538,182,'004',''),(2539,182,'005',''),(2540,182,'006',''),(2541,182,'007',''),(2542,182,'008',''),(2543,182,'009',''),(2544,182,'010',''),(2545,182,'011',''),(2546,182,'012',''),(2547,182,'013',''),(2548,182,'014',''),(2549,183,'001','95'),(2550,183,'002','29'),(2551,183,'003',''),(2552,183,'004',''),(2553,183,'005','37'),(2554,183,'006','45'),(2555,183,'007','39'),(2556,183,'008',''),(2557,183,'009',''),(2558,183,'010','42'),(2559,183,'011',''),(2560,183,'012',''),(2561,183,'013',''),(2562,183,'014',''),(2563,184,'001','375'),(2564,184,'002','198'),(2565,184,'003','207'),(2566,184,'004','132'),(2567,184,'005','372'),(2568,184,'006','124'),(2569,184,'007','279'),(2570,184,'008','14'),(2571,184,'009',''),(2572,184,'010','177'),(2573,184,'011','111'),(2574,184,'012','324'),(2575,184,'013','275'),(2576,184,'014','278'),(2577,185,'001','148'),(2578,185,'002','46'),(2579,185,'003','52'),(2580,185,'004','47'),(2581,185,'005','61'),(2582,185,'006','79'),(2583,185,'007','104'),(2584,185,'008','26'),(2585,185,'009',''),(2586,185,'010','112'),(2587,185,'011','51'),(2588,185,'012','46'),(2589,185,'013','29'),(2590,185,'014','42'),(2591,186,'001',''),(2592,186,'002',''),(2593,186,'003',''),(2594,186,'004',''),(2595,186,'005','28'),(2596,186,'006',''),(2597,186,'007','41'),(2598,186,'008',''),(2599,186,'009',''),(2600,186,'010',''),(2601,186,'011',''),(2602,186,'012',''),(2603,186,'013',''),(2604,186,'014',''),(2605,187,'001','9'),(2606,187,'002','6'),(2607,187,'003','5'),(2608,187,'004','6'),(2609,187,'005','8'),(2610,187,'006','9'),(2611,187,'007','12'),(2612,187,'008','4'),(2613,187,'009',''),(2614,187,'010','7'),(2615,187,'011','7'),(2616,187,'012','5'),(2617,187,'013',''),(2618,187,'014','8'),(2619,188,'001',''),(2620,188,'002',''),(2621,188,'003',''),(2622,188,'004',''),(2623,188,'005',''),(2624,188,'006',''),(2625,188,'007','6'),(2626,188,'008',''),(2627,188,'009',''),(2628,188,'010',''),(2629,188,'011',''),(2630,188,'012',''),(2631,188,'013',''),(2632,188,'014',''),(2633,189,'001','16'),(2634,189,'002',''),(2635,189,'003',''),(2636,189,'004',''),(2637,189,'005',''),(2638,189,'006',''),(2639,189,'007','21'),(2640,189,'008',''),(2641,189,'009',''),(2642,189,'010','21'),(2643,189,'011','9'),(2644,189,'012',''),(2645,189,'013',''),(2646,189,'014',''),(2647,190,'001','12'),(2648,190,'002',''),(2649,190,'003',''),(2650,190,'004','7'),(2651,190,'005','11'),(2652,190,'006','11'),(2653,190,'007','12'),(2654,190,'008',''),(2655,190,'009',''),(2656,190,'010','8'),(2657,190,'011','6'),(2658,190,'012','4'),(2659,190,'013','5'),(2660,190,'014','4'),(2661,191,'001','18'),(2662,191,'002','2'),(2663,191,'003',''),(2664,191,'004','12'),(2665,191,'005','6'),(2666,191,'006','21'),(2667,191,'007','1'),(2668,191,'008',''),(2669,191,'009',''),(2670,191,'010','28'),(2671,191,'011','4'),(2672,191,'012','42'),(2673,191,'013',''),(2674,191,'014',''),(2675,192,'001','64'),(2676,192,'002','2'),(2677,192,'003',''),(2678,192,'004','18'),(2679,192,'005','9'),(2680,192,'006','40'),(2681,192,'007','3'),(2682,192,'008',''),(2683,192,'009',''),(2684,192,'010','92'),(2685,192,'011','10'),(2686,192,'012','69'),(2687,192,'013',''),(2688,192,'014',''),(2689,193,'001',''),(2690,193,'002',''),(2691,193,'003',''),(2692,193,'004','1'),(2693,193,'005',''),(2694,193,'006',''),(2695,193,'007',''),(2696,193,'008',''),(2697,193,'009',''),(2698,193,'010',''),(2699,193,'011',''),(2700,193,'012',''),(2701,193,'013',''),(2702,193,'014',''),(2703,194,'001',''),(2704,194,'002',''),(2705,194,'003',''),(2706,194,'004','2'),(2707,194,'005',''),(2708,194,'006',''),(2709,194,'007',''),(2710,194,'008',''),(2711,194,'009',''),(2712,194,'010',''),(2713,194,'011',''),(2714,194,'012',''),(2715,194,'013',''),(2716,194,'014',''),(2717,195,'001',''),(2718,195,'002',''),(2719,195,'003','1'),(2720,195,'004',''),(2721,195,'005',''),(2722,195,'006',''),(2723,195,'007',''),(2724,195,'008',''),(2725,195,'009',''),(2726,195,'010',''),(2727,195,'011',''),(2728,195,'012',''),(2729,195,'013',''),(2730,195,'014',''),(2731,196,'001',''),(2732,196,'002',''),(2733,196,'003','2'),(2734,196,'004',''),(2735,196,'005',''),(2736,196,'006',''),(2737,196,'007',''),(2738,196,'008',''),(2739,196,'009',''),(2740,196,'010',''),(2741,196,'011',''),(2742,196,'012',''),(2743,196,'013',''),(2744,196,'014',''),(2745,197,'001','128'),(2746,197,'002','34'),(2747,197,'003','24'),(2748,197,'004','23'),(2749,197,'005','59'),(2750,197,'006','36'),(2751,197,'007','38'),(2752,197,'008',''),(2753,197,'009','5'),(2754,197,'010','34'),(2755,197,'011','14'),(2756,197,'012','34'),(2757,197,'013','66'),(2758,197,'014','4'),(2759,198,'001','162'),(2760,198,'002','127'),(2761,198,'003','35'),(2762,198,'004','177'),(2763,198,'005','218'),(2764,198,'006','162'),(2765,198,'007','147'),(2766,198,'008',''),(2767,198,'009','10'),(2768,198,'010','120'),(2769,198,'011','58'),(2770,198,'012','109'),(2771,198,'013','71'),(2772,198,'014','8'),(2773,199,'001',''),(2774,199,'002',''),(2775,199,'003',''),(2776,199,'004',''),(2777,199,'005',''),(2778,199,'006',''),(2779,199,'007',''),(2780,199,'008',''),(2781,199,'009',''),(2782,199,'010',''),(2783,199,'011',''),(2784,199,'012',''),(2785,199,'013',''),(2786,199,'014',''),(2787,200,'001',''),(2788,200,'002','17'),(2789,200,'003','42'),(2790,200,'004','14'),(2791,200,'005','18'),(2792,200,'006','4'),(2793,200,'007','26'),(2794,200,'008',''),(2795,200,'009',''),(2796,200,'010','8'),(2797,200,'011','8'),(2798,200,'012','4'),(2799,200,'013','2'),(2800,200,'014',''),(2801,201,'001','182'),(2802,201,'002','196'),(2803,201,'003','194'),(2804,201,'004','36'),(2805,201,'005','362'),(2806,201,'006','351'),(2807,201,'007','216'),(2808,201,'008','12'),(2809,201,'009','14'),(2810,201,'010','202'),(2811,201,'011','188'),(2812,201,'012','162'),(2813,201,'013','124'),(2814,201,'014','146'),(2815,202,'001','2296'),(2816,202,'002','4101'),(2817,202,'003','1664'),(2818,202,'004','724'),(2819,202,'005','4675'),(2820,202,'006','4821'),(2821,202,'007','3935'),(2822,202,'008','165'),(2823,202,'009','261'),(2824,202,'010','1982'),(2825,202,'011','2425'),(2826,202,'012','1634'),(2827,202,'013','1024'),(2828,202,'014','2554'),(2829,203,'001','202'),(2830,203,'002','516'),(2831,203,'003','58'),(2832,203,'004','41'),(2833,203,'005','38'),(2834,203,'006','416'),(2835,203,'007','112'),(2836,203,'008','11'),(2837,203,'009',''),(2838,203,'010','204'),(2839,203,'011',''),(2840,203,'012','276'),(2841,203,'013','218'),(2842,203,'014','56'),(2843,204,'001','614'),(2844,204,'002','1028'),(2845,204,'003','122'),(2846,204,'004','110'),(2847,204,'005','111'),(2848,204,'006','1079'),(2849,204,'007','282'),(2850,204,'008','24'),(2851,204,'009',''),(2852,204,'010','444'),(2853,204,'011',''),(2854,204,'012','728'),(2855,204,'013','472'),(2856,204,'014','132'),(2857,205,'001','4'),(2858,205,'002','6'),(2859,205,'003','11'),(2860,205,'004','7'),(2861,205,'005','16'),(2862,205,'006','11'),(2863,205,'007','12'),(2864,205,'008','6'),(2865,205,'009','4'),(2866,205,'010','13'),(2867,205,'011','23'),(2868,205,'012','6'),(2869,205,'013','5'),(2870,205,'014','14'),(2871,206,'001','9'),(2872,206,'002','20'),(2873,206,'003','27'),(2874,206,'004','23'),(2875,206,'005','59'),(2876,206,'006','41'),(2877,206,'007','40'),(2878,206,'008','16'),(2879,206,'009','12'),(2880,206,'010','42'),(2881,206,'011','58'),(2882,206,'012','20'),(2883,206,'013','21'),(2884,206,'014','34'),(2885,207,'001','21'),(2886,207,'002','31'),(2887,207,'003','32'),(2888,207,'004','18'),(2889,207,'005','23'),(2890,207,'006','28'),(2891,207,'007','33'),(2892,207,'008','10'),(2893,207,'009','18'),(2894,207,'010','36'),(2895,207,'011','42'),(2896,207,'012','21'),(2897,207,'013','128'),(2898,207,'014','42'),(2899,208,'001','36'),(2900,208,'002','88'),(2901,208,'003','76'),(2902,208,'004','63'),(2903,208,'005','71'),(2904,208,'006','84'),(2905,208,'007','144'),(2906,208,'008','36'),(2907,208,'009','46'),(2908,208,'010','138'),(2909,208,'011','137'),(2910,208,'012','49'),(2911,208,'013','392'),(2912,208,'014','103'),(2913,209,'001','3'),(2914,209,'002','1'),(2915,209,'003','3'),(2916,209,'004','1'),(2917,209,'005','5'),(2918,209,'006','6'),(2919,209,'007','3'),(2920,209,'008',''),(2921,209,'009',''),(2922,209,'010','2'),(2923,209,'011','1'),(2924,209,'012','2'),(2925,209,'013',''),(2926,209,'014',''),(2927,210,'001','5'),(2928,210,'002','2'),(2929,210,'003','8'),(2930,210,'004','3'),(2931,210,'005','14'),(2932,210,'006','18'),(2933,210,'007','9'),(2934,210,'008',''),(2935,210,'009',''),(2936,210,'010','4'),(2937,210,'011','2'),(2938,210,'012','4'),(2939,210,'013',''),(2940,210,'014',''),(2941,211,'001','1'),(2942,211,'002','4'),(2943,211,'003','6'),(2944,211,'004','2'),(2945,211,'005','6'),(2946,211,'006','5'),(2947,211,'007','4'),(2948,211,'008','2'),(2949,211,'009','2'),(2950,211,'010','7'),(2951,211,'011','1'),(2952,211,'012','2'),(2953,211,'013','3'),(2954,211,'014','4'),(2955,212,'001','2'),(2956,212,'002','7'),(2957,212,'003','13'),(2958,212,'004','5'),(2959,212,'005','13'),(2960,212,'006','9'),(2961,212,'007','10'),(2962,212,'008','7'),(2963,212,'009','6'),(2964,212,'010','24'),(2965,212,'011','2'),(2966,212,'012','8'),(2967,212,'013','11'),(2968,212,'014','13'),(2969,213,'001',''),(2970,213,'002',''),(2971,213,'003',''),(2972,213,'004',''),(2973,213,'005',''),(2974,213,'006',''),(2975,213,'007',''),(2976,213,'008',''),(2977,213,'009',''),(2978,213,'010',''),(2979,213,'011',''),(2980,213,'012',''),(2981,213,'013',''),(2982,213,'014',''),(2983,214,'001',''),(2984,214,'002',''),(2985,214,'003',''),(2986,214,'004',''),(2987,214,'005',''),(2988,214,'006',''),(2989,214,'007',''),(2990,214,'008',''),(2991,214,'009',''),(2992,214,'010',''),(2993,214,'011',''),(2994,214,'012',''),(2995,214,'013',''),(2996,214,'014',''),(2997,215,'001',''),(2998,215,'002',''),(2999,215,'003',''),(3000,215,'004',''),(3001,215,'005','1'),(3002,215,'006','2'),(3003,215,'007','2'),(3004,215,'008',''),(3005,215,'009',''),(3006,215,'010',''),(3007,215,'011',''),(3008,215,'012',''),(3009,215,'013',''),(3010,215,'014',''),(3011,216,'001',''),(3012,216,'002',''),(3013,216,'003',''),(3014,216,'004',''),(3015,216,'005','3'),(3016,216,'006','6'),(3017,216,'007','6'),(3018,216,'008',''),(3019,216,'009',''),(3020,216,'010',''),(3021,216,'011',''),(3022,216,'012',''),(3023,216,'013',''),(3024,216,'014',''),(3025,217,'001',''),(3026,217,'002',''),(3027,217,'003',''),(3028,217,'004',''),(3029,217,'005',''),(3030,217,'006',''),(3031,217,'007','18'),(3032,217,'008',''),(3033,217,'009',''),(3034,217,'010',''),(3035,217,'011',''),(3036,217,'012',''),(3037,217,'013',''),(3038,217,'014',''),(3039,218,'001',''),(3040,218,'002',''),(3041,218,'003',''),(3042,218,'004',''),(3043,218,'005',''),(3044,218,'006',''),(3045,218,'007','26'),(3046,218,'008',''),(3047,218,'009',''),(3048,218,'010',''),(3049,218,'011',''),(3050,218,'012',''),(3051,218,'013',''),(3052,218,'014',''),(3053,219,'001',''),(3054,219,'002',''),(3055,219,'003',''),(3056,219,'004',''),(3057,219,'005',''),(3058,219,'006',''),(3059,219,'007',''),(3060,219,'008',''),(3061,219,'009',''),(3062,219,'010',''),(3063,219,'011',''),(3064,219,'012',''),(3065,219,'013',''),(3066,219,'014',''),(3067,220,'001',''),(3068,220,'002',''),(3069,220,'003',''),(3070,220,'004',''),(3071,220,'005',''),(3072,220,'006',''),(3073,220,'007',''),(3074,220,'008',''),(3075,220,'009',''),(3076,220,'010',''),(3077,220,'011',''),(3078,220,'012',''),(3079,220,'013',''),(3080,220,'014',''),(3081,221,'001','4'),(3082,221,'002','10'),(3083,221,'003','22'),(3084,221,'004','18'),(3085,221,'005','32'),(3086,221,'006','39'),(3087,221,'007','33'),(3088,221,'008','16'),(3089,221,'009','13'),(3090,221,'010','24'),(3091,221,'011','35'),(3092,221,'012','20'),(3093,221,'013','32'),(3094,221,'014','23'),(3095,222,'001','7'),(3096,222,'002','19'),(3097,222,'003','42'),(3098,222,'004','34'),(3099,222,'005','66'),(3100,222,'006','81'),(3101,222,'007','68'),(3102,222,'008','34'),(3103,222,'009','28'),(3104,222,'010','49'),(3105,222,'011','71'),(3106,222,'012','46'),(3107,222,'013','65'),(3108,222,'014','42'),(3109,223,'001',''),(3110,223,'002',''),(3111,223,'003','1'),(3112,223,'004','1'),(3113,223,'005',''),(3114,223,'006','1'),(3115,223,'007',''),(3116,223,'008',''),(3117,223,'009',''),(3118,223,'010',''),(3119,223,'011',''),(3120,223,'012',''),(3121,223,'013','1'),(3122,223,'014','1'),(3123,224,'001','18'),(3124,224,'002','56'),(3125,224,'003','167'),(3126,224,'004','62'),(3127,224,'005','156'),(3128,224,'006','63'),(3129,224,'007','35'),(3130,224,'008','125'),(3131,224,'009','68'),(3132,224,'010','150'),(3133,224,'011','67'),(3134,224,'012','38'),(3135,224,'013','60'),(3136,224,'014','582'),(3137,225,'001','20'),(3138,225,'002','10'),(3139,225,'003','135'),(3140,225,'004','26'),(3141,225,'005','64'),(3142,225,'006','45'),(3143,225,'007','63'),(3144,225,'008','25'),(3145,225,'009','9'),(3146,225,'010','75'),(3147,225,'011','33'),(3148,225,'012','10'),(3149,225,'013','8'),(3150,225,'014','15'),(3151,226,'001','22'),(3152,226,'002','46'),(3153,226,'003','37'),(3154,226,'004','35'),(3155,226,'005','31'),(3156,226,'006','35'),(3157,226,'007','37'),(3158,226,'008','20'),(3159,226,'009','36'),(3160,226,'010','51'),(3161,226,'011','30'),(3162,226,'012','18'),(3163,226,'013','64'),(3164,226,'014','82'),(3165,227,'001','5'),(3166,227,'002','1'),(3167,227,'003','5'),(3168,227,'004','4'),(3169,227,'005','5'),(3170,227,'006','6'),(3171,227,'007','4'),(3172,227,'008','3'),(3173,227,'009','3'),(3174,227,'010','6'),(3175,227,'011','1'),(3176,227,'012','1'),(3177,227,'013','3'),(3178,227,'014','7'),(3179,228,'001',''),(3180,228,'002',''),(3181,228,'003','3'),(3182,228,'004','2'),(3183,228,'005','5'),(3184,228,'006','4'),(3185,228,'007','4'),(3186,228,'008','2'),(3187,228,'009','5'),(3188,228,'010','4'),(3189,228,'011','2'),(3190,228,'012',''),(3191,228,'013','6'),(3192,228,'014','9'),(3193,229,'001',''),(3194,229,'002',''),(3195,229,'003','12'),(3196,229,'004','10'),(3197,229,'005','16'),(3198,229,'006','14'),(3199,229,'007','14'),(3200,229,'008','11'),(3201,229,'009','17'),(3202,229,'010','16'),(3203,229,'011','9'),(3204,229,'012',''),(3205,229,'013','24'),(3206,229,'014','46'),(3207,230,'001','38'),(3208,230,'002','87'),(3209,230,'003','181'),(3210,230,'004','162'),(3211,230,'005','184'),(3212,230,'006','190'),(3213,230,'007','224'),(3214,230,'008','188'),(3215,230,'009','126'),(3216,230,'010','198'),(3217,230,'011','93'),(3218,230,'012','57'),(3219,230,'013','184'),(3220,230,'014','646'),(3221,231,'001','71'),(3222,231,'002','153'),(3223,231,'003','375'),(3224,231,'004','331'),(3225,231,'005','359'),(3226,231,'006','382'),(3227,231,'007','530'),(3228,231,'008','367'),(3229,231,'009','270'),(3230,231,'010','490'),(3231,231,'011','221'),(3232,231,'012','108'),(3233,231,'013','370'),(3234,231,'014','338'),(3235,232,'001','22'),(3236,232,'002','46'),(3237,232,'003','37'),(3238,232,'004','35'),(3239,232,'005','31'),(3240,232,'006','35'),(3241,232,'007','37'),(3242,232,'008','20'),(3243,232,'009','36'),(3244,232,'010','51'),(3245,232,'011','24'),(3246,232,'012','18'),(3247,232,'013','64'),(3248,232,'014','82'),(3249,233,'001','46'),(3250,233,'002','94'),(3251,233,'003','81'),(3252,233,'004','78'),(3253,233,'005','62'),(3254,233,'006','83'),(3255,233,'007','79'),(3256,233,'008','44'),(3257,233,'009','26'),(3258,233,'010','106'),(3259,233,'011','51'),(3260,233,'012','37'),(3261,233,'013','133'),(3262,233,'014','187'),(3263,234,'001',''),(3264,234,'002','1'),(3265,234,'003','2'),(3266,234,'004','1'),(3267,234,'005','6'),(3268,234,'006','5'),(3269,234,'007',''),(3270,234,'008',''),(3271,234,'009',''),(3272,234,'010','5'),(3273,234,'011',''),(3274,234,'012',''),(3275,234,'013',''),(3276,234,'014','31'),(3277,235,'001',''),(3278,235,'002',''),(3279,235,'003',''),(3280,235,'004',''),(3281,235,'005','110'),(3282,235,'006',''),(3283,235,'007',''),(3284,235,'008',''),(3285,235,'009',''),(3286,235,'010',''),(3287,235,'011',''),(3288,235,'012',''),(3289,235,'013',''),(3290,235,'014',''),(3291,236,'001',''),(3292,236,'002',''),(3293,236,'003',''),(3294,236,'004',''),(3295,236,'005',''),(3296,236,'006',''),(3297,236,'007',''),(3298,236,'008',''),(3299,236,'009',''),(3300,236,'010',''),(3301,236,'011',''),(3302,236,'012',''),(3303,236,'013',''),(3304,236,'014',''),(3305,237,'001',''),(3306,237,'002',''),(3307,237,'003',''),(3308,237,'004',''),(3309,237,'005',''),(3310,237,'006',''),(3311,237,'007',''),(3312,237,'008',''),(3313,237,'009',''),(3314,237,'010',''),(3315,237,'011',''),(3316,237,'012',''),(3317,237,'013',''),(3318,237,'014',''),(3319,238,'001',''),(3320,238,'002',''),(3321,238,'003','4'),(3322,238,'004',''),(3323,238,'005',''),(3324,238,'006',''),(3325,238,'007',''),(3326,238,'008',''),(3327,238,'009',''),(3328,238,'010',''),(3329,238,'011',''),(3330,238,'012',''),(3331,238,'013',''),(3332,238,'014','22'),(3333,239,'001',''),(3334,239,'002','1'),(3335,239,'003','6'),(3336,239,'004','1'),(3337,239,'005','116'),(3338,239,'006','5'),(3339,239,'007',''),(3340,239,'008',''),(3341,239,'009',''),(3342,239,'010','5'),(3343,239,'011',''),(3344,239,'012',''),(3345,239,'013',''),(3346,239,'014','53'),(3347,240,'001','3'),(3348,240,'002','5'),(3349,240,'003','5'),(3350,240,'004','1'),(3351,240,'005','8'),(3352,240,'006','5'),(3353,240,'007','10'),(3354,240,'008',''),(3355,240,'009',''),(3356,240,'010','16'),(3357,240,'011','2'),(3358,240,'012','4'),(3359,240,'013','2'),(3360,240,'014','34'),(3361,241,'001',''),(3362,241,'002',''),(3363,241,'003',''),(3364,241,'004',''),(3365,241,'005',''),(3366,241,'006',''),(3367,241,'007',''),(3368,241,'008',''),(3369,241,'009',''),(3370,241,'010','10'),(3371,241,'011',''),(3372,241,'012',''),(3373,241,'013',''),(3374,241,'014',''),(3375,242,'001','22'),(3376,242,'002','23'),(3377,242,'003','21'),(3378,242,'004','20'),(3379,242,'005','80'),(3380,242,'006','110'),(3381,242,'007','141'),(3382,242,'008','39'),(3383,242,'009','32'),(3384,242,'010','63'),(3385,242,'011','48'),(3386,242,'012','22'),(3387,242,'013','51'),(3388,242,'014','177'),(3389,243,'001','9'),(3390,243,'002','11'),(3391,243,'003','12'),(3392,243,'004','8'),(3393,243,'005','16'),(3394,243,'006','22'),(3395,243,'007','21'),(3396,243,'008','9'),(3397,243,'009','6'),(3398,243,'010','13'),(3399,243,'011','14'),(3400,243,'012','9'),(3401,243,'013','16'),(3402,243,'014','25'),(3403,244,'001','14'),(3404,244,'002','26'),(3405,244,'003','33'),(3406,244,'004','32'),(3407,244,'005','48'),(3408,244,'006','49'),(3409,244,'007','56'),(3410,244,'008','39'),(3411,244,'009','32'),(3412,244,'010','26'),(3413,244,'011','38'),(3414,244,'012','17'),(3415,244,'013','48'),(3416,244,'014','66'),(3417,245,'001',''),(3418,245,'002','1'),(3419,245,'003','4'),(3420,245,'004','4'),(3421,245,'005','5'),(3422,245,'006','5'),(3423,245,'007','6'),(3424,245,'008','4'),(3425,245,'009','3'),(3426,245,'010','5'),(3427,245,'011','6'),(3428,245,'012','3'),(3429,245,'013','4'),(3430,245,'014','8'),(3431,246,'001',''),(3432,246,'002',''),(3433,246,'003',''),(3434,246,'004',''),(3435,246,'005',''),(3436,246,'006',''),(3437,246,'007',''),(3438,246,'008',''),(3439,246,'009',''),(3440,246,'010',''),(3441,246,'011',''),(3442,246,'012',''),(3443,246,'013',''),(3444,246,'014','11'),(3445,247,'001','2'),(3446,247,'002',''),(3447,247,'003','75'),(3448,247,'004',''),(3449,247,'005','15'),(3450,247,'006','5'),(3451,247,'007',''),(3452,247,'008','5'),(3453,247,'009',''),(3454,247,'010','3'),(3455,247,'011',''),(3456,247,'012',''),(3457,247,'013',''),(3458,247,'014',''),(3459,248,'001',''),(3460,248,'002',''),(3461,248,'003',''),(3462,248,'004',''),(3463,248,'005',''),(3464,248,'006',''),(3465,248,'007',''),(3466,248,'008',''),(3467,248,'009',''),(3468,248,'010',''),(3469,248,'011',''),(3470,248,'012',''),(3471,248,'013',''),(3472,248,'014',''),(3473,249,'001',''),(3474,249,'002',''),(3475,249,'003',''),(3476,249,'004',''),(3477,249,'005',''),(3478,249,'006',''),(3479,249,'007',''),(3480,249,'008',''),(3481,249,'009',''),(3482,249,'010',''),(3483,249,'011',''),(3484,249,'012',''),(3485,249,'013',''),(3486,249,'014',''),(3487,250,'001','856'),(3488,250,'002','1169'),(3489,250,'003','1167'),(3490,250,'004','1015'),(3491,250,'005','1550'),(3492,250,'006','2264'),(3493,250,'007','1995'),(3494,250,'008','725'),(3495,250,'009','420'),(3496,250,'010','1304'),(3497,250,'011','879'),(3498,250,'012','409'),(3499,250,'013','1431'),(3500,250,'014','1426'),(3501,251,'001','5'),(3502,251,'002','8'),(3503,251,'003','54'),(3504,251,'004','3'),(3505,251,'005','20'),(3506,251,'006','48'),(3507,251,'007','30'),(3508,251,'008','10'),(3509,251,'009','5'),(3510,251,'010','25'),(3511,251,'011','6'),(3512,251,'012','17'),(3513,251,'013','6'),(3514,251,'014','25'),(3515,252,'001',''),(3516,252,'002',''),(3517,252,'003',''),(3518,252,'004',''),(3519,252,'005',''),(3520,252,'006',''),(3521,252,'007',''),(3522,252,'008',''),(3523,252,'009',''),(3524,252,'010',''),(3525,252,'011',''),(3526,252,'012',''),(3527,252,'013',''),(3528,252,'014',''),(3529,253,'001',''),(3530,253,'002',''),(3531,253,'003',''),(3532,253,'004',''),(3533,253,'005',''),(3534,253,'006',''),(3535,253,'007',''),(3536,253,'008',''),(3537,253,'009',''),(3538,253,'010',''),(3539,253,'011',''),(3540,253,'012',''),(3541,253,'013',''),(3542,253,'014',''),(3543,254,'001',''),(3544,254,'002',''),(3545,254,'003',''),(3546,254,'004',''),(3547,254,'005',''),(3548,254,'006',''),(3549,254,'007',''),(3550,254,'008',''),(3551,254,'009',''),(3552,254,'010',''),(3553,254,'011',''),(3554,254,'012',''),(3555,254,'013',''),(3556,254,'014',''),(3557,255,'001','847'),(3558,255,'002','669'),(3559,255,'003','340'),(3560,255,'004','587'),(3561,255,'005','300'),(3562,255,'006','125'),(3563,255,'007','680'),(3564,255,'008','310'),(3565,255,'009','198'),(3566,255,'010','1135'),(3567,255,'011','318'),(3568,255,'012','69'),(3569,255,'013','610'),(3570,255,'014','808'),(3571,256,'001','842'),(3572,256,'002','1165'),(3573,256,'003','1231'),(3574,256,'004','2012'),(3575,256,'005','1800'),(3576,256,'006','2673'),(3577,256,'007','2455'),(3578,256,'008','805'),(3579,256,'009','435'),(3580,256,'010','1283'),(3581,256,'011','2026'),(3582,256,'012','713'),(3583,256,'013','1486'),(3584,256,'014','1458'),(3585,257,'001','17'),(3586,257,'002','159'),(3587,257,'003','287'),(3588,257,'004','216'),(3589,257,'005','273'),(3590,257,'006','50'),(3591,257,'007','202'),(3592,257,'008','115'),(3593,257,'009','72'),(3594,257,'010','560'),(3595,257,'011','151'),(3596,257,'012','45'),(3597,257,'013','110'),(3598,257,'014','388'),(3599,258,'001',''),(3600,258,'002',''),(3601,258,'003',''),(3602,258,'004',''),(3603,258,'005',''),(3604,258,'006',''),(3605,258,'007',''),(3606,258,'008',''),(3607,258,'009',''),(3608,258,'010',''),(3609,258,'011',''),(3610,258,'012',''),(3611,258,'013',''),(3612,258,'014',''),(3613,259,'001',''),(3614,259,'002',''),(3615,259,'003',''),(3616,259,'004',''),(3617,259,'005',''),(3618,259,'006',''),(3619,259,'007',''),(3620,259,'008',''),(3621,259,'009',''),(3622,259,'010',''),(3623,259,'011',''),(3624,259,'012',''),(3625,259,'013',''),(3626,259,'014',''),(3627,260,'001','1309'),(3628,260,'002','1719'),(3629,260,'003','1601'),(3630,260,'004','1136'),(3631,260,'005','2383'),(3632,260,'006','2985'),(3633,260,'007','2775'),(3634,260,'008','793'),(3635,260,'009','413'),(3636,260,'010','1908'),(3637,260,'011','1803'),(3638,260,'012','1473'),(3639,260,'013','1572'),(3640,260,'014','1746'),(3641,261,'001','48810309'),(3642,261,'002','144425729'),(3643,261,'003','223754000'),(3644,261,'004','232762404'),(3645,261,'005','457250500'),(3646,261,'006','221316000'),(3647,261,'007','326948880'),(3648,261,'008','162813595'),(3649,261,'009','82704600'),(3650,261,'010','272394103'),(3651,261,'011','73018000'),(3652,261,'012','44186303'),(3653,261,'013','113632128'),(3654,261,'014','578502607'),(3655,262,'001','48735976'),(3656,262,'002','137954244'),(3657,262,'003','223754000'),(3658,262,'004','223762404'),(3659,262,'005','457250384'),(3660,262,'006',''),(3661,262,'007','325299700'),(3662,262,'008','262577967'),(3663,262,'009','82740600'),(3664,262,'010','266901912'),(3665,262,'011','73018000'),(3666,262,'012','44031600'),(3667,262,'013','114272837'),(3668,262,'014','572977031'),(3669,263,'001','100'),(3670,263,'002','95'),(3671,263,'003','100'),(3672,263,'004','96'),(3673,263,'005','100'),(3674,263,'006',''),(3675,263,'007','99'),(3676,263,'008','100'),(3677,263,'009','100'),(3678,263,'010','99,3'),(3679,263,'011','100'),(3680,263,'012','100'),(3681,263,'013','101'),(3682,263,'014','99'),(3683,264,'001','2801400000'),(3684,264,'002',''),(3685,264,'003','524000000'),(3686,264,'004','158374500'),(3687,264,'005','170374500'),(3688,264,'006',''),(3689,264,'007','634374500'),(3690,264,'008','317174500'),(3691,264,'009','78366000'),(3692,264,'010','462000000'),(3693,264,'011','149574000'),(3694,264,'012','286665800'),(3695,264,'013','421374500'),(3696,264,'014','125674000'),(3697,265,'001',''),(3698,265,'002','1'),(3699,265,'003','1'),(3700,265,'004',''),(3701,265,'005','3'),(3702,265,'006','2'),(3703,265,'007','4'),(3704,265,'008','1'),(3705,265,'009','1'),(3706,265,'010',''),(3707,265,'011','1'),(3708,265,'012',''),(3709,265,'013',''),(3710,265,'014','3'),(3711,266,'001',''),(3712,266,'002',''),(3713,266,'003',''),(3714,266,'004','1'),(3715,266,'005','2'),(3716,266,'006','3'),(3717,266,'007','3'),(3718,266,'008','1'),(3719,266,'009',' '),(3720,266,'010','1'),(3721,266,'011',' '),(3722,266,'012',''),(3723,266,'013',' '),(3724,266,'014','2'),(3725,267,'001',''),(3726,267,'002','1'),(3727,267,'003','1'),(3728,267,'004',''),(3729,267,'005','2'),(3730,267,'006','4'),(3731,267,'007','2'),(3732,267,'008','1'),(3733,267,'009','2'),(3734,267,'010','1'),(3735,267,'011',''),(3736,267,'012',''),(3737,267,'013','2'),(3738,267,'014','3'),(3739,268,'001',''),(3740,268,'002','1'),(3741,268,'003','1'),(3742,268,'004','3'),(3743,268,'005','2'),(3744,268,'006','1'),(3745,268,'007','2'),(3746,268,'008',''),(3747,268,'009','1'),(3748,268,'010',''),(3749,268,'011','1'),(3750,268,'012','1'),(3751,268,'013',''),(3752,268,'014',''),(3753,269,'001','1'),(3754,269,'002','3'),(3755,269,'003','6'),(3756,269,'004','5'),(3757,269,'005','3'),(3758,269,'006','4'),(3759,269,'007','8'),(3760,269,'008','4'),(3761,269,'009','2'),(3762,269,'010','1'),(3763,269,'011','2'),(3764,269,'012',' '),(3765,269,'013','2'),(3766,269,'014','4'),(3767,270,'001','3'),(3768,270,'002','1'),(3769,270,'003','1'),(3770,270,'004','2'),(3771,270,'005','1'),(3772,270,'006','2'),(3773,270,'007','2'),(3774,270,'008','3'),(3775,270,'009',''),(3776,270,'010','1'),(3777,270,'011',''),(3778,270,'012',''),(3779,270,'013','2'),(3780,270,'014','4'),(3781,271,'001',''),(3782,271,'002',''),(3783,271,'003',''),(3784,271,'004',''),(3785,271,'005','1'),(3786,271,'006','1'),(3787,271,'007',''),(3788,271,'008',''),(3789,271,'009',''),(3790,271,'010',''),(3791,271,'011',''),(3792,271,'012',''),(3793,271,'013',''),(3794,271,'014',''),(3795,272,'001',''),(3796,272,'002','1'),(3797,272,'003','3'),(3798,272,'004','1'),(3799,272,'005','1'),(3800,272,'006','3'),(3801,272,'007','2'),(3802,272,'008','1'),(3803,272,'009','1'),(3804,272,'010','1'),(3805,272,'011','1'),(3806,272,'012',''),(3807,272,'013','1'),(3808,272,'014','1'),(3809,273,'001',''),(3810,273,'002',''),(3811,273,'003',''),(3812,273,'004',''),(3813,273,'005',''),(3814,273,'006',''),(3815,273,'007',''),(3816,273,'008',''),(3817,273,'009',''),(3818,273,'010',''),(3819,273,'011',''),(3820,273,'012',''),(3821,273,'013',''),(3822,273,'014',''),(3823,274,'001','1'),(3824,274,'002','3'),(3825,274,'003','4'),(3826,274,'004','2'),(3827,274,'005','4'),(3828,274,'006','6'),(3829,274,'007','4'),(3830,274,'008','2'),(3831,274,'009','1'),(3832,274,'010','3'),(3833,274,'011','2'),(3834,274,'012',''),(3835,274,'013','3'),(3836,274,'014','4'),(3837,275,'001','4'),(3838,275,'002','7'),(3839,275,'003','8'),(3840,275,'004','3'),(3841,275,'005','9'),(3842,275,'006','7'),(3843,275,'007','7'),(3844,275,'008','1'),(3845,275,'009','1'),(3846,275,'010','1'),(3847,275,'011','2'),(3848,275,'012','2'),(3849,275,'013','4'),(3850,275,'014','6'),(3851,276,'001','1'),(3852,276,'002','4'),(3853,276,'003','6'),(3854,276,'004','1'),(3855,276,'005','4'),(3856,276,'006','6'),(3857,276,'007',''),(3858,276,'008','1'),(3859,276,'009','1'),(3860,276,'010','3'),(3861,276,'011','2'),(3862,276,'012','2'),(3863,276,'013','2'),(3864,276,'014','3'),(3865,277,'001','2'),(3866,277,'002','3'),(3867,277,'003','2'),(3868,277,'004','2'),(3869,277,'005','3'),(3870,277,'006','5'),(3871,277,'007','1'),(3872,277,'008','4'),(3873,277,'009','1'),(3874,277,'010','5'),(3875,277,'011','5'),(3876,277,'012','2'),(3877,277,'013','4'),(3878,277,'014','2'),(3879,278,'001','1'),(3880,278,'002','1'),(3881,278,'003','2'),(3882,278,'004','2'),(3883,278,'005','1'),(3884,278,'006','2'),(3885,278,'007','3'),(3886,278,'008','1'),(3887,278,'009','1'),(3888,278,'010','2'),(3889,278,'011','1'),(3890,278,'012','1'),(3891,278,'013','2'),(3892,278,'014','5'),(3893,279,'001',''),(3894,279,'002',''),(3895,279,'003',''),(3896,279,'004',''),(3897,279,'005',''),(3898,279,'006',''),(3899,279,'007',''),(3900,279,'008',''),(3901,279,'009',''),(3902,279,'010',''),(3903,279,'011',''),(3904,279,'012',''),(3905,279,'013',''),(3906,279,'014',''),(3907,280,'001',''),(3908,280,'002',''),(3909,280,'003',''),(3910,280,'004',''),(3911,280,'005',''),(3912,280,'006',''),(3913,280,'007',''),(3914,280,'008',''),(3915,280,'009',''),(3916,280,'010',''),(3917,280,'011',''),(3918,280,'012',''),(3919,280,'013',''),(3920,280,'014',''),(3921,281,'001','1'),(3922,281,'002','3'),(3923,281,'003','2'),(3924,281,'004','1'),(3925,281,'005','3'),(3926,281,'006','3'),(3927,281,'007','2'),(3928,281,'008','1'),(3929,281,'009',''),(3930,281,'010','1'),(3931,281,'011','1'),(3932,281,'012','2'),(3933,281,'013','1'),(3934,281,'014','3'),(3935,282,'001',''),(3936,282,'002',''),(3937,282,'003',''),(3938,282,'004',''),(3939,282,'005',''),(3940,282,'006',''),(3941,282,'007',''),(3942,282,'008',''),(3943,282,'009',''),(3944,282,'010',''),(3945,282,'011',''),(3946,282,'012',''),(3947,282,'013',''),(3948,282,'014',''),(3949,283,'001','1'),(3950,283,'002','1'),(3951,283,'003',''),(3952,283,'004',''),(3953,283,'005','1'),(3954,283,'006',''),(3955,283,'007',''),(3956,283,'008',''),(3957,283,'009',''),(3958,283,'010',''),(3959,283,'011',''),(3960,283,'012',''),(3961,283,'013',''),(3962,283,'014','2'),(3963,284,'001',''),(3964,284,'002',''),(3965,284,'003',''),(3966,284,'004',''),(3967,284,'005',''),(3968,284,'006',''),(3969,284,'007',''),(3970,284,'008',''),(3971,284,'009',''),(3972,284,'010',''),(3973,284,'011',''),(3974,284,'012',''),(3975,284,'013',''),(3976,284,'014',''),(3977,285,'001','3'),(3978,285,'002','5'),(3979,285,'003','4'),(3980,285,'004','2'),(3981,285,'005','8'),(3982,285,'006','4'),(3983,285,'007','6'),(3984,285,'008','4'),(3985,285,'009','2'),(3986,285,'010','2'),(3987,285,'011','1'),(3988,285,'012','2'),(3989,285,'013','4'),(3990,285,'014','6'),(3991,286,'001','1'),(3992,286,'002',''),(3993,286,'003',''),(3994,286,'004',''),(3995,286,'005','2'),(3996,286,'006',''),(3997,286,'007',''),(3998,286,'008',''),(3999,286,'009',''),(4000,286,'010','4'),(4001,286,'011','1'),(4002,286,'012',''),(4003,286,'013','2'),(4004,286,'014','2'),(4005,287,'001','1'),(4006,287,'002','3'),(4007,287,'003','4'),(4008,287,'004','2'),(4009,287,'005','4'),(4010,287,'006','4'),(4011,287,'007','3'),(4012,287,'008','1'),(4013,287,'009','1'),(4014,287,'010','1'),(4015,287,'011','2'),(4016,287,'012','1'),(4017,287,'013','4'),(4018,287,'014','4'),(4019,288,'001','3'),(4020,288,'002','10'),(4021,288,'003','9'),(4022,288,'004','4'),(4023,288,'005','8'),(4024,288,'006','14'),(4025,288,'007','10'),(4026,288,'008','4'),(4027,288,'009','2'),(4028,288,'010','9'),(4029,288,'011','5'),(4030,288,'012','3'),(4031,288,'013','4'),(4032,288,'014','9'),(4033,289,'001','3'),(4034,289,'002','2'),(4035,289,'003','6'),(4036,289,'004','2'),(4037,289,'005','5'),(4038,289,'006','7'),(4039,289,'007','12'),(4040,289,'008','3'),(4041,289,'009','1'),(4042,289,'010','3'),(4043,289,'011','3'),(4044,289,'012','3'),(4045,289,'013','2'),(4046,289,'014','8'),(4047,290,'001',''),(4048,290,'002',''),(4049,290,'003',''),(4050,290,'004',''),(4051,290,'005',''),(4052,290,'006',''),(4053,290,'007',''),(4054,290,'008',''),(4055,290,'009',''),(4056,290,'010',''),(4057,290,'011',''),(4058,290,'012',''),(4059,290,'013',''),(4060,290,'014',''),(4061,291,'001','5'),(4062,291,'002','5'),(4063,291,'003','146'),(4064,291,'004','3'),(4065,291,'005','9'),(4066,291,'006','5'),(4067,291,'007','4'),(4068,291,'008','12'),(4069,291,'009','4'),(4070,291,'010','10'),(4071,291,'011','26'),(4072,291,'012','13'),(4073,291,'013','6'),(4074,291,'014','3'),(4075,292,'001','2'),(4076,292,'002','4'),(4077,292,'003','1'),(4078,292,'004','1'),(4079,292,'005','2'),(4080,292,'006','1'),(4081,292,'007','2'),(4082,292,'008','1'),(4083,292,'009','1'),(4084,292,'010','4'),(4085,292,'011','2'),(4086,292,'012','1'),(4087,292,'013','2'),(4088,292,'014','2'),(4089,293,'001','1'),(4090,293,'002','1'),(4091,293,'003','1'),(4092,293,'004','1'),(4093,293,'005','1'),(4094,293,'006','1'),(4095,293,'007',''),(4096,293,'008',''),(4097,293,'009',''),(4098,293,'010',''),(4099,293,'011','1'),(4100,293,'012',''),(4101,293,'013','1'),(4102,293,'014','1'),(4103,294,'001',''),(4104,294,'002',''),(4105,294,'003','1'),(4106,294,'004',''),(4107,294,'005',''),(4108,294,'006','1'),(4109,294,'007',''),(4110,294,'008',''),(4111,294,'009','1'),(4112,294,'010',''),(4113,294,'011',''),(4114,294,'012',''),(4115,294,'013',''),(4116,294,'014',''),(4117,295,'001','15'),(4118,295,'002','32'),(4119,295,'003','7'),(4120,295,'004','46'),(4121,295,'005','47'),(4122,295,'006','162'),(4123,295,'007','26'),(4124,295,'008','24'),(4125,295,'009','55'),(4126,295,'010','54'),(4127,295,'011','3'),(4128,295,'012','92'),(4129,295,'013','10'),(4130,295,'014','28'),(4131,296,'001',''),(4132,296,'002',''),(4133,296,'003','1'),(4134,296,'004',''),(4135,296,'005',''),(4136,296,'006','1'),(4137,296,'007','1'),(4138,296,'008',''),(4139,296,'009',''),(4140,296,'010',''),(4141,296,'011',''),(4142,296,'012',''),(4143,296,'013',''),(4144,296,'014','2'),(4145,297,'001','1'),(4146,297,'002','2'),(4147,297,'003','3'),(4148,297,'004','2'),(4149,297,'005','2'),(4150,297,'006','3'),(4151,297,'007','3'),(4152,297,'008','1'),(4153,297,'009','1'),(4154,297,'010','3'),(4155,297,'011','3'),(4156,297,'012','1'),(4157,297,'013','3'),(4158,297,'014','4'),(4159,298,'001',''),(4160,298,'002','2'),(4161,298,'003','2'),(4162,298,'004','2'),(4163,298,'005','2'),(4164,298,'006','2'),(4165,298,'007','2'),(4166,298,'008',''),(4167,298,'009',''),(4168,298,'010',''),(4169,298,'011',''),(4170,298,'012',''),(4171,298,'013','1'),(4172,298,'014','2'),(4173,299,'001','2'),(4174,299,'002','3'),(4175,299,'003','4'),(4176,299,'004','2'),(4177,299,'005','4'),(4178,299,'006','5'),(4179,299,'007','4'),(4180,299,'008','1'),(4181,299,'009',''),(4182,299,'010','2'),(4183,299,'011','3'),(4184,299,'012','2'),(4185,299,'013','4'),(4186,299,'014','3'),(4187,300,'001',''),(4188,300,'002',''),(4189,300,'003','2'),(4190,300,'004',''),(4191,300,'005',''),(4192,300,'006','1'),(4193,300,'007','1'),(4194,300,'008','2'),(4195,300,'009','1'),(4196,300,'010','1'),(4197,300,'011','1'),(4198,300,'012',' '),(4199,300,'013',''),(4200,300,'014','2'),(4201,301,'001','3'),(4202,301,'002','6'),(4203,301,'003','7'),(4204,301,'004','4'),(4205,301,'005','8'),(4206,301,'006','10'),(4207,301,'007','8'),(4208,301,'008','7'),(4209,301,'009','3'),(4210,301,'010','6'),(4211,301,'011','4'),(4212,301,'012','2'),(4213,301,'013','6'),(4214,301,'014','8'),(4215,302,'001',''),(4216,302,'002',''),(4217,302,'003','1'),(4218,302,'004','1'),(4219,302,'005',''),(4220,302,'006',''),(4221,302,'007',''),(4222,302,'008',''),(4223,302,'009',''),(4224,302,'010',''),(4225,302,'011',''),(4226,302,'012',''),(4227,302,'013',''),(4228,302,'014',''),(4229,303,'001',''),(4230,303,'002',''),(4231,303,'003',''),(4232,303,'004',''),(4233,303,'005',''),(4234,303,'006',''),(4235,303,'007',''),(4236,303,'008',''),(4237,303,'009',''),(4238,303,'010',''),(4239,303,'011',''),(4240,303,'012',''),(4241,303,'013',''),(4242,303,'014','');
/*!40000 ALTER TABLE `grafik_isi` ENABLE KEYS */;
UNLOCK TABLES;

--
-- Table structure for table `grafik_judul`
--

DROP TABLE IF EXISTS `grafik_judul`;
/*!40101 SET @saved_cs_client     = @@character_set_client */;
/*!40101 SET character_set_client = utf8 */;
CREATE TABLE `grafik_judul` (
  `id_judul` int(11) NOT NULL AUTO_INCREMENT,
  `judul` varchar(100) DEFAULT NULL,
  PRIMARY KEY (`id_judul`)
) ENGINE=InnoDB AUTO_INCREMENT=44 DEFAULT CHARSET=latin1;
/*!40101 SET character_set_client = @saved_cs_client */;

--
-- Dumping data for table `grafik_judul`
--

LOCK TABLES `grafik_judul` WRITE;
/*!40000 ALTER TABLE `grafik_judul` DISABLE KEYS */;
INSERT INTO `grafik_judul` VALUES (1,'1.2 - Luas Wilayah dan Keterangan Umum Menurut Kelurahan 2016'),(2,'1.3 - Lahan Menurut Kelurahan dan Penggunaannya 2016'),(3,'2.1 - Dusun/Lingkungan, RW, RT Menurut Kelurahan 2016'),(4,'2.2 - Perangkat Menurut Kelurahan dan Urusan 2016'),(5,'2.3 - Pegawai Negeri Sipil Menurut Instansi dan Golongan 2016'),(6,'3.1.1 - Penduduk Menurut Kelurahan dan Jenis Kelamin 2016'),(7,'3.1.2 - Kepadatan Penduduk, Rumah Tangga Menurut Kelurahan 2016'),(8,'3.1.3 - Penduduk Menurut Kelurahan dan Kewarganegaraan 2016'),(9,'3.1.4 - Penduduk Menurut Kelompok Umur dan Jenis Kelamin, 2016 '),(10,'3.2.1 - Sumber Penghasilan Utama Rumah Tangga Menurut Kelurahan dan Sektor Usaha, 2016'),(11,'4.1.1 - Sekolah Taman Kanak - Kanak Menurut Kelurahan dan Status, 2016'),(12,'4.1.2 - Sekolah Dasar Menurut Kelurahan dan Status, 2016'),(13,'4.1.3 - SMTP Menurut Kelurahan dan Status, 2016'),(14,'4.1.4 - SMTA Menurut Kelurahan dan Status, 2016'),(15,'4.2.1 - Petugas Kesehatan Menurut Kelurahan dan Profesinya, 2016'),(16,'4.2.2 - Fasilitas Kesehatan Menurut Kelurahan dan Jenisnya, 2016'),(17,'4.2.3 - Pasangan Usia subur (PUS) peserta KB Menurut Kelurahan dan Metode Kontrasepsi, 2016'),(18,'4.2.4 - Keluarga Sejahtera di rinci Menurut Kelurahan dan Klasifikasinya,2016'),(19,'4.2.5 - Fasilitas Tempat Olah Raga Menurut Kelurahan dan Jenisnya, 2016'),(20,'4.2.6 - Organisasi Kesenian Menurut Kelurahan dan Jenisnya, 2016'),(21,'4.2.7 - Pemeluk Agama Menurut Kelurahan dan Agama Yang Dianut,2016'),(22,'4.3.1 - Sarana Tempat Ibadah Menurut Kelurahan dan Jenisnya, 2016'),(23,'4.3.2 - Perkawinan Menurut Kelurahan dan Jenisnya, 2016'),(24,'4.4.1 - Pasar, Lumbung Kelurahan dan Usaha Ekonomi Kelurahan Menurut Kelurahan , 2016'),(25,'4.4.2 - Bangunan Tempat  Tiggal dan Bukan Tempat Tinggal Mennurut Kelurahan dan Kondisinya,  2016'),(26,'4.5.1 - Penderita Cacat dan Yatim Piatu '),(27,'5.1.1 - Luas Tanam Padi dan Palawija Menurut Kelurahan dan Jenisnya, 2016  (Ha)'),(28,'5.1.2 - Produksi Padidan Palawija Menurut Kelurahan dan Jenisnya, 2016 (Ton)'),(29,'5.1.3 - Luas Panen Tanaman Sayur-sayuran Menurut Kelurahan dan Jenisnya,  2016(Ha)'),(30,'5.1.4 - Luas Panen Tanaman Sayur-sayuran Menurut Kelurahan dan Jenisnya,  2016(Kw)'),(31,'5.1.5 - Banyakya Tanaman Buah-Buahan Menurut Kelurahan dan Jenisnya,  2016  (Pohon)'),(32,'5.2.1 - Ternak Besar Menurut Kelurahan dan Jenisnya,  2016'),(33,'5.2.2 - Ternak  Kecil  Menurut  Kelurahan  dan Jenisnya, 2016 '),(34,'5.2.3 - Ternak Unggas Menurut Kelurahan dan jenisnya, 2016'),(35,'6.1 - IKKR Menurut Kelurahan dan Kelompoknya, 2016'),(36,'7.1 - Sarana Perdagangan menurut Kelurahan dan Jenisnya, 2016'),(37,'7.2 - Usaha Perdagangan dan Tenaga Kerja Menurut Kelurahan dan Jenisnya, 2016'),(38,'8.1.1 - Kendaraan Bermotor Menurut Kelurahan dan Warna Plat, 2016'),(39,'8.1.2 - Kendaraan Tidak Bermotor Menurut Kelurahan dan Jenisnya, 2016'),(40,'8.2.1 - Sarana Komunikasi Menurut Kelurahan dan Jenisnya, 2016'),(41,'9.1.1 - Pajak Bumi dan Bangunan Menurut Kelurahan dan Pemasukannya,2016'),(42,'9.1.2 - Keuangan Kelurahan Menurut Kelurahan dan Jenisnya, 2016'),(43,'9.2 - Banyaknya Usaha Menurut Kelurahan dan Jenisnya, 2016');
/*!40000 ALTER TABLE `grafik_judul` ENABLE KEYS */;
UNLOCK TABLES;

--
-- Table structure for table `grafik_kelurahan`
--

DROP TABLE IF EXISTS `grafik_kelurahan`;
/*!40101 SET @saved_cs_client     = @@character_set_client */;
/*!40101 SET character_set_client = utf8 */;
CREATE TABLE `grafik_kelurahan` (
  `id` int(11) NOT NULL AUTO_INCREMENT,
  `kode` char(3) DEFAULT NULL,
  `kelurahan` varchar(25) DEFAULT NULL,
  PRIMARY KEY (`id`)
) ENGINE=InnoDB AUTO_INCREMENT=16 DEFAULT CHARSET=latin1;
/*!40101 SET character_set_client = @saved_cs_client */;

--
-- Dumping data for table `grafik_kelurahan`
--

LOCK TABLES `grafik_kelurahan` WRITE;
/*!40000 ALTER TABLE `grafik_kelurahan` DISABLE KEYS */;
INSERT INTO `grafik_kelurahan` VALUES (2,'001','Kedungsoko'),(3,'002','Tertek'),(4,'003','Karangwaru'),(5,'004','Tamanan'),(6,'005','Jepun'),(7,'006','Bago'),(8,'007','Kepatihan'),(9,'008','Kampung Dalem'),(10,'009','Kauman'),(11,'010','Kutoanyar'),(12,'011','Sembung'),(13,'012','Panggungrejo'),(14,'013','Botoran'),(15,'014','Kenayan');
/*!40000 ALTER TABLE `grafik_kelurahan` ENABLE KEYS */;
UNLOCK TABLES;

--
-- Table structure for table `grafik_subjudul`
--

DROP TABLE IF EXISTS `grafik_subjudul`;
/*!40101 SET @saved_cs_client     = @@character_set_client */;
/*!40101 SET character_set_client = utf8 */;
CREATE TABLE `grafik_subjudul` (
  `id_subjudul` int(11) NOT NULL AUTO_INCREMENT,
  `id_judul` int(11) DEFAULT NULL,
  `subjudul` varchar(100) DEFAULT NULL,
  `warna` char(7) DEFAULT NULL,
  PRIMARY KEY (`id_subjudul`)
) ENGINE=InnoDB AUTO_INCREMENT=304 DEFAULT CHARSET=latin1;
/*!40101 SET character_set_client = @saved_cs_client */;

--
-- Dumping data for table `grafik_subjudul`
--

LOCK TABLES `grafik_subjudul` WRITE;
/*!40000 ALTER TABLE `grafik_subjudul` DISABLE KEYS */;
INSERT INTO `grafik_subjudul` VALUES (1,1,'Luas Wilayah KM2','#61FED3'),(2,1,'Luas Wilayah % thd Kec','#2ADB86'),(3,1,'Jarak Ke Ibukota Kecamatan (Km)','#86F4D6'),(4,2,'Pengairan Teknis','#8A2C7C'),(5,2,'Pengairan 1/2 Teknis','#4D576E'),(6,2,'Pengairan Sederhana','#429363'),(7,2,'Tanah Sawah Jumlah','#3815BF'),(8,2,'Tanah Kering Pekarangan & Bangunan','#6446D3'),(9,2,'Tanah Kering Tegal/Ladang','#D2D825'),(10,2,'Tanah Kering Lainnya','#3D1E7A'),(11,2,'Tanah Kering Jml','#94AE8B'),(12,2,'Jumlah Tnh. Sawah & Tanah Kering','#0F08A6'),(13,3,'Dusun/Lingkungan','#30A9D0'),(14,3,'RW','#A195D3'),(15,3,'RT','#34C6B2'),(16,4,'Kades/Kalur','#C9084A'),(17,4,'Sekdes/Seklur','#190797'),(18,4,'Kepala Urusan Pemerintahan','#89B310'),(19,4,'Kepala Urusan Pembangunan','#C968C4'),(20,4,'Kepala Urusan Trantip','#4F576B'),(21,4,'Kepala Urusan Kesra','#2D49C7'),(22,5,'I','#893B8B'),(23,5,'II','#23437C'),(24,5,'III','#1573E7'),(25,5,'IV','#FF6529'),(26,5,'Kontrak','#677F0C'),(27,5,'Jumlah','#393EF5'),(28,6,'Laki-Laki','#2BA6CE'),(29,6,'Perempuan','#EFD2C3'),(30,6,'Jumlah','#8C5362'),(31,6,'Sex Rasio','#0CAC18'),(32,7,'Luas Wilayah (KM2)','#CA022D'),(33,7,'Penduduk','#54B80D'),(34,7,'Kepadatan Penduduk','#46FAD1'),(35,7,'Rumah Tangga','#BBE6E4'),(36,7,'Rata-rata Per RT','#675EA7'),(37,8,'WNI L','#3AD793'),(38,8,'WNI P','#A4476C'),(39,8,'WNA P','#AC5B9E'),(40,8,'WNA + WNI  L','#AB2FB2'),(41,8,'WNA + WNI  P','#19D12C'),(42,9,'0 - 4 L','#A40106'),(43,9,'0 - 4 P','#55D06E'),(44,9,'5 - 9  L','#E6102A'),(45,9,'5 - 9 P','#0F2BC1'),(46,9,'10 - 14 L','#3E7B78'),(47,9,'10 - 14 P','#EE7445'),(48,9,'15 - 19 L','#896FF1'),(49,9,'15 - 19 P','#10502D'),(50,7,'Pertanian','#F682C2'),(51,7,'Pertambangan/Penggalian','#8CEDE2'),(52,7,'Industri Pengolahan','#4B20B4'),(53,7,'Listrik, Gas dan Air','#3B4732'),(54,7,'Kontruksi/Bangunan','#E8BFCA'),(55,7,'Perdag, Hd & Restauran','#7E98E5'),(56,7,'Angk. dan Komunikasi','#BAB0D7'),(57,7,'Keuangan, Persewaan & J. Prsh','#6C15CA'),(58,11,'Negeri TK','#AB5A07'),(59,11,'Negeri Guru','#23CA25'),(60,11,'Negeri Murid','#6473C8'),(61,14,'Swasta TK','#3F95D6'),(62,11,'Swasta Guru','#C1CE3C'),(63,11,'Swasta Murid','#E993C5'),(64,12,'Negeri SD','#B1C547'),(65,12,'Negeri Guru','#00FE18'),(66,12,'Negeri Murid','#AADC7B'),(67,12,'Swasta SD','#E10E88'),(68,12,'Swasta Guru','#FDC18A'),(69,12,'Swasta Murid','#CBBD7B'),(70,13,'Negeri SMTP ','#FF7726'),(71,13,'Negeri Guru','#99D12D'),(72,13,'Negeri Murid','#283A3A'),(73,13,'Swasta SMTP','#D84BED'),(74,13,'Swasta Guru','#C5B50A'),(75,13,'Swasta Murid','#6B2AD6'),(76,14,'Negeri SMTA','#5890EC'),(77,14,'Negeri Guru','#A9EB09'),(78,14,'Negeri Murid','#6C1FCB'),(79,14,'Swasta SMTA','#27938A'),(80,14,'Swasta Guru','#CA6BD2'),(81,14,'Swasta Murid','#BCF0B6'),(82,15,'Dokter','#F7EA5E'),(83,15,'Bidan','#8BF216'),(84,15,'Mantri Kes/ Perawat','#686C41'),(85,15,'Dukun Pijat','#2BD3AA'),(86,15,'Dukun Bayi','#6041E6'),(87,15,'Petugas Kes. Lainya','#5A0CAE'),(88,16,'Puskesmas/P. Pembantu','#F7C28D'),(89,16,'BKIA/ Rumah Bersalin','#B2BDAB'),(90,16,'Polindes','#D44533'),(91,16,'Posyandu','#FDDB63'),(92,17,'IUD','#35A499'),(93,17,'Pil','#FD6E55'),(94,17,'Suntik','#0722A5'),(95,17,'Implan','#DDE4B4'),(96,17,'MOP','#18265F'),(97,17,'MOW','#8E2523'),(98,17,'Kondom','#684570'),(99,17,'Jml','#8EC055'),(100,18,'Pra Sejahtera','#CA0EFF'),(101,18,'Sejahtera 1','#F8DEC6'),(102,18,'Sejahtera 2','#69AF4E'),(103,18,'Sejahtera 3','#F2E80D'),(104,18,'Sejahtera 3+','#AEFB60'),(105,18,'Jumlah','#8D19A5'),(106,19,'Sepak Bola','#5E48F7'),(107,19,'Bulu Tangkis','#D25898'),(108,19,'Volley Ball','#EF6701'),(109,19,'Tenis Meja','#CA61C0'),(110,19,'Silat/Karate','#D392E1'),(111,19,'Catur','#E005F0'),(112,19,'Lainnya','#C6FD6F'),(113,20,'Wayang Kulit','#BF26EE'),(114,20,'Jaranan','#53FECA'),(115,20,'Warang Gono','#3F792B'),(116,20,'Samroh','#1D39AC'),(117,20,'Orkes','#89EAFB'),(118,22,'Islam','#A25BA2'),(119,22,'Katolik','#EBC8BD'),(120,22,'Kristen','#4249D9'),(121,22,'Hindu','#DA14BB'),(122,22,'Budha','#4BCA37'),(123,22,'Jumlah','#358BC2'),(124,23,'Masjid','#15686D'),(125,23,'Mushola','#DD1942'),(126,23,'Gereja','#3425C8'),(127,23,'Pura','#3B9E2A'),(128,23,'Wihara','#8FDB00'),(129,23,'Nikah','#FCC367'),(130,23,'Talak','#7FE22B'),(131,23,'Cerai','#BAB0F0'),(132,23,'Rujuk','#7B6873'),(133,24,'Jumlah Pasar','#FD5095'),(134,24,'Jumlah B.Sensus','#BF2AF9'),(135,24,'KSP','#CDD140'),(136,24,'Kelompok UED','#4E2171'),(137,25,'Pameran','#BF045C'),(138,25,'Bukan Pameran','#78AEB6'),(139,26,'Panca Netra L','#6C1582'),(140,26,'panca Netra P','#A4D478'),(141,26,'Paca Tubuh L','#FF8485'),(142,26,'Paca Tubuh P','#6C14E7'),(143,26,'Paca Mental L','#7C6BD2'),(144,26,'Paca Mental P','#6331C9'),(145,26,'Paca Rungu Wicara L','#1F8813'),(146,26,'Paca Rungu Wicara P','#E0668C'),(147,26,'Yatim  Piatu L','#D5AA3C'),(148,26,'Yatim  Piatu P','#97C302'),(149,26,'Jompo  L','#DEA4FF'),(150,26,'Jompo P','#205CFC'),(151,27,'Padi','#58BDCD'),(152,27,'Jagung','#19044B'),(153,27,'Kacang Tanah','#D423AE'),(154,27,'Kedelai','#4ADD41'),(155,28,'Padi','#FD9A27'),(156,28,'Jagung','#056155'),(157,28,'Kacang Tanah','#F879A0'),(158,28,'Kedelai','#14FDD1'),(159,29,'Cabe','#A477AB'),(160,29,'Tomat','#071E4F'),(161,29,'Bayam','#B834E8'),(162,29,'Kacang Panjang','#183E86'),(163,29,'Ketimun','#AE1B01'),(164,29,'Kubis','#005418'),(165,29,'Terong','#8C6FBF'),(166,30,'Cabe','#348408'),(167,30,'Tomat','#052A0D'),(168,30,'Bayam','#902B14'),(169,30,'Kacang Panjang','#048613'),(170,30,'Ketimun','#CD1D1B'),(171,30,'Kubis','#EE4D4B'),(172,30,'Terong','#5D4C92'),(173,31,'Alpokat','#0A924E'),(174,31,'Belimbing','#4FB60C'),(175,31,'Duku/Langsat','#E2800F'),(176,31,'Durian','#CA1F3F'),(177,31,'Jambu','#F2CEF3'),(178,31,'Jeruk','#4F0935'),(179,31,'Mangga','#ADA905'),(180,31,'Manggis','#6451C3'),(181,31,'Nangka','#0EA0AE'),(182,31,'Nanas','#DE3862'),(183,31,'Papaya','#0CC8C3'),(184,31,'Pisang','#4C685E'),(185,31,'Rambutan','#9395A9'),(186,31,'Salak','#56BC82'),(187,31,'Sawo','#BFE1C7'),(188,31,'Semangka (HA)','#98D398'),(189,31,'Sirsak','#51684F'),(190,31,'Sukun','#9196CC'),(191,32,'Sapi Peternak','#A375F8'),(192,32,'Sapi Ternak','#9903D0'),(193,32,'Sapi Perah Peternak','#6D0D49'),(194,32,'Sapi Perah Ternak','#AE0065'),(195,32,'Kuda Peternak','#3D8C1B'),(196,32,'Kuda Ternak','#052867'),(197,33,'Kambing/Domba Peternak','#695177'),(198,33,'Kambing/Domba Ternak','#274640'),(199,33,'Babi','#252EE7'),(200,33,'Kelinci','#29FEE9'),(201,34,'Ayam Peternak','#AA39EF'),(202,34,'Ayam Ternak','#0BB639'),(203,34,'Itik/Mentok Peternak','#978011'),(204,34,'Itik/Mentok Ternak','#04FCB4'),(205,35,'Makanan, Minuman, dan tembakau Unit','#278057'),(206,35,'Makanan, Minuman, dan tembakau TK','#7986EE'),(207,35,'Tekstil, brg Kulit dan Alas Kaki Unit','#F449EF'),(208,35,'tekstil, brg Kulit dan Alas Kaki TK','#336D87'),(209,35,'Barang Kayu & Hasil Hutan Lainnya Unit','#88E091'),(210,35,'Barang Kayu & Hasil Hutan Lainnya TK','#FC5DA1'),(211,35,'Kertas dan Barang Cetak Unit','#37F80E'),(212,35,'Kertas dan Barang Cetak TK','#C5C61E'),(213,35,'Pupuk Kimia dan barang dari karet Unit','#EADD82'),(214,35,'Pupuk Kimia dan barang dari karet TK','#4F1A4E'),(215,35,'Semen dan  barang galian non logam Unit','#294A0C'),(216,35,'Semen dan  barang galian non logam TK','#D9D45B'),(217,35,'Logam dasar besi dan baja Unit','#E97E30'),(218,35,'Logam dasar besi dan baja TK','#9E200F'),(219,35,'Alat angkutan mesin dan peralatannya Unit','#CBF008'),(220,35,'Alat angkutan mesin dan peralatannya TK','#047385'),(221,35,'Barang lainnya Unit','#C2F625'),(222,35,'Barang lainnya TK','#E5B685'),(223,36,'Pasar','#CFE9E7'),(224,36,'Kios/Toko','#622082'),(225,36,'Pracangan','#52EDDF'),(226,36,'Warung','#36F75E'),(227,36,'Rumah makan/Restoran','#90AABD'),(228,37,'Pdgng Bsr./Pengepul Persh','#45C379'),(229,37,'Pdgng Bsr./Pengepul TK','#367546'),(230,37,'Pdgng Eceran Persh','#167198'),(231,37,'Pdgng Eceran TK','#509677'),(232,37,'Warung makan/minum Persh','#7B6C2D'),(233,37,'Warung makan/minum TK','#C040DB'),(234,38,'Kendaraan plat kuning Truk','#464D95'),(235,38,'Kendaraan plat kuning Bus','#C92513'),(236,38,'Kendaraan plat kuning Station','#CAE7A1'),(237,38,'Kendaraan plat kuning Pick Up','#E08D34'),(238,38,'Kendaraan plat kuning Tangki','#DD48A2'),(239,38,'Jumlah','#2158C9'),(240,38,'Kendaraan plat lainnya Truk','#5F2ACA'),(241,38,'Kendaraan plat lainnya Bus','#D52FFD'),(242,38,'Kendaraan plat lainnya Station','#4D889D'),(243,38,'Kendaraan plat lainnya Pick Up','#ECC818'),(244,38,'Kendaraan plat lainnya Sedan','#121A0A'),(245,38,'Kendaraan plat lainnya Jeep','#48ED19'),(246,38,'Kendaraan plat lainnya Tangki','#14B043'),(247,38,'Kendaraan plat lainnya Ojek','#93917B'),(248,38,'Kendaraan plat lainnya Ledok','#FA50D5'),(249,38,'Lainnya','#A199BD'),(250,39,'Sepeda','#8308EB'),(251,39,'Becak','#100CD0'),(252,39,'Cikar','#0D72B1'),(253,39,'Dokar','#F44AC0'),(254,39,'Lainnya','#D04BCB'),(255,40,'Radio','#193F60'),(256,40,'TV Pribadi','#44ED32'),(257,40,'Telp.Pribadi','#B0DD93'),(258,40,'Telp.Umum','#FDED7E'),(259,40,'Wartel','#E7123D'),(260,41,'Wajib Pajak','#DE1092'),(261,41,'Target','#3A681D'),(262,41,'Realisasi','#B42951'),(263,41,'Persentase','#583A3C'),(264,42,'Penerimaan','#1771C0'),(265,42,'Notaris','#4756A3'),(266,42,'Keuangan','#FA0553'),(267,42,'Konsultan','#B077DC'),(268,42,'Periklanan','#F1298D'),(269,42,'Fotocopy','#44B67D'),(270,42,'Alat Pesta','#ED3218'),(271,42,'VCD','#10CD50'),(272,42,'Komputer','#F8D938'),(273,42,'Mesin-2','#AC7F12'),(274,42,'Mobil','#475195'),(275,42,'Motor','#2E3277'),(276,42,'Sepeda','#377109'),(277,42,'Elektronik','#DAE489'),(278,42,'Jam & Kecamatan','#33B3B2'),(279,42,'Alat Kantor','#3F3610'),(280,42,'Alat Rt','#11CB9B'),(281,42,'Radiator/Dinamo','#DAD11B'),(282,42,'Mesin Industri','#832D00'),(283,42,'Represi Las/Bubut','#B11B85'),(284,42,'Represi Lainya','#707C99'),(285,42,'Bilyard','#6F39F2'),(286,42,'Karaoke','#6318C7'),(287,42,'Binatu','#E07401'),(288,42,'Salon','#831802'),(289,42,'Pankas Rambut','#93DBAD'),(290,42,'Tukan Semir','#7F96F2'),(291,42,'Penjahit','#16904E'),(292,42,'Tukang Listrik','#2D30B3'),(293,42,'Tukang Patri/Dinamo','#503A98'),(294,42,'Tukang Setrum Accu','#78A0BE'),(295,42,'Pembantu RT','#BFCAA4'),(296,42,'Penyalur Ten. Kerja','#9B5081'),(297,42,'Tukang Foto','#6C696B'),(298,42,'Sol Sepatu','#CDA753'),(299,42,'Cuci Kendaraan','#0C76C1'),(300,42,'Foto Studio','#31D924'),(301,42,'Tambal Ban','#6498D3'),(302,42,'Tukang Kasur','#94C956'),(303,42,'Lainya','#5C47FB');
/*!40000 ALTER TABLE `grafik_subjudul` ENABLE KEYS */;
UNLOCK TABLES;

--
-- Table structure for table `pelayanan`
--

DROP TABLE IF EXISTS `pelayanan`;
/*!40101 SET @saved_cs_client     = @@character_set_client */;
/*!40101 SET character_set_client = utf8 */;
CREATE TABLE `pelayanan` (
  `id_pelayanan` int(11) NOT NULL AUTO_INCREMENT,
  `nama` varchar(150) NOT NULL,
  `kategori` varchar(64) NOT NULL,
  `satu` varchar(64) NOT NULL,
  `dua` varchar(64) NOT NULL,
  `tiga` varchar(100) NOT NULL,
  `empat` varchar(100) NOT NULL,
  `lima` varchar(100) NOT NULL,
  `enam` varchar(100) NOT NULL,
  `sinopsis` text NOT NULL,
  `gambar` text NOT NULL,
  PRIMARY KEY (`id_pelayanan`)
) ENGINE=InnoDB AUTO_INCREMENT=18 DEFAULT CHARSET=latin1;
/*!40101 SET character_set_client = @saved_cs_client */;

--
-- Dumping data for table `pelayanan`
--

LOCK TABLES `pelayanan` WRITE;
/*!40000 ALTER TABLE `pelayanan` DISABLE KEYS */;
INSERT INTO `pelayanan` VALUES (1,'Surat Keterangan Bepergian atau Boro','Surat Pengantar','Surat Keterangan dari Kelurahan','Foto Copy Kartu Keluarga','Foto Copy KTP','','','','Silahkan anda datang ke kantor kelurahan anda dengan membawa :<br>\r\n1. Pengantar RT <br>\r\n2. Foto copy Kartu Keluarga <br>\r\n3. Foto copy Kartu Tanda Penduduk<br>\r\nUntuk di verifikasi oleh petugas kelurahan,dan apabila persyaratannya sesuai anda akan mendapatkan surat keterangan dari kelurahan setempat, yang kemudian di bawa ke kantor kecamatan.','../../../assets/img/pel_publik_1.jpg'),(2,'Surat Permohonan Kredit Bank','Surat Keterangan','Surat Pengantar dari Kelurahan','Foto Copy Kartu Keluarga','Foto Copy KTP','Foto Copy Sertifikat Tanah','','','Silahkan anda datang ke kantor kelurahan anda dengan membawa :<br>\r\n1. Pengantar dari RT <br>\r\n2. Foto copy Kartu Keluarga <br>\r\n3. Foto copy Kartu Tanda Penduduk<br>\r\nUntuk di verifikasi oleh petugas kelurahan,dan apabila persyaratannya sesuai anda akan mendapatkan surat keterangan dari kelurahan setempat, yang kemudian di bawa ke kantor kecamatan.\r\n','../../../assets/img/pel_publik_2.jpg'),(3,'Surat Pindah Tempat Keluar Kabupaten','Surat Pengantar','Surat Keterangan dari Kelurahan','Surat Pengantar dari Kecamatan','Kartu Keluarga asli dan fotocopy 5 lembar','KTP Asli dan fotocpy 5 lembar','SKCK dari Polres dan fotocopy 5 lembar','Surat Nikah/Surat Cerai bila sudah menikah','Silahkan anda datang ke kantor kelurahan anda dengan membawa :<br>\r\n1. Pengantar RT <br>\r\n2. Foto copy Kartu Keluarga <br>\r\n3. Foto copy Kartu Tanda Penduduk<br>\r\n4. Pas Foto 3 x 4 = 8 lembar <br>\r\n5. Pas Foto 4 x 6 = 4 lembar <br>\r\n6. Alamat Yang Dituju <br>\r\nUntuk di verifikasi oleh petugas kelurahan,dan apabila persyaratannya sesuai anda akan mendapatkan surat keterangan dari kelurahan setempat, yang kemudian di bawa ke kantor kecamatan.','../../../assets/img/pel_publik_3.jpg'),(4,'Surat Keterangan Tidak Mampu','Surat Keterangan','Fotocopy Kartu Keluarga','Fotocopy Kartu Tanda Penduduk','Surat Keterangan dari Kelurahan','','','','Silahkan anda datang ke kantor kelurahan anda dengan membawa :<br>\r\n1. Pengantar RT <br>\r\n2. Foto copy Kartu Keluarga <br>\r\n3. Foto copy Kartu Tanda Penduduk<br>\r\nUntuk di verifikasi oleh petugas kelurahan,dan apabila persyaratannya sesuai anda akan mendapatkan surat keterangan dari kelurahan setempat, yang kemudian di bawa ke kantor kecamatan.\r\n','../../../assets/img/pel_publik_4.jpg'),(5,'Surat Keterangan Catatan Kepolisian','Surat Keterangan','Fotocopy Kartu Keluarga','Fotocopy Kartu Tanda Penduduk','','','','','Silahkan anda datang ke kantor kelurahan anda dengan membawa :<br>\r\n1. Pengantar RT <br>\r\n2. Foto copy Kartu Keluarga <br>\r\n3. Foto copy Kartu Tanda Penduduk<br>\r\n4. Pas Foto 4 x 6 = 2 Lembar <br>\r\nUntuk di verifikasi oleh petugas kelurahan,dan apabila persyaratannya sesuai anda akan mendapatkan surat keterangan dari kelurahan setempat, yang kemudian di bawa ke kantor kecamatan.\r\n','../../../assets/img/pel_publik_5.jpg'),(6,'Surat Keterangan Domisili','Surat Keterangan','Foto Copy Kartu Keluarga','Foto Copy Kartu Tanda Penduduk','','','','','Silahkan anda datang ke kantor kelurahan anda dengan membawa :<br>\r\n1. Pengantar RT <br>\r\n2. Foto copy Kartu Keluarga <br>\r\n3. Foto copy Kartu Tanda Penduduk<br>\r\nUntuk di verifikasi oleh petugas kelurahan,dan apabila persyaratannya sesuai anda akan mendapatkan surat keterangan dari kelurahan setempat, yang kemudian di bawa ke kantor kecamatan.','../../../assets/img/domisili.jpg'),(7,'Ijin Mendirikan Bangunan','Surat Keterangan','Foto Copy Kartu Tanda Penduduk','Foto Copy Surat/ Sertifikat Tanah legalisasi Kelurahan','Gambar Bangunan dan disahkan Dinas Teknis','Surat Penrnyataan sanggup menerima sanksi bila terjadi pelanggaran','','','Silahkan anda datang ke kantor kelurahan anda dengan membawa :<br>\r\n1. Foto copy Sertifikat Tanah <br>\r\n2. Foto copy Kartu Tanda Penduduk<br>\r\n3. Gambar bangunan yang dilegalisasi<br>\r\n4. Surat Pernyataan sanggup menerima saknsi. <br>\r\nUntuk di verifikasi oleh petugas kelurahan,dan apabila persyaratannya sesuai anda akan mendapatkan surat keterangan dari kelurahan setempat, yang kemudian di bawa ke kantor kecamatan.','../../../assets/img/imb.jpg'),(8,'Ijin Usaha Mikro Kecil','Surat Ijin','Mengisi Permohonan','Surat Pengantar dari RT/RW terkat Lokasi Usaha','Foto Copy Kartu Tanda Penduduk','Foto Copy Kartu Keluarga','','','','../../../assets/img/iumk.jpg'),(9,'Persyaratan Domisili Penduduk','Surat Pengantar','Pengantar RT','Foto Copy Kartu Keluarga','Foto Copy Kartu Tanda Penduduk','','','','Silahkan anda datang ke kantor kelurahan anda dengan membawa :<br>\r\n1. Pengantar RT <br>\r\n2. Foto copy Kartu Keluarga <br>\r\n3. Foto copy Kartu Tanda Penduduk<br>\r\nUntuk di verifikasi oleh petugas kelurahan,dan apabila persyaratannya sesuai anda akan mendapatkan surat keterangan dari kelurahan setempat, yang kemudian di bawa ke kantor kecamatan.','../../../assets/img/pel_publik_6.jpg'),(10,'Persyaratan Mencari Kartu Tanda Penduduk','Surat Keterangan','Pengantar RT','Foto Copy Kartu Keluarga ','Foto Copy Kartu Tanda penduduk','','','','Silahkan anda datang ke kantor kelurahan anda dengan membawa :<br>\r\n1. Pengantar RT <br>\r\n2. Foto copy Kartu Keluarga <br>\r\n3. Foto copy Kartu Tanda Penduduk<br>\r\nUntuk di verifikasi oleh petugas kelurahan,dan apabila persyaratannya sesuai anda akan mendapatkan surat keterangan dari kelurahan setempat, yang kemudian di bawa ke kantor kecamatan.','../../../assets/img/pel_publik_7.png'),(11,'Persyaratan Belum Nikah','Surat Keterangan','Pengantar RT','Foto Copy Kartu Keluarga','Foto Copy Kartu Tanda Penduduk','Pas Foto 4 x 6 = 2 Lembar','','','Silahkan anda datang ke kantor kelurahan anda dengan membawa :<br>\r\n1. Pengantar RT <br>\r\n2. Foto copy Kartu Keluarga <br>\r\n3. Foto copy Kartu Tanda Penduduk<br>\r\n4. Pas Foto 4 x 6 = 2 Lembar <br>\r\nUntuk di verifikasi oleh petugas kelurahan,dan apabila persyaratannya sesuai anda akan mendapatkan surat keterangan dari kelurahan setempat, yang kemudian di bawa ke kantor kecamatan.','../../../assets/img/pel_publik_8.jpg'),(12,'Persyaratan Nikah Atau Belum Nikah','Surat Keterangan','','','','','','','Silahkan anda datang ke kantor kelurahan anda dengan membawa :<br>\r\n1. Pengantar RT <br>\r\n2. Foto copy Kartu Keluarga <br>\r\n3. Foto copy Kartu Tanda Penduduk<br>\r\n4. Foto copy Akte Kelahiran<br>\r\n5. Mode N1 s/d 6<br>\r\n6. Akta Talak / Cerai Bagi Janda Atau Duda<br>\r\n7. Foto copy ijazah<br>\r\n8. Dispensasi Pengadilan Agama (Bila calon isteri berumur-16 Tahun. / calon suami berumur-19 Tahun)<br>\r\n9. Surat Keterangan Kesehatan Dari Puskesmas wilayah Tulungagung<br>\r\n10. Foto copy TT (Wanita)<br>\r\nUntuk di verifikasi oleh petugas kelurahan,dan apabila persyaratannya sesuai anda akan mendapatkan surat keterangan dari kelurahan setempat, yang kemudian di bawa ke kantor kecamatan.','../../../assets/img/pel_publik_9.jpg'),(13,'Persyaratan Ahli Waris ','Surat Keterangan','Pengantar RT','Foto Copy Kartu Keluarga','Foro Copy Kartu Tanda Penduduk','Foto Copy Akte Kelahiran (Bila tidak masuk Kartu Keluarga)','Surat Keterangan Kematian / Akte Kematian','','Silahkan anda datang ke kantor kelurahan anda dengan membawa :<br>\r\n1. Pengantar RT <br>\r\n2. Foto copy Kartu Keluarga <br>\r\n3. Foto copy Kartu Tanda Penduduk<br>\r\n4. Foto Copy Akte Kelahiran (Bila tidak masuk Kartu Keluarga)<br>\r\n5. Surat Keterangan Kematian / Akte Kematian<br>\r\nUntuk di verifikasi oleh petugas kelurahan,dan apabila persyaratannya sesuai anda akan mendapatkan surat keterangan dari kelurahan setempat, yang kemudian di bawa ke kantor kecamatan.','../../../assets/img/pel_publik_10.jpg'),(14,'Persyaratan Domisili Usaha','Surat Keterangan','Pengantar RT','Fot Copy Kartu Keluarga','Fot Copy Kartu Tanda Penduduk','','','','Silahkan anda datang ke kantor kelurahan anda dengan membawa :<br>\r\n1. Pengantar RT <br>\r\n2. Foto copy Kartu Keluarga <br>\r\n3. Foto copy Kartu Tanda Penduduk<br>\r\nUntuk di verifikasi oleh petugas kelurahan,dan apabila persyaratannya sesuai anda akan mendapatkan surat keterangan dari kelurahan setempat, yang kemudian di bawa ke kantor kecamatan.\r\n','../../../assets/img/pel_publik_11.jpg'),(15,'Persyaratan Kehilangan','Surat Keterangan','Pengantar RT','Fot Copy Kartu Keluarga','Fot Copy Kartu Tanda Penduduk','','','','Silahkan anda datang ke kantor kelurahan anda dengan membawa :<br>\r\n1. Pengantar RT <br>\r\n2. Foto copy Kartu Keluarga <br>\r\n3. Foto copy Kartu Tanda Penduduk<br>\r\nUntuk di verifikasi oleh petugas kelurahan,dan apabila persyaratannya sesuai anda akan mendapatkan surat keterangan dari kelurahan setempat, yang kemudian di bawa ke kantor kecamatan.\r\n','../../../assets/img/pel_publik_12.jpg'),(16,'Persyaratan Ijin Keramaian','Surat Keterangan','Pengantar RT','Foto copy Kartu Keluarga','Foto copy Kartu Tanda Penduduk','','','','Silahkan anda datang ke kantor kelurahan anda dengan membawa :<br>\r\n1. Pengantar RT <br>\r\n2. Foto copy Kartu Keluarga <br>\r\n3. Foto copy Kartu Tanda Penduduk <br>\r\nUntuk di verifikasi oleh petugas kelurahan,dan apabila persyaratannya sesuai anda akan mendapatkan surat keterangan dari kelurahan setempat, yang kemudian di bawa ke kantor kecamatan.\r\n','../../../assets/img/pel_publik_13.jpg'),(17,'Surat Keterangan Satu Nama','Surat Keterangan','','','','','','','','../../../assets/img/pel_publik_20.jpg');
/*!40000 ALTER TABLE `pelayanan` ENABLE KEYS */;
UNLOCK TABLES;
/*!40103 SET TIME_ZONE=@OLD_TIME_ZONE */;

/*!40101 SET SQL_MODE=@OLD_SQL_MODE */;
/*!40014 SET FOREIGN_KEY_CHECKS=@OLD_FOREIGN_KEY_CHECKS */;
/*!40014 SET UNIQUE_CHECKS=@OLD_UNIQUE_CHECKS */;
/*!40101 SET CHARACTER_SET_CLIENT=@OLD_CHARACTER_SET_CLIENT */;
/*!40101 SET CHARACTER_SET_RESULTS=@OLD_CHARACTER_SET_RESULTS */;
/*!40101 SET COLLATION_CONNECTION=@OLD_COLLATION_CONNECTION */;
/*!40111 SET SQL_NOTES=@OLD_SQL_NOTES */;

-- Dump completed on 2018-03-01 12:07:49
