-- Creación tabla ORDERS_ID
CREATE TABLE ORDERS_ID (ORDERS_ID INTEGER NOT NULL, TOTAL_ORDER INTEGER, STORE_ID INTEGER NOT NULL, LASTUPDATE TIMESTAMP(12), TIMEPLACED TIMESTAMP(12), PRIMARY KEY (ORDERS_ID));

-- Creacion de tabla STORE
CREATE TABLE STORE (STORE_ID INTEGER NOT NULL, NAME VARCHAR(300), PRIMARY KEY (STORE_ID));

-- Creación de tabla USER
CREATE TABLE USER (USER_ID INTEGER NOT NULL, USER_NAME VARCHAR(100), PRIMARY KEY (USER_ID));

-- Creación de tabla ROLE
CREATE TABLE ROLE (ROLE_ID INTEGER NOT NULL, ROLE_NAME VARCHAR(100), PRIMARY KEY (ROLE_ID));

-- Creación de tabla MBRROLE 
CREATE TABLE MBRROLE  (USER_ID INTEGER NOT NULL, ROLE_ID INTEGER NOT NULL, PRIMARY KEY (ROLE_ID, USER_ID));

-- Inserts STORE
INSERT INTO STORE (STORE_ID,NAME) VALUES (1,'tienda_1');
INSERT INTO STORE (STORE_ID,NAME) VALUES (2,'tienda_2');
INSERT INTO STORE (STORE_ID,NAME) VALUES (3,'tienda_3');

-- Inserts ORDERS_ID 
INSERT INTO ORDERS_ID (ORDERS_ID, TOTAL_ORDER, STORE_ID, LASTUPDATE, TIMEPLACED) VALUES(5728, 153, 3, '2020-10-19 19:03:08.815102', '2020-05-04 15:04:40.000000');
INSERT INTO ORDERS_ID (ORDERS_ID, TOTAL_ORDER, STORE_ID, LASTUPDATE, TIMEPLACED) VALUES(5510, 166, 2, '2020-10-19 19:03:08.815102', '2020-05-14 03:35:06.000000');
INSERT INTO ORDERS_ID (ORDERS_ID, TOTAL_ORDER, STORE_ID, LASTUPDATE, TIMEPLACED) VALUES(5167, 69, 2, '2020-10-19 19:03:08.815102', '2020-05-21 17:25:08.000000');
INSERT INTO ORDERS_ID (ORDERS_ID, TOTAL_ORDER, STORE_ID, LASTUPDATE, TIMEPLACED) VALUES(5828, 196, 3, '2020-10-19 19:03:08.815102', '2020-05-15 10:45:14.000000');
INSERT INTO ORDERS_ID (ORDERS_ID, TOTAL_ORDER, STORE_ID, LASTUPDATE, TIMEPLACED) VALUES(5769, 152, 1, '2020-10-19 19:03:08.815102', '2020-05-20 00:43:06.000000');
INSERT INTO ORDERS_ID (ORDERS_ID, TOTAL_ORDER, STORE_ID, LASTUPDATE, TIMEPLACED) VALUES(5662, 12, 1, '2020-10-19 19:03:08.815102', '2020-05-13 02:28:21.000000');
INSERT INTO ORDERS_ID (ORDERS_ID, TOTAL_ORDER, STORE_ID, LASTUPDATE, TIMEPLACED) VALUES(5183, 146, 3, '2020-10-19 19:03:08.815102', '2020-05-29 10:37:38.000000');
INSERT INTO ORDERS_ID (ORDERS_ID, TOTAL_ORDER, STORE_ID, LASTUPDATE, TIMEPLACED) VALUES(5420, 14, 1, '2020-10-19 19:03:08.815102', '2020-05-23 06:35:28.000000');
INSERT INTO ORDERS_ID (ORDERS_ID, TOTAL_ORDER, STORE_ID, LASTUPDATE, TIMEPLACED) VALUES(5740, 144, 2, '2020-10-19 19:03:08.815102', '2020-05-13 00:37:49.000000');
INSERT INTO ORDERS_ID (ORDERS_ID, TOTAL_ORDER, STORE_ID, LASTUPDATE, TIMEPLACED) VALUES(5175, 156, 1, '2020-10-19 19:03:08.815102', '2020-05-02 03:37:25.000000');
INSERT INTO ORDERS_ID (ORDERS_ID, TOTAL_ORDER, STORE_ID, LASTUPDATE, TIMEPLACED) VALUES(5224, 77, 1, '2020-10-19 19:03:08.815102', '2020-05-03 07:31:58.000000');
INSERT INTO ORDERS_ID (ORDERS_ID, TOTAL_ORDER, STORE_ID, LASTUPDATE, TIMEPLACED) VALUES(5889, 57, 1, '2020-10-19 19:03:08.815102', '2020-05-27 20:00:17.000000');
INSERT INTO ORDERS_ID (ORDERS_ID, TOTAL_ORDER, STORE_ID, LASTUPDATE, TIMEPLACED) VALUES(5832, 29, 1, '2020-10-19 19:03:08.815102', '2020-05-28 04:14:05.000000');
INSERT INTO ORDERS_ID (ORDERS_ID, TOTAL_ORDER, STORE_ID, LASTUPDATE, TIMEPLACED) VALUES(5376, 110, 1, '2020-10-19 19:03:08.815102', '2020-05-23 14:43:02.000000');
INSERT INTO ORDERS_ID (ORDERS_ID, TOTAL_ORDER, STORE_ID, LASTUPDATE, TIMEPLACED) VALUES(5549, 179, 1, '2020-10-19 19:03:08.815102', '2020-05-14 21:12:49.000000');
INSERT INTO ORDERS_ID (ORDERS_ID, TOTAL_ORDER, STORE_ID, LASTUPDATE, TIMEPLACED) VALUES(5852, 174, 2, '2020-10-19 19:03:08.815102', '2020-05-05 21:52:49.000000');
INSERT INTO ORDERS_ID (ORDERS_ID, TOTAL_ORDER, STORE_ID, LASTUPDATE, TIMEPLACED) VALUES(5795, 69, 3, '2020-10-19 19:03:08.815102', '2020-05-07 20:08:23.000000');
INSERT INTO ORDERS_ID (ORDERS_ID, TOTAL_ORDER, STORE_ID, LASTUPDATE, TIMEPLACED) VALUES(5632, 66, 3, '2020-10-19 19:03:08.815102', '2020-05-31 11:47:32.000000');
INSERT INTO ORDERS_ID (ORDERS_ID, TOTAL_ORDER, STORE_ID, LASTUPDATE, TIMEPLACED) VALUES(5325, 37, 3, '2020-10-19 19:03:08.815102', '2020-05-29 19:30:59.000000');
INSERT INTO ORDERS_ID (ORDERS_ID, TOTAL_ORDER, STORE_ID, LASTUPDATE, TIMEPLACED) VALUES(5506, 24, 3, '2020-10-19 19:03:08.815102', '2020-05-05 00:50:50.000000');
INSERT INTO ORDERS_ID (ORDERS_ID, TOTAL_ORDER, STORE_ID, LASTUPDATE, TIMEPLACED) VALUES(5267, 159, 2, '2020-10-19 19:03:08.815102', '2020-05-01 22:55:33.000000');
INSERT INTO ORDERS_ID (ORDERS_ID, TOTAL_ORDER, STORE_ID, LASTUPDATE, TIMEPLACED) VALUES(5089, 192, 2, '2020-10-19 19:03:08.815102', '2020-05-01 15:47:02.000000');
INSERT INTO ORDERS_ID (ORDERS_ID, TOTAL_ORDER, STORE_ID, LASTUPDATE, TIMEPLACED) VALUES(5558, 59, 3, '2020-10-19 19:03:08.815102', '2020-05-29 22:03:34.000000');
INSERT INTO ORDERS_ID (ORDERS_ID, TOTAL_ORDER, STORE_ID, LASTUPDATE, TIMEPLACED) VALUES(5444, 194, 3, '2020-10-19 19:03:08.815102', '2020-05-06 15:05:04.000000');
INSERT INTO ORDERS_ID (ORDERS_ID, TOTAL_ORDER, STORE_ID, LASTUPDATE, TIMEPLACED) VALUES(5174, 152, 3, '2020-10-19 19:03:08.815102', '2020-05-30 04:34:22.000000');
INSERT INTO ORDERS_ID (ORDERS_ID, TOTAL_ORDER, STORE_ID, LASTUPDATE, TIMEPLACED) VALUES(5449, 36, 2, '2020-10-19 19:03:08.815102', '2020-05-21 00:35:13.000000');
INSERT INTO ORDERS_ID (ORDERS_ID, TOTAL_ORDER, STORE_ID, LASTUPDATE, TIMEPLACED) VALUES(5586, 37, 3, '2020-10-19 19:03:08.815102', '2020-05-04 15:10:50.000000');
INSERT INTO ORDERS_ID (ORDERS_ID, TOTAL_ORDER, STORE_ID, LASTUPDATE, TIMEPLACED) VALUES(5591, 111, 2, '2020-10-19 19:03:08.815102', '2020-05-06 07:43:52.000000');
INSERT INTO ORDERS_ID (ORDERS_ID, TOTAL_ORDER, STORE_ID, LASTUPDATE, TIMEPLACED) VALUES(5085, 103, 2, '2020-10-19 19:03:08.815102', '2020-05-13 17:44:54.000000');
INSERT INTO ORDERS_ID (ORDERS_ID, TOTAL_ORDER, STORE_ID, LASTUPDATE, TIMEPLACED) VALUES(5278, 199, 2, '2020-10-19 19:03:08.815102', '2020-05-10 03:42:05.000000');
INSERT INTO ORDERS_ID (ORDERS_ID, TOTAL_ORDER, STORE_ID, LASTUPDATE, TIMEPLACED) VALUES(5964, 99, 1, '2020-10-19 19:03:08.815102', '2020-05-24 12:40:28.000000');
INSERT INTO ORDERS_ID (ORDERS_ID, TOTAL_ORDER, STORE_ID, LASTUPDATE, TIMEPLACED) VALUES(5427, 46, 2, '2020-10-19 19:03:08.815102', '2020-05-14 16:22:02.000000');
INSERT INTO ORDERS_ID (ORDERS_ID, TOTAL_ORDER, STORE_ID, LASTUPDATE, TIMEPLACED) VALUES(5214, 166, 3, '2020-10-19 19:03:08.815102', '2020-05-01 06:33:00.000000');
INSERT INTO ORDERS_ID (ORDERS_ID, TOTAL_ORDER, STORE_ID, LASTUPDATE, TIMEPLACED) VALUES(5045, 182, 3, '2020-10-19 19:03:08.815102', '2020-05-29 10:12:23.000000');
INSERT INTO ORDERS_ID (ORDERS_ID, TOTAL_ORDER, STORE_ID, LASTUPDATE, TIMEPLACED) VALUES(5565, 189, 1, '2020-10-19 19:03:08.815102', '2020-05-19 17:37:51.000000');
INSERT INTO ORDERS_ID (ORDERS_ID, TOTAL_ORDER, STORE_ID, LASTUPDATE, TIMEPLACED) VALUES(5942, 86, 3, '2020-10-19 19:03:08.815102', '2020-05-06 19:27:46.000000');
INSERT INTO ORDERS_ID (ORDERS_ID, TOTAL_ORDER, STORE_ID, LASTUPDATE, TIMEPLACED) VALUES(5520, 120, 2, '2020-10-19 19:03:08.815102', '2020-05-20 00:13:56.000000');
INSERT INTO ORDERS_ID (ORDERS_ID, TOTAL_ORDER, STORE_ID, LASTUPDATE, TIMEPLACED) VALUES(5069, 67, 3, '2020-10-19 19:03:08.815102', '2020-05-09 14:53:28.000000');
INSERT INTO ORDERS_ID (ORDERS_ID, TOTAL_ORDER, STORE_ID, LASTUPDATE, TIMEPLACED) VALUES(5657, 20, 2, '2020-10-19 19:03:08.815102', '2020-05-22 18:59:24.000000');
INSERT INTO ORDERS_ID (ORDERS_ID, TOTAL_ORDER, STORE_ID, LASTUPDATE, TIMEPLACED) VALUES(5745, 183, 1, '2020-10-19 19:03:08.815102', '2020-05-09 18:05:28.000000');
INSERT INTO ORDERS_ID (ORDERS_ID, TOTAL_ORDER, STORE_ID, LASTUPDATE, TIMEPLACED) VALUES(5781, 24, 3, '2020-10-19 19:03:08.815102', '2020-05-24 09:58:29.000000');
INSERT INTO ORDERS_ID (ORDERS_ID, TOTAL_ORDER, STORE_ID, LASTUPDATE, TIMEPLACED) VALUES(5102, 105, 3, '2020-10-19 19:03:08.815102', '2020-05-03 12:33:20.000000');
INSERT INTO ORDERS_ID (ORDERS_ID, TOTAL_ORDER, STORE_ID, LASTUPDATE, TIMEPLACED) VALUES(5511, 103, 2, '2020-10-19 19:03:08.815102', '2020-05-10 15:10:57.000000');
INSERT INTO ORDERS_ID (ORDERS_ID, TOTAL_ORDER, STORE_ID, LASTUPDATE, TIMEPLACED) VALUES(5198, 63, 1, '2020-10-19 19:03:08.815102', '2020-05-02 19:31:06.000000');
INSERT INTO ORDERS_ID (ORDERS_ID, TOTAL_ORDER, STORE_ID, LASTUPDATE, TIMEPLACED) VALUES(5304, 23, 1, '2020-10-19 19:03:08.815102', '2020-05-22 09:53:26.000000');
INSERT INTO ORDERS_ID (ORDERS_ID, TOTAL_ORDER, STORE_ID, LASTUPDATE, TIMEPLACED) VALUES(5477, 105, 1, '2020-10-19 19:03:08.815102', '2020-05-30 20:56:32.000000');
INSERT INTO ORDERS_ID (ORDERS_ID, TOTAL_ORDER, STORE_ID, LASTUPDATE, TIMEPLACED) VALUES(5131, 169, 2, '2020-10-19 19:03:08.815102', '2020-05-23 14:16:46.000000');
INSERT INTO ORDERS_ID (ORDERS_ID, TOTAL_ORDER, STORE_ID, LASTUPDATE, TIMEPLACED) VALUES(5316, 188, 2, '2020-10-19 19:03:08.815102', '2020-05-21 23:34:10.000000');
INSERT INTO ORDERS_ID (ORDERS_ID, TOTAL_ORDER, STORE_ID, LASTUPDATE, TIMEPLACED) VALUES(5805, 37, 3, '2020-10-19 19:03:08.815102', '2020-05-23 14:02:10.000000');
INSERT INTO ORDERS_ID (ORDERS_ID, TOTAL_ORDER, STORE_ID, LASTUPDATE, TIMEPLACED) VALUES(5366, 143, 3, '2020-10-19 19:03:08.815102', '2020-05-14 23:14:53.000000');
INSERT INTO ORDERS_ID (ORDERS_ID, TOTAL_ORDER, STORE_ID, LASTUPDATE, TIMEPLACED) VALUES(5571, 82, 1, '2020-10-19 19:03:08.815102', '2020-05-23 16:20:41.000000');
INSERT INTO ORDERS_ID (ORDERS_ID, TOTAL_ORDER, STORE_ID, LASTUPDATE, TIMEPLACED) VALUES(5435, 21, 3, '2020-10-19 19:03:08.815102', '2020-05-30 01:21:07.000000');
INSERT INTO ORDERS_ID (ORDERS_ID, TOTAL_ORDER, STORE_ID, LASTUPDATE, TIMEPLACED) VALUES(5838, 174, 2, '2020-10-19 19:03:08.815102', '2020-05-29 05:45:15.000000');
INSERT INTO ORDERS_ID (ORDERS_ID, TOTAL_ORDER, STORE_ID, LASTUPDATE, TIMEPLACED) VALUES(5667, 127, 2, '2020-10-19 19:03:08.815102', '2020-05-06 21:07:35.000000');
INSERT INTO ORDERS_ID (ORDERS_ID, TOTAL_ORDER, STORE_ID, LASTUPDATE, TIMEPLACED) VALUES(5798, 119, 2, '2020-10-19 19:03:08.815102', '2020-05-08 17:07:39.000000');
INSERT INTO ORDERS_ID (ORDERS_ID, TOTAL_ORDER, STORE_ID, LASTUPDATE, TIMEPLACED) VALUES(5537, 67, 1, '2020-10-19 19:03:08.815102', '2020-05-05 04:05:44.000000');
INSERT INTO ORDERS_ID (ORDERS_ID, TOTAL_ORDER, STORE_ID, LASTUPDATE, TIMEPLACED) VALUES(5617, 39, 2, '2020-10-19 19:03:08.815102', '2020-05-13 19:00:28.000000');
INSERT INTO ORDERS_ID (ORDERS_ID, TOTAL_ORDER, STORE_ID, LASTUPDATE, TIMEPLACED) VALUES(5815, 158, 3, '2020-10-19 19:03:08.815102', '2020-05-16 23:23:14.000000');
INSERT INTO ORDERS_ID (ORDERS_ID, TOTAL_ORDER, STORE_ID, LASTUPDATE, TIMEPLACED) VALUES(5345, 136, 2, '2020-10-19 19:03:08.815102', '2020-05-11 22:58:24.000000');
INSERT INTO ORDERS_ID (ORDERS_ID, TOTAL_ORDER, STORE_ID, LASTUPDATE, TIMEPLACED) VALUES(5077, 111, 3, '2020-10-19 19:03:08.815102', '2020-05-21 23:40:52.000000');
INSERT INTO ORDERS_ID (ORDERS_ID, TOTAL_ORDER, STORE_ID, LASTUPDATE, TIMEPLACED) VALUES(5147, 99, 1, '2020-10-19 19:03:08.815102', '2020-05-23 09:04:39.000000');
INSERT INTO ORDERS_ID (ORDERS_ID, TOTAL_ORDER, STORE_ID, LASTUPDATE, TIMEPLACED) VALUES(5975, 166, 1, '2020-10-19 19:03:08.815102', '2020-05-30 04:10:11.000000');
INSERT INTO ORDERS_ID (ORDERS_ID, TOTAL_ORDER, STORE_ID, LASTUPDATE, TIMEPLACED) VALUES(5050, 132, 1, '2020-10-19 19:03:08.815102', '2020-05-04 10:06:15.000000');
INSERT INTO ORDERS_ID (ORDERS_ID, TOTAL_ORDER, STORE_ID, LASTUPDATE, TIMEPLACED) VALUES(5257, 11, 3, '2020-10-19 19:03:08.815102', '2020-05-09 23:54:46.000000');
INSERT INTO ORDERS_ID (ORDERS_ID, TOTAL_ORDER, STORE_ID, LASTUPDATE, TIMEPLACED) VALUES(5193, 48, 2, '2020-10-19 19:03:08.815102', '2020-05-08 13:22:31.000000');
INSERT INTO ORDERS_ID (ORDERS_ID, TOTAL_ORDER, STORE_ID, LASTUPDATE, TIMEPLACED) VALUES(5419, 137, 1, '2020-10-19 19:03:08.815102', '2020-05-22 16:38:53.000000');
INSERT INTO ORDERS_ID (ORDERS_ID, TOTAL_ORDER, STORE_ID, LASTUPDATE, TIMEPLACED) VALUES(5759, 161, 3, '2020-10-19 19:03:08.815102', '2020-05-17 15:50:53.000000');
INSERT INTO ORDERS_ID (ORDERS_ID, TOTAL_ORDER, STORE_ID, LASTUPDATE, TIMEPLACED) VALUES(5233, 72, 1, '2020-10-19 19:03:08.815102', '2020-05-29 00:51:33.000000');
INSERT INTO ORDERS_ID (ORDERS_ID, TOTAL_ORDER, STORE_ID, LASTUPDATE, TIMEPLACED) VALUES(5636, 16, 3, '2020-10-19 19:03:08.815102', '2020-05-10 20:15:35.000000');
INSERT INTO ORDERS_ID (ORDERS_ID, TOTAL_ORDER, STORE_ID, LASTUPDATE, TIMEPLACED) VALUES(5644, 121, 3, '2020-10-19 19:03:08.815102', '2020-05-26 02:48:51.000000');
INSERT INTO ORDERS_ID (ORDERS_ID, TOTAL_ORDER, STORE_ID, LASTUPDATE, TIMEPLACED) VALUES(5702, 173, 3, '2020-10-19 19:03:08.815102', '2020-05-30 23:13:05.000000');
INSERT INTO ORDERS_ID (ORDERS_ID, TOTAL_ORDER, STORE_ID, LASTUPDATE, TIMEPLACED) VALUES(5146, 147, 1, '2020-10-19 19:03:08.815102', '2020-05-16 02:28:58.000000');
INSERT INTO ORDERS_ID (ORDERS_ID, TOTAL_ORDER, STORE_ID, LASTUPDATE, TIMEPLACED) VALUES(5963, 75, 1, '2020-10-19 19:03:08.815102', '2020-05-09 03:25:09.000000');
INSERT INTO ORDERS_ID (ORDERS_ID, TOTAL_ORDER, STORE_ID, LASTUPDATE, TIMEPLACED) VALUES(5684, 172, 2, '2020-10-19 19:03:08.815102', '2020-05-07 00:09:38.000000');
INSERT INTO ORDERS_ID (ORDERS_ID, TOTAL_ORDER, STORE_ID, LASTUPDATE, TIMEPLACED) VALUES(5528, 160, 1, '2020-10-19 19:03:08.815102', '2020-05-14 23:45:16.000000');
INSERT INTO ORDERS_ID (ORDERS_ID, TOTAL_ORDER, STORE_ID, LASTUPDATE, TIMEPLACED) VALUES(5482, 169, 3, '2020-10-19 19:03:08.815102', '2020-05-25 21:27:03.000000');
INSERT INTO ORDERS_ID (ORDERS_ID, TOTAL_ORDER, STORE_ID, LASTUPDATE, TIMEPLACED) VALUES(5296, 47, 1, '2020-10-19 19:03:08.815102', '2020-05-04 10:03:32.000000');
INSERT INTO ORDERS_ID (ORDERS_ID, TOTAL_ORDER, STORE_ID, LASTUPDATE, TIMEPLACED) VALUES(5733, 144, 1, '2020-10-19 19:03:08.815102', '2020-05-19 13:31:58.000000');
INSERT INTO ORDERS_ID (ORDERS_ID, TOTAL_ORDER, STORE_ID, LASTUPDATE, TIMEPLACED) VALUES(5525, 40, 1, '2020-10-19 19:03:08.815102', '2020-05-25 09:04:33.000000');
INSERT INTO ORDERS_ID (ORDERS_ID, TOTAL_ORDER, STORE_ID, LASTUPDATE, TIMEPLACED) VALUES(5979, 182, 2, '2020-10-19 19:03:08.815102', '2020-05-25 21:22:26.000000');
INSERT INTO ORDERS_ID (ORDERS_ID, TOTAL_ORDER, STORE_ID, LASTUPDATE, TIMEPLACED) VALUES(5622, 76, 2, '2020-10-19 19:03:08.815102', '2020-05-14 16:21:41.000000');
INSERT INTO ORDERS_ID (ORDERS_ID, TOTAL_ORDER, STORE_ID, LASTUPDATE, TIMEPLACED) VALUES(5674, 119, 3, '2020-10-19 19:03:08.815102', '2020-05-06 16:22:02.000000');
INSERT INTO ORDERS_ID (ORDERS_ID, TOTAL_ORDER, STORE_ID, LASTUPDATE, TIMEPLACED) VALUES(5170, 186, 1, '2020-10-19 19:03:08.815102', '2020-05-06 10:23:24.000000');
INSERT INTO ORDERS_ID (ORDERS_ID, TOTAL_ORDER, STORE_ID, LASTUPDATE, TIMEPLACED) VALUES(5579, 24, 3, '2020-10-19 19:03:08.815102', '2020-05-18 02:44:52.000000');
INSERT INTO ORDERS_ID (ORDERS_ID, TOTAL_ORDER, STORE_ID, LASTUPDATE, TIMEPLACED) VALUES(5425, 62, 2, '2020-10-19 19:03:08.815102', '2020-05-11 01:11:39.000000');
INSERT INTO ORDERS_ID (ORDERS_ID, TOTAL_ORDER, STORE_ID, LASTUPDATE, TIMEPLACED) VALUES(5496, 148, 3, '2020-10-19 19:03:08.815102', '2020-05-16 17:17:11.000000');
INSERT INTO ORDERS_ID (ORDERS_ID, TOTAL_ORDER, STORE_ID, LASTUPDATE, TIMEPLACED) VALUES(5734, 181, 3, '2020-10-19 19:03:08.815102', '2020-05-21 20:13:46.000000');
INSERT INTO ORDERS_ID (ORDERS_ID, TOTAL_ORDER, STORE_ID, LASTUPDATE, TIMEPLACED) VALUES(5109, 55, 1, '2020-10-19 19:03:08.815102', '2020-05-01 02:03:02.000000');
INSERT INTO ORDERS_ID (ORDERS_ID, TOTAL_ORDER, STORE_ID, LASTUPDATE, TIMEPLACED) VALUES(5666, 118, 1, '2020-10-19 19:03:08.815102', '2020-05-23 15:01:45.000000');
INSERT INTO ORDERS_ID (ORDERS_ID, TOTAL_ORDER, STORE_ID, LASTUPDATE, TIMEPLACED) VALUES(5306, 164, 3, '2020-10-19 19:03:08.815102', '2020-05-15 20:07:15.000000');
INSERT INTO ORDERS_ID (ORDERS_ID, TOTAL_ORDER, STORE_ID, LASTUPDATE, TIMEPLACED) VALUES(5626, 33, 1, '2020-10-19 19:03:08.815102', '2020-05-10 21:54:32.000000');
INSERT INTO ORDERS_ID (ORDERS_ID, TOTAL_ORDER, STORE_ID, LASTUPDATE, TIMEPLACED) VALUES(5024, 148, 1, '2020-10-19 19:03:08.815102', '2020-05-23 07:52:47.000000');
INSERT INTO ORDERS_ID (ORDERS_ID, TOTAL_ORDER, STORE_ID, LASTUPDATE, TIMEPLACED) VALUES(5429, 64, 3, '2020-10-19 19:03:08.815102', '2020-05-30 03:41:31.000000');
INSERT INTO ORDERS_ID (ORDERS_ID, TOTAL_ORDER, STORE_ID, LASTUPDATE, TIMEPLACED) VALUES(5367, 98, 1, '2020-10-19 19:03:08.815102', '2020-05-02 14:11:00.000000');

-- Inserts USER 
INSERT INTO USER (USER_ID, USER_NAME) VALUES (1, 'Ana');
INSERT INTO USER (USER_ID, USER_NAME) VALUES (2, 'Juan');
INSERT INTO USER (USER_ID, USER_NAME) VALUES (3, 'Maria');

-- Inserts ROLE 
INSERT INTO ROLE (ROLE_ID, ROLE_NAME) VALUES (1, 'OrderQuery');
INSERT INTO ROLE (ROLE_ID, ROLE_NAME) VALUES (2, 'OrderUpdate');
INSERT INTO ROLE (ROLE_ID, ROLE_NAME) VALUES (3, 'User');
INSERT INTO ROLE (ROLE_ID, ROLE_NAME) VALUES (4, 'Support');
INSERT INTO ROLE (ROLE_ID, ROLE_NAME) VALUES (5, 'Report');

-- Inserts MBRROLE 
INSERT INTO MBRROLE (USER_ID, ROLE_ID) VALUES (1, 1);
INSERT INTO MBRROLE (USER_ID, ROLE_ID) VALUES (1, 2);
INSERT INTO MBRROLE (USER_ID, ROLE_ID) VALUES (2, 1);
INSERT INTO MBRROLE (USER_ID, ROLE_ID) VALUES (2, 2);
INSERT INTO MBRROLE (USER_ID, ROLE_ID) VALUES (2, 4);
INSERT INTO MBRROLE (USER_ID, ROLE_ID) VALUES (3, 5);