insert into quiz(quiz_id, quiz_Name) VALUES (1,'quiz1');
insert into quiz(quiz_id, quiz_Name) VALUES (2,'quiz2');
insert into quiz(quiz_id, quiz_Name) VALUES (3,'quiz3');
insert into question(id, question, response, image, value, quiz_Id) VALUES (1,'question1','answer1','image1', 1, 1);
insert into question(id, question, response, image, value, quiz_Id) VALUES (2,'question2','answer2','image2', 2, 1);
insert into question(id, question, response, image, value, quiz_Id) VALUES (3,'question3','answer3','image3', 3, 1);
insert into question(id, question, response, image, value, quiz_Id) VALUES (4,'question4','answer4','image4', 4, 1);
insert into question(id, question, response, image, value, quiz_Id) VALUES (5,'question5','answer5','image5', 5, 2);
insert into question(id, question, response, image, value, quiz_Id) VALUES (6,'question6','answer6','image6', 6, 2);
insert into question(id, question, response, image, value, quiz_Id) VALUES (7,'question7','answer7','image7', 7, 2);
insert into question(id, question, response, image, value, quiz_Id) VALUES (8,'question8','answer8','image8', 8, 2);
insert into question(id, question, response, image, value, quiz_Id) VALUES (9,'question9','answer9','image9', 9, 2);
insert into question(id, question, response, image, value, quiz_Id) VALUES (10,'question10','answer10','image10', 10, 2);
insert into question(id, question, response, image, value, quiz_Id) VALUES (11,'question11','answer11','image11', 11, 2);
insert into question(id, question, response, image, value, quiz_Id) VALUES (11,'question12','answer12','image12', 12, 2);
insert into answer(id, answer_Text, answer_Image, correct, question_Id) VALUES (1,'answer1','anwerImage1', true, 1);
insert into answer(id, answer_Text, answer_Image, correct, question_Id) VALUES (2,'answer2','anwerImage2', false, 1);
insert into answer(id, answer_Text, answer_Image, correct, question_Id) VALUES (3,'answer3','anwerImage3', true, 1);
insert into answer(id, answer_Text, answer_Image, correct, question_Id) VALUES (4,'answer4','anwerImage4', false, 2);
insert into answer(id, answer_Text, answer_Image, correct, question_Id) VALUES (5,'answer1','anwerImage1', true, 2);
insert into answer(id, answer_Text, answer_Image, correct, question_Id) VALUES (6,'answer2','anwerImage2', false, 2);
insert into answer(id, answer_Text, answer_Image, correct, question_Id) VALUES (7,'answer3','anwerImage3', true, 3);
insert into answer(id, answer_Text, answer_Image, correct, question_Id) VALUES (8,'answer4','anwerImage4', false, 3);
insert into answer(id, answer_Text, answer_Image, correct, question_Id) VALUES (9,'answer1','anwerImage1', true, 3);
insert into answer(id, answer_Text, answer_Image, correct, question_Id) VALUES (10,'answer2','anwerImage2', false, 3);
insert into answer(id, answer_Text, answer_Image, correct, question_Id) VALUES (11,'answer3','anwerImage3', true, 3);
insert into answer(id, answer_Text, answer_Image, correct, question_Id) VALUES (12,'answer4','anwerImage4', false, 4);