-- 1.) CREATE Database structure
SELECT '1.) CREATE Database structure' as 'INFO';
DROP DATABASE IF EXISTS MATERIALBESCHAFFUNG;
CREATE DATABASE IF NOT EXISTS MATERIALBESCHAFFUNG;
USE MATERIALBESCHAFFUNG;

-- 2.) CREATE Tables
SELECT '2.) CREATE Tables' as 'INFO';
DROP TABLE IF EXISTS LIEFERANT,
                     TEILE,
					 AUFTRAG; 

CREATE TABLE LIEFERANT (
    LNR INT NOT NULL,
	LNAME VARCHAR(80) NOT NULL,
	LSTATUS VARCHAR(80),
	ORT VARCHAR (80),
	PRIMARY KEY (LNR)
);

CREATE TABLE TEIL (
    TNR INT NOT NULL,
	TNAME VARCHAR(80) NOT NULL,
	FARBE VARCHAR(80),
	GEWICHT DOUBLE,
	ORT VARCHAR (80),
	PRIMARY KEY (TNR)
);

CREATE TABLE AUFTRAG (
    LNR INT NOT NULL,
    TNR INT NOT NULL,
	MENGE INT NOT NULL,
	PRIMARY KEY (LNR,TNR)
);

-- 2.1) Adding FK Constraint
SELECT '2.1) Adding FK Constraint FK_ABTNR' as 'INFO';
ALTER TABLE AUFTRAG ADD CONSTRAINT FK_LNR FOREIGN KEY (LNR) REFERENCES LIEFERANT (LNR);
ALTER TABLE AUFTRAG ADD CONSTRAINT FK_TNR FOREIGN KEY (TNR) REFERENCES TEIL (TNR);

-- 3.1) INSERT rows in table TEILE
SELECT '3.1) INSERT rows in table TEILE' as 'INFO';
INSERT INTO TEIL (TNR, TNAME, FARBE, GEWICHT, ORT) VALUES (1,'CBOX', 'BLAU', 19, 'BERLIN');
INSERT INTO TEIL (TNR, TNAME, FARBE, GEWICHT, ORT) VALUES (2,'DACHBOX', 'GELB', 12, 'HAMBURG');
INSERT INTO TEIL (TNR, TNAME, FARBE, GEWICHT, ORT) VALUES (3,'SEITENSPIEGEL', 'ROT', 14, 'STUTTGART');
INSERT INTO TEIL (TNR, TNAME, FARBE, GEWICHT, ORT) VALUES (4,'SEITENSPIEGEL', 'BLAU', 17, 'BERLIN');
INSERT INTO TEIL (TNR, TNAME, FARBE, GEWICHT, ORT) VALUES (5,'BREMSEN', 'ROT', 17, 'HAMBURG');
INSERT INTO TEIL (TNR, TNAME, FARBE, GEWICHT, ORT) VALUES (6,'NOTBREMSVORRICHTUNG', 'BLAU', 12, 'BERLIN');

SELECT '3.2) INSERT rows in table LIEFERANT' as 'INFO';
INSERT INTO LIEFERANT (LNR, LNAME, LSTATUS, ORT) VALUES (1,'NEUMANN', '30', 'BERLIN');
INSERT INTO LIEFERANT (LNR, LNAME, LSTATUS, ORT) VALUES (2,'SCHMIDT', '20', 'HAMBURG');
INSERT INTO LIEFERANT (LNR, LNAME, LSTATUS, ORT) VALUES (3,'KRAUSE', '30', 'HAMBURG');
INSERT INTO LIEFERANT (LNR, LNAME, LSTATUS, ORT) VALUES (4,'MEIER', '10', 'BERLIN');
INSERT INTO LIEFERANT (LNR, LNAME, LSTATUS, ORT) VALUES (5,'SCHULZ', '20', 'FRANKFURT');

SELECT '3.3) INSERT rows in table AUFTRAG' as 'INFO';
INSERT INTO AUFTRAG (LNR, TNR, MENGE) VALUES (1, 1, 400);
INSERT INTO AUFTRAG (LNR, TNR, MENGE) VALUES (1, 2, 300);
INSERT INTO AUFTRAG (LNR, TNR, MENGE) VALUES (1, 3, 500);
INSERT INTO AUFTRAG (LNR, TNR, MENGE) VALUES (1, 4, 300);
INSERT INTO AUFTRAG (LNR, TNR, MENGE) VALUES (1, 5, 200);
INSERT INTO AUFTRAG (LNR, TNR, MENGE) VALUES (1, 6, 200);
INSERT INTO AUFTRAG (LNR, TNR, MENGE) VALUES (2, 1, 400);
INSERT INTO AUFTRAG (LNR, TNR, MENGE) VALUES (2, 2, 500);
INSERT INTO AUFTRAG (LNR, TNR, MENGE) VALUES (3, 2, 300);
INSERT INTO AUFTRAG (LNR, TNR, MENGE) VALUES (4, 2, 300);
INSERT INTO AUFTRAG (LNR, TNR, MENGE) VALUES (4, 4, 400);
INSERT INTO AUFTRAG (LNR, TNR, MENGE) VALUES (4, 5, 500);


