INSERT INTO CORE_PARTY(PARTY_ID)
VALUES (-1110);
INSERT INTO CORE_PARTY(PARTY_ID)
VALUES (-1111);
INSERT INTO CORE_PARTY(PARTY_ID)
VALUES (-1112);
INSERT INTO CORE_PARTY(PARTY_ID)
VALUES (-1113);
INSERT INTO CORE_PARTY(PARTY_ID)
VALUES (-1114);

INSERT INTO CORE_USER(PARTY_ID, LOGIN, FIRST_NAME, LAST_NAME, ACTIVE, CREATED_BY, CREATED_ON, CAN_DELETE_FROM_FRONT)
VALUES (-1110, 'cadbury', 'Squash', 'Administrator', true, 'admin', '2023-06-07 09:45:00', true);
INSERT INTO CORE_USER(PARTY_ID, LOGIN, FIRST_NAME, LAST_NAME, ACTIVE, CREATED_BY, CREATED_ON, CAN_DELETE_FROM_FRONT)
VALUES (-1111, 'lindt', 'Nymphadora', 'Tonks', true, 'admin', '2023-05-07 12:28:37', true);
INSERT INTO CORE_USER(PARTY_ID, LOGIN, FIRST_NAME, LAST_NAME, ACTIVE, CREATED_BY, CREATED_ON, CAN_DELETE_FROM_FRONT)
VALUES (-1112, 'milka', 'Albus', 'Dumbledore', true, 'admin', '2023-05-11 04:42:05', true);
INSERT INTO CORE_USER(PARTY_ID, LOGIN, FIRST_NAME, LAST_NAME, ACTIVE, CREATED_BY, CREATED_ON, CAN_DELETE_FROM_FRONT)
VALUES (-1113, 'kinder', 'Minerva', 'McGonagall', true, 'admin', '2023-11-03 10:18:53', true);
INSERT INTO CORE_USER(PARTY_ID, LOGIN, FIRST_NAME, LAST_NAME, ACTIVE, CREATED_BY, CREATED_ON, CAN_DELETE_FROM_FRONT)
VALUES (-1114, 'ferrero', 'Teddy', 'Lupin', true, 'admin', '2023-02-24 14:18:53', true);

INSERT INTO CORE_PARTY_AUTHORITY(PARTY_ID, AUTHORITY)
VALUES (-1110, 'ROLE_TM_PROJECT_MANAGER');
INSERT INTO CORE_PARTY_AUTHORITY(PARTY_ID, AUTHORITY)
VALUES (-1111, 'ROLE_TF_FUNCTIONAL_TESTER');
INSERT INTO CORE_PARTY_AUTHORITY(PARTY_ID, AUTHORITY)
VALUES (-1112, 'ROLE_TM_USER');
INSERT INTO CORE_PARTY_AUTHORITY(PARTY_ID, AUTHORITY)
VALUES (-1113, 'ROLE_TM_PROJECT_MANAGER');
INSERT INTO CORE_PARTY_AUTHORITY(PARTY_ID, AUTHORITY)
VALUES (-1114, 'ROLE_TM_USER');
