INSERT INTO cliente (id, nombre, email, nit) VALUES 
(101, 'Juan Perez', 'juan.perez@example.com', '123456789'),
(102, 'Maria Gomez', 'maria.gomez@example.com', '987654321'),
(103, 'Carlos Rodriguez', 'carlos.rodriguez@example.com', '123123123'),
(104, 'Laura Martinez', 'laura.martinez@example.com', '321321321'),
(105, 'Jose Hernandez', 'jose.hernandez@example.com', '456456456'),
(106, 'Ana Lopez', 'ana.lopez@example.com', '654654654'),
(107, 'Luis Gonzalez', 'luis.gonzalez@example.com', '789789789'),
(108, 'Sofia Sanchez', 'sofia.sanchez@example.com', '987987987'),
(109, 'Miguel Diaz', 'miguel.diaz@example.com', '123987123'),
(110, 'Lucia Ramirez', 'lucia.ramirez@example.com', '321123321'),
(111, 'Diego Torres', 'diego.torres@example.com', '456123456'),
(112, 'Camila Flores', 'camila.flores@example.com', '654321654'),
(113, 'Jorge Morales', 'jorge.morales@example.com', '789456789'),
(114, 'Isabella Reyes', 'isabella.reyes@example.com', '987654123'),
(115, 'Francisco Ortiz', 'francisco.ortiz@example.com', '123654123'),
(116, 'Valentina Castro', 'valentina.castro@example.com', '321654321'),
(117, 'Gabriel Ramos', 'gabriel.ramos@example.com', '456987456'),
(118, 'Emilia Mendez', 'emilia.mendez@example.com', '654987654'),
(119, 'Antonio Cruz', 'antonio.cruz@example.com', '789123789'),
(120, 'Victoria Aguilar', 'victoria.aguilar@example.com', '987123987'),
(121, 'Ricardo Mendoza', 'ricardo.mendoza@example.com', '123321123'),
(122, 'Martina Soto', 'martina.soto@example.com', '321987321'),
(123, 'Alejandro Ruiz', 'alejandro.ruiz@example.com', '456321456'),
(124, 'Renata Herrera', 'renata.herrera@example.com', '654123654'),
(125, 'Sebastian Guzman', 'sebastian.guzman@example.com', '789654789'),
(126, 'Gabriela Vargas', 'gabriela.vargas@example.com', '987321987'),
(127, 'Daniel Navarro', 'daniel.navarro@example.com', '123789123'),
(128, 'Andrea Jimenez', 'andrea.jimenez@example.com', '321456321'),
(129, 'Matias Rios', 'matias.rios@example.com', '456789456'),
(130, 'Natalia Espinoza', 'natalia.espinoza@example.com', '654789654'),
(131, 'Pablo Silva', 'pablo.silva@example.com', '789987789'),
(132, 'Mia Castillo', 'mia.castillo@example.com', '987654987'),
(133, 'Samuel Romero', 'samuel.romero@example.com', '123987654'),
(134, 'Julieta Vega', 'julieta.vega@example.com', '321123654'),
(135, 'Felipe Campos', 'felipe.campos@example.com', '456123789'),
(136, 'anonimo', 'anonimo@example.com', 'C/F');

INSERT INTO producto (id, nombre, precio, imagen_url) VALUES
(101, 'Monitor LCD 24 pulgadas', 150.00, 'http://example.com/imagenes/monitor_24.jpg'),
(102, 'Teclado Mecánico', 75.00, 'http://example.com/imagenes/teclado_mecanico.jpg'),
(103, 'Mouse Inalámbrico', 25.00, 'http://example.com/imagenes/mouse_inalambrico.jpg'),
(104, 'Laptop Ultrabook 13"', 999.99, 'http://example.com/imagenes/laptop_ultrabook_13.jpg'),
(105, 'Disco Duro Externo 1TB', 60.00, 'http://example.com/imagenes/disco_duro_1tb.jpg'),
(106, 'Memoria RAM 16GB DDR4', 80.00, 'http://example.com/imagenes/memoria_ram_16gb.jpg'),
(107, 'Tarjeta Gráfica GTX 1660', 299.99, 'http://example.com/imagenes/tarjeta_grafica_gtx1660.jpg'),
(108, 'Placa Base ATX', 120.00, 'http://example.com/imagenes/placa_base_atx.jpg'),
(109, 'Fuente de Alimentación 600W', 50.00, 'http://example.com/imagenes/fuente_alimentacion_600w.jpg'),
(110, 'SSD 500GB', 90.00, 'http://example.com/imagenes/ssd_500gb.jpg'),
(111, 'Caja de Ordenador ATX', 70.00, 'http://example.com/imagenes/caja_ordenador_atx.jpg'),
(112, 'Refrigeración Líquida', 100.00, 'http://example.com/imagenes/refrigeracion_liquida.jpg'),
(113, 'Auriculares Gaming', 40.00, 'http://example.com/imagenes/auriculares_gaming.jpg'),
(114, 'Monitor UltraWide 34 pulgadas', 450.00, 'http://example.com/imagenes/monitor_ultrawide_34.jpg'),
(115, 'Impresora Multifuncional', 120.00, 'http://example.com/imagenes/impresora_multifuncional.jpg'),
(116, 'Router WiFi 6', 130.00, 'http://example.com/imagenes/router_wifi6.jpg'),
(117, 'Micrófono USB', 60.00, 'http://example.com/imagenes/microfono_usb.jpg'),
(118, 'Cámara Web HD', 45.00, 'http://example.com/imagenes/camara_web_hd.jpg'),
(119, 'Altavoces Bluetooth', 35.00, 'http://example.com/imagenes/altavoces_bluetooth.jpg'),
(120, 'Base de Enfriamiento para Laptop', 25.00, 'http://example.com/imagenes/base_enfriamiento_laptop.jpg');


-- Insertar datos en la tabla factura
INSERT INTO factura (id, nit_cliente, fecha, total) VALUES 
(901, '123456789', '2024-05-01', 1070.00),
(902, '987654321', '2024-05-02', 70.00),
(903, '123123123', '2024-05-03', 1070.00),
(904, '321321321', '2024-05-04', 900.00),
(905, '456456456', '2024-05-05', 300.00),
(906, '654654654', '2024-05-06', 320.00),
(907, '789789789', '2024-05-07', 90.00),
(908, '987987987', '2024-05-08', 250.00),
(909, '123987123', '2024-05-09', 300.00),
(910, '321123321', '2024-05-10', 60.00),
(911, '456123456', '2024-05-11', 90.00),
(912, '654321654', '2024-05-12', 320.00),
(913, '789456789', '2024-05-13', 120.00),
(914, '987654123', '2024-05-14', 700.00),
(915, '123654123', '2024-05-15', 150.00),
(916, '321654321', '2024-05-16', 100.00),
(917, '456987456', '2024-05-17', 800.00),
(918, '654987654', '2024-05-18', 200.00),
(919, '789123789', '2024-05-19', 150.00),
(920, '987123987', '2024-05-20', 70.00),
(921, '123321123', '2024-05-21', 90.00),
(922, '321987321', '2024-05-22', 750.00),
(923, '456321456', '2024-05-23', 1050.00),
(924, '654123654', '2024-05-24', 350.00),
(925, '789654789', '2024-05-25', 650.00),
(926, '987321987', '2024-05-26', 1000.00),
(927, '123789123', '2024-05-27', 350.00),
(928, '321456321', '2024-05-28', 450.00),
(929, '456789456', '2024-05-29', 1300.00),
(930, '654789654', '2024-05-30', 700.00),
(931, '789987789', '2024-05-31', 800.00),
(932, '987654987', '2024-06-01', 60.00),
(933, '123987654', '2024-06-02', 120.00),
(934, '321123654', '2024-06-03', 350.00),
(935, '456123789', '2024-06-04', 700.00),
(936, '123456789', '2024-06-05', 200.00),
(937, '987654321', '2024-06-06', 300.00),
(938, '123123123', '2024-06-07', 900.00),
(939, '321321321', '2024-06-08', 250.00),
(940, '456456456', '2024-06-09', 120.00),
(941, '654654654', '2024-06-10', 150.00),
(942, '789789789', '2024-06-11', 60.00),
(943, '987987987', '2024-06-12', 1000.00),
(944, '123987123', '2024-06-13', 50.00),
(945, '321123321', '2024-06-14', 600.00),
(946, '456123456', '2024-06-15', 900.00),
(947, '654321654', '2024-06-16', 1000.00),
(948, '789456789', '2024-06-17', 300.00),
(949, '987654123', '2024-06-18', 150.00),
(950, '123654123', '2024-06-19', 750.00);

-- Insertar los valores actualizados en la tabla item_factura
INSERT INTO detalle_factura (id, factura_id, producto_nombre, cantidad, precio_unitario, subtotal) VALUES 
(901, 901, 'Monitor LCD 24 pulgadas', 1, 150.00, 150.00),
(902, 901, 'Teclado Mecánico', 1, 75.00, 75.00),
(903, 901, 'Mouse Inalámbrico', 1, 25.00, 25.00),
(904, 902, 'Teclado Mecánico', 1, 75.00, 75.00),
(905, 902, 'Mouse Inalámbrico', 1, 25.00, 25.00),
(906, 903, 'Monitor LCD 24 pulgadas', 1, 150.00, 150.00),
(907, 903, 'Laptop Ultrabook 13"', 1, 999.99, 999.99),
(908, 904, 'Disco Duro Externo 1TB', 1, 60.00, 60.00),
(909, 904, 'Memoria RAM 16GB DDR4', 2, 80.00, 160.00),
(910, 904, 'Tarjeta Gráfica GTX 1660', 1, 299.99, 299.99),
(911, 904, 'Placa Base ATX', 1, 120.00, 120.00),
(912, 905, 'Fuente de Alimentación 600W', 1, 50.00, 50.00),
(913, 905, 'SSD 500GB', 2, 90.00, 180.00),
(914, 906, 'Caja de Ordenador ATX', 2, 70.00, 140.00),
(915, 906, 'Refrigeración Líquida', 3, 100.00, 300.00),
(916, 907, 'Teclado Mecánico', 4, 75.00, 300.00),
(917, 908, 'Auriculares Gaming', 2, 40.00, 80.00),
(918, 908, 'Monitor UltraWide 34 pulgadas', 1, 450.00, 450.00),
(919, 909, 'Impresora Multifuncional', 1, 120.00, 120.00),
(920, 910, 'Router WiFi 6', 1, 130.00, 130.00),
(921, 910, 'Micrófono USB', 1, 60.00, 60.00),
(922, 911, 'Cámara Web HD', 1, 45.00, 45.00),
(923, 912, 'Altavoces Bluetooth', 1, 35.00, 35.00),
(924, 913, 'Base de Enfriamiento para Laptop', 1, 25.00, 25.00),
(925, 914, 'Monitor LCD 24 pulgadas', 1, 150.00, 150.00),
(926, 914, 'Teclado Mecánico', 2, 75.00, 150.00),
(927, 914, 'Mouse Inalámbrico', 2, 25.00, 50.00),
(928, 915, 'Laptop Ultrabook 13"', 1, 999.99, 999.99),
(929, 915, 'Disco Duro Externo 1TB', 1, 60.00, 60.00),
(930, 916, 'Memoria RAM 16GB DDR4', 2, 80.00, 160.00),
(931, 917, 'Tarjeta Gráfica GTX 1660', 1, 299.99, 299.99),
(932, 917, 'Placa Base ATX', 1, 120.00, 120.00),
(933, 918, 'Fuente de Alimentación 600W', 1, 50.00, 50.00),
(934, 919, 'SSD 500GB', 2, 90.00, 180.00),
(935, 920, 'Caja de Ordenador ATX', 2, 70.00, 140.00),
(936, 921, 'Refrigeración Líquida', 3, 100.00, 300.00),
(937, 922, 'Teclado Mecánico', 4, 75.00, 300.00),
(938, 923, 'Auriculares Gaming', 2, 40.00, 80.00),
(939, 924, 'Monitor UltraWide 34 pulgadas', 1, 450.00, 450.00),
(940, 925, 'Impresora Multifuncional', 1, 120.00, 120.00),
(941, 926, 'Router WiFi 6', 1, 130.00, 130.00),
(942, 927, 'Micrófono USB', 1, 60.00, 60.00),
(943, 928, 'Cámara Web HD', 1, 45.00, 45.00),
(944, 929, 'Altavoces Bluetooth', 1, 35.00, 35.00),
(945, 930, 'Base de Enfriamiento para Laptop', 1, 25.00, 25.00),
(946, 931, 'Monitor LCD 24 pulgadas', 1, 150.00, 150.00),
(947, 932, 'Teclado Mecánico', 2, 75.00, 150.00),
(948, 933, 'Mouse Inalámbrico', 2, 25.00, 50.00),
(949, 934, 'Laptop Ultrabook 13"', 1, 999.99, 999.99),
(950, 935, 'Disco Duro Externo 1TB', 1, 60.00, 60.00);
