-- phpMyAdmin SQL Dump
-- version 4.8.4
-- https://www.phpmyadmin.net/
--
-- Hôte : 127.0.0.1
-- Généré le :  mer. 16 jan. 2019 à 00:59
-- Version du serveur :  10.1.37-MariaDB
-- Version de PHP :  7.3.0

SET SQL_MODE = "NO_AUTO_VALUE_ON_ZERO";
SET AUTOCOMMIT = 0;
START TRANSACTION;
SET time_zone = "+00:00";


/*!40101 SET @OLD_CHARACTER_SET_CLIENT=@@CHARACTER_SET_CLIENT */;
/*!40101 SET @OLD_CHARACTER_SET_RESULTS=@@CHARACTER_SET_RESULTS */;
/*!40101 SET @OLD_COLLATION_CONNECTION=@@COLLATION_CONNECTION */;
/*!40101 SET NAMES utf8mb4 */;

--
-- Base de données :  `testdev`
--

-- --------------------------------------------------------

--
-- Structure de la table `commerce`
--

CREATE TABLE `commerce` (
  `commerce` int(11) DEFAULT NULL,
  `name` text
) ENGINE=InnoDB DEFAULT CHARSET=utf8mb4;

--
-- Déchargement des données de la table `commerce`
--

INSERT INTO `commerce` (`commerce`, `name`) VALUES
(251, 'AUDITION SANTE - BOULOGNE SUR MER'),
(1074, 'LE BALTO - VERVINS'),
(681, 'AU P\'TIT RAMONEUR - LENS'),
(285, 'MANGO - DUNKERQUE'),
(866, 'CCI ARTOIS Hauts de France - ARRAS'),
(264, 'PLUIE DE FLEURS - BOULOGNE SUR MER'),
(887, 'PEGGY COIF - ESCAUDOEUVRES'),
(664, 'BOULANGERIE PATISSERIE PONSEEL - SAINT OMER'),
(601, 'LV CONCEPT CUISINE - BEAURAINS'),
(802, 'DENIS GRATPAIN PHOTOGRAPHE - MERVILLE'),
(647, 'HANDIMAT - ROOST WARENDIN'),
(497, 'SALADE DE FRUITS - DUNKERQUE'),
(1046, 'LA FRANBOISINE - SOLESMES'),
(1070, 'CHRIS\'ONGLE - ROZOY SUR SERRE'),
(452, 'PORT ROYAL - SAINT OMER'),
(1080, 'LA FONTAINE DES SENS - CHÂTEAU THIERRY'),
(496, 'PHARMACIE LEULLIETTE - GRANDE SYNTHE'),
(455, 'AU PECHE MIGNON - SAMER'),
(630, 'PORTAILS ET FERMETURES DU TERNOIS - TINCQUES'),
(1087, 'LA LIBRAIRIE DES FABLES - CHÂTEAU THIERRY'),
(209, 'ALAIN AFFLELOU - ARRAS'),
(1101, 'LA PASSION DES FLEURS - FACHES THUMESNIL'),
(665, 'BASTIDE CONFORT MEDICAL - ARQUES'),
(276, 'FOURNIL & MAIE - DUNKERQUE'),
(606, 'LE REINITAS - LENS'),
(577, 'SAVEURS ET DECOUVERTES - VALENCIENNES'),
(850, 'MAE - BAPAUME'),
(801, 'AU FOURNIL DES 2 PONTS - MERVILLE'),
(599, 'AUTOVISION - BEAURAINS'),
(550, 'BOULANGERIE PORQUET - ARQUES'),
(1083, 'BIJOUTERIE GASPARD - CHÂTEAU THIERRY'),
(856, 'CAFE DE LA PAIX - OIGNIES'),
(807, 'MONSIEUR VIN - MOUVAUX'),
(756, 'BOUCHERIE THIBAUT - Marché de CYSOING'),
(1124, 'SOLYLEZ ARRAS - ARRAS'),
(872, 'L\'ATELIER DU VEGETAL - GRAVELINES'),
(151, 'APHRODITE - DOUCHY LES MINES'),
(384, 'LACROIX SAT II - LANDRECIES'),
(921, 'BOULANGERIE PATISSERIE DELECROIX LE FOUR A BOIS - SAINT OMER'),
(253, 'BOUCHERIE DEBUICHE - ETAPLES SUR MER'),
(399, 'MR VIN - MOUVAUX'),
(700, 'BIJOUTERIE STOVEN - ST OMER'),
(1076, 'GRAPHYLANE - TERGNIER'),
(852, 'VINCENT DEPRET - NOEUX LES MINES'),
(270, 'SALON JP GOURNAY - HARDELOT'),
(437, 'LES MARIES D\'APHRODITE - MAUBEUGE'),
(620, 'OPTIC 3000 - LENS'),
(518, 'AU P\'TIT PATISSIER - BOULOGNE SUR MER'),
(268, 'GOMINA COIFFURE - ISQUES'),
(549, 'CAMARA - SAINT OMER'),
(1092, 'Meubles ROCCHETTI - FLINES LES RACHES'),
(214, 'L\'OPTICIEN DAVY DEVANNE - CARVIN'),
(310, 'Bijouterie LE LYS D\'OR - AULNOYE AYMERIES'),
(397, 'MATTA FREDERIC ASSURANCES AXA - SAINT OMER'),
(836, 'BOUCHERIE COMPAGNON - LIEVIN'),
(339, 'COCCIMARKET \r\nAU PANIER GOURMAND - ESCAUDOEUVRES'),
(1114, 'BIJOUTERIE PASCHAL - BOULOGNE SUR MER'),
(486, 'LE COFFRE A BONBONS - BERCK SUR MER'),
(330, 'BOYAVAL (Gros Appareils Ménagers) - ARRAS'),
(1043, 'SARL DEHEN - SOLESMES'),
(1048, 'KRYSTEL FLEURS - WALLERS'),
(359, 'HAIR PASSION - LONGFOSSE'),
(1069, 'ROYAL KIDS - SAINT QUENTIN'),
(1060, 'ELODIE LINGERIE - LAON'),
(213, 'LES MARIES D\'APHRODITE - ARRAS'),
(137, 'KANDY - AIRE SUR LA LYS'),
(745, 'AU CHOIX DU FROMAGER - Marché de LA  MADELEINE'),
(265, 'CORDONNERIE BOUCRY - HESDIN'),
(379, 'LA MODE SELON EVGENIA - SAINT OMER'),
(405, 'OPTIQUE TROUSSET - BAVAY'),
(292, 'KANDY - MARCONNELLE'),
(1105, 'SWISS LIFE - ANNOEULLIN'),
(168, 'SARL PP TOMATE CERISE - VALENCIENNES'),
(136, 'AXA ASSURANCES - TOURCOING'),
(218, 'AGENCE LBH - ARRAS'),
(196, 'STUDIOSUN - ARRAS'),
(910, 'PROXI - METEREN'),
(373, 'KANDY  - LE CATEAU'),
(238, 'PHARMACIE DU THEATRE - ARRAS'),
(230, 'SOMETIME - VILLENEUVE D\'ASCQ'),
(883, 'SARL HANDIMAT  LA VITRINE MEDICALE - BOULOGNE SUR MER'),
(414, 'PRESSING ROYAL SHOP - CALAIS'),
(785, 'BOULANGERIE AUXENFANTS - FAUQUEMBERGUES'),
(1116, 'SARL SES PREMIERS PAS  -  SAINT NICOLAS '),
(667, 'CAMILLE ALBANE - SAINT OMER'),
(449, 'SHAMPOO - LA GORGUE'),
(765, 'DYNAMITE - AUDRUICQ'),
(942, 'PRINK RUDY - VILLENEUVE D\'ASCQ'),
(899, 'AUTOCLESPLUS - VALENCIENNES'),
(1108, 'AU BON PAIN DE France - DUNKERQUE'),
(1120, 'AU BOULOT DE MICK - ACHICOURT'),
(786, 'LE FOURNIL AUXENFANTS - CLETY'),
(1071, 'BENJAMIN - SAINT QUENTIN'),
(149, 'CATHR\'IN - AVESNES LE SEC'),
(733, 'GALERIE D\'ART JOEL DUPUIS - HARDELOT PLAGE'),
(1093, 'Salon MAX - FLINES LES RACHES'),
(307, 'AU TRADITIONNEL - SAINT OMER'),
(382, 'LA VIE CLAIRE - CALAIS'),
(335, 'CHARLINE ET SACHA - MOUVAUX'),
(825, 'BOUCHERIE CARLIER - SARS POTERIES'),
(706, 'OPTIQUE SCALABRE - TOURCOING'),
(541, 'GARAGE RENAULT - VALENCIENNES'),
(555, 'CRE@ REPRO - ANVIN'),
(838, 'A LA HALLE DE L\'ORCHIDEE - LIEVIN'),
(1073, 'CAMPANA - COUCY LES EPPES'),
(554, 'VAL FLEUR - LONGUENESSE'),
(805, 'AU FIL DU COUTEAU - METEREN'),
(191, 'NADY FLOR - THEROUANNE'),
(1100, 'HARMONIE DES SENS - SAINT OMER'),
(774, 'BOULANGERIE DARCHEVILLE LATELIER DU PAIN - LIEVIN'),
(815, 'DIET PLUS - VILLENEUVE D\'ASCQ'),
(833, 'LA SARRASINE - FAMARS'),
(295, 'JOYEUSES FEES - CUCQ'),
(714, 'LE MOULIN D\'AMELIE - CAMBRAI'),
(135, 'SARL TENNIER - HALLUIN'),
(228, 'SOMETIME - LOUVROIL'),
(1065, 'PLEIN CIEL - SAINT QUENTIN'),
(252, 'POESIE VEGETALE - ETAPLES SUR MER'),
(523, 'LE GOURMET - BOULOGNE SUR MER'),
(537, 'BOUCHERIE DU CENTRE - VALENCIENNES'),
(1047, 'EURL RENOVATIF COIFFURE - DOUCHY LES MINES'),
(839, 'CHRIS GOURMANDISES - LIEVIN'),
(834, 'BOUCHERIE CHARCUTERIE SARL DEVRIES - ONNAING'),
(882, 'COTE SOLEIL  - BOULOGNE-SUR-MER'),
(508, 'PHARMACIE FLANDRES LITTORAL - GRANDE SYNTHE'),
(526, 'PATEY - NORTKERQUE'),
(489, 'SALON JEAN-PIERRE GOURNAY - SARL MELETE - WIMEREUX'),
(559, 'LE JARDIN EXTRAORDINAIRE - LOOS'),
(662, 'JEF - AIRE SUR LA LYS'),
(178, 'PHARMACIE DEHAUT-VANHEEMS - VIEUX CONDE'),
(471, 'DESLOOVER - HAZEBROUCK'),
(255, 'HAVAS VOYAGES PASSION - MONTREUIL SUR MER'),
(357, 'GAYLORD COIFFURE - AULNOYE AYMERIES'),
(241, 'KANDY - AVESNES LE COMTE'),
(1125, 'SOLYLEZ ROUBAIX 1 - ROUBAIX'),
(465, 'AFFLELOU - LONGUENESSE'),
(812, 'N TENNIS / BADMANIA - VILLENEUVE D\'ASCQ'),
(325, 'BOULANGERIE PATISSERIE LOBODA - PERNES EN ARTOIS'),
(142, 'KANDY - AUXI LE CHÂTEAU'),
(563, 'LISA BOTTY - LENS'),
(827, 'POMPES FUNEBRES DENAISIENNE - DENAIN'),
(479, 'BOUT\'CHOU - BOULOGNE SUR MER'),
(160, 'EURL CYCLES ROMAIN BAELE - MARCOING'),
(640, 'LONGCHAMP - LILLE'),
(861, 'PH\'AS COIFFURE - OIGNIES'),
(284, 'ELITE - DUNKERQUE'),
(504, 'LA ROSERAIE - FORT MARDYCK'),
(512, 'LE JARDIN D\'EDEN - DUNKERQUE'),
(633, 'CAROLINE BRU OPTIQUE - WORMHOUT'),
(816, 'AUX MERVEILLES DE JULIETTE - VILLENEUVE D\'ASCQ'),
(1104, 'ORKIDEE - ANNOEULLIN'),
(900, 'SALON FUGITIFFS - ANZIN'),
(779, 'PHARMACIE DOUAY CHRETIEN - LIEVIN'),
(1079, 'ABUTILON - CHÂTEAU THIERRY'),
(442, 'BOUCHERIE LOMPREZ - DENAIN'),
(1085, 'TATRY AX\'HOME - CHÂTEAU THIERRY'),
(239, 'PHARMACIE VAUBAN - ARRAS'),
(288, 'JOYEUSES FEES - COQUELLES'),
(914, 'AMI DU PAIN - HAZEBROUCK'),
(524, 'PHARMACIE MALBRANQUE - CALAIS'),
(738, 'MALO OPTIQUE - DUNKERQUE'),
(1129, 'SOLYLEZ LILLE FIVES - LILLE'),
(644, 'EDISAC - FACHES-THUMESNIL'),
(817, 'OPTIQUE D\'ANNAPPES - VILLENEUVE D\'ASCQ'),
(949, 'BOUCHERIE VAN RENTERGHEM (Marché d\'HELLEMMMES)'),
(505, 'OCEANE - DUNKERQUE'),
(763, 'LE BOULONNAIS EN DIRECT - Marché de VILLENEUVE D ASCQ'),
(296, 'KANDY - ATTIN'),
(686, 'SUBWAY - BRUAY LA BUISSIERE'),
(282, 'BOULANGERIE PATISSERIE DANIEL - COUDEKERQUE BRANCHE'),
(321, 'BOULANGERIE PATISSERIE CHOCOLAT - SAINT LEONARD'),
(428, 'VENUS COIFFURE & BEAUTE - COUDEKERQUE BRANCHE'),
(1117, 'CHARCUTERIE TRAITEUR SCHIMOWSKI - LIEVIN'),
(324, 'BOULANGERIE PATISSERIE LESCIEUX - RAISMES'),
(684, 'AXA - HARNES'),
(139, 'KANDY - FREVENT'),
(146, 'OPTIC 2000 - DENAIN'),
(614, 'PHARMACIE DE LA CITE 2 - MAZINGARBE'),
(752, 'ROTISSERIE DUHAYON - Marché de HAUBOURDIN'),
(143, 'VANHASBROUCK - HEM'),
(424, 'UNE FLEUR EN PASSANT  - PONT SUR SAMBRE'),
(594, 'SD OPTIQUE - CAMBRAI'),
(193, 'BOULANGERIE BLONDEL - SAINT MARTIN D\'HARDINGHEM'),
(381, 'LA TENTATION - MAMETZ'),
(927, 'KANDY - LE CROTOY'),
(408, 'PATISSERIE BOULANGERIE HEMELSDAEL - ST POL SUR TERNOISE'),
(655, 'A FLEUR D\'EAU - PERNES'),
(466, 'PRO&CIE - SAINT POL SUR TERNOISE'),
(853, 'MARCHAND FRERES - CARVIN'),
(243, 'KANDY - BIACHE SAINT VAAST'),
(617, 'CER MORTIER 3G - AUCHEL'),
(674, 'TORCQ VETEMENTS - BULLY LES MINES'),
(167, 'FRANCK - CAUDRY'),
(250, 'BOULANGERIE LA FRUGEOISE - FRUGES'),
(918, 'SARL GARAGE AVET - SAINT MARTIN D\'HARDINGHEM'),
(672, 'NEW DAY - LILLERS'),
(478, 'SNAB VOLKSWAGEN - CALAIS'),
(145, 'BOUTIQUE ARROW  - VALENCIENNES'),
(1109, 'CORBEILLE FLEURIE - WORMHOUT'),
(582, 'DAV ASSISTANCE - SOLESMES'),
(458, 'VOYAGES DOURLENS - BRUAY LA BUISSIERE'),
(198, 'CECILIA CREATION - LIEVIN'),
(629, 'FRITERIE SIMON A LA BELLE EPOQUE - CARVIN'),
(163, 'AUX HALLES FRUITIER - SAINT SAULVE'),
(413, 'POMPES FUNEBRES DE MONTIGNY - MONTIGNY-EN-GOHELLE'),
(1081, 'LA FOURNEE DES FABLES - CHÂTEAU THIERRY'),
(898, 'CHRISTIAEN OPTIQUE - MARLY'),
(315, 'Boucherie LA POUDUM - BAVAY'),
(1134, 'La Ferme de Brice - SOISSONS'),
(533, 'CENTRE DE VISION - SOLESMES'),
(588, 'FOURNIL DE BETHUNE - DOUAI'),
(796, 'PHARMACIE DU BEFFROI - MERVILLE'),
(343, 'CREATION  - BRUAY SUR ESCAUT'),
(624, 'CAROLE COIFFURE - HERMAVILLE'),
(234, 'PETIT GRANDEUR - GRENAY'),
(186, 'BOULANGERIE PATISSERIE LE FOUR A BOIS - SAINT OMER'),
(177, 'L\'ETAGE - VALENCIENNES'),
(843, 'PIZZA ENZO - HENIN BEAUMONT'),
(823, 'PIZZA DI MARIO - GOUZEAUCOURT'),
(346, 'DUMONT Gilles - INTERFLORA - VALENCIENNES'),
(705, 'OPTIQUE FORESTIER   - LOMME'),
(841, 'EARL FERME DES BLANCHES TERRES - LIEVIN'),
(480, 'FROMAGERIE PHILIPPE OLIVIER - BOULOGNE SUR MER'),
(337, 'CHRISTINE FLEURS - AVESNES LES AUBERT'),
(727, 'CHAUSSURES BASTIEN - HESDIN'),
(280, 'BOUCHERIE CHARCUTERIE TRAITEUR BONNIERE - DUNKERQUE'),
(886, 'PHARMACIE DESORT - DOUCHY LES MINES '),
(781, 'LES SOINS O NATURELS - LIEVIN'),
(696, 'KRYS - ST OMER'),
(297, 'KANDY - FRUGES'),
(419, 'SHAMPOO - MOUVAUX'),
(459, 'WESTEEL VOYAGES - SALLAUMINES'),
(314, 'Boucherie H&D DE CONINCK - SAINT SAULVE'),
(938, 'PLANET\'HAIR - ANNOEULLIN'),
(627, 'AMOUR CANIN - HARNES'),
(1063, 'AUX VIOLETTES DE PARME - SAINT QUENTIN'),
(444, 'LE FOURNIL DES 3 CENSES - ROUBAIX'),
(391, 'L\'ILE DU BIEN ETRE - ARLEUX'),
(400, 'MYST\'HAIR - AIRE SUR LA LYS'),
(689, 'LES CISEAUX D\'AUDREY - AUBIGNY EN ARTOIS'),
(274, 'LE FRUITIER - COUDEKERQUE BRANCHE'),
(893, 'LA FEE BLEUE - VALENCIENNES'),
(473, 'MINERAUX FOSSILLES ET COQUILLAGES - BOULOGNE SUR MER'),
(636, 'CASH\'OPALE - BOULOGNE SUR MER'),
(320, 'Boulangerie LE FOUR A BOIS - FOURMIES'),
(426, 'URBAN COIFF - LOUVROIL'),
(595, 'BOUCHERIE CHARCUTERIE POLLET - SAINT AMAND LES EAUX'),
(819, 'AU COMPTOIR DU MATERIEL MEDICAL - CAUDRY'),
(412, 'POISSONNERIE - WIMEREUX'),
(651, 'TRYBA Menuiseries 62 - ARQUES'),
(741, 'CHARCUTERIE PHILIPPE ET YVONNE - Marché de LA  MADELEINE'),
(813, 'AS COIFFURE - VILLENEUVE D\'ASCQ'),
(211, 'CAROLL - LENS'),
(919, 'GREEN ISLAND - SAINT OMER'),
(851, 'STUDIOSUN (sarl VIASUN) - ARRAS'),
(304, 'ADENIOR - MOUVAUX'),
(361, 'INSTITUT CELIA - CALAIS'),
(140, 'KANDY - LA GORGUE'),
(474, 'LE DELICE DU PALAIS - BOULOGNE SUR MER'),
(687, 'JARDINERIES KIRIEL - AUBIGNY EN ARTOIS'),
(153, 'AUDREY DEMORY COIFFURE - DENAIN'),
(631, 'CLETY PEINTURES/VITRERIE - MARCK'),
(806, 'FACE ET PROFIL - BAILLEUL'),
(182, 'PLUT\'O CHIC - ARQUES'),
(355, 'FUGITIFF\'S - ANZIN'),
(590, 'FOURNIL DE FLERS - FLERS EN ESCREBIEUX'),
(579, 'SARL FLORAISON CAMBRAI - CAMBRAI'),
(946, 'EXCELLENCE COIFFURE - VILLENEUVE D\'ASCQ'),
(729, 'SOS DEPAN\'ORDI  - BOULOGNE SUR MER'),
(277, 'FOURNIL & MAIE - GRANDE SYNTHE'),
(261, 'LE JARDIN D\'ARNAUD - BOULOGNE SUR MER'),
(885, 'PHARMACIE DU BEFFROI - DOUCHY LES MINES '),
(348, 'ELEAZAR - AIRE SUR LA LYS'),
(1045, 'PHARMACIE BECUWE - DOUCHY LES MINES'),
(1064, 'MEUNIER 1905 - SAINT QUENTIN'),
(868, 'SARL HANDIMAT  LA VITRINE MEDICALE - ARRAS'),
(332, 'BULLE DE LAU\' - SOLESMES'),
(891, 'SARL France ATELIERS - WALLERS'),
(468, 'DYNAMITE - LUMBRES'),
(880, 'SOS DEPAN\'ORDI - BOULOGNE-SUR-MER'),
(575, 'NOUGATINE - FERRIERE LA GRANDE'),
(730, 'SARL LESIGNE - BERCK SUR MER'),
(333, 'CABINET BETRAND DAMBRICOURT - AXA - SAINT OMER'),
(800, 'BAJEUX OPTIC - MERVILLE'),
(484, 'DIRECT FRUITS - BERCK'),
(915, 'LE CUR DE PAYS EN FLEURS - FAUQUEMBERGUES'),
(189, 'BOULANGERIE BP MARQUIS - ROQUETOIRE'),
(569, 'LA BOUQUETTERIE - NEUVILLE ST REMY'),
(712, 'Grain de beauté - MERVILLE'),
(404, 'OPTIQUE - WIMEREUX'),
(507, 'SACEB-MOBALPA-FOCH AGENCEMENT - DUNKERQUE'),
(596, 'SARL BEUKENNE TRAITEUR - RUMEGIES'),
(233, 'LES CAVES DES TOURS - ACQ'),
(547, 'PHARMACIE CENTRALE - RAISMES'),
(923, 'SARL HANDIMAT  LA VITRINE MEDICALE - ROOST-WARENDIN'),
(1082, 'PLEIN CIEL - CHÂTEAU THIERRY'),
(485, 'OPTICIEN KRYS - ETAPLES'),
(952, 'LE POTAGER DU NORD (Marché de WATTIGNIES)'),
(578, 'LA BOUQUETIERE - VALENCIENNES'),
(1118, 'LAPTOP INFORMATIQUE - ARRAS'),
(556, 'COIFFURE MICHELE ANDRIEU - SAINT OMER'),
(1123, 'SOLYLEZ AMIENS - AMIENS'),
(376, 'LA BOUTIQUE - MOUVAUX'),
(226, 'AUTO-ECOLE CONSTANT - LOOS EN GOHELLE'),
(500, 'A FLEUR DE PEAU - COUDEKERQUE-BRANCHE'),
(879, 'BIJOUTERIE BENOIT STOVEN - CALAIS'),
(723, 'SALON DEBACKERE - SAINT AMAND LES EAUX'),
(566, 'SALON CELINE et COIFFURE - NEUVILLE ST REMY'),
(515, 'SARL ALAIN MARNEFFE - LE TOUQUET'),
(695, 'ETS DELPLANQUE - ARQUES'),
(642, 'EDISAC - RONCQ'),
(737, 'BOULANGERIE SEBASTIEN - AUDRUICQ'),
(770, 'BOULANGERIE PÂTISSERIE THERY - HERMIES'),
(433, 'MAIN STREET TOUS LES PAINS - HARDELOT PLAGE'),
(303, 'AD PRO - MOUVAUX'),
(540, 'SARL GOURMANDINE - VALENCIENNES'),
(293, 'POINT DE VUE - BERCK SUR MER'),
(543, 'BIOCOOP VALENCIENNES - VALENCIENNES'),
(365, 'JEAN-LOUIS COUSSEMACQ OPTICIEN - ARRAS'),
(610, 'PHARMACIE BOURGOIS - LENS'),
(782, 'POMPES FUNEBRES DU CENTRE - CARVIN'),
(869, 'CUISINELLA - DUNKERQUE'),
(532, 'SARL POMPES FUNEBRES CORNU - MORTAGNE DU NORD'),
(1131, 'Boucherie PETIT Gérard - SOISSONS'),
(287, 'JOYEUSES FEES - COUDEKERQUE BRANCHE'),
(165, 'OPTIQUE LEPREUX - CAUDRY'),
(748, 'AU VIEUX CASSANT - Marché de CYSOING'),
(837, 'PHILIPPE PRIMEURS - LIEVIN'),
(897, 'LA SOIF DOUCHYNOISE - DOUCHY LES MINES '),
(152, 'IMMO AMANDINOIS - SAINT AMAND LES EAUX'),
(1056, 'IDEES EN MAINS - LE QUESNOY'),
(719, 'SALON DE COIFFURE WUILLOT BARBARA - VALENCIENNES'),
(475, 'SNAB VOLKSWAGEN - BOULOGNE SUR MER'),
(536, 'LA GRANGE DU TERROIR - HELESMES'),
(570, 'FLOWER - BOUCHAIN'),
(401, 'NAJA TOURISME - MOUVAUX'),
(281, 'SPAR - COUDEKERQUE BRANCHE'),
(462, 'SAVONNERIE ET COMPAGNIE - SAINT OMER'),
(301, 'BELLE ATTITUDES - BAPAUME'),
(461, 'SARL RAUWEL - SALLAUMINES'),
(499, 'LITTORAL AUTOMOBILE - DUNKERQUE'),
(181, 'CANEELE COIFFURE - CLETY'),
(789, 'BOULANGERIE CHOCHOY - NIELLES LES BLEQUIN'),
(1049, 'ETS MOUFTIEZ - SEPMERIES'),
(340, 'Coiffure NEW STYL\'\' - FEIGNIES'),
(593, 'ANITOON - LA SENTINELLE'),
(498, 'R-CONCEPT - DUNKERQUE'),
(367, 'JOYEUSES FEES LA SENTINELLE - LA SENTINELLE'),
(661, 'PLANETE JEF - SAINT OMER'),
(822, 'LES SENS MOTARD - CAMBRAI'),
(392, 'LYZEL FLEURS - SAINT OMER'),
(896, 'ESPACE FLORAL - QUIEVRECHAIN'),
(298, 'KANDY - LE PORTEL'),
(609, 'PHARMACIE DU CANTIN - LENS'),
(429, 'VINOTEC O PORT - BOULOGNE SUR MER'),
(718, 'LE FOURNIL D\'OSTREVANT - BOUCHAIN'),
(519, 'AU P\'TIT PATISSIER - WIMEREUX'),
(432, 'XXL COIFFURE - MOUVAUX'),
(846, 'SARL SES PREMIERS PAS - SOUCHEZ'),
(690, 'AUX ACCORDEONISTES - HALLUIN'),
(673, 'LA CERISE SUR LE GÂTEAU - BRUAY LA BUISSIERE'),
(931, 'KANDY - ABBEVILLE'),
(656, 'BOULANGERIE D\'ESCOEUILLES - ESCOEUILLES'),
(254, 'OPTIC 2000 - MONTREUIL SUR MER'),
(625, 'BOUCHERIE KARIM - BULLY LES MINES'),
(694, 'AU GUETTEUR - AIRE SUR LA LYS'),
(581, 'EVASION DES SENS - AULNOYE AYMERIES'),
(863, 'AU P\'TIT MARCHE - GONNEHEM'),
(818, 'MJ INFORMATIQUE - VILLERS OUTREAUX'),
(396, 'MARBRERIE DECOTTEGNIE - MOUVAUX'),
(1136, 'SARL LEVIS L\'ARTISANALE - LIEVIN'),
(679, 'SAS AU PAIN D\'EPI - RUYAULCOURT'),
(820, 'SARL EMBELLIE - CAMBRAI'),
(493, 'BOULANGERIE PATISSERIE \"SEBASTIEN\" - AUDRUICQ'),
(935, 'KANDY - DOULLENS'),
(600, 'AUTOVISION - ARRAS'),
(319, 'BOULANGERIE CLEMENT - SAINTE CECILE PLAGE'),
(937, 'SO CHIC - ANNOEULLIN'),
(530, 'BOULANGERIE DU VIEUX CONDE  Enseigne : BANETTE - FOURNIL SAINT PIERRE - VIEUX CONDE'),
(221, 'STUDIOSUN - LIEVIN'),
(775, 'SARL FLORALIGNE 2 - LIEVIN'),
(889, 'PHARMACIE LAINE - CARTIGNIES'),
(435, 'PHARMACIE DEHOUCK - AUDRUICQ'),
(653, 'SARL YLA \"COP COPINE\" - SAINT OMER'),
(654, 'SARL EXPRESSION ESPRIT DE FÊTE - ARQUES'),
(576, 'SALON ANTOINETTE et ADELINE - DENAIN'),
(759, 'PHILIPPE WILMART - Marché de BONDUES'),
(258, 'CAP ZENITUDE - DESVRES'),
(589, 'FOURNIL ST PIERRE - DOUAI'),
(398, 'MEDICAL STORE - DUNKERQUE'),
(913, 'VU D ICI - NIEPPE'),
(643, 'EDISAC Rue du Sac Arembault - LILLE'),
(215, 'BLONDEAU - LENS'),
(1051, 'CURS EN FETE - LE QUESNOY'),
(1089, 'LE SPORTIF - MEZIERES SUR OISE'),
(366, 'JOYEUSES FEES BRUAY - BRUAY LA BUISSIERE'),
(317, 'BOULANGERIE CLEMENT - HARDELOT PLAGE'),
(635, 'EDISAC - COQUELLES'),
(440, 'PHARMACIE TRUFFAUT - VALENCIENNES'),
(1135, 'Produits Fermiers - Vollailles - ufs - Lapins - SOISSONS'),
(421, 'TRYBA - WIMEREUX'),
(1122, 'SARL HAIR - ARRAS'),
(1102, 'CH\'TI POILU - ANNOEULLIN'),
(546, 'BOULANGERIE PATISSERIE DELANNAY - VALENCIENNES'),
(1062, 'CHEZ JEANNOT - ETOUVELLES'),
(358, 'HAIR DE BEAUTE - CLARY'),
(164, 'L\'HOTEL PARTICULIER - VALENCIENNES'),
(701, 'A L\'EPI D\'OR SARL DELALLEAU CARLU - AIRE SUR LA LYS'),
(736, 'MC\'FORM - AUDRUICQ'),
(326, 'BOUVY BGT DISTRIBUTION - BAVAY'),
(704, 'OPTIQUE FORESTIER CLAIR\'OPTIQUE - ARQUES'),
(278, 'FOURNIL & MAIE - COUDEKERQUE BRANCHE'),
(941, 'CHIQUITO - ANNOEULLIN'),
(603, 'MIA BOUTIQUE - CARVIN'),
(875, 'SARL CARINE FLEURS - ART FLORAL DE CARINE - BOULOGNE SUR MER'),
(133, 'LYS EVASION - HALLUIN'),
(289, 'KANDY - BOURBOURG'),
(637, 'OPALE PHOTO - BOULOGNE SUR MER'),
(279, 'MARCK OPTIQUE - MARCK'),
(1107, 'CAFE DE L\'ABATTOIR - ANNOEULLIN'),
(443, 'LE FOURNIL DE L\'USINE - ROUBAIX'),
(416, 'SALON ISA LEIGNEL - COIFFURE BEAUTE - LENS'),
(755, 'QUALITE FRAICHEUR - DOMINIQUE /LILIAN - Marché de BAILLEUL'),
(892, 'POWER PULP - VALENCIENNES'),
(492, 'ALPHA MEDICAL SERVICE - CALAIS'),
(638, 'DESCHILDER de père en fils - LILLE'),
(804, 'INSOLENCE COIFFURE - MERVILLE'),
(758, 'BOUCHERIE CHARCUTERIE VOLAILLES TRAITEUR - Marché de CROIX'),
(692, 'AUX PIZZAS POTES - ARQUES'),
(232, 'FITNESS BOUTIQUE - ARRAS'),
(427, 'VANDELANOITTE - MOUVAUX'),
(158, 'SAPORE D\'ITALIA - DENAIN'),
(739, 'BOUCHERIE MERSSEMAN - LEFFRINCKOUCKE'),
(803, 'TITELLE FLEURS - MERVILLE'),
(172, 'LA FEE MARABOUTEE - CAMBRAI'),
(377, 'LA CREPE PARTIE - ARRAS'),
(1091, 'YVES ROCHER - FAYET'),
(184, 'GENERAL D\'OPTIQUE - SAINT OMER'),
(403, 'OPTIC 2000 - LENS'),
(170, 'GAI JARDIN  - LOUVROIL'),
(494, 'OPALE CITY ou  CASHCONVERTERS CITY CALAIS - CALAIS'),
(374, 'KOKINE - MOUVAUX'),
(652, 'SARL AGY \"CALYPSO\" - SAINT OMER'),
(535, 'AU BON PAIN - MARLY'),
(244, 'HAVAS VOYAGES - ARRAS'),
(565, 'AU P\'TIT MARCHE - AVESNES LE COMTE'),
(728, 'BIGOUDI - LE PORTEL'),
(456, 'LES TOILES DE MER - BOULOGNE'),
(300, 'CAROLL - ARRAS'),
(928, 'KANDY - CAYEUX SUR MER'),
(353, 'FOURNIL & MAIE - TETEGHEM'),
(1052, 'LE COMPTOIR MARSAULT - LE QUESNOY'),
(722, 'PHARMACIE DELSAUT - ETROEUNGT'),
(256, 'BOULANGERIE CARBONNIER - LE PORTEL'),
(216, 'AU P\'TIT MARCHE - AUBIGNY EN ARTOIS'),
(1078, 'LUCAS FLEURS - TERGNIER'),
(202, 'CARRE ATTITUDES - BAPAUME'),
(646, 'Institut Parfumerie MARIE-CHARLOTTE - LA BASSEE'),
(865, 'CCI ARTOIS Hauts de France - LENS'),
(266, 'A\'LOA - HESDIN'),
(725, 'MARIANN\'COIFFURE - MASNIERES'),
(195, 'SC COIFFURE - CARVIN'),
(744, 'Fromagerie Chez Coco - Marché de SAILLY SUR LA LYS'),
(1106, 'EUROPE ISTANBUL - ANNOEULLIN'),
(809, 'MAISON DE BEAUTE VISAGE - MOUVAUX'),
(483, 'AU FUMEUR - LE TOUQUET'),
(707, 'OPTIQUE FORESTIER - PERENCHIES'),
(305, 'ANAELLE SALON DE COIFFURE - SAINT OMER'),
(881, 'JACKY JEWEL - BOULOGNE-SUR-MER'),
(930, 'KANDY - HAM'),
(551, 'CUISINELLA - LONGUENESSE'),
(318, 'BOULANGERIE CLEMENT - BOULOGNE SUR MER'),
(312, 'BOUCHERIE CHARCUTERIE TRAITEUR  - SARS POTERIES'),
(903, 'MAISON DREMIERE - BRUAY SUR ESCAUT'),
(683, 'MEUBLES MERCIER - MOLINGHEM'),
(179, 'BOULANGERIE PATISSERIE BRULE - CAUDRY'),
(855, 'BOULANGERIE MROWCZYNSKI - SOUCHEZ'),
(877, 'LE GOURMET - WIMEREUX'),
(470, 'CHLOEE COIFFURE DIFFUSION - LE QUESNOY'),
(542, 'LES MAITRES GOURMETS - AULNOY LES VALENCIENNES'),
(571, 'LA BOUQUETTERIE - CAMBRAI'),
(685, 'PHARMACIE ROGER - ROUVROY'),
(876, 'LE GOURMET - LE PORTEL'),
(693, 'G\'M CRÉER - ARQUES'),
(370, 'JULIEN D\'ORCEL - VENDIN LE VIEIL'),
(175, 'LIU JO - CAMBRAI'),
(622, 'SALON CAMILLE - LILLERS'),
(1128, 'SOLYLEZ LILLE SUD - LILLE'),
(821, 'SARL PRESTIGE - CAMBRAI'),
(732, 'SALON Jean Pierre GOURNAY- SARL Melete - WIMEREUX'),
(313, 'BOUCHERIE CHARCUTERIE TRAITEUR PEPIN - SAINT SAULVE'),
(262, 'MONCEAU FLEURS - BOULOGNE SUR MER (Porte Neuve)'),
(699, 'BIJOUTERIE BENOIT STOVEN - LONGUENESSE'),
(362, 'INSTITUT FLEUR DE PEAU - LANDRECIES'),
(204, 'BIACHE IMMO - BIACHE SAINT VAAST'),
(1099, 'GOBLET LUMINAIRES - SAINT OMER'),
(162, 'O SOLEIL - CAUDRY'),
(356, 'FUNKY LOOK - AUCHEL'),
(299, 'SCOTTAGE - ARRAS'),
(585, 'TIME\'FRITE - CAMBRAI'),
(1050, 'LCD NORD IMMO - AULNOYE AYMERIES'),
(514, 'PHARMACIE DES GLACIS - DUNKERQUE'),
(871, 'STUDIO CARDON CAMARA DUNKERQUE - DUNKERQUE'),
(329, 'BOYAVAL (Carré Blanc) - ARRAS'),
(623, 'HARN\'OPTIC - HARNES'),
(762, 'LA COTE D\'OPALE - Marché de LILLE'),
(751, 'ROTISSERIE DORMIEU - Marché de VILLENEUVE D ASCQ'),
(828, 'FLEURS DU MAIL ST MARTIN - CAMBRAI'),
(531, 'BOUCHERIE CHARCUTERIE  HAVRET - LEDUCQ - SOLRE LE CHÂTEAU'),
(454, 'LA SABLIERE - WIMEREUX'),
(180, 'LE CARAQUET - COULOMBY'),
(390, 'LE SALON DE GERALDINE - SAINT OMER'),
(939, 'AUTO REFLEX - ANNOEULLIN'),
(1133, 'Boucherie Charcuterie HAMBY - SOISSONS'),
(628, 'LA BOUCHERIE DU CENTRE  - LENS'),
(439, 'COIFFURE CORBEAUX - VALENCIENNES'),
(669, 'LES DELICES DE JULIEN - HELFAUT'),
(1130, 'Maison DAVID - SOISSONS'),
(675, 'VISION 2000 - NOEUX LES MINES'),
(670, 'LES SAVEURS D\'AMEL - SAINT OMER'),
(560, 'CREATIFF COIFFURE - LOOS'),
(709, 'BOUCHERIE CHEZ MARCO - LONGUENESSE'),
(438, 'SHAMPOO - ANZIN'),
(185, 'PHARMACIE GRAFF - SAINT OMER'),
(1057, 'GITEM (Quercy Center) - LE QUESNOY'),
(545, 'AU BOUQUET DE JULIA - SAINT SAULVE'),
(708, 'L\'ESPRESSO - ARQUES'),
(940, 'CAVE ANNOEULLIN - ANNOEULLIN'),
(487, 'AUX REMPARTS FLEURIS - MONTREUIL SUR MER'),
(697, 'KRYS - LONGUENESSE'),
(1110, 'MARIE NOELLE BOUTIC - WORMHOUT'),
(553, 'PASSION COIFFURE - SAINT OMER'),
(309, 'BIJOUTERIE BENOIT STOVEN - ARRAS'),
(795, 'COIFFUR\'STYL - SAINT OMER'),
(349, 'ETS ROUZE - CAMBRAI'),
(363, 'JADE - MOUVAUX'),
(341, 'CONTACT OPTIQUE - BOULOGNE SUR MER'),
(1096, 'SARL GARAGE LEFEBVRE - FAUQUEMBERGUES'),
(632, 'LES HALLES DU MERIDIEN - DUNKERQUE'),
(831, 'LA CAVE DU MONDE - VALENCIENNES'),
(286, 'AU FIL DE L\'EAU - CALAIS'),
(811, 'LYS VISION - BOUSBECQUE'),
(409, 'PHARMACIE - CARTIGNIES'),
(676, 'VINIE CONCEPT - LOMME'),
(155, 'CHEZ FRANCIS ET EVELYNE - FOURMIES'),
(446, 'BOULANGERIE MATHIEU - HEM'),
(434, 'STYL PHOTO - BERCK'),
(417, 'SALON SEGUIN SEBASTIEN - AVESNELLES'),
(950, 'LE FOU DU GRAIN (Marché de MARCQ EN BAROEUL)'),
(1115, 'SARL SES PREMIERS PAS  -  SAINTE CATHERINE '),
(605, 'BASLY PRIMEUR - LENS'),
(587, 'MARIE FLEURS - SOLESMES'),
(710, 'BRUNO MAILLARD STUDIO - LUMBRES'),
(717, 'POSI\'TIF COIFFURE - FOURMIES'),
(604, 'BIJOUTERIE ROUSSEL - LENS'),
(842, 'FROMAGETTE DU NORD - LIEVIN'),
(691, 'PHARMACIE DE BEAUMONT - HEM'),
(799, 'MAMZEL VIEGO - MERVILLE'),
(389, 'LE PEPLUM - BAVAY'),
(767, 'KLOPINA - CALAIS'),
(641, 'EDISAC Rue Neuve - LILLE'),
(702, 'ESPACE BEAUTE - SAINT OMER'),
(205, 'AU PETIT BENEFICE - LENS'),
(197, 'STUDIOSUN - LENS'),
(1067, 'CAVAVIN - LAON'),
(639, 'EDISAC - SAINT JANS CAPPEL'),
(1103, 'AMARYLISE - ANNOEULLIN'),
(750, 'ROTISSERIE FAES - Marché de MARCQ EN BAROEUL'),
(187, 'BIJOUTERIE STOVEN - LONGUENESSE'),
(447, 'MCTG COIFFEUR - HALLUIN'),
(558, 'BOULANGERIE DELALLEAU - SAINT OMER'),
(351, 'FIGURES DE STYLE - MOUVAUX'),
(156, 'AU BOULOT DE MICK - CAMBRAI'),
(302, '426 ESPACE CHIC - MOUVAUX'),
(386, 'LE BOUDOIR DE ZITA - MOUVAUX'),
(951, 'LA CERISE SUR LE GATEAU (Marché de PHALEMPIN)'),
(934, 'KANDY - FLIXECOURT'),
(269, 'GOMINA COIFFURE - ETAPLES SUR MER'),
(249, 'LIBRAIRIE DU DERNIER SOU - BOULOGNE SUR MER'),
(194, 'O BEL \'AIR - SOUCHEZ'),
(511, 'IMAGE COIFFURE - GRANDE SYNTHE'),
(534, 'SYLVIE H COIFFURE - QUIEVRECHAIN'),
(430, 'VISAGE - MOUVAUX'),
(835, 'STYL\'COIFFURE - ONNAING'),
(506, 'VIKTOR SARL - DUNKERQUE'),
(844, 'BOULANGERIE LEGROS - AUBIGNY EN ARTOIS'),
(922, 'ENTREVOIR - ESTAIRES'),
(316, 'BOUCHERIE MORDACQ - WESTREHEM'),
(336, 'CHEZ PAULETTE - MOUVAUX'),
(520, 'ACTU\'ELLE - HESDIN'),
(688, 'ESPACES ET FLEURS - AUBIGNY EN ARTOIS'),
(378, 'LA GRIGNOTERIE - ARRAS'),
(369, 'JULIEN D\'ORCEL - ARRAS'),
(721, 'COCCI MARKET - SOLRE LE CHÂTEAU'),
(742, 'CHARCUTERIE PHILIPPE ET YVONNE - Marché de VILLENEUVE D ASCQ'),
(724, 'FLEUR ET JARDIN - CAMBRAI'),
(788, 'KLOPINA - SAINT OMER'),
(1072, 'LE BACCHUS - CHÂTEAU THIERRY'),
(457, 'JUSTE UN BAISER - DUNKERQUE'),
(849, 'SARL SES PREMIERS PAS - ABLAIN ST NAZAIRE'),
(826, 'COCCI MARKET - FELLERIES'),
(1055, 'BOULANGERIE PATISSERIE MERCIER - LE QUESNOY'),
(764, 'LE BOULONNAIS EN DIRECT - Marché de CROIX'),
(464, 'VISION PLUS - SAINT MARTIN AU LAERT'),
(352, 'FLIPO DECOR CONSEIL - LONGUENESSE'),
(395, 'MAJUSCULE - SAINT AMAND LES EAUX'),
(703, 'BOULANGERIE VINCENT PORQUET - ARQUES'),
(761, 'CREPERIE TED - Marché de HAUBOURDIN'),
(947, 'GRIS SOURIS - VILLENEUVE D\'ASCQ'),
(567, 'SARL 59 SERVICE CUISINES - DENAIN'),
(1066, 'DELIKATESSEN EPICERIE FINE - LAON'),
(224, 'AUTO-ECOLE CONSTANT - HARNES'),
(477, 'SNAB VOLKSWAGEN - SAINT LEONARD (Blériot)'),
(735, 'JUST FOR YOU Chemin vert - BOULOGNE SUR MER'),
(660, 'JEF ENFANT - SAINT OMER'),
(658, 'LIONET - SAINT OMER'),
(1075, 'JEUXVIDEO.FR - SAINT QUENTIN'),
(586, 'LA HUCHE A PAINS - HAUSSY'),
(513, 'BOUCHERIE-CHARCUTERIE-TRAITEUR FERMAUT - DUNKERQUE'),
(845, 'TÂCHES D\'ENCRES - ARRAS'),
(1132, 'Boucherie LONGUET - SOISSONS'),
(406, 'PAIN D\'EPICES - HAVELUY'),
(460, 'FESTU\'PIZZA - FESTUBERT'),
(334, 'CELINE COIFFURE - FERRIERE LA GRANDE'),
(1098, 'LE CENTRE - LONGUENESSE'),
(203, 'PARTICUL INFO - AUBIGNY EN ARTOIS'),
(529, 'PHARMACIE PURA VIDA - ONNAING'),
(441, 'LOOK COIF - ESCAUDAIN'),
(385, 'L\'AUTHENTIQUE - LOUVROIL'),
(393, 'MA NORMANDIE - WIMEREUX'),
(552, 'CARTRIDGE WORLD - SAINT OMER'),
(591, 'BIOLANGERIE SARL - WAZIERS'),
(219, 'AGENCE LBH - AVESNES LE COMTE'),
(557, 'AQUACHAUD - ARQUES'),
(778, 'PARADOXE - LIEVIN'),
(273, 'LE FRUITIER - CAPPELLE LA GRANDE'),
(521, 'ORPI HESDIN - HESDIN'),
(870, 'LE SPA COCOON - DUNKERQUE'),
(450, 'SHAMPOO - ARMENTIERES'),
(502, 'SARL EASY SMOK - COUDEKERQUE-BRANCHE'),
(715, 'SARL BLANCHARD BARAS - WALLERS'),
(481, 'PLANET\'BEAUTE - CONDETTE'),
(134, 'ISAFLORE - PHALEMPIN'),
(192, 'PHARMACIE SAINTE CATERINE - LONGUENESSE'),
(338, 'CLAUDE RENARD ET SON EQUIPE - ANZIN'),
(621, 'HOUDAIN OPTIC - HOUDAIN'),
(271, 'GOMINA COIFFURE - CONDETTE'),
(734, 'JUST FOR YOU - BOULOGNE SUR MER'),
(1068, 'BOUTIQUE MONSIEUR - LAON'),
(350, 'EURL EQUIPEX - CAUDRY'),
(794, 'FEVE DE CACAO - SAINT OMER'),
(607, 'PHARMACIE LAGOUCHE - LENS'),
(235, 'MJ INFORMATIQUE - MARQUION'),
(394, 'MAISON MOUSTACHE - MOUVAUX'),
(248, 'JEF CHAUSSURES - ARRAS'),
(387, 'LE CHALET - VIEUX CONDE'),
(932, 'KANDY - ROYE'),
(862, 'BENOÎT STOVEN - ARRAS'),
(501, 'BOUCHERIE-CHARCUTERIE-TRAITEUR CARPENTIER - COUDEKERQUE-BRANCHE'),
(207, 'ECO PIECES AUTO  - SIN LE NOBLE'),
(418, 'SAVEURS DE NOS TERROIRS - BEHAGNIES'),
(509, 'SERV\' & VOUS - DUNKERQUE'),
(463, 'CHEZ MARCO - LONGUENESSE'),
(246, 'AUX BEAUX JOUETS - LENS'),
(488, 'GANT - LE TOUQUET'),
(159, 'DAUBOUR SARL - SOLESMES'),
(267, 'AGENCE COTE SOLEIL - BOULOGNE SUR MER'),
(354, 'FROMAGERIE \"PHILIPPE OLIVIER by Marc\" - CALAIS'),
(516, 'SARL ALAIN MARNEFFE - CUCQ'),
(713, 'Pharmacie CAMPION - SECLIN'),
(1111, 'PHARMACIE BECART - BOURBOURG'),
(830, 'LE CROQUE EN BOUCHE - CONDE SUR L\'ESCAUT'),
(141, 'KANDY - ORCHIES'),
(580, 'PARFUMS ET FORME - DENAIN'),
(720, 'AU BOUTON D\'OR - MORTAGNE DU NORD'),
(698, 'LYNX OPTIQUE - LONGUENESSE'),
(840, 'MAISON DES ILES - LIEVIN'),
(769, 'LE DRESS\' LINE - AVESNES LE COMTE'),
(564, 'TIM ET JULIE - LENS'),
(904, 'BOUCHERIE DEVALLEZ EURL - VALENCIENNES'),
(539, 'FLEUR DE COTON - CAMBRAI'),
(402, 'NORD ASSUR FINANCES - ESCAUDAIN'),
(467, 'CREA\'PHOTOS ET VIDEO - SAINT OMER'),
(171, 'AGENT GENERAL  D\'ASSURANCES ALLIANZ - ONNAING'),
(648, 'STEPHANIE COIFFEUR VISAGISTE - TOURCOING'),
(1126, 'SOLYLEZ ROUBAIX 2 - ROUBAIX'),
(227, 'SOMETIME - ARRAS'),
(1095, 'CREASTYLE ESTHETIQUE - FAUQUEMBERGUES'),
(247, 'TRAITEUR MARC VAURETTE - ARRAS'),
(380, 'LA PATE A PIZZA / EURL PIZZ\'A MARJO - SAINT OMER'),
(1112, 'MEUBLES LEMAN - CALAIS'),
(347, 'ECOLE DE CONDUITE AYMOCEA - SOLESMES'),
(311, 'BOUCHERIE CHARCUTERIE TRAITEUR  - QUIEVY'),
(1090, 'MAISON CHOPIN - CHÂTEAU THIERRY'),
(410, 'PHARMACIE DES PROVINCES - COUDEKERQUE BRANCHE'),
(517, 'SARL ALAIN MARNEFFE - MERLIMONT'),
(242, 'KANDY - BAPAUME'),
(138, 'KANDY - ST POL SUR TERNOISE'),
(766, 'KLOPINA - BOULOGNE SUR MER'),
(858, 'JOYEUSES FEES - ARRAS'),
(190, 'BOULANGERIE FRANCOIS - FREVENT'),
(680, 'SAS AU PAIN D\'EPI - BERTINCOURT'),
(342, 'COTE CAMPAGNE - MOUVAUX'),
(574, 'LA CRAQUAN\'TINE - MARLY'),
(854, 'ATOL LES OPTICIENS - ARRAS'),
(663, 'LE COMMERCE - ROQUETOIRE'),
(525, 'CHARCUTERIE DELATER PARESYS - DUNKERQUE'),
(236, 'FLANDRES ARTOIS TOURISME - ARRAS'),
(148, 'AU FIGARO - AULNOYE AYMERIES'),
(888, 'PHARMACIE F. PAMART - SAULTAIN'),
(208, 'ECO PIECES AUTO - HARNES'),
(323, 'BOULANGERIE PATISSERIE LESCIEUX - VALENCIENNES'),
(678, 'SARL MBA TA-TOU - BRUAY LA BUISSIERE'),
(322, 'BOULANGERIE PATISSERIE DANIEL - DUNKERQUE'),
(810, 'MANUTEA SPA - MOUVAUX'),
(368, 'JOYEUSES FEES PROVILLE - PROVILLE'),
(294, 'JUST FOR YOU COIFFURE - BOULOGNE SUR MER'),
(857, 'PUPUCE - IZEL LEZ HAMEAU'),
(174, 'SARL AFFAIRE A SUIVRE - CAMBRAI'),
(451, 'GOURMAND\'INN - SAINT POL SUR TERNOISE'),
(407, 'PARIS COIFFURE - LENS'),
(257, 'NATUR HOUSE - LE PORTEL'),
(200, 'PHARMACIE DES 4 VENTS - DROCOURT'),
(222, 'STUDIOSUN - BETHUNE'),
(275, 'FOURNIL & MAIE - DUNKERQUE Petite Synthe'),
(613, 'GRAIN DE CORAIL - LENS'),
(948, 'BOUCHERIE AUXENFANTS (Marché de SAINT OMER)'),
(528, 'LA FRITERIE CATESIENNE - LE CATEAU'),
(583, 'BOULANGERIE DELBASSE - RUMEGIES'),
(650, 'ORPI ALINEA IMMOBILIER - MARCQ EN BAROEUL'),
(371, 'JUST\'UNE FLEUR - SAINT OMER'),
(936, 'KANDY - RUE'),
(568, 'FULL FASHION - MARETZ'),
(726, 'BOUCHERIE GERVAIS - VIEUX CONDE'),
(814, 'CR MODE - VILLENEUVE D\'ASCQ'),
(544, 'FLORE -  DENAIN'),
(754, 'AHMED sur vos marchés - Marché de LILLE'),
(791, 'LA BONNE PIOCHE - SAINT OMER'),
(1097, 'CAROSSERIE RUBENS - LONGUENESSE'),
(929, 'KANDY - PERONNE'),
(1113, 'KRAFT SARL BK - HARDELOT'),
(666, 'CONNEXION - LONGUENESSE'),
(290, 'LITRIMARCHE - ATTIN'),
(890, 'SAS L\'EQUIPE CLAUDE RENARD - ANZIN'),
(793, 'BOUCHERIE PERARD - TILQUES'),
(619, 'LE FOURNIL DES LOGES - BEAUMETZ LES LOGES'),
(682, 'GARAGE NGB - BAPAUME'),
(562, 'LEZARD CREATIF - ARRAS'),
(206, 'ECO PIECES AUTO - MARQUION'),
(608, 'FURET DU NORD - LENS'),
(237, 'LENS FROMAGES  - LENS'),
(364, 'JDC - HISTOIRE D\'HAIR - CAPPELLE EN PEVELE'),
(372, 'KANDY  - LE QUESNOY'),
(768, 'FROMAGERIE PHILIPPE OLIVIER - LENS'),
(860, 'L\'ORANGE BLEUE (SAS CFITNESS)  - BRUAY LA BUISSIERE'),
(572, 'FLOWER - CAMBRAI'),
(360, 'HYPERBURO - LONGUENESSE'),
(912, 'AU PONT DE NIEPPE - NIEPPE'),
(1058, 'AU ROUET - SAINT QUENTIN'),
(743, 'LE TEMPS DES FROMAGES - Marché de BAILLEUL'),
(225, 'AUTO-ECOLE CONSTANT - LENS'),
(760, 'PHILIPPE WILMART - Marché de LILLE'),
(780, 'SALON VERONIQUE - LIEVIN'),
(199, 'LE SALON DE LA COUTURE - LENS'),
(906, 'GARAGE RIZZO - VALENCIENNES'),
(829, 'MIRABELLE - CONDE SUR L\'ESCAUT'),
(1061, 'LE RALLYE - SOISSONS'),
(945, 'ANGEL\'S COIFFURE - VILLENEUVE D\'ASCQ'),
(495, 'MC MOTOCULTURE - COULOGNE'),
(611, 'LE CAFE DE PARIS - LENS'),
(671, 'MMA CABINET RONDELEZ - MARCQ EN BAROEUL'),
(618, 'CER MORTIER 3G - HOUDAIN'),
(895, 'AU COCHON D\'OR - VALENCIENNES'),
(894, 'GWLADYS G - VALENCIENNES'),
(1054, 'PATISSERIE MEURIN - LE QUESNOY'),
(422, 'TWEEZER - MOUVAUX'),
(327, 'BOYAVAL  (Petit Appareils Ménagers) - ARRAS'),
(668, 'BOULANGERIE PATISSERIE THELLIER - PERNES EN ARTOIS'),
(909, 'BIOCOOP Valenciennes - VALENCIENNES'),
(790, 'LUDIVINE COIFFURE - SAINT OMER'),
(469, 'DYNAMITE - AIRE SUR LA LYS'),
(1053, 'BIJOUTERIE VIRUES - SAINT SAULVE'),
(905, 'PURA VIDA - ONNAING'),
(1094, 'CANEELE COIFFURE - LONGUENESSE'),
(561, 'FAMILY SPHERE - TEAM4KIDS - ARRAS'),
(1121, 'CAPPUDOCE GRILLE - OIGNIES'),
(510, 'SERIE LIMITE - DUNKERQUE'),
(229, 'SOMETIME - VALENCIENNES'),
(245, 'MECANIQUE REPARATION TOUTES MARQUES - MARQUION'),
(425, 'UNIVERS GARNI - LONGUENESSE'),
(415, 'REVES INDIGO - LOUVROIL'),
(1044, 'LES COMESTIQUES D\'EMELINE - AVESNES LE SEC'),
(747, 'AU VIEUX CASSANT - Marché de VILLENEUVE D ASCQ'),
(771, 'LA FOURNEE DES ANGES - LIEVIN'),
(1077, 'LA BAKERY - TERGNIER'),
(220, 'AGENCE LBH - DAINVILLE'),
(482, 'BOULANGERIE PATISSERIE EVRARD - FRUGES'),
(259, 'LA CHAUMINE - DESVRES'),
(166, 'OPTIQUE BASTIEN - CAUDRY'),
(573, 'FLOWER Avenue de Paris - CAMBRAI'),
(1086, 'LEONIDAS - CHÂTEAU THIERRY'),
(924, 'JOYEUSES FEES - LONGUEAU'),
(864, 'GARAGE BOCAERT - CROISILLES'),
(731, 'SALON Jean Pierre GOURNAY- SARL Eole - ETAPLES'),
(920, 'PHARMACIE SAINTE CATHERINE - LONGUENESSE'),
(522, 'SUPERMARCHE SPAR - BOULOGNE SUR MER'),
(291, 'KANDY - BERCK'),
(423, 'TWO COP\'S - CALAIS'),
(645, 'EDISAC - ENGLOS'),
(431, 'VOG COIFFURE - MOUVAUX'),
(746, 'AU 13 CANTONS - Marché de LILLE'),
(597, 'EDISAC - ARRAS'),
(201, 'CENTRE DE VISION LISSAC - BETHUNE'),
(176, 'AS COIFF - INTIMIST - FAMARS'),
(797, 'L\'ATELIER - MERVILLE'),
(901, 'SARL FEHRING - BRUAY SUR ESCAUT'),
(169, 'FLEUR\'Vie - VICQ'),
(388, 'LE GRENIER A MALICES - MOUVAUX'),
(884, 'POMPES FUNEBRES DOUCHYNOISES - DOUCHY LES MINES '),
(344, 'CURVES LCD Sport - MOUVAUX'),
(598, 'LES LUNETTES DE CHARLOTTE - AUBIGNY EN ARTOIS'),
(476, 'SNAB VOLKSWAGEN - SAINT LEONARD (Liane)'),
(824, 'LES TROISANGES - GOUZEAUCOURT'),
(776, 'PHARMACIE DEMARQUILLY - LIEVIN'),
(472, 'ART FLORAL DE CARINE - BOULOGNE SUR MER'),
(649, 'GARAGE VERBAERE - LOMME'),
(1059, 'PRELUDE - LAON'),
(147, 'SARL TMAE ELECTROMENAGER ATOM - CAMBRAI'),
(902, 'MAGASIN ADDICTION - VALENCIENNES'),
(873, 'SALON MARTINE - WORMHOUT'),
(634, 'EDISAC - DUNKERQUE'),
(859, 'L\'ORANGE BLEUE (SAS JM FITNESS)  - VERQUIGNEUL'),
(659, 'JEF  - SAINT OMER'),
(210, 'MARCHE FLORAL ARRAGEOIS - ARRAS'),
(911, 'ANGLES - NIEPPE'),
(787, 'PHARMACIE SELOSSE XAVIER - ECQUES'),
(944, 'BOISSONS CAVE DUBUS - VILLENEUVE D\'ASCQ'),
(716, 'CENTRE DE BEAUTE CAROLE FRANCK - CAMBRAI'),
(916, 'LE MODE SELON EVGENIA - SAINT OMER'),
(161, 'LES P\'TITS MALINS - SAINT AMAND LES EAUX'),
(157, 'AU BOULOT DE MICK - HENIN BEAUMONT'),
(154, 'EMMANUEL B - VALENCIENNES'),
(584, 'L\'EFFET FLEURS - LA SENTINELLE'),
(1127, 'SOLYLEZ ROUBAIX 3 - ROUBAIX'),
(602, 'LA CUISINE - ARRAS'),
(657, 'BOULANGERIE PATISSERIE MARTEL - LUMBRES'),
(503, 'SUPER- CONFI - DUNKERQUE'),
(173, 'NAF NAF - CAMBRAI'),
(878, 'SARL FC CREATEUR DE SAVEURS - DESVRES'),
(188, 'FELIX EPICERIE FINE - SAINT OMER'),
(375, 'LA BACCARA - CALAIS'),
(792, 'BOUCHERIE PERARD - SAINT OMER'),
(784, 'SARL POMPES FUNEBRES CRESPEL - BETHUNE'),
(592, 'OPTIQUE HUMBERT - CAMBRAI'),
(867, 'SARL HANDIMAT  LA VITRINE MEDICALE - HENIN BEAUMONT'),
(753, 'DEBOUCQ  ROTISSERIE - Marché de LAMBERSART'),
(448, 'AUTOVISION - HALLUIN'),
(491, 'COIFFURE CELINE FASQUELLE - MONTREUIL SUR MER'),
(907, 'LE PANIER DE CLEMENTINE - VALENCIENNES'),
(933, 'KANDY - MEAULTE'),
(306, 'AU FIL DE LAURE - MOUVAUX'),
(757, 'LA FERME DE LA NEUVILLE - Marché de LA  MADELEINE'),
(783, 'SARL LA MAREE - BARLIN'),
(773, 'BOUCHERIE CREPIN - LIEVIN'),
(527, 'SARL HANDIMAT - BOULOGNE SUR MER'),
(345, 'DREAM\'S - SAINT OMER'),
(436, 'LA PERLE DE BEAUTE - MARQUISE'),
(150, 'PATISSERIE BOUCHER - SAINT AMAND LES EAUX'),
(943, 'MOD\'L COIFFURE - VILLENEUVE D\'ASCQ'),
(308, 'BEAUT\'ELEGANCE - MOUVAUX'),
(420, 'SYLVIE THIRIEZ - MOUVAUX'),
(490, 'COMPTOIR DES COTONNIERS - LE TOUQUET'),
(808, 'EUGENIE LINGERIE - MOUVAUX'),
(926, 'KANDY - MONT DIDIER'),
(798, 'MAISON LORIDAN - MERVILLE'),
(331, 'BOYAVAL (Téléviseur) - ARRAS'),
(874, 'SERIE LIMITEE - DUNKERQUE'),
(711, 'TOUT UNE COUPE - HAUBOURDIN'),
(917, 'ETS GODET - FAUQUEMBERGUES'),
(183, 'CAVAVIN - SAINT OMER'),
(411, 'PHARMACIE DU BAILLAGE - AIRE SUR LA LYS'),
(260, 'LA HALLE AUX VIANDES - BOULOGNE SUR MER'),
(445, 'NAT ESTHETIQUE - SAINTE CATHERINE'),
(832, 'LA CAVE DU MONDE L\'ENTREPOT - PROUVY'),
(908, 'GAVROCHE - SAINT AMAND'),
(749, 'FROMAGERIE CHEZ CHRISTOPHE - Marché de LIEVIN'),
(272, 'GOMINA COIFFURE - BERCK'),
(240, 'LA FINE GUEULE - MARQUION'),
(223, 'AU FOURNIL DE JULIEN - SOUCHEZ'),
(1084, 'YVES ROCHER - CHÂTEAU THIERRY'),
(283, 'O\'CARRE - DUNKERQUE'),
(772, 'KASILYA - LIEVIN'),
(1088, 'TERRE DE CHEVEUX - CHÂTEAU THIERRY'),
(548, 'CARROSSERIE RUBENS - LONGUENESSE'),
(231, 'SOMETIME - NOYELLES-GODAULT'),
(217, 'HAMMAMELYS - CARVIN'),
(538, 'POINT D\'ENCRE - CAMBRAI'),
(383, 'L\'ABRICOTINE - LE PORTEL'),
(212, 'TRAITEUR DEPRET - NOEUX LES MINES'),
(328, 'BOYAVAL (Arts de la Table) - ARRAS'),
(612, 'ENCRE STATION - LENS'),
(925, 'JOYEUSES FEES - ABBEVILLE'),
(1119, 'SARL DELAVIER RASCON - ARRAS'),
(740, 'SHAMPOO - DUNKERQUE'),
(263, 'MONCEAU FLEURS - BOULOGNE SUR MER (Rue de la Lampe)'),
(953, 'G.A.E.C. de la barrière de Vincent (Marché de BAILLEUL)'),
(616, 'HANDIMAT - ARRAS'),
(615, 'CATHY FLOR - HARNES'),
(144, 'FRITERIE DE LA TETE NOIRE - BERLAIMONT'),
(453, 'TWIN SET - SAINT OMER');

-- --------------------------------------------------------

--
-- Structure de la table `data`
--

CREATE TABLE `data` (
  `idData` int(11) NOT NULL,
  `id_readings` bigint(20) DEFAULT NULL,
  `vague` int(11) DEFAULT NULL,
  `territoire` int(11) DEFAULT NULL,
  `commerce` int(11) DEFAULT NULL,
  `note` decimal(10,0) DEFAULT NULL,
  `serv` decimal(10,0) DEFAULT NULL,
  `vit` decimal(10,0) DEFAULT NULL,
  `qual` decimal(10,0) DEFAULT NULL,
  `fcom` text
) ENGINE=InnoDB DEFAULT CHARSET=utf8mb4;

--
-- Déchargement des données de la table `data`
--

INSERT INTO `data` (`idData`, `id_readings`, `vague`, `territoire`, `commerce`, `note`, `serv`, `vit`, `qual`, `fcom`) VALUES
(1, 138270, 8, 7, 606, '78', '80', '63', NULL, 'Le ton de l\'interlocuteur est nonchalant et agacé. Son accueil est totalement inapproprié. L\'interlocuteur n\'est pas du tout professionnel et raccroche même sans me donner de réponse ni sans avoir prit congé.'),
(2, 138512, 9, 7, 327, '999', '999', '999', NULL, ''),
(3, 137614, 5, 1, 347, '99', '999', '100', NULL, ''),
(4, 140607, 13, 7, 864, '95', '999', '100', '999', 'Accueil souriant, l\'interlocutrice a répondu à ma demande rapidement et sans hésitation.'),
(5, 137523, 5, 2, 302, '93', '100', '100', NULL, 'Personne très aimable, me répond complètement, fait des phrases complètes, enjouée et dynamique.'),
(6, 137371, 2, 6, 253, '97', '100', '100', NULL, ''),
(7, 137633, 5, 7, 356, '94', '83', '100', NULL, 'La personne me répond de suite sans hésitation. Ton plutôt courtois et agréable.'),
(8, 137180, 2, 1, 158, '88', '83', '100', NULL, 'Ton souriant et très aimable. Me renseigne correctement en me précisant de le prévenir si je compte venir à la fermeture.'),
(9, 137131, 2, 2, 133, '91', '999', '999', NULL, ''),
(10, 137993, 7, 6, 289, '91', '80', '100', NULL, 'Accueil agréable et courtois, elle me communique les horaires d\'ouverture de façon claire et précise.'),
(11, 137622, 5, 2, 351, '97', '83', '100', NULL, ''),
(12, 137441, 2, 6, 288, '95', '83', '100', NULL, ''),
(13, 138412, 8, 2, 139, '93', '83', '999', NULL, 'Le ton de l\'interlocutrice est fluide et naturel. Elle s\'est montrée aimable et à mon écoute.'),
(14, 138446, 9, 7, 239, '95', '80', '100', NULL, 'Ton chaleureux et dynamique. Réponse spontanée mais partielle. Prise de congé courtoise.'),
(15, 137300, 2, 7, 218, '88', '999', '100', NULL, 'Appels non aboutis malgrès plusieurs tentatives.'),
(16, 137752, 5, 7, 416, '94', '999', '100', NULL, ''),
(17, 137615, 5, 1, 347, '100', '999', '100', NULL, 'Interlocutrice disponible et agréable, me répond de suite clairement en formulant des phrases complètes.'),
(18, 137292, 2, 7, 214, '96', '999', '100', NULL, 'Un personne aimable, souriante et dynamique.'),
(19, 138083, 7, 1, 538, '97', '80', '100', NULL, ''),
(20, 138253, 8, 7, 597, '95', '999', '100', NULL, ''),
(21, 139590, 12, 1, 832, '96', '100', '999', '999', 'Le ton de l\'interlocuteur était joyeux. L\'accueil était convivial.'),
(22, 140686, 13, 2, 950, '100', '999', '100', '999', 'Pas d\'appel réalisé.'),
(23, 138356, 8, 2, 650, '84', '999', '100', NULL, 'Le ton de l\'interlocuteur et courtois et aimable. Il se montre accueillant, disponible et soucieux de me satisfaire.'),
(24, 137896, 7, 6, 487, '92', '83', '100', NULL, 'Appel non abouti malgrès plusieurs tentatives'),
(25, 138209, 8, 1, 575, '96', '83', '999', NULL, ''),
(26, 138438, 9, 7, 196, '97', '999', '100', NULL, 'Ton chaleureux et dynamique. Réponse claire, complète et spontanée.'),
(27, 138230, 8, 1, 586, '88', '17', '100', NULL, 'Le ton de l\'interlocuteur est sec, notamment lors de son accueil.'),
(28, 138080, 7, 1, 535, '95', '100', '100', NULL, ''),
(29, 138500, 9, 7, 247, '999', '999', '999', NULL, ''),
(30, 139497, 11, 6, 731, '98', '100', '100', '100', 'La personne est très aimable et me répond facilement.'),
(31, 139478, 11, 2, 709, '88', '83', '50', '999', 'La personne est très aimable et dynamique.'),
(32, 138043, 7, 6, 500, '92', '999', '100', NULL, ''),
(33, 137458, 2, 6, 297, '76', '80', '999', NULL, 'Bon accueil, poli et aimable mais en cours d\'entretien, l\'interlocutrice paraissait pressée.'),
(34, 137620, 5, 1, 350, '91', '999', '100', NULL, ''),
(35, 137790, 6, 1, 367, '999', '999', '999', NULL, ''),
(36, 137969, 7, 2, 348, '99', '83', '100', NULL, 'Temps d\'attente avant décrochage court. Accueil général satisfaisant. Bonne prise de congé.'),
(37, 138324, 8, 6, 634, '93', '100', '100', NULL, 'Personne très aimable, disponible, qui répond à ma demande de manière complète.'),
(38, 137563, 5, 6, 321, '95', '83', '100', NULL, 'Très bonne prise en charge avec un bon accueil. La personne me demande si cest pour la boulangerie de saint léonard et une bonne réponse m\'a été apportée.'),
(39, 137158, 2, 1, 147, '79', '80', '69', NULL, 'Malgré un ton peu dynamique, il est aimable et répond à ma demande.'),
(40, 140665, 13, 2, 919, '92', '999', '63', '100', 'Interlocuteur accueillant et souriant. Il a répondu à ma demande rapidement et a précisé les horaires exceptionnelles pour le dimanche de la fête des mères.'),
(41, 139605, 12, 6, 292, '96', '80', '100', '100', '\r\nAccueil : normal \r\nTon : normal'),
(42, 137459, 2, 6, 297, '91', '80', '999', NULL, ''),
(43, 137913, 7, 6, 499, '91', '999', '100', NULL, 'La personne est agréable, le sourire est audible. Le ton est assez dynamique.'),
(44, 138318, 8, 6, 631, '91', '999', '999', NULL, 'Personne aimable qui me fait une reponse complète, souriant sur la fin.'),
(45, 138112, 7, 7, 243, '91', '33', '100', NULL, ''),
(46, 138125, 7, 2, 139, '76', '83', '999', NULL, ''),
(47, 137540, 5, 1, 310, '100', '999', '100', NULL, ''),
(48, 137912, 7, 6, 498, '78', '999', '100', NULL, 'J\'ai appelé sur son numéro personnel, donc la personne a été surprise d\'avoir un appel pour le magasin. Elle m\'a tout de même bien renseigné de façon souriante et énergique. Mais forcément, lors du décrochage, il n\'a pas annoncé le nom du magasin.'),
(49, 138078, 7, 1, 533, '100', '999', '100', NULL, ''),
(50, 138522, 9, 6, 393, '999', '999', '999', NULL, ''),
(51, 137606, 5, 1, 343, '81', '50', '88', NULL, ''),
(52, 138474, 9, 6, 410, '97', '100', '100', NULL, 'Répond d\'emblée et spontanément à ma question.'),
(53, 137631, 5, 1, 355, '94', '33', '100', NULL, 'Pas de formule de politesse ni de prise de congé. J\'ai la réponse à ma question mais je ressens un manque de sourire au téléphone.'),
(54, 138268, 8, 7, 605, '93', '83', '81', NULL, 'Le ton de l\'interlocutrice est enjoué. Elle se montre disponible, à mon écoute et aimable.'),
(55, 138073, 7, 1, 528, '100', '100', '100', NULL, ''),
(56, 139567, 12, 1, 835, '94', '100', '100', '999', 'Le ton de l\'interlocuteur était peu hésitant. L\'accueil était convivial.'),
(57, 137706, 5, 6, 393, '94', '100', '100', NULL, ''),
(58, 137283, 2, 7, 209, '96', '83', '100', NULL, ''),
(59, 138288, 8, 7, 615, '84', '999', '100', NULL, 'Le ton de l\'interlocutrice est agréable et courtois. Elle se montre accueillante et à mon écoute.'),
(60, 137990, 7, 1, 373, '78', '80', '999', NULL, 'La personne est très dynamique, très énergique. L\'accueil est agréable.'),
(61, 138524, 9, 1, 406, '999', '999', '999', NULL, ''),
(62, 138190, 8, 1, 566, '93', '999', '100', NULL, 'L\'interlocutrice s\'est montré aimable et accueillante. Le ton de sa voix était fluide et naturel.'),
(63, 139438, 11, 7, 366, '91', '80', '50', '90', 'L\'hotesse est très aimable et agréable.'),
(64, 137976, 7, 2, 559, '96', '50', '100', NULL, 'La personne n\'est pas très accueillante, un autre téléphone sonnait pendant mon appel. Il y a eu quelques blancs dans son discours.'),
(65, 138297, 8, 7, 619, '93', '83', '999', NULL, ''),
(66, 137924, 7, 6, 510, '99', '999', '100', NULL, 'La personne est très accueillante et dynamique. Le ton est énergique.'),
(67, 137890, 7, 6, 482, '88', '80', '100', NULL, 'La personne est accueillante, parle lentement pour que je puisse assimiler les horaires.'),
(68, 137532, 5, 2, 306, '88', '999', '81', NULL, ''),
(69, 139420, 11, 2, 763, '95', '83', '100', '999', 'Pas d\'appel réalisé.'),
(70, 138401, 8, 2, 671, '97', '999', '100', NULL, ''),
(71, 137305, 2, 7, 220, '89', '999', '100', NULL, ''),
(72, 137139, 2, 2, 137, '97', '83', '999', NULL, ''),
(73, 138531, 9, 1, 424, '999', '999', '999', NULL, ''),
(74, 137228, 2, 2, 182, '89', '999', '100', NULL, 'Très souriante et dynamique. Me renseigne sans soucis.'),
(75, 138300, 8, 7, 621, '92', '999', '100', NULL, 'Personne très aimable, le ton est chaleureux, la réponse est complète.'),
(76, 139447, 11, 2, 468, '93', '80', '50', '100', 'Conseillère aimable qui me répond sans faire de phrase.'),
(77, 137401, 2, 6, 268, '93', '83', '100', NULL, ''),
(78, 138487, 9, 1, 168, '999', '999', '999', NULL, ''),
(79, 137400, 2, 6, 268, '94', '999', '100', NULL, 'Personne très accueillante et professionnelle au décrochage. Me renseigne et me demande même plus de précisions sur ce que je souhaite savoir.'),
(80, 137153, 2, 1, 144, '87', '83', '999', NULL, ''),
(81, 137591, 5, 2, 335, '90', '83', '100', NULL, 'Appel non abouti malgré plusieurs tentatives'),
(82, 137175, 2, 1, 155, '97', '999', '100', NULL, ''),
(83, 139616, 12, 2, 141, '96', '80', '100', '100', 'Ton : convenable Accueil : normal'),
(84, 139494, 11, 6, 727, '97', '999', '100', '83', 'La personne est très aimable.'),
(85, 139533, 12, 7, 768, '88', '80', '100', '100', 'L\'appel était énergique.  La personne était souriante et dynamique.'),
(86, 137699, 5, 1, 389, '92', '80', '100', NULL, 'Personne très aimable et souriant, s\'exprime clairement, assez dynamique et enjoué. Ne se présente pas au décrochage mais en fin d\'entretien demande comment j\'ai eu son numéro (car j\'ai appelé sur son portable perso, c\'est pour cela qu\'il ne présente pas)'),
(87, 140656, 13, 2, 910, '95', '999', '999', '25', 'L\'interlocutrice était aimable et soucieuse'),
(88, 137342, 2, 7, 239, '97', '83', '100', NULL, 'Personne aimable et dynamique.'),
(89, 139511, 11, 6, 730, '87', '17', '100', '999', 'La personne manque de sourire et ne se présente pas au décrochage.'),
(90, 137595, 5, 1, 337, '99', '83', '999', NULL, 'Interlocutrice aimable et souriante, mais je l\'entend un peu souffler avant de me répondre.'),
(91, 137812, 6, 2, 452, '999', '999', '999', NULL, ''),
(92, 137856, 6, 2, 452, '89', '999', '100', NULL, 'La personne est souriante et professionnelle, elle me précise que le vendredi et le samedi ils sont ouverts entre 12h et 14h.'),
(93, 140571, 13, 1, 154, '100', '999', '100', '999', 'L\'interlocuteur décroche au bout de deux sonneries. Il répond à ma demande immédiatement. Il fait la différence entre les horaires du vendredi et du samedi. Il prend congé poliment.'),
(94, 137933, 7, 6, 519, '92', '50', '100', NULL, 'Peu d\'attente avant décrochage. Bon accueil général. Bonne prise de congé.'),
(95, 138396, 8, 2, 669, '91', '83', '999', NULL, 'Ton neutre. Réponse claire, spontanée et complète.'),
(96, 137550, 5, 1, 315, '93', '80', '100', NULL, ''),
(97, 138097, 7, 2, 552, '95', '80', '100', NULL, ''),
(98, 137985, 7, 6, 291, '95', '83', '999', NULL, 'Peu d\'attente avant décrochage. Bon accueil. Bonne prise de congé.'),
(99, 137623, 5, 2, 351, '97', '100', '100', NULL, 'Discours clair et maîtrisé, intonation enjouée et dynamique. Me répond de suite sans hésitation en formulant une phrase complète.'),
(100, 137203, 2, 1, 169, '666', '999', '999', NULL, ''),
(101, 138426, 8, 7, 226, '78', '999', '100', NULL, 'Très aimable, répond à ma demande de manière complète, disponible.'),
(102, 138275, 8, 7, 608, '87', '83', '100', NULL, ''),
(103, 138364, 8, 2, 654, '94', '80', '100', NULL, 'Personne très aimable et dynamique qui me répond de manière complète.'),
(104, 137502, 5, 6, 288, '92', '80', '100', NULL, ''),
(105, 137344, 2, 7, 240, '88', '83', '100', NULL, 'Appel abouti en faux numéro.'),
(106, 137953, 7, 1, 537, '98', '83', '100', NULL, 'La personne est accueillante, le sourire est audible, le ton est dynamique.'),
(107, 138397, 8, 2, 669, '96', '83', '999', NULL, ''),
(108, 137465, 2, 7, 300, '98', '999', '100', NULL, ''),
(109, 137592, 5, 2, 336, '95', '100', '100', NULL, ''),
(110, 137995, 7, 2, 142, '88', '80', '75', NULL, 'La personne est agréable, souriante. Le ton est plutot dynamique.'),
(111, 137348, 2, 7, 242, '97', '80', '100', NULL, 'Interlocuteur aimable.'),
(112, 137422, 2, 6, 279, '89', '999', '100', NULL, 'Appels non aboutis malgrès plusieurs tentatives.'),
(113, 137959, 7, 1, 543, '89', '80', '999', NULL, 'La personne est accueillante, le sourire est audible. Le ton est assez dynamique.'),
(114, 138527, 9, 6, 410, '999', '999', '999', NULL, ''),
(115, 139554, 12, 2, 793, '94', '80', '100', '999', 'L\'accueil était agréable.'),
(116, 137637, 5, 1, 358, '97', '0', '100', NULL, ''),
(117, 137508, 5, 6, 292, '89', '100', '75', NULL, ''),
(118, 137134, 2, 2, 135, '89', '50', '100', NULL, 'Ton froid au décrochage mais aussi tout au long de l\'appel. Me répond que lundi c\'est fermé car c\'est un jour férié. Je demande alors les horaires de la semaine et elle me les donne en indiquant d\'un ton très froid \"C\'est fermé le mardi !\".'),
(119, 137865, 6, 7, 461, '99', '83', '100', NULL, 'La personne est aimable et me repond complètement.'),
(120, 138010, 7, 6, 473, '93', '83', '999', NULL, ''),
(121, 139466, 11, 2, 695, '78', '999', '100', '75', 'La personne est très aimable et à l\'écoute.'),
(122, 137785, 5, 2, 432, '99', '999', '100', NULL, 'Personne plutôt aimable et souriante, s\'exprime clairement, assez dynamique et enjoué.'),
(123, 138089, 7, 1, 544, '97', '83', '100', NULL, ''),
(124, 138388, 8, 2, 665, '84', '999', '63', NULL, 'Très nonchalant , on a l\'impression de la déranger et pas du tout dynamique. Réponse partielle mais spontanée'),
(125, 138053, 7, 6, 510, '99', '999', '100', NULL, ''),
(126, 138315, 8, 7, 629, '95', '83', '999', NULL, ''),
(127, 138465, 9, 1, 368, '96', '100', '999', NULL, 'Interlocutrice joviale et dynamique.'),
(128, 139557, 12, 7, 778, '97', '999', '100', '75', 'Le ton de l\'interlocuteur était dynamique. L\'accueil était convivial. Présence de sourires.'),
(129, 137759, 5, 2, 419, '99', '100', '100', NULL, 'La personne est aimable et souriante. Elle me précise que les horaires sont différents le lundi.'),
(130, 137513, 5, 6, 296, '86', '80', '999', NULL, 'La personne est très aimable, me répond complètement, fait des phrases complètes, enjouée et dynamique.'),
(131, 137574, 5, 7, 327, '95', '999', '100', NULL, ''),
(132, 139581, 12, 2, 788, '95', '999', '100', '100', 'La personne semblait pressée. L\'accueil était agréable.'),
(133, 137132, 2, 2, 134, '89', '83', '100', NULL, 'Un ton pas très énergique et chaleureux au décrochage mais une fois ma demande formulée, le ton est chaleureux. Elle est soucieuse de répondre à ma question avec attention. Prise de congé très aimable.'),
(134, 138033, 7, 6, 490, '95', '999', '100', NULL, ''),
(135, 137442, 2, 6, 289, '91', '83', '100', NULL, 'Accueil chaleureux. Ton souriant et dynamique. Me renseigne sans soucis.'),
(136, 137734, 5, 7, 407, '91', '999', '100', NULL, ''),
(137, 138383, 8, 2, 663, '87', '0', '0', NULL, ''),
(138, 137365, 2, 6, 250, '89', '83', '100', NULL, ''),
(139, 137829, 6, 2, 468, '999', '999', '999', NULL, ''),
(140, 139524, 12, 7, 842, '93', '0', '100', '999', 'Pas d\'appel réalisé.'),
(141, 137613, 5, 1, 346, '95', '999', '100', NULL, 'Contact courtois et disponible, la personne me répond de suite sans hésitation.'),
(142, 138029, 7, 6, 269, '98', '999', '100', NULL, ''),
(143, 140603, 13, 7, 860, '98', '999', '999', '100', 'Pas d\'appel réalisé.'),
(144, 139549, 12, 7, 784, '94', '999', '100', '100', 'Le ton de l\'interlocuteur était dynamique. La personne m\'a apporté des précisions concernant les horaires de visite de la boutique. L\'accueil était convivial.'),
(145, 137252, 2, 7, 194, '94', '83', '100', NULL, 'Interlocutrice aimable mais elle ne s\'attarde pas plus que ça.'),
(146, 138126, 7, 6, 297, '98', '80', '999', NULL, ''),
(147, 137897, 7, 6, 488, '97', '83', '100', NULL, 'Attente avant décrochage court, très bon accueil général. Bonne prise de congé.'),
(148, 137143, 2, 2, 139, '92', '83', '999', NULL, ''),
(149, 138376, 8, 2, 660, '97', '999', '100', NULL, 'Personne très aimable et souriante qui répond à ma demande de manière complète.'),
(150, 139485, 11, 1, 716, '90', '0', '100', '100', 'La personne est très aimable et à l\'écoute.'),
(151, 137503, 5, 6, 288, '94', '83', '100', NULL, 'Personne très aimable, souriante, répond à ma demande de maniere complète, dynamique.'),
(152, 137535, 5, 2, 307, '87', '83', '100', NULL, 'Contact simple mais pas accueillant. La personne ne me dit pas que la boutique est ouverte dimanche.'),
(153, 139412, 11, 2, 755, '72', '100', '999', '999', 'Pas d\'appel réalisé.'),
(154, 137436, 2, 6, 286, '96', '999', '100', NULL, 'Ton souriant et dynamique au cours de l\'appel même si, au décrochage ce n\'était pas le cas et que la présentation manquait un peu de professionnalisme. \r\nLa personne m\'a convenablement renseigné et pris congé en disant \"Au revoir\". \r\nConversation très brève, même si la personne ne semblait pas pressée.'),
(155, 137432, 2, 6, 284, '94', '999', '100', NULL, 'Très aimable et agréable, très bon accueil.'),
(156, 137757, 5, 7, 418, '98', '80', '100', NULL, 'La personne est souriante et dynamique.'),
(157, 137732, 5, 1, 406, '86', '50', '100', NULL, 'La personne est agréable, répond à ma demande. La prise de congé est correcte mais pas de phrase d\'accueil.'),
(158, 137841, 6, 1, 440, '98', '33', '100', NULL, 'La personne me donne les horaires détaillées en faisant une phrase.'),
(159, 137218, 2, 1, 177, '94', '33', '999', NULL, 'Répond à ma demande avec le sourire. Une accroche et une prise de congé professionnelles.'),
(160, 138263, 8, 7, 602, '97', '999', '999', NULL, ''),
(161, 140698, 13, 2, 945, '96', '999', '100', '40', 'Décochage rapide, personne très accueillante qui a le sens de l\'humour.'),
(162, 138005, 7, 7, 562, '98', '999', '100', NULL, 'Temps d\'attente au décrochage court. Accueil agréable cependant il y a eu un petit blanc avant de me donner le nom de la société et de dire bonjour. Bonne prise de congé.'),
(163, 138184, 8, 1, 157, '74', '83', '999', NULL, 'Le ton de l\'interlocutrice est fluide et naturel. Elle semble par contre distraite dès le décrochage où je l\'entends d\'ailleurs rire.'),
(164, 137795, 6, 6, 436, '999', '999', '999', NULL, ''),
(165, 138468, 9, 6, 382, '94', '83', '100', NULL, 'Personne aimable qui répond à ma demande de manière complète.'),
(166, 137547, 5, 1, 313, '86', '80', '63', NULL, 'L\'interlocuteur me donne les horaires et me précise bien que le mercredi c\'est fermé car il donne des cours : simple et efficace.'),
(167, 137635, 5, 1, 357, '91', '50', '100', NULL, 'Contact expéditif, la personne ne semble pas disponible pour me répondre, me donne une réponse brève et incomplète. Manque de sourire, elle raccroche avant moi.'),
(168, 138489, 9, 2, 181, '999', '999', '999', NULL, ''),
(169, 140622, 13, 6, 879, '93', '999', '100', '100', 'Interlocutrice souriante et sympathique, qui a répondu à ma demande rapidement et qui a précisé l\'ouverture du jeudi de l\'ascension.'),
(170, 138417, 8, 2, 140, '98', '80', '999', NULL, ''),
(171, 137140, 2, 2, 138, '86', '80', '999', NULL, 'Ton très dynamique et chaleureux. Répond à ma demande et me précise que c\'est exceptionnel comme fermeture un lundi car c\'est la pentecôte sinon habituellement ouvert le lundi.'),
(172, 137456, 2, 6, 296, '83', '83', '999', NULL, 'Ton dynamique et accueil chaleureux. Me renseigne correctement.'),
(173, 138267, 8, 7, 604, '999', '999', '999', NULL, ''),
(174, 138429, 9, 1, 144, '96', '100', '999', NULL, 'Accueil dynamique, interlocutrice joviale.'),
(175, 138200, 8, 1, 571, '90', '999', '100', NULL, 'Le ton de l\'interlocutrice était fluide et naturel. Elle s\'est montrée accueillante et souriante.'),
(176, 138477, 9, 6, 423, '91', '17', '100', NULL, 'Accueil dynamique et jovial, réponse précise.'),
(177, 137559, 5, 6, 319, '999', '999', '999', NULL, ''),
(178, 138485, 9, 1, 160, '999', '999', '999', NULL, ''),
(179, 138134, 7, 7, 562, '100', '100', '100', NULL, ''),
(180, 138509, 9, 6, 287, '999', '999', '999', NULL, ''),
(181, 137650, 5, 7, 365, '97', '999', '100', NULL, ''),
(182, 138231, 8, 1, 586, '93', '80', '100', NULL, ''),
(183, 140580, 13, 6, 359, '100', '999', '100', '100', 'Interlocutrice souriante et accueillante. C\'est présenté au décrochage.'),
(184, 140653, 13, 1, 907, '98', '999', '100', '100', 'L\'interlocutrice était très agréable et accueillante'),
(185, 138484, 9, 1, 156, '999', '999', '999', NULL, ''),
(186, 139579, 12, 1, 828, '90', '999', '100', '100', 'Le ton de l\'interlocuteur était hésitant. L\'accueil était plaisant.'),
(187, 140640, 13, 1, 896, '100', '999', '100', '999', 'Pas d\'appel réalisé.'),
(188, 140668, 13, 2, 921, '99', '999', '100', '100', 'Décrochage rapide mais la présentation est peu souriante. M\'a renseigné sans problème.'),
(189, 138285, 8, 7, 613, '97', '83', '999', NULL, ''),
(190, 138198, 8, 1, 570, '81', '83', '100', NULL, 'L\'interlocutrice se montre accueillante, aimable et à mon écoute. Le ton de sa voix est courtois et agréable.'),
(191, 137659, 5, 7, 369, '99', '999', '100', NULL, 'Personne très aimable, souriante, répond à ma demande de manière complète, dynamique.'),
(192, 137867, 6, 7, 329, '97', '83', '100', NULL, 'Une présentation complète, la personne est souriante et dynamique, à l\'écoute car elle répond clairement à ma demande.'),
(193, 138360, 8, 2, 652, '97', '17', '100', NULL, 'Personne très aimable et souriante qui répond à ma demande de manière complète en faisant des phrases.'),
(194, 137839, 6, 1, 438, '100', '100', '100', NULL, 'L\'accueil est aimable et professionnel, il est souriant et dynamique.3'),
(195, 138471, 9, 1, 406, '92', '17', '999', NULL, 'La personne est aimable mais me repond brièvement.'),
(196, 139501, 11, 6, 737, '97', '83', '100', '100', 'La personne est très aimable.'),
(197, 137383, 2, 6, 259, '666', '999', '999', NULL, ''),
(198, 140636, 13, 1, 892, '99', '999', '100', '100', 'L\'interlocutrice était aimable et agréable'),
(199, 138241, 8, 1, 591, '96', '100', '999', NULL, ''),
(200, 137685, 5, 6, 382, '91', '999', '100', NULL, 'Personne très aimable et souriante, s\'exprime clairement, répond à ma demande assez rapidement.'),
(201, 137696, 5, 2, 388, '96', '83', '100', NULL, ''),
(202, 137771, 5, 2, 425, '95', '83', '100', NULL, 'La personne est souriante et dynamique. Elle me précise que le magasin est ouvert tous les dimanche au mois de décembre, mais elle ré-ouvre à 15h.'),
(203, 137744, 5, 6, 412, '90', '83', '100', NULL, ''),
(204, 138379, 8, 2, 661, '90', '999', '100', NULL, ''),
(205, 138093, 7, 2, 548, '92', '999', '100', NULL, ''),
(206, 137266, 2, 7, 201, '99', '100', '100', NULL, 'Une personne aimable et souriante.'),
(207, 138456, 9, 6, 287, '96', '100', '999', NULL, 'L\'interlocutrice se montre accueillante, souriante. Le ton de sa voix est fluide et naturel.'),
(208, 138316, 8, 7, 630, '90', '999', '999', NULL, 'Le ton de l\'interlocutrice est aimable. Elle se montre accueillante et courtoise'),
(209, 138264, 8, 7, 603, '92', '100', '100', NULL, 'Le ton de l\'interlocutrice est fluide et naturel. Elle se montre aimable et à mon écoute.'),
(210, 140593, 13, 7, 850, '94', '999', '100', '100', 'L\'interlocutrice avait l\'air gênée et surprise mais restait agréable'),
(211, 137478, 5, 2, 140, '97', '80', '100', NULL, ''),
(212, 137278, 2, 7, 207, '88', '999', '100', NULL, 'Ton dynamique et accueil chaleureux. Me renseigne correctement.'),
(213, 137906, 7, 6, 492, '96', '100', '100', NULL, 'Peu d\'attente avant décrochage. Bon accueil et bonne prise de congé.'),
(214, 139442, 11, 1, 571, '94', '83', '100', '100', 'L\'hotesse est très aimable.'),
(215, 138421, 8, 2, 141, '88', '80', '999', NULL, ''),
(216, 137857, 6, 2, 453, '97', '83', '100', NULL, 'La personne est souriante, dynamique et aimable.'),
(217, 137138, 2, 2, 137, '96', '80', '999', NULL, 'La personne répond à ma question, me donne des explications supplémentaires et est très chaleureuse.'),
(218, 138420, 8, 2, 141, '90', '80', '999', NULL, 'Personne aimable mais pas assez souriante, pas de phrases complètes.'),
(219, 137534, 5, 2, 307, '80', '83', '100', NULL, ''),
(220, 138391, 8, 2, 666, '97', '80', '999', NULL, ''),
(221, 137590, 5, 2, 335, '97', '100', '100', NULL, ''),
(222, 137429, 2, 6, 282, '94', '100', '100', NULL, ''),
(223, 137211, 2, 1, 173, '97', '999', '100', NULL, ''),
(224, 137172, 2, 1, 154, '91', '83', '100', NULL, 'Peu de dynamisme au décrochage mais répond correctement à ma question et prend congé en disant \"je vous en prie\". Très aimable.'),
(225, 137749, 5, 6, 414, '94', '999', '100', NULL, 'Personne accueillante et dynamique, agréable, elle répond à ma demande et a une bonne prise de congé.'),
(226, 137565, 5, 6, 322, '96', '83', '100', NULL, 'Accueil très dynamique et souriant, bonne réponse apporté : bonne prise en charge.'),
(227, 137693, 5, 2, 386, '98', '83', '100', NULL, 'Personne très aimable, souriante, dynamique et enjouée, s\'exprime clairement, parle calmement, très bon contact.'),
(228, 137183, 2, 1, 159, '96', '80', '100', NULL, ''),
(229, 137961, 7, 1, 545, '99', '999', '100', NULL, 'Temps attente avant décrochage rapide. L\'accueil est agréable. Bonne prise de congé.'),
(230, 137570, 5, 2, 325, '96', '50', '100', NULL, ''),
(231, 137772, 5, 1, 426, '94', '50', '100', NULL, ''),
(232, 137379, 2, 6, 257, '94', '83', '100', NULL, ''),
(233, 137765, 5, 2, 422, '96', '999', '100', NULL, 'La personne est souriante, aimable et dynamique. Elle me précise qu\'ils sont ouverts plus tard le jeudi soir.'),
(234, 138188, 8, 2, 137, '90', '80', '999', NULL, 'Le ton de l\'interlocutrice est fluide et naturel. Elle s\'est montré aimable et courtoise.'),
(235, 138496, 9, 7, 224, '999', '999', '999', NULL, ''),
(236, 137483, 5, 2, 142, '93', '80', '100', NULL, 'La personne est aimable, mais pas très souriante.'),
(237, 138115, 7, 6, 298, '98', '83', '100', NULL, ''),
(238, 137208, 2, 1, 172, '98', '999', '100', NULL, 'Très souriante, me renseigne sans soucis.'),
(239, 137196, 2, 1, 166, '94', '999', '100', NULL, 'Ton souriant mais un peu monocorde. Me renseigne correctement.'),
(240, 137296, 2, 7, 216, '93', '83', '100', NULL, 'Une personne aimable, souriante et dynamique.'),
(241, 138060, 7, 6, 517, '89', '999', '100', NULL, ''),
(242, 138265, 8, 7, 603, '95', '999', '100', NULL, ''),
(243, 137164, 2, 1, 150, '97', '83', '100', NULL, 'Ton très aimable. Très professionnel dans son accroche et sa prise de congé.'),
(244, 137284, 2, 7, 210, '72', '80', '69', NULL, 'Interlocutrice aimable et souriante.'),
(245, 137155, 2, 1, 145, '98', '999', '100', NULL, ''),
(246, 137165, 2, 1, 150, '95', '83', '100', NULL, ''),
(247, 137789, 6, 7, 329, '999', '999', '999', NULL, ''),
(248, 139615, 12, 2, 140, '95', '80', '100', '100', 'Ton : normal Accueil : normal'),
(249, 138347, 8, 2, 645, '97', '999', '100', NULL, ''),
(250, 138488, 9, 1, 172, '999', '999', '999', NULL, ''),
(251, 138022, 7, 6, 455, '95', '999', '100', NULL, ''),
(252, 139430, 11, 7, 242, '92', '80', '50', '100', 'L\'hotesse est aimable.'),
(253, 138170, 8, 7, 209, '99', '100', '100', NULL, 'L\'interlocuteur s\'est montré aimable, courtois et accueillant.'),
(254, 137581, 5, 7, 330, '97', '999', '100', NULL, 'Une présentation complète, la personne est souriante et dynamique, à l\'écoute car elle répond clairement à ma demande.'),
(255, 137611, 5, 2, 345, '95', '100', '100', NULL, 'Interlocuteur qui sait me répondre, il connaît les horaires mais manque un peu de dynamisme et de sourire, semble un peu hésitant dans la façon de s\'exprimer.'),
(256, 137322, 2, 7, 229, '99', '999', '100', NULL, 'Interlocutrice aimable et souriante.'),
(257, 137332, 2, 7, 234, '94', '83', '999', NULL, 'Interlocutrice aimable et souriante.'),
(258, 138333, 8, 2, 638, '95', '999', '100', NULL, ''),
(259, 138257, 8, 7, 599, '100', '999', '100', NULL, ''),
(260, 139604, 12, 2, 142, '95', '80', '100', '100', 'Ton : agréable Accueil : normal'),
(261, 138136, 7, 7, 564, '95', '33', '100', NULL, ''),
(262, 138111, 7, 7, 242, '95', '80', '88', NULL, ''),
(263, 139433, 11, 6, 252, '91', '0', '100', '100', 'La personne est très aimable et dynamique.'),
(264, 138019, 7, 6, 482, '91', '80', '100', NULL, ''),
(265, 137645, 5, 1, 362, '90', '999', '100', NULL, ''),
(266, 138065, 7, 6, 522, '94', '83', '100', NULL, ''),
(267, 137414, 2, 6, 275, '77', '80', '100', NULL, 'Accueil chaleureux. Ton souriant et dynamique. Me renseigne sans soucis.'),
(268, 137910, 7, 6, 496, '97', '83', '100', NULL, 'Temps d\'attente au décrochage très court. Accueil très agréable et bonne prise de congé.'),
(269, 137338, 2, 7, 237, '95', '83', '100', NULL, 'Interlocutrice aimable et souriante.'),
(270, 139601, 12, 2, 138, '95', '80', '999', '100', 'Ton : normal, un peu oppressant car elle entendait mal.  Accueil : Normal.'),
(271, 137859, 6, 6, 455, '86', '50', '100', NULL, 'La personne au bout du fil est accueillante et dymanique.'),
(272, 138082, 7, 1, 537, '98', '83', '100', NULL, ''),
(273, 140680, 13, 8, 933, '88', '999', '38', '83', 'Interlocuteur souriant et accueillant. A préciser l\'ouverture exceptionnelle de jeudi en plus de répondre à ma demande.'),
(274, 137954, 7, 1, 538, '91', '80', '100', NULL, 'Accueil général très agréable et interlocuteur souriant.'),
(275, 138368, 8, 2, 656, '88', '100', '999', NULL, 'Personne vraiment très aimable qui répond à ma demande. La prise de congé est qualitative.'),
(276, 137891, 7, 6, 483, '96', '100', '100', NULL, 'Accueil moyennement agréable et la prise de congé se fait sur un simple au revoir.'),
(277, 138105, 7, 2, 559, '99', '83', '100', NULL, ''),
(278, 138307, 8, 7, 624, '88', '83', '81', NULL, ''),
(279, 138047, 7, 6, 504, '99', '83', '100', NULL, ''),
(280, 137240, 2, 2, 188, '99', '80', '100', NULL, 'Ton dynamique et acceuil chaleureux. Répond à ma demande.'),
(281, 137192, 2, 1, 164, '91', '83', '100', NULL, 'Ton dynamique et très professionnel dans son décrochage et sa prise de congé.'),
(282, 139568, 12, 7, 771, '88', '0', '100', '100', 'Le ton de l\'interlocuteur était hésitant. La personne semblait être occupée.'),
(283, 138392, 8, 2, 667, '94', '83', '100', NULL, 'Personne aimable avec un ton chaleureux qui répond à ma demande en faisant des phrases complètes. La prise de congé est qualitative.'),
(284, 137357, 2, 7, 246, '82', '80', '100', NULL, ''),
(285, 137376, 2, 6, 256, '96', '80', '100', NULL, 'Très aimable, la personne ajoute \" à votre service\".'),
(286, 137157, 2, 1, 146, '89', '80', '81', NULL, ''),
(287, 138151, 8, 7, 243, '96', '83', '999', NULL, ''),
(288, 139596, 12, 2, 804, '92', '80', '63', '999', 'Le ton de l\'interlocuteur était énergique. L\'accueil était plaisant. Présence de sourires.'),
(289, 137908, 7, 6, 494, '95', '83', '81', NULL, 'Attente avant décrochage court. Accueil agréable et bonne prise de congé.'),
(290, 137515, 5, 6, 297, '90', '80', '999', NULL, 'Personne très aimable, souriante et dynamique, s\'exprime clairement.'),
(291, 137719, 5, 2, 399, '96', '100', '999', NULL, 'L\'interlocuteur est accueillant, agréable et me renseigne clairement. Bonne prise de congé.'),
(292, 137998, 7, 7, 366, '91', '83', '75', NULL, 'Peu d\'attente avant décrochage. Très bon accueil. Bonne prise de congé.'),
(293, 138030, 7, 6, 272, '99', '83', '100', NULL, ''),
(294, 138124, 7, 2, 142, '77', '80', '75', NULL, ''),
(295, 137350, 2, 7, 243, '96', '83', '100', NULL, 'Interlocutrice aimable et souriante.'),
(296, 139436, 11, 6, 270, '90', '33', '100', '100', 'L\'hotesse est très aimable.'),
(297, 137708, 5, 2, 394, '99', '999', '100', NULL, ''),
(298, 138302, 8, 7, 622, '90', '83', '63', NULL, 'Interlocutrice joviale et dynamique.'),
(299, 137461, 2, 6, 298, '88', '67', '88', NULL, ''),
(300, 137878, 6, 1, 470, '98', '17', '100', NULL, 'Personne aimable, me répond partiellement, ne me donne pas les horaires du midi, fait des phrases complètes.'),
(301, 138493, 9, 7, 206, '999', '999', '999', NULL, ''),
(302, 137347, 2, 7, 241, '85', '80', '999', NULL, ''),
(303, 137430, 2, 6, 283, '94', '83', '75', NULL, 'Accueil chaleureux. Ton souriant et dynamique. Me renseigne sans soucis.'),
(304, 137304, 2, 7, 220, '82', '999', '100', NULL, 'Appels non aboutis malgrès plusieurs tentatives.'),
(305, 138236, 8, 1, 589, '89', '83', '999', NULL, 'Personne aimable qui répond à ma demande.'),
(306, 138095, 7, 2, 550, '97', '83', '100', NULL, ''),
(307, 137707, 5, 6, 393, '100', '83', '100', NULL, 'La personne est agréable, aimable, dynamique et a une bonne prise de congé.'),
(308, 138011, 7, 6, 474, '89', '100', '100', NULL, ''),
(309, 139515, 11, 1, 719, '90', '100', '50', '100', 'La personne est très aimable.'),
(310, 139468, 11, 2, 697, '91', '20', '100', '100', 'La personne est très aimable.'),
(311, 139518, 12, 7, 836, '75', '80', '100', '999', 'Pas d\'appel réalisé.'),
(312, 138118, 7, 2, 137, '91', '80', '999', NULL, ''),
(313, 137778, 5, 6, 429, '96', '33', '100', NULL, ''),
(314, 138425, 8, 7, 225, '85', '999', '100', NULL, ''),
(315, 137222, 2, 1, 179, '97', '83', '100', NULL, 'Très souriante et aimable. Me renseigne sans soucis mais bruits de fond désagréables.'),
(316, 137796, 6, 1, 437, '999', '999', '999', NULL, ''),
(317, 139426, 11, 2, 644, '97', '999', '100', '100', 'La personne est très aimable.'),
(318, 139591, 12, 2, 791, '91', '999', '100', '100', 'La personne semblait être pressée. L\'accueil était sympathique.'),
(319, 137471, 2, 7, 202, '97', '999', '100', NULL, ''),
(320, 138202, 8, 1, 572, '90', '100', '100', NULL, 'La personne est aimable mais pas assez souriante, elle répond à ma demande brièvement.'),
(321, 138370, 8, 2, 657, '78', '83', '999', NULL, 'Personne aimable qui répond à ma demande de manière complète.'),
(322, 140594, 13, 7, 851, '97', '999', '100', '0', 'L\'interlocutrice était très aimable et agréable'),
(323, 137154, 2, 1, 145, '95', '999', '100', NULL, 'Ton très accueillant et chaleureux même si elle ne dit que \"allô\" au décrochage sans se présenter ni donner le nom de la boutique. M\'explique même pourquoi elle ferme un jour férié. Très gentille. Se rattrape sur sa prise de congé.'),
(324, 137883, 7, 6, 475, '96', '999', '100', NULL, 'La personne est dynamique, le sourire est audible.'),
(325, 140575, 13, 7, 223, '97', '999', '100', '100', 'Décrochage rapide et accueil plutôt souriant. N\'a pas précisé les heures d\'ouverture.'),
(326, 140588, 13, 7, 843, '92', '999', '100', '100', 'L\'interlocuteur était poli et convenable'),
(327, 140582, 13, 2, 390, '95', '999', '100', '100', 'L\'interlocutrice était aimable et souriante'),
(328, 137585, 5, 1, 332, '98', '17', '100', NULL, 'Très bon accueil, très bonne réponse apportés, personne très souriante, dynamique et agréable à écouter. Bonne fin d\'entretien.'),
(329, 138042, 7, 6, 499, '87', '999', '0', NULL, ''),
(330, 137808, 6, 2, 449, '999', '999', '999', NULL, ''),
(331, 139589, 12, 1, 831, '91', '999', '100', '100', 'Le ton de l\'interlocuteur est dynamique. L\'accueil est chaleureux.'),
(332, 137552, 5, 7, 316, '98', '80', '100', NULL, ''),
(333, 137692, 5, 2, 386, '96', '999', '100', NULL, ''),
(334, 138130, 7, 6, 295, '89', '83', '100', NULL, ''),
(335, 137189, 2, 1, 162, '666', '999', '999', NULL, ''),
(336, 137247, 2, 2, 191, '69', '83', '75', NULL, ''),
(337, 138410, 8, 2, 676, '95', '100', '100', NULL, 'Personne très aimable, le ton est chaleureux. Elle répond à ma demande en faisant des phrases complètes.'),
(338, 139450, 11, 6, 264, '90', '83', '100', '999', 'L\'hôtesse me renseigne bien, elle est très aimable.'),
(339, 138228, 8, 1, 585, '85', '100', '100', NULL, 'Appel non abouti au bout de 3 tentatives.'),
(340, 138486, 9, 1, 165, '999', '999', '999', NULL, ''),
(341, 138298, 8, 7, 620, '92', '999', '100', NULL, 'Le ton de l\'interlocuteur est courtois et agréable. Il se montre disponible et à mon écoute.'),
(342, 139451, 11, 6, 271, '96', '100', '100', '100', 'L\'hotesse est très aimable, elle me répond par une phrase complète.'),
(343, 137290, 2, 7, 213, '87', '999', '100', NULL, 'Appels non aboutis malgré plusieurs tentatives.'),
(344, 137294, 2, 7, 215, '97', '83', '100', NULL, 'Personne très aimable.'),
(345, 137152, 2, 1, 144, '89', '83', '999', NULL, 'Ton dynamique en répondant correctement à ma demande.'),
(346, 137250, 2, 2, 193, '81', '100', '88', NULL, 'Interlocuteur aimable, souriant et dynamique.'),
(347, 137639, 5, 6, 359, '96', '83', '100', NULL, 'Personne très aimable, répond à ma demande, fait des phrases complètes, enjouée et dynamique.'),
(348, 138003, 7, 1, 368, '75', '100', '81', NULL, 'La personne semble très souriante, très dynamique. Le ton est agréable et énergique.'),
(349, 139495, 11, 6, 728, '81', '0', '81', '100', 'La personne est très aimable et dynamique.'),
(350, 138299, 8, 7, 620, '97', '100', '100', NULL, ''),
(351, 140599, 13, 7, 856, '98', '999', '100', '999', 'Décrochage rapide et accueillant. A répondu à ma demande mais n\'a pas précisé les heures d\'ouverture.'),
(352, 137663, 5, 2, 371, '94', '17', '100', NULL, 'Personne très aimable, souriante, répond à ma demande mais ne me donne que les horaires de fermeture. Dynamique, elle me demande si je veux autre chose.'),
(353, 139402, 11, 2, 745, '98', '83', '100', '999', 'Pas d\'appel réalisé.'),
(354, 137670, 5, 6, 375, '91', '20', '81', NULL, ''),
(355, 139399, 11, 2, 742, '98', '83', '100', '999', 'Pas d\'appel réalisé.'),
(356, 137827, 6, 2, 466, '999', '999', '999', NULL, ''),
(357, 139621, 12, 6, 295, '88', '80', '100', '100', '\r\nTon : bien \r\nAccueil : bien'),
(358, 137911, 7, 6, 497, '99', '100', '100', NULL, 'La personne est très accueillante, très aimable, son enthousiasme donne envie d\'aller dans le magasin.'),
(359, 137870, 6, 2, 464, '96', '80', '999', NULL, 'Personne très aimable, me répond complètement, fait des phrases complètes, dynamique.'),
(360, 139598, 12, 1, 834, '96', '80', '100', '999', 'La personne répond à ma question. Elle me donne une réponse précise. Sa prise de congé est cordiale.'),
(361, 138046, 7, 6, 503, '97', '83', '100', NULL, ''),
(362, 139611, 12, 6, 733, '99', '999', '100', '83', 'mon interlocutrice répond correctement à ma demande, bonne prise de congé, interlocutrice souriante'),
(363, 137396, 2, 6, 266, '92', '999', '100', NULL, 'Dynamique et souriante, je suis renseigné sans problème.'),
(364, 139489, 11, 1, 720, '97', '83', '100', '100', 'La personne est très aimable.'),
(365, 137869, 6, 2, 463, '81', '83', '100', NULL, 'Personne aimable, me répond complètement, fait des phrases complètes, phrase d\'accueil dite un peu rapidement.'),
(366, 138086, 7, 1, 541, '100', '999', '100', NULL, ''),
(367, 138387, 8, 2, 664, '94', '999', '100', NULL, ''),
(368, 137260, 2, 7, 198, '99', '999', '100', NULL, 'Une personne très aimable, chaleureuse et souriante.'),
(369, 137810, 6, 2, 450, '999', '999', '999', NULL, ''),
(370, 137875, 6, 2, 468, '77', '80', '100', NULL, 'Appel non abouti malgré plusieurs tentatives'),
(371, 137359, 2, 7, 247, '92', '83', '100', NULL, ''),
(372, 139538, 12, 2, 801, '91', '100', '63', '100', 'L\'accueil était agréable. Présence de sourires.'),
(373, 137431, 2, 6, 283, '95', '999', '75', NULL, ''),
(374, 138133, 7, 7, 561, '84', '999', '100', NULL, ''),
(375, 137608, 5, 2, 344, '93', '999', '999', NULL, ''),
(376, 138348, 8, 2, 646, '91', '999', '100', NULL, 'Le ton de l\'interlocuteur est courtois mais manque d\'énergie. Il se montre accueillant mais ne semble pas totalement soucieux de me satisfaire.'),
(377, 140696, 13, 2, 943, '97', '999', '100', '38', 'L\'interlocuteur était aimable malgré le rire'),
(378, 137186, 2, 1, 161, '97', '100', '999', NULL, 'Ton dynamique et accueil chaleureux. Me renseigne correctement.'),
(379, 137444, 2, 6, 290, '91', '999', '999', NULL, 'Accueil chaleureux. Ton souriant et dynamique. Me renseigne sans problème.'),
(380, 140695, 13, 2, 942, '90', '999', '999', '90', 'L\'interlocuteur était très agréable et m\'a donné tout les horaires pour m\'informer'),
(381, 137864, 6, 7, 460, '87', '80', '999', NULL, 'Personne aimable, me donne les horaires entièrement en faisant des phrases complètes.'),
(382, 138430, 9, 1, 153, '94', '999', '100', NULL, 'Interlocutrice sympathique et à l\'écoute.'),
(383, 137179, 2, 1, 157, '93', '100', '100', NULL, ''),
(384, 139434, 11, 6, 256, '89', '50', '75', '999', 'La personne est très aimable et souriante.'),
(385, 138008, 7, 7, 565, '89', '83', '75', NULL, 'Le magasin n\'a pas encore ouvert, il ouvre la semaine prochaine. Néanmoins, l\'accueil est très sympathique, très convivial.'),
(386, 138502, 9, 6, 256, '999', '999', '999', NULL, ''),
(387, 137960, 7, 1, 544, '99', '999', '100', NULL, 'La personne est accueillante, le ton est assez dynamique, poli.'),
(388, 139458, 11, 7, 686, '96', '100', '100', '63', 'La personne est souriante et dynamique.'),
(389, 140577, 13, 6, 279, '96', '999', '100', '95', 'L\'interlocutrice était aimable.'),
(390, 137336, 2, 7, 236, '95', '999', '100', NULL, 'Ton dynamique et accueil chaleureux. Me renseigne correctement.'),
(391, 137170, 2, 1, 153, '87', '83', '81', NULL, 'Peu de dynamisme au décrochage mais répond à ma question correctement.'),
(392, 137439, 2, 6, 287, '93', '80', '999', NULL, ''),
(393, 138504, 9, 6, 266, '999', '999', '999', NULL, ''),
(394, 137319, 2, 7, 227, '98', '999', '100', NULL, ''),
(395, 138021, 7, 6, 484, '99', '83', '100', NULL, ''),
(396, 138460, 9, 7, 328, '98', '999', '100', NULL, 'Bonne prise en charge. Mon interlocutrice me renseigne correctement.'),
(397, 137377, 2, 6, 256, '95', '80', '100', NULL, ''),
(398, 137889, 7, 6, 481, '93', '999', '100', NULL, 'La personne est très agréable, très dynamique. Le sourire est audible. On me renseigne facilement.'),
(399, 137470, 2, 7, 202, '96', '999', '100', NULL, 'Une personne aimable, souriante et dynamique.'),
(400, 137475, 5, 2, 138, '94', '80', '999', NULL, 'Personne très aimable, souriante et dynamique, s\'exprime clairement, enjouée.'),
(401, 137149, 2, 2, 142, '95', '80', '88', NULL, ''),
(402, 138139, 8, 2, 142, '94', '80', '999', NULL, ''),
(403, 138015, 7, 6, 478, '94', '999', '100', NULL, ''),
(404, 139608, 12, 1, 156, '90', '100', '100', '100', 'Ton : correct (un peu occupée) Accueil : normal'),
(405, 139401, 11, 2, 744, '92', '83', '100', '999', 'Pas d\'appel réalisé.'),
(406, 139455, 11, 7, 681, '92', '999', '0', '100', 'La personne est aimable et à l\'écoute.'),
(407, 137711, 5, 1, 395, '85', '80', '100', NULL, 'L\'interlocuteur est accueillant, agréable, répond à ma demande et bonne prise de congé.'),
(408, 137521, 5, 7, 300, '88', '999', '100', NULL, 'Personne très aimable, me répond complètement, fait des phrases complètes, enjouée et dynamique.'),
(409, 137616, 5, 2, 348, '81', '83', '81', NULL, ''),
(410, 137426, 2, 6, 281, '97', '80', '100', NULL, 'Accueil chaleureux. Ton très souriant et dynamique. Me renseigne sans soucis.'),
(411, 137599, 5, 1, 339, '96', '80', '88', NULL, 'Ton enjoué et souriant, la personne me répond après une petite seconde d\'hésitation. Contact courtois et personnalisé.'),
(412, 138143, 8, 2, 453, '95', '999', '100', NULL, ''),
(413, 137538, 5, 7, 309, '89', '999', '999', NULL, ''),
(414, 137723, 5, 2, 401, '97', '999', '100', NULL, 'L\'interlocutrice est accueillante, agréable et aimable. Elle me repond clairement. Bonne prise de congé.'),
(415, 137549, 5, 1, 314, '97', '999', '100', NULL, 'Accueil simple et complet. La personne me renseigne sur les horaires et me dit au revoir gentiment.'),
(416, 137194, 2, 1, 165, '83', '999', '81', NULL, 'Ton dynamique et répond correctement à ma demande.'),
(417, 138510, 9, 7, 299, '999', '999', '999', NULL, ''),
(418, 137265, 2, 7, 200, '91', '80', '100', NULL, ''),
(419, 138419, 8, 7, 215, '93', '999', '100', NULL, ''),
(420, 137130, 2, 2, 133, '89', '999', '999', NULL, 'Se présente et présente le magasin. Ton très accueillant. Soucieuse de me renseigner.'),
(421, 140657, 13, 2, 911, '95', '999', '100', '100', 'Personne agressive, qui ne m\'a pas laissé le temps de faire ma demande.'),
(422, 138394, 8, 2, 668, '85', '83', '999', NULL, 'Interlocutrice spontanée, sympathique et serviable.'),
(423, 137308, 2, 7, 222, '90', '999', '100', NULL, 'Personne aimable, souriante et dynamique.'),
(424, 138329, 8, 6, 636, '90', '80', '100', NULL, ''),
(425, 137854, 6, 2, 450, '98', '999', '100', NULL, 'Elle est souriante et dynamique. Elle est professionnelle car elle m\'indique que les horaires sont différents pour le lundi et le samedi. Elle me précise également que les deux semaines avant Noël, le salon est exceptionnellement ouvert le lundi matin.'),
(426, 137325, 2, 7, 230, '86', '999', '88', NULL, ''),
(427, 137837, 6, 6, 436, '89', '999', '100', NULL, 'Elle me donne les horaires détaillés avec la pause du midi. Et les horaires du Samedi qui sont un peu différent.'),
(428, 137780, 5, 2, 430, '88', '999', '100', NULL, ''),
(429, 137232, 2, 2, 184, '95', '80', '100', NULL, 'Souriant et dynamique me renseigne sans soucis.'),
(430, 137996, 7, 2, 139, '93', '100', '999', NULL, 'La personne est dynamique et accueillante. Le sourire est audible.'),
(431, 137447, 2, 6, 291, '81', '100', '999', NULL, ''),
(432, 139483, 11, 1, 714, '95', '83', '100', '100', 'La personne est très aimable.'),
(433, 137235, 2, 2, 185, '99', '999', '100', NULL, ''),
(434, 137814, 6, 6, 454, '999', '999', '999', NULL, ''),
(435, 138036, 7, 6, 493, '99', '100', '100', NULL, ''),
(436, 138208, 8, 1, 575, '94', '83', '999', NULL, 'L\'interlocutrice s\'est montrée aimable, accueillante et souriante. Le ton de sa voix était fluide et naturel.'),
(437, 137862, 6, 7, 458, '87', '999', '999', NULL, 'L\'interlocuteur n\'est ni aimable ni souriant. Quand je demande les horaires d\'ouverture il me demande \"c\'est pour quoi exactement\". Il finit par me les donner.'),
(438, 139519, 12, 7, 837, '90', '80', '999', '999', 'Pas d\'appel réalisé.'),
(439, 139523, 12, 7, 841, '95', '100', '999', '999', 'Pas d\'appel réalisé.'),
(440, 138386, 8, 2, 664, '90', '83', '100', NULL, 'Personne aimable et souriante qui répond à ma demande. Une prise de congé qualitative.'),
(441, 137586, 5, 2, 333, '95', '999', '100', NULL, ''),
(442, 138045, 7, 6, 502, '100', '999', '100', NULL, ''),
(443, 137824, 6, 2, 463, '999', '999', '999', NULL, ''),
(444, 137568, 5, 1, 324, '99', '83', '100', NULL, ''),
(445, 139572, 12, 2, 794, '97', '80', '100', '100', 'L\'accueil était agréable.'),
(446, 138017, 7, 6, 480, '94', '83', '100', NULL, ''),
(447, 138039, 7, 6, 496, '97', '80', '100', NULL, ''),
(448, 137567, 5, 1, 323, '98', '100', '100', NULL, 'Bon accueil, personne souriante, propos très fluides et bonne réponse apporté.'),
(449, 137760, 5, 2, 420, '96', '999', '100', NULL, ''),
(450, 137368, 2, 6, 252, '87', '80', '100', NULL, 'Bon accueil, personne polie et concise.'),
(451, 138059, 7, 6, 516, '89', '999', '100', NULL, ''),
(452, 137974, 7, 2, 557, '75', '999', '100', NULL, 'Attente avant décrochage rapide. Bon accueil général. Bonne prise de congé.'),
(453, 138449, 9, 6, 256, '83', '83', '999', NULL, 'Personne très aimable et souriante qui répond à ma demande brièvement.'),
(454, 139587, 12, 1, 822, '96', '999', '100', '100', 'Le ton de l\'interlocuteur était agréable. La personne a su m\'apporter toutes les informations en détails concernant les horaires et les jours d\'ouverture de la boutique (décembre compris).'),
(455, 139543, 12, 6, 455, '91', '100', '100', '100', 'Le ton de l\'interlocuteur est énergique. L\'accueil est plaisant. Les sourires sont audibles.'),
(456, 140699, 13, 2, 946, '97', '999', '100', '100', 'Appel non abouti au bout de 3 tentatives'),
(457, 137326, 2, 7, 231, '84', '999', '100', NULL, 'Personne dynamique et aimable.'),
(458, 138427, 8, 7, 226, '79', '999', '100', NULL, ''),
(459, 138027, 7, 6, 489, '93', '999', '100', NULL, ''),
(460, 138336, 8, 2, 640, '94', '999', '100', NULL, 'Personne très aimable, souriante et disponible qui répond à ma demande de manière complète. Prise de congé qualitative.'),
(461, 139496, 11, 6, 729, '79', '999', '50', '100', 'La personne décroche rapidement. Elle me répond facilement et est aimable. Bonne prise de congés. '),
(462, 138025, 7, 6, 487, '96', '100', '100', NULL, ''),
(463, 137991, 7, 6, 292, '94', '80', '100', NULL, 'Attente avant décrochage court. Bon accueil général. Bonne prise de congé.'),
(464, 137323, 2, 7, 229, '99', '999', '100', NULL, ''),
(465, 137349, 2, 7, 242, '94', '80', '100', NULL, ''),
(466, 138013, 7, 6, 476, '96', '999', '100', NULL, ''),
(467, 138505, 9, 6, 270, '999', '999', '999', NULL, ''),
(468, 137358, 2, 7, 247, '94', '100', '100', NULL, 'Interlocutrice aimable, dynamique et souriante.'),
(469, 140602, 13, 7, 859, '87', '999', '999', '100', 'L\'interlocuteur était agréable'),
(470, 140650, 13, 1, 904, '100', '999', '100', '100', 'Décrochage rapide, et réponse obtenue tout aussi rapidement. Dommage que l\'interlocuteur ait raccroché sans dire au revoir.'),
(471, 138146, 8, 7, 241, '95', '80', '999', NULL, 'Le ton de l\'interlocutrice est fluide et naturel. Elle se montre à mon écoute, aimable et accueillante.'),
(472, 138511, 9, 2, 303, '999', '999', '999', NULL, ''),
(473, 138390, 8, 2, 666, '97', '999', '999', NULL, 'Personne aimable qui répond à ma demande de manière complète et fait des phrases complètes.'),
(474, 139622, 12, 6, 298, '79', '80', '100', '100', '\r\nTon : chaleureux \r\nAccueil : bien'),
(475, 138378, 8, 2, 661, '97', '999', '100', NULL, 'Ton agréable et dynamique. Réponse spontanée mais partielle.'),
(476, 139618, 12, 6, 288, '92', '80', '100', '100', '\r\nTon : bien \r\nAccueil : bien'),
(477, 137286, 2, 7, 211, '96', '999', '100', NULL, 'Une personne souriante, aimable et dynamique.'),
(478, 138058, 7, 6, 515, '88', '999', '100', NULL, ''),
(479, 137669, 5, 2, 374, '99', '999', '100', NULL, 'Personne très aimable, souriante et dynamique, assez enjouée, s\'exprime clairement.'),
(480, 139594, 12, 2, 795, '95', '80', '100', '100', 'L\'accueil était chaleureux.'),
(481, 138252, 8, 7, 597, '95', '100', '100', NULL, 'Le ton de l\'interlocutrice est fluide et naturel. Elle se montre accueillante et aimable.'),
(482, 137335, 2, 7, 235, '88', '999', '81', NULL, ''),
(483, 138328, 8, 6, 636, '86', '83', '88', NULL, 'Interlocuteur très aimable, disponible avec un sourire audible qui me répond de manière complète. La prise de congé est qualitative.'),
(484, 137476, 5, 2, 139, '94', '83', '999', NULL, ''),
(485, 138168, 8, 6, 298, '81', '83', '999', NULL, 'Personne très aimable, souriante et dynamique qui répond à ma demande. Prise de congé complète.'),
(486, 139584, 12, 2, 808, '93', '999', '100', '90', 'Le ton de l\'interlocuteur était dynamique. L\'accueil était agréable. Présence de sourires.'),
(487, 137604, 5, 2, 342, '96', '83', '100', NULL, ''),
(488, 139449, 11, 6, 262, '92', '83', '100', '100', 'Conseillère très aimable et dynamique.'),
(489, 139417, 11, 2, 760, '82', '83', '100', '999', 'Pas d\'appel réalisé.'),
(490, 137280, 2, 7, 208, '89', '999', '0', NULL, 'Ton dynamique et accueil chaleureux. Me renseigne correctement.'),
(491, 137820, 6, 7, 460, '999', '999', '999', NULL, ''),
(492, 137558, 5, 6, 319, '98', '50', '100', NULL, 'Bon accueil, la personne me répond au bout de 3 sonneries, répond correctement à ma demande. Bon entretien.'),
(493, 137986, 7, 6, 298, '93', '80', '100', NULL, 'J\'ai ressenti la personne comme pressée de me répondre. Au début j\'ai senti la personne souffler.');
INSERT INTO `data` (`idData`, `id_readings`, `vague`, `territoire`, `commerce`, `note`, `serv`, `vit`, `qual`, `fcom`) VALUES
(494, 138052, 7, 6, 509, '86', '999', '100', NULL, ''),
(495, 139463, 11, 2, 692, '94', '999', '50', '100', 'L\'interlocuteur est très aimable.'),
(496, 140618, 13, 6, 875, '97', '999', '100', '80', 'L\'interlocutrice était très aimable et très agréable'),
(497, 138020, 7, 6, 483, '100', '999', '100', NULL, ''),
(498, 138385, 8, 2, 138, '88', '100', '999', NULL, ''),
(499, 137900, 7, 6, 269, '97', '999', '100', NULL, 'La personne au bout du fil décroche assez rapidement. L\'accueil et la prise de congés sont bons. On me renseigne facilement.'),
(500, 137651, 5, 7, 365, '86', '999', '999', NULL, 'Appel non abouti malgré plusieurs tentatives'),
(501, 138167, 8, 6, 297, '97', '100', '999', NULL, ''),
(502, 139602, 12, 2, 703, '77', '20', '999', '100', 'Ton : normal Accueil : normal'),
(503, 137688, 5, 1, 384, '97', '999', '100', NULL, ''),
(504, 138507, 9, 6, 280, '999', '999', '999', NULL, ''),
(505, 137846, 6, 7, 236, '97', '999', '100', NULL, 'L\'interlocuteur est très aimable, me repond complètement, fait des phrases complètes, est enjoué et dynamique.'),
(506, 139559, 12, 2, 816, '97', '20', '100', '100', 'Le ton de l\'interlocuteur était énergique. L\'accueil était chaleureux.'),
(507, 137339, 2, 7, 237, '93', '67', '100', NULL, ''),
(508, 137569, 5, 1, 324, '100', '83', '100', NULL, 'Personne très souriante et dynamique. Elle répond à ma demande de manière claire et compréhensible.'),
(509, 137745, 5, 6, 412, '95', '83', '100', NULL, 'La personne est accueillante, assez agréable mais peu souriante. Elle répond à ma demande clairement. Bonne prise de congé.'),
(510, 137738, 5, 1, 409, '97', '80', '100', NULL, ''),
(511, 137903, 7, 6, 270, '99', '999', '100', NULL, 'La personne décroche rapidement. Bon accueil général. Bonne prise de congé.'),
(512, 137594, 5, 1, 337, '97', '83', '999', NULL, ''),
(513, 140598, 13, 7, 855, '97', '999', '100', '999', 'Pas de présentation au décrochage, et ton de l\'interlocuteur plutôt neutre.'),
(514, 137491, 5, 7, 236, '100', '999', '100', NULL, 'L\'interlocuteur est très aimable, me repond complètement, fait des phrases complètes, est enjoué et dynamique.'),
(515, 138122, 7, 6, 289, '92', '80', '100', NULL, ''),
(516, 138176, 8, 1, 367, '91', '80', '100', NULL, 'Personne aimable, dynamique mais qui pourrait être un peu plus disponible.'),
(517, 137687, 5, 6, 383, '93', '0', '100', NULL, 'Personne très aimable, dynamique et qui s\'exprime clairement. Elle décroche et répond rapidement. '),
(518, 138081, 7, 1, 536, '97', '0', '999', NULL, ''),
(519, 137818, 6, 7, 458, '999', '999', '999', NULL, ''),
(520, 140591, 13, 7, 846, '91', '999', '100', '100', 'L\'interlocutrice était très agréable et très aimable'),
(521, 137224, 2, 2, 180, '79', '80', '100', NULL, 'Ton nonchalant. Aucun accueil professionnel. Après renseignement, il me demande qui je suis pour demander les horraires ? Et ne dit même pas aurevoir. Raccroche dès que je dis mon prénom.'),
(522, 138447, 9, 7, 247, '97', '100', '100', NULL, 'Personne aimable qui répond à ma demande en faisant des phrases complètes.'),
(523, 137934, 7, 6, 520, '98', '100', '100', NULL, 'Temps d\'attente avant décrochage court. Accueil général agréable. Bonne prise de congé.'),
(524, 139563, 12, 7, 776, '91', '80', '100', '999', 'L\'accueil était simple. Le ton de l\'interlocuteur était sec.'),
(525, 138472, 9, 2, 408, '94', '83', '100', NULL, 'Ton chaleureux et agréable. Répond spontanément à ma question avec précision.'),
(526, 137710, 5, 1, 395, '90', '80', '100', NULL, ''),
(527, 137136, 2, 2, 136, '82', '999', '100', NULL, 'Mauvais accueil, ton froid et sec, de plus ne sait pas me renseigner.'),
(528, 137925, 7, 6, 511, '96', '999', '81', NULL, 'Temps d\'attente au décrochage court. L\'accueil est de façon général agréable. Bonne prise de congé.'),
(529, 137173, 2, 1, 154, '88', '83', '100', NULL, ''),
(530, 137210, 2, 1, 173, '96', '100', '81', NULL, 'Pas de numéro de téléphone.'),
(531, 137983, 7, 7, 243, '93', '83', '100', NULL, 'Temps d\'attente avant décrochage court. Accueil général agréable. Bon prise de congé.'),
(532, 138100, 7, 2, 554, '100', '999', '100', NULL, ''),
(533, 139507, 11, 7, 679, '94', '83', '100', '65', 'La personne est très aimable, elle me donne les horaires des 2 sites et me répond par une phrase complète.'),
(534, 137146, 2, 2, 141, '86', '80', '56', NULL, 'Ton dynamique. Personne très aimable qui me renseigne.'),
(535, 138250, 8, 1, 596, '96', '83', '999', NULL, 'Le ton de l\'interlocuteur est fluide et naturel. Il se montre accueillant et aimable.'),
(536, 138215, 8, 1, 578, '96', '100', '100', NULL, ''),
(537, 139415, 11, 2, 758, '86', '83', '100', '999', 'Pas d\'appel réalisé.'),
(538, 139503, 11, 6, 740, '94', '999', '100', '100', 'La personne est très aimable et me répond par une phrase complète.'),
(539, 137928, 7, 6, 514, '97', '83', '100', NULL, 'La personne est accueillante, le sourire est audible. Le ton est dynamique.'),
(540, 139424, 11, 2, 642, '97', '999', '100', '100', 'La personne est très aimable.'),
(541, 137555, 5, 6, 317, '79', '83', '81', NULL, 'La personne répond convenablement à ma demande en m\'indiquant les horaires du magasin mais l\'échange aurait pu être plus convivial.'),
(542, 137554, 5, 6, 317, '87', '83', '100', NULL, ''),
(543, 138119, 7, 1, 373, '86', '80', '999', NULL, ''),
(544, 138490, 9, 2, 192, '999', '999', '999', NULL, ''),
(545, 137714, 5, 2, 397, '95', '999', '100', NULL, ''),
(546, 138303, 8, 7, 622, '999', '999', '999', NULL, ''),
(547, 139569, 12, 7, 783, '92', '0', '100', '100', 'Le ton de l\'interlocuteur était énergique. L\'accueil était chaleureux.'),
(548, 139408, 11, 2, 751, '91', '17', '100', '999', 'Pas d\'appel réalisé.'),
(549, 140677, 13, 8, 930, '82', '999', '999', '83', 'Décrochage rapide et accueil qui est tout de même souriant et amical.'),
(550, 138070, 7, 6, 527, '95', '83', '100', NULL, ''),
(551, 140572, 13, 2, 181, '98', '999', '100', '25', 'Interlocutrice souriante et sympathique. Elle s\'est présentée en plus de la présentation de l\'entreprise, et a précisé les jours de fermeture.'),
(552, 140676, 13, 8, 929, '98', '999', '100', '100', 'Décrochage rapide, interlocutrice très souriante et sympathique.'),
(553, 137373, 2, 6, 254, '93', '80', '100', NULL, ''),
(554, 139528, 12, 1, 829, '95', '100', '100', '999', 'Pas d\'appel réalisé.'),
(555, 139553, 12, 1, 827, '94', '999', '100', '999', 'L\'accueil était simple. La personne ne m\'a pas communiqué de précisions concernant les horaires d\'ouverture en semaine (seulement le lundi).'),
(556, 138023, 7, 6, 485, '97', '999', '100', NULL, ''),
(557, 137285, 2, 7, 210, '55', '80', '88', NULL, ''),
(558, 140675, 13, 8, 928, '74', '999', '100', '83', 'Décrochage rapide et accueil souriant. L\'interlocutrice a pensé à préciser les heures d\'ouverture.'),
(559, 139422, 11, 2, 639, '97', '999', '100', '100', 'La personne est très aimable.'),
(560, 139482, 11, 2, 713, '88', '83', '50', '999', 'La personne est très aimable et me répond par une phrase complète.'),
(561, 137661, 5, 7, 370, '97', '999', '100', NULL, 'Personne très aimable et dynamique.'),
(562, 137947, 7, 1, 531, '84', '83', '100', NULL, 'Temps d\'attente au décrochage rapide, accueil de l\'interlocuteur agréable ainsi qu\'une bonne prise de congé.'),
(563, 138012, 7, 6, 475, '96', '999', '100', NULL, ''),
(564, 138406, 8, 7, 674, '99', '999', '100', NULL, 'Ton chaleureux et dynamique. Réponse claire, complète et spontanée.'),
(565, 140702, 13, 7, 461, '95', '999', '100', '58', 'L\'interlocuteur était très aimable et agréable et se montrait disponible pour me donner des information'),
(566, 137249, 2, 2, 192, '96', '83', '100', NULL, ''),
(567, 137630, 5, 1, 355, '98', '83', '100', NULL, ''),
(568, 137929, 7, 6, 515, '86', '999', '100', NULL, 'Attente avant décrochage court. Bon accueil général. Bonne prise de congé.'),
(569, 137835, 6, 6, 434, '93', '999', '100', NULL, 'L\'interlocuteur est aimable au téléphone.'),
(570, 138503, 9, 6, 259, '999', '999', '999', NULL, ''),
(571, 137965, 7, 2, 549, '88', '999', '100', NULL, 'La personne est accueillante, correcte. Le sourire est audible.'),
(572, 139535, 12, 7, 774, '90', '20', '100', '100', 'L\'accueil était simple. L\'interlocuteur semblait être pressé.'),
(573, 137825, 6, 2, 464, '999', '999', '999', NULL, ''),
(574, 138452, 9, 6, 270, '93', '83', '100', NULL, 'Ton chaleureux et dynamique. Réponse claire, spontanée, complète voire exhaustive.'),
(575, 138453, 9, 6, 279, '94', '999', '100', NULL, 'Personne aimable avec un ton neutre qui répond un peu vite.'),
(576, 137649, 5, 2, 364, '99', '999', '100', NULL, 'Personne très aimable, souriante, répond à ma demande de manière complète, dynamique.'),
(577, 139517, 11, 2, 752, '76', '17', '100', '999', 'Pas d\'appel réalisé.'),
(578, 138411, 8, 2, 676, '86', '80', '88', NULL, ''),
(579, 137241, 2, 2, 188, '97', '80', '100', NULL, ''),
(580, 137927, 7, 6, 513, '99', '83', '999', NULL, 'La personne semble souriante et agréable. Elle parle lentement pour que j\'ai le temps de bien assimiler les horaires d\'ouverture.'),
(581, 137860, 6, 6, 456, '95', '100', '100', NULL, 'La personne au téléphone me renseigne facilement. Elle est dynamique et aimable. '),
(582, 138494, 9, 7, 211, '999', '999', '999', NULL, ''),
(583, 137641, 5, 2, 360, '94', '80', '999', NULL, 'Personne très aimable, répond à ma demande, fait des phrases complètes, enjouée et dynamique.'),
(584, 138351, 8, 2, 647, '98', '999', '100', NULL, ''),
(585, 139606, 12, 6, 296, '96', '80', '100', '100', '\r\nTon : bien  \r\nAccueil : bien'),
(586, 137133, 2, 2, 134, '95', '80', '100', NULL, ''),
(587, 138415, 8, 7, 205, '86', '999', '100', NULL, ''),
(588, 138098, 7, 2, 348, '98', '83', '100', NULL, ''),
(589, 137972, 7, 2, 555, '83', '80', '999', NULL, 'Attente avant décrochage court. Accueil général satisfaisant. Bonne prise de congé.'),
(590, 137729, 5, 6, 404, '96', '999', '81', NULL, 'La personne est agréable, accueillante, dynamique et souriante. Elle répond clairement. Bonne prise de congé.'),
(591, 137145, 2, 2, 140, '94', '80', '100', NULL, ''),
(592, 138282, 8, 7, 612, '91', '999', '999', NULL, 'Appel non abouti au bout de 3 tentatives.'),
(593, 137589, 5, 1, 334, '98', '80', '100', NULL, 'Interlocutrice souriante et enjouée, je n\'ai pas du tout l\'impression de la déranger. Réponse spontanée et claire.'),
(594, 138497, 9, 7, 227, '999', '999', '999', NULL, ''),
(595, 137201, 2, 1, 168, '96', '83', '100', NULL, ''),
(596, 137874, 6, 2, 142, '74', '100', '88', NULL, 'La personne est aimable, mais pas très souriante.'),
(597, 138440, 9, 7, 206, '90', '999', '100', NULL, 'Personne très aimable, qui répond à ma demande de manière complète.'),
(598, 140654, 13, 1, 908, '98', '999', '100', '100', 'Appel non abouti au bout de 3 tentatives'),
(599, 137457, 2, 6, 296, '91', '80', '999', NULL, ''),
(600, 137571, 5, 2, 325, '100', '83', '100', NULL, 'Personne très dynamique et souriante : bonne présentation,  répond à ma demande clairement.'),
(601, 138180, 8, 1, 372, '96', '100', '999', NULL, 'Personne aimable, souriante et dynamique qui répond à ma demande de manière complète.'),
(602, 137898, 7, 6, 489, '91', '999', '100', NULL, 'Peu d\'attente avant que la personne ne décroche. Bon accueil et bonne prise de congé.'),
(603, 137600, 5, 1, 340, '94', '50', '100', NULL, ''),
(604, 139542, 12, 7, 773, '92', '80', '100', '100', 'Le ton de l\'interlocuteur était agréable. L\'accueil était chaleureux. Présence de dynamisme et de sourire.'),
(605, 137683, 5, 2, 381, '97', '0', '100', NULL, 'Personne très aimable et souriante, s\'exprime clairement, très dynamique et enjouée.'),
(606, 137887, 7, 6, 479, '96', '999', '100', NULL, 'La personne est accueillante, le sourire est audible. La personne semble dynamique.'),
(607, 138038, 7, 6, 495, '93', '999', '100', NULL, ''),
(608, 137271, 2, 7, 203, '60', '999', '81', NULL, ''),
(609, 139619, 12, 6, 289, '94', '80', '100', '100', '\r\nTon : agréable\r\nAccueil : agréable'),
(610, 137372, 2, 6, 254, '89', '80', '100', NULL, 'Très aimable, ton de voix très doux, prend le temps de parler, ne se presse pas.'),
(611, 137904, 7, 6, 490, '97', '999', '100', NULL, 'Attente avant décrochage court. Bon accueil général. Bonne prise de congé.'),
(612, 138051, 7, 6, 508, '97', '80', '999', NULL, ''),
(613, 137700, 5, 2, 390, '94', '83', '100', NULL, ''),
(614, 137289, 2, 7, 212, '81', '83', '100', NULL, ''),
(615, 140629, 13, 1, 885, '97', '999', '100', '92', 'L\'interlocutrice était agréable.'),
(616, 137984, 7, 6, 296, '80', '83', '999', NULL, 'La personne est accueillante, agréable, le sourire est audible.'),
(617, 137370, 2, 6, 253, '96', '83', '100', NULL, 'Très bon accueil, se rend disponible, pas d\'attente.'),
(618, 137328, 2, 7, 232, '96', '0', '100', NULL, 'Une personne aimable et dynamique.'),
(619, 140671, 13, 8, 924, '93', '999', '100', '100', 'Interlocutrice souriante et accueillante, qui a fait une présentation complète au décrochage.'),
(620, 137539, 5, 7, 309, '88', '100', '999', NULL, 'Bon accueil, personne très souriante et dynamique. Bonne présentation.'),
(621, 138054, 7, 6, 511, '99', '999', '100', NULL, ''),
(622, 137861, 6, 6, 457, '97', '999', '100', NULL, 'La personne est souriante, aimable et professionnelle.'),
(623, 137774, 5, 2, 427, '95', '999', '100', NULL, ''),
(624, 137202, 2, 1, 169, '92', '0', '100', NULL, 'Ton dynamique et accueil chaleureux. Me renseigne correctement mais personne assez distante/froide.'),
(625, 137410, 2, 6, 273, '91', '83', '100', NULL, 'Accueil chaleureux. Ton souriant et dynamique. Me renseigne sans soucis.'),
(626, 137311, 2, 7, 223, '89', '83', '100', NULL, ''),
(627, 138240, 8, 1, 591, '94', '83', '999', NULL, 'Le ton de l\'interlocutrice est fluide et naturel. L\'interlocutrice se montre aimable et souriante.'),
(628, 139555, 12, 2, 798, '92', '80', '100', '100', 'Le ton de l\'interlocuteur était dynamique. Présence de sourires.'),
(629, 137443, 2, 6, 289, '95', '80', '100', NULL, ''),
(630, 137740, 5, 6, 410, '95', '50', '100', NULL, ''),
(631, 137811, 6, 2, 451, '999', '999', '999', NULL, ''),
(632, 138189, 8, 2, 137, '96', '80', '999', NULL, ''),
(633, 139614, 12, 2, 139, '77', '80', '999', '100', 'Ton : normal sans plus (aucun sentiment d\'attention particulière).  Accueil : normal'),
(634, 137257, 2, 7, 196, '85', '999', '100', NULL, ''),
(635, 137275, 2, 7, 205, '85', '999', '100', NULL, ''),
(636, 137733, 5, 1, 406, '93', '83', '100', NULL, ''),
(637, 137191, 2, 1, 163, '92', '100', '88', NULL, ''),
(638, 137498, 5, 6, 270, '91', '50', '100', NULL, ''),
(639, 139469, 11, 2, 699, '91', '83', '100', '100', 'La personne est très aimable.'),
(640, 137981, 7, 7, 241, '84', '83', '999', NULL, 'Peu d\'attente avant décrochage. Bon accueil et bonne prise de congé.'),
(641, 137921, 7, 6, 507, '97', '999', '100', NULL, 'La personne est très accueillante, énergique. Elle m\'a demandé quel jour je souhaitais venir et m\'a dit que j\'étais la bienvenue.'),
(642, 138249, 8, 1, 595, '95', '100', '999', NULL, ''),
(643, 137737, 5, 2, 408, '97', '83', '100', NULL, 'Pas de formule d\'accueil. La personne demande mon nom. Elle répond clairement à ma demande. Bonne prise de congé.'),
(644, 139545, 12, 2, 810, '87', '100', '100', '90', 'L\'accueil était convivial. La personne m\'a apporté des précisions concernant les horaires d\'ouverture et en semaine (sur rendez-vous).'),
(645, 139610, 12, 2, 388, '93', '100', '100', '75', 'Ton : correct  Accueil : correct'),
(646, 139566, 12, 2, 813, '89', '80', '100', '999', 'L\'accueil était plaisant.'),
(647, 138057, 7, 6, 514, '96', '80', '100', NULL, ''),
(648, 137603, 5, 6, 341, '95', '999', '100', NULL, 'Ton enjoué et courtois, réponse obtenue de suite sans hésitation. La personne raccroche avant moi.'),
(649, 138457, 9, 7, 299, '96', '100', '100', NULL, 'Accueil jovial et dynamique, réponse complète et précise.'),
(650, 137686, 5, 6, 383, '92', '50', '100', NULL, ''),
(651, 138234, 8, 1, 588, '91', '83', '100', NULL, 'Le ton de l\'interlocutrice est fluide et naturel. L\'interlocutrice se montre aimable, accueillante et souriante.'),
(652, 137446, 2, 6, 291, '83', '83', '999', NULL, 'Ton souriant et dynamique. Me renseigne sans soucis.'),
(653, 137793, 6, 6, 434, '999', '999', '999', NULL, ''),
(654, 137845, 6, 1, 444, '97', '50', '100', NULL, 'La personne est très aimable, souriante et professionnelle.'),
(655, 137855, 6, 2, 451, '91', '83', '100', NULL, 'La personne est très aimable et souriante. Elle me précise les horaires selon les jours.'),
(656, 138278, 8, 7, 610, '93', '999', '100', NULL, 'Le ton de l\'interlocutrice est courtois. Elle s\'est montrée accueillante et à mon écoute.'),
(657, 137882, 7, 6, 474, '77', '100', '100', NULL, 'La personne est accueillante, le sourire est audible. Le ton est dynamique. On me renseigne facilement. '),
(658, 138308, 8, 7, 625, '90', '100', '100', NULL, 'Décrochage assez rapide mais interlocuteur peu chaleureux au décrochage.'),
(659, 138199, 8, 1, 570, '85', '83', '100', NULL, ''),
(660, 137485, 5, 1, 156, '88', '80', '100', NULL, ''),
(661, 139467, 11, 2, 696, '94', '80', '100', '100', 'L\'hotesse est très aimable et dynamique, elle me répond par une phrase complète.'),
(662, 138363, 8, 2, 653, '93', '999', '100', NULL, ''),
(663, 138479, 9, 2, 427, '95', '83', '999', NULL, 'Interlocuteur aimable, souriant et chaleureux qui répond à ma demande de manière complète.'),
(664, 138269, 8, 7, 605, '96', '100', '100', NULL, ''),
(665, 138153, 8, 6, 287, '89', '100', '999', NULL, ''),
(666, 140658, 13, 2, 912, '91', '999', '100', '999', 'Décrochage rapide, mais phrase de décrochage se limitant à un \"Allo\". Personne qui a répondu à ma demande sans difficulté et précisant les horaires.'),
(667, 137399, 2, 6, 267, '96', '999', '100', NULL, ''),
(668, 138103, 7, 2, 557, '85', '999', '100', NULL, ''),
(669, 138444, 9, 7, 227, '83', '999', '100', NULL, 'Ton chaleureux et dynamique. Réponse spontanée mais partielle.'),
(670, 137853, 6, 2, 450, '96', '17', '100', NULL, 'La personne est très aimable et souriante. Elle est professionnelle car elle m\'indique que les horaires sont différents le vendredi.'),
(671, 138117, 7, 2, 141, '52', '80', '56', NULL, ''),
(672, 137994, 7, 2, 140, '92', '80', '88', NULL, 'La personne a répondu très rapidement, presque trop rapidement pour comprendre les horaires. Le ton est resté tout de même très courtois et dynamique.'),
(673, 139531, 12, 1, 367, '96', '80', '100', '100', 'Pas d\'appel réalisé.'),
(674, 138251, 8, 1, 596, '93', '83', '999', NULL, ''),
(675, 138375, 8, 2, 659, '87', '999', '38', NULL, ''),
(676, 138162, 8, 6, 295, '92', '83', '999', NULL, 'Personne très aimable, souriante, qui répond à ma demande en faisant des phrases complètes.'),
(677, 139437, 11, 6, 272, '97', '100', '100', '999', 'L\'hotesse est très aimable.'),
(678, 138432, 9, 1, 160, '72', '999', '81', NULL, 'Appel non abouti au bout de 3 tentatives.'),
(679, 140587, 13, 2, 559, '96', '999', '100', '25', 'L\'interlocutrice était agréable et efficace.'),
(680, 137746, 5, 7, 413, '96', '50', '100', NULL, ''),
(681, 137936, 7, 6, 522, '86', '80', '100', NULL, 'La personne est correcte, soucieuse de me satisfaire mais pas très énergique.'),
(682, 137409, 2, 6, 272, '98', '100', '100', NULL, ''),
(683, 138287, 8, 7, 614, '94', '80', '100', NULL, ''),
(684, 137229, 2, 2, 182, '88', '999', '100', NULL, ''),
(685, 138441, 9, 7, 211, '99', '999', '100', NULL, 'Personne très aimable et souriante qui répond à ma demande de manière complète.'),
(686, 137402, 2, 6, 269, '98', '80', '100', NULL, 'Accueil chaleureux, ton très souriant et dynamique. Me renseigne correctement.'),
(687, 137919, 7, 6, 505, '95', '999', '100', NULL, 'La personne est accueillante et souriante. Elle est assez énergique.'),
(688, 138132, 7, 1, 368, '85', '80', '81', NULL, ''),
(689, 138204, 8, 1, 573, '87', '999', '81', NULL, 'Interlocutrice dynamique et joviale.'),
(690, 139480, 11, 2, 711, '72', '999', '50', '100', 'La personne est très aimable et dynamique.'),
(691, 138091, 7, 1, 546, '96', '83', '100', NULL, ''),
(692, 138341, 8, 2, 642, '97', '999', '100', NULL, ''),
(693, 137536, 5, 2, 308, '92', '100', '100', NULL, ''),
(694, 139491, 11, 1, 722, '89', '80', '50', '75', 'La personne est très aimable et me répond par une phrase complète.'),
(695, 137182, 2, 1, 159, '77', '80', '63', NULL, 'Rrépond à ma demande correctement mais mauvais décrochage même si il y a rattrapage sur une bonne prise de congé.'),
(696, 139514, 11, 7, 684, '95', '999', '100', '100', 'La personne ne fait pas de phrase sur les horaires d\'ouverture. Elle me demande pourquoi je demande. Elle prend congé de manière plutôt cordiale.'),
(697, 138216, 8, 1, 579, '95', '999', '100', NULL, 'L\'interlocutrice se montre accueillante, aimable et soucieuse de me satisfaire. Le ton de sa voix est fluide et naturel.'),
(698, 139513, 11, 7, 682, '98', '999', '100', '100', 'La personne a l\'air très légérement agacé par ma demande. Elle fait une phrase complète pour me donner les horaires. Elle me dit au revoir.'),
(699, 137406, 2, 6, 271, '95', '999', '100', NULL, 'Interlocutrice très souriante et dynamique. Me renseigne sans soucis malgré un accueil un peu timide dans la voix.'),
(700, 137524, 5, 2, 303, '87', '999', '100', NULL, ''),
(701, 139404, 11, 2, 747, '95', '83', '100', '999', 'Pas d\'appel réalisé.'),
(702, 139603, 12, 2, 184, '91', '80', '100', '100', 'Ton : agréable Accueil : bien'),
(703, 138242, 8, 1, 592, '95', '999', '100', NULL, 'L\'interlocutrice se montre agréable, à mon écoute et souriante.'),
(704, 140685, 13, 2, 949, '76', '999', '100', '999', 'Pas d\'appel réalisé.'),
(705, 140584, 13, 6, 484, '95', '999', '100', '999', 'Interlocuteur souriant et accueillant qui a précisé les horaires d\'ouverture.'),
(706, 137770, 5, 2, 425, '86', '83', '100', NULL, ''),
(707, 138518, 9, 1, 368, '999', '999', '999', NULL, ''),
(708, 137454, 2, 6, 295, '82', '80', '63', NULL, 'Accueil chaleureux. Ton souriant et dynamique. Me renseigne sans soucis.'),
(709, 139432, 11, 6, 251, '88', '999', '100', '100', 'Une hotesse très aimable qui me précise que l\'enseigne peut ouvrir plus tard en cas de besoin.'),
(710, 138277, 8, 7, 609, '93', '83', '100', NULL, ''),
(711, 139574, 12, 2, 807, '97', '80', '999', '100', 'L\'accueil était sympathique.'),
(712, 137915, 7, 6, 501, '84', '83', '81', NULL, 'L\'accueil est agréable, la réponse est très complète, parle lentement pour avoir le temps d\'assimiler les horaires.'),
(713, 137561, 5, 1, 320, '95', '83', '100', NULL, 'Bon accueil. La personne répond à ma demande en me donnant les horaires. Bonne fin d\'entretien.'),
(714, 138377, 8, 2, 660, '94', '999', '100', NULL, ''),
(715, 137389, 2, 6, 262, '89', '80', '100', NULL, ''),
(716, 137762, 5, 6, 421, '94', '999', '100', NULL, ''),
(717, 137378, 2, 6, 257, '90', '999', '100', NULL, 'Je n\'ai pas très bien entendu sa présentation. Mais l\'interlocuteur reste poli et à l\'écoute.'),
(718, 137788, 6, 6, 267, '999', '999', '999', NULL, ''),
(719, 137598, 5, 1, 339, '68', '80', '69', NULL, ''),
(720, 138437, 9, 2, 192, '98', '80', '100', NULL, 'Le ton est dynamique et chaleureux. Réponse claire, complète et spontannée.'),
(721, 138247, 8, 1, 594, '96', '999', '100', NULL, ''),
(722, 137703, 5, 2, 391, '999', '999', '999', NULL, ''),
(723, 138064, 7, 6, 521, '100', '999', '100', NULL, ''),
(724, 138532, 9, 2, 427, '999', '999', '999', NULL, ''),
(725, 137512, 5, 6, 296, '97', '80', '999', NULL, ''),
(726, 138186, 8, 1, 165, '96', '999', '100', NULL, 'L\'interlocuteur se montre accueillant mais me répond de façon sèche.'),
(727, 139547, 12, 7, 781, '90', '999', '100', '100', 'Le ton de l\'interlocuteur était agréable.  Cependant, la personne ne m\'a pas donné de précisions concernant les jours d\'ouverture de la boutique.'),
(728, 139477, 11, 2, 708, '92', '100', '100', '50', 'Le ton est neutre, la personne ne se présente pas au décrochage.'),
(729, 137316, 2, 7, 226, '96', '999', '100', NULL, 'Accueil chaleureux, ton aimable et dynamique. Me renseigne correctement.'),
(730, 138079, 7, 1, 534, '95', '100', '100', NULL, ''),
(731, 139446, 11, 6, 456, '97', '999', '100', '999', 'L\'hotesse est très aimable mais me répond sans faire de phrase.'),
(732, 137209, 2, 1, 172, '97', '999', '100', NULL, ''),
(733, 139506, 11, 2, 469, '94', '83', '100', '100', 'La personne est très aimable et agréable.'),
(734, 137417, 2, 6, 276, '92', '83', '100', NULL, ''),
(735, 138232, 8, 1, 587, '94', '83', '100', NULL, 'Le ton de l\'interlocutrice est fluide et naturel. Elle s\'est montrée aimable et accueillante.'),
(736, 137307, 2, 7, 221, '95', '999', '100', NULL, ''),
(737, 137181, 2, 1, 158, '90', '83', '100', NULL, ''),
(738, 138147, 8, 7, 241, '87', '83', '999', NULL, ''),
(739, 140663, 13, 2, 917, '97', '999', '100', '100', 'L\'interlocutrice a répondu à ma demande, mais laccueil n\'est pas très souriant. Le ton est assez sec.'),
(740, 137596, 5, 1, 338, '97', '80', '100', NULL, ''),
(741, 137312, 2, 7, 224, '93', '999', '100', NULL, 'Accueil chaleureux, ton aimable et dynamique. Me renseigne correctement.'),
(742, 137938, 7, 6, 524, '98', '83', '100', NULL, 'Temps d\'attente avant décrochage court. Bon accueil général. Bonne prise de congé.'),
(743, 137451, 2, 6, 293, '93', '100', '100', NULL, ''),
(744, 138156, 8, 6, 289, '90', '80', '999', NULL, 'Interlocuteur très aimable, chaleureux, qui répond à ma demande en faisant des phrases complètes.'),
(745, 137684, 5, 6, 382, '89', '80', '100', NULL, ''),
(746, 139471, 11, 2, 701, '86', '83', '50', '999', 'La personne est très aimable.'),
(747, 138450, 9, 6, 259, '71', '83', '999', NULL, 'Appel non abouti au bout de 3 tentatives.'),
(748, 138293, 8, 7, 617, '95', '999', '100', NULL, ''),
(749, 137151, 2, 2, 143, '93', '83', '100', NULL, ''),
(750, 137876, 6, 2, 469, '96', '80', '100', NULL, 'Personne très aimable, me répond complètement, enjouée et dynamique.'),
(751, 138009, 7, 6, 472, '92', '83', '100', NULL, ''),
(752, 137725, 5, 1, 402, '999', '999', '999', NULL, ''),
(753, 139599, 12, 6, 767, '95', '999', '100', '100', 'Le ton de l\'interlocuteur était énergique. L\'accueil était sympathique.'),
(754, 140662, 13, 2, 916, '96', '999', '100', '100', 'J\'avais l\'impression de déranger'),
(755, 137487, 5, 1, 157, '89', '83', '100', NULL, 'On entend pas le début de la phrase d\'accueil (juste \"écoute\"). Personne très aimable, souriante, dynamique et enjouée, s\'exprime clairement.'),
(756, 137184, 2, 1, 160, '94', '0', '100', NULL, 'Malgré une voix monocorde, m\'a renseigné correctement.'),
(757, 140604, 13, 7, 861, '99', '999', '100', '63', 'L\'interlocutrice a ri mais était aimable.'),
(758, 140664, 13, 2, 918, '91', '999', '100', '88', 'L\'interlocuteur était aimable et agréable'),
(759, 140592, 13, 7, 849, '91', '999', '999', '100', 'L\'interlocutrice était très agréable et me donnait beaucoup d\'information'),
(760, 140586, 13, 6, 523, '94', '999', '100', '90', 'L\'interlocutrice s\'est montrée agréable'),
(761, 138451, 9, 6, 266, '93', '999', '100', NULL, 'Interlocutrice nonchalante, peu joviale et pas dynamique.'),
(762, 137333, 2, 7, 234, '94', '83', '999', NULL, ''),
(763, 138423, 8, 7, 224, '93', '999', '100', NULL, ''),
(764, 137946, 7, 1, 530, '92', '80', '100', NULL, 'Peu d\'attente avant décrochage. Bon accueil ainsi qu\'une bonne prise de congé.'),
(765, 138399, 8, 2, 670, '86', '999', '69', NULL, ''),
(766, 138007, 7, 7, 564, '97', '999', '100', NULL, 'La personne est accueillante et souriante. Le sourire est audible, la personne est dynamique.'),
(767, 137479, 5, 2, 140, '99', '80', '100', NULL, 'Personne très aimable et souriante, assez dynamique, s\'exprime clairement, décroche et répond rapidement'),
(768, 137871, 6, 2, 465, '96', '80', '100', NULL, 'Personne très aimable, me répond complètement, fait des phrases complètes, enjouée et dynamique.'),
(769, 137198, 2, 1, 167, '94', '999', '100', NULL, 'Très souriant, me renseigne sans soucis.'),
(770, 137225, 2, 2, 180, '89', '80', '100', NULL, ''),
(771, 137800, 6, 1, 441, '999', '999', '999', NULL, ''),
(772, 138342, 8, 2, 643, '87', '100', '100', NULL, 'Personne aimable, souriante et dynamique qui répond à ma demande de manière complète.'),
(773, 138214, 8, 1, 578, '96', '100', '100', NULL, 'Le ton de l\'interlocutrice est courtois et agréable. L\'interlocutrice s\'est montrée à mon écoute et accueillante.'),
(774, 137546, 5, 1, 313, '999', '999', '999', NULL, ''),
(775, 137817, 6, 6, 457, '999', '999', '999', NULL, ''),
(776, 137640, 5, 2, 360, '92', '80', '999', NULL, ''),
(777, 137135, 2, 2, 135, '93', '83', '100', NULL, ''),
(778, 138001, 7, 6, 295, '94', '100', '100', NULL, 'Peu d\'attente avant décrochage. Bon accueil général. Bonne prise de congé'),
(779, 137607, 5, 1, 343, '91', '83', '88', NULL, 'Interlocuteur courtois et disponible, me répond sans formuler de phrase.'),
(780, 138067, 7, 6, 524, '97', '100', '100', NULL, ''),
(781, 137505, 5, 6, 289, '86', '83', '88', NULL, ''),
(782, 137329, 2, 7, 232, '97', '100', '100', NULL, ''),
(783, 138114, 7, 6, 291, '60', '80', '999', NULL, ''),
(784, 137643, 5, 6, 361, '93', '999', '100', NULL, 'Personne très aimable et disponible, me demande si je veux prendre rendez vous, répond à ma demande, fait des phrases complètes, enjouée et dynamique.'),
(785, 137691, 5, 1, 385, '92', '50', '100', NULL, 'Personne plutôt aimable et souriante, s\'exprime clairement, assez dynamique et enjouée.'),
(786, 137251, 2, 2, 193, '84', '83', '75', NULL, ''),
(787, 138372, 8, 2, 658, '96', '999', '100', NULL, 'Personne très aimable, souriante et chaleureuse qui répond à ma demande de manière complète.'),
(788, 137647, 5, 2, 363, '92', '999', '100', NULL, 'La personne répond à ma demande de manière complète, aimable, me dit juste \"allo\" au décrochage.'),
(789, 137689, 5, 1, 384, '98', '999', '100', NULL, 'Personne plutôt aimable et souriante, s\'exprime clairement, assez dynamique, en fin d\'entretien me demande qui je suis.'),
(790, 138259, 8, 7, 600, '98', '999', '100', NULL, ''),
(791, 137489, 5, 7, 233, '96', '999', '100', NULL, 'Personne aimable, me répond complètement, fait des phrases complètes, est dynamique.'),
(792, 138195, 8, 1, 568, '94', '999', '999', NULL, ''),
(793, 139461, 11, 2, 690, '96', '100', '100', '100', 'La personne est aimable mais ne se présente pas au décrochage.'),
(794, 137709, 5, 2, 394, '96', '100', '100', NULL, 'La personne est dynamique, elle répond à ma demande, bonne prise de congé mais pas de présentation à l\'accueil.'),
(795, 137161, 2, 1, 148, '97', '999', '100', NULL, ''),
(796, 137301, 2, 7, 218, '98', '999', '100', NULL, ''),
(797, 137735, 5, 7, 407, '84', '100', '100', NULL, 'Appel non abouti malgré plusieurs tentatives'),
(798, 137557, 5, 6, 318, '90', '80', '100', NULL, 'Bon accueil mais la personne au bout du fil manque de convivialité. La personne me répond au bout de 3 sonneries.'),
(799, 137277, 2, 7, 206, '92', '999', '100', NULL, ''),
(800, 138099, 7, 2, 553, '97', '999', '100', NULL, ''),
(801, 139525, 12, 2, 811, '97', '80', '100', '100', 'Pas d\'appel réalisé.'),
(802, 137816, 6, 6, 456, '999', '999', '999', NULL, ''),
(803, 138337, 8, 2, 640, '95', '999', '100', NULL, ''),
(804, 137352, 2, 7, 244, '93', '999', '100', NULL, 'Ton dynamique et accueil chaleureux. Me renseigne correctement. Même si \"allô\" au décrochage fait peu professionnel.'),
(805, 137880, 7, 6, 472, '92', '999', '100', NULL, 'La personne est très accueillante, elle est soucieuse de me satisfaire. Le sourire est audible. Elle répète bien deux fois les horaires pour que je puisse les assimiler.'),
(806, 137233, 2, 2, 184, '96', '999', '100', NULL, ''),
(807, 138467, 9, 2, 379, '90', '999', '63', NULL, 'Personne aimable, disponible, qui répond à ma demande de manière complète.'),
(808, 137486, 5, 1, 157, '91', '83', '100', NULL, ''),
(809, 137956, 7, 1, 540, '94', '0', '100', NULL, 'La personne est accueillante et dynamique. Elle se présente dès le décrochage.'),
(810, 138028, 7, 6, 268, '92', '999', '100', NULL, ''),
(811, 138206, 8, 1, 574, '93', '100', '999', NULL, 'L\'interlocutrice s\'est montrée accueillante.'),
(812, 137863, 6, 7, 459, '82', '999', '999', NULL, 'La personne est aimable et souriante, elle a vérifié auprès de sa collègue les horaires avant de me les donner.'),
(813, 138120, 7, 6, 292, '94', '80', '100', NULL, ''),
(814, 139516, 11, 2, 761, '89', '17', '100', '999', 'Pas d\'appel réalisé.'),
(815, 137423, 2, 6, 279, '91', '999', '100', NULL, ''),
(816, 137276, 2, 7, 206, '89', '999', '100', NULL, 'Ton dynamique et accueil chaleureux. Me renseigne correctement.'),
(817, 137416, 2, 6, 276, '78', '83', '100', NULL, 'Aimable, sympathique, assez bon accueil'),
(818, 137262, 2, 7, 199, '82', '999', '100', NULL, 'Interlocutrice souriante, dynamique et aimable.'),
(819, 138508, 9, 6, 284, '999', '999', '999', NULL, ''),
(820, 139407, 11, 2, 750, '97', '83', '100', '999', 'Pas d\'appel réalisé.'),
(821, 138131, 7, 1, 367, '95', '80', '100', NULL, ''),
(822, 137369, 2, 6, 252, '93', '100', '100', NULL, ''),
(823, 138090, 7, 1, 545, '98', '80', '100', NULL, ''),
(824, 138461, 9, 1, 332, '97', '999', '100', NULL, 'Réponse spontanée, claire et complète. Ton chaleureux et dynamique.'),
(825, 137828, 6, 2, 467, '999', '999', '999', NULL, ''),
(826, 137858, 6, 6, 454, '93', '50', '100', NULL, 'La personne au téléphone est dynamique et sympathique.'),
(827, 138320, 8, 6, 632, '87', '83', '999', NULL, 'Interlocuteur sympathique et spontané.'),
(828, 140617, 13, 6, 874, '98', '999', '100', '38', 'L\'interlocutrice était très aimable et agréable'),
(829, 137884, 7, 6, 476, '94', '999', '100', NULL, 'La personne est très accueillante, dynamique, le sourire est audible.'),
(830, 137727, 5, 7, 403, '99', '999', '100', NULL, 'L\'interlocuteur est accueillant, dynamique et agreable. Il répond clairement. Bonne prise de congé.'),
(831, 137621, 5, 1, 350, '96', '80', '100', NULL, 'Réponse formulée clairement, dans une phrase. La personne me répond de manière polie et courtoise.'),
(832, 137743, 5, 2, 411, '92', '50', '100', NULL, 'La personne se présente avec son prénom. Elle est agréable, peu dynamique mais répond clairement à ma demande. Bonne prise de congé.'),
(833, 137648, 5, 2, 364, '99', '83', '100', NULL, ''),
(834, 139580, 12, 6, 766, '95', '100', '100', '100', 'L\'accueil chaleureux. La personne m\'a apporté des informations sur les horaires d\'ouverture des boutiques de Boulogne-sur-Mer et Calais.'),
(835, 138362, 8, 2, 653, '95', '83', '100', NULL, 'Personne très aimable, souriante et dynamique qui répond à ma demande de manière complète.'),
(836, 137176, 2, 1, 156, '69', '100', '81', NULL, 'Ton très dynamique. Très aimable au décrochage et lors de la prise de congé tout en me renseignant correctement.'),
(837, 137361, 2, 7, 248, '98', '83', '100', NULL, ''),
(838, 137248, 2, 2, 192, '97', '80', '100', NULL, 'Personne aimable et souriante.'),
(839, 137945, 7, 1, 529, '93', '999', '100', NULL, 'La personne est très accueillante et dynamique. Elle explique bien les horaires, je dois tout de même demander les horaires du samedi en complément.'),
(840, 140615, 13, 6, 872, '99', '999', '100', '90', 'Décrochage rapide de l\'interlocuteur. La personne était souriante et accueillante et à penser à se présenter également au décrochage.'),
(841, 140652, 13, 1, 906, '100', '999', '100', '83', 'Décrochage rapide et présentation complète (nom entreprise, présentation de linterlocutrice et bonjour). La personne semblait être occupée à répondre à un collègue en même temps que l\'appel.'),
(842, 137773, 5, 1, 426, '95', '83', '100', NULL, 'L\'interlocuteur est aimable et souriant. Il me précise que les horaires sont différents pour les dames.'),
(843, 138072, 7, 1, 156, '98', '100', '100', NULL, ''),
(844, 137704, 5, 2, 392, '84', '100', '81', NULL, ''),
(845, 137433, 2, 6, 284, '94', '999', '100', NULL, ''),
(846, 138096, 7, 2, 551, '94', '999', '100', NULL, ''),
(847, 137676, 5, 7, 378, '97', '100', '100', NULL, ''),
(848, 137384, 2, 6, 260, '92', '83', '100', NULL, 'Accueil très courtois et poli. Mais n\'annonce pas le nom \"La Halle aux viandes\" mais \"La Boucherie\".'),
(849, 137482, 5, 2, 142, '95', '100', '100', NULL, ''),
(850, 139627, 12, 2, 419, '92', '80', '100', '100', 'Ton : ok Accueil : neutre'),
(851, 139625, 12, 1, 373, '93', '80', '100', '100', 'Ton : agréable  Accueil : très bien'),
(852, 137261, 2, 7, 198, '93', '999', '75', NULL, ''),
(853, 137488, 5, 7, 233, '95', '100', '100', NULL, ''),
(854, 137674, 5, 7, 377, '97', '80', '100', NULL, ''),
(855, 138218, 8, 1, 580, '93', '83', '100', NULL, 'Le ton de l\'interlocutrice est fluide et naturel. Elle se montre accueillante et souriante.'),
(856, 138332, 8, 2, 638, '93', '999', '100', NULL, 'Personne très aimable et souriante qui répond à ma demande de manière complèteet sur un ton chaleureux.'),
(857, 137453, 2, 6, 294, '96', '999', '100', NULL, ''),
(858, 137364, 2, 6, 250, '79', '83', '100', NULL, 'La personne m\'a bien informée. Elle est polie et aimable.'),
(859, 138480, 9, 2, 432, '90', '999', '999', NULL, 'Il y a eu un renvoi d\'appel car le commerce était fermé : interlocuteur pas très commode.'),
(860, 139492, 11, 1, 723, '97', '100', '100', '999', 'La personne est très aimable et me répond par une phrase complète.'),
(861, 139583, 12, 2, 800, '93', '100', '100', '92', 'L\'accueil était plaisant.'),
(862, 138323, 8, 6, 633, '98', '100', '100', NULL, ''),
(863, 138187, 8, 1, 165, '99', '80', '100', NULL, ''),
(864, 138367, 8, 2, 655, '79', '67', '100', NULL, ''),
(865, 138296, 8, 7, 619, '89', '17', '999', NULL, 'Personne polie et professionnelle.'),
(866, 140579, 13, 2, 352, '94', '999', '100', '100', 'Appel non abouti au bout de 3 tentatives'),
(867, 137888, 7, 6, 480, '89', '83', '100', NULL, 'La personne est agréable, le sourire est audible de suite. Le ton est dynamique.'),
(868, 137334, 2, 7, 235, '92', '999', '81', NULL, 'Personnel aimable et dynamique.'),
(869, 138345, 8, 2, 644, '92', '999', '100', NULL, ''),
(870, 137178, 2, 1, 157, '91', '80', '100', NULL, 'Ton dynamique et très aimable. Me renseigne correctement.'),
(871, 137766, 5, 6, 423, '94', '999', '81', NULL, ''),
(872, 138261, 8, 7, 601, '95', '999', '999', NULL, ''),
(873, 138197, 8, 1, 569, '95', '83', '100', NULL, ''),
(874, 137374, 2, 6, 255, '88', '999', '100', NULL, 'Ton très souriant et dynamique. Demande même des précisions sur ma demande, professionnel dans son travail.'),
(875, 137424, 2, 6, 280, '95', '100', '100', NULL, 'Accueil chaleureux. Ton très très souriant et dynamique. Me renseigne sans soucis.'),
(876, 137971, 7, 2, 554, '100', '83', '100', NULL, 'La personne est très accueillante, dynamique, le sourire est audible.'),
(877, 137957, 7, 1, 541, '100', '999', '100', NULL, 'La personne est accueillante et dynamique, le sourire est audible.'),
(878, 138233, 8, 1, 587, '94', '17', '100', NULL, ''),
(879, 138201, 8, 1, 571, '92', '80', '100', NULL, ''),
(880, 140612, 13, 6, 869, '97', '999', '100', '100', 'Interlocutrice accueillante et souriante, qui a répondu à ma demande et m\'a donné les ouvertures de la semaine.'),
(881, 137313, 2, 7, 224, '98', '999', '100', NULL, ''),
(882, 138526, 9, 1, 409, '999', '999', '999', NULL, ''),
(883, 139526, 12, 2, 814, '94', '20', '100', '100', 'Après 5 sonneries, une personne me répond. Elle se présente en me donnant le nom de l\'enseigne et en me disant bonjour. Elle me répond rapidement et ajoute les horaires. Sa prise de congé est polie.'),
(884, 140633, 13, 1, 889, '95', '999', '100', '100', 'L\'interlocutrice était aimable et semblait soucieuse de ma satisfaction'),
(885, 137564, 5, 6, 322, '88', '80', '100', NULL, ''),
(886, 137694, 5, 1, 387, '98', '100', '100', NULL, ''),
(887, 137660, 5, 7, 370, '79', '80', '100', NULL, ''),
(888, 139405, 11, 2, 748, '73', '100', '63', '999', 'Pas d\'appel réalisé.'),
(889, 137519, 5, 7, 299, '99', '100', '100', NULL, 'La personne est très aimable, me répond complètement, fait des phrases complètes, enjouée et dynamique.'),
(890, 140597, 13, 7, 854, '99', '999', '100', '95', 'Décrochage rapide, personne très dynamique au téléphone. A répondu à ma demande avec le sourire.'),
(891, 137769, 5, 1, 424, '97', '0', '100', NULL, 'La personne est souriante, aimable et professionnelle. Elle me précise que les horaires sont différents le samedi.'),
(892, 137798, 6, 1, 439, '999', '999', '999', NULL, ''),
(893, 137473, 5, 2, 137, '92', '80', '999', NULL, 'Une personne aimable, souriante mais ne me donne que les horaires de ce jour.'),
(894, 137239, 2, 2, 187, '81', '83', '100', NULL, ''),
(895, 139600, 12, 1, 823, '92', '999', '100', '63', 'accueil dynamique,interlocuteur agréable'),
(896, 138314, 8, 7, 629, '81', '83', '999', NULL, 'Interlocuteur aimable et souriant qui répond à ma demande.'),
(897, 137575, 5, 7, 327, '96', '999', '100', NULL, 'Une présentation complète, la personne est souriante et dynamique, à l\'écoute car elle répond clairement à ma demande.'),
(898, 139588, 12, 1, 826, '98', '80', '100', '83', 'Le ton de l\'interlocuteur était énergique. L\'accueil était plaisant.'),
(899, 140687, 13, 2, 951, '89', '999', '999', '999', 'Pas d\'appel réalisé.'),
(900, 137386, 2, 6, 261, '93', '83', '100', NULL, 'Accueil très poli, aimable, à l\'écoute.'),
(901, 140609, 13, 7, 866, '95', '999', '100', '100', 'Interlocuteur souriant et accueillant. A répondu à ma demande.'),
(902, 138286, 8, 7, 614, '97', '100', '100', NULL, 'Le ton de l\'interlocuteur est fluide et naturel. Il se montre aimable et accueillant.'),
(903, 139472, 11, 2, 702, '87', '999', '100', '999', 'La personne est très aimable.'),
(904, 137842, 6, 1, 441, '100', '100', '100', NULL, 'La personne est souriante, dynamique et aimable.'),
(905, 140643, 13, 1, 545, '95', '999', '100', '999', 'La personne décroche après 3 sonneries. Elle présente le nom du commerce et elle me dit bonjour. Elle me répond d\'un ton souriant tout au long de l\'appel.'),
(906, 137237, 2, 2, 186, '99', '100', '100', NULL, ''),
(907, 137831, 6, 1, 470, '999', '999', '999', NULL, ''),
(908, 138087, 7, 1, 542, '98', '83', '100', NULL, ''),
(909, 138374, 8, 2, 659, '97', '999', '100', NULL, 'Personne très aimable qui répond à ma demande de manière complète.'),
(910, 137398, 2, 6, 267, '96', '999', '100', NULL, 'Quand l\'interlocuteur a décroché, il finissait de parler à un autre client. Sinon bon accueil, la personne est est très polie, agréable et souriante.'),
(911, 137628, 5, 6, 354, '98', '83', '100', NULL, ''),
(912, 137246, 2, 2, 191, '77', '80', '100', NULL, 'Une personne souriante, dynamique et aimable. Raccroche en me disant \"à tout t\'à l\'heure\".'),
(913, 138150, 8, 7, 243, '98', '80', '999', NULL, 'Personne très aimable, me donne une réponse complète.'),
(914, 137751, 5, 1, 415, '94', '80', '100', NULL, 'La personne est accueillante, assez agréable. Elle répond en détail à ma demande. Bonne prise de congé.'),
(915, 137354, 2, 7, 245, '55', '999', '999', NULL, 'Conversation aimable.'),
(916, 138334, 8, 2, 639, '96', '83', '100', NULL, 'Personne très aimable, souriante et chaleureuse qui répond à ma demande de manière complète.'),
(917, 139560, 12, 2, 817, '94', '0', '100', '100', 'Le ton de l\'interlocuteur était sec.'),
(918, 137137, 2, 2, 136, '89', '999', '100', NULL, ''),
(919, 137499, 5, 6, 270, '92', '100', '81', NULL, 'Personne enjouée, dynamique et aimable. Elle répond facilement à ma demande et fait des phrases complètes. '),
(920, 137939, 7, 6, 525, '98', '50', '100', NULL, 'La personne est accueillante et semble souriante. L\'accueil est plutot dynamique.'),
(921, 138495, 9, 7, 217, '999', '999', '999', NULL, ''),
(922, 137784, 5, 2, 432, '97', '999', '100', NULL, ''),
(923, 137644, 5, 1, 362, '91', '83', '100', NULL, 'Personne aimable, souriante, répond à ma demande de manière complète, dynamique.'),
(924, 137177, 2, 1, 156, '92', '0', '100', NULL, ''),
(925, 137480, 5, 2, 141, '75', '80', '88', NULL, ''),
(926, 137518, 5, 7, 299, '99', '999', '100', NULL, ''),
(927, 138434, 9, 1, 168, '90', '83', '999', NULL, 'Personne très aimable, disponible, qui répond à ma demande de manière très complète. Prise de congé qualitative.'),
(928, 137721, 5, 2, 400, '93', '50', '100', NULL, 'La personne est accueillante, agréable et assez souriante. Elle répond à ma demande. Bonne prise de congé.'),
(929, 139444, 11, 7, 597, '96', '80', '100', '100', 'L\'hotesse est très aimable et souriante.'),
(930, 137437, 2, 6, 286, '95', '999', '100', NULL, ''),
(931, 138018, 7, 6, 481, '94', '999', '100', NULL, ''),
(932, 137741, 5, 6, 410, '93', '83', '100', NULL, 'J\'ai eu juste \"allo\", pas de phrase d\'accueil. Elle demande mon nom, après elle répond clairement avec le sourire, bonne prise de congé.'),
(933, 137625, 5, 2, 352, '94', '999', '100', NULL, 'Ton enjoué et dynamique, me répond de suite très clairement. Discours maîtrisé et souriant.'),
(934, 138092, 7, 1, 547, '95', '100', '100', NULL, ''),
(935, 137678, 5, 2, 379, '93', '83', '100', NULL, ''),
(936, 139626, 12, 7, 195, '92', '100', '100', '100', 'Ton : bien Accueil : bien'),
(937, 138466, 9, 7, 369, '84', '999', '100', NULL, 'Personne aimable qui répond à ma demande en faisant des phrases complètes, prise de congé qualitative.'),
(938, 137206, 2, 1, 171, '96', '999', '100', NULL, 'Ton très souriant et aimable. Même si pas d\'interruption durant l\'appel, l\'interlocuteur a décroché tout en disant au revoir à un client avant de m\'accueillir. Me renseigne correctement.'),
(939, 138305, 8, 7, 623, '95', '80', '100', NULL, ''),
(940, 138327, 8, 6, 635, '87', '999', '100', NULL, ''),
(941, 140648, 13, 1, 902, '99', '999', '100', '100', 'L\'interlocuteur était aimable et attentionné'),
(942, 137840, 6, 1, 439, '97', '100', '100', NULL, 'La personne a commencé par dire \"Allo\", puis a dit le nom du salon et bonjour, elle est souriante et dynamique et me précise qu\'il faut prendre un rendez-vous.'),
(943, 137736, 5, 2, 408, '97', '80', '100', NULL, ''),
(944, 139573, 12, 2, 805, '87', '80', '100', '100', 'Le ton de l\'interlocuteur était énergique. L\'accueil était chaleureux.'),
(945, 137493, 5, 7, 241, '95', '80', '999', NULL, 'Personne aimable, me répond complètement, fait des phrases complètes, enjouée et dynamique, parle un peu trop vite pour sa phrase d\'accueil.'),
(946, 137320, 2, 7, 228, '97', '83', '999', NULL, 'Conversation aimable.'),
(947, 140678, 13, 8, 931, '100', '999', '100', '100', 'Interlocutrice souriante et accueillante. Présentation complète au décrochage (du magasin et d\'elle-même).'),
(948, 138192, 8, 1, 567, '72', '999', '100', NULL, 'Le ton de l\'interlocuteur est fluide et naturel. Il s\'est montré accueillant et aimable.'),
(949, 137730, 5, 1, 405, '92', '999', '100', NULL, ''),
(950, 137291, 2, 7, 213, '93', '999', '100', NULL, ''),
(951, 138371, 8, 2, 657, '89', '83', '999', NULL, ''),
(952, 140651, 13, 1, 905, '99', '999', '100', '100', 'L\'interlocuteur était très agréable et souriant'),
(953, 138032, 7, 6, 270, '97', '999', '100', NULL, ''),
(954, 137747, 5, 7, 413, '98', '999', '100', NULL, 'La personne est accueillante, agréable et dynamique. Elle répond clairement à ma demande. Bonne prise de congé.'),
(955, 137494, 5, 7, 242, '90', '80', '100', NULL, ''),
(956, 137763, 5, 6, 421, '96', '999', '100', NULL, 'La personne est aimable et souriante.'),
(957, 137728, 5, 6, 404, '97', '999', '100', NULL, ''),
(958, 137675, 5, 7, 377, '94', '80', '100', NULL, 'La personne ne se présente pas au décrochage, dit juste \"allo\" sinon elle est très aimable, souriante et dynamique, enjouée, s\'exprime clairement.'),
(959, 138128, 7, 6, 288, '93', '100', '100', NULL, ''),
(960, 137922, 7, 6, 508, '99', '80', '999', NULL, 'Prise en charge de l\'appel rapide. Bon accueil général. Prise de congé agréable.'),
(961, 137624, 5, 2, 352, '88', '999', '100', NULL, ''),
(962, 137636, 5, 1, 358, '97', '999', '100', NULL, 'La personne ne repond pas à ma demande tout de suite puis me donne les horaires du matin et me dit que le soir ça depend des jours mais ne me donne pas d\'horaire, elle semble agacée par ma demande.'),
(963, 137963, 7, 1, 547, '94', '999', '100', NULL, 'Accueil très agréable, l\'interlocutrice a le soucis de bien informer le client.'),
(964, 140600, 13, 7, 857, '98', '999', '100', '999', 'L\'interlocutrice était très aimable et très soucieuse de me satisfaire'),
(965, 140608, 13, 7, 865, '94', '999', '100', '100', 'Interlocutrice accueillante et souriante, qui a répondu à ma demande très rapidement.'),
(966, 137207, 2, 1, 171, '90', '999', '100', NULL, ''),
(967, 137496, 5, 7, 243, '93', '80', '100', NULL, ''),
(968, 137403, 2, 6, 269, '98', '100', '100', NULL, ''),
(969, 138104, 7, 2, 558, '98', '999', '100', NULL, ''),
(970, 139564, 12, 7, 780, '90', '999', '100', '75', 'Le ton de l\'interlocuteur était joyeux. Cependant il y avait énormément de bruits pendant l\'appel.'),
(971, 138075, 7, 1, 530, '98', '83', '100', NULL, ''),
(972, 139613, 12, 2, 137, '95', '80', '100', '100', 'Ton : correct. Accueil : sans plus. Semblait l\'air débordée.'),
(973, 137690, 5, 1, 385, '94', '50', '100', NULL, ''),
(974, 139453, 11, 7, 678, '95', '80', '100', '999', 'L\'interlocuteur est aimable et à l\'écoute.'),
(975, 137955, 7, 1, 539, '95', '80', '100', NULL, 'Accueil agréable. Bonne prise de congé'),
(976, 138515, 9, 2, 333, '999', '999', '999', NULL, ''),
(977, 137477, 5, 2, 139, '96', '80', '999', NULL, 'Personne plutôt aimable et souriante, s\'exprime clairement, moyennement dynamique.'),
(978, 138194, 8, 1, 568, '94', '83', '999', NULL, 'Le ton de l\'interlocutrice est fluide et naturel. Elle s\'est montrée accueillante.'),
(979, 139575, 12, 2, 815, '89', '80', '100', '100', 'Le ton de l\'interlocuteur était énergique. L\'accueil est convivial.'),
(980, 137724, 5, 1, 402, '98', '999', '999', NULL, 'La personne est accueillante, agréable, me renseigne bien et la prise de congé est correcte.'),
(981, 138172, 8, 7, 366, '84', '80', '999', NULL, 'Personne aimable et souriante qui répond à ma demande. Elle me dit \"Au revoir madame\".'),
(982, 138292, 8, 7, 617, '94', '999', '100', NULL, 'L\'interlocutrice se montre aimable et accueillante. Le ton de sa voix est courtois et agréable.'),
(983, 138340, 8, 2, 642, '85', '100', '100', NULL, 'Personne aimable avec un ton chaleureux qui répond à ma demande.'),
(984, 137597, 5, 1, 338, '100', '83', '100', NULL, 'La personne me répond de suite sans hésitation, intonation enjouée et souriante. '),
(985, 139475, 11, 2, 706, '97', '80', '100', '999', 'La personne est très aimable, à l\'écoute et disponible.'),
(986, 137848, 6, 7, 370, '98', '999', '100', NULL, 'Personne très aimable et dynamique.'),
(987, 138358, 8, 2, 651, '92', '999', '999', NULL, 'Le ton de l\'interlocutrice est courtois et aimable. Elle se montre disponible, accueillante et soucieuse de me satisfaire.'),
(988, 138409, 8, 7, 675, '85', '999', '100', NULL, '');
INSERT INTO `data` (`idData`, `id_readings`, `vague`, `territoire`, `commerce`, `note`, `serv`, `vit`, `qual`, `fcom`) VALUES
(989, 139479, 11, 2, 710, '96', '999', '100', '65', 'La personne est très aimable.'),
(990, 137542, 5, 1, 311, '93', '83', '100', NULL, 'Un accueil incorrect, pas professionnel du tout mais la réponse sur les horaires est correcte.'),
(991, 137507, 5, 6, 291, '68', '83', '999', NULL, 'Appel non abouti malgré plusieurs tentatives'),
(992, 138102, 7, 2, 556, '93', '999', '100', NULL, ''),
(993, 139470, 11, 2, 700, '84', '83', '100', '80', 'La personne est très aimable et à l\'écoute.'),
(994, 137930, 7, 6, 516, '92', '999', '100', NULL, 'Peu d\'attente avant décrochage. Bon accueil. Bonne prise de congé.'),
(995, 137941, 7, 6, 527, '90', '999', '100', NULL, 'La personne a été surprise de ma question et m\'a demandé qui j\'étais, car j\'ai appelé son numéro personnel. Elle m\'a tout de même donné les horaires des bureaux, l\'accueil était agréable.'),
(996, 138366, 8, 2, 655, '95', '83', '100', NULL, 'Décrochage jovial, interlocutrice agréable.'),
(997, 138418, 8, 7, 215, '96', '999', '100', NULL, 'L\'interlocutrice se montre aimable et accueillante. Le ton de sa voix est fluide et naturel.'),
(998, 140683, 13, 8, 936, '79', '999', '999', '100', 'Le décrochage a été rapide, la personne était souriante et à penser à préciser les heures d\'ouverture.'),
(999, 138455, 9, 6, 284, '96', '999', '100', NULL, 'Le ton est chaleureux et dynamique. Réponse claire, complète et spontanée.'),
(1000, 140688, 13, 2, 952, '96', '999', '100', '999', 'Pas d\'appel réalisé.'),
(1001, 137411, 2, 6, 273, '89', '83', '100', NULL, ''),
(1002, 137420, 2, 6, 278, '78', '80', '100', NULL, 'Très bon accueil, agréable, souriant et aimable.'),
(1003, 139527, 12, 1, 824, '94', '999', '100', '999', 'Pas d\'appel réalisé.'),
(1004, 137244, 2, 2, 190, '88', '83', '100', NULL, 'Ton très froid, distant. Pas chaleureux et aimable du tout.'),
(1005, 137838, 6, 1, 437, '100', '999', '100', NULL, 'L\'accueil est professionnel, la personne est souriante et dynamique.'),
(1006, 138101, 7, 2, 555, '81', '999', '999', NULL, ''),
(1007, 138129, 7, 6, 287, '94', '80', '999', NULL, ''),
(1008, 137638, 5, 6, 359, '94', '83', '100', NULL, ''),
(1009, 138142, 8, 2, 453, '92', '83', '100', NULL, 'Ton chaleureux et dynamique. Réponse partielle mais spontanée.  Finit sa conversation en décrochant.'),
(1010, 137167, 2, 1, 151, '86', '999', '81', NULL, ''),
(1011, 137813, 6, 2, 453, '999', '999', '999', NULL, ''),
(1012, 138050, 7, 6, 507, '95', '999', '100', NULL, ''),
(1013, 140679, 13, 8, 932, '98', '999', '100', '83', 'Décrochage rapide mais l\'interlocutrice continue sa conversation avec un collège après avoir décroché.'),
(1014, 137460, 2, 6, 298, '77', '80', '88', NULL, 'Très bon accueil, me précise les horaires des autres jours et du dimanche. Personne polie, aimable et souriante.'),
(1015, 137642, 5, 6, 361, '91', '80', '81', NULL, ''),
(1016, 137188, 2, 1, 162, '95', '999', '100', NULL, 'Accueil chaleureux, ton aimable et dynamique. Me renseigne correctement.'),
(1017, 138501, 9, 6, 255, '999', '999', '999', NULL, ''),
(1018, 137427, 2, 6, 281, '97', '80', '100', NULL, ''),
(1019, 137822, 6, 7, 299, '999', '999', '999', NULL, ''),
(1020, 138169, 8, 6, 298, '84', '83', '999', NULL, ''),
(1021, 137273, 2, 7, 204, '666', '999', '999', NULL, ''),
(1022, 140666, 13, 2, 920, '96', '999', '100', '100', 'L\'interlocuteur était très agréable et navré de ne pas être ouvert'),
(1023, 137779, 5, 6, 429, '98', '83', '100', NULL, 'Personne très aimable au téléphone. Elle s\'exprime clairement, d\'une manière plutôt dynamique et enjouée.'),
(1024, 137920, 7, 6, 506, '91', '999', '100', NULL, 'La personne est agréable et accueillante, elle m\'explique bien que je peux trouver porte close car elle peut avoir des rendez vous à l\'extérieur, elle se soucis de me satisfaire.'),
(1025, 137517, 5, 6, 298, '81', '80', '75', NULL, 'La personne au téléphone s\'exprime clairement, elle semble dynamique et enjouée. Par contre, la qualité de la ligne est assez mauvaise.'),
(1026, 137593, 5, 2, 336, '87', '100', '100', NULL, 'Manque de sourire et de dynamisme, aucune formule d\'accueil ni de bonjour.'),
(1027, 137805, 6, 2, 446, '999', '999', '999', NULL, ''),
(1028, 137541, 5, 1, 310, '95', '999', '100', NULL, 'Bon accueil, bonne présentation, bonne réponse apportée mais personne pas assez souriante.'),
(1029, 139448, 11, 1, 144, '97', '100', '100', '999', 'La personne est très aimable mais ne se présente pas au décrochage.'),
(1030, 137303, 2, 7, 219, '90', '999', '0', NULL, ''),
(1031, 137317, 2, 7, 226, '90', '999', '0', NULL, ''),
(1032, 137964, 7, 2, 548, '85', '999', '0', NULL, 'La personne est accueillante, souriante. La personne parle doucement pour que je puisse assimiler les horaires.'),
(1033, 137799, 6, 1, 440, '999', '999', '999', NULL, ''),
(1034, 138179, 8, 1, 368, '89', '80', '999', NULL, ''),
(1035, 138492, 9, 7, 204, '999', '999', '999', NULL, ''),
(1036, 138203, 8, 1, 572, '93', '80', '100', NULL, ''),
(1037, 138254, 8, 7, 598, '97', '80', '100', NULL, 'Le ton de l\'interlocutrice est enjoué. Elle se montre aimable, souriante, disponible et à mon écoute.'),
(1038, 137162, 2, 1, 149, '69', '999', '69', NULL, 'Ton très dynamique et chaleureux. Répond à ma demande en me donnant envie de m\'y rendre.'),
(1039, 137907, 7, 6, 493, '96', '100', '100', NULL, 'La personne est agréable, polie. Elle est assez énergique.'),
(1040, 137367, 2, 6, 251, '88', '999', '100', NULL, ''),
(1041, 138222, 8, 1, 582, '92', '999', '100', NULL, 'Le ton de l\'interlocuteur est aimable mais il me répond de façon sèche.'),
(1042, 137802, 6, 1, 443, '999', '999', '999', NULL, ''),
(1043, 139565, 12, 2, 802, '88', '80', '63', '95', 'Le ton de l\'interlocuteur était hésitant. L\'accueil était agréable.'),
(1044, 138137, 7, 7, 565, '88', '83', '75', NULL, ''),
(1045, 137195, 2, 1, 165, '87', '83', '100', NULL, ''),
(1046, 138175, 8, 1, 156, '94', '80', '999', NULL, ''),
(1047, 137578, 5, 7, 329, '95', '999', '100', NULL, ''),
(1048, 140624, 13, 6, 881, '96', '999', '100', '100', 'Interlocuteur souriant et très sympathique, malheureusement au décrochage, il n\'y a pas de présentation de l\'enseigne, juste un \"oui allo\".'),
(1049, 137556, 5, 6, 318, '95', '50', '100', NULL, ''),
(1050, 138056, 7, 6, 513, '95', '83', '999', NULL, ''),
(1051, 138498, 9, 7, 238, '999', '999', '999', NULL, ''),
(1052, 139509, 11, 2, 698, '85', '80', '88', '100', 'La personne est très aimable et me répond par une phrase complète.'),
(1053, 137905, 7, 6, 491, '93', '999', '100', NULL, 'Personne très agréable. L\'accueil est bon. Le sourire est audible.'),
(1054, 138310, 8, 7, 627, '95', '999', '999', NULL, 'Personne très aimable, dynamique et souriante qui répond à ma demande de manière complète.'),
(1055, 140693, 13, 2, 940, '96', '999', '100', '80', 'L\'interlocuteur s\'est montré distant et n\'avait pas l\'air de donner de l\'importance à cet appel'),
(1056, 140631, 13, 1, 887, '97', '999', '100', '999', 'L\'interlocutrice était aimable et se montrait disponible'),
(1057, 140670, 13, 2, 923, '96', '999', '100', '100', 'L\'interlocutrice était très agréable et ne semblait pas vouloir en rester là'),
(1058, 137169, 2, 1, 152, '96', '999', '100', NULL, ''),
(1059, 138221, 8, 1, 581, '100', '999', '100', NULL, ''),
(1060, 139425, 11, 2, 643, '97', '999', '100', '100', 'La personne est très aimable et dynamique, elle me répond par une phrase complète.'),
(1061, 138237, 8, 1, 589, '92', '80', '999', NULL, ''),
(1062, 140610, 13, 7, 867, '90', '999', '100', '100', 'Bien que surprise, la personne restait agréable.'),
(1063, 140635, 13, 1, 891, '98', '999', '999', '17', 'L\'interlocutrice était aimable et agréable mais semblait surprise de mon appel'),
(1064, 137380, 2, 6, 258, '92', '999', '100', NULL, 'ma première interlocutrice est une stagiaire qui ne sait me répondre. Elle passe la patronne qui me semble plus directe. Elle ne se présente pas, dit juste \"allô\" alors que la stagiaire avait dit le nom de la boutique et bonjour.'),
(1065, 137238, 2, 2, 187, '94', '999', '100', NULL, 'Très Très souriante !! Et professionnelle tout au long de l\'appel.'),
(1066, 137264, 2, 7, 200, '83', '83', '100', NULL, 'Interlocutrice dynamique, souriante et aimable.'),
(1067, 137274, 2, 7, 205, '84', '999', '100', NULL, 'Interlocutrice très aimable.'),
(1068, 137932, 7, 6, 518, '81', '83', '100', NULL, 'La personne me répond par politesse, mais ne détaille pas, puis ne me dit pas au revoir.'),
(1069, 138448, 9, 6, 255, '96', '999', '100', NULL, 'Ton chaleureux et dynamique. Réponse spontanée, claire et exhaustive. A le soucis de mes besoins.'),
(1070, 138319, 8, 6, 631, '94', '80', '999', NULL, ''),
(1071, 137220, 2, 1, 178, '98', '80', '100', NULL, 'Très souriante, me renseigne sans soucis avec un accueil chaleureux !'),
(1072, 138272, 8, 7, 607, '80', '83', '999', NULL, 'Interlocutrice posée et sympathique.'),
(1073, 140641, 13, 1, 897, '98', '999', '100', '999', 'Le décrochage est rapide, et l\'interlocutrice est souriante et dynamique. La réponse à ma demande a été obtenue rapidement.'),
(1074, 137418, 2, 6, 277, '86', '80', '100', NULL, 'Personne aimable, souriante, dynamique et même joviale.'),
(1075, 139459, 11, 7, 687, '92', '80', '50', '100', 'La personne est très aimable.'),
(1076, 140661, 13, 2, 915, '98', '999', '100', '100', 'L\'interlocutrice était aimable et ouverte à la discution'),
(1077, 138357, 8, 2, 650, '91', '999', '100', NULL, ''),
(1078, 137698, 5, 1, 389, '96', '100', '100', NULL, ''),
(1079, 137216, 2, 1, 176, '88', '999', '63', NULL, 'Ton très dynamique avec une accroche professionnel. Répond à ma demande sans soucis.'),
(1080, 139571, 12, 2, 786, '94', '80', '100', '100', 'L\'accueil était plaisant et convivial.'),
(1081, 138127, 7, 7, 366, '92', '100', '75', NULL, ''),
(1082, 138210, 8, 1, 576, '85', '999', '100', NULL, 'L\'interlocutrice s\'est montrée accueillante et le ton de sa voix était fluide et naturel.'),
(1083, 139592, 12, 1, 358, '96', '999', '100', '75', 'Le ton de l\'interlocuteur était hésitant. Présence de sourires.'),
(1084, 138284, 8, 7, 613, '94', '999', '999', NULL, 'Le ton de l\'interlocuteur est fluide et naturel. Il se montre accueillant, aimable et à mon écoute.'),
(1085, 137806, 6, 2, 447, '999', '999', '999', NULL, ''),
(1086, 139544, 12, 1, 818, '72', '0', '999', '100', 'La personne semblait être occupée.'),
(1087, 137381, 2, 6, 258, '91', '50', '100', NULL, ''),
(1088, 138344, 8, 2, 644, '97', '999', '100', NULL, 'Personne aimable, souriante et dynamique qui répond à ma demande.'),
(1089, 140589, 13, 7, 844, '91', '999', '100', '75', 'Décrochage rapide. Une coupure du son à la présentation, je ne sais pas si la personne a dit bonjour. Ton de l\'interlocuteur neutre et peu souriant.'),
(1090, 137516, 5, 6, 298, '76', '100', '56', NULL, ''),
(1091, 138235, 8, 1, 588, '92', '83', '100', NULL, ''),
(1092, 138260, 8, 7, 601, '93', '999', '999', NULL, 'Le ton de l\'interlocutrice est fluide et naturel. Elle se montre aimable et souriante.'),
(1093, 137580, 5, 7, 330, '96', '999', '100', NULL, ''),
(1094, 138161, 8, 6, 292, '96', '80', '999', NULL, ''),
(1095, 139597, 12, 2, 806, '96', '999', '100', '100', 'L\'accueil est sympathique.'),
(1096, 140625, 13, 6, 483, '93', '999', '100', '100', 'Décrochage rapide, mais aucune présentation au décrochage se limitant à Allo'),
(1097, 137973, 7, 2, 556, '94', '999', '100', NULL, 'La personne est agréable, le sourire est audible. Le ton est dynamique.'),
(1098, 140614, 13, 6, 871, '91', '999', '100', '100', 'L\'interlocutrice était très agréable, aimable et souriante'),
(1099, 137722, 5, 2, 401, '93', '999', '100', NULL, ''),
(1100, 137844, 6, 1, 443, '95', '83', '100', NULL, 'La communication est mauvaise et la personne fait des efforts pour me comprendre et prend le temps de répéter.'),
(1101, 139445, 11, 6, 634, '97', '999', '100', '100', 'L\'hotesse est très aimable.'),
(1102, 139419, 11, 2, 762, '96', '83', '100', '999', 'Pas d\'appel réalisé.'),
(1103, 139576, 12, 1, 825, '99', '100', '100', '100', 'Le ton de l\'interlocuteur était dynamique. L\'accueil était convivial.'),
(1104, 139522, 12, 7, 840, '96', '999', '999', '999', 'Pas d\'appel réalisé.'),
(1105, 139552, 12, 1, 819, '96', '999', '100', '100', 'L\'accueil manquait de sourires. La personne m\'a apporté des précisions concernant les jours et les horaires d\'ouverture de la boutique (week-end compris).'),
(1106, 137147, 2, 2, 141, '95', '80', '100', NULL, ''),
(1107, 137988, 7, 2, 141, '81', '80', '75', NULL, 'La personne m\'a donné les horaires sans vraiment de dynamisme. J\'ai du posé la question à savoir s\'ils étaient ouvert le samedi, elle m\'a simplement répondu oui. Cependant, la personne a été très polie.'),
(1108, 138408, 8, 7, 675, '81', '17', '100', NULL, 'Personne très aimable et souriante qui répond à ma demande de manière complète.'),
(1109, 139490, 11, 1, 721, '94', '80', '100', '100', 'La personne est aimable.'),
(1110, 139421, 11, 2, 764, '95', '83', '100', '999', 'Pas d\'appel réalisé.'),
(1111, 138463, 9, 2, 351, '97', '999', '100', NULL, 'Personne aimable, souriante et dynamique qui répond à ma demande.'),
(1112, 139452, 11, 6, 635, '92', '999', '100', '100', 'L\'hotesse est très aimable.'),
(1113, 137782, 5, 2, 431, '96', '999', '100', NULL, ''),
(1114, 137388, 2, 6, 262, '90', '83', '100', NULL, 'Très polie et agréable, m\'a bien informée.'),
(1115, 138473, 9, 1, 409, '98', '83', '100', NULL, 'Ton agréable et chaleureux, répond spontanément à ma question.'),
(1116, 137390, 2, 6, 263, '95', '83', '100', NULL, 'Personne courtoise, agréable et aimable. Bon accueil.'),
(1117, 138407, 8, 7, 674, '99', '999', '100', NULL, ''),
(1118, 137821, 6, 7, 461, '999', '999', '999', NULL, ''),
(1119, 137987, 7, 1, 372, '76', '100', '999', NULL, 'L\'interlocutrice a simplement répondu à ma demande.'),
(1120, 138031, 7, 6, 271, '99', '999', '100', NULL, ''),
(1121, 137245, 2, 2, 190, '89', '83', '100', NULL, ''),
(1122, 137227, 2, 2, 181, '87', '100', '100', NULL, ''),
(1123, 139586, 12, 1, 821, '91', '999', '100', '999', 'L\'accueil était simple. La personne ne m\'a pas communiqué les jours d\'ouverture de la boutique.'),
(1124, 137363, 2, 6, 249, '82', '33', '88', NULL, ''),
(1125, 138076, 7, 1, 531, '99', '83', '100', NULL, ''),
(1126, 138459, 9, 7, 327, '98', '83', '100', NULL, 'Accueil professionnel et posé.'),
(1127, 137242, 2, 2, 189, '93', '0', '100', NULL, 'Acceuil chaleureux. Ton dynamique et très aimable. Répond de façon précise à ma demande.'),
(1128, 138154, 8, 6, 288, '91', '83', '999', NULL, 'Le ton de l\'interlocutrice est enjoué. Elle se montre agréable, accueillante, soucieuse de me satisfaire et souriante.'),
(1129, 139462, 11, 2, 691, '94', '80', '100', '999', 'La personne est très aimable et à l\'écoute.'),
(1130, 138178, 8, 1, 368, '96', '80', '999', NULL, 'Personne aimable, dynamique, souriante, qui répond à ma demande.'),
(1131, 137213, 2, 1, 174, '666', '999', '999', NULL, ''),
(1132, 137713, 5, 2, 396, '99', '999', '100', NULL, ''),
(1133, 138353, 8, 2, 648, '95', '999', '999', NULL, ''),
(1134, 137619, 5, 1, 349, '96', '999', '100', NULL, 'Manque de dynamisme et de sourire. Réponse expeditive, pas de phrase formulée.'),
(1135, 137931, 7, 6, 517, '83', '999', '63', NULL, 'Temps d\'attente avant décrochage court. Accueil général agréable. Bonne prise de congé.'),
(1136, 137270, 2, 7, 203, '68', '999', '81', NULL, 'Personne très aimable.'),
(1137, 137823, 6, 2, 462, '999', '999', '999', NULL, ''),
(1138, 138212, 8, 1, 577, '91', '80', '100', NULL, 'Le ton de l\'interlocutrice est fluide et naturel. Elle se montre accueillante et soucieuse de me satisfaire.'),
(1139, 138280, 8, 7, 611, '82', '100', '100', NULL, 'Appel non abouti au bout de 3 tentatives.'),
(1140, 138330, 8, 6, 637, '91', '100', '100', NULL, 'Interlocuteur aimable qui répond à ma demande de manière complète. Le sourire est audible. '),
(1141, 139508, 11, 7, 689, '98', '100', '100', '999', 'La personne est très aimable.'),
(1142, 137254, 2, 7, 195, '90', '83', '100', NULL, 'Elle attend que je dise \"allo\" pour parler et ne dit pas bonjour.'),
(1143, 137327, 2, 7, 231, '84', '999', '81', NULL, ''),
(1144, 138355, 8, 2, 649, '93', '999', '100', NULL, ''),
(1145, 140694, 13, 2, 941, '98', '999', '100', '100', 'Appel non abouti au bout de 4 tentatives'),
(1146, 137214, 2, 1, 175, '92', '999', '100', NULL, 'Pas de numéro de téléphone.'),
(1147, 137287, 2, 7, 211, '94', '100', '100', NULL, ''),
(1148, 138520, 9, 2, 379, '999', '999', '999', NULL, ''),
(1149, 137259, 2, 7, 197, '90', '999', '100', NULL, ''),
(1150, 138458, 9, 2, 303, '100', '999', '100', NULL, 'Personne aimable, qui répond à ma demande.'),
(1151, 140576, 13, 6, 258, '98', '999', '999', '100', 'Accueil plutôt souriant. Interlocuteur qui a répondu à ma demande sans problème.'),
(1152, 137815, 6, 6, 455, '999', '999', '999', NULL, ''),
(1153, 137967, 7, 2, 551, '94', '999', '100', NULL, 'La personne est très agréable, le sourire est audible. Le ton est dynamique.'),
(1154, 137899, 7, 6, 268, '97', '999', '100', NULL, 'La personne est très dynamique, énergique. Le sourire est audible. L\'accueil est très agréable. On me renseigne aisément.'),
(1155, 137892, 7, 6, 484, '99', '100', '100', NULL, 'La personne au bout du fil décroche assez rapidement. Bon accueil général. On me renseigne facilement. Bonne prise de congé. '),
(1156, 138350, 8, 2, 647, '100', '999', '100', NULL, 'Le ton de l\'interlocutrice est aimable et courtois. Elle se montre accueillante.'),
(1157, 137434, 2, 6, 285, '87', '83', '100', NULL, 'Ton souriant et dynamique. Me renseigne sans soucis.'),
(1158, 137804, 6, 7, 445, '999', '999', '999', NULL, ''),
(1159, 137324, 2, 7, 230, '76', '999', '69', NULL, 'Personne aimable et souriante.'),
(1160, 138439, 9, 7, 204, '94', '999', '100', NULL, 'Interlocutrice professionnelle mais peu chaleureuse.'),
(1161, 139539, 12, 2, 787, '95', '80', '100', '75', 'L\'accueil était simple. Par contre, la personne ne m\'a pas donné de précisions concernant les jours d\'ouverture de la boutique.'),
(1162, 140674, 13, 8, 927, '88', '999', '100', '83', 'Interlocutrice accueillante et souriante. A répondu à ma demande très rapidement.'),
(1163, 137217, 2, 1, 176, '82', '999', '63', NULL, ''),
(1164, 138144, 8, 7, 235, '91', '999', '999', NULL, 'Le ton de l\'interlocutrice est fluide et naturel. Elle s\'est montrée accueillante.'),
(1165, 138311, 8, 7, 627, '97', '999', '999', NULL, ''),
(1166, 138026, 7, 6, 488, '97', '999', '100', NULL, ''),
(1167, 137527, 5, 2, 304, '98', '999', '999', NULL, 'Personne très aimable, me répond complètement, fait des phrases complètes, me demande si il peut me renseigner sur autre chose, disponible.'),
(1168, 137952, 7, 1, 536, '98', '33', '999', NULL, 'La personne est très accueillante et dynamique. Elle est soucieuse de me satisfaire.'),
(1169, 137337, 2, 7, 236, '93', '999', '100', NULL, ''),
(1170, 138529, 9, 7, 416, '999', '999', '999', NULL, ''),
(1171, 137351, 2, 7, 243, '94', '80', '100', NULL, ''),
(1172, 138321, 8, 6, 632, '86', '100', '999', NULL, ''),
(1173, 137314, 2, 7, 225, '93', '999', '100', NULL, 'Accueil chaleureux, ton aimable et dynamique. Me renseigne correctement.'),
(1174, 138352, 8, 2, 648, '93', '100', '999', NULL, 'Personne très aimable et souriante. Phrase d\'accueil et prise de congé sont qualitatives. Elle répond à ma demande.'),
(1175, 138384, 8, 2, 138, '83', '80', '999', NULL, 'Le ton de l\'interlocutrice est courtois et agréable. Elle se montre accueillante et à mon écoute.'),
(1176, 140606, 13, 7, 863, '96', '999', '100', '75', 'Personne accueillante et souriante, qui a répondu à ma demande rapidement, et qui a précisé les horaires d\'ouverture.'),
(1177, 137511, 5, 6, 295, '73', '83', '100', NULL, 'Personne très aimable, souriante, répond à ma demande de manière complète, dynamique.'),
(1178, 137200, 2, 1, 168, '97', '83', '100', NULL, 'Ton dynamique, souriant et une personne soucieux de répondre correctement à ma demande.'),
(1179, 138149, 8, 7, 242, '97', '80', '999', NULL, ''),
(1180, 138094, 7, 2, 549, '92', '999', '100', NULL, ''),
(1181, 139500, 11, 6, 736, '96', '999', '100', '100', 'La personne est très aimable.'),
(1182, 137464, 2, 7, 300, '94', '999', '100', NULL, 'Accueil chaleureux. Ton souriant et dynamique. Me renseigne sans soucis. Communication agréable même si dit au revoir à une cliente tout en étant en communication avec moi, sans s\'excuser.'),
(1183, 138442, 9, 7, 217, '73', '17', '999', NULL, 'Interlocutrice joviale et posée.'),
(1184, 137492, 5, 7, 241, '89', '80', '999', NULL, ''),
(1185, 138107, 7, 7, 403, '98', '80', '100', NULL, ''),
(1186, 137975, 7, 2, 558, '97', '83', '100', NULL, 'Peu d\'attente avant décrochage. Bon accueil général. Bonne prise de congé.'),
(1187, 140644, 13, 1, 163, '96', '999', '100', '75', 'Accueil souriant et dynamique. La personne a répondu à ma demande et à préciser les horaires d\'ouverture.'),
(1188, 138061, 7, 6, 518, '86', '80', '100', NULL, ''),
(1189, 138400, 8, 2, 671, '97', '999', '100', NULL, 'Interlocutrice joviale et professionnelle.'),
(1190, 137832, 6, 2, 471, '999', '999', '999', NULL, ''),
(1191, 138530, 9, 6, 423, '999', '999', '999', NULL, ''),
(1192, 137791, 6, 7, 370, '999', '999', '999', NULL, ''),
(1193, 139617, 12, 6, 287, '100', '100', '100', '100', 'mon interlocutrice est agréable et dynamique, elle me renseigne correctement, bonne prise de congé.'),
(1194, 137999, 7, 6, 288, '89', '83', '100', NULL, 'La jeune fille était très dynamique, le sourire était audible. L\'accueil a été très bon.'),
(1195, 137697, 5, 2, 388, '96', '100', '100', NULL, 'Personne plutôt aimable et souriante, s\'exprime clairement, assez dynamique et enjouée.'),
(1196, 137279, 2, 7, 207, '92', '999', '100', NULL, ''),
(1197, 138325, 8, 6, 634, '90', '100', '100', NULL, ''),
(1198, 137851, 6, 2, 448, '87', '999', '100', NULL, 'Il est aimable et souriant.'),
(1199, 138068, 7, 6, 525, '93', '83', '100', NULL, ''),
(1200, 140578, 13, 1, 339, '98', '999', '100', '100', 'Présentation au décrochage trop rapide. Du coup, on n\'entend que la fin du nom du magasin et le \"bonjour\". Personne accueillante et souriante, qui a répondu à ma demande et a précisé les horaires.'),
(1201, 137712, 5, 2, 396, '98', '999', '100', NULL, 'La personne est accueillante, agréable. Elle répond clairement à ma demande, la prise de congé est correcte.'),
(1202, 138213, 8, 1, 577, '90', '83', '100', NULL, ''),
(1203, 138331, 8, 6, 637, '91', '100', '100', NULL, ''),
(1204, 139556, 12, 7, 772, '97', '999', '100', '100', 'L\'accueil était agréable.'),
(1205, 139410, 11, 2, 753, '81', '83', '81', '999', 'Pas d\'appel réalisé.'),
(1206, 137415, 2, 6, 275, '81', '83', '63', NULL, ''),
(1207, 137917, 7, 6, 503, '99', '83', '100', NULL, 'La personne est très dynamique, semble souriante. L\'accueil est agréable.'),
(1208, 139443, 11, 1, 572, '96', '83', '100', '100', 'L\'hotesse est très aimable et agréable.'),
(1209, 140691, 13, 2, 938, '95', '999', '100', '100', 'Appel non abouti au bout de 4 tentatives'),
(1210, 138014, 7, 6, 477, '96', '999', '100', NULL, ''),
(1211, 138435, 9, 1, 172, '96', '999', '100', NULL, 'Ton chaleureux et dynamique. Réponse partielle mais spontanée.'),
(1212, 137695, 5, 1, 387, '99', '100', '100', NULL, 'Personne plutôt aimable et souriante, s\'exprime clairement, décroche et répond à ma demande très rapidement.'),
(1213, 138226, 8, 1, 584, '93', '83', '100', NULL, 'Le ton de l\'interlocutrice est fluide et naturel. Elle se montre agréable et accueillante.'),
(1214, 138182, 8, 1, 373, '96', '100', '999', NULL, 'Le ton de l\'interlocutrice est agréable et courtois. Elle se montre disponible et à mon écoute.'),
(1215, 137360, 2, 7, 248, '99', '999', '100', NULL, 'Personne souriante, dynamique et aimable.'),
(1216, 137718, 5, 2, 399, '94', '999', '999', NULL, ''),
(1217, 138475, 9, 2, 411, '89', '83', '100', NULL, 'Répond à ma question spontanément mais avec un ton austère.'),
(1218, 138294, 8, 7, 618, '69', '999', '100', NULL, 'Appel bref et peu souriant.'),
(1219, 139558, 12, 2, 812, '97', '80', '100', '100', 'L\'accueil est convivial. Le ton de l\'interlocuteur est sec. La personne ne m\'apporte pas de précisions concernant les jours d\'ouverture de la boutique.'),
(1220, 137144, 2, 2, 140, '93', '80', '100', NULL, 'Ton dynamique et amical. Répond à ma question. Décrochage et prise de congé très professionnels.'),
(1221, 140669, 13, 2, 922, '98', '999', '100', '100', 'Interlocuteur pas souriant et pas dynamique. L\'impression que la personne n\'est pas intéressé par l\'appel.'),
(1222, 137885, 7, 6, 477, '96', '999', '100', NULL, 'La personne est accueillante, agréable, assez dynamique. Le sourire est audible.'),
(1223, 139431, 11, 7, 243, '92', '80', '50', '100', 'La personne est très aimable.'),
(1224, 139612, 12, 1, 173, '97', '100', '100', '95', 'Ton : agréable Accueil : bien'),
(1225, 139550, 12, 2, 796, '97', '100', '100', '100', 'Le ton de l\'interlocuteur était dynamique. L\'accueil était plaisant.'),
(1226, 139499, 11, 6, 735, '87', '100', '50', '999', 'La personne me renseigne facilement, elle est très aimable.'),
(1227, 137472, 5, 2, 137, '83', '80', '999', NULL, ''),
(1228, 137893, 7, 6, 455, '95', '999', '100', NULL, 'La personne au bout du fil ne me fait pas attendre, elle décroche rapidement. L\'accueil est bon. Le sourire est audible. On me renseigne facilement. Bonne prise de congé.'),
(1229, 137626, 5, 6, 353, '91', '80', '100', NULL, ''),
(1230, 137450, 2, 6, 293, '84', '80', '100', NULL, 'Accueil chaleureux. Ton souriant mais trop dynamique justement. Me renseigne sans soucis.'),
(1231, 137923, 7, 6, 509, '100', '999', '100', NULL, 'La personne est accueillante et dynamique, le ton est assez positif.'),
(1232, 138165, 8, 6, 296, '96', '80', '999', NULL, ''),
(1233, 137787, 6, 7, 236, '999', '999', '999', NULL, ''),
(1234, 139396, 11, 1, 573, '94', '80', '100', '100', 'Pas d\'appel réalisé (faux numéro).'),
(1235, 137681, 5, 2, 380, '78', '83', '999', NULL, 'Personne très aimable et souriante, s\'exprime clairement, assez dynamique et enjouée.'),
(1236, 137833, 6, 6, 433, '83', '17', '63', NULL, 'L\'accueil est un peu court. En revanche la prise de congé est complète.'),
(1237, 137187, 2, 1, 161, '84', '80', '999', NULL, ''),
(1238, 139620, 12, 6, 291, '94', '80', '100', '100', '\r\nTon : bien \r\nAccueil : normal'),
(1239, 137716, 5, 6, 398, '87', '83', '81', NULL, ''),
(1240, 138116, 7, 1, 372, '95', '80', '999', NULL, ''),
(1241, 137288, 2, 7, 212, '84', '83', '100', NULL, 'Interlocuteur aimable, souriant et dynamique qui me donne les horaires d\'ouverture.'),
(1242, 137970, 7, 2, 553, '99', '999', '100', NULL, 'La personne est agréable, le sourire est audible. La personne semble dynamique, énergique.'),
(1243, 138354, 8, 2, 649, '95', '999', '100', NULL, 'Le ton de l\'interlocutrice est courtois et aimable. Elle se montre accueillante, disponible et à mon écoute.'),
(1244, 139460, 11, 7, 688, '87', '83', '100', '999', 'La personne est aimable et à l\'écoute.'),
(1245, 138084, 7, 1, 539, '95', '999', '100', NULL, ''),
(1246, 137243, 2, 2, 189, '93', '83', '100', NULL, ''),
(1247, 138402, 8, 7, 672, '85', '100', '100', NULL, 'Personne aimable mais qui répond partiellement à ma demande. Prise de congé souriante.'),
(1248, 137204, 2, 1, 170, '97', '80', '999', NULL, 'Ton dynamique tout en répondant à ma demande.'),
(1249, 137445, 2, 6, 290, '97', '999', '999', NULL, ''),
(1250, 137553, 5, 7, 316, '95', '83', '100', NULL, 'La personne n\'est pas accueillante en début d\'entretien mais elle me donne une réponse simple.'),
(1251, 138281, 8, 7, 611, '999', '999', '999', NULL, ''),
(1252, 137720, 5, 2, 400, '87', '83', '81', NULL, ''),
(1253, 140642, 13, 1, 898, '97', '999', '100', '999', 'L\'interlocuteur n\'est pas souriant et semble être sur la défensive après sa réponse.'),
(1254, 137219, 2, 1, 177, '95', '999', '999', NULL, ''),
(1255, 137873, 6, 2, 467, '83', '999', '100', NULL, 'Personne très aimable, répond à ma demande de manière complète, dynamique, me demande l\' objet de mon appel, se présente par son nom et prénom à l\'accueil.'),
(1256, 140621, 13, 6, 878, '93', '999', '100', '100', 'L\'interlocutrice était agréable, mais pressée.'),
(1257, 137671, 5, 6, 375, '87', '999', '100', NULL, 'Appel non abouti malgré plusieurs tentatives'),
(1258, 137168, 2, 1, 152, '98', '999', '100', NULL, 'Ton très aimable et souriant mais manque d\'un peu de dynamisme. Néanmoins, il est très à l\'écoute de ma demande.'),
(1259, 137171, 2, 1, 153, '93', '999', '81', NULL, ''),
(1260, 138219, 8, 1, 580, '94', '999', '100', NULL, ''),
(1261, 137366, 2, 6, 251, '89', '999', '100', NULL, 'Le ton est très aimable mais il manque un peu d\'énergie. Me renseigne correctement.'),
(1262, 137395, 2, 6, 265, '93', '999', '100', NULL, ''),
(1263, 137634, 5, 1, 357, '96', '83', '100', NULL, ''),
(1264, 140601, 13, 7, 858, '100', '999', '999', '100', 'Décrochage rapide. L\'interlocutrice a répondu rapidement à ma demande.'),
(1265, 137866, 6, 7, 299, '100', '83', '100', NULL, 'La personne est très aimable, me répond complètement, fait des phrases complètes, enjouée et dynamique.'),
(1266, 137197, 2, 1, 166, '95', '80', '100', NULL, ''),
(1267, 138312, 8, 7, 628, '89', '83', '999', NULL, 'Le ton de l\'interlocutrice est courtois mais manque d\'énergie. Elle se montre accueillante.'),
(1268, 138533, 9, 2, 432, '999', '999', '999', NULL, ''),
(1269, 140620, 13, 6, 877, '94', '999', '100', '90', 'L\'interlocuteur était aimable et à l\'écoute'),
(1270, 137318, 2, 7, 227, '94', '999', '100', NULL, 'Interlocutrice dynamique, souriante et aimable.'),
(1271, 137212, 2, 1, 174, '97', '999', '100', NULL, 'Pas de numéro de téléphone.'),
(1272, 139474, 11, 2, 705, '93', '100', '100', '999', 'La personne est très aimable.'),
(1273, 137655, 5, 1, 367, '93', '80', '100', NULL, 'Personne très aimable, souriante, répond à ma demande de manière complète, dynamique mais ne me dit pas au revoir, me dit \"voila\".'),
(1274, 138481, 9, 2, 133, '999', '999', '999', NULL, ''),
(1275, 138246, 8, 1, 594, '95', '999', '100', NULL, 'Interlocuteur jovial et posé.'),
(1276, 139510, 11, 2, 704, '95', '80', '88', '999', 'La personne est très aimable.'),
(1277, 140634, 13, 1, 890, '99', '999', '100', '999', 'L\'interlocutrice était très aimable et très agréable'),
(1278, 137756, 5, 7, 418, '95', '100', '100', NULL, ''),
(1279, 140626, 13, 6, 882, '94', '999', '100', '100', 'Interlocuteur accueillant et souriant. A répondu rapidement à ma demande.'),
(1280, 140573, 13, 7, 200, '96', '999', '100', '999', 'L\'interlocutrice était aimable et accueillante'),
(1281, 137160, 2, 1, 148, '96', '999', '100', NULL, 'Ton très chaleureux et une personne soucieuse de répondre à ma demande avec attention. Contact donnant même envie de s\'y rendre.'),
(1282, 137609, 5, 2, 344, '88', '999', '999', NULL, 'Ton enjoué et dynamique, me répond de suite sans devoir se renseigner. La personne est disponible pour me répondre et adopte un discours courtois et chaleureux.'),
(1283, 139441, 11, 1, 570, '96', '80', '100', '999', 'L\'hotesse est très aimable.'),
(1284, 137968, 7, 2, 552, '94', '999', '100', NULL, 'La personne est agréable, aimable. Le sourire est audible.'),
(1285, 139623, 12, 1, 368, '96', '80', '100', '100', 'Ton : agréable Accueil : correct'),
(1286, 137666, 5, 1, 373, '95', '83', '999', NULL, 'Personne très aimable, souriante, répond à ma demande de manière complète, dynamique.'),
(1287, 139498, 11, 6, 732, '93', '999', '100', '100', 'L\'appel s\'est bien passé : la personne au bout du fil est agréable et me répond bien. Bonne prise de congés. '),
(1288, 137463, 2, 7, 299, '98', '999', '100', NULL, ''),
(1289, 137786, 6, 2, 142, '999', '999', '999', NULL, ''),
(1290, 138174, 8, 1, 156, '95', '100', '999', NULL, 'L\'interlocutrice s\'est montré accueillante et aimable. Le ton de sa voix était fluide et naturel.'),
(1291, 138335, 8, 2, 639, '97', '999', '100', NULL, ''),
(1292, 137989, 7, 2, 137, '80', '80', '999', NULL, 'Temps d\'attente avant décrochage court. Accueil général agréable. Bonne prise de congé.'),
(1293, 138173, 8, 7, 366, '70', '80', '999', NULL, ''),
(1294, 137385, 2, 6, 260, '95', '83', '100', NULL, ''),
(1295, 138135, 7, 7, 563, '95', '83', '100', NULL, ''),
(1296, 138181, 8, 1, 372, '98', '80', '999', NULL, ''),
(1297, 140645, 13, 1, 899, '98', '999', '100', '100', 'Personne accueillante et souriante qui a répondu à ma demande sans difficulté.'),
(1298, 139537, 12, 2, 792, '96', '100', '100', '999', 'L\'accueil était agréable. Cependant la personne ne m\'a pas communiqué les horaires d\'ouverture de la boutique des autres jours de la semaine hormis le lundi.'),
(1299, 138389, 8, 2, 665, '91', '999', '100', NULL, ''),
(1300, 139585, 12, 1, 820, '91', '999', '100', '75', 'Le ton de l\'interlocuteur était dynamique. L\'accueil était chaleureux. Présence de sourires.'),
(1301, 137830, 6, 2, 469, '999', '999', '999', NULL, ''),
(1302, 137658, 5, 7, 369, '93', '999', '100', NULL, ''),
(1303, 138185, 8, 1, 157, '95', '83', '999', NULL, ''),
(1304, 137951, 7, 1, 535, '87', '50', '100', NULL, 'Attente avant décrochage court. Bon accueil général. Bonne prise de congé.'),
(1305, 137205, 2, 1, 170, '94', '80', '999', NULL, ''),
(1306, 137408, 2, 6, 272, '98', '80', '100', NULL, 'Accueil chaleureux. Ton souriant et dynamique. Me renseigne sans soucis.'),
(1307, 140611, 13, 7, 868, '99', '999', '100', '100', 'L\'interlocutrice était très aimable, malgré quelques problèmes techniques'),
(1308, 138516, 9, 2, 351, '999', '999', '999', NULL, ''),
(1309, 137949, 7, 1, 533, '99', '999', '100', NULL, 'Attente avant décrochage court. Bon accueil général et bonne prise de congé.'),
(1310, 137849, 6, 2, 446, '75', '83', '100', NULL, 'La personne est sympathique, souriante et professionnelle. Elle me précise que les horaires sont différents le dimanche.'),
(1311, 138290, 8, 7, 616, '93', '999', '100', NULL, 'Le ton de l\'interlocutrice est agréable et courtois. L\'interlocutrice se montre accueillante et disponible.'),
(1312, 139481, 11, 2, 712, '95', '999', '100', '100', 'La personne est très aimable.'),
(1313, 137682, 5, 2, 381, '97', '80', '100', NULL, ''),
(1314, 137758, 5, 2, 419, '96', '999', '100', NULL, ''),
(1315, 138478, 9, 1, 424, '96', '80', '100', NULL, 'Interlocutrice joviale et spontanée.'),
(1316, 138361, 8, 2, 652, '92', '999', '100', NULL, ''),
(1317, 137662, 5, 2, 371, '93', '83', '100', NULL, ''),
(1318, 140692, 13, 2, 939, '94', '999', '100', '80', 'L\'interlocutrice était aimable, mais semblait surprise et a simplement répondu à ma question'),
(1319, 137909, 7, 6, 495, '83', '999', '100', NULL, 'Temps d\'attente avant décrochage court. Répond à ma demande. Bonne prise de congé.'),
(1320, 138157, 8, 6, 289, '89', '80', '999', NULL, ''),
(1321, 138191, 8, 1, 566, '94', '83', '100', NULL, ''),
(1322, 137253, 2, 7, 194, '97', '83', '100', NULL, ''),
(1323, 137484, 5, 1, 156, '93', '83', '100', NULL, 'Personne très aimable, souriante, répond à ma demande de manière complète, dynamique.'),
(1324, 137560, 5, 1, 320, '94', '83', '100', NULL, ''),
(1325, 138160, 8, 6, 292, '81', '80', '999', NULL, 'La personne au bout du fil se montre disponible et courtoise. Elle me renseigne facilement. La prise de congé est bonne. '),
(1326, 138513, 9, 7, 328, '999', '999', '999', NULL, ''),
(1327, 137834, 6, 6, 267, '98', '999', '100', NULL, 'La personne est très chaleureuse au téléphone. Elle me renseigne très facilement. '),
(1328, 137962, 7, 1, 546, '85', '0', '100', NULL, 'La personne est très accueillante, très dynamique, elle vérifie que j\'ai bien compris les horaires. Elle a été très gentille et souriante, elle donne envie d\'aller dans sa boulangerie.'),
(1329, 138476, 9, 7, 416, '97', '100', '100', NULL, 'Répond clairement et spontanément à ma question.'),
(1330, 138243, 8, 1, 592, '95', '999', '100', NULL, ''),
(1331, 140682, 13, 8, 935, '95', '999', '69', '83', 'Interlocutrice accueillante et souriante. A répondu à ma demande rapidement.'),
(1332, 140660, 13, 2, 914, '85', '999', '100', '100', 'Décroche rapidement avec un accueil souriant. A répondu à ma demande sans hésitation.'),
(1333, 138380, 8, 2, 662, '98', '80', '100', NULL, 'Ton chaleureux et dynamique. Réponse incertaine mais spontanée de sa part mais me raccroche limite au nez.'),
(1334, 140585, 13, 6, 485, '96', '999', '100', '100', 'L\'interlocutrice était aimable et agréable'),
(1335, 137522, 5, 2, 302, '92', '50', '100', NULL, ''),
(1336, 137627, 5, 6, 353, '99', '83', '100', NULL, 'Réponse claire et maîtrisée, aucune hésitation. Ton enjoué et dynamique.'),
(1337, 137428, 2, 6, 282, '95', '100', '100', NULL, 'Ton dynamique mais neutre, une voix plus aimable serait agréable. J\'ai été bien renseigné.'),
(1338, 137309, 2, 7, 222, '91', '80', '100', NULL, ''),
(1339, 138066, 7, 6, 523, '95', '83', '88', NULL, ''),
(1340, 137272, 2, 7, 204, '85', '999', '100', NULL, 'Appels non aboutis malgré plusieurs tentatives.'),
(1341, 137807, 6, 2, 448, '999', '999', '999', NULL, ''),
(1342, 137520, 5, 7, 300, '98', '999', '100', NULL, ''),
(1343, 140655, 13, 1, 909, '100', '999', '100', '100', 'Décrochage rapide, discours plutôt neutre.'),
(1344, 137605, 5, 2, 342, '96', '100', '100', NULL, 'Ton très enjoué et souriant, me répond de suite sans hésitation, contact personnalisé.'),
(1345, 137668, 5, 2, 374, '95', '999', '100', NULL, ''),
(1346, 137310, 2, 7, 223, '93', '100', '100', NULL, 'Personne souriante et aimable.'),
(1347, 139504, 11, 6, 455, '71', '17', '81', '999', 'La personne au bout du fil est très aimable. Elle me renseigne bien. '),
(1348, 137495, 5, 7, 242, '94', '80', '100', NULL, 'La personne est très aimable, me répond complètement, fait des phrases complètes.'),
(1349, 138483, 9, 1, 153, '999', '999', '999', NULL, ''),
(1350, 137404, 2, 6, 270, '90', '100', '100', NULL, 'Acceuil chaleureux. Ton souriant et dynamique. Me renseigne correctement.'),
(1351, 137573, 5, 1, 326, '98', '83', '100', NULL, 'Personne dynamique, souriante et à l\'écoute. Elle répond clairement à ma demande.'),
(1352, 137267, 2, 7, 201, '97', '80', '100', NULL, ''),
(1353, 138224, 8, 1, 583, '93', '83', '999', NULL, 'Interlocutrice dynamique et joviale, spontanée et naturelle.'),
(1354, 137331, 2, 7, 233, '90', '83', '100', NULL, ''),
(1355, 138217, 8, 1, 579, '93', '80', '100', NULL, ''),
(1356, 138220, 8, 1, 581, '100', '999', '100', NULL, 'Le ton de l\'interlocuteur est fluide et naturel. Il se montre accueillant et soucieux de me satisfaire.'),
(1357, 137768, 5, 1, 424, '97', '0', '100', NULL, ''),
(1358, 137346, 2, 7, 241, '88', '80', '999', NULL, 'Personne aimable et souriante.'),
(1359, 137345, 2, 7, 240, '91', '83', '88', NULL, ''),
(1360, 137281, 2, 7, 208, '86', '999', '100', NULL, ''),
(1361, 138196, 8, 1, 569, '91', '999', '100', NULL, 'L\'interlocutrice s\'est montrée accueillante.'),
(1362, 140628, 13, 1, 884, '100', '999', '100', '83', 'L\'interlocutrice était agréable malgré sa réponse un peu sèche et brusque.'),
(1363, 137717, 5, 6, 398, '92', '80', '81', NULL, 'La personne est accueillante, agréable, répond clairement à ma demande. Bonne prise de congé.'),
(1364, 137632, 5, 7, 356, '94', '999', '100', NULL, ''),
(1365, 139609, 12, 1, 157, '92', '100', '100', '999', 'Ton : au début très neutre puis assez soucieuse et respectueuse. Accueil : normal.'),
(1366, 137755, 5, 1, 417, '94', '50', '100', NULL, 'La personne est aimable et souriante. Elle me précise que les horaires sont différents pour les hommes et pour les femmes.'),
(1367, 137665, 5, 1, 372, '95', '80', '999', NULL, 'Personne très aimable, souriante, répond à ma demande de manière complète et dynamique.'),
(1368, 138309, 8, 7, 625, '84', '0', '69', NULL, ''),
(1369, 137474, 5, 2, 138, '87', '100', '999', NULL, ''),
(1370, 137654, 5, 1, 367, '92', '83', '100', NULL, ''),
(1371, 137236, 2, 2, 186, '93', '100', '100', NULL, 'Un peu long au décrochage mais est très souriante et accueillante tout en me renseignant.'),
(1372, 137881, 7, 6, 473, '84', '999', '999', NULL, 'La personne a su répondre correctement, mais sans réel dynamisme, il n\'y a pas eu de sourire audible. Il est resté poli, avec un ton neutre.'),
(1373, 138255, 8, 7, 598, '999', '999', '999', NULL, ''),
(1374, 138373, 8, 2, 658, '89', '999', '100', NULL, ''),
(1375, 139561, 12, 2, 182, '70', '999', '19', '999', 'Le ton de l\'interlocuteur était énergique. Présence de sourires.'),
(1376, 137582, 5, 7, 331, '93', '999', '100', NULL, ''),
(1377, 138207, 8, 1, 574, '96', '83', '999', NULL, ''),
(1378, 137497, 5, 7, 243, '90', '83', '100', NULL, 'La personne est très aimable, me répond complètement, fait des phrases complètes, enjouée et dynamique.'),
(1379, 138077, 7, 1, 532, '95', '999', '100', NULL, ''),
(1380, 140689, 13, 2, 953, '88', '999', '999', '999', 'Pas d\'appel réalisé.'),
(1381, 137997, 7, 6, 297, '98', '80', '999', NULL, 'La personne est accueillante, le sourire est audible. Elle a peut être été surprise de la question sur les horaires mais elle a su me répondre avec enthousiasme.'),
(1382, 140616, 13, 6, 873, '98', '999', '100', '100', 'L\'interlocutrice était très aimable et agréable'),
(1383, 138506, 9, 6, 279, '999', '999', '999', NULL, ''),
(1384, 139512, 11, 6, 739, '90', '83', '63', '38', 'La personne est très aimable.'),
(1385, 139439, 11, 6, 383, '89', '83', '69', '999', 'La personne au bout du fil me répond facilement. Elle est très aimable.'),
(1386, 137295, 2, 7, 215, '84', '83', '100', NULL, ''),
(1387, 137764, 5, 2, 422, '94', '999', '100', NULL, ''),
(1388, 137739, 5, 1, 409, '98', '80', '100', NULL, 'La personne est accueillante, agréable, répond clairement à ma demande. Bonne prise de congé.'),
(1389, 139465, 11, 2, 694, '96', '999', '100', '100', 'L\'hotesse est très aimable et dynamique, elle me répond par une phrase complète.'),
(1390, 137321, 2, 7, 228, '78', '999', '999', NULL, ''),
(1391, 137944, 7, 1, 528, '100', '100', '100', NULL, 'La personne est agréable et énergique, le sourire est audible.'),
(1392, 137500, 5, 6, 287, '96', '83', '999', NULL, ''),
(1393, 137425, 2, 6, 280, '92', '83', '100', NULL, ''),
(1394, 139464, 11, 2, 693, '94', '999', '100', '65', 'La personne est très aimable et disponible, elle me répond par ne phrase complète.'),
(1395, 138381, 8, 2, 662, '99', '999', '100', NULL, ''),
(1396, 138164, 8, 6, 296, '98', '80', '999', NULL, 'Personne aimable qui répond à ma demande.'),
(1397, 139534, 12, 7, 769, '97', '999', '100', '100', 'La personne était dynamique et très souriante.'),
(1398, 137193, 2, 1, 164, '90', '83', '100', NULL, ''),
(1399, 137836, 6, 6, 435, '88', '83', '100', NULL, 'La personne me donne des horaires détaillés et les répète.'),
(1400, 139457, 11, 7, 685, '93', '999', '100', '999', 'L\'hotesse est très aimable.'),
(1401, 137618, 5, 1, 349, '96', '999', '100', NULL, ''),
(1402, 137579, 5, 7, 329, '96', '100', '100', NULL, 'Une présentation complète, la personne est souriante et dynamique, à l\'écoute car elle répond clairement à ma demande.'),
(1403, 137299, 2, 7, 217, '88', '80', '999', NULL, ''),
(1404, 137646, 5, 2, 363, '93', '999', '100', NULL, ''),
(1405, 138145, 8, 7, 235, '84', '80', '999', NULL, ''),
(1406, 137673, 5, 2, 376, '86', '999', '100', NULL, 'Personne assez aimable et souriante, s\'exprime clairement, ne se présente pas au décrochage, dit juste \"allo\".'),
(1407, 138499, 9, 7, 239, '999', '999', '999', NULL, ''),
(1408, 137440, 2, 6, 288, '97', '83', '100', NULL, 'Accueil chaleureux. Ton souriant et dynamique. Me renseigne sans soucis.'),
(1409, 138346, 8, 2, 645, '93', '999', '100', NULL, 'Personne aimable mais réponse un peu brève.'),
(1410, 137886, 7, 6, 478, '94', '999', '100', NULL, 'Peu d\'attente avant décrochage. Bon accueil et bonne prise de congé.'),
(1411, 139595, 12, 2, 797, '95', '80', '100', '100', 'Le ton de l\'interlocuteur était dynamique. L\'accueil était joyeux.'),
(1412, 137142, 2, 2, 139, '86', '83', '999', NULL, 'Ton dynamique un léger manque de sourire peut-être mais soucieuse de répondre à ma question en me précisant des informations supplémentaires.'),
(1413, 138274, 8, 7, 608, '81', '80', '100', NULL, 'Le ton de l\'interlocutrice est fluide et naturel. Elle se montre aimable.'),
(1414, 137726, 5, 7, 403, '99', '999', '100', NULL, ''),
(1415, 139416, 11, 2, 759, '83', '83', '81', '999', 'Pas d\'appel réalisé.'),
(1416, 137509, 5, 6, 292, '89', '80', '75', NULL, 'Personne au téléphone très aimable. Elle s\'exprime avec clarté, dynamisme et enjouée. Elle décroche et répond à ma demande rapidement. '),
(1417, 139530, 12, 2, 803, '95', '100', '100', '100', 'Pas d\'appel réalisé.'),
(1418, 139493, 11, 1, 725, '95', '999', '100', '999', 'La personne est très aimable.'),
(1419, 140596, 13, 7, 853, '99', '999', '100', '100', 'L\'interlocuteur était très aimable et s\'excusait de ne pas être ouvert'),
(1420, 140701, 13, 6, 456, '99', '999', '100', '75', 'L\'interlocutrice était très aimable et agréable et voulait trouver une solution pour m\'aider'),
(1421, 137872, 6, 2, 466, '78', '80', '50', NULL, 'Personne aimable mais pas assez souriante, répond à ma demande de manière complète.'),
(1422, 137701, 5, 2, 390, '97', '83', '100', NULL, 'La personne répond à ma question clairement.'),
(1423, 138148, 8, 7, 242, '91', '100', '999', NULL, 'L\'interlocutrice se montre aimable.'),
(1424, 137742, 5, 2, 411, '93', '83', '100', NULL, ''),
(1425, 138464, 9, 1, 362, '96', '83', '100', NULL, 'Personne aimable et souriante qui répond à ma demande. La prise de congé est complète.'),
(1426, 137452, 2, 6, 294, '93', '100', '100', NULL, 'Accueil chaleureux. Ton souriant et dynamique. Me renseigne sans soucis.'),
(1427, 139411, 11, 2, 754, '97', '100', '999', '999', 'Pas d\'appel réalisé.'),
(1428, 137269, 2, 7, 301, '86', '999', '100', NULL, ''),
(1429, 138049, 7, 6, 506, '94', '999', '100', NULL, ''),
(1430, 137190, 2, 1, 163, '92', '100', '88', NULL, 'Ton dynamique tout en répondant correctement à ma demande.'),
(1431, 137297, 2, 7, 216, '98', '83', '100', NULL, ''),
(1432, 137506, 5, 6, 291, '93', '83', '999', NULL, ''),
(1433, 137397, 2, 6, 266, '89', '999', '100', NULL, ''),
(1434, 137419, 2, 6, 277, '80', '83', '81', NULL, ''),
(1435, 138436, 9, 2, 181, '89', '999', '999', NULL, 'Ton clair et chaleureux. Réponse complète et spontanée.'),
(1436, 139403, 11, 2, 746, '83', '100', '100', '999', 'Pas d\'appel réalisé.'),
(1437, 138443, 9, 7, 224, '86', '999', '100', NULL, 'L\'interlocuteur répond à ma demande.'),
(1438, 138301, 8, 7, 621, '91', '83', '100', NULL, ''),
(1439, 137797, 6, 1, 438, '999', '999', '999', NULL, ''),
(1440, 137901, 7, 6, 272, '99', '999', '100', NULL, 'Attente courte avant décrochage, bon accueil et bonne prise de congé.'),
(1441, 137916, 7, 6, 502, '97', '999', '100', NULL, 'La personne était en voiture, j\'ai appelé son numéro personnel. Il m\'a tout de même indiqué les horaires du magasin. L\'accueil a été très dynamique et agréable.'),
(1442, 137852, 6, 2, 449, '98', '83', '100', NULL, 'La personne est très souriante et dynamique. De plus elle m\'indique que les horaires sont différents pour le lundi.'),
(1443, 138034, 7, 6, 491, '92', '999', '100', NULL, ''),
(1444, 138035, 7, 6, 492, '95', '100', '100', NULL, ''),
(1445, 137754, 5, 1, 417, '94', '50', '100', NULL, ''),
(1446, 137601, 5, 1, 340, '94', '50', '100', NULL, 'Ton enjoué et dynamique. Réponse obtenue de suite sans hésitation, contact courtois et agréable.'),
(1447, 137150, 2, 2, 143, '88', '83', '75', NULL, '\" Allô ?\" Je demande si ils sont ouvert lundi, me répond \"non\". Très sèche avec un décrochage peu chaleureux néanmoins se rattrape sur la prise de congé aimable.'),
(1448, 138055, 7, 6, 512, '94', '83', '100', NULL, ''),
(1449, 137935, 7, 6, 521, '98', '999', '100', NULL, 'Un peu d\'attente avant décrochage. Bon accueil général. Bonne prise de congé.'),
(1450, 137566, 5, 1, 323, '97', '83', '100', NULL, ''),
(1451, 138431, 9, 1, 156, '97', '80', '999', NULL, 'L\'interlocutrice s\'est montré accueillante et aimable. Le ton de sa voix était fluide et naturel.'),
(1452, 137652, 5, 7, 366, '95', '100', '100', NULL, ''),
(1453, 137978, 7, 7, 403, '96', '999', '100', NULL, 'La personne est accueillante, dynamique, souriante. Le ton est énergique et souriant.'),
(1454, 137543, 5, 1, 311, '97', '83', '100', NULL, ''),
(1455, 137159, 2, 1, 147, '86', '0', '88', NULL, ''),
(1456, 137657, 5, 1, 368, '92', '100', '100', NULL, 'Personne très aimable, souriante, répond à ma demande de manière complète, dynamique.'),
(1457, 137258, 2, 7, 197, '93', '999', '100', NULL, 'Interlocutrice aimable, souriante et dynamique'),
(1458, 137761, 5, 2, 420, '97', '83', '100', NULL, 'La personne est souriante, a hésité sur l\'ouverture l\'après-midi, mais me précise que les horaires sont différents le samedi.'),
(1459, 138491, 9, 7, 196, '999', '999', '999', NULL, ''),
(1460, 137530, 5, 2, 305, '89', '83', '88', NULL, ''),
(1461, 137629, 5, 6, 354, '99', '999', '100', NULL, 'Réponse claire et totalement maîtrisée, aucune hésitation. Ton enjoué, souriant et dynamique. Contact personnalisé.'),
(1462, 137950, 7, 1, 534, '93', '999', '100', NULL, 'Attente avant décrochage assez longue. Accueil général agréable. Bonne prise de congé'),
(1463, 137455, 2, 6, 295, '91', '83', '100', NULL, ''),
(1464, 137562, 5, 6, 321, '92', '50', '63', NULL, ''),
(1465, 137255, 2, 7, 195, '96', '999', '100', NULL, ''),
(1466, 137353, 2, 7, 244, '98', '999', '100', NULL, ''),
(1467, 138369, 8, 2, 656, '85', '83', '999', NULL, ''),
(1468, 137781, 5, 2, 430, '90', '100', '100', NULL, 'Personne très aimable, souriante et dynamique, s\'exprime clairement, enjouée.'),
(1469, 137514, 5, 6, 297, '96', '83', '999', NULL, ''),
(1470, 137847, 6, 7, 445, '98', '999', '100', NULL, 'La personne est souriante et aimable, bon accueil.'),
(1471, 137421, 2, 6, 278, '92', '83', '100', NULL, ''),
(1472, 137526, 5, 2, 304, '96', '999', '999', NULL, ''),
(1473, 137792, 6, 6, 433, '999', '999', '999', NULL, ''),
(1474, 139505, 11, 7, 460, '94', '83', '88', '83', 'La personne manque de sourire et ne se présente pas au décrochage.'),
(1475, 137672, 5, 2, 376, '86', '999', '100', NULL, ''),
(1476, 140581, 13, 6, 382, '95', '999', '100', '100', 'J\'avais l\'impression qu\'elle était à mon écoute'),
(1477, 137412, 2, 6, 274, '98', '80', '100', NULL, 'Accueil chaleureux. Ton souriant et dynamique. Me renseigne sans soucis. Très professionnel dans son décrochage et dans sa prise de congé.'),
(1478, 139541, 12, 7, 770, '88', '999', '100', '100', 'Le ton de l\'interlocuteur était sec. L\'accueil n\'était pas du tout dynamique. Manque de sourire de la part de l\'interlocuteur.'),
(1479, 138393, 8, 2, 667, '91', '999', '100', NULL, ''),
(1480, 138071, 7, 1, 157, '82', '83', '100', NULL, ''),
(1481, 138113, 7, 6, 296, '97', '80', '999', NULL, ''),
(1482, 137940, 7, 6, 526, '99', '80', '100', NULL, 'La personne est agréable, aimable. Le ton est assez dynamique.');
INSERT INTO `data` (`idData`, `id_readings`, `vague`, `territoire`, `commerce`, `note`, `serv`, `vit`, `qual`, `fcom`) VALUES
(1483, 138158, 8, 6, 291, '94', '83', '999', NULL, 'Personne très aimable avec un sourire audible, qui répond à ma demande de manière complète.'),
(1484, 138159, 8, 6, 291, '93', '80', '999', NULL, ''),
(1485, 137877, 6, 1, 367, '94', '80', '100', NULL, 'Personne très aimable, souriante, répond à ma demande de manière complète, dynamique mais ne me dit pas au revoir, me dit \"voila\".'),
(1486, 138416, 8, 2, 140, '84', '80', '999', NULL, 'Personne aimable, dynamique qui répond à ma demande en faisant des phrases complètes.'),
(1487, 137544, 5, 1, 312, '95', '83', '100', NULL, ''),
(1488, 138238, 8, 1, 590, '94', '83', '999', NULL, 'Personne aimable et souriante qui répond à ma demande.'),
(1489, 137584, 5, 1, 332, '94', '999', '63', NULL, ''),
(1490, 137902, 7, 6, 271, '99', '999', '100', NULL, 'La personne est dynamique, énergique, le sourire est audible. La personne me donne les horaires et me dit également que je peux venir avec ou sans rendez vous.'),
(1491, 138223, 8, 1, 582, '95', '80', '100', NULL, ''),
(1492, 138433, 9, 1, 165, '95', '999', '100', NULL, 'L\'interlocuteur se montre accueillant mais me répond de façon sèche.'),
(1493, 137525, 5, 2, 303, '91', '999', '100', NULL, 'Interlocuteur aimable mais pas assez souriant , répond à ma demande.'),
(1494, 138000, 7, 6, 287, '97', '80', '999', NULL, 'La personne est accueillante. Le sourire est audible. Le ton est assez dynamique.'),
(1495, 138326, 8, 6, 635, '89', '999', '100', NULL, 'L\'interlocutrice se montre accueillante et à mon écoute. Le ton de sa voix est courtois et agréable.'),
(1496, 138229, 8, 1, 585, '999', '999', '999', NULL, ''),
(1497, 140632, 13, 1, 888, '95', '999', '100', '999', 'L\'interlocutrice était aimable.'),
(1498, 138514, 9, 1, 332, '999', '999', '999', NULL, ''),
(1499, 137583, 5, 7, 331, '96', '999', '100', NULL, 'Une présentation complète, la personne est souriante et dynamique, à l\'écoute car elle répond clairement à ma demande.'),
(1500, 138266, 8, 7, 604, '92', '999', '100', NULL, 'Le ton de l\'interlocutrice est fluide et naturel. Elle se montre à la fois accueillante et pressée d\'en finir.'),
(1501, 137531, 5, 2, 305, '92', '999', '88', NULL, 'Personne très aimable, me répond complètement, fait des phrases complètes, enjouée et dynamique.'),
(1502, 137958, 7, 1, 542, '96', '83', '100', NULL, 'La personne est très agréable, me demande si je veux les horaires pour aujourd\'hui, il semble soucieux de me satisfaire.'),
(1503, 138041, 7, 6, 498, '94', '999', '100', NULL, ''),
(1504, 138482, 9, 1, 144, '999', '999', '999', NULL, ''),
(1505, 137340, 2, 7, 238, '95', '100', '100', NULL, 'Une personne aimable, souriante et dynamique.'),
(1506, 137268, 2, 7, 301, '94', '999', '100', NULL, 'Une personne aimable, souriante et dynamique.'),
(1507, 138398, 8, 2, 670, '88', '17', '100', NULL, 'Personne très aimable, souriante et disponible qui répond à ma demande de manière complète.'),
(1508, 139454, 11, 7, 680, '91', '17', '100', '65', 'L\'interlocuteur est aimable et à l\'écoute.'),
(1509, 137914, 7, 6, 500, '92', '999', '100', NULL, 'La personne est très agréable, dynamique. L\'accueil est très bon.'),
(1510, 137715, 5, 2, 397, '95', '999', '100', NULL, 'L\'interlocutrice est accueillante, agréable. Elle répond à ma demande. Bonne prise de congé.'),
(1511, 138048, 7, 6, 505, '95', '999', '100', NULL, ''),
(1512, 138279, 8, 7, 610, '96', '100', '100', NULL, ''),
(1513, 138523, 9, 1, 405, '999', '999', '999', NULL, ''),
(1514, 137293, 2, 7, 214, '95', '80', '100', NULL, ''),
(1515, 140647, 13, 1, 901, '98', '999', '100', '999', 'L\'interlocutrice était très aimable et efficace'),
(1516, 137777, 5, 6, 428, '97', '80', '100', NULL, 'La personne est aimable et souriante. Elle me précise les différents horaires selon les jours.'),
(1517, 139529, 12, 1, 830, '95', '100', '100', '90', 'Appel non aboutis malgré plusieurs tentatives'),
(1518, 137767, 5, 6, 423, '94', '999', '81', NULL, 'La personne est souriante et dynamique.'),
(1519, 138338, 8, 2, 641, '87', '83', '100', NULL, 'Personne très aimable et souriante qui répond à ma demande de manière complète.'),
(1520, 138106, 7, 2, 560, '83', '80', '88', NULL, ''),
(1521, 140590, 13, 7, 845, '96', '999', '100', '100', 'L\'interlocuteur était aimable et agréable'),
(1522, 138428, 9, 2, 133, '94', '999', '100', NULL, 'Personne très aimable et souriante qui répond à ma demande de manière complète.'),
(1523, 138413, 8, 2, 139, '79', '100', '999', NULL, ''),
(1524, 138521, 9, 6, 382, '999', '999', '999', NULL, ''),
(1525, 137918, 7, 6, 504, '98', '999', '100', NULL, 'Accueil agréable, le sourire est audible. Prise de congés très chaleureuse.'),
(1526, 137282, 2, 7, 209, '95', '83', '100', NULL, 'Interlocuteur souriant, dynamique et aimable.'),
(1527, 137843, 6, 1, 442, '99', '83', '100', NULL, 'L\'interlocuteur est aimable, souriant et dynamique.'),
(1528, 139484, 11, 1, 715, '93', '83', '100', '999', 'La personne est très aimable.'),
(1529, 138040, 7, 6, 497, '97', '83', '100', NULL, ''),
(1530, 137501, 5, 6, 287, '94', '80', '999', NULL, 'Personne aimable, répond à ma demande mais parle à d\'autres clients en même temps.'),
(1531, 137435, 2, 6, 285, '97', '999', '100', NULL, ''),
(1532, 137966, 7, 2, 550, '97', '83', '100', NULL, 'La personne est très agréable et aimable. Le ton est très dynamique, cela donne envie d\'aller dans la boulangerie.'),
(1533, 138085, 7, 1, 540, '98', '80', '100', NULL, ''),
(1534, 138469, 9, 6, 393, '86', '83', '100', NULL, 'Personne très aimable, le ton est chaleureux. Elle répond à ma demande de manière complète.'),
(1535, 140690, 13, 2, 937, '99', '999', '100', '100', 'L\'interlocutrice était très aimable et agréable'),
(1536, 137221, 2, 1, 178, '97', '80', '100', NULL, ''),
(1537, 138177, 8, 1, 367, '89', '83', '100', NULL, ''),
(1538, 138317, 8, 7, 630, '93', '999', '999', NULL, ''),
(1539, 139536, 12, 2, 789, '98', '100', '100', '999', 'Le ton de l\'interlocuteur était sec.'),
(1540, 137576, 5, 7, 328, '95', '100', '100', NULL, ''),
(1541, 139562, 12, 7, 775, '89', '999', '100', '999', 'Le ton de l\'interlocuteur était énergique. Présence de sourires.'),
(1542, 137937, 7, 6, 523, '89', '999', '88', NULL, 'La personne est accueillante au téléphone, le sourire est audible. Elle m\'explique même comment la contacter au mieux pour le traiteur.'),
(1543, 140595, 13, 7, 852, '99', '999', '100', '100', 'L\'interlocuteur était aimable et agréable'),
(1544, 137753, 5, 7, 416, '96', '50', '100', NULL, 'La personne est accueillante et dynamique. Elle répond clairement à ma demande. Bonne prise de congé.'),
(1545, 137809, 6, 2, 450, '999', '999', '999', NULL, ''),
(1546, 139551, 12, 2, 809, '91', '999', '100', '100', 'Le ton de l\'interlocuteur était dynamique. L\'accueil était chaleureux. Présence de sourires.'),
(1547, 137393, 2, 6, 264, '81', '83', '100', NULL, ''),
(1548, 137794, 6, 6, 435, '999', '999', '999', NULL, ''),
(1549, 139607, 12, 6, 297, '96', '80', '999', '100', '\r\nAccueil : bien \r\nTon : bien'),
(1550, 137680, 5, 2, 380, '78', '100', '999', NULL, ''),
(1551, 137868, 6, 2, 462, '98', '83', '100', NULL, 'La personne est très aimable, me répond complètement, fait des phrases complètes, enjouée et dynamique.'),
(1552, 137391, 2, 6, 263, '97', '80', '100', NULL, ''),
(1553, 137775, 5, 2, 427, '94', '83', '100', NULL, 'La personne est souriante et aimable mais elle s\'emmêle dans les horaires.'),
(1554, 137174, 2, 1, 155, '93', '80', '100', NULL, 'Pas beaucoup de dynamisme dans la voix, me demande de répéter ma demande et attend que je dise au revoir pour le dire à son tour.'),
(1555, 137298, 2, 7, 217, '91', '80', '999', NULL, 'Une personne dynamique, chaleureuse, aimable et souriante.'),
(1556, 140684, 13, 2, 948, '99', '999', '100', '999', 'Pas d\'appel réalisé.'),
(1557, 140649, 13, 1, 903, '98', '999', '100', '999', 'L\'interlocutrice était très aimable et agréable'),
(1558, 140627, 13, 6, 883, '95', '999', '100', '100', 'L\'interlocutrice était très aimable et agréable'),
(1559, 140613, 13, 6, 870, '97', '999', '100', '100', 'L\'interlocutrice était très aimable'),
(1560, 140697, 13, 2, 944, '99', '999', '999', '50', 'Personne souriante et accueillante, qui a répondu à ma demande rapidement et qui a précisé les horaires d\'ouverture.'),
(1561, 140667, 13, 2, 307, '96', '999', '100', '100', 'Décrochage rapide. A préciser les horaires pour répondre à ma demande.'),
(1562, 137405, 2, 6, 270, '82', '999', '100', NULL, ''),
(1563, 137664, 5, 1, 372, '79', '67', '999', NULL, ''),
(1564, 137163, 2, 1, 149, '75', '999', '56', NULL, ''),
(1565, 137148, 2, 2, 142, '77', '80', '69', NULL, 'Elle répond à ma demande mais avec un ton peu chaleureux et assez distant.'),
(1566, 137413, 2, 6, 274, '96', '83', '100', NULL, ''),
(1567, 137801, 6, 1, 442, '999', '999', '999', NULL, ''),
(1568, 140623, 13, 6, 880, '95', '999', '100', '38', 'L\'interlocuteur était aimable'),
(1569, 138519, 9, 7, 369, '999', '999', '999', NULL, ''),
(1570, 137551, 5, 1, 315, '95', '83', '100', NULL, 'Bonne présentation, la personne me répond rapidement. Interlocuteur dynamique et souriant.'),
(1571, 137610, 5, 2, 345, '91', '100', '100', NULL, ''),
(1572, 137776, 5, 6, 428, '96', '80', '100', NULL, ''),
(1573, 138304, 8, 7, 623, '94', '999', '81', NULL, 'L\'interlocuteur se montre accueillant, disponible. Le ton de sa voix est courtois et agréable.'),
(1574, 138313, 8, 7, 628, '87', '17', '999', NULL, ''),
(1575, 138404, 8, 7, 673, '92', '17', '999', NULL, 'Au décrochage, la personne salue un client en magasin avant d\'annoncer sa phrase d\'accueil. Interlocutrice sympathique et souriante.'),
(1576, 137504, 5, 6, 289, '91', '83', '88', NULL, 'Personne très aimable, souriante et dynamique, s\'exprime clairement, parle calmement.'),
(1577, 139428, 11, 1, 726, '95', '100', '100', '999', 'La personne est très aimable et dynamique.'),
(1578, 137602, 5, 6, 341, '96', '0', '100', NULL, ''),
(1579, 139423, 11, 2, 641, '97', '999', '100', '100', 'La personne est très aimable et dynamique, elle me répond par une phrase complète.'),
(1580, 140637, 13, 1, 893, '98', '999', '100', '100', 'L\'interlocutrice était accueillante et souriante. Elle a précisé ses horaires d\'ouverture suite à ma demande.'),
(1581, 139487, 11, 1, 718, '85', '17', '100', '100', 'La personne est très aimable.'),
(1582, 137548, 5, 1, 314, '98', '83', '100', NULL, ''),
(1583, 138024, 7, 6, 486, '98', '80', '100', NULL, ''),
(1584, 138205, 8, 1, 573, '89', '80', '81', NULL, ''),
(1585, 138193, 8, 1, 567, '91', '999', '100', NULL, ''),
(1586, 138403, 8, 7, 672, '85', '0', '100', NULL, ''),
(1587, 139577, 12, 1, 833, '88', '100', '100', '90', 'L\'accueil était agréable.'),
(1588, 137315, 2, 7, 225, '85', '999', '100', NULL, ''),
(1589, 137826, 6, 2, 465, '999', '999', '999', NULL, ''),
(1590, 138517, 9, 1, 362, '999', '999', '999', NULL, ''),
(1591, 137942, 7, 1, 157, '94', '67', '100', NULL, 'Temps d\'attente avant décrochage court. Bon accueil général. Aucune prise de congé hormis \"voila\".'),
(1592, 138395, 8, 2, 668, '74', '83', '999', NULL, ''),
(1593, 137879, 6, 2, 471, '97', '100', '100', NULL, 'Personne très aimable, me répond complètement, fait des phrases complètes, enjouée et dynamique.'),
(1594, 137894, 7, 6, 485, '97', '100', '100', NULL, 'Peu d\'attente avant décrochage. Bon accueil général. Bonne prise de congé.'),
(1595, 138339, 8, 2, 641, '93', '83', '100', NULL, ''),
(1596, 137185, 2, 1, 160, '96', '0', '100', NULL, ''),
(1597, 138349, 8, 2, 646, '95', '999', '100', NULL, ''),
(1598, 137979, 7, 7, 413, '97', '999', '100', NULL, 'Peu d\'attente avant décrochage. Bon accueil. Bonne prise de congé'),
(1599, 138016, 7, 6, 479, '96', '999', '100', NULL, ''),
(1600, 138245, 8, 1, 593, '88', '80', '999', NULL, ''),
(1601, 138289, 8, 7, 615, '85', '999', '100', NULL, ''),
(1602, 137407, 2, 6, 271, '94', '83', '100', NULL, ''),
(1603, 137803, 6, 1, 444, '999', '999', '999', NULL, ''),
(1604, 137577, 5, 7, 328, '96', '999', '100', NULL, 'Une présentation complète, la personne est souriante et dynamique, à l\'écoute car elle répond clairement à ma demande.'),
(1605, 137141, 2, 2, 138, '84', '83', '999', NULL, ''),
(1606, 137234, 2, 2, 185, '99', '100', '100', NULL, 'Très souriante et aimable. Peut être un léger manque de dynamisme mais me renseigne correctement.'),
(1607, 138002, 7, 1, 367, '93', '83', '100', NULL, 'L\'accueil est très dynamique, énergique. La personne semble souriante.'),
(1608, 138108, 7, 7, 413, '91', '999', '100', NULL, ''),
(1609, 137750, 5, 1, 415, '95', '80', '100', NULL, ''),
(1610, 137166, 2, 1, 151, '75', '83', '31', NULL, 'Ton très chaleureux et dynamique me renseigne agréablement.'),
(1611, 138183, 8, 1, 373, '96', '83', '999', NULL, ''),
(1612, 138141, 8, 6, 434, '94', '80', '100', NULL, ''),
(1613, 138063, 7, 6, 520, '99', '999', '100', NULL, ''),
(1614, 137705, 5, 2, 392, '79', '999', '100', NULL, 'Appel non abouti malgré plusieurs tentatives'),
(1615, 137943, 7, 1, 156, '95', '50', '100', NULL, 'L\'accueil est très agréable et souriant.'),
(1616, 138359, 8, 2, 651, '92', '999', '999', NULL, ''),
(1617, 137490, 5, 7, 236, '100', '999', '100', NULL, ''),
(1618, 137343, 2, 7, 239, '96', '80', '100', NULL, ''),
(1619, 138069, 7, 6, 526, '99', '80', '100', NULL, ''),
(1620, 139624, 12, 1, 372, '69', '80', '50', '100', 'Ton : très bien Accueil : bien'),
(1621, 138088, 7, 1, 543, '98', '80', '999', NULL, ''),
(1622, 138244, 8, 1, 593, '95', '80', '999', NULL, 'Le ton de l\'interlocutrice est fluide et naturel. Elle se montre accueillante et aimable.'),
(1623, 137356, 2, 7, 246, '95', '83', '100', NULL, 'Interlocuteur chaleureux, aimable et souriant.'),
(1624, 138155, 8, 6, 288, '86', '100', '999', NULL, ''),
(1625, 139582, 12, 2, 799, '74', '80', '63', '100', 'Le ton de l\'interlocuteur était énergique. Présence de sourires.'),
(1626, 139427, 11, 2, 645, '97', '999', '100', '100', 'La personne est très aimable et me répond par une phrase complète.'),
(1627, 138171, 8, 7, 209, '97', '999', '100', NULL, ''),
(1628, 137783, 5, 2, 431, '99', '999', '100', NULL, 'Personne plutôt aimable et souriante, s\'exprime clairement, assez dynamique et enjouée.'),
(1629, 137587, 5, 2, 333, '100', '999', '100', NULL, 'Ton courtois et agréable, me répond de suite sans hésitation. Manque un peu de dynamisme'),
(1630, 139521, 12, 7, 839, '91', '0', '100', '999', 'Pas d\'appel réalisé.'),
(1631, 140681, 13, 8, 934, '87', '999', '999', '100', 'Décrochage rapide et personne accueillante mais hésitation au décrochage car on a l\'impression qu\'un collègue ou client lui parle en même temps.'),
(1632, 139413, 11, 2, 756, '82', '100', '81', '999', 'Pas d\'appel réalisé.'),
(1633, 140700, 13, 2, 947, '99', '999', '100', '100', 'Personne accueillante et souriante mais il n\'y a pas eu de présentation lors du décrochage.'),
(1634, 139502, 11, 6, 738, '95', '999', '100', '83', 'La personne est très aimable.'),
(1635, 140605, 13, 7, 862, '89', '999', '100', '100', 'Décrochage rapide. Interlocuteur qui parle de façon neutre.'),
(1636, 137537, 5, 2, 308, '93', '100', '100', NULL, 'Bon accueil, bonne explication et bonne fin d\'entretien.'),
(1637, 139532, 12, 6, 765, '97', '80', '100', '100', 'La personne m\'a demandé des précisions sur les horaires d\'ouverture que je souhaitais. Le décrochage était rapide.'),
(1638, 139397, 11, 1, 724, '95', '83', '100', '100', 'Pas d\'appel réalisé (faux numéro).'),
(1639, 138239, 8, 1, 590, '96', '100', '999', NULL, ''),
(1640, 137528, 5, 7, 209, '97', '999', '100', NULL, ''),
(1641, 140574, 13, 7, 213, '99', '999', '100', '100', 'Mon interlocutrice est dynamique au décrochage,elle répond correctement à ma demande'),
(1642, 140583, 13, 2, 425, '100', '999', '100', '55', 'L\'interlocutrice était très aimable et agréable'),
(1643, 137612, 5, 1, 346, '91', '83', '100', NULL, ''),
(1644, 138006, 7, 7, 563, '94', '999', '100', NULL, 'La personne est accueillante, souriante. Elle est assez dynamique.'),
(1645, 139578, 12, 2, 342, '93', '100', '999', '75', 'Le ton de l\'interlocuteur était dynamique. Présence de sourires.'),
(1646, 137256, 2, 7, 196, '89', '999', '100', NULL, 'Interlocutrice souriante, dynamique et aimable.'),
(1647, 138256, 8, 7, 599, '100', '999', '100', NULL, 'Le ton de l\'interlocutrice est fluide et naturel. Elle se montre accueillante, disponible et souriante.'),
(1648, 138365, 8, 2, 654, '97', '80', '100', NULL, ''),
(1649, 137362, 2, 6, 249, '88', '80', '88', NULL, 'Une personne aimable et souriante.'),
(1650, 138271, 8, 7, 606, '89', '80', '81', NULL, ''),
(1651, 137394, 2, 6, 265, '88', '80', '75', NULL, 'Me renseigne sans soucis mais un manque d\'énergie et de sourire dans sa voix la rende peu aimable.'),
(1652, 138322, 8, 6, 633, '96', '999', '100', NULL, 'Le ton de l\'interlocutrice est courtois et agréable. Elle se montre accueillante et à mon écoute.'),
(1653, 140630, 13, 1, 886, '97', '999', '100', '50', 'L\'interlocutrice était très aimable et se montrait disponible'),
(1654, 139435, 11, 6, 263, '94', '83', '100', '100', 'Le ton est neutre, la personne ne se présente pas au décrochage et il n\'y a aucune prise de congé.'),
(1655, 140638, 13, 1, 894, '97', '999', '100', '90', 'Appel non abouti au bout de 3 tentatives'),
(1656, 138528, 9, 2, 411, '999', '999', '999', NULL, ''),
(1657, 140619, 13, 6, 876, '91', '999', '100', '90', 'L\'interlocuteur était agréable mais peu dynamique'),
(1658, 139546, 12, 1, 437, '99', '999', '100', '100', 'Le ton de l\'interlocuteur était dynamique. Présence de sourires.'),
(1659, 138422, 8, 7, 224, '87', '999', '100', NULL, 'L\'interlocuteur répond à ma demande.'),
(1660, 137341, 2, 7, 238, '88', '80', '100', NULL, ''),
(1661, 138044, 7, 6, 501, '85', '83', '81', NULL, ''),
(1662, 138248, 8, 1, 595, '88', '83', '999', NULL, 'Le ton de l\'interlocuteur est fluide et naturel. Il n\'est cependant pas très accueillant.'),
(1663, 139400, 11, 2, 743, '99', '100', '100', '999', 'Pas d\'appel réalisé.'),
(1664, 137481, 5, 2, 141, '82', '83', '88', NULL, 'Personne plutôt aimable et souriante, s\'exprime clairement, assez dynamique et enjouée.'),
(1665, 137702, 5, 2, 391, '70', '83', '999', NULL, 'La personne est accueillante et agréable.'),
(1666, 137533, 5, 2, 306, '83', '999', '100', NULL, 'Appel non abouti malgré plusieurs tentatives'),
(1667, 138462, 9, 2, 333, '92', '999', '100', NULL, 'Ton hautain mais dynamique. La personne répond clairement à ma demande.'),
(1668, 137263, 2, 7, 199, '60', '999', '38', NULL, ''),
(1669, 137302, 2, 7, 219, '81', '100', '0', NULL, 'Appels non aboutis malgré plusieurs tentatives.'),
(1670, 138074, 7, 1, 529, '95', '100', '100', NULL, ''),
(1671, 137375, 2, 6, 255, '95', '999', '100', NULL, ''),
(1672, 138414, 8, 7, 205, '89', '999', '100', NULL, 'Le ton de l\'interlocuteur est fluide et naturel. Il se montre accueillant et à mon écoute.'),
(1673, 137982, 7, 7, 242, '78', '80', '88', NULL, 'La personne répond avec dynamisme, les réponses sont claires. L\'accueil est très bon.'),
(1674, 137948, 7, 1, 532, '91', '999', '100', NULL, 'L\'accueil est agréable, le ton est assez dynamique.'),
(1675, 138525, 9, 2, 408, '999', '999', '999', NULL, ''),
(1676, 138295, 8, 7, 618, '95', '999', '100', NULL, ''),
(1677, 137679, 5, 2, 379, '93', '999', '100', NULL, 'Personne plutôt aimable et souriante, assez dynamique et enjouée.'),
(1678, 137223, 2, 1, 179, '96', '100', '100', NULL, ''),
(1679, 138166, 8, 6, 297, '98', '80', '999', NULL, 'Personne très aimable, disponible, qui répond à ma demande sans hésiter.'),
(1680, 138163, 8, 6, 295, '88', '80', '999', NULL, ''),
(1681, 138211, 8, 1, 576, '96', '999', '100', NULL, ''),
(1682, 139520, 12, 7, 838, '92', '0', '999', '999', 'Pas d\'appel réalisé.'),
(1683, 138276, 8, 7, 609, '95', '80', '100', NULL, 'L\'interlocutrice se montre accueillante, aimable et à mon écoute. Le ton de sa voix est fluide et naturel.'),
(1684, 140659, 13, 2, 913, '96', '999', '100', '100', 'L\'interlocuteur était très aimable et agréable'),
(1685, 139570, 12, 2, 785, '92', '80', '100', '100', 'Le ton de l\'interlocuteur était énergique. Présence de sourires.'),
(1686, 137748, 5, 6, 414, '90', '999', '81', NULL, ''),
(1687, 139414, 11, 2, 757, '83', '100', '100', '999', 'Pas d\'appel réalisé.'),
(1688, 137330, 2, 7, 233, '89', '83', '100', NULL, 'Personne aimable et souriante.'),
(1689, 138121, 7, 2, 138, '96', '80', '999', NULL, ''),
(1690, 137588, 5, 1, 334, '97', '0', '100', NULL, ''),
(1691, 137382, 2, 6, 259, '86', '999', '100', NULL, 'Dans l\'ensemble, interlocuteur poli et courtois mais ne repond pas à mes attentes.'),
(1692, 137653, 5, 7, 366, '93', '80', '100', NULL, 'Personne aimable au décrochage, me répond de facon complète.'),
(1693, 138382, 8, 2, 663, '79', '0', '0', NULL, 'Ton neutre. Réponse spontanée mais partielle.'),
(1694, 137731, 5, 1, 405, '94', '999', '100', NULL, 'La personne est accueillante, assez agréable, répond à ma demande. Bonne prise de congé.'),
(1695, 138454, 9, 6, 280, '96', '100', '999', NULL, 'Personne aimable et souriante qui répond à ma demande. Une prise de congé qualitative.'),
(1696, 139548, 12, 7, 782, '84', '999', '100', '75', 'Le ton de l\'interlocuteur était joyeux. Présence de sourires. Néanmoins, la personne ne m\'apporte pas de précisions concernant les jours d\'ouverture de la boutique.'),
(1697, 137926, 7, 6, 512, '94', '83', '100', NULL, 'La personne est accueillante, dynamique et souriante.'),
(1698, 138037, 7, 6, 494, '97', '999', '100', NULL, ''),
(1699, 138123, 7, 2, 140, '65', '80', '69', NULL, ''),
(1700, 137462, 2, 7, 299, '97', '999', '100', NULL, 'Accueil chaleureux. Ton souriant et dynamique. Me renseigne sans soucis.'),
(1701, 138062, 7, 6, 519, '91', '80', '100', NULL, ''),
(1702, 139406, 11, 2, 749, '98', '83', '100', '999', 'Pas d\'appel réalisé.'),
(1703, 137231, 2, 2, 183, '95', '0', '100', NULL, ''),
(1704, 138140, 8, 6, 434, '95', '999', '100', NULL, 'Personne aimable au bout du fil. Le ton est neutre mais la personne répond à ma demande de manière complète sans hésitation. '),
(1705, 137572, 5, 1, 326, '94', '999', '100', NULL, ''),
(1706, 137230, 2, 2, 183, '97', '100', '81', NULL, 'Souriant et dynamique me renseigne sans soucis.'),
(1707, 137355, 2, 7, 245, '57', '999', '999', NULL, ''),
(1708, 137656, 5, 1, 368, '89', '100', '100', NULL, ''),
(1709, 137215, 2, 1, 175, '91', '999', '100', NULL, ''),
(1710, 139429, 11, 6, 734, '90', '83', '100', '999', 'La personne au bout du fil est très aimable.'),
(1711, 139476, 11, 2, 707, '89', '100', '100', '999', 'La personne est très aimable.'),
(1712, 137392, 2, 6, 264, '88', '83', '100', NULL, 'Peut-être un petit manque de dynamisme à relever dans le ton. Mais me renseigne correctement.'),
(1713, 138225, 8, 1, 583, '94', '83', '999', NULL, ''),
(1714, 137977, 7, 2, 560, '87', '83', '100', NULL, 'La réponse a été rapide, le ton assez neutre.'),
(1715, 137677, 5, 7, 378, '89', '100', '100', NULL, 'Appels non aboutis malgré plusieurs tentatives'),
(1716, 138424, 8, 7, 225, '91', '999', '100', NULL, 'Le ton de l\'interlocutrice est aimable et souriant. Elle s\'est montrée accueillante.'),
(1717, 138291, 8, 7, 616, '95', '999', '100', NULL, ''),
(1718, 137306, 2, 7, 221, '94', '999', '100', NULL, 'Interlocutrice aimable, souriante et dynamique.'),
(1719, 138283, 8, 7, 612, '96', '80', '999', NULL, ''),
(1720, 138343, 8, 2, 643, '92', '100', '100', NULL, ''),
(1721, 139486, 11, 1, 717, '90', '100', '50', '100', 'La personne est très aimable.'),
(1722, 138306, 8, 7, 624, '89', '83', '100', NULL, 'Le ton de l\'interlocutrice est souriant et courtois. Elle se montre accueillante et disponible.'),
(1723, 137667, 5, 1, 373, '97', '80', '999', NULL, ''),
(1724, 138004, 7, 7, 561, '81', '999', '100', NULL, 'Temps d\'attente au décrochage rapide. Accueil général agréable et a le soucis de bien informer le client. Bonne prise de congé.'),
(1725, 137156, 2, 1, 146, '89', '80', '100', NULL, 'Ton dynamique mais un peu rauque. Soucieux de répondre à ma demande correctement. Très aimable.'),
(1726, 137438, 2, 6, 287, '94', '80', '999', NULL, 'Accueil chaleureux. Ton souriant et dynamique. Me renseigne sans soucis.'),
(1727, 138470, 9, 1, 405, '96', '999', '100', NULL, 'Malgré une formule de décrochage sèche et pas encourageante, une prise de congé néanmoins agréable et chaleureuse.'),
(1728, 139440, 11, 1, 569, '94', '80', '100', '999', 'L\'hotesse est très aimable et dynamique.'),
(1729, 137529, 5, 7, 209, '97', '999', '100', NULL, 'Personne très aimable, me répond complètement, fait des phrases complètes, enjouée et dynamique.'),
(1730, 138227, 8, 1, 584, '94', '100', '100', NULL, ''),
(1731, 140639, 13, 1, 895, '98', '999', '100', '75', 'Décrochage un peu long et accueil assez neutre de la personne.'),
(1732, 137199, 2, 1, 167, '91', '83', '100', NULL, ''),
(1733, 138405, 8, 7, 673, '82', '83', '999', NULL, ''),
(1734, 137617, 5, 2, 348, '83', '83', '100', NULL, 'Contact dynamique et souriant, ton enjoué et maîtrisé. Me répond de suite sans hésitation.'),
(1735, 137226, 2, 2, 181, '87', '83', '88', NULL, 'Ton très chaleureux et dynamique. A mon écoute et serviable.'),
(1736, 138258, 8, 7, 600, '92', '999', '100', NULL, 'Le ton de l\'interlocuteur est courtois et aimable. Il se montre accueillant.'),
(1737, 139398, 11, 2, 741, '94', '100', '100', '999', 'Pas d\'appel réalisé.'),
(1738, 139593, 12, 2, 790, '96', '80', '100', '100', 'L\'accueil était chaleureux. Présence de sourires.'),
(1739, 139540, 12, 7, 779, '92', '80', '100', '999', 'Le ton de l\'interlocuteur était énergique. La personne était souriante et m\'accordait de l\'attention.'),
(1740, 138110, 7, 7, 241, '79', '83', '999', NULL, ''),
(1741, 137510, 5, 6, 295, '82', '83', '75', NULL, ''),
(1742, 139456, 11, 7, 683, '93', '999', '100', '100', 'La personne est très aimable.'),
(1743, 140673, 13, 8, 926, '98', '999', '999', '100', 'Le décrochage est rapide et l\'interlocutrice est souriante. Elle a pensé à préciser l\'ouverture de ce jeudi d\'ascension.'),
(1744, 137387, 2, 6, 261, '98', '83', '100', NULL, ''),
(1745, 137448, 2, 6, 292, '89', '80', '88', NULL, 'Accueil chaleureux. Ton souriant et dynamique. Me renseigne sans soucis.'),
(1746, 140646, 13, 1, 900, '99', '999', '100', '0', 'L\'interlocutrice était aimable.'),
(1747, 137992, 7, 2, 138, '88', '80', '999', NULL, 'Attente courte avant décrochage. Bonne accueil général. Bonne prise de congé.'),
(1748, 138262, 8, 7, 602, '97', '999', '999', NULL, 'Le ton de l\'interlocuteur est fluide et naturel. Il se montre accueillant, aimable et soucieux de me satisfaire.'),
(1749, 137895, 7, 6, 486, '98', '83', '100', NULL, 'La personne au bout du fil décroche rapidement. Bon accueil général et bonne prise de congé. On me renseigne facilement. '),
(1750, 138138, 8, 2, 142, '91', '80', '999', NULL, 'Personne aimable, répond à ma demande de manière complète.'),
(1751, 138445, 9, 7, 238, '93', '999', '100', NULL, 'Ton chaleureux et dynamique. Réponse partielle et je dois relancer.'),
(1752, 137850, 6, 2, 447, '83', '83', '100', NULL, 'Faux numéro'),
(1753, 138152, 8, 6, 287, '95', '80', '999', NULL, 'L\'interlocutrice se montre accueillante, souriante. Le ton de sa voix est fluide et naturel.'),
(1754, 137449, 2, 6, 292, '85', '80', '88', NULL, ''),
(1755, 138273, 8, 7, 607, '81', '83', '999', NULL, ''),
(1756, 140672, 13, 8, 925, '98', '999', '100', '100', 'Décrochage rapide mais le nom du magasin n\'est pas dit assez distinctement, il semble coupé avant la fin et coller au \"bonjour\".'),
(1757, 137545, 5, 1, 312, '95', '83', '100', NULL, 'La personne a un bon rythme, bon accueil simple et efficace.'),
(1758, 137819, 6, 7, 459, '999', '999', '999', NULL, ''),
(1759, 141081, 14, 9, 1084, '99', '999', '100', '100', 'La personne est courtoise, elle me donne les informations. La personne est cordiale, le ton est plutôt souriant.'),
(1760, 141121, 14, 7, 1123, '81', '999', '100', '999', 'Appel non abouti au bout de 3 tentatives'),
(1761, 141129, 14, 9, 1131, '100', '999', '100', '999', 'Pas d\'appel réalisé.'),
(1762, 141047, 14, 1, 1050, '95', '999', '100', '100', 'Décrochage rapide. Personne très aimable et qui répond sans hésitation. RAS.'),
(1763, 141072, 14, 9, 1075, '95', '999', '100', '100', 'Le ton est dynamique. La phrase d\'accueil est très complète. La personne me donne les informations et fait la prise de congé avec le sourire, elle est très agréable.'),
(1764, 141040, 14, 1, 1043, '100', '999', '100', '999', 'Décrochage rapide. Interlocutrice dynamique et qui répond avec facilité à ma demande.'),
(1765, 141097, 14, 2, 1099, '82', '999', '100', '100', 'J\'ai un bon accueil conforme aux attentes. La personne est souriante et agréable. La prise de congé est cordiale et courtoise. Un bon contact.'),
(1766, 141126, 14, 2, 1128, '91', '999', '100', '999', 'Le ton est neutre, correct sans pour autant être dynamique. La diction est juste. La personne est cordiale mais ne cherche pas réellement à me répondre. J\'ai quand même mes informations. La prise de congé est correcte sans plus.'),
(1767, 141101, 14, 2, 1103, '94', '999', '100', '100', 'La personne est cordiale et agréable. Elle prend le temps de me répondre. Elle est souriante et courtoise. Un bon contact.'),
(1768, 141060, 14, 9, 1063, '97', '999', '100', '90', 'La personne est courtoise au décrochage. Elle me donne les horaires et la prise de congé est conforme avec un ton plutôt dynamique.'),
(1769, 141041, 14, 1, 1044, '99', '999', '100', '100', 'L\'accueil est courtois et agréable. La personne est agréable et sympathique. La personne est souriante. La prise de congé est un peu timide.'),
(1770, 141087, 14, 9, 1090, '97', '999', '100', '100', 'Un bon accueil avec une personne très aimable et avec une bonne diction. Elle prend le temps de me dire toutes les heures de la semaine et pour les dimanches de décembre. Un bon contact.'),
(1771, 141127, 14, 2, 1129, '92', '999', '100', '999', 'Je n\'entends pratiquement pas l\'annonce au décrochage. La personne parle lentement et faiblement. Le ton n\'est pas dynamique mais on me répond et cela reste courtois. La prise de congé est cordiale.'),
(1772, 141066, 14, 9, 1069, '96', '999', '100', '100', 'Une bonne prise de contact, conforme aux attentes. La personne cherche à connaitre mes attentes en me demandant quand je souhaite venir mais pour autant elle me donne les informations sur toute la semaine. Une personne souriante, dynamique et cordiale.'),
(1773, 141132, 14, 9, 1134, '97', '999', '999', '999', 'Pas d\'appel réalisé.'),
(1774, 141115, 14, 7, 1117, '97', '999', '999', '90', 'La personne dit juste bonjour au décrochage. Elle me donne toutes les informations dans le détail. Le ton est courtois mais pas très souriant. La prise de congé est conforme aux attentes.'),
(1775, 141050, 14, 1, 1053, '98', '999', '100', '999', 'Appel non abouti au bout de 3 tentatives'),
(1776, 141103, 14, 2, 1105, '94', '999', '100', '100', 'Décrochage rapide. Me donne les horaires sans hésiter et précise même les changements causés par les fêtes.'),
(1777, 141105, 14, 2, 1107, '97', '999', '100', '100', 'L\'accueil et la prise de congé sont rapide et expéditifs, c\'est la personne qui raccroche. Cela reste courtois mais manque de sourire et de convivialité. Même si j\'appelle pendant le service.'),
(1778, 141046, 14, 1, 1049, '99', '999', '999', '90', 'L\'accueil est conforme, la personne est courtoise et me renseigne en me donnant les heures d\'ouverture de la journée. La prise de congé est conforme. Le ton est dynamique et courtois.'),
(1779, 141119, 14, 7, 1121, '90', '999', '63', '0', 'Le ton dès l\'accueil est neutre, sans dynamisme et sans chaleur. La réponse est brève et sans convivialité. La prise de congé est conforme et courtoise bien que sans dynamisme.'),
(1780, 141062, 14, 9, 1065, '87', '999', '100', '100', 'La personne est souriante et agréable. Elle me renseigne dans le détail. La prise de congé est courtoise et conforme.'),
(1781, 141122, 14, 7, 1124, '84', '999', '50', '999', 'Appel non abouti au bout de 3 tentatives'),
(1782, 141099, 14, 2, 1101, '98', '999', '100', '100', 'La personne est courtoise. Le ton est cordial et dynamique. J\'ai les informations avec une bonne prise de congé.'),
(1783, 141128, 14, 9, 1130, '100', '999', '100', '999', 'Pas d\'appel réalisé.'),
(1784, 141093, 14, 2, 1095, '99', '999', '100', '100', 'L\'accueil et la prise de congé sont conformes. Le ton est plutôt neutre sans sourire. Cependant j\'ai les informations complètes.'),
(1785, 141084, 14, 9, 1087, '98', '999', '100', '100', 'L\'accueil est conforme dans la formule, mais le ton lors de l\'appel est plutôt neutre, voire froid. La personne n\'est pas souriante et cela se ressent. Elle me renseigne sans plus de détails et reste courtoise.'),
(1786, 141068, 14, 9, 1071, '94', '999', '100', '90', 'L\'accueil est conforme. La personne est courtoise et agréable. Elle me donne toutes les informations avec le sourire et le ton est très cordial. Un bon contact.'),
(1787, 141071, 14, 9, 1074, '93', '999', '100', '999', 'Le décrochage est dynamique et conforme, mais suite à ma demande la personne me demande qui je suis. Il répond à ma demande, mais semble suspicieux. Le ton est un peu plus froid qu\'au décrochage. La prise de congé reste cordiale.'),
(1788, 141038, 14, 6, 637, '83', '999', '100', '92', 'L\'accueil est courtois et dynamique. La personne me donne les informations avec le sourire le ton est agréable.'),
(1789, 141039, 14, 6, 878, '90', '999', '100', '100', 'L\'accueil est conforme et agréable, la personne est courtoise et me renseigne en me demandant si je souhaite les heures d\'aujourd\'hui. Elle me précise donc les heures et jours d\'ouverture de la semaine. La prise de congé est conforme. Le ton est dynamique.'),
(1790, 141051, 14, 1, 1054, '95', '999', '100', '100', 'La personne est très cordiale. Elle a le sourire et me renseigne avec dynamisme en me donnant les heures d\'ouverture de la semaine. Une prise de congé conforme et courtoise.'),
(1791, 141112, 14, 6, 1114, '99', '999', '100', '100', 'La personne fait un bon accueil et une bonne prise de congé. Le ton est agréable et souriant. La personne a une bonne diction et me renseigne avec le sourire.'),
(1792, 141028, 14, 1, 157, '91', '999', '999', '100', 'L\'accueil est agréable, la personne est courtoise et me renseigne en me donnant les heures et jours d\'ouvertures. Elle reformule même ma demande. La prise de congé est courtoise.'),
(1793, 141065, 14, 9, 1068, '94', '999', '88', '100', 'Un peu de temps d\'attente avant le décrochage. La personne est cordiale. Elle m\'annonce les heures d\'ouverture et elle est souriante. Le ton est agréable et la diction est bonne. Une bonne prise de congé très courtoise.'),
(1794, 141076, 14, 9, 1079, '99', '999', '100', '90', 'La personne est plutôt souriante, elle semble surprise de ma question. Le ton est courtois et la prise de congé est conforme.'),
(1795, 141086, 14, 9, 1089, '100', '999', '100', '100', 'La personne n\'est pas agréable. Elle ne répond pas à ma demande. Et prend elle même congé avec un au revoir et elle raccroche.'),
(1796, 141043, 14, 1, 1046, '96', '999', '100', '999', 'L\'accueil est agréable, la personne est courtoise et me renseigne en me donnant les heures de la journée. La prise de congé est conforme. Le ton est courtois au début et plus sec à la fin de la conversation.'),
(1797, 141057, 14, 9, 1060, '92', '999', '100', '75', 'L\'accueil est agréable et conforme. La personne a une bonne diction. Le ton est courtois et cordial. La personne prend le temps de me renseigner. Un bon contact.'),
(1798, 141031, 14, 1, 334, '98', '999', '100', '100', 'La personne est courtoise et agréable. Elle prend le temps de me répondre avec le sourire. Un bon contact.'),
(1799, 141114, 14, 7, 1116, '92', '999', '999', '100', 'La personne est courtoise et agréable. Le ton est dynamique et souriant. Un bon contact.'),
(1800, 141124, 14, 2, 1126, '82', '999', '100', '100', 'Appel non abouti au bout de 3 tentatives'),
(1801, 141053, 14, 1, 1056, '85', '999', '50', '100', 'L\'accueil est conforme et agréable. La personne est souriante, elle me renseigne et et este souriante. Un bonne prise de congé.'),
(1802, 141107, 14, 6, 1109, '97', '999', '100', '100', 'L\'accueil est juste avec un allo. Mais la personne est cordiale, le ton est agréable. La prise de congé est souriante.'),
(1803, 141109, 14, 6, 1111, '95', '999', '100', '100', 'Un bon accueil conforme aux attentes. La personne est courtoise et souriante et me renseigne avec le sourire. La prise de congé est agréable.'),
(1804, 141056, 14, 9, 1059, '77', '999', '100', '100', 'L\'accueil est neutre mais conforme. La personne me donne des informations précises. La diction est bonne et la prise de congé est courtoise.'),
(1805, 141077, 14, 9, 1080, '100', '999', '100', '100', 'La personne est courtoise avec une bonne phrase de décrochage. Le ton est dynamique. La diction est correcte. La prise de congé est conforme.'),
(1806, 141091, 14, 2, 1094, '95', '999', '100', '100', 'La personne est très courtoise. Une bonne présentation. La diction est correcte et le ton est dynamique et agréable.'),
(1807, 141079, 14, 9, 1082, '95', '999', '100', '100', 'La personne est très agréable et courtoise. Un bon accueil, conforme avec le ton dynamique. Les renseignements sont présents et j\'ai une bonne prise de congé cordiale et souriante.'),
(1808, 141094, 14, 2, 1096, '74', '999', '100', '999', 'Attente en musique. L\'interlocuteur me répond sans hésiter. Manque de sourire. Prise de congé sommaire.'),
(1809, 141055, 14, 9, 1058, '96', '999', '100', '100', 'Un bon accueil avec une personne agréable qui me renseigne. Le ton est courtois, la diction est correcte. Une bonne prise de congé.'),
(1810, 141111, 14, 6, 1113, '99', '999', '100', '25', 'La présentation au décrochage est conforme. Le ton est plutôt neutre, sans sourire. On ne me renseigne pas vraiment complètement. La prise de contact est conforme rien de très souriant.'),
(1811, 141059, 14, 9, 1062, '98', '999', '100', '100', 'La personne est très dynamique et chaleureuse. Elle me donne les horaires d\'ouverture mais pas les jours. La prise de congé est conforme.'),
(1812, 141106, 14, 6, 1108, '88', '999', '75', '100', 'Le ton est courtois. La personne manque de sympathie et de sourire.'),
(1813, 141034, 14, 6, 494, '94', '999', '88', '999', 'La personne est cordiale et agréable. Elle est assez dynamique et la diction est correcte. On me donne les informations avec courtoisie.'),
(1814, 141074, 14, 9, 1077, '95', '999', '100', '100', 'J\'ai eu l\'impression de le réveiller. La personne n\'est pas dynamique, je n\'ai pas de phrase d\'accueil ni de prise de congé.'),
(1815, 141085, 14, 9, 1088, '96', '999', '100', '90', 'L\'accueil est courtois. La personne me donne toutes les informations. Elle cherche à répondre à ma demande en précisant qu\'ils font des nocturnes sous rendez-vous.'),
(1816, 141130, 14, 9, 1132, '99', '999', '100', '999', 'Pas d\'appel réalisé.'),
(1817, 141104, 14, 2, 1106, '98', '999', '100', '25', 'Le ton est neutre et sans sourire. L\'accueil est conforme ainsi que la prise de congé. La personne n\'est pas très cordiale, elle me dit juste \"ben là on est ouvert !\" c\'est tout. Je n\'ai pas d\'autres informations.'),
(1818, 141054, 14, 1, 1057, '93', '999', '100', '100', 'L\'accueil est courtois et dynamique. Avec un bon contact et on me donne les informations sur les horaires. La prise de congé est très courtoise.'),
(1819, 141037, 14, 6, 636, '99', '999', '100', '999', 'L\'accueil est agréable, la personne est courtoise et Souriante. Elle me renseigne en me donnant les heures et jours d\'ouverture. La prise de congé est conforme. La personne me demande si je sais où le magasin se situe. Le ton est dynamique.'),
(1820, 141080, 14, 9, 1083, '99', '999', '100', '100', 'Un accueil conforme. La personne est courtoise. Elle formule juste la réponse sans d\'autres précisions.'),
(1821, 141117, 14, 7, 1119, '96', '999', '100', '100', 'L\'accueil est conforme ainsi que la prise de congé. La personne est courtoise et cordiale. Elle me renseigne avec dynamisme.'),
(1822, 141120, 14, 7, 1122, '95', '999', '100', '90', 'La personne est agréable et souriante. Elle est courtoise et conviviale. Elle me renseigne et la prise de congé est cordiale.'),
(1823, 141029, 14, 7, 238, '97', '999', '100', '100', 'L\'accueil est courtois mais sans plus, le ton est plutôt sec. On me renseigne juste sans plus de détails et on prend congé cela reste courtois mais pas souriant.'),
(1824, 141133, 14, 9, 1135, '100', '999', '999', '999', 'Pas d\'appel réalisé.'),
(1825, 141061, 14, 9, 1064, '82', '999', '100', '100', 'La personne est courtoise, la diction est bonne mais la personne me donne qu\'une brève information. Elle reste cependant agréable. L\'accueil et la prise de congé sont conformes.'),
(1826, 141078, 14, 9, 1081, '99', '999', '100', '100', 'La personne est courtoise et agréable. Le ton est souriant et la diction est correcte. La prise de congé est appréciable.'),
(1827, 141042, 14, 1, 1045, '98', '999', '100', '999', 'La personne fait un bon accueil mais le ton est plutôt froid et neutre. Toutefois j\'ai les informations mais sans plus de détails. Une prise de congé courtoise.'),
(1828, 141067, 14, 9, 1070, '97', '999', '100', '100', 'Un accueil sympathique. La personne est très agréable. Le ton est courtois et sympathique. Un bon contact avec le sourire.'),
(1829, 141063, 14, 9, 1066, '84', '999', '100', '100', 'La personne est courtoise et agréable. J\'ai les informations dans le détail. Le ton est dynamique et souriant. La prise de congé est agréable aussi.'),
(1830, 141082, 14, 9, 1085, '99', '999', '100', '100', 'La personne a un bon accueil mais le ton est un peu sec. Les informations sont présentes et on me précise même les jours d\'ouverture en décembre. La personne est courtoise.'),
(1831, 141096, 14, 2, 1098, '89', '999', '100', '100', 'La personne est cordiale et souriante. Le ton est sympathique. La diction est correcte. On me renseigne avec le sourire.'),
(1832, 141075, 14, 9, 1078, '93', '999', '100', '100', 'La personne est très souriante avec une bonne diction. Le ton est agréable et la personne me renseigne avec le sourire cela reste très cordial.'),
(1833, 141073, 14, 9, 1076, '96', '999', '100', '100', 'Une bonne présentation souriante et agréable. La personne est courtoise et me donne les informations. Le ton est plutôt sympathique.'),
(1834, 141113, 14, 7, 1115, '93', '999', '999', '100', 'L\'accueil est courtois et agréable. On me renseigne cordialement avec une bonne diction et la prise de congé est cordiale. Il manque juste un peu de dynamisme.'),
(1835, 141125, 14, 2, 1127, '91', '999', '100', '100', 'Appel non abouti au bout de 3 tentatives'),
(1836, 141110, 14, 6, 1112, '88', '999', '100', '100', 'L\'accueil est conforme aux attentes. Le ton est agréable et la personne est souriante. Un bon contact.'),
(1837, 141134, 14, 7, 1136, '96', '999', '999', '999', 'Pas d\'appel réalisé.'),
(1838, 141048, 14, 1, 1051, '96', '999', '100', '85', 'L\'accueil est courtois et conforme. La personne est à l\'écoute et me répond sur les horaires de la journée. Le ton est agréable.'),
(1839, 141108, 14, 6, 1110, '97', '999', '100', '100', 'Un bon accueil conforme aux attentes. La personne est cordiale et courtoise. Le ton est agréable.'),
(1840, 141036, 14, 2, 554, '95', '999', '100', '100', 'L\'accueil est agréable, la personne est courtoise et me renseigne en me donnant les heures mais uniquement de la journée. La prise de congé est conforme. Le ton est agréable.'),
(1841, 141045, 14, 1, 1048, '97', '999', '100', '0', 'Décrochage rapide. Elle répond à ma demande sans hésitation. Mais pas de phrase de décrochage. Manque de sourire.'),
(1842, 141098, 14, 2, 1100, '92', '999', '81', '100', 'Appel non abouti au bout de 3 tentatives'),
(1843, 141052, 14, 1, 1055, '80', '999', '100', '90', 'La personne a une bonne présentation avec une bonne diction. Elle me donne les informations.'),
(1844, 141123, 14, 2, 1125, '92', '999', '100', '100', 'Appel non abouti au bout de 3 tentatives'),
(1845, 141069, 14, 9, 1072, '100', '999', '100', '100', 'La personne est souriante et agréable. Elle me communique les informations avec le sourire. La prise de congé est conforme.'),
(1846, 141088, 14, 9, 1091, '86', '999', '100', '100', 'L\'accueil et la prise de congé sont conformes. Le ton est courtois. La personne a une bonne diction et elle est courtoise.'),
(1847, 141033, 14, 2, 411, '96', '999', '100', '100', 'L\'accueil est courtois et agréable, pas d\'attente. La personne me renseigne avec le sourire. Une prise de congé et rapide.'),
(1848, 141116, 14, 7, 1118, '97', '999', '100', '100', 'L\'accueil est conforme, bien que le ton soit neutre et sans dynamisme. La personne est toutefois cordiale et courtoise. Elle répond correctement à ma demande et la prise de congé est conforme aux attentes.'),
(1849, 141058, 14, 9, 1061, '100', '999', '100', '100', 'La personne prend le temps de me dire toutes les informations jours et heures. La personne est cordiale et courtoise. Le ton est assez neutre, mais pour autant cela reste conforme aux demandes.'),
(1850, 141064, 14, 9, 1067, '99', '999', '100', '100', 'L\'annonce au décrochage est conforme. Le ton est dynamique et cordiale. J\'ai les informations avec le détail. La prise de congé est agréable et souriante. Le ton est sympathique.'),
(1851, 141032, 14, 1, 389, '97', '999', '999', '100', 'Je suis prise en charge par une personne souriante et dynamique. La personne me donne toutes les informations (jours et heures) en me précisant que je peux toujours faire une réservation sur la page Facebook, si je souhaite. Un bon contact.'),
(1852, 141035, 14, 2, 552, '98', '999', '100', '100', 'La personne me répond et la prise de congé est cordiale, mais le ton est un peu neutre sans sourire ou dynamisme. Toutefois cela reste courtois.'),
(1853, 141100, 14, 2, 1102, '94', '999', '100', '90', 'La personne est dynamique et souriante. L\'accueil et la prise de congé sont conformes. On me donne les informations avec le sourire. Un bon contact.'),
(1854, 141090, 14, 2, 1093, '94', '999', '100', '100', 'L\'accueil est courtois la prise de congé aussi. La personne cherche à connaitre les raisons de mon appel (coupe brushing). Le ton est cordial.'),
(1855, 141089, 14, 2, 1092, '93', '999', '69', '100', 'La personne est cordiale bien qu\'elle ne se présente pas. Les informations sont présentes.'),
(1856, 141083, 14, 9, 1086, '99', '999', '100', '100', 'Un bon accueil. La personne est souriante et agréable. Elle me précise qu\'elle va mettre les informations sur les nouveaux horaires de décembre, sur le facebook de la boutique dans les minutes qui viennent. Elle est très sympathique et elle a le sourire.'),
(1857, 141118, 14, 7, 1120, '94', '999', '88', '100', 'J\'ai un bon accueil, cordial et souriant. La personne a une bonne diction et la prise de congé est agréable.'),
(1858, 141049, 14, 1, 1052, '89', '999', '100', '999', 'L\'accueil est conforme aux attentes. La personne est courtoise et me renseigne en me donnant les heures et jours d\'ouverture de la semaine. La prise de congé est courtoise. Le ton est dynamique et assez souriant.'),
(1859, 141044, 14, 1, 1047, '98', '999', '100', '999', 'La personne est courtoise malgré un décrochage avec un allo.'),
(1860, 141030, 14, 7, 239, '99', '999', '100', '100', 'L\'accueil est agréable, la personne est courtoise et me renseigne en me donnant les heures et jours d\'ouverture. La prise de congé est conforme. Le ton est dynamique.'),
(1861, 141092, 14, 2, 551, '74', '999', '81', '100', 'Une bonne présentation dès l\'accueil. La personne a une bonne diction, le ton est agréable et la personne est courtoise. La prise de congé est cordiale.'),
(1862, 141131, 14, 9, 1133, '97', '999', '999', '999', 'Pas d\'appel réalisé.'),
(1863, 141070, 14, 9, 1073, '92', '999', '999', '90', 'J\'ai une personne très souriante qui me répond avec le sourire. Le ton est agréable et la prise de congé est cordiale.'),
(1864, 141095, 14, 2, 1097, '87', '999', '100', '999', 'Attente en musique. Interlocutrice très souriante et dynamique. Elle répond sans hésitation à ma demande.'),
(1865, 141102, 14, 2, 1104, '99', '999', '100', '100', 'Une bonne prise de contact. La personne est souriant et dynamique, le ton est cordiale. La prise de congé est agréable. La personne est à l\'écoute de mes besoins.'),
(1866, 141027, 14, 1, 156, '97', '999', '100', '100', 'Une bonne présentation. La personne ne me dit que les heures pas les jours. Le ton est agréable.');

-- --------------------------------------------------------

--
-- Structure de la table `territoire`
--

CREATE TABLE `territoire` (
  `idTerritoire` int(11) NOT NULL,
  `name` text
) ENGINE=InnoDB DEFAULT CHARSET=utf8mb4;

--
-- Déchargement des données de la table `territoire`
--

INSERT INTO `territoire` (`idTerritoire`, `name`) VALUES
(1, 'GRAND HAINAUT'),
(2, 'GRAND LILLE'),
(6, 'COTE D\'OPALE'),
(7, 'ARTOIS'),
(8, 'PICARDIE'),
(9, 'AISNE');

--
-- Index pour les tables déchargées
--

--
-- Index pour la table `data`
--
ALTER TABLE `data`
  ADD PRIMARY KEY (`idData`);

--
-- Index pour la table `territoire`
--
ALTER TABLE `territoire`
  ADD PRIMARY KEY (`idTerritoire`);

--
-- AUTO_INCREMENT pour les tables déchargées
--

--
-- AUTO_INCREMENT pour la table `data`
--
ALTER TABLE `data`
  MODIFY `idData` int(11) NOT NULL AUTO_INCREMENT, AUTO_INCREMENT=1867;

--
-- AUTO_INCREMENT pour la table `territoire`
--
ALTER TABLE `territoire`
  MODIFY `idTerritoire` int(11) NOT NULL AUTO_INCREMENT, AUTO_INCREMENT=12;
COMMIT;

/*!40101 SET CHARACTER_SET_CLIENT=@OLD_CHARACTER_SET_CLIENT */;
/*!40101 SET CHARACTER_SET_RESULTS=@OLD_CHARACTER_SET_RESULTS */;
/*!40101 SET COLLATION_CONNECTION=@OLD_COLLATION_CONNECTION */;
