-- INSERT CATEGORIA
INSERT INTO CATEGORIA (ID, CODIGO, DESCRICAO) VALUES ('d0380245-dcd1-4e3a-8eeb-ba444d955835', 1, 'Mercado');
INSERT INTO CATEGORIA (ID, CODIGO, DESCRICAO) VALUES ('abc20438-7f70-11eb-9439-0242ac130002', 2, 'Outros');
INSERT INTO CATEGORIA (ID, CODIGO, DESCRICAO) VALUES ('afddec9e-7f70-11eb-9439-0242ac130002', 3, 'Mercado 1');
INSERT INTO CATEGORIA (ID, CODIGO, DESCRICAO) VALUES ('b246e18e-7f70-11eb-9439-0242ac130002', 4, 'Mercado 2');
INSERT INTO CATEGORIA (ID, CODIGO, DESCRICAO) VALUES ('b4652ef8-7f70-11eb-9439-0242ac130002', 5, 'Mercado 3');
INSERT INTO CATEGORIA (ID, CODIGO, DESCRICAO) VALUES ('c3eb899e-7f70-11eb-9439-0242ac130002', 6, 'Mercado 4');
INSERT INTO CATEGORIA (ID, CODIGO, DESCRICAO) VALUES ('c6f07776-7f70-11eb-9439-0242ac130002', 7, 'Mercado 5');
INSERT INTO CATEGORIA (ID, CODIGO, DESCRICAO) VALUES ('c9511534-7f70-11eb-9439-0242ac130002', 8, 'Mercado 6');
INSERT INTO CATEGORIA (ID, CODIGO, DESCRICAO) VALUES ('cb52d534-7f70-11eb-9439-0242ac130002', 9, 'Mercado 7');
INSERT INTO CATEGORIA (ID, CODIGO, DESCRICAO) VALUES ('cd782abc-7f70-11eb-9439-0242ac130002', 10, 'Mercado 8');
INSERT INTO CATEGORIA (ID, CODIGO, DESCRICAO) VALUES ('cf9bde60-7f70-11eb-9439-0242ac130002', 11, 'Mercado 9');
INSERT INTO CATEGORIA (ID, CODIGO, DESCRICAO) VALUES ('d15b0c12-7f70-11eb-9439-0242ac130002', 12, 'Mercado 10');

-- INSERT USUARIO
INSERT INTO USUARIO (ID, NOME, USUARIO, SENHA) VALUES ('d0380245-dcd1-4e3a-8eeb-ba444d955835', 'Gustavo Zaffani 1', 'gustavo 1', '123');
INSERT INTO USUARIO (ID, NOME, USUARIO, SENHA) VALUES ('abc20438-7f70-11eb-9439-0242ac130002', 'Gustavo Zaffani 2', 'gustavo 2', '123');
INSERT INTO USUARIO (ID, NOME, USUARIO, SENHA) VALUES ('afddec9e-7f70-11eb-9439-0242ac130002', 'Gustavo Zaffani 3', 'gustavo 3', '123');
INSERT INTO USUARIO (ID, NOME, USUARIO, SENHA) VALUES ('b246e18e-7f70-11eb-9439-0242ac130002', 'Gustavo Zaffani 4', 'gustavo 4', '123');
INSERT INTO USUARIO (ID, NOME, USUARIO, SENHA) VALUES ('b4652ef8-7f70-11eb-9439-0242ac130002', 'Gustavo Zaffani 5', 'gustavo 5', '123');
INSERT INTO USUARIO (ID, NOME, USUARIO, SENHA) VALUES ('c3eb899e-7f70-11eb-9439-0242ac130002', 'Gustavo Zaffani 6', 'gustavo 6', '123');
INSERT INTO USUARIO (ID, NOME, USUARIO, SENHA) VALUES ('c6f07776-7f70-11eb-9439-0242ac130002', 'Gustavo Zaffani 7', 'gustavo 7', '123');
INSERT INTO USUARIO (ID, NOME, USUARIO, SENHA) VALUES ('c9511534-7f70-11eb-9439-0242ac130002', 'Gustavo Zaffani 8', 'gustavo 8', '123');
INSERT INTO USUARIO (ID, NOME, USUARIO, SENHA) VALUES ('cb52d534-7f70-11eb-9439-0242ac130002', 'Gustavo Zaffani 9', 'gustavo 9', '123');
INSERT INTO USUARIO (ID, NOME, USUARIO, SENHA) VALUES ('cd782abc-7f70-11eb-9439-0242ac130002', 'Gustavo Zaffani 10', 'gustavo 10', '123');
INSERT INTO USUARIO (ID, NOME, USUARIO, SENHA) VALUES ('cf9bde60-7f70-11eb-9439-0242ac130002', 'Gustavo Zaffani 11', 'gustavo 11', '123');
INSERT INTO USUARIO (ID, NOME, USUARIO, SENHA) VALUES ('d15b0c12-7f70-11eb-9439-0242ac130002', 'Gustavo Zaffani 12', 'gustavo 12', '123');

-- INSERT DESPESAS FIXAS
INSERT INTO DESPESA_FIXA (ID, DESCRICAO, DTCADASTRO, VLRDESPESA, DIAVENCIMENTO) VALUES ('c6f07776-7f70-11eb-9439-0242ac130002', 'Casa', '2017-01-13T17:09:42.411', 800, 5);
INSERT INTO DESPESA_FIXA (ID, DESCRICAO, DTCADASTRO, VLRDESPESA, DIAVENCIMENTO) VALUES ('d15b0c12-7f70-11eb-9439-0242ac130002', 'Internet', '2017-01-13T17:09:42.411', 118, 20);
INSERT INTO DESPESA_FIXA (ID, DESCRICAO, DTCADASTRO, VLRDESPESA, DIAVENCIMENTO) VALUES ('d0380245-dcd1-4e3a-8eeb-ba444d955835', 'Teste a', '2017-01-13T17:09:42.411', 59.95, 12);
INSERT INTO DESPESA_FIXA (ID, DESCRICAO, DTCADASTRO, VLRDESPESA, DIAVENCIMENTO) VALUES ('abc20438-7f70-11eb-9439-0242ac130002', 'Teste s', '2017-01-13T17:09:42.411', 74.58, 20);
INSERT INTO DESPESA_FIXA (ID, DESCRICAO, DTCADASTRO, VLRDESPESA, DIAVENCIMENTO) VALUES ('afddec9e-7f70-11eb-9439-0242ac130002', 'Teste z', '2017-01-13T17:09:42.411', 999.85, 30);

-- INSERT CARTAO
INSERT INTO CARTAO (ID, CODIGO, DESCRICAO, DT_VENCIMENTO, LIMITE, LIMITE_DISPONIVEL, MELHOR_DATA_COMPRA, TIPO_CARTAO) VALUES ('2c6e5a81-91db-4a45-bb48-dad30ed389c7',1,'Magalu',13,22000.00,NULL,4,'CREDITO');
INSERT INTO CARTAO (ID, CODIGO, DESCRICAO, DT_VENCIMENTO, LIMITE, LIMITE_DISPONIVEL, MELHOR_DATA_COMPRA, TIPO_CARTAO) VALUES ('552a860c-e907-40a1-a434-2498d6f8dd69',2,'Nubank',20,6650.00,NULL,13,'CREDITO');
INSERT INTO CARTAO (ID, CODIGO, DESCRICAO, DT_VENCIMENTO, LIMITE, LIMITE_DISPONIVEL, MELHOR_DATA_COMPRA, TIPO_CARTAO) VALUES ('f3f52b6a-9802-4226-916e-88b501908694',3,'Digio',25,5500.00,NULL,15,'CREDITO');

-- INSERT PESSOA
INSERT INTO pessoa (id,codigo,nome) values ('8931d7a7-4273-4637-84fe-14c021e620ec',1,'Zaffani');
INSERT INTO pessoa (id,codigo,nome) values ('14812bb2-d9f8-4bdb-8cf3-53cc7b1397e7',2,'Mãe');
INSERT INTO pessoa (id,codigo,nome) values ('094a1feb-768d-450f-878c-cf59603526c7',3,'Tio');
