﻿--
-- Script was generated by Devart dbForge Studio for MySQL, Version 8.0.40.0
-- Product Home Page: http://www.devart.com/dbforge/mysql/studio
-- Script date 12/07/2019 14:09:49
-- Target server version: 5.5.5-10.1.40-MariaDB
-- Target connection string: User Id=root;Host=127.0.0.1;Database=personal01;Character Set=utf8
--



SET NAMES 'utf8';
USE ejemplo2_colegio;
--
-- -- Disable foreign keys
--
/*!40014 SET @OLD_FOREIGN_KEY_CHECKS=@@FOREIGN_KEY_CHECKS, FOREIGN_KEY_CHECKS=0 */;

--
-- Dropping constraints from ediciones
--
ALTER TABLE ejemplo2_colegio.ediciones 
   DROP FOREIGN KEY ediciones_ibfk_1;

--
-- Dropping constraints from cursan
--
ALTER TABLE ejemplo2_colegio.cursan 
   DROP FOREIGN KEY cursan_ibfk_1;
ALTER TABLE ejemplo2_colegio.cursan 
   DROP FOREIGN KEY cursan_ibfk_2;

--
-- Dropping constraints from imparten
--
ALTER TABLE ejemplo2_colegio.imparten 
   DROP FOREIGN KEY imparten_ibfk_1;
ALTER TABLE ejemplo2_colegio.imparten 
   DROP FOREIGN KEY imparten_ibfk_2;
--
-- Delete data from the table 'imparten'
--
TRUNCATE TABLE imparten;
--
-- Delete data from the table 'cursan'
--
TRUNCATE TABLE cursan;
--
-- Delete data from the table 'ediciones'
--
TRUNCATE TABLE ediciones;
--
-- Delete data from the table 'profesores'
--
TRUNCATE TABLE profesores;
--
-- Delete data from the table 'cursos'
--
TRUNCATE TABLE cursos;
--
-- Delete data from the table 'alumnos'
--
TRUNCATE TABLE alumnos;

--
-- Inserting data into table alumnos
--
INSERT INTO alumnos(id, nombre, apellidos, f_nac) VALUES
(1, 'Letha', 'Wahl', '1949-03-08'),
(2, 'Kraig', 'Boucher', '1966-01-15'),
(3, 'Harlan', 'Ludwig', '1986-02-21'),
(4, 'Brad', 'Craven', '1995-03-14'),
(5, 'Enrique', 'Sizemore', '1991-03-02'),
(6, 'Bennie', 'Flowers', '1958-05-06'),
(7, 'Francis', 'Conway', '1949-11-30'),
(8, 'Nickie', 'Waite', '2001-08-27'),
(9, 'Boyd', 'Skaggs', '1948-03-04'),
(10, 'Alonzo', 'Peacock', '1966-04-08'),
(11, 'Reed', 'Hwang', '1975-10-19'),
(12, 'Cory', 'Boudreau', '1948-01-05'),
(13, 'Abbie', 'Crawford', '1948-06-17'),
(14, 'Lazaro', 'Wakefield', '1948-01-01'),
(15, 'Danielle', 'Mcgrath', '1995-05-13'),
(16, 'Gregorio', 'Conyers', '1960-09-13'),
(17, 'Monty', 'Floyd', '1999-09-13'),
(18, 'Abby', 'Skelton', '1950-07-30'),
(19, 'Evelin', 'Walden', '1991-09-16'),
(20, 'Earline', 'Boudreaux', '1948-03-23'),
(21, 'Viviana', 'Lugo', '1981-01-13'),
(22, 'Chae', 'Hyatt', '1965-08-14'),
(23, 'Delta', 'Skidmore', '1998-12-13'),
(24, 'Toney', 'Lujan', '1953-10-04'),
(25, 'Wynell', 'Waldron', '1948-11-08'),
(26, 'Ashley', 'Cook', '1978-02-10'),
(27, 'Ressie', 'Crawley', '1999-10-24'),
(28, 'Shane', 'Hyde', '1948-03-28'),
(29, 'Raleigh', 'Lumpkin', '1970-09-09'),
(30, 'Jean', 'Skinner', '1948-04-07'),
(31, 'Roosevelt', 'Peak', '1982-10-06'),
(32, 'Alanna', 'Waldrop', '1996-01-29'),
(33, 'Lilliana', 'Skipper', '1961-09-04'),
(34, 'Amiee', 'Walker', '1957-11-26'),
(35, 'Rene', 'Flynn', '1958-06-05'),
(36, 'Demarcus', 'Crayton', '1992-04-23'),
(37, 'Ashley', 'Mcgraw', '2001-09-27'),
(38, 'Abel', 'Fogle', '1950-03-02'),
(39, 'Ali', 'Hyland', '1968-02-18'),
(40, 'Clark', 'Luna', '1958-08-08'),
(41, 'Adam', 'Slack', '1986-07-29'),
(42, 'Gayle', 'Pearce', '1973-09-15'),
(43, 'Kristy', 'Bounds', '1960-10-14'),
(44, 'Ryan', 'Wallace', '1977-09-26'),
(45, 'Marjory', 'Slade', '1948-05-21'),
(46, 'Christopher', 'Creamer', '1984-06-20'),
(47, 'Abraham', 'Wallen', '1985-10-26'),
(48, 'Lavelle', 'Mcgregor', '1961-03-11'),
(49, 'Brigida', 'Foley', '1958-02-08'),
(50, 'Cristobal', 'Cooke', '1975-02-22'),
(51, 'Adela', 'Creech', '1956-04-05'),
(52, 'Lucio', 'Hyman', '1948-09-27'),
(53, 'Onita', 'Folse', '1949-07-07'),
(54, 'Tawanna', 'Lund', '1975-01-29'),
(55, 'Erwin', 'Pearson', '1984-02-04'),
(56, 'Rosio', 'Bourgeois', '1990-07-31'),
(57, 'Dale', 'Hynes', '1968-09-22'),
(58, 'Florentino', 'Mcgrew', '1979-01-04'),
(59, 'Adolph', 'Lundberg', '1950-03-01'),
(60, 'Kirk', 'Slagle', '2004-10-21'),
(61, 'Luther', 'Pease', '1993-07-07'),
(62, 'Arden', 'Cooks', '1990-10-27'),
(63, 'Dorian', 'Ibarra', '1990-10-05'),
(64, 'Andre', 'Waller', '1997-06-14'),
(65, 'Trey', 'Creel', '1957-02-14'),
(66, 'Lawanna', 'Mcguire', '1948-01-10'),
(67, 'Adah', 'Folsom', '1960-06-14'),
(68, 'Caron', 'Creighton', '2002-03-16'),
(69, 'Bennie', 'Bourne', '1948-06-03'),
(70, 'Alexander', 'Slater', '1948-02-05'),
(71, 'Dusti', 'Abbott', '1953-06-03'),
(72, 'Thomasena', 'Lundy', '1948-02-07'),
(73, 'Tomas', 'Fong', '1953-08-05'),
(74, 'Jamel', 'Peck', '1973-08-26'),
(75, 'Jewell', 'Crenshaw', '1949-08-01'),
(76, 'Dorian', 'Mchenry', '1949-05-20'),
(77, 'Mervin', 'Ingle', '1996-01-16'),
(78, 'Lessie', 'Bourque', '1992-10-07'),
(79, 'Marion', 'Abel', '1948-03-15'),
(80, 'Faustino', 'Fonseca', '1967-12-23'),
(81, 'Marx', 'Lunsford', '1957-02-15'),
(82, 'Earle', 'Ingram', '1949-02-03'),
(83, 'Jared', 'Pedersen', '1990-10-24'),
(84, 'Elisha', 'Walling', '1989-12-21'),
(85, 'Wade', 'Slaton', '2002-08-11'),
(86, 'Adan', 'Crespo', '1981-09-01'),
(87, 'Ali', 'Wallis', '1948-01-02'),
(88, 'Adela', 'Fontaine', '1979-12-08'),
(89, 'Fabiola', 'Lusk', '1966-02-09'),
(90, 'Noah', 'Mchugh', '1950-08-30'),
(91, 'Gwendolyn', 'Inman', '1979-07-08'),
(92, 'Emanuel', 'Pederson', '1987-06-15'),
(93, 'Miles', 'Slattery', '1950-03-02'),
(94, 'Divina', 'Mcinnis', '1991-07-22'),
(95, 'Alishia', 'Walls', '1954-03-13'),
(96, 'Carlton', 'Slaughter', '1965-10-09'),
(97, 'Ashley', 'Peebles', '2004-12-25'),
(98, 'Kristie', 'Walsh', '1987-08-30'),
(99, 'Tad', 'Sledge', '1948-01-10'),
(100, 'Clarinda', 'Luster', '1948-02-20');

--
-- Inserting data into table cursos
--
INSERT INTO cursos(id, nombre, categoria, grado) VALUES
(4740, 'Information Technology', 'competencia', '2'),
(9999, 'Executive', 'competencia', '2'),
(8731, 'Executive', 'fp', '1'),
(7635, 'Information Technology', 'obligatoria', '1'),
(6735, 'Executive', 'grado', '3'),
(5641, 'Executive', 'grado', '3'),
(4481, 'Information Technology', 'certificado', '3'),
(3581, 'Human Resources', 'carnet profesion', '3'),
(7636, 'Executive', 'grado', '3'),
(2453, 'Customer Support', 'fp', '1'),
(9629, 'Sales', 'obligatoria', '2'),
(6736, 'Finance', 'carnet profesion', '3'),
(4741, 'Finance', 'grado', '1'),
(7637, 'Information Technology', 'grado', '2'),
(4482, 'Consulting', 'certificado', '1'),
(5642, 'Customer Support', 'grado', '2'),
(8732, 'Executive', 'fp', '2'),
(1553, 'Human Resources', 'certificado', '1'),
(2454, 'Research and Development', 'certificado', '1'),
(1554, 'Information Technology', 'carnet profesion', '1'),
(9630, 'Executive', 'competencia', '3'),
(3582, 'Executive', 'competencia', '1'),
(4742, 'Facilities', 'obligatoria', '1'),
(5643, 'Sales', 'competencia', '3'),
(6737, 'Marketing', 'obligatoria', '1'),
(8733, 'Finance', 'obligatoria', '1'),
(2455, 'Information Technology', 'competencia', '3'),
(4743, 'Customer Support', 'obligatoria', '2'),
(5644, 'Executive', 'grado', '3'),
(4744, 'Sales', 'grado', '2');

--
-- Inserting data into table profesores
--
INSERT INTO profesores(id, nombre, apellidos, especialidad) VALUES
(1, 'Tran', 'Tran', 'Senior Business Consultant'),
(2, 'Abel', 'Abel', 'Director of Information Technology'),
(3, 'Elbert', 'Elbert', 'Vice President'),
(4, 'Hubert', 'Hubert', 'Project Coordinator'),
(5, 'Aldo', 'Aldo', 'Secretary'),
(6, 'Yoshiko', 'Yoshiko', 'Director of Sales'),
(7, 'Agripina', 'Agripina', 'Controller'),
(8, 'Audrie', 'Audrie', 'Secretary'),
(9, 'Julie', 'Julie', 'Marketing Consultant'),
(10, 'Randa', 'Randa', 'Chief Technology Officer'),
(11, 'Juan', 'Juan', 'Web Designer'),
(12, 'Fletcher', 'Fletcher', 'Senior Business Consultant'),
(13, 'Shellie', 'Shellie', 'Director of Marketing'),
(14, 'Darrel', 'Darrel', 'Travel Agent'),
(15, 'Man', 'Man', 'Assistant Vice President'),
(16, 'Arron', 'Arron', 'Trainer/Consultant'),
(17, 'Lucius', 'Lucius', 'Research Staff Member'),
(18, 'Francisco', 'Francisco', 'Building Manager'),
(19, 'Macy', 'Macy', 'Database Administrator'),
(20, 'Emil', 'Emil', 'Senior Consultant');

--
-- Inserting data into table ediciones
--
INSERT INTO ediciones(id_curso, f_comienzo) VALUES
(4482, '2019-09-09'),
(5641, '2019-09-05'),
(4741, '2019-09-03'),
(8731, '2019-09-15'),
(2453, '2019-09-11'),
(7637, '2019-09-09'),
(8731, '2019-09-06'),
(4481, '2019-09-14'),
(7635, '2019-09-12'),
(9629, '2019-09-10'),
(4740, '2019-09-13'),
(3581, '2019-09-02'),
(5642, '2019-09-08'),
(6736, '2019-09-10'),
(7636, '2019-09-02'),
(4741, '2019-09-01'),
(6736, '2019-09-01'),
(7636, '2019-09-04'),
(6735, '2019-09-05'),
(4481, '2019-09-07'),
(9999, '2019-09-15'),
(2453, '2019-09-04'),
(5641, '2019-09-07'),
(7637, '2019-09-03'),
(7635, '2019-09-06'),
(9629, '2019-09-11'),
(4482, '2019-09-08'),
(6735, '2019-09-12'),
(3581, '2019-09-14'),
(9999, '2019-09-13');

--
-- Inserting data into table cursan
--
INSERT IGNORE INTO cursan(id_curso, f_comienzo, id_alumno, nota) VALUES
(6736, '2019-09-01', 18, NULL),
(7635, '2019-09-12', 9, NULL),
(7636, '2019-09-04', 18, NULL),
(8731, '2019-09-15', 4, NULL),
(6735, '2019-09-12', 28, NULL),
(4481, '2019-09-07', 21, NULL),
(7636, '2019-09-02', 16, NULL),
(7636, '2019-09-04', 19, NULL),
(4741, '2019-09-01', 17, NULL),
(5641, '2019-09-07', 23, NULL),
(5642, '2019-09-08', 13, NULL),
(6735, '2019-09-05', 19, NULL),
(3581, '2019-09-02', 13, NULL),
(6736, '2019-09-10', 14, NULL),
(4481, '2019-09-07', 20, NULL),
(6735, '2019-09-05', 20, NULL),
(7636, '2019-09-02', 15, NULL),
(8731, '2019-09-06', 8, NULL),
(5642, '2019-09-08', 14, NULL),
(9999, '2019-09-15', 21, NULL),
(3581, '2019-09-14', 29, NULL),
(4481, '2019-09-14', 9, NULL),
(9629, '2019-09-10', 10, NULL),
(4741, '2019-09-01', 16, NULL),
(2453, '2019-09-11', 5, NULL),
(4740, '2019-09-13', 11, NULL),
(7637, '2019-09-03', 24, NULL),
(9999, '2019-09-13', 30, NULL),
(7635, '2019-09-06', 25, NULL),
(2453, '2019-09-04', 22, NULL),
(6736, '2019-09-10', 15, NULL),
(7637, '2019-09-09', 6, NULL),
(4482, '2019-09-09', 2, NULL),
(7635, '2019-09-12', 10, NULL),
(9629, '2019-09-11', 26, NULL),
(5641, '2019-09-05', 3, NULL),
(6736, '2019-09-01', 17, NULL),
(3581, '2019-09-02', 12, NULL),
(4482, '2019-09-09', 1, NULL),
(8731, '2019-09-15', 5, NULL),
(9629, '2019-09-10', 11, NULL),
(4482, '2019-09-08', 27, NULL),
(4741, '2019-09-03', 4, NULL),
(8731, '2019-09-06', 7, NULL),
(2453, '2019-09-11', 6, NULL),
(4740, '2019-09-13', 12, 8.56),
(7637, '2019-09-09', 7, 7.86),
(5641, '2019-09-05', 2, 8.03),
(4481, '2019-09-14', 8, 4.6),
(4741, '2019-09-03', 3, 7.12);

--
-- Inserting data into table imparten
--
INSERT INTO imparten(id_profesor, id_curso, f_comienzo) VALUES
(19, 9999, '2019-09-15'),
(10, 9629, '2019-09-10'),
(3, 8731, '2019-09-15'),
(4, 8731, '2019-09-15'),
(14, 7636, '2019-09-02'),
(20, 2453, '2019-09-04'),
(16, 7636, '2019-09-04'),
(13, 7636, '2019-09-02'),
(17, 6735, '2019-09-05'),
(8, 7635, '2019-09-12'),
(17, 6736, '2019-09-01'),
(4, 2453, '2019-09-11'),
(4, 7637, '2019-09-09'),
(18, 7636, '2019-09-04'),
(5, 7637, '2019-09-09'),
(14, 4741, '2019-09-01'),
(19, 6735, '2019-09-05'),
(11, 5642, '2019-09-08'),
(5, 8731, '2019-09-06'),
(18, 4481, '2019-09-07'),
(15, 4741, '2019-09-01'),
(9, 9629, '2019-09-10'),
(15, 6736, '2019-09-01'),
(11, 4740, '2019-09-13'),
(16, 6736, '2019-09-01'),
(6, 8731, '2019-09-06'),
(20, 4481, '2019-09-07'),
(10, 4740, '2019-09-13'),
(12, 6736, '2019-09-10'),
(6, 4481, '2019-09-14'),
(14, 6736, '2019-09-10'),
(5, 2453, '2019-09-11'),
(17, 7636, '2019-09-04'),
(20, 9999, '2019-09-15'),
(11, 3581, '2019-09-02'),
(18, 6735, '2019-09-05'),
(1, 5641, '2019-09-05'),
(15, 7636, '2019-09-02'),
(12, 3581, '2019-09-02'),
(7, 7635, '2019-09-12'),
(1, 4741, '2019-09-03'),
(12, 5642, '2019-09-08'),
(19, 4481, '2019-09-07'),
(6, 7637, '2019-09-09'),
(2, 4741, '2019-09-03'),
(8, 9629, '2019-09-10'),
(2, 8731, '2019-09-15'),
(9, 4740, '2019-09-13'),
(13, 6736, '2019-09-10'),
(3, 2453, '2019-09-11'),
(7, 4481, '2019-09-14'),
(16, 4741, '2019-09-01'),
(13, 5642, '2019-09-08'),
(7, 8731, '2019-09-06'),
(1, 4482, '2019-09-09'),
(10, 3581, '2019-09-02'),
(8, 4481, '2019-09-14'),
(2, 5641, '2019-09-05'),
(9, 7635, '2019-09-12'),
(3, 4741, '2019-09-03');
--
-- -- Enable foreign keys
--
/*!40014 SET FOREIGN_KEY_CHECKS=@OLD_FOREIGN_KEY_CHECKS */;

--
-- Creating constraints for ediciones
--
ALTER TABLE ejemplo2_colegio.ediciones 
  ADD CONSTRAINT ediciones_ibfk_1 FOREIGN KEY (id_curso)
    REFERENCES ejemplo2_colegio.cursos(id);

--
-- Creating constraints for cursan
--
ALTER TABLE ejemplo2_colegio.cursan 
  ADD CONSTRAINT cursan_ibfk_1 FOREIGN KEY (id_alumno)
    REFERENCES ejemplo2_colegio.alumnos(id);
ALTER TABLE ejemplo2_colegio.cursan 
  ADD CONSTRAINT cursan_ibfk_2 FOREIGN KEY (id_curso, f_comienzo)
    REFERENCES ejemplo2_colegio.ediciones(id_curso, f_comienzo);

--
-- Creating constraints for imparten
--
ALTER TABLE ejemplo2_colegio.imparten 
  ADD CONSTRAINT imparten_ibfk_1 FOREIGN KEY (id_profesor)
    REFERENCES ejemplo2_colegio.profesores(id);
ALTER TABLE ejemplo2_colegio.imparten 
  ADD CONSTRAINT imparten_ibfk_2 FOREIGN KEY (id_curso, f_comienzo)
    REFERENCES ejemplo2_colegio.ediciones(id_curso, f_comienzo);