DROP TABLE IF EXISTS RECIPE;
DROP TABLE IF EXISTS INGREDIENTS;
DROP TABLE IF EXISTS RECIPE_INGREDIENTS;

DROP SEQUENCE IF EXISTS RECIPE_SEQ;
DROP SEQUENCE IF EXISTS INGREDIENTS_SEQ;

CREATE SEQUENCE RECIPE_SEQ
  START WITH 10001
  INCREMENT BY 1;

CREATE SEQUENCE INGREDIENTS_SEQ
  START WITH 10001
  INCREMENT BY 1;


CREATE TABLE RECIPE(
    ID NUMBER(10) PRIMARY KEY,
    NAME VARCHAR(200) UNIQUE NOT NULL,
    IS_VEGETARIAN BOOLEAN NOT NULL,
    SERVING_QUANTITY NUMBER(10) NOT NULL,
    INSTRUCTIONS VARCHAR(1000) NOT NULL
);

CREATE TABLE INGREDIENTS(
    ID NUMBER(10) PRIMARY KEY,
    NAME VARCHAR(200) UNIQUE NOT NULL
);

CREATE TABLE RECIPE_INGREDIENTS (
    RECIPE_ID NUMBER(10) NOT NULL,
    INGREDIENTS_ID NUMBER(10) NOT NULL,
    PRIMARY KEY (RECIPE_ID, INGREDIENTS_ID)
);

INSERT INTO INGREDIENTS (ID, NAME) VALUES (5001, 'Potato');
INSERT INTO INGREDIENTS (ID, NAME) VALUES (5002, 'Onion');
INSERT INTO INGREDIENTS (ID, NAME) VALUES (5003, 'Chilli');
INSERT INTO INGREDIENTS (ID, NAME) VALUES (5004, 'Chicken');
INSERT INTO INGREDIENTS (ID, NAME) VALUES (5005, 'Fish');
INSERT INTO INGREDIENTS (ID, NAME) VALUES (5006, 'Rice');
INSERT INTO INGREDIENTS (ID, NAME) VALUES (5007, 'Bread');
INSERT INTO INGREDIENTS (ID, NAME) VALUES (5008, 'Lentils');

INSERT INTO RECIPE(ID, NAME, IS_VEGETARIAN, SERVING_QUANTITY, INSTRUCTIONS) VALUES (6001, 'Fried Rice', true, 2, 'Boil Rice, Add Onion, Chilli, Cook for 10 min');
INSERT INTO RECIPE(ID, NAME, IS_VEGETARIAN, SERVING_QUANTITY, INSTRUCTIONS) VALUES (6002, 'Burger', false, 1, 'Take burger buns add ketchup, ham and serve');
INSERT INTO RECIPE(ID, NAME, IS_VEGETARIAN, SERVING_QUANTITY, INSTRUCTIONS) VALUES (6003, 'Onion Chicken', false, 3, 'Take chicken, bake and serve');
INSERT INTO RECIPE(ID, NAME, IS_VEGETARIAN, SERVING_QUANTITY, INSTRUCTIONS) VALUES (6004, 'Lentil Rice', true, 2, 'Boil Rice, Add Lentils, Cook for 10 min');
INSERT INTO RECIPE(ID, NAME, IS_VEGETARIAN, SERVING_QUANTITY, INSTRUCTIONS) VALUES (6005, 'Chicken Rice', false, 2, 'Boil Rice, Add Chicken, Cook for 10 min');


INSERT INTO RECIPE_INGREDIENTS(RECIPE_ID, INGREDIENTS_ID) VALUES (6001, 5005);
INSERT INTO RECIPE_INGREDIENTS(RECIPE_ID, INGREDIENTS_ID) VALUES (6001, 5002);
INSERT INTO RECIPE_INGREDIENTS(RECIPE_ID, INGREDIENTS_ID) VALUES (6001, 5006);

INSERT INTO RECIPE_INGREDIENTS(RECIPE_ID, INGREDIENTS_ID) VALUES (6002, 5007);
INSERT INTO RECIPE_INGREDIENTS(RECIPE_ID, INGREDIENTS_ID) VALUES (6002, 5002);
INSERT INTO RECIPE_INGREDIENTS(RECIPE_ID, INGREDIENTS_ID) VALUES (6002, 5004);

INSERT INTO RECIPE_INGREDIENTS(RECIPE_ID, INGREDIENTS_ID) VALUES (6003, 5002);
INSERT INTO RECIPE_INGREDIENTS(RECIPE_ID, INGREDIENTS_ID) VALUES (6003, 5003);
INSERT INTO RECIPE_INGREDIENTS(RECIPE_ID, INGREDIENTS_ID) VALUES (6003, 5004);

INSERT INTO RECIPE_INGREDIENTS(RECIPE_ID, INGREDIENTS_ID) VALUES (6004, 5006);
INSERT INTO RECIPE_INGREDIENTS(RECIPE_ID, INGREDIENTS_ID) VALUES (6004, 5008);

INSERT INTO RECIPE_INGREDIENTS(RECIPE_ID, INGREDIENTS_ID) VALUES (6005, 5006);
INSERT INTO RECIPE_INGREDIENTS(RECIPE_ID, INGREDIENTS_ID) VALUES (6005, 5004);