﻿--
-- Script was generated by Devart dbForge Studio for MySQL, Version 8.0.40.0
-- Product home page: http://www.devart.com/dbforge/mysql/studio
-- Script date 02/03/2021 23:31:03
-- Server version: 5.5.5-10.1.40-MariaDB
-- Client version: 4.1
--

-- 
-- Disable foreign keys
-- 
/*!40014 SET @OLD_FOREIGN_KEY_CHECKS=@@FOREIGN_KEY_CHECKS, FOREIGN_KEY_CHECKS=0 */;

-- 
-- Set SQL mode
-- 
/*!40101 SET @OLD_SQL_MODE=@@SQL_MODE, SQL_MODE='NO_AUTO_VALUE_ON_ZERO' */;

-- 
-- Set character set the client will use to send SQL statements to the server
--
SET NAMES 'utf8';

--
-- Set default database
--
USE tienda_comics;

--
-- Drop table `compras`
--
DROP TABLE IF EXISTS compras;

--
-- Drop table `clientes`
--
DROP TABLE IF EXISTS clientes;

--
-- Drop table `ventas`
--
DROP TABLE IF EXISTS ventas;

--
-- Drop table `comics`
--
DROP TABLE IF EXISTS comics;

--
-- Drop table `dibujantes`
--
DROP TABLE IF EXISTS dibujantes;

--
-- Drop table `editoriales`
--
DROP TABLE IF EXISTS editoriales;

--
-- Drop table `telefonos`
--
DROP TABLE IF EXISTS telefonos;

--
-- Drop table `vendedores`
--
DROP TABLE IF EXISTS vendedores;

--
-- Drop table `establecimientos`
--
DROP TABLE IF EXISTS establecimientos;

--
-- Set default database
--
USE tienda_comics;

--
-- Create table `establecimientos`
--
CREATE TABLE establecimientos (
  codigo int(5) NOT NULL,
  nombre varchar(20) DEFAULT NULL,
  lugar varchar(20) DEFAULT NULL,
  PRIMARY KEY (codigo)
)
ENGINE = INNODB,
AVG_ROW_LENGTH = 4096,
CHARACTER SET latin1,
COLLATE latin1_swedish_ci;

--
-- Create table `vendedores`
--
CREATE TABLE vendedores (
  dni varchar(9) NOT NULL,
  codigo_establecimiento int(5) DEFAULT NULL,
  nombre varchar(20) DEFAULT NULL,
  PRIMARY KEY (dni)
)
ENGINE = INNODB,
AVG_ROW_LENGTH = 1024,
CHARACTER SET latin1,
COLLATE latin1_swedish_ci;

--
-- Create foreign key
--
ALTER TABLE vendedores
ADD CONSTRAINT fk_vendedores_establecimientos FOREIGN KEY (codigo_establecimiento)
REFERENCES establecimientos (codigo);

--
-- Create table `telefonos`
--
CREATE TABLE telefonos (
  codigo_establecimiento int(5) NOT NULL,
  telefonos varchar(12) NOT NULL,
  PRIMARY KEY (codigo_establecimiento, telefonos)
)
ENGINE = INNODB,
AVG_ROW_LENGTH = 4096,
CHARACTER SET latin1,
COLLATE latin1_swedish_ci;

--
-- Create foreign key
--
ALTER TABLE telefonos
ADD CONSTRAINT fk_telefonos_establecimientos FOREIGN KEY (codigo_establecimiento)
REFERENCES establecimientos (codigo);

--
-- Create table `editoriales`
--
CREATE TABLE editoriales (
  codigo int(5) NOT NULL,
  nombre varchar(20) DEFAULT NULL,
  PRIMARY KEY (codigo)
)
ENGINE = INNODB,
AVG_ROW_LENGTH = 4096,
CHARACTER SET latin1,
COLLATE latin1_swedish_ci;

--
-- Create table `dibujantes`
--
CREATE TABLE dibujantes (
  codigo int(5) NOT NULL,
  nombre varchar(20) DEFAULT NULL,
  apellido1 varchar(20) DEFAULT NULL,
  apellido2 varchar(20) DEFAULT NULL,
  PRIMARY KEY (codigo)
)
ENGINE = INNODB,
AVG_ROW_LENGTH = 4096,
CHARACTER SET latin1,
COLLATE latin1_swedish_ci;

--
-- Create table `comics`
--
CREATE TABLE comics (
  codigo_numerico int(3) NOT NULL,
  nombre varchar(100) DEFAULT NULL,
  coleccion varchar(100) DEFAULT NULL,
  n_dibujante int(3) NOT NULL,
  codigo_dibujante int(5) DEFAULT NULL,
  codigo_editorial int(5) DEFAULT NULL,
  portada varchar(1000) DEFAULT NULL,
  descripción varchar(10000) DEFAULT NULL,
  leído tinyint(1) DEFAULT NULL,
  favorito tinyint(1) DEFAULT NULL,
  PRIMARY KEY (codigo_numerico, n_dibujante)
)
ENGINE = INNODB,
AVG_ROW_LENGTH = 16384,
CHARACTER SET latin1,
COLLATE latin1_swedish_ci;

--
-- Create foreign key
--
ALTER TABLE comics
ADD CONSTRAINT fk_comics_dibujantes FOREIGN KEY (codigo_dibujante)
REFERENCES dibujantes (codigo);

--
-- Create foreign key
--
ALTER TABLE comics
ADD CONSTRAINT fk_comics_editoriales FOREIGN KEY (codigo_editorial)
REFERENCES editoriales (codigo);

--
-- Create table `ventas`
--
CREATE TABLE ventas (
  id int(3) NOT NULL,
  dni_vendedor varchar(9) DEFAULT NULL,
  codigo_numerico_comic int(3) DEFAULT NULL,
  PRIMARY KEY (id)
)
ENGINE = INNODB,
AVG_ROW_LENGTH = 16384,
CHARACTER SET latin1,
COLLATE latin1_swedish_ci;

--
-- Create foreign key
--
ALTER TABLE ventas
ADD CONSTRAINT fk_ventas_comics FOREIGN KEY (codigo_numerico_comic)
REFERENCES comics (codigo_numerico);

--
-- Create foreign key
--
ALTER TABLE ventas
ADD CONSTRAINT fk_ventas_vendedores FOREIGN KEY (dni_vendedor)
REFERENCES vendedores (dni);

--
-- Create table `clientes`
--
CREATE TABLE clientes (
  dni varchar(9) NOT NULL,
  nombre varchar(20) DEFAULT NULL,
  teléfono varchar(12) DEFAULT NULL,
  PRIMARY KEY (dni)
)
ENGINE = INNODB,
AVG_ROW_LENGTH = 2340,
CHARACTER SET latin1,
COLLATE latin1_swedish_ci;

--
-- Create table `compras`
--
CREATE TABLE compras (
  id int(3) NOT NULL,
  dni_cliente varchar(9) DEFAULT NULL,
  codigo_numerico_comic int(3) DEFAULT NULL,
  PRIMARY KEY (id)
)
ENGINE = INNODB,
AVG_ROW_LENGTH = 16384,
CHARACTER SET latin1,
COLLATE latin1_swedish_ci;

--
-- Create index `uk_cliente_comic` on table `compras`
--
ALTER TABLE compras
ADD UNIQUE INDEX uk_cliente_comic (dni_cliente, codigo_numerico_comic);

--
-- Create foreign key
--
ALTER TABLE compras
ADD CONSTRAINT fk_compran_comics FOREIGN KEY (codigo_numerico_comic)
REFERENCES comics (codigo_numerico);

--
-- Create foreign key
--
ALTER TABLE compras
ADD CONSTRAINT fk_compras_clientes FOREIGN KEY (dni_cliente)
REFERENCES clientes (dni);

-- 
-- Dumping data for table establecimientos
--
INSERT INTO establecimientos VALUES
(1, 'Nemesis', 'Santander'),
(2, 'Nexus', 'Santander'),
(3, 'Distrito Cero', 'Santander'),
(4, 'Akira Comics', 'Madrid');

-- 
-- Dumping data for table editoriales
--
INSERT INTO editoriales VALUES
(1, 'Marvel'),
(2, 'DC'),
(3, 'IDW'),
(4, 'Image Comics');

-- 
-- Dumping data for table dibujantes
--
INSERT INTO dibujantes VALUES
(1, 'Dan', 'Slott', ' '),
(2, 'Jack', 'Kirby', ' '),
(3, 'David', 'Aja', ' '),
(4, 'Todd', 'McFarlane', ' ');

-- 
-- Dumping data for table vendedores
--
INSERT INTO vendedores VALUES
('72114359O', 3, 'Silvia Moreno'),
('72191209L', 2, 'Guillermo Cobos'),
('72191275L', 3, 'Johan Cuevas'),
('72191561S', 4, 'Johan Cuevas'),
('72192243D', 4, 'María Echevarría'),
('72192385K', 2, 'Fernando Martín'),
('72193409L', 1, 'Carlos Lopez'),
('72196685K', 1, 'Ismael Fernandez'),
('72196759B', 1, 'Pablo Gonzalez'),
('72199612P', 4, 'Silvia Moreno'),
('72199659Y', 2, 'Gonzalo Martinez'),
('72199959J', 1, 'Sergio Gutierrez'),
('72592385N', 3, 'María Echevarría'),
('72679934V', 3, 'Lorena Garcia'),
('72679959J', 2, 'Pedro Pérez'),
('75678759Z', 4, 'Lorena Garcia');

-- 
-- Dumping data for table comics
--
INSERT INTO comics VALUES
(1, 'SPAWN', 'EL INFIERNO EN LA TIERRA', 0, 4, 4, '', 'Asesinado por sus propios hombres, el agente gubernamental Al Simmons llegó a un trato con el diablo que lo resucitó de las profundidades del Infierno.Desde que regresó a la Tierra vigila los olvidados callejones de Nueva York como el guerrero Spawn, un héroe diferente a los demás.', 1, 1);

-- 
-- Dumping data for table clientes
--
INSERT INTO clientes VALUES
('72111759A', 'Beatriz García', '+49657787992'),
('72195669K', 'Lara Moreno', '+34654789867'),
('72196759B', 'Pablo Gonzalez', '+34654789992'),
('72196759U', 'Sergio Antúnez', '+49654789992'),
('73194959B', 'Tomás Sánchez', '+56654789912'),
('73396359I', 'Sandra Pérez', '+34654789992'),
('78955759R', 'Lucas Coppola', '+34654789992');

-- 
-- Dumping data for table ventas
--
INSERT INTO ventas VALUES
(1, '72199959J', 1);

-- 
-- Dumping data for table telefonos
--
INSERT INTO telefonos VALUES
(1, '+34942056789'),
(2, '+34942057656'),
(3, '+34942034561'),
(4, '+34902056789');

-- 
-- Dumping data for table compras
--
INSERT INTO compras VALUES
(1, '78955759R', 1);

-- 
-- Restore previous SQL mode
-- 
/*!40101 SET SQL_MODE=@OLD_SQL_MODE */;

-- 
-- Enable foreign keys
-- 
/*!40014 SET FOREIGN_KEY_CHECKS = @OLD_FOREIGN_KEY_CHECKS */;