﻿--
-- Script was generated by Devart dbForge Studio for MySQL, Version 8.0.40.0
-- Product home page: http://www.devart.com/dbforge/mysql/studio
-- Script date 16/03/2021 20:41:51
-- Server version: 5.5.5-10.1.40-MariaDB
-- Client version: 4.1
--

-- 
-- Disable foreign keys
-- 
/*!40014 SET @OLD_FOREIGN_KEY_CHECKS=@@FOREIGN_KEY_CHECKS, FOREIGN_KEY_CHECKS=0 */;

-- 
-- Set SQL mode
-- 
/*!40101 SET @OLD_SQL_MODE=@@SQL_MODE, SQL_MODE='NO_AUTO_VALUE_ON_ZERO' */;

-- 
-- Set character set the client will use to send SQL statements to the server
--
SET NAMES 'utf8';

--
-- Set default database
--
USE parques_atracciones;

--
-- Drop table `pertenece`
--
DROP TABLE IF EXISTS pertenece;

--
-- Drop table `empresas`
--
DROP TABLE IF EXISTS empresas;

--
-- Drop table `empleados`
--
DROP TABLE IF EXISTS empleados;

--
-- Drop table `atracciones`
--
DROP TABLE IF EXISTS atracciones;

--
-- Drop table `dirigentes`
--
DROP TABLE IF EXISTS dirigentes;

--
-- Drop table `establecimientos`
--
DROP TABLE IF EXISTS establecimientos;

--
-- Drop table `parques`
--
DROP TABLE IF EXISTS parques;

--
-- Set default database
--
USE parques_atracciones;

--
-- Create table `parques`
--
CREATE TABLE parques (
  codigo int(5) NOT NULL,
  nombre varchar(50) DEFAULT NULL,
  lugar varchar(50) DEFAULT NULL,
  codigo_compañia int(5) DEFAULT NULL,
  numero_empleados int(3) DEFAULT NULL,
  PRIMARY KEY (codigo)
)
ENGINE = INNODB,
AVG_ROW_LENGTH = 528,
CHARACTER SET latin1,
COLLATE latin1_swedish_ci;

--
-- Create table `establecimientos`
--
CREATE TABLE establecimientos (
  codigo int(5) NOT NULL,
  nombre varchar(50) DEFAULT NULL,
  codigo_parque int(5) DEFAULT NULL,
  PRIMARY KEY (codigo)
)
ENGINE = INNODB,
AVG_ROW_LENGTH = 468,
CHARACTER SET latin1,
COLLATE latin1_swedish_ci;

--
-- Create foreign key
--
ALTER TABLE establecimientos
ADD CONSTRAINT fk_establecimientos_parques FOREIGN KEY (codigo_parque)
REFERENCES parques (codigo);

--
-- Create table `dirigentes`
--
CREATE TABLE dirigentes (
  codigo int(5) NOT NULL,
  nombre varchar(20) DEFAULT NULL,
  apellido varchar(20) DEFAULT NULL,
  codigo_parque int(5) DEFAULT NULL,
  PRIMARY KEY (codigo)
)
ENGINE = INNODB,
AVG_ROW_LENGTH = 528,
CHARACTER SET latin1,
COLLATE latin1_swedish_ci;

--
-- Create index `uk_dirigentes_parques` on table `dirigentes`
--
ALTER TABLE dirigentes
ADD UNIQUE INDEX uk_dirigentes_parques (codigo_parque);

--
-- Create foreign key
--
ALTER TABLE dirigentes
ADD CONSTRAINT fk_dirigentes_parques FOREIGN KEY (codigo_parque)
REFERENCES parques (codigo);

--
-- Create table `atracciones`
--
CREATE TABLE atracciones (
  codigo int(5) NOT NULL,
  nombre varchar(20) DEFAULT NULL,
  codigo_parque int(5) DEFAULT NULL,
  PRIMARY KEY (codigo)
)
ENGINE = INNODB,
AVG_ROW_LENGTH = 372,
CHARACTER SET latin1,
COLLATE latin1_swedish_ci;

--
-- Create foreign key
--
ALTER TABLE atracciones
ADD CONSTRAINT fk_atracciones_parques FOREIGN KEY (codigo_parque)
REFERENCES parques (codigo);

--
-- Create table `empleados`
--
CREATE TABLE empleados (
  codigo int(5) NOT NULL,
  nombre varchar(20) DEFAULT NULL,
  apellido varchar(30) DEFAULT NULL,
  codigo_establecimiento int(5) DEFAULT NULL,
  codigo_atraccion int(5) DEFAULT NULL,
  PRIMARY KEY (codigo)
)
ENGINE = INNODB,
AVG_ROW_LENGTH = 528,
CHARACTER SET latin1,
COLLATE latin1_swedish_ci;

--
-- Create foreign key
--
ALTER TABLE empleados
ADD CONSTRAINT fk_empleados_atracciones FOREIGN KEY (codigo_atraccion)
REFERENCES atracciones (codigo);

--
-- Create foreign key
--
ALTER TABLE empleados
ADD CONSTRAINT fk_empleados_establecimientos FOREIGN KEY (codigo_establecimiento)
REFERENCES establecimientos (codigo);

--
-- Create table `empresas`
--
CREATE TABLE empresas (
  cif varchar(15) NOT NULL,
  nombre varchar(20) DEFAULT NULL,
  PRIMARY KEY (cif)
)
ENGINE = INNODB,
AVG_ROW_LENGTH = 819,
CHARACTER SET latin1,
COLLATE latin1_swedish_ci;

--
-- Create table `pertenece`
--
CREATE TABLE pertenece (
  id int(5) NOT NULL,
  cif varchar(15) DEFAULT NULL,
  codigo_parque int(5) DEFAULT NULL,
  PRIMARY KEY (id)
)
ENGINE = INNODB,
AVG_ROW_LENGTH = 528,
CHARACTER SET latin1,
COLLATE latin1_swedish_ci;

--
-- Create index `uk_pertenece_parque` on table `pertenece`
--
ALTER TABLE pertenece
ADD UNIQUE INDEX uk_pertenece_parque (cif, codigo_parque);

--
-- Create foreign key
--
ALTER TABLE pertenece
ADD CONSTRAINT fk_pertenece_empresas FOREIGN KEY (cif)
REFERENCES empresas (cif);

--
-- Create foreign key
--
ALTER TABLE pertenece
ADD CONSTRAINT fk_pertenece_parques FOREIGN KEY (codigo_parque)
REFERENCES parques (codigo);

-- 
-- Dumping data for table parques
--
INSERT INTO parques VALUES
(11111, 'DisneyLand', 'Paris', 11122, 300),
(11112, 'DisneyWorld', 'Orlando', 11122, 600),
(11113, 'DisneyLand', 'Anaheim', 11122, 450),
(11114, 'Hong Kong DisneyLand', 'Hong Kong', 11122, 500),
(11115, 'Tokio Disney Resort', 'Tokio', 11122, 550),
(11116, 'Shangai Disney Resort', 'Shangai', 11122, 650),
(11117, 'Parque Warner', 'Madrid', 33222, 300),
(11118, 'Warner Bros World', 'Abu Dhabi', 33222, 600),
(11119, 'Warner Bros World', 'Australia', 33222, 600),
(22221, 'Warner Bros World', 'Abu Dhabi', 33222, 700),
(22222, 'UniversalStudios', 'Los Angeles', 21212, 650),
(22223, 'PortAventura World', 'Salou', 32323, 675),
(22224, 'Madurodam', 'La Haya', 99223, 200),
(22225, 'Toverland', 'Kronenberg', 99223, 250),
(22226, 'Duinrell', 'Wassenaar', 99223, 675),
(22227, 'Drayton Manor', 'Mile Oak', 77888, 625),
(22228, 'Thomas Land', 'Mile Oak', 77888, 615),
(22229, 'Adventure Island', 'Essex', 77888, 565),
(33331, 'Flambards Theme Park', 'Helston', 77888, 525),
(33332, 'Tokyo Joypolis', 'Minato', 11177, 100),
(33333, 'Sanrio PuroLand', 'Tama', 11177, 200),
(33334, 'Mauna Kea Summit', 'Hawaii', 13477, 200),
(33335, 'Chimelong Paradise', 'Canton', 13557, 120),
(33336, 'Beto Carrero World', 'Peña', 12357, 250),
(33337, 'Canada Wonderland', 'Vaughan', 22357, 240),
(33338, 'Six Flags México', 'Mexico', 11357, 240),
(33339, 'Walibi Belgium', 'Wavre', 11358, 240),
(44441, 'Islands of Adventure', 'Orlando', 12258, 240),
(44442, 'East Links Family Park', 'Escocia', 15258, 250),
(44443, 'Europa-Park', 'Rust', 16758, 250),
(44444, 'Dino Park', 'Escocia', 17858, 350);

-- 
-- Dumping data for table empresas
--
INSERT INTO empresas VALUES
('a-91222454', 'StarParks'),
('b-12345678', 'DISNEY'),
('b-73234454', 'Herges'),
('c-99999002', 'Hawaii Tours'),
('d-00022444', 'Onlys'),
('e-34434356', 'NPH'),
('h-78595093', 'Great Parks'),
('i-91211111', 'LakesMine'),
('j-12348878', 'WARNER'),
('k-22345678', 'PortAventura Enterta'),
('l-34456695', 'Universal'),
('o-91234454', 'CanadianPilgrim'),
('p-99744444', 'BrasilianGames'),
('s-67383903', 'BatKnight'),
('t-91238454', 'HallOates'),
('u-91233334', 'Comet'),
('w-48494342', 'Tokio Parks'),
('x-99756432', 'China Enjoy'),
('y-22222222', 'LookArts'),
('z-91888888', 'Metropolis');

-- 
-- Dumping data for table establecimientos
--
INSERT INTO establecimientos VALUES
(10101, 'Correcaminos Bip Bip', 22221),
(11111, 'Big Thunder Photographer', 11111),
(12121, 'Chocolat Herge', 33339),
(12122, 'Smurfs Desserts', 33339),
(13131, 'Stone Figures', 44441),
(14141, 'Scottish Castle', 44442),
(15151, 'European Arts', 44443),
(16161, 'Jurassic Shop', 44444),
(16162, 'Cretacic Restaurant', 44444),
(20202, 'El templete', 22222),
(21212, 'Local Restaurant', 33331),
(22222, 'Bixby Babies', 11112),
(30303, 'La plaza', 22223),
(31313, 'Japanese Restaurant', 33332),
(33333, 'Boardwalk Candy Palace', 11113),
(40404, 'Tienda principal', 22224),
(41414, 'Souvenirs Shop', 33333),
(44444, 'Constellations', 11114),
(50505, 'Dominos', 22225),
(51515, 'Tuki Tuki Shop', 33334),
(55555, 'Dapper Dan', 11115),
(60606, 'Nickelodeon cafe', 22226),
(61616, 'Old Dragon', 33335),
(66666, 'Disney and Co', 11116),
(70707, 'Mercado San Isidro', 22227),
(71717, 'Brasilian Paradise', 33336),
(77777, 'Department Store', 11117),
(80808, 'Restaurante las luces', 22228),
(81818, 'Snow Drinks', 33337),
(81819, 'Pilgrim Shop', 33337),
(88888, 'Sunset Sweets', 11118),
(90909, 'Merchant Palace', 22229),
(91911, 'Mine Shop', 33338),
(91919, 'Mexican Inferno', 33338),
(99999, 'West Photo', 11119);

-- 
-- Dumping data for table atracciones
--
INSERT INTO atracciones VALUES
(10101, 'Oso Yogui', 22221),
(11111, 'Space Mountain', 11111),
(12121, 'Herge Coaster', 33339),
(12122, 'Smurfs Town', 33339),
(13131, 'Stone Fall', 44441),
(14141, 'Castle Nightmare', 44442),
(15151, 'European Score', 44443),
(16161, 'Jurassic Adventure', 44444),
(16162, 'Cretacic Clocker', 44444),
(20202, 'ET Adventure', 22222),
(20203, 'The Simpsons Ride', 22222),
(20204, 'Fear Factor Live', 22222),
(21212, 'Mouse Laberynth', 33331),
(22222, 'Adventure Island', 11112),
(30303, 'Dragon Khan', 22223),
(30304, 'Shambala', 22223),
(30305, 'Stampede', 22223),
(30306, 'Tuki Tuki Splash', 22223),
(31313, 'Samurai Game', 33332),
(31314, 'Japanese Emperor', 33332),
(33333, 'Big Thunder Mountain', 11113),
(40404, 'Round Fall', 22224),
(40405, 'Local Stampede', 22224),
(41414, 'Cups Roll', 33333),
(44444, 'Casey Jr', 11114),
(50505, 'Super Splash', 22225),
(50506, 'Fire Floor', 22225),
(51515, 'Tuki Tuki RollCoaste', 33334),
(55555, 'Crush Coaster', 11115),
(60606, 'Nickelodeon Rounds', 22226),
(60607, 'Cartoon Cards', 22226),
(61616, 'Old Dragon RollerCoa', 33335),
(66666, 'Discovery Arcade', 11116),
(70707, 'High Fly', 22227),
(71717, 'Paradise Horror', 33336),
(77777, 'Stunt Fall', 11117),
(80808, 'Car Crash', 22228),
(81818, 'Time Clocker', 33337),
(81819, 'Pilgrim Fight', 33337),
(88888, 'Lex Lutor Inventator', 11118),
(90909, 'Palace of Horror', 22229),
(91911, 'Mine Waters', 33338),
(91919, 'Inferno in the Earth', 33338),
(99999, 'Hotel Embrujado', 11119);

-- 
-- Dumping data for table pertenece
--
INSERT INTO pertenece VALUES
(23442, 'a-91222454', 44441),
(12345, 'b-12345678', 11111),
(13345, 'b-12345678', 11112),
(14345, 'b-12345678', 11113),
(15345, 'b-12345678', 11114),
(16645, 'b-12345678', 11115),
(17745, 'b-12345678', 11116),
(20340, 'b-73234454', 33338),
(11111, 'c-99999002', 33333),
(17171, 'd-00022444', 44443),
(89765, 'e-34434356', 22224),
(67345, 'e-34434356', 22225),
(99999, 'e-34434356', 22226),
(33355, 'h-78595093', 22227),
(11155, 'h-78595093', 22228),
(10101, 'h-78595093', 22229),
(77777, 'h-78595093', 33331),
(78493, 'i-91211111', 33339),
(16665, 'j-12348878', 11117),
(12885, 'j-12348878', 11118),
(92345, 'j-12348878', 11119),
(87345, 'j-12348878', 22221),
(88993, 'l-34456695', 22222),
(24232, 'o-91234454', 33336),
(89373, 'p-99744444', 33335),
(7077, 's-67383903', 44444),
(50505, 't-91238454', 33337),
(44467, 'u-91233334', 22223),
(12121, 'w-48494342', 33332),
(34343, 'x-99756432', 33334),
(57575, 'z-91888888', 44442);

-- 
-- Dumping data for table empleados
--
INSERT INTO empleados VALUES
(10101, 'Evan', 'Romanoff', 10101, 10101),
(11111, 'Gonzalo', 'Gomez', 11111, 11111),
(12121, 'Buck', 'Lawrence', 12121, 12121),
(13131, 'Toshinori', 'Yagi', 13131, 13131),
(14141, 'Carol', 'Diesel', 14141, 14141),
(15151, 'Johnny', 'Klein', 15151, 15151),
(16161, 'Paul', 'Wonder', 16161, 16161),
(20202, 'Edgar', 'Amstrong', 20202, 20202),
(21212, 'Henry', 'Patty', 21212, 21212),
(22222, 'Paul', 'Krasinski', 22222, 22222),
(30303, 'Jason', 'Clark', 30303, 30303),
(31313, 'Megan', 'Jones', 31313, 31313),
(33333, 'Joseph', 'Bloom', 33333, 33333),
(40404, 'Knives', 'Jersey', 40404, 40404),
(41414, 'Jonas', 'Miller', 41414, 41414),
(44444, 'Charles', 'Lee', 44444, 44444),
(50505, 'Logan', 'Potter', 50505, 50505),
(51515, 'Kurt', 'Wood', 51515, 51515),
(55555, 'Anthony', 'Wayne', 55555, 55555),
(60606, 'Sarah', 'Crawler', 60606, 60606),
(61616, 'Norman', 'Morgan', 61616, 61616),
(66666, 'Poe', 'Vader', 66666, 66666),
(70707, 'Scott', 'Aldrin', 70707, 70707),
(71717, 'Frank', 'Finch', 71717, 71717),
(77777, 'Luke', 'Lopez', 77777, 77777),
(80808, 'Cole', 'DeMaria', 80808, 80808),
(81818, 'Steve', 'Williams', 81818, 81818),
(88888, 'Johnny', 'Stark', 88888, 88888),
(90909, 'Donatello', 'DeRafael', 90909, 90909),
(91919, 'Fernando', 'Fernandez', 91919, 91919),
(99999, 'Castle', 'Crey', 99999, 99999);

-- 
-- Dumping data for table dirigentes
--
INSERT INTO dirigentes VALUES
(10101, 'Wayland', 'Peters', 22221),
(11111, 'Lukas', 'Reno', 11111),
(12121, 'Miles', 'Rogers', 33339),
(13131, 'Gwen', 'Stevens', 44441),
(14141, 'Lucy', 'Quill', 44442),
(15151, 'Shaggy', 'Wilson', 44443),
(16161, 'Wade', 'Thompson', 44444),
(20202, 'Emma', 'Schulz', 22222),
(21212, 'Indiana', 'Mouse', 33331),
(22222, 'Mark', 'Smith', 11112),
(30303, 'Madison', 'Clark', 22223),
(31313, 'Henry', 'Jones', 33332),
(33333, 'Robert', 'Cooper', 11113),
(40404, 'Charles', 'Hawlett', 22224),
(41414, 'Oswald', 'Solo', 33333),
(44444, 'Sarah', 'Roberts', 11114),
(50505, 'Evan', 'Olsen', 22225),
(51515, 'Chris', 'Kowalski', 33334),
(55555, 'Joseph', 'Renne', 11115),
(60606, 'James', 'Xavier', 22226),
(61616, 'Jessica', 'Cage', 33335),
(66666, 'Kurt', 'Parker', 11116),
(70707, 'Luke', 'Niles', 22227),
(71717, 'Linus', 'Brown', 33336),
(77777, 'Jason', 'Banner', 11117),
(80808, 'Scott', 'Danvers', 22228),
(81818, 'Lucy', 'Holmes', 33337),
(88888, 'Reed', 'Stark', 11118),
(90909, 'Bruce', 'Stone', 22229),
(91919, 'Kim', 'Morales', 33338),
(99999, 'Peter', 'Connors', 11119);

-- 
-- Restore previous SQL mode
-- 
/*!40101 SET SQL_MODE=@OLD_SQL_MODE */;

-- 
-- Enable foreign keys
-- 
/*!40014 SET FOREIGN_KEY_CHECKS = @OLD_FOREIGN_KEY_CHECKS */;