[{"model": "contenttypes.contenttype", "pk": 1, "fields": {"app_label": "auth", "model": "permission"}}, {"model": "contenttypes.contenttype", "pk": 2, "fields": {"app_label": "auth", "model": "group"}}, {"model": "contenttypes.contenttype", "pk": 3, "fields": {"app_label": "auth", "model": "user"}}, {"model": "contenttypes.contenttype", "pk": 4, "fields": {"app_label": "contenttypes", "model": "contenttype"}}, {"model": "contenttypes.contenttype", "pk": 5, "fields": {"app_label": "redirects", "model": "redirect"}}, {"model": "contenttypes.contenttype", "pk": 6, "fields": {"app_label": "sessions", "model": "session"}}, {"model": "contenttypes.contenttype", "pk": 7, "fields": {"app_label": "sites", "model": "site"}}, {"model": "contenttypes.contenttype", "pk": 8, "fields": {"app_label": "conf", "model": "setting"}}, {"model": "contenttypes.contenttype", "pk": 9, "fields": {"app_label": "core", "model": "sitepermission"}}, {"model": "contenttypes.contenttype", "pk": 10, "fields": {"app_label": "generic", "model": "threadedcomment"}}, {"model": "contenttypes.contenttype", "pk": 11, "fields": {"app_label": "generic", "model": "keyword"}}, {"model": "contenttypes.contenttype", "pk": 12, "fields": {"app_label": "generic", "model": "assignedkeyword"}}, {"model": "contenttypes.contenttype", "pk": 13, "fields": {"app_label": "generic", "model": "rating"}}, {"model": "contenttypes.contenttype", "pk": 14, "fields": {"app_label": "pages", "model": "page"}}, {"model": "contenttypes.contenttype", "pk": 15, "fields": {"app_label": "pages", "model": "richtextpage"}}, {"model": "contenttypes.contenttype", "pk": 16, "fields": {"app_label": "pages", "model": "link"}}, {"model": "contenttypes.contenttype", "pk": 17, "fields": {"app_label": "blog", "model": "blogpost"}}, {"model": "contenttypes.contenttype", "pk": 18, "fields": {"app_label": "blog", "model": "blogcategory"}}, {"model": "contenttypes.contenttype", "pk": 19, "fields": {"app_label": "forms", "model": "form"}}, {"model": "contenttypes.contenttype", "pk": 20, "fields": {"app_label": "forms", "model": "field"}}, {"model": "contenttypes.contenttype", "pk": 21, "fields": {"app_label": "forms", "model": "formentry"}}, {"model": "contenttypes.contenttype", "pk": 22, "fields": {"app_label": "forms", "model": "fieldentry"}}, {"model": "contenttypes.contenttype", "pk": 23, "fields": {"app_label": "galleries", "model": "gallery"}}, {"model": "contenttypes.contenttype", "pk": 24, "fields": {"app_label": "galleries", "model": "galleryimage"}}, {"model": "contenttypes.contenttype", "pk": 25, "fields": {"app_label": "twitter", "model": "query"}}, {"model": "contenttypes.contenttype", "pk": 26, "fields": {"app_label": "twitter", "model": "tweet"}}, {"model": "contenttypes.contenttype", "pk": 27, "fields": {"app_label": "admin", "model": "logentry"}}, {"model": "contenttypes.contenttype", "pk": 28, "fields": {"app_label": "django_comments", "model": "comment"}}, {"model": "contenttypes.contenttype", "pk": 29, "fields": {"app_label": "django_comments", "model": "commentflag"}}, {"model": "contenttypes.contenttype", "pk": 30, "fields": {"app_label": "guests", "model": "rsvp"}}, {"model": "sites.site", "pk": 4, "fields": {"domain": "www.everaftereisenbarth.com", "name": ""}}, {"model": "conf.setting", "pk": 1, "fields": {"site": 4, "name": "GOOGLE_ANALYTICS_ID", "value": ""}}, {"model": "conf.setting", "pk": 2, "fields": {"site": 4, "name": "ADMIN_MENU_COLLAPSED", "value": "False"}}, {"model": "conf.setting", "pk": 3, "fields": {"site": 4, "name": "SEARCH_PER_PAGE", "value": "10"}}, {"model": "conf.setting", "pk": 4, "fields": {"site": 4, "name": "COMMENTS_NUM_LATEST", "value": "5"}}, {"model": "conf.setting", "pk": 5, "fields": {"site": 4, "name": "RICHTEXT_FILTER_LEVEL", "value": "1"}}, {"model": "conf.setting", "pk": 6, "fields": {"site": 4, "name": "TWITTER_CONSUMER_SECRET", "value": ""}}, {"model": "conf.setting", "pk": 7, "fields": {"site": 4, "name": "COMMENTS_UNAPPROVED_VISIBLE", "value": "True"}}, {"model": "conf.setting", "pk": 8, "fields": {"site": 4, "name": "SITE_TAGLINE", "value": ""}}, {"model": "conf.setting", "pk": 9, "fields": {"site": 4, "name": "TWITTER_DEFAULT_QUERY_TYPE", "value": "search"}}, {"model": "conf.setting", "pk": 10, "fields": {"site": 4, "name": "COMMENTS_REMOVED_VISIBLE", "value": "True"}}, {"model": "conf.setting", "pk": 11, "fields": {"site": 4, "name": "TWITTER_DEFAULT_NUM_TWEETS", "value": "3"}}, {"model": "conf.setting", "pk": 12, "fields": {"site": 4, "name": "BITLY_ACCESS_TOKEN", "value": ""}}, {"model": "conf.setting", "pk": 13, "fields": {"site": 4, "name": "SSL_ENABLED", "value": "False"}}, {"model": "conf.setting", "pk": 14, "fields": {"site": 4, "name": "AKISMET_API_KEY", "value": ""}}, {"model": "conf.setting", "pk": 15, "fields": {"site": 4, "name": "COMMENTS_DEFAULT_APPROVED", "value": "True"}}, {"model": "conf.setting", "pk": 16, "fields": {"site": 4, "name": "TWITTER_ACCESS_TOKEN_KEY", "value": ""}}, {"model": "conf.setting", "pk": 17, "fields": {"site": 4, "name": "TWITTER_DEFAULT_QUERY", "value": "from:stephen_mcd mezzanine"}}, {"model": "conf.setting", "pk": 18, "fields": {"site": 4, "name": "SITE_TITLE", "value": "Ever After Eisenbarth"}}, {"model": "conf.setting", "pk": 19, "fields": {"site": 4, "name": "BLOG_POST_PER_PAGE", "value": "5"}}, {"model": "conf.setting", "pk": 20, "fields": {"site": 4, "name": "COMMENTS_NOTIFICATION_EMAILS", "value": ""}}, {"model": "conf.setting", "pk": 21, "fields": {"site": 4, "name": "COMMENTS_DISQUS_API_PUBLIC_KEY", "value": ""}}, {"model": "conf.setting", "pk": 22, "fields": {"site": 4, "name": "COMMENTS_DISQUS_API_SECRET_KEY", "value": ""}}, {"model": "conf.setting", "pk": 23, "fields": {"site": 4, "name": "TWITTER_CONSUMER_KEY", "value": ""}}, {"model": "conf.setting", "pk": 24, "fields": {"site": 4, "name": "COMMENTS_ACCOUNT_REQUIRED", "value": "False"}}, {"model": "conf.setting", "pk": 25, "fields": {"site": 4, "name": "MAX_PAGING_LINKS", "value": "10"}}, {"model": "conf.setting", "pk": 26, "fields": {"site": 4, "name": "TWITTER_ACCESS_TOKEN_SECRET", "value": ""}}, {"model": "conf.setting", "pk": 27, "fields": {"site": 4, "name": "TAG_CLOUD_SIZES", "value": "4"}}, {"model": "conf.setting", "pk": 28, "fields": {"site": 4, "name": "COMMENTS_DISQUS_SHORTNAME", "value": ""}}, {"model": "conf.setting", "pk": 29, "fields": {"site": 4, "name": "SSL_FORCE_HOST", "value": ""}}, {"model": "conf.setting", "pk": 30, "fields": {"site": 4, "name": "RATINGS_ACCOUNT_REQUIRED", "value": "False"}}, {"model": "pages.page", "pk": 9, "fields": {"keywords_string": "", "site": 4, "title": "Home", "slug": "/", "_meta_title": "Home", "description": "", "gen_description": true, "created": "2016-11-19T15:21:39.707Z", "updated": "2016-11-29T02:37:03.464Z", "status": 2, "publish_date": "2016-11-19T15:21:39Z", "expiry_date": null, "short_url": null, "in_sitemap": true, "_order": 0, "content_model": "form", "parent": null, "in_menus": "", "titles": "Home", "login_required": false}}, {"model": "pages.page", "pk": 10, "fields": {"keywords_string": "", "site": 4, "title": "Our Story", "slug": "/#our-story", "_meta_title": null, "description": "Our Story", "gen_description": true, "created": "2016-11-19T15:25:21.771Z", "updated": "2017-01-23T22:09:07.266Z", "status": 2, "publish_date": "2016-11-19T15:25:21Z", "expiry_date": null, "short_url": null, "in_sitemap": false, "_order": 1, "content_model": "link", "parent": null, "in_menus": "1", "titles": "Our Story", "login_required": false}}, {"model": "pages.page", "pk": 12, "fields": {"keywords_string": "", "site": 4, "title": "Our Wedding Party", "slug": "/#our-wedding-party", "_meta_title": null, "description": "Our Wedding Party", "gen_description": true, "created": "2016-11-19T15:25:50.386Z", "updated": "2017-01-23T22:09:09.789Z", "status": 2, "publish_date": "2016-11-19T15:25:50Z", "expiry_date": null, "short_url": null, "in_sitemap": false, "_order": 2, "content_model": "link", "parent": null, "in_menus": "1", "titles": "Our Wedding Party", "login_required": false}}, {"model": "pages.page", "pk": 13, "fields": {"keywords_string": "", "site": 4, "title": "Our Town", "slug": "/#our-town", "_meta_title": null, "description": "Our Town", "gen_description": true, "created": "2016-11-19T15:26:30.016Z", "updated": "2017-01-23T22:09:14.887Z", "status": 2, "publish_date": "2016-11-19T15:26:30Z", "expiry_date": null, "short_url": null, "in_sitemap": false, "_order": 4, "content_model": "link", "parent": null, "in_menus": "1", "titles": "Our Town", "login_required": false}}, {"model": "pages.page", "pk": 14, "fields": {"keywords_string": "", "site": 4, "title": "Our Ceremony", "slug": "/#our-party", "_meta_title": null, "description": "Our Ceremony", "gen_description": true, "created": "2016-11-19T15:26:45.691Z", "updated": "2017-01-23T22:09:12.037Z", "status": 2, "publish_date": "2016-11-19T15:26:45Z", "expiry_date": null, "short_url": null, "in_sitemap": false, "_order": 3, "content_model": "link", "parent": null, "in_menus": "1", "titles": "Our Ceremony", "login_required": false}}, {"model": "pages.page", "pk": 17, "fields": {"keywords_string": "", "site": 4, "title": "Thank you!", "slug": "thanks", "_meta_title": "", "description": "\n\nThank you!\n\n\n\nWe sincerely hope you were able to make it to Waco to celebrating our new life together. If you were unable able to attend, we understand; please think of us on March 18th, and check back here later in the year for pictures!", "gen_description": true, "created": "2017-01-23T20:17:47.048Z", "updated": "2017-02-06T14:17:03.154Z", "status": 2, "publish_date": "2017-01-23T20:17:47Z", "expiry_date": null, "short_url": null, "in_sitemap": true, "_order": 5, "content_model": "richtextpage", "parent": null, "in_menus": "", "titles": "Thank you!", "login_required": false}}, {"model": "pages.richtextpage", "pk": 17, "fields": {"content": "<div class=\"container content\">\n<div class=\"row\">\n<h1>Thank you!</h1>\n</div>\n<div class=\"row\">\n<div class=\"col-md-6 col-md-push-3\">\n<p>We sincerely hope you were able to make it to Waco to celebrating our new life together. If you were unable able to attend, we understand; please think of us on March 18th, and check back here later in the year for pictures!</p>\n</div>\n</div>\n<div class=\"row\">\n<div class=\"col-md-4\">\n<div class=\"well\">\n<h2>Lodging</h2>\n<p>If you are able celebrate our nuptials with us in person, we have arranged for a block of discounted rooms at <a href=\"http://www.marriott.com/meeting-event-hotels/group-corporate-travel/groupCorp.mi?resLinkData=EISENBARTH%20WEDDING%20PARTY%5EWCOSH%60EWPEWPA%7CEWPEWPB%60139.00%60USD%60false%604%603/17/17%603/19/17%602/17/17&amp;app=resvlink&amp;stop_mobi=yes\" target=\"_blank\">Springhill Suites</a> for those guests who book rooms before February 17th.</p>\n</div>\n</div>\n<div class=\"col-md-4\">\n<div class=\"well\">\n<h2>Registry</h2>\n<p>The greatest gift we could receive is your support and thoughts as we begin our life in oneness. If you feel inclined, we are also registered at <a href=\"https://www.amazon.com/wedding/geoffrey-eisenbarth-kathryn-allen-waco-march-2017/registry/SNGQMH7UAL81\" target=\"_blank\">Amazon</a>, <a href=\"https://www-secure.target.com/gift-registry/giftgiver?registryId=b27490c83e134e8bb5648892bbba9b30#1\" target=\"_blank\">Target</a>, and\u00a0<a href=\"https://www.bedbathandbeyond.com/store/giftregistry/view_registry_guest.jsp?registryId=543772541&amp;eventType=Wedding&amp;pwsurl=\" target=\"_blank\">Bed Bed &amp; Beyond</a>.</p>\n</div>\n</div>\n<div class=\"col-md-4\">\n<div class=\"well\">\n<h2>Waco</h2>\n<p>If you're coming into town and looking for something to occupy your time before celebrating with us, we compiled a (brief) <a href=\"/#our-town-text\">list of our favorite places</a> around town. Other great online resources are available at <a href=\"http://www.wacofork.com/blog\">WacoFork</a> and <a href=\"http://www.downtownwacotx.com\">Downtown Waco</a>.</p>\n</div>\n</div>\n</div>\n</div>"}}, {"model": "pages.link", "pk": 14, "fields": {}}, {"model": "pages.link", "pk": 10, "fields": {}}, {"model": "pages.link", "pk": 13, "fields": {}}, {"model": "pages.link", "pk": 12, "fields": {}}, {"model": "forms.form", "pk": 9, "fields": {"content": "<hr>\n<h1>RSVP</h1>", "button_text": "Finished!", "response": "<p>If you are able to make it, we look forward to celebrating our nuptials with you!</p>\n<p>If you are unable to make it, don't worry; we still love you.\u00a0</p>\n<p>If you are staying at home to finish watching LOST, we want you to know: it's not actually Penny's boat, John Locke dies, and the final season is just a phoned-in\u00a0allegory for purgatory.</p>", "send_email": true, "email_from": "website@perrymangroup.com", "email_copies": "geoffrey.eisenbarth@gmail.com, geoff.and.katy@gmail.com", "email_subject": "Wedding RSVP Response!", "email_message": "Hey, somebody loves us and responded to our RSVP! Hooray!\r\n\r\nP.S., I love you so much Kathryn, and I can't wait to be married to you."}}, {"model": "forms.field", "pk": 4, "fields": {"_order": 0, "label": "Can you make it?", "field_type": 6, "required": true, "visible": true, "choices": "Joyfully accept, Geoff and Katy are my favorites!, I love a party!, There's nothing on TV-- conditions are perfect, I heard there's free food?, Regretfully decline, Can't make it; I just started watching LOST, I'm boring and going to stay home", "default": "", "placeholder_text": "", "help_text": "Be honest, now.", "form": 9}}, {"model": "forms.field", "pk": 6, "fields": {"_order": 1, "label": "Your name", "field_type": 1, "required": true, "visible": true, "choices": "", "default": "", "placeholder_text": "", "help_text": "First and last name, please.", "form": 9}}, {"model": "forms.field", "pk": 7, "fields": {"_order": 2, "label": "Bringing a special friend?", "field_type": 1, "required": false, "visible": true, "choices": "", "default": "", "placeholder_text": "", "help_text": "Oooh! What's their name?", "form": 9}}, {"model": "forms.field", "pk": 8, "fields": {"_order": 3, "label": "Bringing your little ones?", "field_type": 6, "required": false, "visible": true, "choices": "1,2,3,4,5", "default": "", "placeholder_text": "", "help_text": "If so, how many?", "form": 9}}, {"model": "forms.field", "pk": 9, "fields": {"_order": 4, "label": "Care to give us encouragement or advice?", "field_type": 2, "required": false, "visible": true, "choices": "", "default": "", "placeholder_text": "", "help_text": "We would love to hear from you!", "form": 9}}, {"model": "forms.formentry", "pk": 1, "fields": {"form": 9, "entry_time": "2016-11-20T22:19:21.157Z"}}, {"model": "forms.formentry", "pk": 2, "fields": {"form": 9, "entry_time": "2016-11-20T23:13:04.892Z"}}, {"model": "forms.formentry", "pk": 3, "fields": {"form": 9, "entry_time": "2016-11-25T00:24:00.703Z"}}, {"model": "forms.formentry", "pk": 4, "fields": {"form": 9, "entry_time": "2016-11-26T01:22:34.731Z"}}, {"model": "forms.formentry", "pk": 5, "fields": {"form": 9, "entry_time": "2016-11-27T22:23:00.187Z"}}, {"model": "forms.formentry", "pk": 6, "fields": {"form": 9, "entry_time": "2016-11-28T18:08:16.495Z"}}, {"model": "forms.formentry", "pk": 7, "fields": {"form": 9, "entry_time": "2016-11-28T18:12:30.910Z"}}, {"model": "forms.formentry", "pk": 8, "fields": {"form": 9, "entry_time": "2016-11-28T18:35:53.317Z"}}, {"model": "forms.formentry", "pk": 9, "fields": {"form": 9, "entry_time": "2016-11-28T18:36:56.842Z"}}, {"model": "forms.formentry", "pk": 10, "fields": {"form": 9, "entry_time": "2016-11-28T18:37:17.300Z"}}, {"model": "forms.formentry", "pk": 11, "fields": {"form": 9, "entry_time": "2016-11-29T02:35:10.403Z"}}, {"model": "forms.formentry", "pk": 12, "fields": {"form": 9, "entry_time": "2016-11-29T02:38:02.541Z"}}, {"model": "forms.fieldentry", "pk": 1, "fields": {"entry": 1, "field_id": 4, "value": "Joyfully accept"}}, {"model": "forms.fieldentry", "pk": 2, "fields": {"entry": 1, "field_id": 6, "value": "Geoffrey Eisenbarth"}}, {"model": "forms.fieldentry", "pk": 3, "fields": {"entry": 1, "field_id": 7, "value": "Kathryn Allen"}}, {"model": "forms.fieldentry", "pk": 4, "fields": {"entry": 1, "field_id": 8, "value": ""}}, {"model": "forms.fieldentry", "pk": 5, "fields": {"entry": 1, "field_id": 9, "value": "Nope."}}, {"model": "forms.fieldentry", "pk": 6, "fields": {"entry": 2, "field_id": 4, "value": "Joyfully accept"}}, {"model": "forms.fieldentry", "pk": 7, "fields": {"entry": 2, "field_id": 6, "value": "Geoffrey Eisenbarth"}}, {"model": "forms.fieldentry", "pk": 8, "fields": {"entry": 2, "field_id": 7, "value": "Kathryn Allen"}}, {"model": "forms.fieldentry", "pk": 9, "fields": {"entry": 2, "field_id": 8, "value": "1"}}, {"model": "forms.fieldentry", "pk": 10, "fields": {"entry": 2, "field_id": 9, "value": "Nope."}}, {"model": "forms.fieldentry", "pk": 11, "fields": {"entry": 3, "field_id": 4, "value": "Geoff and Katy are my favorites!"}}, {"model": "forms.fieldentry", "pk": 12, "fields": {"entry": 3, "field_id": 6, "value": "Geoffrey Eisenbarth"}}, {"model": "forms.fieldentry", "pk": 13, "fields": {"entry": 3, "field_id": 7, "value": "Nope"}}, {"model": "forms.fieldentry", "pk": 14, "fields": {"entry": 3, "field_id": 8, "value": "2"}}, {"model": "forms.fieldentry", "pk": 15, "fields": {"entry": 3, "field_id": 9, "value": "hi!"}}, {"model": "forms.fieldentry", "pk": 16, "fields": {"entry": 4, "field_id": 4, "value": "Joyfully accept"}}, {"model": "forms.fieldentry", "pk": 17, "fields": {"entry": 4, "field_id": 6, "value": "Jdjdjd"}}, {"model": "forms.fieldentry", "pk": 18, "fields": {"entry": 4, "field_id": 7, "value": ""}}, {"model": "forms.fieldentry", "pk": 19, "fields": {"entry": 4, "field_id": 8, "value": ""}}, {"model": "forms.fieldentry", "pk": 20, "fields": {"entry": 4, "field_id": 9, "value": ""}}, {"model": "forms.fieldentry", "pk": 21, "fields": {"entry": 5, "field_id": 4, "value": "Regretfully decline"}}, {"model": "forms.fieldentry", "pk": 22, "fields": {"entry": 5, "field_id": 6, "value": "Geofr"}}, {"model": "forms.fieldentry", "pk": 23, "fields": {"entry": 5, "field_id": 7, "value": ""}}, {"model": "forms.fieldentry", "pk": 24, "fields": {"entry": 5, "field_id": 8, "value": ""}}, {"model": "forms.fieldentry", "pk": 25, "fields": {"entry": 5, "field_id": 9, "value": ""}}, {"model": "forms.fieldentry", "pk": 26, "fields": {"entry": 6, "field_id": 4, "value": "Geoff and Katy are my favorites!"}}, {"model": "forms.fieldentry", "pk": 27, "fields": {"entry": 6, "field_id": 6, "value": "Geoffrey Eisenbarth"}}, {"model": "forms.fieldentry", "pk": 28, "fields": {"entry": 6, "field_id": 7, "value": "Kathryn Allen"}}, {"model": "forms.fieldentry", "pk": 29, "fields": {"entry": 6, "field_id": 8, "value": ""}}, {"model": "forms.fieldentry", "pk": 30, "fields": {"entry": 6, "field_id": 9, "value": "Hooray encouragement! \r\n\r\n(This is a test to see if the email works..)"}}, {"model": "forms.fieldentry", "pk": 31, "fields": {"entry": 7, "field_id": 4, "value": "Geoff and Katy are my favorites!"}}, {"model": "forms.fieldentry", "pk": 32, "fields": {"entry": 7, "field_id": 6, "value": "Geoffrey B. Eisenbarth"}}, {"model": "forms.fieldentry", "pk": 33, "fields": {"entry": 7, "field_id": 7, "value": "Kathryn M. Allen"}}, {"model": "forms.fieldentry", "pk": 34, "fields": {"entry": 7, "field_id": 8, "value": ""}}, {"model": "forms.fieldentry", "pk": 35, "fields": {"entry": 7, "field_id": 9, "value": "Hooray us!\r\n\r\nThis is a test email to see if the email sender works."}}, {"model": "forms.fieldentry", "pk": 36, "fields": {"entry": 8, "field_id": 4, "value": "Geoff and Katy are my favorites!"}}, {"model": "forms.fieldentry", "pk": 37, "fields": {"entry": 8, "field_id": 6, "value": "Geoffrey Eisenbarth"}}, {"model": "forms.fieldentry", "pk": 38, "fields": {"entry": 8, "field_id": 7, "value": "Kathryn Allen"}}, {"model": "forms.fieldentry", "pk": 39, "fields": {"entry": 8, "field_id": 8, "value": ""}}, {"model": "forms.fieldentry", "pk": 40, "fields": {"entry": 8, "field_id": 9, "value": "Hi! This is a test."}}, {"model": "forms.fieldentry", "pk": 41, "fields": {"entry": 9, "field_id": 4, "value": "Geoff and Katy are my favorites!"}}, {"model": "forms.fieldentry", "pk": 42, "fields": {"entry": 9, "field_id": 6, "value": "Geoff"}}, {"model": "forms.fieldentry", "pk": 43, "fields": {"entry": 9, "field_id": 7, "value": ""}}, {"model": "forms.fieldentry", "pk": 44, "fields": {"entry": 9, "field_id": 8, "value": ""}}, {"model": "forms.fieldentry", "pk": 45, "fields": {"entry": 9, "field_id": 9, "value": ""}}, {"model": "forms.fieldentry", "pk": 46, "fields": {"entry": 10, "field_id": 4, "value": "I love a party!"}}, {"model": "forms.fieldentry", "pk": 47, "fields": {"entry": 10, "field_id": 6, "value": "Geoffrey Eisenbarth"}}, {"model": "forms.fieldentry", "pk": 48, "fields": {"entry": 10, "field_id": 7, "value": "Kathryn Allen"}}, {"model": "forms.fieldentry", "pk": 49, "fields": {"entry": 10, "field_id": 8, "value": ""}}, {"model": "forms.fieldentry", "pk": 50, "fields": {"entry": 10, "field_id": 9, "value": "This is a test!"}}, {"model": "forms.fieldentry", "pk": 51, "fields": {"entry": 11, "field_id": 4, "value": "I love a party!"}}, {"model": "forms.fieldentry", "pk": 52, "fields": {"entry": 11, "field_id": 6, "value": "Geoffrey Eisenbarth"}}, {"model": "forms.fieldentry", "pk": 53, "fields": {"entry": 11, "field_id": 7, "value": "Kathryn Allen"}}, {"model": "forms.fieldentry", "pk": 54, "fields": {"entry": 11, "field_id": 8, "value": ""}}, {"model": "forms.fieldentry", "pk": 55, "fields": {"entry": 11, "field_id": 9, "value": "I love you Katy!"}}, {"model": "forms.fieldentry", "pk": 56, "fields": {"entry": 12, "field_id": 4, "value": "Geoff and Katy are my favorites!"}}, {"model": "forms.fieldentry", "pk": 57, "fields": {"entry": 12, "field_id": 6, "value": "Geoffrey Eisenbarth"}}, {"model": "forms.fieldentry", "pk": 58, "fields": {"entry": 12, "field_id": 7, "value": "Kathryn Allen"}}, {"model": "forms.fieldentry", "pk": 59, "fields": {"entry": 12, "field_id": 8, "value": ""}}, {"model": "forms.fieldentry", "pk": 60, "fields": {"entry": 12, "field_id": 9, "value": "I love you!"}}, {"model": "guests.rsvp", "pk": 31, "fields": {"is_attending": true, "attending": "TV", "primary_name": "Sara Moorman", "guest_name": "Ted Moorman", "children": 3, "advice": null}}, {"model": "guests.rsvp", "pk": 36, "fields": {"is_attending": true, "attending": "GK", "primary_name": "Katie Williams", "guest_name": "Walt Williams", "children": 0, "advice": null}}, {"model": "guests.rsvp", "pk": 37, "fields": {"is_attending": true, "attending": "TV", "primary_name": "Sko", "guest_name": "DUH. My Michael Johns.", "children": 0, "advice": null}}, {"model": "guests.rsvp", "pk": 38, "fields": {"is_attending": true, "attending": "GK", "primary_name": "Mary Ford", "guest_name": "Jason", "children": 0, "advice": null}}, {"model": "guests.rsvp", "pk": 39, "fields": {"is_attending": true, "attending": "JA", "primary_name": "Laura Kocian, AKA - Momma Ko", "guest_name": "George Kocian, AKA - Papa Ko", "children": 0, "advice": null}}, {"model": "guests.rsvp", "pk": 40, "fields": {"is_attending": true, "attending": "TV", "primary_name": "Kaleigh Moran to be Verett", "guest_name": "Kinsey Verett", "children": 0, "advice": null}}, {"model": "guests.rsvp", "pk": 44, "fields": {"is_attending": true, "attending": "JA", "primary_name": "MaryLynn Eisenbarth", "guest_name": "Steve Eisenbarth", "children": null, "advice": null}}, {"model": "guests.rsvp", "pk": 45, "fields": {"is_attending": true, "attending": "JA", "primary_name": "Kari Schmidt", "guest_name": "Hunter Littrell", "children": 17, "advice": null}}, {"model": "guests.rsvp", "pk": 47, "fields": {"is_attending": true, "attending": "JA", "primary_name": "James Orsag", "guest_name": "No", "children": 0, "advice": null}}, {"model": "guests.rsvp", "pk": 48, "fields": {"is_attending": true, "attending": "TV", "primary_name": "Ryan Newberry", "guest_name": "Kelsey Caulkins", "children": null, "advice": null}}, {"model": "guests.rsvp", "pk": 49, "fields": {"is_attending": true, "attending": "IL", "primary_name": "Bolton Windover", "guest_name": "Jordan Colyer", "children": null, "advice": null}}, {"model": "guests.rsvp", "pk": 50, "fields": {"is_attending": true, "attending": "IL", "primary_name": "KC Kennicutt", "guest_name": "Yes", "children": null, "advice": null}}, {"model": "guests.rsvp", "pk": 51, "fields": {"is_attending": true, "attending": "GK", "primary_name": "Aaron Turney", "guest_name": "Andrea Morgan", "children": null, "advice": null}}, {"model": "guests.rsvp", "pk": 52, "fields": {"is_attending": true, "attending": "GK", "primary_name": "Michael Haskett", "guest_name": "", "children": null, "advice": null}}, {"model": "guests.rsvp", "pk": 53, "fields": {"is_attending": true, "attending": "JA", "primary_name": "Steve Cates", "guest_name": "Darlene Cates", "children": null, "advice": null}}, {"model": "guests.rsvp", "pk": 54, "fields": {"is_attending": true, "attending": "GK", "primary_name": "Aoife Gorey", "guest_name": "No", "children": null, "advice": null}}, {"model": "guests.rsvp", "pk": 55, "fields": {"is_attending": false, "attending": "RD", "primary_name": "Aunt Beth and Ronnie Beach", "guest_name": "", "children": null, "advice": null}}, {"model": "guests.rsvp", "pk": 56, "fields": {"is_attending": true, "attending": "JA", "primary_name": "Amy Lockman", "guest_name": "No", "children": null, "advice": null}}, {"model": "guests.rsvp", "pk": 57, "fields": {"is_attending": true, "attending": "JA", "primary_name": "Michael Clarke", "guest_name": "Honey Hamilton", "children": null, "advice": null}}, {"model": "guests.rsvp", "pk": 58, "fields": {"is_attending": true, "attending": "JA", "primary_name": "Rachel Dove", "guest_name": "Payton Dove", "children": 0, "advice": null}}, {"model": "guests.rsvp", "pk": 60, "fields": {"is_attending": true, "attending": "JA", "primary_name": "George McCall", "guest_name": "no", "children": null, "advice": null}}, {"model": "guests.rsvp", "pk": 61, "fields": {"is_attending": true, "attending": "JA", "primary_name": "Cole Scranton", "guest_name": "Brandi Alejand i", "children": null, "advice": null}}, {"model": "guests.rsvp", "pk": 63, "fields": {"is_attending": false, "attending": "RD", "primary_name": "Dan and Cornelia Vellenga", "guest_name": "", "children": null, "advice": null}}, {"model": "guests.rsvp", "pk": 64, "fields": {"is_attending": true, "attending": "JA", "primary_name": "Karen Fortner Schwab", "guest_name": "", "children": 0, "advice": null}}, {"model": "guests.rsvp", "pk": 65, "fields": {"is_attending": true, "attending": "JA", "primary_name": "Faith Ann Fortner", "guest_name": "Keith Fortner", "children": 0, "advice": null}}, {"model": "guests.rsvp", "pk": 67, "fields": {"is_attending": false, "attending": "RD", "primary_name": "Charles & Susan Mize", "guest_name": "", "children": null, "advice": null}}, {"model": "guests.rsvp", "pk": 68, "fields": {"is_attending": true, "attending": "JA", "primary_name": "Jennifer Himstedt", "guest_name": "Clinton McCarty", "children": null, "advice": null}}, {"model": "guests.rsvp", "pk": 69, "fields": {"is_attending": true, "attending": "JA", "primary_name": "Paul Whitney", "guest_name": "Marcy Levitan", "children": null, "advice": null}}, {"model": "guests.rsvp", "pk": 70, "fields": {"is_attending": true, "attending": "GK", "primary_name": "Van Darden", "guest_name": "Katie Fellows", "children": 0, "advice": null}}, {"model": "guests.rsvp", "pk": 71, "fields": {"is_attending": true, "attending": "JA", "primary_name": "Stephen Jablonski", "guest_name": "Kate Jablonski", "children": 0, "advice": null}}, {"model": "guests.rsvp", "pk": 72, "fields": {"is_attending": true, "attending": "JA", "primary_name": "Christopher McKeown", "guest_name": "Ashley Goldberg-McKeown", "children": 0, "advice": null}}, {"model": "guests.rsvp", "pk": 73, "fields": {"is_attending": true, "attending": "IL", "primary_name": "Tim and Christy Fortner", "guest_name": "Megan Fortner", "children": null, "advice": null}}, {"model": "guests.rsvp", "pk": 77, "fields": {"is_attending": true, "attending": "JA", "primary_name": "Robert Darden", "guest_name": "Dr. Mary Landon Darden", "children": 0, "advice": null}}, {"model": "guests.rsvp", "pk": 79, "fields": {"is_attending": true, "attending": "JA", "primary_name": "J. R. Allen", "guest_name": "Brenda Allen", "children": null, "advice": null}}, {"model": "guests.rsvp", "pk": 80, "fields": {"is_attending": false, "attending": "RD", "primary_name": "Ray & Lorraine Perryman", "guest_name": "", "children": null, "advice": null}}, {"model": "guests.rsvp", "pk": 81, "fields": {"is_attending": true, "attending": "TV", "primary_name": "Sko", "guest_name": "Chance doesn't count as special.", "children": null, "advice": null}}, {"model": "guests.rsvp", "pk": 82, "fields": {"is_attending": true, "attending": "JA", "primary_name": "Joshua Love Weaver", "guest_name": "Undisclosed tinder friend", "children": null, "advice": null}}, {"model": "guests.rsvp", "pk": 83, "fields": {"is_attending": true, "attending": "JA", "primary_name": "Blake Landfried", "guest_name": "Ricky Silva", "children": 0, "advice": null}}, {"model": "guests.rsvp", "pk": 84, "fields": {"is_attending": true, "attending": "TV", "primary_name": "Cecilia Stevenson", "guest_name": "A girl has no friends", "children": null, "advice": null}}, {"model": "guests.rsvp", "pk": 85, "fields": {"is_attending": true, "attending": "IL", "primary_name": "Shannon Hill", "guest_name": "Vincent Bryce", "children": 0, "advice": null}}, {"model": "guests.rsvp", "pk": 86, "fields": {"is_attending": true, "attending": "JA", "primary_name": "Sean Hannon", "guest_name": "Wifey!  Keri Hannon", "children": 0, "advice": null}}, {"model": "guests.rsvp", "pk": 87, "fields": {"is_attending": true, "attending": "JA", "primary_name": "Tony and Jan Allen", "guest_name": "Nah", "children": null, "advice": null}}, {"model": "guests.rsvp", "pk": 88, "fields": {"is_attending": true, "attending": "JA", "primary_name": "Perry weaver", "guest_name": "I'm my own special friend.", "children": null, "advice": null}}, {"model": "guests.rsvp", "pk": 89, "fields": {"is_attending": true, "attending": "JA", "primary_name": "Ara cook", "guest_name": "Matthew jahn", "children": null, "advice": null}}, {"model": "guests.rsvp", "pk": 90, "fields": {"is_attending": true, "attending": "GK", "primary_name": "Michael Reed", "guest_name": "This is a one man show.", "children": null, "advice": null}}, {"model": "guests.rsvp", "pk": 91, "fields": {"is_attending": true, "attending": "JA", "primary_name": "Dax Brannan", "guest_name": "Ali Garcia", "children": 0, "advice": null}}, {"model": "guests.rsvp", "pk": 92, "fields": {"is_attending": true, "attending": "JA", "primary_name": "Leslie Reiter", "guest_name": "Kellen jemeyson", "children": null, "advice": null}}, {"model": "guests.rsvp", "pk": 93, "fields": {"is_attending": true, "attending": "GK", "primary_name": "Marisela Cervantez", "guest_name": "Brent Munn", "children": null, "advice": null}}, {"model": "guests.rsvp", "pk": 94, "fields": {"is_attending": true, "attending": "JA", "primary_name": "Allison Mitcham", "guest_name": "Preston Mitcham", "children": 1, "advice": null}}, {"model": "guests.rsvp", "pk": 95, "fields": {"is_attending": false, "attending": "RD", "primary_name": "Ashley Hester", "guest_name": "", "children": 0, "advice": null}}, {"model": "guests.rsvp", "pk": 96, "fields": {"is_attending": true, "attending": "GK", "primary_name": "Gabrielle Merani", "guest_name": "Pasha Potts", "children": null, "advice": null}}, {"model": "guests.rsvp", "pk": 98, "fields": {"is_attending": true, "attending": "FF", "primary_name": "Naomi", "guest_name": "Mike", "children": null, "advice": null}}, {"model": "guests.rsvp", "pk": 99, "fields": {"is_attending": true, "attending": "JA", "primary_name": "Jocelyn Fulbright", "guest_name": "Colin Landfair Powell", "children": null, "advice": null}}, {"model": "guests.rsvp", "pk": 100, "fields": {"is_attending": true, "attending": "JA", "primary_name": "Tamara Eisenbarth", "guest_name": "Robert Vestal", "children": null, "advice": null}}, {"model": "guests.rsvp", "pk": 101, "fields": {"is_attending": true, "attending": "TV", "primary_name": "Brin Chandler", "guest_name": "Noelle Argubright", "children": null, "advice": null}}, {"model": "guests.rsvp", "pk": 102, "fields": {"is_attending": true, "attending": "IL", "primary_name": "Joe Gerfers", "guest_name": "Meredith", "children": 1, "advice": null}}, {"model": "guests.rsvp", "pk": 103, "fields": {"is_attending": true, "attending": "JA", "primary_name": "Susan Whitney", "guest_name": "", "children": null, "advice": null}}, {"model": "guests.rsvp", "pk": 104, "fields": {"is_attending": false, "attending": "RD", "primary_name": "Mark Whitney", "guest_name": "", "children": null, "advice": null}}, {"model": "guests.rsvp", "pk": 105, "fields": {"is_attending": true, "attending": "GK", "primary_name": "Jason Atnip", "guest_name": "Kara Poe", "children": null, "advice": null}}, {"model": "guests.rsvp", "pk": 106, "fields": {"is_attending": true, "attending": "GK", "primary_name": "Emily Eoff", "guest_name": "Nope, forever single!", "children": null, "advice": null}}, {"model": "guests.rsvp", "pk": 107, "fields": {"is_attending": true, "attending": "GK", "primary_name": "Levi Richardson", "guest_name": "", "children": 0, "advice": null}}, {"model": "guests.rsvp", "pk": 108, "fields": {"is_attending": true, "attending": "JA", "primary_name": "Mark and Vickie Henley", "guest_name": "", "children": 0, "advice": null}}, {"model": "guests.rsvp", "pk": 109, "fields": {"is_attending": true, "attending": "JA", "primary_name": "Mishal Dar", "guest_name": "", "children": null, "advice": null}}, {"model": "guests.rsvp", "pk": 110, "fields": {"is_attending": false, "attending": "RD", "primary_name": "Aaron Majewski", "guest_name": "", "children": null, "advice": null}}, {"model": "guests.rsvp", "pk": 111, "fields": {"is_attending": true, "attending": "JA", "primary_name": "Arthur and Karen Mueller", "guest_name": "", "children": null, "advice": null}}, {"model": "guests.rsvp", "pk": 112, "fields": {"is_attending": true, "attending": "JA", "primary_name": "Jack and Anita Tubbs", "guest_name": "", "children": null, "advice": null}}, {"model": "guests.rsvp", "pk": 113, "fields": {"is_attending": true, "attending": "JA", "primary_name": "Ron and Lynn Bradshaw", "guest_name": "", "children": 0, "advice": null}}, {"model": "guests.rsvp", "pk": 114, "fields": {"is_attending": true, "attending": "JA", "primary_name": "Leslie Kinchen", "guest_name": "No", "children": 0, "advice": null}}, {"model": "guests.rsvp", "pk": 115, "fields": {"is_attending": true, "attending": "JA", "primary_name": "Charlie Burgess", "guest_name": "Hillary Burgess", "children": 1, "advice": null}}, {"model": "guests.rsvp", "pk": 116, "fields": {"is_attending": true, "attending": "JA", "primary_name": "Sam Thomas", "guest_name": "Amy Ngo", "children": null, "advice": null}}, {"model": "guests.rsvp", "pk": 117, "fields": {"is_attending": true, "attending": "JA", "primary_name": "Brandi Waruch", "guest_name": "Robert Havens", "children": 1, "advice": null}}, {"model": "guests.rsvp", "pk": 118, "fields": {"is_attending": true, "attending": "FF", "primary_name": "Brendan Brunner", "guest_name": "Colean Brunner", "children": 1, "advice": null}}, {"model": "guests.rsvp", "pk": 119, "fields": {"is_attending": true, "attending": "IL", "primary_name": "Jake schwab", "guest_name": "Julie schwab", "children": null, "advice": null}}, {"model": "guests.rsvp", "pk": 120, "fields": {"is_attending": true, "attending": "JA", "primary_name": "Natalie Kleinecke", "guest_name": "Haha, yes, Matt Pantuso.", "children": 0, "advice": null}}, {"model": "guests.rsvp", "pk": 121, "fields": {"is_attending": true, "attending": "TV", "primary_name": "Stephen Fisk", "guest_name": "", "children": 0, "advice": null}}, {"model": "guests.rsvp", "pk": 122, "fields": {"is_attending": true, "attending": "FF", "primary_name": "Matthew Grayson", "guest_name": "", "children": null, "advice": null}}, {"model": "guests.rsvp", "pk": 123, "fields": {"is_attending": false, "attending": "RD", "primary_name": "Jason Talton", "guest_name": "", "children": null, "advice": null}}, {"model": "guests.rsvp", "pk": 124, "fields": {"is_attending": true, "attending": "JA", "primary_name": "John Davis", "guest_name": "Tiffany Davis", "children": 2, "advice": null}}, {"model": "guests.rsvp", "pk": 125, "fields": {"is_attending": true, "attending": "IL", "primary_name": "Neal Davis", "guest_name": "Emily Davis", "children": 0, "advice": null}}, {"model": "guests.rsvp", "pk": 126, "fields": {"is_attending": true, "attending": "JA", "primary_name": "Ike Okoro", "guest_name": "I'm an army of one", "children": 0, "advice": null}}, {"model": "guests.rsvp", "pk": 127, "fields": {"is_attending": true, "attending": "JA", "primary_name": "Daniel Beaty", "guest_name": "Allison Lowe", "children": null, "advice": null}}, {"model": "guests.rsvp", "pk": 128, "fields": {"is_attending": true, "attending": "IL", "primary_name": "Kathy Merani", "guest_name": "Steve Merani", "children": 0, "advice": null}}, {"model": "guests.rsvp", "pk": 129, "fields": {"is_attending": true, "attending": "GK", "primary_name": "Alana Wood", "guest_name": "Not this time", "children": null, "advice": null}}, {"model": "guests.rsvp", "pk": 130, "fields": {"is_attending": true, "attending": "GK", "primary_name": "Petra Estelle Ibarra-Nagel", "guest_name": "Phillip Allen Ericksen", "children": 0, "advice": null}}, {"model": "guests.rsvp", "pk": 131, "fields": {"is_attending": true, "attending": "JA", "primary_name": "Caren & Craig Hollingshead", "guest_name": "If Craig doesn't come, I might!!", "children": null, "advice": null}}, {"model": "guests.rsvp", "pk": 132, "fields": {"is_attending": false, "attending": "RD", "primary_name": "Ryan and Francia Smith", "guest_name": "", "children": null, "advice": null}}, {"model": "guests.rsvp", "pk": 134, "fields": {"is_attending": true, "attending": "JA", "primary_name": "Donald Moore", "guest_name": "Janice Moore", "children": 0, "advice": null}}, {"model": "guests.rsvp", "pk": 135, "fields": {"is_attending": true, "attending": "GK", "primary_name": "Braden Bell", "guest_name": "Camron Barta", "children": null, "advice": null}}, {"model": "guests.rsvp", "pk": 136, "fields": {"is_attending": true, "attending": "IL", "primary_name": "Travon Boykins", "guest_name": "", "children": null, "advice": null}}, {"model": "guests.rsvp", "pk": 137, "fields": {"is_attending": true, "attending": "FF", "primary_name": "Tony Fortner", "guest_name": "Melissa Fortner", "children": null, "advice": null}}, {"model": "guests.rsvp", "pk": 138, "fields": {"is_attending": true, "attending": "JA", "primary_name": "Susan Johnsen and David Young", "guest_name": "No", "children": null, "advice": null}}, {"model": "guests.rsvp", "pk": 139, "fields": {"is_attending": true, "attending": "JA", "primary_name": "Leslie Kinchen", "guest_name": "No", "children": null, "advice": null}}, {"model": "guests.rsvp", "pk": 140, "fields": {"is_attending": false, "attending": "RD", "primary_name": "Kelly and Chad Smith", "guest_name": "", "children": null, "advice": null}}, {"model": "guests.rsvp", "pk": 141, "fields": {"is_attending": true, "attending": "JA", "primary_name": "Ralph and JJ senn", "guest_name": "", "children": null, "advice": null}}, {"model": "guests.rsvp", "pk": 142, "fields": {"is_attending": false, "attending": "RD", "primary_name": "Jean and Randall Jean", "guest_name": "", "children": null, "advice": null}}, {"model": "guests.rsvp", "pk": 143, "fields": {"is_attending": true, "attending": "JA", "primary_name": "Staci Geiger", "guest_name": "Brian Geiger", "children": null, "advice": null}}, {"model": "guests.rsvp", "pk": 144, "fields": {"is_attending": false, "attending": "RD", "primary_name": "Melanie Baughman", "guest_name": "", "children": null, "advice": null}}, {"model": "guests.rsvp", "pk": 145, "fields": {"is_attending": true, "attending": "JA", "primary_name": "Marc Eisenbarth", "guest_name": "Mary Ann Eisenbarth", "children": 2, "advice": null}}, {"model": "guests.rsvp", "pk": 146, "fields": {"is_attending": true, "attending": "JA", "primary_name": "Bill Lunsford", "guest_name": "no", "children": 0, "advice": null}}, {"model": "guests.rsvp", "pk": 147, "fields": {"is_attending": true, "attending": "JA", "primary_name": "Walker Lunsford", "guest_name": "Me, myself, and I.", "children": 0, "advice": null}}, {"model": "guests.rsvp", "pk": 148, "fields": {"is_attending": true, "attending": "JA", "primary_name": "Mike and Jen Smith", "guest_name": "", "children": 1, "advice": null}}, {"model": "guests.rsvp", "pk": 149, "fields": {"is_attending": false, "attending": "RD", "primary_name": "David R. Siller", "guest_name": "", "children": null, "advice": null}}, {"model": "guests.rsvp", "pk": 150, "fields": {"is_attending": false, "attending": "LO", "primary_name": "Scott Beggs and Caitlin Cima", "guest_name": "", "children": null, "advice": null}}, {"model": "guests.rsvp", "pk": 151, "fields": {"is_attending": false, "attending": "RD", "primary_name": "Andy & Mary Stewart", "guest_name": "", "children": null, "advice": null}}, {"model": "guests.rsvp", "pk": 152, "fields": {"is_attending": false, "attending": "RD", "primary_name": "Mary Ann and David Siller", "guest_name": "", "children": null, "advice": null}}, {"model": "guests.rsvp", "pk": 154, "fields": {"is_attending": false, "attending": "RD", "primary_name": "Tristen Coffee", "guest_name": "", "children": null, "advice": null}}, {"model": "guests.rsvp", "pk": 155, "fields": {"is_attending": true, "attending": "GK", "primary_name": "Jeremy Mercer", "guest_name": "Rebecca Mercer", "children": null, "advice": null}}, {"model": "guests.rsvp", "pk": 157, "fields": {"is_attending": true, "attending": "JA", "primary_name": "Chloe Roundtree", "guest_name": "Amy Woods", "children": 0, "advice": null}}, {"model": "guests.rsvp", "pk": 160, "fields": {"is_attending": true, "attending": "TV", "primary_name": "Emily and Gunn", "guest_name": "Husband of Emily", "children": 0, "advice": null}}, {"model": "guests.rsvp", "pk": 161, "fields": {"is_attending": true, "attending": "JA", "primary_name": "Paul Grabow", "guest_name": "Suzan Grabow", "children": 0, "advice": null}}, {"model": "guests.rsvp", "pk": 162, "fields": {"is_attending": true, "attending": "JA", "primary_name": "Jim Chassen", "guest_name": "Nope", "children": null, "advice": null}}, {"model": "guests.rsvp", "pk": 163, "fields": {"is_attending": false, "attending": "RD", "primary_name": "George McCall", "guest_name": "My apologies for not being able to make it last minute, stuck in NY.", "children": null, "advice": null}}, {"model": "guests.rsvp", "pk": 164, "fields": {"is_attending": true, "attending": "JA", "primary_name": "Kwang & Sangwol Lee", "guest_name": "No", "children": null, "advice": null}}, {"model": "guests.rsvp", "pk": 165, "fields": {"is_attending": true, "attending": "FF", "primary_name": "JimmiXzSq", "guest_name": "JimmiXzSq", "children": null, "advice": null}}, {"model": "guests.rsvp", "pk": 166, "fields": {"is_attending": true, "attending": "JA", "primary_name": "Barnypok", "guest_name": "Barnypok", "children": null, "advice": null}}, {"model": "guests.rsvp", "pk": 167, "fields": {"is_attending": true, "attending": "TV", "primary_name": "JimmiNu", "guest_name": "JimmiNu", "children": null, "advice": null}}, {"model": "guests.rsvp", "pk": 168, "fields": {"is_attending": false, "attending": "RD", "primary_name": "JimmiNi", "guest_name": "JimmiNi", "children": null, "advice": null}}, {"model": "guests.rsvp", "pk": 169, "fields": {"is_attending": true, "attending": "GK", "primary_name": "JimmiNi", "guest_name": "JimmiNi", "children": null, "advice": null}}, {"model": "guests.rsvp", "pk": 170, "fields": {"is_attending": true, "attending": "GK", "primary_name": "GoldenTabs", "guest_name": "GoldenTabs", "children": null, "advice": null}}, {"model": "guests.rsvp", "pk": 171, "fields": {"is_attending": false, "attending": "RD", "primary_name": "GoldenTabs", "guest_name": "GoldenTabs", "children": null, "advice": null}}, {"model": "guests.rsvp", "pk": 172, "fields": {"is_attending": true, "attending": "IL", "primary_name": "GoldenTabs", "guest_name": "GoldenTabs", "children": null, "advice": null}}, {"model": "guests.rsvp", "pk": 173, "fields": {"is_attending": true, "attending": "TV", "primary_name": "GoldenTabs", "guest_name": "GoldenTabs", "children": null, "advice": null}}, {"model": "guests.rsvp", "pk": 174, "fields": {"is_attending": true, "attending": "GK", "primary_name": "Barneyxcq", "guest_name": "Barneyxcq", "children": null, "advice": null}}, {"model": "guests.rsvp", "pk": 175, "fields": {"is_attending": true, "attending": "TV", "primary_name": "Judix", "guest_name": "Judix", "children": null, "advice": null}}, {"model": "guests.rsvp", "pk": 176, "fields": {"is_attending": true, "attending": "GK", "primary_name": "oukrkjbi", "guest_name": "oukrkjbi", "children": null, "advice": null}}, {"model": "auth.permission", "pk": 1, "fields": {"name": "Can add permission", "content_type": 1, "codename": "add_permission"}}, {"model": "auth.permission", "pk": 2, "fields": {"name": "Can change permission", "content_type": 1, "codename": "change_permission"}}, {"model": "auth.permission", "pk": 3, "fields": {"name": "Can delete permission", "content_type": 1, "codename": "delete_permission"}}, {"model": "auth.permission", "pk": 4, "fields": {"name": "Can add group", "content_type": 2, "codename": "add_group"}}, {"model": "auth.permission", "pk": 5, "fields": {"name": "Can change group", "content_type": 2, "codename": "change_group"}}, {"model": "auth.permission", "pk": 6, "fields": {"name": "Can delete group", "content_type": 2, "codename": "delete_group"}}, {"model": "auth.permission", "pk": 7, "fields": {"name": "Can add user", "content_type": 3, "codename": "add_user"}}, {"model": "auth.permission", "pk": 8, "fields": {"name": "Can change user", "content_type": 3, "codename": "change_user"}}, {"model": "auth.permission", "pk": 9, "fields": {"name": "Can delete user", "content_type": 3, "codename": "delete_user"}}, {"model": "auth.permission", "pk": 10, "fields": {"name": "Can add content type", "content_type": 4, "codename": "add_contenttype"}}, {"model": "auth.permission", "pk": 11, "fields": {"name": "Can change content type", "content_type": 4, "codename": "change_contenttype"}}, {"model": "auth.permission", "pk": 12, "fields": {"name": "Can delete content type", "content_type": 4, "codename": "delete_contenttype"}}, {"model": "auth.permission", "pk": 13, "fields": {"name": "Can add redirect", "content_type": 5, "codename": "add_redirect"}}, {"model": "auth.permission", "pk": 14, "fields": {"name": "Can change redirect", "content_type": 5, "codename": "change_redirect"}}, {"model": "auth.permission", "pk": 15, "fields": {"name": "Can delete redirect", "content_type": 5, "codename": "delete_redirect"}}, {"model": "auth.permission", "pk": 16, "fields": {"name": "Can add session", "content_type": 6, "codename": "add_session"}}, {"model": "auth.permission", "pk": 17, "fields": {"name": "Can change session", "content_type": 6, "codename": "change_session"}}, {"model": "auth.permission", "pk": 18, "fields": {"name": "Can delete session", "content_type": 6, "codename": "delete_session"}}, {"model": "auth.permission", "pk": 19, "fields": {"name": "Can add site", "content_type": 7, "codename": "add_site"}}, {"model": "auth.permission", "pk": 20, "fields": {"name": "Can change site", "content_type": 7, "codename": "change_site"}}, {"model": "auth.permission", "pk": 21, "fields": {"name": "Can delete site", "content_type": 7, "codename": "delete_site"}}, {"model": "auth.permission", "pk": 22, "fields": {"name": "Can add Setting", "content_type": 8, "codename": "add_setting"}}, {"model": "auth.permission", "pk": 23, "fields": {"name": "Can change Setting", "content_type": 8, "codename": "change_setting"}}, {"model": "auth.permission", "pk": 24, "fields": {"name": "Can delete Setting", "content_type": 8, "codename": "delete_setting"}}, {"model": "auth.permission", "pk": 25, "fields": {"name": "Can add Site permission", "content_type": 9, "codename": "add_sitepermission"}}, {"model": "auth.permission", "pk": 26, "fields": {"name": "Can change Site permission", "content_type": 9, "codename": "change_sitepermission"}}, {"model": "auth.permission", "pk": 27, "fields": {"name": "Can delete Site permission", "content_type": 9, "codename": "delete_sitepermission"}}, {"model": "auth.permission", "pk": 28, "fields": {"name": "Can add Comment", "content_type": 10, "codename": "add_threadedcomment"}}, {"model": "auth.permission", "pk": 29, "fields": {"name": "Can change Comment", "content_type": 10, "codename": "change_threadedcomment"}}, {"model": "auth.permission", "pk": 30, "fields": {"name": "Can delete Comment", "content_type": 10, "codename": "delete_threadedcomment"}}, {"model": "auth.permission", "pk": 31, "fields": {"name": "Can add Keyword", "content_type": 11, "codename": "add_keyword"}}, {"model": "auth.permission", "pk": 32, "fields": {"name": "Can change Keyword", "content_type": 11, "codename": "change_keyword"}}, {"model": "auth.permission", "pk": 33, "fields": {"name": "Can delete Keyword", "content_type": 11, "codename": "delete_keyword"}}, {"model": "auth.permission", "pk": 34, "fields": {"name": "Can add assigned keyword", "content_type": 12, "codename": "add_assignedkeyword"}}, {"model": "auth.permission", "pk": 35, "fields": {"name": "Can change assigned keyword", "content_type": 12, "codename": "change_assignedkeyword"}}, {"model": "auth.permission", "pk": 36, "fields": {"name": "Can delete assigned keyword", "content_type": 12, "codename": "delete_assignedkeyword"}}, {"model": "auth.permission", "pk": 37, "fields": {"name": "Can add Rating", "content_type": 13, "codename": "add_rating"}}, {"model": "auth.permission", "pk": 38, "fields": {"name": "Can change Rating", "content_type": 13, "codename": "change_rating"}}, {"model": "auth.permission", "pk": 39, "fields": {"name": "Can delete Rating", "content_type": 13, "codename": "delete_rating"}}, {"model": "auth.permission", "pk": 40, "fields": {"name": "Can add Page", "content_type": 14, "codename": "add_page"}}, {"model": "auth.permission", "pk": 41, "fields": {"name": "Can change Page", "content_type": 14, "codename": "change_page"}}, {"model": "auth.permission", "pk": 42, "fields": {"name": "Can delete Page", "content_type": 14, "codename": "delete_page"}}, {"model": "auth.permission", "pk": 43, "fields": {"name": "Can add Rich text page", "content_type": 15, "codename": "add_richtextpage"}}, {"model": "auth.permission", "pk": 44, "fields": {"name": "Can change Rich text page", "content_type": 15, "codename": "change_richtextpage"}}, {"model": "auth.permission", "pk": 45, "fields": {"name": "Can delete Rich text page", "content_type": 15, "codename": "delete_richtextpage"}}, {"model": "auth.permission", "pk": 46, "fields": {"name": "Can add Link", "content_type": 16, "codename": "add_link"}}, {"model": "auth.permission", "pk": 47, "fields": {"name": "Can change Link", "content_type": 16, "codename": "change_link"}}, {"model": "auth.permission", "pk": 48, "fields": {"name": "Can delete Link", "content_type": 16, "codename": "delete_link"}}, {"model": "auth.permission", "pk": 49, "fields": {"name": "Can add Blog post", "content_type": 17, "codename": "add_blogpost"}}, {"model": "auth.permission", "pk": 50, "fields": {"name": "Can change Blog post", "content_type": 17, "codename": "change_blogpost"}}, {"model": "auth.permission", "pk": 51, "fields": {"name": "Can delete Blog post", "content_type": 17, "codename": "delete_blogpost"}}, {"model": "auth.permission", "pk": 52, "fields": {"name": "Can add Blog Category", "content_type": 18, "codename": "add_blogcategory"}}, {"model": "auth.permission", "pk": 53, "fields": {"name": "Can change Blog Category", "content_type": 18, "codename": "change_blogcategory"}}, {"model": "auth.permission", "pk": 54, "fields": {"name": "Can delete Blog Category", "content_type": 18, "codename": "delete_blogcategory"}}, {"model": "auth.permission", "pk": 55, "fields": {"name": "Can add Form", "content_type": 19, "codename": "add_form"}}, {"model": "auth.permission", "pk": 56, "fields": {"name": "Can change Form", "content_type": 19, "codename": "change_form"}}, {"model": "auth.permission", "pk": 57, "fields": {"name": "Can delete Form", "content_type": 19, "codename": "delete_form"}}, {"model": "auth.permission", "pk": 58, "fields": {"name": "Can add Field", "content_type": 20, "codename": "add_field"}}, {"model": "auth.permission", "pk": 59, "fields": {"name": "Can change Field", "content_type": 20, "codename": "change_field"}}, {"model": "auth.permission", "pk": 60, "fields": {"name": "Can delete Field", "content_type": 20, "codename": "delete_field"}}, {"model": "auth.permission", "pk": 61, "fields": {"name": "Can add Form entry", "content_type": 21, "codename": "add_formentry"}}, {"model": "auth.permission", "pk": 62, "fields": {"name": "Can change Form entry", "content_type": 21, "codename": "change_formentry"}}, {"model": "auth.permission", "pk": 63, "fields": {"name": "Can delete Form entry", "content_type": 21, "codename": "delete_formentry"}}, {"model": "auth.permission", "pk": 64, "fields": {"name": "Can add Form field entry", "content_type": 22, "codename": "add_fieldentry"}}, {"model": "auth.permission", "pk": 65, "fields": {"name": "Can change Form field entry", "content_type": 22, "codename": "change_fieldentry"}}, {"model": "auth.permission", "pk": 66, "fields": {"name": "Can delete Form field entry", "content_type": 22, "codename": "delete_fieldentry"}}, {"model": "auth.permission", "pk": 67, "fields": {"name": "Can add Gallery", "content_type": 23, "codename": "add_gallery"}}, {"model": "auth.permission", "pk": 68, "fields": {"name": "Can change Gallery", "content_type": 23, "codename": "change_gallery"}}, {"model": "auth.permission", "pk": 69, "fields": {"name": "Can delete Gallery", "content_type": 23, "codename": "delete_gallery"}}, {"model": "auth.permission", "pk": 70, "fields": {"name": "Can add Image", "content_type": 24, "codename": "add_galleryimage"}}, {"model": "auth.permission", "pk": 71, "fields": {"name": "Can change Image", "content_type": 24, "codename": "change_galleryimage"}}, {"model": "auth.permission", "pk": 72, "fields": {"name": "Can delete Image", "content_type": 24, "codename": "delete_galleryimage"}}, {"model": "auth.permission", "pk": 73, "fields": {"name": "Can add Twitter query", "content_type": 25, "codename": "add_query"}}, {"model": "auth.permission", "pk": 74, "fields": {"name": "Can change Twitter query", "content_type": 25, "codename": "change_query"}}, {"model": "auth.permission", "pk": 75, "fields": {"name": "Can delete Twitter query", "content_type": 25, "codename": "delete_query"}}, {"model": "auth.permission", "pk": 76, "fields": {"name": "Can add Tweet", "content_type": 26, "codename": "add_tweet"}}, {"model": "auth.permission", "pk": 77, "fields": {"name": "Can change Tweet", "content_type": 26, "codename": "change_tweet"}}, {"model": "auth.permission", "pk": 78, "fields": {"name": "Can delete Tweet", "content_type": 26, "codename": "delete_tweet"}}, {"model": "auth.permission", "pk": 79, "fields": {"name": "Can add log entry", "content_type": 27, "codename": "add_logentry"}}, {"model": "auth.permission", "pk": 80, "fields": {"name": "Can change log entry", "content_type": 27, "codename": "change_logentry"}}, {"model": "auth.permission", "pk": 81, "fields": {"name": "Can delete log entry", "content_type": 27, "codename": "delete_logentry"}}, {"model": "auth.permission", "pk": 82, "fields": {"name": "Can add comment", "content_type": 28, "codename": "add_comment"}}, {"model": "auth.permission", "pk": 83, "fields": {"name": "Can change comment", "content_type": 28, "codename": "change_comment"}}, {"model": "auth.permission", "pk": 84, "fields": {"name": "Can delete comment", "content_type": 28, "codename": "delete_comment"}}, {"model": "auth.permission", "pk": 85, "fields": {"name": "Can moderate comments", "content_type": 28, "codename": "can_moderate"}}, {"model": "auth.permission", "pk": 86, "fields": {"name": "Can add comment flag", "content_type": 29, "codename": "add_commentflag"}}, {"model": "auth.permission", "pk": 87, "fields": {"name": "Can change comment flag", "content_type": 29, "codename": "change_commentflag"}}, {"model": "auth.permission", "pk": 88, "fields": {"name": "Can delete comment flag", "content_type": 29, "codename": "delete_commentflag"}}, {"model": "auth.permission", "pk": 89, "fields": {"name": "Can add rsvp", "content_type": 30, "codename": "add_rsvp"}}, {"model": "auth.permission", "pk": 90, "fields": {"name": "Can change rsvp", "content_type": 30, "codename": "change_rsvp"}}, {"model": "auth.permission", "pk": 91, "fields": {"name": "Can delete rsvp", "content_type": 30, "codename": "delete_rsvp"}}, {"model": "auth.group", "pk": 1, "fields": {"name": "Basic Usage", "permissions": [79, 80, 81, 58, 59, 60, 64, 65, 66, 55, 56, 57, 61, 62, 63, 67, 68, 69, 70, 71, 72, 89, 90, 91, 46, 47, 48, 40, 41, 42, 43, 44, 45]}}, {"model": "auth.user", "pk": 2, "fields": {"password": "pbkdf2_sha256$24000$Q7BexBCAoFB5$LZzgzfNyM7SUNZis6j5JNcqVLICNRRShChqzCwPlhaM=", "last_login": "2017-03-13T21:57:03.972Z", "is_superuser": false, "username": "geoffrey", "first_name": "Geoffrey", "last_name": "Eisenbarth", "email": "geoffrey.eisenbarth@gmail.com", "is_staff": true, "is_active": true, "date_joined": "2016-11-11T01:46:19Z", "groups": [1], "user_permissions": []}}, {"model": "auth.user", "pk": 3, "fields": {"password": "pbkdf2_sha256$24000$lkdW75wCGTdY$td4kAJgmwpkmLEiQIElEufsftVzDUPoQFU2CXJrbcCY=", "last_login": "2017-01-23T21:10:57.559Z", "is_superuser": false, "username": "kathryn", "first_name": "Kathryn", "last_name": "Allen", "email": "kathrynkatyallen@gmail.com", "is_staff": true, "is_active": true, "date_joined": "2016-11-29T16:31:24Z", "groups": [1], "user_permissions": []}}, {"model": "auth.user", "pk": 4, "fields": {"password": "pbkdf2_sha256$24000$ccokwE3Y55yz$cxuIoYt8IqYTLzm2++NUKZu26gdpGl9iPsjbCpILG+Y=", "last_login": "2017-01-23T18:03:02.099Z", "is_superuser": true, "username": "administrator", "first_name": "", "last_name": "", "email": "", "is_staff": true, "is_active": true, "date_joined": "2016-11-29T16:41:33.213Z", "groups": [], "user_permissions": []}}, {"model": "core.sitepermission", "pk": 1, "fields": {"user": 2, "sites": [4]}}, {"model": "core.sitepermission", "pk": 2, "fields": {"user": 3, "sites": [4]}}, {"model": "admin.logentry", "pk": 1, "fields": {"action_time": "2016-11-16T20:33:46.868Z", "user": 2, "content_type": 16, "object_id": "2", "object_repr": "Our Story", "action_flag": 1, "change_message": "Added."}}, {"model": "admin.logentry", "pk": 2, "fields": {"action_time": "2016-11-16T20:36:30.178Z", "user": 2, "content_type": 16, "object_id": "2", "object_repr": "Our Story", "action_flag": 2, "change_message": "No fields changed."}}, {"model": "admin.logentry", "pk": 3, "fields": {"action_time": "2016-11-16T20:36:38.745Z", "user": 2, "content_type": 16, "object_id": "3", "object_repr": "Our Wedding", "action_flag": 1, "change_message": "Added."}}, {"model": "admin.logentry", "pk": 4, "fields": {"action_time": "2016-11-16T20:36:55.040Z", "user": 2, "content_type": 16, "object_id": "4", "object_repr": "Our Hotel", "action_flag": 1, "change_message": "Added."}}, {"model": "admin.logentry", "pk": 5, "fields": {"action_time": "2016-11-16T20:37:09.124Z", "user": 2, "content_type": 16, "object_id": "5", "object_repr": "Wedding Party", "action_flag": 1, "change_message": "Added."}}, {"model": "admin.logentry", "pk": 6, "fields": {"action_time": "2016-11-16T20:37:21.658Z", "user": 2, "content_type": 16, "object_id": "6", "object_repr": "Waco", "action_flag": 1, "change_message": "Added."}}, {"model": "admin.logentry", "pk": 7, "fields": {"action_time": "2016-11-16T20:37:30.179Z", "user": 2, "content_type": 16, "object_id": "7", "object_repr": "Thanks", "action_flag": 1, "change_message": "Added."}}, {"model": "admin.logentry", "pk": 8, "fields": {"action_time": "2016-11-16T20:37:40.239Z", "user": 2, "content_type": 16, "object_id": "8", "object_repr": "RSVP", "action_flag": 1, "change_message": "Added."}}, {"model": "admin.logentry", "pk": 9, "fields": {"action_time": "2016-11-16T20:51:42.101Z", "user": 2, "content_type": 16, "object_id": "8", "object_repr": "RSVP", "action_flag": 2, "change_message": "Changed slug."}}, {"model": "admin.logentry", "pk": 10, "fields": {"action_time": "2016-11-19T15:21:39.742Z", "user": 2, "content_type": 19, "object_id": "9", "object_repr": "RSVP", "action_flag": 1, "change_message": "Added. Added Field \"Full Name\". Added Field \"Plus One?\". Added Field \"Children\". Added Field \"Can you make it?\"."}}, {"model": "admin.logentry", "pk": 11, "fields": {"action_time": "2016-11-19T15:23:59.565Z", "user": 2, "content_type": 19, "object_id": "9", "object_repr": "RSVP", "action_flag": 2, "change_message": "Changed content and keywords."}}, {"model": "admin.logentry", "pk": 12, "fields": {"action_time": "2016-11-19T15:25:21.785Z", "user": 2, "content_type": 16, "object_id": "10", "object_repr": "Our Wedding", "action_flag": 1, "change_message": "Added."}}, {"model": "admin.logentry", "pk": 13, "fields": {"action_time": "2016-11-19T15:25:37.658Z", "user": 2, "content_type": 16, "object_id": "11", "object_repr": "Our Hotel", "action_flag": 1, "change_message": "Added."}}, {"model": "admin.logentry", "pk": 14, "fields": {"action_time": "2016-11-19T15:25:50.392Z", "user": 2, "content_type": 16, "object_id": "12", "object_repr": "Our Wedding Party", "action_flag": 1, "change_message": "Added."}}, {"model": "admin.logentry", "pk": 15, "fields": {"action_time": "2016-11-19T15:26:30.023Z", "user": 2, "content_type": 16, "object_id": "13", "object_repr": "Our City", "action_flag": 1, "change_message": "Added."}}, {"model": "admin.logentry", "pk": 16, "fields": {"action_time": "2016-11-19T15:26:45.697Z", "user": 2, "content_type": 16, "object_id": "14", "object_repr": "Our Thanks", "action_flag": 1, "change_message": "Added."}}, {"model": "admin.logentry", "pk": 17, "fields": {"action_time": "2016-11-19T15:27:06.515Z", "user": 2, "content_type": 16, "object_id": "15", "object_repr": "RSVP", "action_flag": 1, "change_message": "Added."}}, {"model": "admin.logentry", "pk": 18, "fields": {"action_time": "2016-11-20T21:42:16.506Z", "user": 2, "content_type": 19, "object_id": "9", "object_repr": "RSVP", "action_flag": 2, "change_message": "Changed keywords. Added Field \"Thing\". Changed help_text for Field \"Full Name\". Changed help_text for Field \"Plus One?\". Changed help_text for Field \"Children\". Changed help_text for Field \"Can you make it?\"."}}, {"model": "admin.logentry", "pk": 19, "fields": {"action_time": "2016-11-20T21:47:22.779Z", "user": 2, "content_type": 19, "object_id": "9", "object_repr": "RSVP", "action_flag": 2, "change_message": "Changed keywords. Changed label for Field \"Your name\". Changed label for Field \"Bringing a special friend?\". Changed label and choices for Field \"Bringing your little ones?\". Changed field_type and choices for Field \"Can you make it?\". Deleted Field \"Thing\"."}}, {"model": "admin.logentry", "pk": 20, "fields": {"action_time": "2016-11-20T21:52:39.281Z", "user": 2, "content_type": 19, "object_id": "9", "object_repr": "RSVP", "action_flag": 2, "change_message": "Changed keywords. Changed choices for Field \"Can you make it?\"."}}, {"model": "admin.logentry", "pk": 21, "fields": {"action_time": "2016-11-20T21:53:22.982Z", "user": 2, "content_type": 19, "object_id": "9", "object_repr": "RSVP", "action_flag": 2, "change_message": "Changed keywords. Changed choices for Field \"Can you make it?\"."}}, {"model": "admin.logentry", "pk": 22, "fields": {"action_time": "2016-11-20T21:54:35.933Z", "user": 2, "content_type": 19, "object_id": "9", "object_repr": "RSVP", "action_flag": 2, "change_message": "Changed keywords. Changed choices for Field \"Can you make it?\"."}}, {"model": "admin.logentry", "pk": 23, "fields": {"action_time": "2016-11-20T21:55:49.613Z", "user": 2, "content_type": 19, "object_id": "9", "object_repr": "RSVP", "action_flag": 2, "change_message": "Changed keywords. Changed choices for Field \"Can you make it?\"."}}, {"model": "admin.logentry", "pk": 24, "fields": {"action_time": "2016-11-20T21:56:46.498Z", "user": 2, "content_type": 19, "object_id": "9", "object_repr": "RSVP", "action_flag": 2, "change_message": "Changed keywords. Changed choices for Field \"Can you make it?\"."}}, {"model": "admin.logentry", "pk": 25, "fields": {"action_time": "2016-11-20T21:57:45.136Z", "user": 2, "content_type": 19, "object_id": "9", "object_repr": "RSVP", "action_flag": 2, "change_message": "Changed keywords. Changed choices for Field \"Can you make it?\"."}}, {"model": "admin.logentry", "pk": 26, "fields": {"action_time": "2016-11-20T21:58:14.738Z", "user": 2, "content_type": 19, "object_id": "9", "object_repr": "RSVP", "action_flag": 2, "change_message": "Changed keywords. Changed choices for Field \"Can you make it?\"."}}, {"model": "admin.logentry", "pk": 27, "fields": {"action_time": "2016-11-20T21:59:58.771Z", "user": 2, "content_type": 19, "object_id": "9", "object_repr": "RSVP", "action_flag": 2, "change_message": "Changed keywords. Changed choices for Field \"Can you make it?\"."}}, {"model": "admin.logentry", "pk": 28, "fields": {"action_time": "2016-11-20T22:01:50.722Z", "user": 2, "content_type": 19, "object_id": "9", "object_repr": "RSVP", "action_flag": 2, "change_message": "Changed keywords. Changed choices for Field \"Can you make it?\"."}}, {"model": "admin.logentry", "pk": 29, "fields": {"action_time": "2016-11-20T22:02:50.495Z", "user": 2, "content_type": 19, "object_id": "9", "object_repr": "RSVP", "action_flag": 2, "change_message": "Changed keywords. Changed choices for Field \"Can you make it?\"."}}, {"model": "admin.logentry", "pk": 30, "fields": {"action_time": "2016-11-20T22:04:04.984Z", "user": 2, "content_type": 19, "object_id": "9", "object_repr": "RSVP", "action_flag": 2, "change_message": "Changed keywords. Changed choices for Field \"Can you make it?\"."}}, {"model": "admin.logentry", "pk": 31, "fields": {"action_time": "2016-11-20T22:04:47.158Z", "user": 2, "content_type": 19, "object_id": "9", "object_repr": "RSVP", "action_flag": 2, "change_message": "Changed keywords. Changed choices for Field \"Can you make it?\"."}}, {"model": "admin.logentry", "pk": 32, "fields": {"action_time": "2016-11-20T22:07:06.737Z", "user": 2, "content_type": 19, "object_id": "9", "object_repr": "RSVP", "action_flag": 2, "change_message": "Changed keywords. Changed choices for Field \"Can you make it?\"."}}, {"model": "admin.logentry", "pk": 33, "fields": {"action_time": "2016-11-20T22:07:22.489Z", "user": 2, "content_type": 19, "object_id": "9", "object_repr": "RSVP", "action_flag": 2, "change_message": "Changed keywords. Changed choices for Field \"Can you make it?\"."}}, {"model": "admin.logentry", "pk": 34, "fields": {"action_time": "2016-11-20T22:09:06.081Z", "user": 2, "content_type": 19, "object_id": "9", "object_repr": "RSVP", "action_flag": 2, "change_message": "Changed keywords. Changed choices and default for Field \"Bringing your little ones?\"."}}, {"model": "admin.logentry", "pk": 35, "fields": {"action_time": "2016-11-20T22:12:13.968Z", "user": 2, "content_type": 19, "object_id": "9", "object_repr": "RSVP", "action_flag": 2, "change_message": "Changed keywords. Added Field \"Your name\". Added Field \"Bringing a special friend?\". Added Field \"Bringing your little ones?\". Changed help_text for Field \"Can you make it?\". Deleted Field \"Your name\". Deleted Field \"Bringing a special friend?\". Deleted Field \"Bringing your little ones?\"."}}, {"model": "admin.logentry", "pk": 36, "fields": {"action_time": "2016-11-20T22:13:17.960Z", "user": 2, "content_type": 19, "object_id": "9", "object_repr": "RSVP", "action_flag": 2, "change_message": "Changed keywords. Changed _order for Field \"Can you make it?\". Changed _order for Field \"Your name\". Changed required and _order for Field \"Bringing a special friend?\". Changed required, help_text and _order for Field \"Bringing your little ones?\"."}}, {"model": "admin.logentry", "pk": 37, "fields": {"action_time": "2016-11-20T22:14:36.918Z", "user": 2, "content_type": 19, "object_id": "9", "object_repr": "RSVP", "action_flag": 2, "change_message": "Changed keywords. Added Field \"Care to give us encouragement or advice?\"."}}, {"model": "admin.logentry", "pk": 38, "fields": {"action_time": "2016-11-20T22:15:20.584Z", "user": 2, "content_type": 19, "object_id": "9", "object_repr": "RSVP", "action_flag": 2, "change_message": "Changed keywords. Changed required and help_text for Field \"Care to give us encouragement or advice?\"."}}, {"model": "admin.logentry", "pk": 39, "fields": {"action_time": "2016-11-20T22:16:46.604Z", "user": 2, "content_type": 19, "object_id": "9", "object_repr": "RSVP", "action_flag": 2, "change_message": "Changed keywords. Changed help_text for Field \"Care to give us encouragement or advice?\"."}}, {"model": "admin.logentry", "pk": 40, "fields": {"action_time": "2016-11-20T22:17:59.524Z", "user": 2, "content_type": 19, "object_id": "9", "object_repr": "RSVP", "action_flag": 2, "change_message": "Changed email_subject, email_message and keywords."}}, {"model": "admin.logentry", "pk": 41, "fields": {"action_time": "2016-11-20T22:18:43.862Z", "user": 2, "content_type": 19, "object_id": "9", "object_repr": "RSVP", "action_flag": 2, "change_message": "Changed response and keywords."}}, {"model": "admin.logentry", "pk": 42, "fields": {"action_time": "2016-11-20T22:39:04.632Z", "user": 2, "content_type": 19, "object_id": "9", "object_repr": "RSVP", "action_flag": 2, "change_message": "Changed button_text, response and keywords."}}, {"model": "admin.logentry", "pk": 43, "fields": {"action_time": "2016-11-20T22:42:32.694Z", "user": 2, "content_type": 19, "object_id": "9", "object_repr": "RSVP", "action_flag": 2, "change_message": "Changed response and keywords."}}, {"model": "admin.logentry", "pk": 44, "fields": {"action_time": "2016-11-20T22:49:30.818Z", "user": 2, "content_type": 19, "object_id": "9", "object_repr": "RSVP", "action_flag": 2, "change_message": "Changed response and keywords."}}, {"model": "admin.logentry", "pk": 45, "fields": {"action_time": "2016-11-20T22:51:42.789Z", "user": 2, "content_type": 16, "object_id": "10", "object_repr": "Our Wedding", "action_flag": 2, "change_message": "Changed in_menus."}}, {"model": "admin.logentry", "pk": 46, "fields": {"action_time": "2016-11-20T22:51:45.669Z", "user": 2, "content_type": 16, "object_id": "11", "object_repr": "Our Hotel", "action_flag": 2, "change_message": "Changed in_menus."}}, {"model": "admin.logentry", "pk": 47, "fields": {"action_time": "2016-11-20T22:51:49.583Z", "user": 2, "content_type": 16, "object_id": "12", "object_repr": "Our Wedding Party", "action_flag": 2, "change_message": "Changed in_menus."}}, {"model": "admin.logentry", "pk": 48, "fields": {"action_time": "2016-11-20T22:51:52.739Z", "user": 2, "content_type": 16, "object_id": "13", "object_repr": "Our City", "action_flag": 2, "change_message": "Changed in_menus."}}, {"model": "admin.logentry", "pk": 49, "fields": {"action_time": "2016-11-20T22:51:56.222Z", "user": 2, "content_type": 16, "object_id": "14", "object_repr": "Our Thanks", "action_flag": 2, "change_message": "Changed in_menus."}}, {"model": "admin.logentry", "pk": 50, "fields": {"action_time": "2016-11-20T22:51:59.860Z", "user": 2, "content_type": 16, "object_id": "15", "object_repr": "RSVP", "action_flag": 2, "change_message": "Changed in_menus."}}, {"model": "admin.logentry", "pk": 51, "fields": {"action_time": "2016-11-20T22:59:53.673Z", "user": 2, "content_type": 19, "object_id": "9", "object_repr": "RSVP", "action_flag": 2, "change_message": "Changed content, response and keywords."}}, {"model": "admin.logentry", "pk": 52, "fields": {"action_time": "2016-11-20T23:09:01.262Z", "user": 2, "content_type": 19, "object_id": "9", "object_repr": "RSVP", "action_flag": 2, "change_message": "Changed content, response and keywords. Changed help_text for Field \"Can you make it?\"."}}, {"model": "admin.logentry", "pk": 53, "fields": {"action_time": "2016-11-20T23:11:44.453Z", "user": 2, "content_type": 19, "object_id": "9", "object_repr": "RSVP", "action_flag": 2, "change_message": "Changed content, response and keywords."}}, {"model": "admin.logentry", "pk": 54, "fields": {"action_time": "2016-11-20T23:12:53.225Z", "user": 2, "content_type": 19, "object_id": "9", "object_repr": "RSVP", "action_flag": 2, "change_message": "Changed content, response and keywords. Changed help_text for Field \"Can you make it?\". Changed help_text for Field \"Your name\"."}}, {"model": "admin.logentry", "pk": 55, "fields": {"action_time": "2016-11-20T23:16:36.570Z", "user": 2, "content_type": 19, "object_id": "9", "object_repr": "RSVP", "action_flag": 2, "change_message": "Changed content, response and keywords."}}, {"model": "admin.logentry", "pk": 56, "fields": {"action_time": "2016-11-24T23:49:34.560Z", "user": 2, "content_type": 16, "object_id": "15", "object_repr": "RSVP", "action_flag": 3, "change_message": ""}}, {"model": "admin.logentry", "pk": 57, "fields": {"action_time": "2016-11-24T23:50:25.533Z", "user": 2, "content_type": 19, "object_id": "9", "object_repr": "Home", "action_flag": 2, "change_message": "Changed title, content, response, slug and keywords."}}, {"model": "admin.logentry", "pk": 58, "fields": {"action_time": "2016-11-25T00:15:04.617Z", "user": 2, "content_type": 19, "object_id": "9", "object_repr": "Home", "action_flag": 2, "change_message": "Changed content, response, _meta_title and keywords."}}, {"model": "admin.logentry", "pk": 59, "fields": {"action_time": "2016-11-25T04:32:25.932Z", "user": 2, "content_type": 19, "object_id": "9", "object_repr": "Home", "action_flag": 2, "change_message": "Changed content, response and keywords."}}, {"model": "admin.logentry", "pk": 60, "fields": {"action_time": "2016-11-25T16:25:15.317Z", "user": 2, "content_type": 19, "object_id": "9", "object_repr": "Home", "action_flag": 2, "change_message": "Changed content, response and keywords."}}, {"model": "admin.logentry", "pk": 61, "fields": {"action_time": "2016-11-25T16:30:22.035Z", "user": 2, "content_type": 19, "object_id": "9", "object_repr": "Home", "action_flag": 2, "change_message": "Changed content, response, in_menus and keywords."}}, {"model": "admin.logentry", "pk": 62, "fields": {"action_time": "2016-11-27T22:25:09.525Z", "user": 2, "content_type": 19, "object_id": "9", "object_repr": "Home", "action_flag": 2, "change_message": "Changed content, response, in_menus and keywords."}}, {"model": "admin.logentry", "pk": 63, "fields": {"action_time": "2016-11-28T18:07:43.069Z", "user": 2, "content_type": 19, "object_id": "9", "object_repr": "Home", "action_flag": 2, "change_message": "Changed content, response, in_menus, email_from and keywords."}}, {"model": "admin.logentry", "pk": 64, "fields": {"action_time": "2016-11-29T02:37:03.492Z", "user": 2, "content_type": 19, "object_id": "9", "object_repr": "Home", "action_flag": 2, "change_message": "Changed content, response, in_menus, email_copies and keywords."}}, {"model": "admin.logentry", "pk": 65, "fields": {"action_time": "2016-11-29T03:01:57.196Z", "user": 2, "content_type": 30, "object_id": "1", "object_repr": "RSVP object", "action_flag": 1, "change_message": "Added."}}, {"model": "admin.logentry", "pk": 66, "fields": {"action_time": "2016-11-29T03:15:28.622Z", "user": 2, "content_type": 30, "object_id": "2", "object_repr": "Kathry", "action_flag": 1, "change_message": "Added."}}, {"model": "admin.logentry", "pk": 67, "fields": {"action_time": "2016-11-29T03:15:39.502Z", "user": 2, "content_type": 30, "object_id": "2", "object_repr": "Kathry", "action_flag": 2, "change_message": "Changed children and advice."}}, {"model": "admin.logentry", "pk": 68, "fields": {"action_time": "2016-11-29T03:16:42.518Z", "user": 2, "content_type": 30, "object_id": "2", "object_repr": "Kathryn Allen", "action_flag": 2, "change_message": "Changed guest_name."}}, {"model": "admin.logentry", "pk": 69, "fields": {"action_time": "2016-11-29T03:17:09.628Z", "user": 2, "content_type": 30, "object_id": "3", "object_repr": "David Fultz", "action_flag": 1, "change_message": "Added."}}, {"model": "admin.logentry", "pk": 70, "fields": {"action_time": "2016-11-29T03:17:29.871Z", "user": 2, "content_type": 30, "object_id": "4", "object_repr": "Ted Moorman", "action_flag": 1, "change_message": "Added."}}, {"model": "admin.logentry", "pk": 71, "fields": {"action_time": "2016-11-29T03:17:50.121Z", "user": 2, "content_type": 30, "object_id": "5", "object_repr": "Nope", "action_flag": 1, "change_message": "Added."}}, {"model": "admin.logentry", "pk": 72, "fields": {"action_time": "2016-11-29T14:33:33.803Z", "user": 2, "content_type": 30, "object_id": "4", "object_repr": "Ted Moorman", "action_flag": 2, "change_message": "Changed is_attending."}}, {"model": "admin.logentry", "pk": 73, "fields": {"action_time": "2016-11-29T14:33:38.573Z", "user": 2, "content_type": 30, "object_id": "5", "object_repr": "Nope", "action_flag": 2, "change_message": "Changed is_attending."}}, {"model": "admin.logentry", "pk": 74, "fields": {"action_time": "2016-11-29T14:54:49.736Z", "user": 2, "content_type": 30, "object_id": "8", "object_repr": "NAH", "action_flag": 3, "change_message": ""}}, {"model": "admin.logentry", "pk": 75, "fields": {"action_time": "2016-11-29T14:54:49.742Z", "user": 2, "content_type": 30, "object_id": "7", "object_repr": "NAH", "action_flag": 3, "change_message": ""}}, {"model": "admin.logentry", "pk": 76, "fields": {"action_time": "2016-11-29T14:54:49.745Z", "user": 2, "content_type": 30, "object_id": "6", "object_repr": "NAH", "action_flag": 3, "change_message": ""}}, {"model": "admin.logentry", "pk": 77, "fields": {"action_time": "2016-11-29T14:54:49.749Z", "user": 2, "content_type": 30, "object_id": "5", "object_repr": "Nope", "action_flag": 3, "change_message": ""}}, {"model": "admin.logentry", "pk": 78, "fields": {"action_time": "2016-11-29T14:54:49.752Z", "user": 2, "content_type": 30, "object_id": "4", "object_repr": "Ted Moorman", "action_flag": 3, "change_message": ""}}, {"model": "admin.logentry", "pk": 79, "fields": {"action_time": "2016-11-29T14:54:49.755Z", "user": 2, "content_type": 30, "object_id": "3", "object_repr": "David Fultz", "action_flag": 3, "change_message": ""}}, {"model": "admin.logentry", "pk": 80, "fields": {"action_time": "2016-11-29T14:54:49.765Z", "user": 2, "content_type": 30, "object_id": "2", "object_repr": "Kathryn Allen", "action_flag": 3, "change_message": ""}}, {"model": "admin.logentry", "pk": 81, "fields": {"action_time": "2016-11-29T15:01:48.030Z", "user": 2, "content_type": 30, "object_id": "11", "object_repr": "2", "action_flag": 3, "change_message": ""}}, {"model": "admin.logentry", "pk": 82, "fields": {"action_time": "2016-11-29T15:01:48.036Z", "user": 2, "content_type": 30, "object_id": "10", "object_repr": "2", "action_flag": 3, "change_message": ""}}, {"model": "admin.logentry", "pk": 83, "fields": {"action_time": "2016-11-29T15:01:48.039Z", "user": 2, "content_type": 30, "object_id": "9", "object_repr": "NAH", "action_flag": 3, "change_message": ""}}, {"model": "admin.logentry", "pk": 84, "fields": {"action_time": "2016-11-29T15:03:10.539Z", "user": 2, "content_type": 30, "object_id": "12", "object_repr": "2", "action_flag": 3, "change_message": ""}}, {"model": "admin.logentry", "pk": 85, "fields": {"action_time": "2016-11-29T15:11:25.793Z", "user": 2, "content_type": 30, "object_id": "15", "object_repr": "8", "action_flag": 3, "change_message": ""}}, {"model": "admin.logentry", "pk": 86, "fields": {"action_time": "2016-11-29T15:11:25.804Z", "user": 2, "content_type": 30, "object_id": "14", "object_repr": "8", "action_flag": 3, "change_message": ""}}, {"model": "admin.logentry", "pk": 87, "fields": {"action_time": "2016-11-29T15:11:25.810Z", "user": 2, "content_type": 30, "object_id": "13", "object_repr": "8", "action_flag": 3, "change_message": ""}}, {"model": "admin.logentry", "pk": 88, "fields": {"action_time": "2016-11-29T15:15:41.401Z", "user": 2, "content_type": 30, "object_id": "16", "object_repr": "Kathryn Allen", "action_flag": 1, "change_message": "Added."}}, {"model": "admin.logentry", "pk": 89, "fields": {"action_time": "2016-11-29T15:56:41.126Z", "user": 2, "content_type": 30, "object_id": "23", "object_repr": "", "action_flag": 3, "change_message": ""}}, {"model": "admin.logentry", "pk": 90, "fields": {"action_time": "2016-11-29T15:56:41.132Z", "user": 2, "content_type": 30, "object_id": "22", "object_repr": "", "action_flag": 3, "change_message": ""}}, {"model": "admin.logentry", "pk": 91, "fields": {"action_time": "2016-11-29T15:56:41.135Z", "user": 2, "content_type": 30, "object_id": "21", "object_repr": "", "action_flag": 3, "change_message": ""}}, {"model": "admin.logentry", "pk": 92, "fields": {"action_time": "2016-11-29T15:56:41.139Z", "user": 2, "content_type": 30, "object_id": "20", "object_repr": "", "action_flag": 3, "change_message": ""}}, {"model": "admin.logentry", "pk": 93, "fields": {"action_time": "2016-11-29T15:56:41.143Z", "user": 2, "content_type": 30, "object_id": "19", "object_repr": "", "action_flag": 3, "change_message": ""}}, {"model": "admin.logentry", "pk": 94, "fields": {"action_time": "2016-11-29T15:56:41.146Z", "user": 2, "content_type": 30, "object_id": "18", "object_repr": "3", "action_flag": 3, "change_message": ""}}, {"model": "admin.logentry", "pk": 95, "fields": {"action_time": "2016-11-29T15:56:41.149Z", "user": 2, "content_type": 30, "object_id": "17", "object_repr": "Sagat", "action_flag": 3, "change_message": ""}}, {"model": "admin.logentry", "pk": 96, "fields": {"action_time": "2016-11-29T15:56:41.152Z", "user": 2, "content_type": 30, "object_id": "16", "object_repr": "Kathryn Allen", "action_flag": 3, "change_message": ""}}, {"model": "admin.logentry", "pk": 97, "fields": {"action_time": "2016-11-29T16:25:13.364Z", "user": 2, "content_type": 15, "object_id": "16", "object_repr": "Thanks", "action_flag": 1, "change_message": "Added."}}, {"model": "admin.logentry", "pk": 98, "fields": {"action_time": "2016-11-29T16:25:24.186Z", "user": 2, "content_type": 15, "object_id": "16", "object_repr": "Thanks", "action_flag": 2, "change_message": "Changed content, in_menus, keywords and in_sitemap."}}, {"model": "admin.logentry", "pk": 99, "fields": {"action_time": "2016-11-29T16:26:54.864Z", "user": 2, "content_type": 30, "object_id": "27", "object_repr": "", "action_flag": 3, "change_message": ""}}, {"model": "admin.logentry", "pk": 100, "fields": {"action_time": "2016-11-29T16:26:54.870Z", "user": 2, "content_type": 30, "object_id": "26", "object_repr": "", "action_flag": 3, "change_message": ""}}, {"model": "admin.logentry", "pk": 101, "fields": {"action_time": "2016-11-29T16:26:54.873Z", "user": 2, "content_type": 30, "object_id": "25", "object_repr": "", "action_flag": 3, "change_message": ""}}, {"model": "admin.logentry", "pk": 102, "fields": {"action_time": "2016-11-29T16:26:54.876Z", "user": 2, "content_type": 30, "object_id": "24", "object_repr": "", "action_flag": 3, "change_message": ""}}, {"model": "admin.logentry", "pk": 103, "fields": {"action_time": "2016-11-29T16:30:31.952Z", "user": 2, "content_type": 7, "object_id": "3", "object_repr": "everaftereisenbarth.com", "action_flag": 3, "change_message": ""}}, {"model": "admin.logentry", "pk": 104, "fields": {"action_time": "2016-11-29T16:30:31.957Z", "user": 2, "content_type": 7, "object_id": "1", "object_repr": "geoffandkaty.com", "action_flag": 3, "change_message": ""}}, {"model": "admin.logentry", "pk": 105, "fields": {"action_time": "2016-11-29T16:30:31.960Z", "user": 2, "content_type": 7, "object_id": "2", "object_repr": "www.geoffandkaty.com", "action_flag": 3, "change_message": ""}}, {"model": "admin.logentry", "pk": 106, "fields": {"action_time": "2016-11-29T16:31:24.615Z", "user": 2, "content_type": 3, "object_id": "3", "object_repr": "kathryn", "action_flag": 1, "change_message": "Added."}}, {"model": "admin.logentry", "pk": 107, "fields": {"action_time": "2016-11-29T16:34:32.145Z", "user": 2, "content_type": 2, "object_id": "1", "object_repr": "Basic Usage", "action_flag": 1, "change_message": "Added."}}, {"model": "admin.logentry", "pk": 108, "fields": {"action_time": "2016-11-29T16:34:40.571Z", "user": 2, "content_type": 3, "object_id": "2", "object_repr": "geoffrey", "action_flag": 2, "change_message": "Changed is_superuser and groups. Added Site permission \"SitePermission object\"."}}, {"model": "admin.logentry", "pk": 109, "fields": {"action_time": "2016-11-29T16:42:16.416Z", "user": 4, "content_type": 3, "object_id": "1", "object_repr": "admin", "action_flag": 3, "change_message": ""}}, {"model": "admin.logentry", "pk": 110, "fields": {"action_time": "2016-11-29T16:42:27.246Z", "user": 4, "content_type": 3, "object_id": "3", "object_repr": "kathryn", "action_flag": 2, "change_message": "Changed is_staff and groups."}}, {"model": "admin.logentry", "pk": 111, "fields": {"action_time": "2016-11-29T16:44:05.899Z", "user": 4, "content_type": 3, "object_id": "3", "object_repr": "kathryn", "action_flag": 2, "change_message": "Added Site permission \"SitePermission object\"."}}, {"model": "admin.logentry", "pk": 112, "fields": {"action_time": "2016-11-29T16:44:23.937Z", "user": 4, "content_type": 3, "object_id": "3", "object_repr": "kathryn", "action_flag": 2, "change_message": "Changed first_name, last_name and email."}}, {"model": "admin.logentry", "pk": 113, "fields": {"action_time": "2016-11-29T16:44:34.704Z", "user": 4, "content_type": 3, "object_id": "2", "object_repr": "geoffrey", "action_flag": 2, "change_message": "Changed first_name and last_name."}}, {"model": "admin.logentry", "pk": 114, "fields": {"action_time": "2016-11-29T16:45:06.944Z", "user": 3, "content_type": 30, "object_id": "28", "object_repr": "Kathryn Allen", "action_flag": 3, "change_message": ""}}, {"model": "admin.logentry", "pk": 115, "fields": {"action_time": "2016-11-29T16:52:01.085Z", "user": 3, "content_type": 30, "object_id": "29", "object_repr": "", "action_flag": 3, "change_message": ""}}, {"model": "admin.logentry", "pk": 116, "fields": {"action_time": "2016-11-30T21:28:39.896Z", "user": 2, "content_type": 30, "object_id": "30", "object_repr": "", "action_flag": 3, "change_message": ""}}, {"model": "admin.logentry", "pk": 117, "fields": {"action_time": "2016-12-04T23:16:29.605Z", "user": 2, "content_type": 30, "object_id": "31", "object_repr": "Ted Mooreman", "action_flag": 2, "change_message": "Changed attending, guest_name and children."}}, {"model": "admin.logentry", "pk": 118, "fields": {"action_time": "2016-12-04T23:16:37.512Z", "user": 2, "content_type": 30, "object_id": "31", "object_repr": "Ted Moorman", "action_flag": 2, "change_message": "Changed guest_name."}}, {"model": "admin.logentry", "pk": 119, "fields": {"action_time": "2016-12-04T23:16:51.093Z", "user": 2, "content_type": 30, "object_id": "31", "object_repr": "Ted Moorman", "action_flag": 2, "change_message": "No fields changed."}}, {"model": "admin.logentry", "pk": 120, "fields": {"action_time": "2016-12-04T23:18:14.893Z", "user": 2, "content_type": 30, "object_id": "31", "object_repr": "Ted Moorman", "action_flag": 2, "change_message": "No fields changed."}}, {"model": "admin.logentry", "pk": 121, "fields": {"action_time": "2016-12-04T23:21:21.298Z", "user": 2, "content_type": 30, "object_id": "31", "object_repr": "Ted Moorman", "action_flag": 2, "change_message": "Changed is_attending."}}, {"model": "admin.logentry", "pk": 122, "fields": {"action_time": "2016-12-05T01:34:45.233Z", "user": 3, "content_type": 30, "object_id": "31", "object_repr": "Ted Moorman", "action_flag": 2, "change_message": "No fields changed."}}, {"model": "admin.logentry", "pk": 123, "fields": {"action_time": "2016-12-07T20:46:48.726Z", "user": 3, "content_type": 30, "object_id": "32", "object_repr": "No", "action_flag": 3, "change_message": ""}}, {"model": "admin.logentry", "pk": 124, "fields": {"action_time": "2016-12-27T16:07:20.555Z", "user": 2, "content_type": 30, "object_id": "34", "object_repr": "Ka", "action_flag": 3, "change_message": ""}}, {"model": "admin.logentry", "pk": 125, "fields": {"action_time": "2016-12-27T16:07:20.560Z", "user": 2, "content_type": 30, "object_id": "33", "object_repr": "Kathryn Allen", "action_flag": 3, "change_message": ""}}, {"model": "admin.logentry", "pk": 126, "fields": {"action_time": "2016-12-29T20:59:13.886Z", "user": 2, "content_type": 30, "object_id": "35", "object_repr": "", "action_flag": 3, "change_message": ""}}, {"model": "admin.logentry", "pk": 127, "fields": {"action_time": "2017-01-23T01:35:31.256Z", "user": 2, "content_type": 30, "object_id": "40", "object_repr": "Kinsey Verett", "action_flag": 2, "change_message": "Changed children."}}, {"model": "admin.logentry", "pk": 128, "fields": {"action_time": "2017-01-23T20:09:25.773Z", "user": 2, "content_type": 16, "object_id": "10", "object_repr": "Our Story", "action_flag": 2, "change_message": "Changed title, slug and in_menus."}}, {"model": "admin.logentry", "pk": 129, "fields": {"action_time": "2017-01-23T20:09:36.165Z", "user": 2, "content_type": 14, "object_id": "11", "object_repr": "Our Hotel", "action_flag": 3, "change_message": ""}}, {"model": "admin.logentry", "pk": 130, "fields": {"action_time": "2017-01-23T20:09:57.645Z", "user": 2, "content_type": 16, "object_id": "12", "object_repr": "Our Wedding Party", "action_flag": 2, "change_message": "Changed slug and in_menus."}}, {"model": "admin.logentry", "pk": 131, "fields": {"action_time": "2017-01-23T20:10:15.928Z", "user": 2, "content_type": 14, "object_id": "16", "object_repr": "Thanks", "action_flag": 3, "change_message": ""}}, {"model": "admin.logentry", "pk": 132, "fields": {"action_time": "2017-01-23T20:17:47.072Z", "user": 2, "content_type": 15, "object_id": "17", "object_repr": "Thank you!", "action_flag": 1, "change_message": "Added."}}, {"model": "admin.logentry", "pk": 133, "fields": {"action_time": "2017-01-23T20:18:05.583Z", "user": 2, "content_type": 15, "object_id": "17", "object_repr": "Thank you!", "action_flag": 2, "change_message": "Changed content, in_menus, slug, description and keywords."}}, {"model": "admin.logentry", "pk": 134, "fields": {"action_time": "2017-01-23T20:21:31.769Z", "user": 2, "content_type": 15, "object_id": "17", "object_repr": "Thank you!", "action_flag": 2, "change_message": "Changed content, in_menus, description and keywords."}}, {"model": "admin.logentry", "pk": 135, "fields": {"action_time": "2017-01-23T20:21:50.165Z", "user": 2, "content_type": 15, "object_id": "17", "object_repr": "Thank you!", "action_flag": 2, "change_message": "Changed content, in_menus, description and keywords."}}, {"model": "admin.logentry", "pk": 136, "fields": {"action_time": "2017-01-23T20:23:51.052Z", "user": 2, "content_type": 15, "object_id": "17", "object_repr": "Thank you!", "action_flag": 2, "change_message": "Changed content, in_menus, description and keywords."}}, {"model": "admin.logentry", "pk": 137, "fields": {"action_time": "2017-01-23T20:28:00.054Z", "user": 2, "content_type": 15, "object_id": "17", "object_repr": "Thank you!", "action_flag": 2, "change_message": "Changed content, in_menus, description and keywords."}}, {"model": "admin.logentry", "pk": 138, "fields": {"action_time": "2017-01-23T20:31:36.075Z", "user": 2, "content_type": 15, "object_id": "17", "object_repr": "Thank you!", "action_flag": 2, "change_message": "Changed content, in_menus, description and keywords."}}, {"model": "admin.logentry", "pk": 139, "fields": {"action_time": "2017-01-23T20:32:49.764Z", "user": 2, "content_type": 15, "object_id": "17", "object_repr": "Thank you!", "action_flag": 2, "change_message": "Changed content, in_menus, description and keywords."}}, {"model": "admin.logentry", "pk": 140, "fields": {"action_time": "2017-01-23T20:34:31.744Z", "user": 2, "content_type": 15, "object_id": "17", "object_repr": "Thank you!", "action_flag": 2, "change_message": "Changed content, in_menus, description and keywords."}}, {"model": "admin.logentry", "pk": 141, "fields": {"action_time": "2017-01-23T20:35:04.261Z", "user": 2, "content_type": 15, "object_id": "17", "object_repr": "Thank you!", "action_flag": 2, "change_message": "Changed content, in_menus, description and keywords."}}, {"model": "admin.logentry", "pk": 142, "fields": {"action_time": "2017-01-23T20:35:26.987Z", "user": 2, "content_type": 15, "object_id": "17", "object_repr": "Thank you!", "action_flag": 2, "change_message": "Changed content, in_menus, description and keywords."}}, {"model": "admin.logentry", "pk": 143, "fields": {"action_time": "2017-01-23T20:41:10.614Z", "user": 2, "content_type": 15, "object_id": "17", "object_repr": "Thank you!", "action_flag": 2, "change_message": "Changed content, in_menus, description and keywords."}}, {"model": "admin.logentry", "pk": 144, "fields": {"action_time": "2017-01-23T20:41:35.276Z", "user": 2, "content_type": 15, "object_id": "17", "object_repr": "Thank you!", "action_flag": 2, "change_message": "Changed content, in_menus, description and keywords."}}, {"model": "admin.logentry", "pk": 145, "fields": {"action_time": "2017-01-23T20:43:36.823Z", "user": 2, "content_type": 15, "object_id": "17", "object_repr": "Thank you!", "action_flag": 2, "change_message": "Changed content, in_menus, description and keywords."}}, {"model": "admin.logentry", "pk": 146, "fields": {"action_time": "2017-01-23T20:44:18.443Z", "user": 2, "content_type": 15, "object_id": "17", "object_repr": "Thank you!", "action_flag": 2, "change_message": "Changed content, in_menus, description and keywords."}}, {"model": "admin.logentry", "pk": 147, "fields": {"action_time": "2017-01-23T20:44:36.696Z", "user": 2, "content_type": 15, "object_id": "17", "object_repr": "Thank you!", "action_flag": 2, "change_message": "Changed content, in_menus, description and keywords."}}, {"model": "admin.logentry", "pk": 148, "fields": {"action_time": "2017-01-23T20:44:45.895Z", "user": 2, "content_type": 15, "object_id": "17", "object_repr": "Thank you!", "action_flag": 2, "change_message": "Changed content, in_menus, description and keywords."}}, {"model": "admin.logentry", "pk": 149, "fields": {"action_time": "2017-01-23T20:46:29.640Z", "user": 2, "content_type": 15, "object_id": "17", "object_repr": "Thank you!", "action_flag": 2, "change_message": "Changed content, in_menus, description and keywords."}}, {"model": "admin.logentry", "pk": 150, "fields": {"action_time": "2017-01-23T20:46:59.596Z", "user": 2, "content_type": 15, "object_id": "17", "object_repr": "Thank you!", "action_flag": 2, "change_message": "Changed content, in_menus, description and keywords."}}, {"model": "admin.logentry", "pk": 151, "fields": {"action_time": "2017-01-23T20:49:32.147Z", "user": 2, "content_type": 16, "object_id": "14", "object_repr": "Our Ceremony", "action_flag": 2, "change_message": "Changed title, slug and in_menus."}}, {"model": "admin.logentry", "pk": 152, "fields": {"action_time": "2017-01-23T20:49:58.481Z", "user": 2, "content_type": 16, "object_id": "13", "object_repr": "Our Town", "action_flag": 2, "change_message": "Changed title, slug and in_menus."}}, {"model": "admin.logentry", "pk": 153, "fields": {"action_time": "2017-01-23T20:50:14.289Z", "user": 2, "content_type": 16, "object_id": "10", "object_repr": "Our Story", "action_flag": 2, "change_message": "Changed in_menus."}}, {"model": "admin.logentry", "pk": 154, "fields": {"action_time": "2017-01-23T20:50:18.040Z", "user": 2, "content_type": 16, "object_id": "12", "object_repr": "Our Wedding Party", "action_flag": 2, "change_message": "Changed in_menus."}}, {"model": "admin.logentry", "pk": 155, "fields": {"action_time": "2017-01-23T20:50:22.043Z", "user": 2, "content_type": 16, "object_id": "14", "object_repr": "Our Ceremony", "action_flag": 2, "change_message": "Changed in_menus."}}, {"model": "admin.logentry", "pk": 156, "fields": {"action_time": "2017-01-23T20:50:25.407Z", "user": 2, "content_type": 16, "object_id": "13", "object_repr": "Our Town", "action_flag": 2, "change_message": "Changed in_menus."}}, {"model": "admin.logentry", "pk": 157, "fields": {"action_time": "2017-01-23T20:51:19.314Z", "user": 2, "content_type": 16, "object_id": "10", "object_repr": "Our Story", "action_flag": 2, "change_message": "Changed in_menus."}}, {"model": "admin.logentry", "pk": 158, "fields": {"action_time": "2017-01-23T20:51:21.900Z", "user": 2, "content_type": 16, "object_id": "12", "object_repr": "Our Wedding Party", "action_flag": 2, "change_message": "Changed in_menus."}}, {"model": "admin.logentry", "pk": 159, "fields": {"action_time": "2017-01-23T20:51:24.250Z", "user": 2, "content_type": 16, "object_id": "14", "object_repr": "Our Ceremony", "action_flag": 2, "change_message": "Changed in_menus."}}, {"model": "admin.logentry", "pk": 160, "fields": {"action_time": "2017-01-23T20:51:26.596Z", "user": 2, "content_type": 16, "object_id": "13", "object_repr": "Our Town", "action_flag": 2, "change_message": "Changed in_menus."}}, {"model": "admin.logentry", "pk": 161, "fields": {"action_time": "2017-01-23T21:48:20.720Z", "user": 2, "content_type": 30, "object_id": "43", "object_repr": "f", "action_flag": 3, "change_message": ""}}, {"model": "admin.logentry", "pk": 162, "fields": {"action_time": "2017-01-23T21:48:20.727Z", "user": 2, "content_type": 30, "object_id": "42", "object_repr": "f", "action_flag": 3, "change_message": ""}}, {"model": "admin.logentry", "pk": 163, "fields": {"action_time": "2017-01-23T21:48:20.731Z", "user": 2, "content_type": 30, "object_id": "41", "object_repr": "f", "action_flag": 3, "change_message": ""}}, {"model": "admin.logentry", "pk": 164, "fields": {"action_time": "2017-01-23T22:09:07.275Z", "user": 2, "content_type": 16, "object_id": "10", "object_repr": "Our Story", "action_flag": 2, "change_message": "Changed in_menus."}}, {"model": "admin.logentry", "pk": 165, "fields": {"action_time": "2017-01-23T22:09:09.797Z", "user": 2, "content_type": 16, "object_id": "12", "object_repr": "Our Wedding Party", "action_flag": 2, "change_message": "Changed in_menus."}}, {"model": "admin.logentry", "pk": 166, "fields": {"action_time": "2017-01-23T22:09:12.045Z", "user": 2, "content_type": 16, "object_id": "14", "object_repr": "Our Ceremony", "action_flag": 2, "change_message": "Changed in_menus."}}, {"model": "admin.logentry", "pk": 167, "fields": {"action_time": "2017-01-23T22:09:14.893Z", "user": 2, "content_type": 16, "object_id": "13", "object_repr": "Our Town", "action_flag": 2, "change_message": "Changed in_menus."}}, {"model": "admin.logentry", "pk": 168, "fields": {"action_time": "2017-01-26T18:04:37.070Z", "user": 2, "content_type": 30, "object_id": "44", "object_repr": "Steve Eisenbarth", "action_flag": 2, "change_message": "Changed primary_name and guest_name."}}, {"model": "admin.logentry", "pk": 169, "fields": {"action_time": "2017-01-31T21:01:49.899Z", "user": 2, "content_type": 30, "object_id": "59", "object_repr": "George McCall, no, and None kids.", "action_flag": 3, "change_message": ""}}, {"model": "admin.logentry", "pk": 170, "fields": {"action_time": "2017-02-02T19:19:01.886Z", "user": 2, "content_type": 30, "object_id": "66", "object_repr": "Karen Fortner Schwab, , and None kids.", "action_flag": 3, "change_message": ""}}, {"model": "admin.logentry", "pk": 171, "fields": {"action_time": "2017-02-02T19:19:01.894Z", "user": 2, "content_type": 30, "object_id": "62", "object_repr": "dan and cornelia vellenga, , and None kids.", "action_flag": 3, "change_message": ""}}, {"model": "admin.logentry", "pk": 172, "fields": {"action_time": "2017-02-06T13:16:35.786Z", "user": 2, "content_type": 30, "object_id": "76", "object_repr": "Robert Darden, Dr. Mary Landon Darden, and 0 kids.", "action_flag": 3, "change_message": ""}}, {"model": "admin.logentry", "pk": 173, "fields": {"action_time": "2017-02-06T13:16:35.790Z", "user": 2, "content_type": 30, "object_id": "75", "object_repr": "Robert Darden, Dr. Mary Landon Darden, and 0 kids.", "action_flag": 3, "change_message": ""}}, {"model": "admin.logentry", "pk": 174, "fields": {"action_time": "2017-02-06T13:16:35.791Z", "user": 2, "content_type": 30, "object_id": "74", "object_repr": "Robert Darden, Dr. Mary Landon Darden, and None kids.", "action_flag": 3, "change_message": ""}}, {"model": "admin.logentry", "pk": 175, "fields": {"action_time": "2017-02-06T13:16:40.692Z", "user": 2, "content_type": 30, "object_id": "78", "object_repr": "Test, Test, and 1 kids.", "action_flag": 3, "change_message": ""}}, {"model": "admin.logentry", "pk": 176, "fields": {"action_time": "2017-02-06T14:17:03.165Z", "user": 2, "content_type": 15, "object_id": "17", "object_repr": "Thank you!", "action_flag": 2, "change_message": "Changed content, in_menus, description and keywords."}}, {"model": "admin.logentry", "pk": 177, "fields": {"action_time": "2017-02-08T20:26:40.452Z", "user": 2, "content_type": 30, "object_id": "46", "object_repr": "James Orsag, No, and None kids.", "action_flag": 3, "change_message": ""}}, {"model": "admin.logentry", "pk": 178, "fields": {"action_time": "2017-02-12T19:37:25.652Z", "user": 2, "content_type": 30, "object_id": "97", "object_repr": "Susan Whitney, No, Mark has WSO :(, and 0 kids.", "action_flag": 3, "change_message": ""}}, {"model": "admin.logentry", "pk": 179, "fields": {"action_time": "2017-02-16T16:05:30.479Z", "user": 2, "content_type": 30, "object_id": "133", "object_repr": "Donald Moore, Janice Moore, and 0 kids.", "action_flag": 3, "change_message": ""}}, {"model": "admin.logentry", "pk": 180, "fields": {"action_time": "2017-02-21T01:21:18.831Z", "user": 2, "content_type": 30, "object_id": "91", "object_repr": "Dax Brannan, Ali Garcia, and 0 kids.", "action_flag": 2, "change_message": "Changed guest_name."}}, {"model": "admin.logentry", "pk": 181, "fields": {"action_time": "2017-03-01T15:46:08.036Z", "user": 2, "content_type": 30, "object_id": "153", "object_repr": "Tristen Coffee, I wish., and None kids.", "action_flag": 3, "change_message": ""}}, {"model": "admin.logentry", "pk": 182, "fields": {"action_time": "2017-03-06T01:45:38.525Z", "user": 2, "content_type": 30, "object_id": "156", "object_repr": "Test, test, and 1 kids.", "action_flag": 3, "change_message": ""}}, {"model": "admin.logentry", "pk": 183, "fields": {"action_time": "2017-03-07T16:14:22.456Z", "user": 2, "content_type": 30, "object_id": "158", "object_repr": "Test, , and None kids.", "action_flag": 3, "change_message": ""}}, {"model": "admin.logentry", "pk": 184, "fields": {"action_time": "2017-03-08T14:05:46.482Z", "user": 2, "content_type": 30, "object_id": "159", "object_repr": "test, test, and None kids.", "action_flag": 3, "change_message": ""}}]